216.73.216.20 - - [22/Aug/2026:12:23:23 +0800] "GET /6448/wp-json/wp/v2/posts/869 HTTP/1.1" 200 9369 "-" "Mozilla/5.0 AppleWebKit/537.36 (KHTML, like Gecko; compatible; ClaudeBot/1.0; +claudebot@anthropic.com)"
216.73.216.20 - - [22/Aug/2026:12:23:23 +0800] "GET /6325/wp-json/wp/v2/posts/18476 HTTP/1.1" 200 4128 "-" "Mozilla/5.0 AppleWebKit/537.36 (KHTML, like Gecko; compatible; ClaudeBot/1.0; +claudebot@anthropic.com)"
216.73.216.20 - - [22/Aug/2026:12:23:24 +0800] "GET /6325/wp-json/wp/v2/posts/17667 HTTP/1.1" 200 4364 "-" "Mozilla/5.0 AppleWebKit/537.36 (KHTML, like Gecko; compatible; ClaudeBot/1.0; +claudebot@anthropic.com)"
216.73.216.20 - - [22/Aug/2026:12:23:24 +0800] "GET /6448/wp-json/wp/v2/posts/534 HTTP/1.1" 200 4002 "-" "Mozilla/5.0 AppleWebKit/537.36 (KHTML, like Gecko; compatible; ClaudeBot/1.0; +claudebot@anthropic.com)"
216.73.216.20 - - [22/Aug/2026:12:23:24 +0800] "GET /6325/wp-json/wp/v2/posts/18032 HTTP/1.1" 200 5541 "-" "Mozilla/5.0 AppleWebKit/537.36 (KHTML, like Gecko; compatible; ClaudeBot/1.0; +claudebot@anthropic.com)"
216.73.216.20 - - [22/Aug/2026:12:23:24 +0800] "GET /6325/wp-json/wp/v2/posts/18244 HTTP/1.1" 200 25957 "-" "Mozilla/5.0 AppleWebKit/537.36 (KHTML, like Gecko; compatible; ClaudeBot/1.0; +claudebot@anthropic.com)"
216.73.216.20 - - [22/Aug/2026:12:23:24 +0800] "GET /24973/wp-json/wp/v2/posts/695 HTTP/1.1" 200 11354 "-" "Mozilla/5.0 AppleWebKit/537.36 (KHTML, like Gecko; compatible; ClaudeBot/1.0; +claudebot@anthropic.com)"
2409:8a38:9a45:2800::2 - - [22/Aug/2026:12:23:24 +0800] "GET /wp-includes/js/hoverintent-js.min.js HTTP/1.1" 200 6400 "https://www.cwjh.ilc.edu.tw/page/94/" "Mozilla/5.0 (Windows NT 10.0; Win64; x64) AppleWebKit/537.36 (KHTML, like Gecko) Chrome/144.0.0.0 Safari/537.36"
216.73.216.20 - - [22/Aug/2026:12:23:24 +0800] "GET /6325/wp-json/wp/v2/posts/18111 HTTP/1.1" 200 4929 "-" "Mozilla/5.0 AppleWebKit/537.36 (KHTML, like Gecko; compatible; ClaudeBot/1.0; +claudebot@anthropic.com)"
216.73.216.20 - - [22/Aug/2026:12:23:24 +0800] "GET /6325/wp-json/wp/v2/posts/18182 HTTP/1.1" 200 7055 "-" "Mozilla/5.0 AppleWebKit/537.36 (KHTML, like Gecko; compatible; ClaudeBot/1.0; +claudebot@anthropic.com)"
216.73.216.20 - - [22/Aug/2026:12:23:24 +0800] "GET /6325/wp-json/wp/v2/posts/18094 HTTP/1.1" 200 5662 "-" "Mozilla/5.0 AppleWebKit/537.36 (KHTML, like Gecko; compatible; ClaudeBot/1.0; +claudebot@anthropic.com)"
2409:8a38:9a45:2800::2 - - [22/Aug/2026:12:23:24 +0800] "GET /wp-content/themes/oceanwp/assets/js/theme.min.js HTTP/1.1" 200 5130 "https://www.cwjh.ilc.edu.tw/page/94/" "Mozilla/5.0 (Windows NT 10.0; Win64; x64) AppleWebKit/537.36 (KHTML, like Gecko) Chrome/144.0.0.0 Safari/537.36"
216.73.216.20 - - [22/Aug/2026:12:23:24 +0800] "GET /2569/wp-json/oembed/1.0/embed HTTP/1.1" 400 1481 "-" "Mozilla/5.0 AppleWebKit/537.36 (KHTML, like Gecko; compatible; ClaudeBot/1.0; +claudebot@anthropic.com)"
216.73.216.20 - - [22/Aug/2026:12:23:24 +0800] "GET /6325/wp-json/wp/v2/posts/18093 HTTP/1.1" 200 6884 "-" "Mozilla/5.0 AppleWebKit/537.36 (KHTML, like Gecko; compatible; ClaudeBot/1.0; +claudebot@anthropic.com)"
2409:8a38:9a45:2800::2 - - [22/Aug/2026:12:23:25 +0800] "GET /wp-content/themes/oceanwp/assets/js/drop-down-mobile-menu.min.js HTTP/1.1" 200 4663 "https://www.cwjh.ilc.edu.tw/page/94/" "Mozilla/5.0 (Windows NT 10.0; Win64; x64) AppleWebKit/537.36 (KHTML, like Gecko) Chrome/144.0.0.0 Safari/537.36"
216.73.216.20 - - [22/Aug/2026:12:23:24 +0800] "GET /6325/wp-json/wp/v2/posts/18247 HTTP/1.1" 200 4500 "-" "Mozilla/5.0 AppleWebKit/537.36 (KHTML, like Gecko; compatible; ClaudeBot/1.0; +claudebot@anthropic.com)"
216.73.216.20 - - [22/Aug/2026:12:23:25 +0800] "GET /6325/wp-json/wp/v2/posts/17658 HTTP/1.1" 200 3533 "-" "Mozilla/5.0 AppleWebKit/537.36 (KHTML, like Gecko; compatible; ClaudeBot/1.0; +claudebot@anthropic.com)"
140.111.67.10 - - [22/Aug/2026:12:23:25 +0800] "GET /" 301 273 "-" "-"
216.73.216.20 - - [22/Aug/2026:12:23:25 +0800] "GET /6325/wp-json/wp/v2/posts/18115 HTTP/1.1" 200 5182 "-" "Mozilla/5.0 AppleWebKit/537.36 (KHTML, like Gecko; compatible; ClaudeBot/1.0; +claudebot@anthropic.com)"
2409:8a38:9a45:2800::2 - - [22/Aug/2026:12:23:25 +0800] "GET /wp-content/themes/oceanwp/assets/js/ow-lightbox.min.js HTTP/1.1" 200 2321 "https://www.cwjh.ilc.edu.tw/page/94/" "Mozilla/5.0 (Windows NT 10.0; Win64; x64) AppleWebKit/537.36 (KHTML, like Gecko) Chrome/144.0.0.0 Safari/537.36"
216.73.216.20 - - [22/Aug/2026:12:23:25 +0800] "GET /6325/wp-json/wp/v2/posts/17679 HTTP/1.1" 200 4404 "-" "Mozilla/5.0 AppleWebKit/537.36 (KHTML, like Gecko; compatible; ClaudeBot/1.0; +claudebot@anthropic.com)"
3.210.29.96 - - [22/Aug/2026:12:23:25 +0800] "GET /wp-content/uploads/sites/810/elementor/thumbs/ HTTP/1.1" 200 9512 "-" "Mozilla/5.0 AppleWebKit/537.36 (KHTML, like Gecko; compatible; Amazonbot/0.1; +https://developer.amazon.com/support/amazonbot) Chrome/119.0.6045.214 Safari/537.36"
42.79.180.180 - - [22/Aug/2026:12:23:25 +0800] "GET /wp-content/uploads/sites/1984/2024/04/2024-04-02_225134.png HTTP/1.1" 200 1413836 "https://www.dses.ilc.edu.tw/" "Mozilla/5.0 (iPhone; CPU iPhone OS 26_5_0 like Mac OS X) AppleWebKit/605.1.15 (KHTML, like Gecko) GSA/434.2.961627397 Mobile/15E148 Safari/604.1"
216.73.216.20 - - [22/Aug/2026:12:23:25 +0800] "GET /6325/wp-json/wp/v2/posts/18145 HTTP/1.1" 200 4395 "-" "Mozilla/5.0 AppleWebKit/537.36 (KHTML, like Gecko; compatible; ClaudeBot/1.0; +claudebot@anthropic.com)"
216.73.216.20 - - [22/Aug/2026:12:23:25 +0800] "GET /6325/wp-json/wp/v2/posts/18112 HTTP/1.1" 200 4598 "-" "Mozilla/5.0 AppleWebKit/537.36 (KHTML, like Gecko; compatible; ClaudeBot/1.0; +claudebot@anthropic.com)"
2409:8a38:9a45:2800::2 - - [22/Aug/2026:12:23:25 +0800] "GET /wp-content/themes/oceanwp/assets/js/vendors/flickity.pkgd.min.js HTTP/1.1" 200 15048 "https://www.cwjh.ilc.edu.tw/page/94/" "Mozilla/5.0 (Windows NT 10.0; Win64; x64) AppleWebKit/537.36 (KHTML, like Gecko) Chrome/144.0.0.0 Safari/537.36"
216.73.216.20 - - [22/Aug/2026:12:23:25 +0800] "GET /6325/wp-json/wp/v2/posts/18124 HTTP/1.1" 200 4556 "-" "Mozilla/5.0 AppleWebKit/537.36 (KHTML, like Gecko; compatible; ClaudeBot/1.0; +claudebot@anthropic.com)"
103.23.89.253 - - [22/Aug/2026:12:23:25 +0800] "-" 408 4801 "-" "-"
74.7.242.54 - - [22/Aug/2026:12:23:23 +0800] "GET /26150/?p=3105 HTTP/1.1" 301 981 "https://2blog.ilc.edu.tw/26150/2015/04/24/%e5%87%bd%e8%bd%89%e5%ae%9c%e8%98%ad%e7%b8%a3%e7%ab%8b%e9%ab%94%e8%82%b2%e5%a0%b4%e3%80%8c104%e5%b9%b4%e5%ae%9c%e8%98%ad%e5%8f%8a%e7%be%85%e6%9d%b1%e9%81%8b%e5%8b%95%e5%85%ac%e5%9c%92%e6%b8%b8/" "Mozilla/5.0 AppleWebKit/537.36 (KHTML, like Gecko; compatible; GPTBot/1.4; +https://openai.com/gptbot)"
216.73.216.20 - - [22/Aug/2026:12:23:25 +0800] "GET /6325/wp-json/wp/v2/posts/18282 HTTP/1.1" 200 6049 "-" "Mozilla/5.0 AppleWebKit/537.36 (KHTML, like Gecko; compatible; ClaudeBot/1.0; +claudebot@anthropic.com)"
2409:8a38:9a45:2800::2 - - [22/Aug/2026:12:23:25 +0800] "GET /wp-content/plugins/ocean-extra/includes/widgets/js/flickr.min.js HTTP/1.1" 200 6122 "https://www.cwjh.ilc.edu.tw/page/94/" "Mozilla/5.0 (Windows NT 10.0; Win64; x64) AppleWebKit/537.36 (KHTML, like Gecko) Chrome/144.0.0.0 Safari/537.36"
216.73.216.20 - - [22/Aug/2026:12:23:25 +0800] "GET /6325/wp-json/wp/v2/posts/18264 HTTP/1.1" 200 4586 "-" "Mozilla/5.0 AppleWebKit/537.36 (KHTML, like Gecko; compatible; ClaudeBot/1.0; +claudebot@anthropic.com)"
216.73.216.20 - - [22/Aug/2026:12:23:25 +0800] "GET /6325/wp-json/wp/v2/posts/18129 HTTP/1.1" 200 11277 "-" "Mozilla/5.0 AppleWebKit/537.36 (KHTML, like Gecko; compatible; ClaudeBot/1.0; +claudebot@anthropic.com)"
3.225.45.252 - - [22/Aug/2026:12:23:26 +0800] "GET /6554/wp-json/wp/v2/posts/%22https:/2blog.ilc.edu.tw/wp-content/uploads/sites/848/6554/6554-3345684.jpg/%22 HTTP/1.1" 404 6131 "-" "Mozilla/5.0 AppleWebKit/537.36 (KHTML, like Gecko; compatible; Amazonbot/0.1; +https://developer.amazon.com/support/amazonbot) Chrome/119.0.6045.214 Safari/537.36"
::1 - - [22/Aug/2026:12:23:27 +0800] "OPTIONS * HTTP/1.0" 200 110 "-" "Apache/2.4.68 (Ubuntu) OpenSSL/3.0.19 (internal dummy connection)"
216.73.216.20 - - [22/Aug/2026:12:23:27 +0800] "GET /6448/2012/12/07/ HTTP/1.1" 200 14960 "-" "Mozilla/5.0 AppleWebKit/537.36 (KHTML, like Gecko; compatible; ClaudeBot/1.0; +claudebot@anthropic.com)"
74.7.242.54 - - [22/Aug/2026:12:23:25 +0800] "GET /26150/?p=5158 HTTP/1.1" 301 988 "https://2blog.ilc.edu.tw/26150/2021/01/04/%e8%bd%89%e7%9f%a5_%e8%a1%9b%e7%a6%8f%e9%83%a8%e8%a3%bd%e4%bd%9c%e4%b9%8b%e3%80%8c%e6%88%90%e4%ba%ba%e8%97%a5%e7%99%ae%e8%80%85%e5%ae%b6%e5%ba%ad%e6%94%af%e6%8c%81%e6%9c%8d%e5%8b%99%e5%ae%a3%e5%b0%8e/" "Mozilla/5.0 AppleWebKit/537.36 (KHTML, like Gecko; compatible; GPTBot/1.4; +https://openai.com/gptbot)"
34.123.149.87 - - [22/Aug/2026:12:23:27 +0800] "GET /6505/2020/11/19/109%E5%9B%9B-2-4%E5%8D%97%E6%BE%B3%E5%9C%8B%E5%B0%8F%E5%BB%9A%E9%A4%98%E5%9B%9E%E6%94%B6/ HTTP/1.1" 200 16908 "-" "Mozilla/5.0 (Macintosh; Intel Mac OS X 10_15_7) AppleWebKit/537.36 (KHTML, like Gecko) Chrome/120.0.0.0 Safari/537.36"
2a10:7b01:3442:1026:37a4:a489:a1e5:418c - - [22/Aug/2026:12:23:27 +0800] "GET /feed/ HTTP/1.1" 200 20820 "-" "Mozilla/5.0 (Macintosh; Intel Mac OS X 10_15_7) AppleWebKit/537.36 (KHTML, like Gecko) Chrome/123.0.0.0 Safari/537.36"
216.73.216.20 - - [22/Aug/2026:12:23:27 +0800] "GET /6325/2014/10/01/ HTTP/1.1" 200 14901 "-" "Mozilla/5.0 AppleWebKit/537.36 (KHTML, like Gecko; compatible; ClaudeBot/1.0; +claudebot@anthropic.com)"
216.73.216.20 - - [22/Aug/2026:12:23:27 +0800] "GET /6325/wp-json/wp/v2/posts/17777 HTTP/1.1" 200 10025 "-" "Mozilla/5.0 AppleWebKit/537.36 (KHTML, like Gecko; compatible; ClaudeBot/1.0; +claudebot@anthropic.com)"
216.73.216.20 - - [22/Aug/2026:12:23:27 +0800] "GET /2569/wp-json/wp/v2/posts/2685 HTTP/1.1" 200 13621 "-" "Mozilla/5.0 AppleWebKit/537.36 (KHTML, like Gecko; compatible; ClaudeBot/1.0; +claudebot@anthropic.com)"
216.73.216.20 - - [22/Aug/2026:12:23:27 +0800] "GET /6325/2012/03/15/ HTTP/1.1" 200 10103 "-" "Mozilla/5.0 AppleWebKit/537.36 (KHTML, like Gecko; compatible; ClaudeBot/1.0; +claudebot@anthropic.com)"
216.73.216.20 - - [22/Aug/2026:12:23:27 +0800] "GET /6325/wp-json/wp/v2/posts/17884 HTTP/1.1" 200 8914 "-" "Mozilla/5.0 AppleWebKit/537.36 (KHTML, like Gecko; compatible; ClaudeBot/1.0; +claudebot@anthropic.com)"
2001:288:a201::66:125 - - [22/Aug/2026:12:23:28 +0800] "GET /blog/active.php HTTP/1.1" 301 1026 "-" "-"
2001:288:a201::66:125 - - [22/Aug/2026:12:23:28 +0800] "GET /blog/active.php HTTP/1.1" 404 1084 "-" "-"
216.73.216.20 - - [22/Aug/2026:12:23:28 +0800] "GET /6325/wp-json/wp/v2/posts/17905 HTTP/1.1" 200 4799 "-" "Mozilla/5.0 AppleWebKit/537.36 (KHTML, like Gecko; compatible; ClaudeBot/1.0; +claudebot@anthropic.com)"
216.73.216.20 - - [22/Aug/2026:12:23:28 +0800] "GET /6325/wp-json/wp/v2/posts/17919 HTTP/1.1" 200 4819 "-" "Mozilla/5.0 AppleWebKit/537.36 (KHTML, like Gecko; compatible; ClaudeBot/1.0; +claudebot@anthropic.com)"
216.73.216.20 - - [22/Aug/2026:12:23:28 +0800] "GET /6325/wp-json/wp/v2/posts/17910 HTTP/1.1" 200 11812 "-" "Mozilla/5.0 AppleWebKit/537.36 (KHTML, like Gecko; compatible; ClaudeBot/1.0; +claudebot@anthropic.com)"
216.73.216.20 - - [22/Aug/2026:12:23:28 +0800] "GET /6325/wp-json/wp/v2/posts/17936 HTTP/1.1" 200 4819 "-" "Mozilla/5.0 AppleWebKit/537.36 (KHTML, like Gecko; compatible; ClaudeBot/1.0; +claudebot@anthropic.com)"
216.73.216.20 - - [22/Aug/2026:12:23:28 +0800] "GET /6325/wp-json/wp/v2/posts/17903 HTTP/1.1" 200 5575 "-" "Mozilla/5.0 AppleWebKit/537.36 (KHTML, like Gecko; compatible; ClaudeBot/1.0; +claudebot@anthropic.com)"
216.73.216.20 - - [22/Aug/2026:12:23:28 +0800] "GET /6325/wp-json/wp/v2/posts/17729 HTTP/1.1" 200 5775 "-" "Mozilla/5.0 AppleWebKit/537.36 (KHTML, like Gecko; compatible; ClaudeBot/1.0; +claudebot@anthropic.com)"
216.73.216.20 - - [22/Aug/2026:12:23:28 +0800] "GET /6325/wp-json/wp/v2/posts/17930 HTTP/1.1" 200 42377 "-" "Mozilla/5.0 AppleWebKit/537.36 (KHTML, like Gecko; compatible; ClaudeBot/1.0; +claudebot@anthropic.com)"
216.73.216.20 - - [22/Aug/2026:12:23:28 +0800] "GET /6325/wp-json/wp/v2/posts/17861 HTTP/1.1" 200 4855 "-" "Mozilla/5.0 AppleWebKit/537.36 (KHTML, like Gecko; compatible; ClaudeBot/1.0; +claudebot@anthropic.com)"
216.73.216.20 - - [22/Aug/2026:12:23:28 +0800] "GET /6325/wp-json/wp/v2/posts/17932 HTTP/1.1" 200 25368 "-" "Mozilla/5.0 AppleWebKit/537.36 (KHTML, like Gecko; compatible; ClaudeBot/1.0; +claudebot@anthropic.com)"
216.73.216.20 - - [22/Aug/2026:12:23:28 +0800] "GET /6325/wp-json/wp/v2/posts/17974 HTTP/1.1" 200 5633 "-" "Mozilla/5.0 AppleWebKit/537.36 (KHTML, like Gecko; compatible; ClaudeBot/1.0; +claudebot@anthropic.com)"
34.230.124.21 - - [22/Aug/2026:12:23:28 +0800] "GET /wp-content/uploads/sites/2813/6488/6488-913847.jpg HTTP/1.1" 200 28985 "-" "Mozilla/5.0 AppleWebKit/537.36 (KHTML, like Gecko; compatible; Amazonbot/0.1; +https://developer.amazon.com/support/amazonbot) Chrome/119.0.6045.214 Safari/537.36"
216.73.216.20 - - [22/Aug/2026:12:23:28 +0800] "GET /6325/wp-json/wp/v2/posts/18118 HTTP/1.1" 200 5139 "-" "Mozilla/5.0 AppleWebKit/537.36 (KHTML, like Gecko; compatible; ClaudeBot/1.0; +claudebot@anthropic.com)"
216.73.216.20 - - [22/Aug/2026:12:23:28 +0800] "GET /6448/wp-json/wp/v2/posts/859 HTTP/1.1" 200 10839 "-" "Mozilla/5.0 AppleWebKit/537.36 (KHTML, like Gecko; compatible; ClaudeBot/1.0; +claudebot@anthropic.com)"
216.73.216.20 - - [22/Aug/2026:12:23:27 +0800] "GET /rainbow123/wp-json/wp/v2/posts/6789 HTTP/1.1" 200 576741 "-" "Mozilla/5.0 AppleWebKit/537.36 (KHTML, like Gecko; compatible; ClaudeBot/1.0; +claudebot@anthropic.com)"
216.73.216.20 - - [22/Aug/2026:12:23:28 +0800] "GET /6325/wp-json/wp/v2/posts/18234 HTTP/1.1" 200 40452 "-" "Mozilla/5.0 AppleWebKit/537.36 (KHTML, like Gecko; compatible; ClaudeBot/1.0; +claudebot@anthropic.com)"
140.111.67.10 - - [22/Aug/2026:12:23:29 +0800] "GET /" 301 273 "-" "-"
216.73.216.20 - - [22/Aug/2026:12:23:29 +0800] "GET /6325/wp-json/wp/v2/posts/17940 HTTP/1.1" 200 4766 "-" "Mozilla/5.0 AppleWebKit/537.36 (KHTML, like Gecko; compatible; ClaudeBot/1.0; +claudebot@anthropic.com)"
216.73.216.20 - - [22/Aug/2026:12:23:29 +0800] "GET /6325/wp-json/wp/v2/posts/17972 HTTP/1.1" 200 5885 "-" "Mozilla/5.0 AppleWebKit/537.36 (KHTML, like Gecko; compatible; ClaudeBot/1.0; +claudebot@anthropic.com)"
216.73.216.20 - - [22/Aug/2026:12:23:29 +0800] "GET /6325/wp-json/wp/v2/posts/17886 HTTP/1.1" 200 4820 "-" "Mozilla/5.0 AppleWebKit/537.36 (KHTML, like Gecko; compatible; ClaudeBot/1.0; +claudebot@anthropic.com)"
216.73.216.20 - - [22/Aug/2026:12:23:29 +0800] "GET /6325/wp-json/wp/v2/posts/17941 HTTP/1.1" 200 4858 "-" "Mozilla/5.0 AppleWebKit/537.36 (KHTML, like Gecko; compatible; ClaudeBot/1.0; +claudebot@anthropic.com)"
216.73.216.20 - - [22/Aug/2026:12:23:29 +0800] "GET /6325/wp-json/wp/v2/posts/18270 HTTP/1.1" 200 5886 "-" "Mozilla/5.0 AppleWebKit/537.36 (KHTML, like Gecko; compatible; ClaudeBot/1.0; +claudebot@anthropic.com)"
216.73.216.20 - - [22/Aug/2026:12:23:29 +0800] "GET /6325/wp-json/wp/v2/posts/18061 HTTP/1.1" 200 4970 "-" "Mozilla/5.0 AppleWebKit/537.36 (KHTML, like Gecko; compatible; ClaudeBot/1.0; +claudebot@anthropic.com)"
216.73.216.20 - - [22/Aug/2026:12:23:29 +0800] "GET /6325/wp-json/wp/v2/posts/17975 HTTP/1.1" 200 5713 "-" "Mozilla/5.0 AppleWebKit/537.36 (KHTML, like Gecko; compatible; ClaudeBot/1.0; +claudebot@anthropic.com)"
216.73.216.20 - - [22/Aug/2026:12:23:29 +0800] "GET /6325/wp-json/wp/v2/posts/17724 HTTP/1.1" 200 4736 "-" "Mozilla/5.0 AppleWebKit/537.36 (KHTML, like Gecko; compatible; ClaudeBot/1.0; +claudebot@anthropic.com)"
216.73.216.20 - - [22/Aug/2026:12:23:29 +0800] "GET /6325/wp-json/wp/v2/posts/18420 HTTP/1.1" 200 3518 "-" "Mozilla/5.0 AppleWebKit/537.36 (KHTML, like Gecko; compatible; ClaudeBot/1.0; +claudebot@anthropic.com)"
216.73.216.20 - - [22/Aug/2026:12:23:29 +0800] "GET /6325/wp-json/wp/v2/posts/18242 HTTP/1.1" 200 38144 "-" "Mozilla/5.0 AppleWebKit/537.36 (KHTML, like Gecko; compatible; ClaudeBot/1.0; +claudebot@anthropic.com)"
74.7.242.54 - - [22/Aug/2026:12:23:28 +0800] "GET /26150/?p=7272 HTTP/1.1" 301 981 "https://2blog.ilc.edu.tw/26150/2024/04/09/%e3%80%8c%e5%ae%b6%e5%ba%adfun%e9%9b%bb%e5%bd%b1%e5%a9%9a%e5%a7%bb%e8%88%87%e5%ae%b6%e5%ba%ad%e5%bd%b1%e7%89%87%e8%a8%8e%e8%ab%96%e5%9c%98%e9%ab%94-%e3%80%8d%e8%a8%82%e6%96%bc5-19%e5%8f%8a5-26/" "Mozilla/5.0 AppleWebKit/537.36 (KHTML, like Gecko; compatible; GPTBot/1.4; +https://openai.com/gptbot)"
216.73.216.20 - - [22/Aug/2026:12:23:29 +0800] "GET /6325/wp-json/wp/v2/posts/18087 HTTP/1.1" 200 5271 "-" "Mozilla/5.0 AppleWebKit/537.36 (KHTML, like Gecko; compatible; ClaudeBot/1.0; +claudebot@anthropic.com)"
216.73.216.20 - - [22/Aug/2026:12:23:30 +0800] "GET /6325/wp-json/wp/v2/posts/17678 HTTP/1.1" 200 4564 "-" "Mozilla/5.0 AppleWebKit/537.36 (KHTML, like Gecko; compatible; ClaudeBot/1.0; +claudebot@anthropic.com)"
216.73.216.20 - - [22/Aug/2026:12:23:30 +0800] "GET /6325/wp-json/wp/v2/posts/18292 HTTP/1.1" 200 5273 "-" "Mozilla/5.0 AppleWebKit/537.36 (KHTML, like Gecko; compatible; ClaudeBot/1.0; +claudebot@anthropic.com)"
216.73.216.20 - - [22/Aug/2026:12:23:30 +0800] "GET /6325/wp-json/wp/v2/posts/17900 HTTP/1.1" 200 5384 "-" "Mozilla/5.0 AppleWebKit/537.36 (KHTML, like Gecko; compatible; ClaudeBot/1.0; +claudebot@anthropic.com)"
216.73.216.20 - - [22/Aug/2026:12:23:30 +0800] "GET /6448/wp-json/wp/v2/posts/890 HTTP/1.1" 200 9686 "-" "Mozilla/5.0 AppleWebKit/537.36 (KHTML, like Gecko; compatible; ClaudeBot/1.0; +claudebot@anthropic.com)"
216.73.216.20 - - [22/Aug/2026:12:23:30 +0800] "GET /6325/wp-json/wp/v2/posts/17654 HTTP/1.1" 200 3740 "-" "Mozilla/5.0 AppleWebKit/537.36 (KHTML, like Gecko; compatible; ClaudeBot/1.0; +claudebot@anthropic.com)"
216.73.216.20 - - [22/Aug/2026:12:23:30 +0800] "GET /6325/wp-json/wp/v2/posts/17808 HTTP/1.1" 200 4582 "-" "Mozilla/5.0 AppleWebKit/537.36 (KHTML, like Gecko; compatible; ClaudeBot/1.0; +claudebot@anthropic.com)"
::1 - - [22/Aug/2026:12:23:31 +0800] "OPTIONS * HTTP/1.0" 200 110 "-" "Apache/2.4.68 (Ubuntu) OpenSSL/3.0.19 (internal dummy connection)"
2409:8a62:102:99d0:35fc:c9ca:f51:18ee - - [22/Aug/2026:12:23:31 +0800] "GET /wp-content/cache/www.wfes.ilc.edu.tw/wpfc-minified/jnmq0gv9/anz0.css HTTP/1.1" 200 20578 "https://www.wfes.ilc.edu.tw/2019/" "Mozilla/5.0 (Windows NT 10.0; Win64; x64) AppleWebKit/537.36 (KHTML, like Gecko) Chrome/144.0.0.0 Safari/537.36"
2409:8a62:102:99d0:35fc:c9ca:f51:18ee - - [22/Aug/2026:12:23:31 +0800] "GET /wp-content/cache/www.wfes.ilc.edu.tw/wpfc-minified/8kptl3xo/7yuu.css HTTP/1.1" 200 5958 "https://www.wfes.ilc.edu.tw/2019/" "Mozilla/5.0 (Windows NT 10.0; Win64; x64) AppleWebKit/537.36 (KHTML, like Gecko) Chrome/144.0.0.0 Safari/537.36"
100.24.149.244 - - [22/Aug/2026:12:23:31 +0800] "GET /43789/wp-json/wp/v2/categories/7 HTTP/1.1" 200 6766 "-" "Mozilla/5.0 AppleWebKit/537.36 (KHTML, like Gecko; compatible; Amazonbot/0.1; +https://developer.amazon.com/support/amazonbot) Chrome/119.0.6045.214 Safari/537.36"
74.7.242.54 - - [22/Aug/2026:12:23:30 +0800] "GET /26150/?p=9260 HTTP/1.1" 301 940 "https://2blog.ilc.edu.tw/26150/2024/03/25/%e5%b9%b8%e7%a6%8f%e5%ae%b6%e5%ba%ad%e7%a9%ba%e4%b8%ad%e8%ac%9b%e5%a0%821130324%e7%94%9f%e5%91%bd%e8%87%aa%e4%b8%bb%e6%ac%8a%e5%bc%b5%e7%b4%a0%e9%9b%b2/" "Mozilla/5.0 AppleWebKit/537.36 (KHTML, like Gecko; compatible; GPTBot/1.4; +https://openai.com/gptbot)"
2409:8a62:102:99d0:35fc:c9ca:f51:18ee - - [22/Aug/2026:12:23:32 +0800] "GET /wp-content/cache/www.wfes.ilc.edu.tw/wpfc-minified/eq2qdvrg/anz0.css HTTP/1.1" 200 66870 "https://www.wfes.ilc.edu.tw/2019/" "Mozilla/5.0 (Windows NT 10.0; Win64; x64) AppleWebKit/537.36 (KHTML, like Gecko) Chrome/144.0.0.0 Safari/537.36"
::1 - - [22/Aug/2026:12:23:32 +0800] "OPTIONS * HTTP/1.0" 200 110 "-" "Apache/2.4.68 (Ubuntu) OpenSSL/3.0.19 (internal dummy connection)"
74.7.242.54 - - [22/Aug/2026:12:23:32 +0800] "GET /1003/?p=26640 HTTP/1.1" 301 870 "https://2blog.ilc.edu.tw/1003/2009/10/13/%e8%aa%9e%e6%96%87%e8%bc%94%e5%b0%8e%e5%93%a1%e5%9f%b9%e8%a8%93%e5%a4%9c%e7%94%9f%e6%b4%bb%e5%95%a6%ef%bc%81/" "Mozilla/5.0 AppleWebKit/537.36 (KHTML, like Gecko; compatible; GPTBot/1.4; +https://openai.com/gptbot)"
2409:8a62:102:99d0:35fc:c9ca:f51:18ee - - [22/Aug/2026:12:23:32 +0800] "GET /wp-content/cache/www.wfes.ilc.edu.tw/wpfc-minified/31ly6oq0/7yuu.js HTTP/1.1" 200 2359 "https://www.wfes.ilc.edu.tw/2019/" "Mozilla/5.0 (Windows NT 10.0; Win64; x64) AppleWebKit/537.36 (KHTML, like Gecko) Chrome/144.0.0.0 Safari/537.36"
2409:8a62:102:99d0:35fc:c9ca:f51:18ee - - [22/Aug/2026:12:23:32 +0800] "GET /wp-includes/js/hoverintent-js.min.js HTTP/1.1" 200 1936 "https://www.wfes.ilc.edu.tw/2019/" "Mozilla/5.0 (Windows NT 10.0; Win64; x64) AppleWebKit/537.36 (KHTML, like Gecko) Chrome/144.0.0.0 Safari/537.36"
178.128.144.42 - - [22/Aug/2026:12:23:33 +0800] "GET /blog/gallery/2344/2344-4187441.jpg HTTP/1.1" 301 1064 "http://blog.ilc.edu.tw/" "Mozilla/5.0 (Windows NT 10.0; Win64; x64) AppleWebKit/537.36 (KHTML, like Gecko) Chrome/107.0.0.0 Safari/537.36"
147.182.135.28 - - [22/Aug/2026:12:23:33 +0800] "GET /blog/gallery/4024/previews-med/4024-3767674.jpg HTTP/1.1" 301 1090 "http://blog.ilc.edu.tw/" "Mozilla/5.0 (Windows NT 10.0; Win64; x64) AppleWebKit/537.36 (KHTML, like Gecko) Chrome/116.0.0.0 Safari/537.36"
2001:288:a201::66:125 - - [22/Aug/2026:12:23:33 +0800] "GET /blog/active.php HTTP/1.1" 301 1026 "-" "-"
2001:288:a201::66:125 - - [22/Aug/2026:12:23:33 +0800] "GET /blog/active.php HTTP/1.1" 404 1084 "-" "-"
40.77.167.116 - - [22/Aug/2026:12:23:33 +0800] "GET /26150/2015/12/16/%E4%B8%96%E6%96%B0%E5%A4%A7%E5%AD%B8%E6%80%A7%E5%88%A5%E7%A0%94%E7%A9%B6%E6%89%80105%E5%AD%B8%E5%B9%B4%E5%BA%A6%E7%A2%A9%E5%A3%AB%E7%8F%AD%E7%AC%AC14%E5%B1%86%E8%88%87%E7%A2%A9%E5%A3%AB%E5%9C%A8/ HTTP/1.1" 200 24672 "-" "Mozilla/5.0 AppleWebKit/537.36 (KHTML, like Gecko; compatible; bingbot/2.0; +http://www.bing.com/bingbot.htm) Chrome/116.0.1938.76 Safari/537.36"
::1 - - [22/Aug/2026:12:23:33 +0800] "OPTIONS * HTTP/1.0" 200 110 "-" "Apache/2.4.68 (Ubuntu) OpenSSL/3.0.19 (internal dummy connection)"
2409:8a62:102:99d0:35fc:c9ca:f51:18ee - - [22/Aug/2026:12:23:33 +0800] "GET /wp-includes/js/imagesloaded.min.js HTTP/1.1" 200 2683 "https://www.wfes.ilc.edu.tw/2019/" "Mozilla/5.0 (Windows NT 10.0; Win64; x64) AppleWebKit/537.36 (KHTML, like Gecko) Chrome/144.0.0.0 Safari/537.36"
140.111.67.10 - - [22/Aug/2026:12:23:34 +0800] "GET /" 301 273 "-" "-"
34.171.68.95 - - [22/Aug/2026:12:23:34 +0800] "GET /4950/wp-json/oembed/1.0/embed?url=https://2blog.ilc.edu.tw/4950/2025/07/08/%25e6%259c%25aa%25e5%2591%25bd%25e5%2590%258d%25e6%2596%2587%25e4%25bb%25b6-7/ HTTP/1.1" 200 8121 "-" "Mozilla/5.0 (Macintosh; Intel Mac OS X 10_15_7) AppleWebKit/537.36 (KHTML, like Gecko) Chrome/120.0.0.0 Safari/537.36"
2409:8a62:102:99d0:35fc:c9ca:f51:18ee - - [22/Aug/2026:12:23:34 +0800] "GET /wp-content/themes/oceanwp/assets/js/full-screen-mobile-menu.min.js HTTP/1.1" 200 4638 "https://www.wfes.ilc.edu.tw/2019/" "Mozilla/5.0 (Windows NT 10.0; Win64; x64) AppleWebKit/537.36 (KHTML, like Gecko) Chrome/144.0.0.0 Safari/537.36"
::1 - - [22/Aug/2026:12:23:34 +0800] "OPTIONS * HTTP/1.0" 200 110 "-" "Apache/2.4.68 (Ubuntu) OpenSSL/3.0.19 (internal dummy connection)"
157.230.182.204 - - [22/Aug/2026:12:23:34 +0800] "GET /blog/gallery/2344/2344-4187441.jpg HTTP/1.1" 404 25426 "http://blog.ilc.edu.tw/" "Mozilla/5.0 (Windows NT 10.0; Win64; x64) AppleWebKit/537.36 (KHTML, like Gecko) Chrome/107.0.0.0 Safari/537.36"
74.7.242.54 - - [22/Aug/2026:12:23:33 +0800] "GET /26150/?p=3510 HTTP/1.1" 301 984 "https://2blog.ilc.edu.tw/26150/2018/02/06/107%e5%b9%b4%e5%ba%a6%e7%ac%ac04%e6%ac%a1%e5%b9%b8%e7%a6%8f%e5%ae%b6%e5%ba%ad%e7%a9%ba%e4%b8%ad%e8%ac%9b%e5%a0%82-%e6%84%9b%e7%9a%84%e9%97%9c%e9%8d%b5%e9%98%b2%e6%af%92%e5%9f%ba%e6%9c%ac%e5%8a%9f/" "Mozilla/5.0 AppleWebKit/537.36 (KHTML, like Gecko; compatible; GPTBot/1.4; +https://openai.com/gptbot)"
2409:8a62:102:99d0:35fc:c9ca:f51:18ee - - [22/Aug/2026:12:23:35 +0800] "GET /wp-content/themes/oceanwp/assets/js/ow-lightbox.min.js HTTP/1.1" 200 2321 "https://www.wfes.ilc.edu.tw/2019/" "Mozilla/5.0 (Windows NT 10.0; Win64; x64) AppleWebKit/537.36 (KHTML, like Gecko) Chrome/144.0.0.0 Safari/537.36"
2409:8a62:102:99d0:35fc:c9ca:f51:18ee - - [22/Aug/2026:12:23:35 +0800] "GET /wp-content/themes/oceanwp/assets/js/ow-slider.min.js HTTP/1.1" 200 1761 "https://www.wfes.ilc.edu.tw/2019/" "Mozilla/5.0 (Windows NT 10.0; Win64; x64) AppleWebKit/537.36 (KHTML, like Gecko) Chrome/144.0.0.0 Safari/537.36"
::1 - - [22/Aug/2026:12:23:35 +0800] "OPTIONS * HTTP/1.0" 200 110 "-" "Apache/2.4.68 (Ubuntu) OpenSSL/3.0.19 (internal dummy connection)"
2409:8a62:102:99d0:35fc:c9ca:f51:18ee - - [22/Aug/2026:12:23:35 +0800] "GET /wp-content/themes/oceanwp/assets/js/scroll-effect.min.js HTTP/1.1" 200 4127 "https://www.wfes.ilc.edu.tw/2019/" "Mozilla/5.0 (Windows NT 10.0; Win64; x64) AppleWebKit/537.36 (KHTML, like Gecko) Chrome/144.0.0.0 Safari/537.36"
2409:8a62:102:99d0:35fc:c9ca:f51:18ee - - [22/Aug/2026:12:23:36 +0800] "GET /wp-content/themes/oceanwp/assets/js/scroll-top.min.js HTTP/1.1" 200 3202 "https://www.wfes.ilc.edu.tw/2019/" "Mozilla/5.0 (Windows NT 10.0; Win64; x64) AppleWebKit/537.36 (KHTML, like Gecko) Chrome/144.0.0.0 Safari/537.36"
2409:8a62:102:99d0:35fc:c9ca:f51:18ee - - [22/Aug/2026:12:23:36 +0800] "GET /wp-content/themes/oceanwp/assets/js/select.min.js HTTP/1.1" 200 2408 "https://www.wfes.ilc.edu.tw/2019/" "Mozilla/5.0 (Windows NT 10.0; Win64; x64) AppleWebKit/537.36 (KHTML, like Gecko) Chrome/144.0.0.0 Safari/537.36"
240e:96a:4c00:11f3::166 - - [22/Aug/2026:12:23:36 +0800] "GET /2020/01/15/109%E5%B9%B4%E5%BA%A6%E3%80%8Ccool-english%E8%8B%B1%E9%96%B1%E7%8E%8B%E3%80%8D HTTP/1.1" 301 5851 "-" "Mozilla/5.0 (Windows NT 10.0; Win64; x64) AppleWebKit/537.36 (KHTML, like Gecko) Chrome/144.0.0.0 Safari/537.36"
::1 - - [22/Aug/2026:12:23:36 +0800] "OPTIONS * HTTP/1.0" 200 110 "-" "Apache/2.4.68 (Ubuntu) OpenSSL/3.0.19 (internal dummy connection)"
74.7.242.54 - - [22/Aug/2026:12:23:35 +0800] "GET /26150/?p=3056 HTTP/1.1" 301 985 "https://2blog.ilc.edu.tw/26150/2014/12/24/103%e5%b9%b4%e5%ba%a6%e7%ac%ac51%e6%ac%a1%e5%b9%b8%e7%a6%8f%e5%ae%b6%e5%ba%ad-%e7%a9%ba%e4%b8%ad%e8%ac%9b%e5%a0%82-%e9%80%b2%e5%85%a5%e5%a9%9a%e5%a7%bb%e4%b9%8b%e5%89%8d%e5%85%88%e4%ba%86%e8%a7%a3/" "Mozilla/5.0 AppleWebKit/537.36 (KHTML, like Gecko; compatible; GPTBot/1.4; +https://openai.com/gptbot)"
2409:8a62:102:99d0:35fc:c9ca:f51:18ee - - [22/Aug/2026:12:23:36 +0800] "GET /wp-includes/js/mediaelement/mediaelement-and-player.min.js HTTP/1.1" 200 39802 "https://www.wfes.ilc.edu.tw/2019/" "Mozilla/5.0 (Windows NT 10.0; Win64; x64) AppleWebKit/537.36 (KHTML, like Gecko) Chrome/144.0.0.0 Safari/537.36"
240e:96a:4c00:11f3::166 - - [22/Aug/2026:12:23:36 +0800] "GET /2020/01/15/109%E5%B9%B4%E5%BA%A6%E3%80%8Ccool-english%E8%8B%B1%E9%96%B1%E7%8E%8B%E3%80%8D/ HTTP/1.1" 200 46546 "-" "Mozilla/5.0 (Windows NT 10.0; Win64; x64) AppleWebKit/537.36 (KHTML, like Gecko) Chrome/144.0.0.0 Safari/537.36"
34.171.68.95 - - [22/Aug/2026:12:23:37 +0800] "GET /24659/2015/03/08/%E7%89%B9%E5%88%A5%E7%9A%84%E6%BB%8B%E5%91%B3-%E4%BD%A9%E5%90%AB%E5%AE%8F%E5%93%B2%E7%9A%84%E7%82%92%E9%A3%AF/ HTTP/1.1" 200 19857 "-" "Mozilla/5.0 (Macintosh; Intel Mac OS X 10_15_7) AppleWebKit/537.36 (KHTML, like Gecko) Chrome/120.0.0.0 Safari/537.36"
::1 - - [22/Aug/2026:12:23:37 +0800] "OPTIONS * HTTP/1.0" 200 110 "-" "Apache/2.4.68 (Ubuntu) OpenSSL/3.0.19 (internal dummy connection)"
240e:96a:4c00:11f3::166 - - [22/Aug/2026:12:23:37 +0800] "GET /wp-content/cache/www.najh.ilc.edu.tw/wpfc-minified/1f13uvw/6wh9.css HTTP/1.1" 200 41223 "https://www.najh.ilc.edu.tw/2020/01/15/109%E5%B9%B4%E5%BA%A6%E3%80%8Ccool-english%E8%8B%B1%E9%96%B1%E7%8E%8B%E3%80%8D/" "Mozilla/5.0 (Windows NT 10.0; Win64; x64) AppleWebKit/537.36 (KHTML, like Gecko) Chrome/144.0.0.0 Safari/537.36"
240e:96a:4c00:11f3::166 - - [22/Aug/2026:12:23:37 +0800] "GET /wp-content/cache/www.najh.ilc.edu.tw/wpfc-minified/4ybahoo/6wh9.css HTTP/1.1" 200 20584 "https://www.najh.ilc.edu.tw/2020/01/15/109%E5%B9%B4%E5%BA%A6%E3%80%8Ccool-english%E8%8B%B1%E9%96%B1%E7%8E%8B%E3%80%8D/" "Mozilla/5.0 (Windows NT 10.0; Win64; x64) AppleWebKit/537.36 (KHTML, like Gecko) Chrome/144.0.0.0 Safari/537.36"
240e:96a:4c00:11f3::166 - - [22/Aug/2026:12:23:38 +0800] "GET /wp-content/cache/www.najh.ilc.edu.tw/wpfc-minified/kz7ju7r3/6wh9.css HTTP/1.1" 200 5959 "https://www.najh.ilc.edu.tw/2020/01/15/109%E5%B9%B4%E5%BA%A6%E3%80%8Ccool-english%E8%8B%B1%E9%96%B1%E7%8E%8B%E3%80%8D/" "Mozilla/5.0 (Windows NT 10.0; Win64; x64) AppleWebKit/537.36 (KHTML, like Gecko) Chrome/144.0.0.0 Safari/537.36"
240e:96a:4c00:11f3::166 - - [22/Aug/2026:12:23:38 +0800] "GET /wp-content/cache/www.najh.ilc.edu.tw/wpfc-minified/kcxb236g/6wh9.css HTTP/1.1" 200 66147 "https://www.najh.ilc.edu.tw/2020/01/15/109%E5%B9%B4%E5%BA%A6%E3%80%8Ccool-english%E8%8B%B1%E9%96%B1%E7%8E%8B%E3%80%8D/" "Mozilla/5.0 (Windows NT 10.0; Win64; x64) AppleWebKit/537.36 (KHTML, like Gecko) Chrome/144.0.0.0 Safari/537.36"
2001:288:a201::66:125 - - [22/Aug/2026:12:23:38 +0800] "GET /blog/active.php HTTP/1.1" 301 1026 "-" "-"
2001:288:a201::66:125 - - [22/Aug/2026:12:23:38 +0800] "GET /blog/active.php HTTP/1.1" 404 1084 "-" "-"
240e:96a:4c00:11f3::166 - - [22/Aug/2026:12:23:38 +0800] "GET /wp-content/cache/www.najh.ilc.edu.tw/wpfc-minified/k0kc5650/6wh9.js HTTP/1.1" 200 35558 "https://www.najh.ilc.edu.tw/2020/01/15/109%E5%B9%B4%E5%BA%A6%E3%80%8Ccool-english%E8%8B%B1%E9%96%B1%E7%8E%8B%E3%80%8D/" "Mozilla/5.0 (Windows NT 10.0; Win64; x64) AppleWebKit/537.36 (KHTML, like Gecko) Chrome/144.0.0.0 Safari/537.36"
240e:96a:4c00:11f3::166 - - [22/Aug/2026:12:23:38 +0800] "GET /wp-content/cache/www.najh.ilc.edu.tw/wpfc-minified/2b17nkg1/6wh9.js HTTP/1.1" 200 1639 "https://www.najh.ilc.edu.tw/2020/01/15/109%E5%B9%B4%E5%BA%A6%E3%80%8Ccool-english%E8%8B%B1%E9%96%B1%E7%8E%8B%E3%80%8D/" "Mozilla/5.0 (Windows NT 10.0; Win64; x64) AppleWebKit/537.36 (KHTML, like Gecko) Chrome/144.0.0.0 Safari/537.36"
74.7.242.54 - - [22/Aug/2026:12:23:36 +0800] "GET /26150/?p=4212 HTTP/1.1" 301 983 "https://2blog.ilc.edu.tw/26150/2020/02/27/109%e5%b9%b4%e5%ba%a6%e5%b9%b8%e7%a6%8f%e5%ae%b6%e5%ba%ad%e7%a9%ba%e4%b8%ad%e8%ac%9b%e5%a0%82%e7%ac%ac6%e9%9b%86_%e9%99%aa%e4%bc%b4%e5%85%92%e7%ab%a5%e9%9d%a2%e5%b0%8d%e5%88%86%e9%9b%a2%e8%88%87/" "Mozilla/5.0 AppleWebKit/537.36 (KHTML, like Gecko; compatible; GPTBot/1.4; +https://openai.com/gptbot)"
::1 - - [22/Aug/2026:12:23:38 +0800] "OPTIONS * HTTP/1.0" 200 110 "-" "Apache/2.4.68 (Ubuntu) OpenSSL/3.0.19 (internal dummy connection)"
240e:96a:4c00:11f3::166 - - [22/Aug/2026:12:23:38 +0800] "GET /wp-content/cache/www.najh.ilc.edu.tw/wpfc-minified/87xhsi2d/6wh9.css HTTP/1.1" 200 4661 "https://www.najh.ilc.edu.tw/2020/01/15/109%E5%B9%B4%E5%BA%A6%E3%80%8Ccool-english%E8%8B%B1%E9%96%B1%E7%8E%8B%E3%80%8D/" "Mozilla/5.0 (Windows NT 10.0; Win64; x64) AppleWebKit/537.36 (KHTML, like Gecko) Chrome/144.0.0.0 Safari/537.36"
42.79.180.180 - - [22/Aug/2026:12:23:38 +0800] "GET /wp-content/uploads/sites/1984/2024/05/2024-05-26_211329.png HTTP/1.1" 200 881065 "https://www.dses.ilc.edu.tw/" "Mozilla/5.0 (iPhone; CPU iPhone OS 26_5_0 like Mac OS X) AppleWebKit/605.1.15 (KHTML, like Gecko) GSA/434.2.961627397 Mobile/15E148 Safari/604.1"
240e:96a:4c00:11f3::166 - - [22/Aug/2026:12:23:38 +0800] "GET /wp-includes/js/hoverintent-js.min.js HTTP/1.1" 200 1597 "https://www.najh.ilc.edu.tw/2020/01/15/109%E5%B9%B4%E5%BA%A6%E3%80%8Ccool-english%E8%8B%B1%E9%96%B1%E7%8E%8B%E3%80%8D/" "Mozilla/5.0 (Windows NT 10.0; Win64; x64) AppleWebKit/537.36 (KHTML, like Gecko) Chrome/144.0.0.0 Safari/537.36"
240e:96a:4c00:11f3::166 - - [22/Aug/2026:12:23:38 +0800] "GET /wp-includes/js/admin-bar.min.js HTTP/1.1" 200 2237 "https://www.najh.ilc.edu.tw/2020/01/15/109%E5%B9%B4%E5%BA%A6%E3%80%8Ccool-english%E8%8B%B1%E9%96%B1%E7%8E%8B%E3%80%8D/" "Mozilla/5.0 (Windows NT 10.0; Win64; x64) AppleWebKit/537.36 (KHTML, like Gecko) Chrome/144.0.0.0 Safari/537.36"
140.111.67.10 - - [22/Aug/2026:12:23:39 +0800] "GET /" 301 273 "-" "-"
34.10.180.98 - - [22/Aug/2026:12:23:39 +0800] "GET /3860/wp-json/oembed/1.0/embed?url=https://2blog.ilc.edu.tw/3860/2019/11/21/%25e7%2590%2586%25e6%259c%258965%25e7%25ad%2586/ HTTP/1.1" 200 8168 "-" "Mozilla/5.0 (Macintosh; Intel Mac OS X 10_15_7) AppleWebKit/537.36 (KHTML, like Gecko) Chrome/120.0.0.0 Safari/537.36"
240e:96a:4c00:11f3::166 - - [22/Aug/2026:12:23:39 +0800] "GET /wp-includes/js/imagesloaded.min.js HTTP/1.1" 200 2683 "https://www.najh.ilc.edu.tw/2020/01/15/109%E5%B9%B4%E5%BA%A6%E3%80%8Ccool-english%E8%8B%B1%E9%96%B1%E7%8E%8B%E3%80%8D/" "Mozilla/5.0 (Windows NT 10.0; Win64; x64) AppleWebKit/537.36 (KHTML, like Gecko) Chrome/144.0.0.0 Safari/537.36"
240e:96a:4c00:11f3::166 - - [22/Aug/2026:12:23:39 +0800] "GET /wp-content/themes/oceanwp/assets/js/theme.min.js HTTP/1.1" 200 5130 "https://www.najh.ilc.edu.tw/2020/01/15/109%E5%B9%B4%E5%BA%A6%E3%80%8Ccool-english%E8%8B%B1%E9%96%B1%E7%8E%8B%E3%80%8D/" "Mozilla/5.0 (Windows NT 10.0; Win64; x64) AppleWebKit/537.36 (KHTML, like Gecko) Chrome/144.0.0.0 Safari/537.36"
2a03:2880:f802:5:: - - [22/Aug/2026:12:23:37 +0800] "GET /wp-login.php?key=v9tpd375&_wpnonce=&action=ilc_logout&redirect_to=https%3A%2F%2Fgame.edu.kg HTTP/1.1" 302 8248 "-" "Mozilla/5.0 (Macintosh; Intel Mac OS X 10_15_7) AppleWebKit/537.36 (KHTML, like Gecko) Chrome/145.0.0.0 Safari/537.36 (compatible; meta-externalagent/1.1 (+https://developers.facebook.com/docs/sharing/webmasters/crawler))"
3.232.39.98 - - [22/Aug/2026:12:23:39 +0800] "GET /wp-content/uploads/sites/3670/?C=D;O%3DD HTTP/1.1" 200 1206 "-" "Mozilla/5.0 AppleWebKit/537.36 (KHTML, like Gecko; compatible; Amazonbot/0.1; +https://developer.amazon.com/support/amazonbot) Chrome/119.0.6045.214 Safari/537.36"
240e:96a:4c00:11f3::166 - - [22/Aug/2026:12:23:39 +0800] "GET /wp-content/themes/oceanwp/assets/js/drop-down-search.min.js HTTP/1.1" 200 2968 "https://www.najh.ilc.edu.tw/2020/01/15/109%E5%B9%B4%E5%BA%A6%E3%80%8Ccool-english%E8%8B%B1%E9%96%B1%E7%8E%8B%E3%80%8D/" "Mozilla/5.0 (Windows NT 10.0; Win64; x64) AppleWebKit/537.36 (KHTML, like Gecko) Chrome/144.0.0.0 Safari/537.36"
240e:96a:4c00:11f3::166 - - [22/Aug/2026:12:23:39 +0800] "GET /wp-content/themes/oceanwp/assets/js/drop-down-mobile-menu.min.js HTTP/1.1" 200 4663 "https://www.najh.ilc.edu.tw/2020/01/15/109%E5%B9%B4%E5%BA%A6%E3%80%8Ccool-english%E8%8B%B1%E9%96%B1%E7%8E%8B%E3%80%8D/" "Mozilla/5.0 (Windows NT 10.0; Win64; x64) AppleWebKit/537.36 (KHTML, like Gecko) Chrome/144.0.0.0 Safari/537.36"
240e:96a:4c00:11f3::166 - - [22/Aug/2026:12:23:39 +0800] "GET /wp-content/themes/oceanwp/assets/js/vendors/magnific-popup.min.js HTTP/1.1" 200 8270 "https://www.najh.ilc.edu.tw/2020/01/15/109%E5%B9%B4%E5%BA%A6%E3%80%8Ccool-english%E8%8B%B1%E9%96%B1%E7%8E%8B%E3%80%8D/" "Mozilla/5.0 (Windows NT 10.0; Win64; x64) AppleWebKit/537.36 (KHTML, like Gecko) Chrome/144.0.0.0 Safari/537.36"
240e:96a:4c00:11f3::166 - - [22/Aug/2026:12:23:39 +0800] "GET /wp-content/themes/oceanwp/assets/js/ow-lightbox.min.js HTTP/1.1" 200 2321 "https://www.najh.ilc.edu.tw/2020/01/15/109%E5%B9%B4%E5%BA%A6%E3%80%8Ccool-english%E8%8B%B1%E9%96%B1%E7%8E%8B%E3%80%8D/" "Mozilla/5.0 (Windows NT 10.0; Win64; x64) AppleWebKit/537.36 (KHTML, like Gecko) Chrome/144.0.0.0 Safari/537.36"
42.79.180.180 - - [22/Aug/2026:12:23:17 +0800] "GET /wp-content/uploads/sites/1984/2023/11/2023-11-15_232530.png HTTP/1.1" 200 2890109 "https://www.dses.ilc.edu.tw/" "Mozilla/5.0 (iPhone; CPU iPhone OS 26_5_0 like Mac OS X) AppleWebKit/605.1.15 (KHTML, like Gecko) GSA/434.2.961627397 Mobile/15E148 Safari/604.1"
44.209.89.189 - - [22/Aug/2026:12:23:39 +0800] "GET /6509/wp-json/wp/v2/posts/12579 HTTP/1.1" 200 11505 "-" "Mozilla/5.0 AppleWebKit/537.36 (KHTML, like Gecko; compatible; Amazonbot/0.1; +https://developer.amazon.com/support/amazonbot) Chrome/119.0.6045.214 Safari/537.36"
240e:96a:4c00:11f3::166 - - [22/Aug/2026:12:23:39 +0800] "POST /wp-json/ilc-summary/v1/popular-posts HTTP/1.1" 201 1270 "https://www.najh.ilc.edu.tw/2020/01/15/109%E5%B9%B4%E5%BA%A6%E3%80%8Ccool-english%E8%8B%B1%E9%96%B1%E7%8E%8B%E3%80%8D/" "Mozilla/5.0 (Windows NT 10.0; Win64; x64) AppleWebKit/537.36 (KHTML, like Gecko) Chrome/144.0.0.0 Safari/537.36"
240e:96a:4c00:11f3::166 - - [22/Aug/2026:12:23:40 +0800] "GET /wp-content/themes/oceanwp/assets/fonts/simple-line-icons/Simple-Line-Icons.woff2?v=2.4.0 HTTP/1.1" 200 30959 "https://www.najh.ilc.edu.tw/wp-content/cache/www.najh.ilc.edu.tw/wpfc-minified/kcxb236g/6wh9.css" "Mozilla/5.0 (Windows NT 10.0; Win64; x64) AppleWebKit/537.36 (KHTML, like Gecko) Chrome/144.0.0.0 Safari/537.36"
240e:96a:4c00:11f3::166 - - [22/Aug/2026:12:23:40 +0800] "GET /wp-content/themes/oceanwp/assets/fonts/fontawesome/webfonts/fa-regular-400.woff2 HTTP/1.1" 200 25383 "https://www.najh.ilc.edu.tw/wp-content/cache/www.najh.ilc.edu.tw/wpfc-minified/kcxb236g/6wh9.css" "Mozilla/5.0 (Windows NT 10.0; Win64; x64) AppleWebKit/537.36 (KHTML, like Gecko) Chrome/144.0.0.0 Safari/537.36"
240e:96a:4c00:11f3::166 - - [22/Aug/2026:12:23:40 +0800] "GET /wp-content/themes/oceanwp/assets/js/vendors/flickity.pkgd.min.js HTTP/1.1" 200 15048 "https://www.najh.ilc.edu.tw/2020/01/15/109%E5%B9%B4%E5%BA%A6%E3%80%8Ccool-english%E8%8B%B1%E9%96%B1%E7%8E%8B%E3%80%8D/" "Mozilla/5.0 (Windows NT 10.0; Win64; x64) AppleWebKit/537.36 (KHTML, like Gecko) Chrome/144.0.0.0 Safari/537.36"
240e:96a:4c00:11f3::166 - - [22/Aug/2026:12:23:40 +0800] "GET /wp-content/themes/oceanwp/assets/js/ow-slider.min.js HTTP/1.1" 200 1761 "https://www.najh.ilc.edu.tw/2020/01/15/109%E5%B9%B4%E5%BA%A6%E3%80%8Ccool-english%E8%8B%B1%E9%96%B1%E7%8E%8B%E3%80%8D/" "Mozilla/5.0 (Windows NT 10.0; Win64; x64) AppleWebKit/537.36 (KHTML, like Gecko) Chrome/144.0.0.0 Safari/537.36"
::1 - - [22/Aug/2026:12:23:40 +0800] "OPTIONS * HTTP/1.0" 200 110 "-" "Apache/2.4.68 (Ubuntu) OpenSSL/3.0.19 (internal dummy connection)"
240e:96a:4c00:11f3::166 - - [22/Aug/2026:12:23:40 +0800] "GET /wp-content/themes/oceanwp/assets/js/scroll-effect.min.js HTTP/1.1" 200 4127 "https://www.najh.ilc.edu.tw/2020/01/15/109%E5%B9%B4%E5%BA%A6%E3%80%8Ccool-english%E8%8B%B1%E9%96%B1%E7%8E%8B%E3%80%8D/" "Mozilla/5.0 (Windows NT 10.0; Win64; x64) AppleWebKit/537.36 (KHTML, like Gecko) Chrome/144.0.0.0 Safari/537.36"
74.7.242.54 - - [22/Aug/2026:12:23:38 +0800] "GET /26150/?p=6670 HTTP/1.1" 301 1002 "https://2blog.ilc.edu.tw/26150/2022/09/21/%e5%87%bd%e8%bd%89%e5%ae%9c%e8%98%ad%e7%b8%a3%e6%94%bf%e5%ba%9c%e6%96%bc111%e5%b9%b49%e6%9c%8824%e6%97%a5%e8%87%b310%e6%9c%8823%e6%97%a5%e8%be%a6%e7%90%86%e3%80%8c2022%e5%ae%9c%e8%98%ad%e5%9c%8b/" "Mozilla/5.0 AppleWebKit/537.36 (KHTML, like Gecko; compatible; GPTBot/1.4; +https://openai.com/gptbot)"
240e:96a:4c00:11f3::166 - - [22/Aug/2026:12:23:40 +0800] "GET /wp-content/themes/oceanwp/assets/js/scroll-top.min.js HTTP/1.1" 200 3202 "https://www.najh.ilc.edu.tw/2020/01/15/109%E5%B9%B4%E5%BA%A6%E3%80%8Ccool-english%E8%8B%B1%E9%96%B1%E7%8E%8B%E3%80%8D/" "Mozilla/5.0 (Windows NT 10.0; Win64; x64) AppleWebKit/537.36 (KHTML, like Gecko) Chrome/144.0.0.0 Safari/537.36"
240e:96a:4c00:11f3::166 - - [22/Aug/2026:12:23:40 +0800] "GET /wp-content/themes/oceanwp/assets/js/select.min.js HTTP/1.1" 200 2408 "https://www.najh.ilc.edu.tw/2020/01/15/109%E5%B9%B4%E5%BA%A6%E3%80%8Ccool-english%E8%8B%B1%E9%96%B1%E7%8E%8B%E3%80%8D/" "Mozilla/5.0 (Windows NT 10.0; Win64; x64) AppleWebKit/537.36 (KHTML, like Gecko) Chrome/144.0.0.0 Safari/537.36"
240e:96a:4c00:11f3::166 - - [22/Aug/2026:12:23:40 +0800] "GET /wp-content/plugins/ocean-extra/includes/widgets/js/flickr.min.js HTTP/1.1" 200 1319 "https://www.najh.ilc.edu.tw/2020/01/15/109%E5%B9%B4%E5%BA%A6%E3%80%8Ccool-english%E8%8B%B1%E9%96%B1%E7%8E%8B%E3%80%8D/" "Mozilla/5.0 (Windows NT 10.0; Win64; x64) AppleWebKit/537.36 (KHTML, like Gecko) Chrome/144.0.0.0 Safari/537.36"
240e:96a:4c00:11f3::166 - - [22/Aug/2026:12:23:41 +0800] "GET /wp-includes/js/mediaelement/mediaelement-and-player.min.js HTTP/1.1" 200 39802 "https://www.najh.ilc.edu.tw/2020/01/15/109%E5%B9%B4%E5%BA%A6%E3%80%8Ccool-english%E8%8B%B1%E9%96%B1%E7%8E%8B%E3%80%8D/" "Mozilla/5.0 (Windows NT 10.0; Win64; x64) AppleWebKit/537.36 (KHTML, like Gecko) Chrome/144.0.0.0 Safari/537.36"
240e:96a:4c00:11f3::166 - - [22/Aug/2026:12:23:41 +0800] "GET /wp-includes/js/mediaelement/mediaelement-migrate.min.js HTTP/1.1" 200 1419 "https://www.najh.ilc.edu.tw/2020/01/15/109%E5%B9%B4%E5%BA%A6%E3%80%8Ccool-english%E8%8B%B1%E9%96%B1%E7%8E%8B%E3%80%8D/" "Mozilla/5.0 (Windows NT 10.0; Win64; x64) AppleWebKit/537.36 (KHTML, like Gecko) Chrome/144.0.0.0 Safari/537.36"
240e:96a:4c00:11f3::166 - - [22/Aug/2026:12:23:41 +0800] "GET /wp-includes/js/mediaelement/wp-mediaelement.min.js HTTP/1.1" 200 1417 "https://www.najh.ilc.edu.tw/2020/01/15/109%E5%B9%B4%E5%BA%A6%E3%80%8Ccool-english%E8%8B%B1%E9%96%B1%E7%8E%8B%E3%80%8D/" "Mozilla/5.0 (Windows NT 10.0; Win64; x64) AppleWebKit/537.36 (KHTML, like Gecko) Chrome/144.0.0.0 Safari/537.36"
240e:96a:4c00:11f3::166 - - [22/Aug/2026:12:23:40 +0800] "GET /wp-content/themes/oceanwp/assets/fonts/fontawesome/webfonts/fa-solid-900.woff2 HTTP/1.1" 200 151246 "https://www.najh.ilc.edu.tw/wp-content/cache/www.najh.ilc.edu.tw/wpfc-minified/kcxb236g/6wh9.css" "Mozilla/5.0 (Windows NT 10.0; Win64; x64) AppleWebKit/537.36 (KHTML, like Gecko) Chrome/144.0.0.0 Safari/537.36"
240e:96a:4c00:11f3::166 - - [22/Aug/2026:12:23:41 +0800] "GET /wp-includes/js/mediaelement/renderers/vimeo.min.js HTTP/1.1" 200 3164 "https://www.najh.ilc.edu.tw/2020/01/15/109%E5%B9%B4%E5%BA%A6%E3%80%8Ccool-english%E8%8B%B1%E9%96%B1%E7%8E%8B%E3%80%8D/" "Mozilla/5.0 (Windows NT 10.0; Win64; x64) AppleWebKit/537.36 (KHTML, like Gecko) Chrome/144.0.0.0 Safari/537.36"
::1 - - [22/Aug/2026:12:23:41 +0800] "OPTIONS * HTTP/1.0" 200 110 "-" "Apache/2.4.68 (Ubuntu) OpenSSL/3.0.19 (internal dummy connection)"
34.10.180.98 - - [22/Aug/2026:12:23:42 +0800] "GET /6529/2014/10/08/103-%E4%B8%89-7-%E6%95%99%E8%82%B2%E9%83%A8%E7%AF%80%E8%83%BD%E6%B8%9B%E7%A2%B3%E7%B6%B2%E7%AB%99%E5%AE%A3%E5%B0%8E/ HTTP/1.1" 200 30438 "-" "Mozilla/5.0 (Macintosh; Intel Mac OS X 10_15_7) AppleWebKit/537.36 (KHTML, like Gecko) Chrome/120.0.0.0 Safari/537.36"
::1 - - [22/Aug/2026:12:23:42 +0800] "OPTIONS * HTTP/1.0" 200 110 "-" "Apache/2.4.68 (Ubuntu) OpenSSL/3.0.19 (internal dummy connection)"
2001:288:a201::66:125 - - [22/Aug/2026:12:23:43 +0800] "GET /blog/active.php HTTP/1.1" 301 1026 "-" "-"
2001:288:a201::66:125 - - [22/Aug/2026:12:23:43 +0800] "GET /blog/active.php HTTP/1.1" 404 1084 "-" "-"
74.7.242.54 - - [22/Aug/2026:12:23:41 +0800] "GET /26150/?p=6502 HTTP/1.1" 301 5775 "https://2blog.ilc.edu.tw/26150/2022/04/28/%e8%bd%89%e7%9f%a5%e8%b2%a1%e5%9c%98%e6%b3%95%e4%ba%ba%e4%ba%ba%e6%9c%ac%e6%95%99%e8%82%b2%e6%96%87%e6%95%99%e5%9f%ba%e9%87%91%e6%9c%83%e3%80%8c430%e5%9c%8b%e9%9a%9b%e4%b8%8d%e6%89%93%e5%b0%8f/" "Mozilla/5.0 AppleWebKit/537.36 (KHTML, like Gecko; compatible; GPTBot/1.4; +https://openai.com/gptbot)"
52.167.144.230 - - [22/Aug/2026:12:23:43 +0800] "GET /41336/2024/10/ HTTP/1.1" 200 24982 "-" "Mozilla/5.0 AppleWebKit/537.36 (KHTML, like Gecko; compatible; bingbot/2.0; +http://www.bing.com/bingbot.htm) Chrome/116.0.1938.76 Safari/537.36"
40.77.167.116 - - [22/Aug/2026:12:23:43 +0800] "GET /2025/08/04/%C3%A5%C2%AD%C2%B8%C3%A6%C2%A0%C2%A1%C3%A9%C2%A1%CB%9C%C3%A6%E2%84%A2%C2%AF/ HTTP/1.1" 404 41768 "-" "Mozilla/5.0 AppleWebKit/537.36 (KHTML, like Gecko; compatible; bingbot/2.0; +http://www.bing.com/bingbot.htm) Chrome/116.0.1938.76 Safari/537.36"
42.79.180.180 - - [22/Aug/2026:12:23:44 +0800] "GET /wp-content/uploads/sites/1984/2024/08/%E8%82%89%E6%AF%94%E9%A0%AD.png HTTP/1.1" 200 1225907 "https://www.dses.ilc.edu.tw/" "Mozilla/5.0 (iPhone; CPU iPhone OS 26_5_0 like Mac OS X) AppleWebKit/605.1.15 (KHTML, like Gecko) GSA/434.2.961627397 Mobile/15E148 Safari/604.1"
140.111.67.10 - - [22/Aug/2026:12:23:44 +0800] "GET /" 301 273 "-" "-"
54.83.180.239 - - [22/Aug/2026:12:23:44 +0800] "GET /wp-content/uploads/sites/3591/staatic/resources/d/03ed7eead3ab5efd6f03c5b00314089d510da0e HTTP/1.1" 200 1163 "-" "Mozilla/5.0 AppleWebKit/537.36 (KHTML, like Gecko; compatible; Amazonbot/0.1; +https://developer.amazon.com/support/amazonbot) Chrome/119.0.6045.214 Safari/537.36"
34.123.149.87 - - [22/Aug/2026:12:23:45 +0800] "GET /28926/2023/07/03/%E5%AE%9C%E8%98%AD%E7%B8%A3%E8%98%87%E6%BE%B3%E9%8E%AE%E8%93%AC%E8%90%8A%E9%99%84%E5%B9%BC112%E5%AD%B8%E5%B9%B4%E6%94%B6%E9%80%80%E8%B2%BB%E5%9F%BA%E6%BA%96%E8%A1%A8%E5%8F%8A%E6%B8%9B%E5%85%8D/ HTTP/1.1" 200 30661 "-" "Mozilla/5.0 (Macintosh; Intel Mac OS X 10_15_7) AppleWebKit/537.36 (KHTML, like Gecko) Chrome/120.0.0.0 Safari/537.36"
74.7.242.54 - - [22/Aug/2026:12:23:43 +0800] "GET /26150/?p=3006 HTTP/1.1" 301 986 "https://2blog.ilc.edu.tw/26150/2014/07/02/103%e5%b9%b4%e5%ba%a6%e7%ac%ac26%e6%ac%a1-%e5%b9%b8%e7%a6%8f%e5%ae%b6%e5%ba%ad-%e7%a9%ba%e4%b8%ad%e8%ac%9b%e5%a0%82-%e7%88%b6%e6%af%8d%e8%88%87%e5%ad%a9%e5%ad%90%e7%9a%84%e8%a6%aa%e5%af%86%e4%b9%8b/" "Mozilla/5.0 AppleWebKit/537.36 (KHTML, like Gecko; compatible; GPTBot/1.4; +https://openai.com/gptbot)"
85.208.96.196 - - [22/Aug/2026:12:23:45 +0800] "GET /Resource/Neturl/Sub-Going.asp?url=https%3A%2F%2Fbaomuabannhadat.com%2Fnha-dat%2Fmua-ban-nha-dat%2Fban-nha-rieng%2Fban-nha-gia-12-9-ty-phuong-binh-tri-dong-b-quan-binh-tan_i73658 HTTP/1.1" 404 90755 "-" "Mozilla/5.0 (compatible; SemrushBot/7~bl; +http://www.semrush.com/bot.html)"
::1 - - [22/Aug/2026:12:23:46 +0800] "OPTIONS * HTTP/1.0" 200 110 "-" "Apache/2.4.68 (Ubuntu) OpenSSL/3.0.19 (internal dummy connection)"
74.7.242.54 - - [22/Aug/2026:12:23:45 +0800] "GET /26150/?p=3205 HTTP/1.1" 301 966 "https://2blog.ilc.edu.tw/26150/2015/11/26/104%e5%b9%b4%e5%ba%a6%e7%ac%ac46%e6%ac%a1%e5%b9%b8%e7%a6%8f%e5%ae%b6%e5%ba%ad%e7%a9%ba%e4%b8%ad%e8%ac%9b%e5%a0%82-%e6%80%a7%e5%88%a5%e4%ba%92%e5%8b%95%e8%88%87%e6%84%9b%e6%83%85/" "Mozilla/5.0 AppleWebKit/537.36 (KHTML, like Gecko; compatible; GPTBot/1.4; +https://openai.com/gptbot)"
::1 - - [22/Aug/2026:12:23:47 +0800] "OPTIONS * HTTP/1.0" 200 110 "-" "Apache/2.4.68 (Ubuntu) OpenSSL/3.0.19 (internal dummy connection)"
35.169.119.108 - - [22/Aug/2026:12:23:48 +0800] "GET /wp-content/uploads/sites/3549/?C=M;O%3DD HTTP/1.1" 200 1204 "-" "Mozilla/5.0 AppleWebKit/537.36 (KHTML, like Gecko; compatible; Amazonbot/0.1; +https://developer.amazon.com/support/amazonbot) Chrome/119.0.6045.214 Safari/537.36"
2001:288:a201::66:125 - - [22/Aug/2026:12:23:48 +0800] "GET /blog/active.php HTTP/1.1" 301 1026 "-" "-"
2001:288:a201::66:125 - - [22/Aug/2026:12:23:48 +0800] "GET /blog/active.php HTTP/1.1" 404 1084 "-" "-"
34.196.6.199 - - [22/Aug/2026:12:23:48 +0800] "GET /6450/wp-json/wp/v2/posts/13993 HTTP/1.1" 200 20495 "-" "Mozilla/5.0 AppleWebKit/537.36 (KHTML, like Gecko; compatible; Amazonbot/0.1; +https://developer.amazon.com/support/amazonbot) Chrome/119.0.6045.214 Safari/537.36"
::1 - - [22/Aug/2026:12:23:48 +0800] "OPTIONS * HTTP/1.0" 200 110 "-" "Apache/2.4.68 (Ubuntu) OpenSSL/3.0.19 (internal dummy connection)"
125.231.138.206 - - [22/Aug/2026:12:23:49 +0800] "GET /1003/wp-content/uploads/sites/233/2026/07/Snipaste_2026-07-30_10-16-50-1024x609.png HTTP/1.1" 200 489321 "https://2blog.ilc.edu.tw/1003/2026/07/30/%e5%b0%8f%e5%a3%81%e8%99%8e%e8%80%81%e5%b8%ab%e7%9a%84%e5%b7%a5%e5%85%b7%e7%ab%99%e3%80%90ai%e5%8d%94%e4%bd%9c%e4%bd%9c%e5%93%81%e3%80%91/" "Mozilla/5.0 (Windows NT 10.0; Win64; x64) AppleWebKit/537.36 (KHTML, like Gecko) Chrome/151.0.0.0 Safari/537.36"
125.231.138.206 - - [22/Aug/2026:12:23:49 +0800] "GET /1003/wp-content/uploads/sites/233/2023/04/338250713_886939739267121_7258247398763374813_n-1024x1024.jpg HTTP/1.1" 200 108324 "https://2blog.ilc.edu.tw/1003/2026/07/30/%e5%b0%8f%e5%a3%81%e8%99%8e%e8%80%81%e5%b8%ab%e7%9a%84%e5%b7%a5%e5%85%b7%e7%ab%99%e3%80%90ai%e5%8d%94%e4%bd%9c%e4%bd%9c%e5%93%81%e3%80%91/" "Mozilla/5.0 (Windows NT 10.0; Win64; x64) AppleWebKit/537.36 (KHTML, like Gecko) Chrome/151.0.0.0 Safari/537.36"
140.111.67.10 - - [22/Aug/2026:12:23:49 +0800] "GET /" 301 273 "-" "-"
74.7.242.54 - - [22/Aug/2026:12:23:47 +0800] "GET /26150/?p=5105 HTTP/1.1" 301 984 "https://2blog.ilc.edu.tw/26150/2020/12/09/109%e5%b9%b4%e5%ba%a6%e5%b9%b8%e7%a6%8f%e5%ae%b6%e5%ba%ad%e7%a9%ba%e4%b8%ad%e8%ac%9b%e5%a0%82%e7%ac%ac32%e9%9b%86_%e9%9a%94%e4%bb%a3%e5%90%8c%e7%94%9f%ef%bc%8d%e5%b0%91%e5%b9%b4%e8%80%81%e5%b9%b4/" "Mozilla/5.0 AppleWebKit/537.36 (KHTML, like Gecko; compatible; GPTBot/1.4; +https://openai.com/gptbot)"
136.119.35.120 - - [22/Aug/2026:12:23:49 +0800] "GET /21002/2018/06/18/%E7%89%B9%E8%89%B2%EF%BC%BF8%E6%96%BC%E5%BF%97%E5%B7%A5%E5%A4%A7%E6%9C%83%E9%80%B2%E8%A1%8C%E7%9B%B8%E9%97%9C%E8%AD%B0%E9%A1%8C%E5%AE%A3%E5%B0%8E/ HTTP/1.1" 200 30489 "-" "Mozilla/5.0 (Macintosh; Intel Mac OS X 10_15_7) AppleWebKit/537.36 (KHTML, like Gecko) Chrome/120.0.0.0 Safari/537.36"
::1 - - [22/Aug/2026:12:23:49 +0800] "OPTIONS * HTTP/1.0" 200 110 "-" "Apache/2.4.68 (Ubuntu) OpenSSL/3.0.19 (internal dummy connection)"
74.7.242.54 - - [22/Aug/2026:12:23:49 +0800] "GET /1003/?p=26637 HTTP/1.1" 301 825 "https://2blog.ilc.edu.tw/1003/2009/10/02/%e6%95%99%e4%b8%8d%e5%9a%b4%ef%bc%8c%e5%b8%ab%e4%b9%8b%e6%83%b0/" "Mozilla/5.0 AppleWebKit/537.36 (KHTML, like Gecko; compatible; GPTBot/1.4; +https://openai.com/gptbot)"
::1 - - [22/Aug/2026:12:23:50 +0800] "OPTIONS * HTTP/1.0" 200 110 "-" "Apache/2.4.68 (Ubuntu) OpenSSL/3.0.19 (internal dummy connection)"
34.206.212.24 - - [22/Aug/2026:12:23:50 +0800] "GET /6450/wp-json/wp/v2/posts/%22https:/2blog.ilc.edu.tw/wp-content/uploads/sites/2724/6450/6450-4214201.jpg/%22 HTTP/1.1" 404 6131 "-" "Mozilla/5.0 AppleWebKit/537.36 (KHTML, like Gecko; compatible; Amazonbot/0.1; +https://developer.amazon.com/support/amazonbot) Chrome/119.0.6045.214 Safari/537.36"
34.123.149.87 - - [22/Aug/2026:12:23:51 +0800] "GET /3860/2009/02/10/98%E5%B9%B4%E5%BA%A6%E3%80%8C%E5%84%AA%E8%89%AF%E6%95%99%E8%82%B2%E5%BD%B1%E7%89%87%E4%BD%9C%E5%93%81%E5%BE%B5%E9%9B%86%E3%80%8D%E5%AF%A6%E6%96%BD%E8%A6%81%E9%BB%9E/ HTTP/1.1" 200 33965 "-" "Mozilla/5.0 (Macintosh; Intel Mac OS X 10_15_7) AppleWebKit/537.36 (KHTML, like Gecko) Chrome/120.0.0.0 Safari/537.36"
