74.7.242.54 - - [22/Aug/2026:12:27:05 +0800] "GET /26150/wp-json/oembed/1.0/embed?url=https%3A%2F%2F2blog.ilc.edu.tw%2F26150%2F2025%2F08%2F18%2F%25e5%25b9%25b8%25e7%25a6%258f%25e5%25ae%25b6%25e5%25ba%25ad%25e7%25a9%25ba%25e4%25b8%25ad%25e8%25ac%259b%25e5%25a0%25821140817%25e4%25bb%2580%25e9%25ba%25bc%25e6%2598%25af%25e3%2580%258c%25e4%25bb%25a3%25e9%2596%2593%25e6%2595%2599%25e8%2582%25b2%25e3%2580%258d%25ef%25bc%259f%25e5%258e%259f%25e4%25be%2586%25e4%25b8%258d%2F HTTP/1.1" 200 4160 "https://2blog.ilc.edu.tw/26150/2025/08/18/%e5%b9%b8%e7%a6%8f%e5%ae%b6%e5%ba%ad%e7%a9%ba%e4%b8%ad%e8%ac%9b%e5%a0%821140817%e4%bb%80%e9%ba%bc%e6%98%af%e3%80%8c%e4%bb%a3%e9%96%93%e6%95%99%e8%82%b2%e3%80%8d%ef%bc%9f%e5%8e%9f%e4%be%86%e4%b8%8d/" "Mozilla/5.0 AppleWebKit/537.36 (KHTML, like Gecko; compatible; GPTBot/1.4; +https://openai.com/gptbot)"
34.196.237.236 - - [22/Aug/2026:12:27:06 +0800] "GET /wp-content/uploads/sites/2808/6543/6543-3722222.jpg HTTP/1.1" 200 10473 "-" "Mozilla/5.0 AppleWebKit/537.36 (KHTML, like Gecko; compatible; Amazonbot/0.1; +https://developer.amazon.com/support/amazonbot) Chrome/119.0.6045.214 Safari/537.36"
2408:821b:8c14:d880:aebb:61ff:fef0:cbe7 - - [22/Aug/2026:12:27:07 +0800] "GET /32745/2020/05/03/%e6%9c%80%e5%be%8c%e7%9a%84%e6%8e%a2%e6%88%88-2 HTTP/1.1" 301 5718 "-" "Mozilla/5.0 (Windows NT 10.0; Win64; x64) AppleWebKit/537.36 (KHTML, like Gecko) Chrome/109.0.0.0 Safari/537.36"
140.111.67.195 - - [22/Aug/2026:12:27:07 +0800] "GET /wp-admin/admin-post.php?action=steps_ad HTTP/1.1" 200 1649 "-" "node-fetch/1.0 (+https://github.com/bitinn/node-fetch)"
::1 - - [22/Aug/2026:12:27:07 +0800] "OPTIONS * HTTP/1.0" 200 110 "-" "Apache/2.4.68 (Ubuntu) OpenSSL/3.0.19 (internal dummy connection)"
2001:288:a201::66:125 - - [22/Aug/2026:12:27:08 +0800] "GET /blog/active.php HTTP/1.1" 301 1026 "-" "-"
2001:288:a201::66:125 - - [22/Aug/2026:12:27:08 +0800] "GET /blog/active.php HTTP/1.1" 404 1084 "-" "-"
52.70.138.176 - - [22/Aug/2026:12:27:08 +0800] "GET /26148/wp-content/uploads/sites/1077/2024/01/1-21121206- HTTP/1.1" 404 5774 "-" "Mozilla/5.0 AppleWebKit/537.36 (KHTML, like Gecko; compatible; Amazonbot/0.1; +https://developer.amazon.com/support/amazonbot) Chrome/119.0.6045.214 Safari/537.36"
34.226.89.140 - - [22/Aug/2026:12:27:08 +0800] "GET /wp-content/uploads/sites/2542/6418/6418-1089788.gif HTTP/1.1" 200 836 "-" "Mozilla/5.0 AppleWebKit/537.36 (KHTML, like Gecko; compatible; Amazonbot/0.1; +https://developer.amazon.com/support/amazonbot) Chrome/119.0.6045.214 Safari/537.36"
118.232.34.87 - - [22/Aug/2026:12:27:08 +0800] "-" 408 0 "-" "-"
::1 - - [22/Aug/2026:12:27:08 +0800] "OPTIONS * HTTP/1.0" 200 110 "-" "Apache/2.4.68 (Ubuntu) OpenSSL/3.0.19 (internal dummy connection)"
140.111.67.10 - - [22/Aug/2026:12:27:09 +0800] "GET /" 301 273 "-" "-"
74.7.242.54 - - [22/Aug/2026:12:27:07 +0800] "GET /26150/wp-json/oembed/1.0/embed?url=https%3A%2F%2F2blog.ilc.edu.tw%2F26150%2F2018%2F09%2F27%2F%25e5%25ae%259c%25e8%2598%25ad%25e7%25b8%25a3%25e6%2594%25bf%25e5%25ba%259c%25e7%2582%25ba%25e6%259c%258d%25e5%258b%2599%25e6%25ba%25aa%25e5%258d%2597%25e5%258b%259e%25e5%25b7%25a5%25e6%259c%258b%25e5%258f%258b%25ef%25bc%258c%25e8%2587%25aa%25e6%259c%25ac107%25e5%25b9%25b410%25e6%259c%25881%25e6%2597%25a5%25e8%25b5%25b7%2F HTTP/1.1" 200 4432 "https://2blog.ilc.edu.tw/26150/2018/09/27/%e5%ae%9c%e8%98%ad%e7%b8%a3%e6%94%bf%e5%ba%9c%e7%82%ba%e6%9c%8d%e5%8b%99%e6%ba%aa%e5%8d%97%e5%8b%9e%e5%b7%a5%e6%9c%8b%e5%8f%8b%ef%bc%8c%e8%87%aa%e6%9c%ac107%e5%b9%b410%e6%9c%881%e6%97%a5%e8%b5%b7/" "Mozilla/5.0 AppleWebKit/537.36 (KHTML, like Gecko; compatible; GPTBot/1.4; +https://openai.com/gptbot)"
118.232.34.87 - - [22/Aug/2026:12:27:09 +0800] "-" 408 0 "-" "-"
2408:8214:3a24:7210:aa5:c8ff:fe9d:e513 - - [22/Aug/2026:12:27:08 +0800] "GET /32745/2020/05/03/%e6%9c%80%e5%be%8c%e7%9a%84%e6%8e%a2%e6%88%88-2/ HTTP/1.1" 200 92132 "-" "Mozilla/5.0 (Windows NT 10.0; Win64; x64) AppleWebKit/537.36 (KHTML, like Gecko) Chrome/109.0.0.0 Safari/537.36"
::1 - - [22/Aug/2026:12:27:09 +0800] "OPTIONS * HTTP/1.0" 200 110 "-" "Apache/2.4.68 (Ubuntu) OpenSSL/3.0.19 (internal dummy connection)"
::1 - - [22/Aug/2026:12:27:10 +0800] "OPTIONS * HTTP/1.0" 200 110 "-" "Apache/2.4.68 (Ubuntu) OpenSSL/3.0.19 (internal dummy connection)"
74.7.242.54 - - [22/Aug/2026:12:27:09 +0800] "GET /26150/wp-json/oembed/1.0/embed?url=https%3A%2F%2F2blog.ilc.edu.tw%2F26150%2F2025%2F12%2F16%2F%25e5%25b9%25b8%25e7%25a6%258f%25e5%25ae%25b6%25e5%25ba%25ad%25e7%25a9%25ba%25e4%25b8%25ad%25e8%25ac%259b%25e5%25a0%2582114121%25e8%25b7%25a8%25e4%25b8%258d%25e9%2581%258e%25e7%259a%2584%25e5%25a9%259a%25e5%25a7%25bb%25e5%25b9%25b3%25e6%25ac%258a%25e4%25b9%258b%25e8%25b7%25af%25e4%25bd%2599%25e9%259d%259c%25e8%2591%25ad%2F HTTP/1.1" 200 3939 "https://2blog.ilc.edu.tw/26150/2025/12/16/%e5%b9%b8%e7%a6%8f%e5%ae%b6%e5%ba%ad%e7%a9%ba%e4%b8%ad%e8%ac%9b%e5%a0%82114121%e8%b7%a8%e4%b8%8d%e9%81%8e%e7%9a%84%e5%a9%9a%e5%a7%bb%e5%b9%b3%e6%ac%8a%e4%b9%8b%e8%b7%af%e4%bd%99%e9%9d%9c%e8%91%ad/" "Mozilla/5.0 AppleWebKit/537.36 (KHTML, like Gecko; compatible; GPTBot/1.4; +https://openai.com/gptbot)"
66.249.84.166 - - [22/Aug/2026:12:27:11 +0800] "GET /blog/gallery/33949/33949-3610199.png HTTP/1.1" 301 1105 "-" "Mozilla/5.0 (Windows NT 5.1; rv:11.0) Gecko Firefox/11.0 (via ggpht.com GoogleImageProxy)"
17.22.253.74 - - [22/Aug/2026:12:27:11 +0800] "GET /6451/2013/10/25/2-7%E7%B7%A8%E8%A3%BD%E5%AE%9C%E8%98%AD%E7%B8%A3%E7%87%9F%E9%80%A0%E7%A9%BA%E9%96%93%E7%BE%8E%E5%AD%B8-%E4%BA%94%E9%84%89%E5%85%AB%E6%A0%A1%E7%89%B9%E8%89%B2%E8%81%AF%E7%9B%9F%E9%81%8A%E5%AD%B8/ HTTP/1.1" 200 17398 "-" "Mozilla/5.0 (Macintosh; Intel Mac OS X 10_15_7) AppleWebKit/605.1.15 (KHTML, like Gecko) Version/17.4 Safari/605.1.15 (Applebot/0.1; +http://www.apple.com/go/applebot)"
::1 - - [22/Aug/2026:12:27:11 +0800] "OPTIONS * HTTP/1.0" 200 110 "-" "Apache/2.4.68 (Ubuntu) OpenSSL/3.0.19 (internal dummy connection)"
34.171.68.95 - - [22/Aug/2026:12:27:12 +0800] "GET /2569/wp-login.php HTTP/1.1" 200 10770 "-" "Mozilla/5.0 (Macintosh; Intel Mac OS X 10_15_7) AppleWebKit/537.36 (KHTML, like Gecko) Chrome/120.0.0.0 Safari/537.36"
2a03:2880:17ff:43:: - - [22/Aug/2026:12:27:12 +0800] "GET /blog/imgs/logo.jpg HTTP/1.1" 301 1069 "-" "facebookexternalhit/1.1 (+http://www.facebook.com/externalhit_uatext.php)"
17.22.253.74 - - [22/Aug/2026:12:27:12 +0800] "GET /6451/wp-content/cache/2blog.ilc.edu.tw/wpfc-minified/2frgbmc3/7ugvh.css HTTP/1.1" 200 15980 "https://2blog.ilc.edu.tw/6451/2013/10/25/2-7%e7%b7%a8%e8%a3%bd%e5%ae%9c%e8%98%ad%e7%b8%a3%e7%87%9f%e9%80%a0%e7%a9%ba%e9%96%93%e7%be%8e%e5%ad%b8-%e4%ba%94%e9%84%89%e5%85%ab%e6%a0%a1%e7%89%b9%e8%89%b2%e8%81%af%e7%9b%9f%e9%81%8a%e5%ad%b8/" "Mozilla/5.0 (Macintosh; Intel Mac OS X 10_15_7) AppleWebKit/605.1.15 (KHTML, like Gecko) Version/17.4 Safari/605.1.15 (Applebot/0.1; +http://www.apple.com/go/applebot)"
2a03:2880:17ff:43:: - - [22/Aug/2026:12:27:12 +0800] "GET /blog/imgs/logo.jpg HTTP/1.1" 404 25478 "-" "facebookexternalhit/1.1 (+http://www.facebook.com/externalhit_uatext.php)"
::1 - - [22/Aug/2026:12:27:12 +0800] "OPTIONS * HTTP/1.0" 200 110 "-" "Apache/2.4.68 (Ubuntu) OpenSSL/3.0.19 (internal dummy connection)"
52.44.229.124 - - [22/Aug/2026:12:27:12 +0800] "GET /wp-content/uploads/sites/1649/2021/08/?C=N;O%3DD HTTP/1.1" 200 1114 "-" "Mozilla/5.0 AppleWebKit/537.36 (KHTML, like Gecko; compatible; Amazonbot/0.1; +https://developer.amazon.com/support/amazonbot) Chrome/119.0.6045.214 Safari/537.36"
2001:288:a201::66:125 - - [22/Aug/2026:12:27:13 +0800] "GET /blog/active.php HTTP/1.1" 301 1026 "-" "-"
2001:288:a201::66:125 - - [22/Aug/2026:12:27:13 +0800] "GET /blog/active.php HTTP/1.1" 404 1084 "-" "-"
74.7.242.54 - - [22/Aug/2026:12:27:11 +0800] "GET /26150/wp-json/oembed/1.0/embed?url=https%3A%2F%2F2blog.ilc.edu.tw%2F26150%2F2024%2F05%2F13%2F%25e5%25b9%25b8%25e7%25a6%258f%25e5%25ae%25b6%25e5%25ba%25ad%25e7%25a9%25ba%25e4%25b8%25ad%25e8%25ac%259b%25e5%25a0%25821130512%25e7%25b5%25a6%25e5%25ad%25a9%25e5%25ad%2590%25e4%25b8%2580%25e5%25b0%258d%25e7%259b%25b8%25e6%2584%259b%25e7%259a%2584%25e7%2588%25b6%25e6%25af%258d%25e5%25bb%2596%25e7%25a7%2580%25e5%25be%25ae%2F HTTP/1.1" 200 3944 "https://2blog.ilc.edu.tw/26150/2024/05/13/%e5%b9%b8%e7%a6%8f%e5%ae%b6%e5%ba%ad%e7%a9%ba%e4%b8%ad%e8%ac%9b%e5%a0%821130512%e7%b5%a6%e5%ad%a9%e5%ad%90%e4%b8%80%e5%b0%8d%e7%9b%b8%e6%84%9b%e7%9a%84%e7%88%b6%e6%af%8d%e5%bb%96%e7%a7%80%e5%be%ae/" "Mozilla/5.0 AppleWebKit/537.36 (KHTML, like Gecko; compatible; GPTBot/1.4; +https://openai.com/gptbot)"
74.7.242.54 - - [22/Aug/2026:12:27:13 +0800] "GET /26150/wp-content/uploads/sites/67/2021/03/110%E8%B2%A1%E5%9C%98%E6%B3%95%E4%BA%BA%E5%BE%AE%E9%BE%8D%E6%95%99%E8%82%B2%E5%9F%BA%E9%87%91%E6%9C%83%E6%B4%BB%E5%8B%95%E7%B0%A1%E7%AB%A0.pdf HTTP/1.1" 200 2391528 "https://2blog.ilc.edu.tw/26150/2021/03/16/%e8%bd%89%e7%9f%a5%e8%b2%a1%e5%9c%98%e6%b3%95%e4%ba%ba%e5%be%ae%e9%be%8d%e6%95%99%e8%82%b2%e5%9f%ba%e9%87%91%e6%9c%83%e3%80%8c2021%e7%b5%a6%e5%ad%a9%e5%ad%90%e4%b8%80%e4%bb%bd%e8%87%aa%e5%9c%a8/" "Mozilla/5.0 AppleWebKit/537.36 (KHTML, like Gecko; compatible; GPTBot/1.4; +https://openai.com/gptbot)"
17.22.253.74 - - [22/Aug/2026:12:27:13 +0800] "GET /6451/wp-content/cache/2blog.ilc.edu.tw/wpfc-minified/7bn24qdo/7ugvh.js HTTP/1.1" 200 35564 "https://2blog.ilc.edu.tw/6451/2013/10/25/2-7%e7%b7%a8%e8%a3%bd%e5%ae%9c%e8%98%ad%e7%b8%a3%e7%87%9f%e9%80%a0%e7%a9%ba%e9%96%93%e7%be%8e%e5%ad%b8-%e4%ba%94%e9%84%89%e5%85%ab%e6%a0%a1%e7%89%b9%e8%89%b2%e8%81%af%e7%9b%9f%e9%81%8a%e5%ad%b8/" "Mozilla/5.0 (Macintosh; Intel Mac OS X 10_15_7) AppleWebKit/605.1.15 (KHTML, like Gecko) Version/17.4 Safari/605.1.15 (Applebot/0.1; +http://www.apple.com/go/applebot)"
::1 - - [22/Aug/2026:12:27:13 +0800] "OPTIONS * HTTP/1.0" 200 110 "-" "Apache/2.4.68 (Ubuntu) OpenSSL/3.0.19 (internal dummy connection)"
140.111.67.10 - - [22/Aug/2026:12:27:14 +0800] "GET /" 301 273 "-" "-"
34.123.149.87 - - [22/Aug/2026:12:27:14 +0800] "GET /6423/2013/11/29/102_%E6%BE%B3%E8%8A%B1%E5%9C%8B%E5%B0%8F%E6%9A%A8%E9%99%84%E8%A8%AD%E5%B9%BC%E5%85%92%E5%9C%92%E6%A0%A1%E5%9C%92%E9%98%B2%E7%81%BD%E6%97%A5%E6%BC%94%E7%B7%B4/ HTTP/1.1" 200 16316 "-" "Mozilla/5.0 (Macintosh; Intel Mac OS X 10_15_7) AppleWebKit/537.36 (KHTML, like Gecko) Chrome/120.0.0.0 Safari/537.36"
::1 - - [22/Aug/2026:12:27:14 +0800] "OPTIONS * HTTP/1.0" 200 110 "-" "Apache/2.4.68 (Ubuntu) OpenSSL/3.0.19 (internal dummy connection)"
74.7.242.54 - - [22/Aug/2026:12:27:15 +0800] "GET /30968/wp-content/uploads/sites/1610/2021/09/110%E6%9D%B1%E6%BE%B3%E5%9C%8B%E5%B0%8F%E6%A0%A1%E9%95%B7%E5%8F%8A%E6%95%99%E5%B8%AB%E5%85%AC%E9%96%8B%E6%8E%88%E8%AA%B2%E8%A8%88%E7%95%AB.pdf HTTP/1.1" 200 1150052 "https://2blog.ilc.edu.tw/30968/" "Mozilla/5.0 AppleWebKit/537.36 (KHTML, like Gecko; compatible; GPTBot/1.4; +https://openai.com/gptbot)"
17.22.253.74 - - [22/Aug/2026:12:27:15 +0800] "GET /6451/wp-includes/js/underscore.min.js HTTP/1.1" 200 8191 "https://2blog.ilc.edu.tw/6451/2013/10/25/2-7%e7%b7%a8%e8%a3%bd%e5%ae%9c%e8%98%ad%e7%b8%a3%e7%87%9f%e9%80%a0%e7%a9%ba%e9%96%93%e7%be%8e%e5%ad%b8-%e4%ba%94%e9%84%89%e5%85%ab%e6%a0%a1%e7%89%b9%e8%89%b2%e8%81%af%e7%9b%9f%e9%81%8a%e5%ad%b8/" "Mozilla/5.0 (Macintosh; Intel Mac OS X 10_15_7) AppleWebKit/605.1.15 (KHTML, like Gecko) Version/17.4 Safari/605.1.15 (Applebot/0.1; +http://www.apple.com/go/applebot)"
74.7.242.54 - - [22/Aug/2026:12:27:15 +0800] "GET /daes501/wp-content/plugins/simple-login-captcha/styles/login.css HTTP/1.1" 200 1105 "https://2blog.ilc.edu.tw/daes501/wp-login.php" "Mozilla/5.0 AppleWebKit/537.36 (KHTML, like Gecko; compatible; GPTBot/1.4; +https://openai.com/gptbot)"
44.209.187.99 - - [22/Aug/2026:12:27:15 +0800] "GET /wp-content/uploads/sites/617/2026/04/ HTTP/1.1" 200 1112 "-" "Mozilla/5.0 AppleWebKit/537.36 (KHTML, like Gecko; compatible; Amazonbot/0.1; +https://developer.amazon.com/support/amazonbot) Chrome/119.0.6045.214 Safari/537.36"
240e:90e:2000:2006::128b - - [22/Aug/2026:12:27:15 +0800] "GET /wp-content/cache/www.bhoes.ilc.edu.tw/wpfc-minified/19mkq4e/hd2s.css HTTP/1.1" 200 20584 "https://www.bhoes.ilc.edu.tw/2020/11/04/" "Mozilla/5.0 (Windows NT 10.0; Win64; x64) AppleWebKit/537.36 (KHTML, like Gecko) Chrome/144.0.0.0 Safari/537.36"
240e:90e:2000:2006::128b - - [22/Aug/2026:12:27:15 +0800] "GET /wp-content/cache/www.bhoes.ilc.edu.tw/wpfc-minified/ehqgs6fc/83z6.css HTTP/1.1" 200 45688 "https://www.bhoes.ilc.edu.tw/2020/11/04/" "Mozilla/5.0 (Windows NT 10.0; Win64; x64) AppleWebKit/537.36 (KHTML, like Gecko) Chrome/144.0.0.0 Safari/537.36"
240e:90e:2000:2006::128b - - [22/Aug/2026:12:27:15 +0800] "GET /wp-content/cache/www.bhoes.ilc.edu.tw/wpfc-minified/qhc4jb64/83z6.css HTTP/1.1" 200 5959 "https://www.bhoes.ilc.edu.tw/2020/11/04/" "Mozilla/5.0 (Windows NT 10.0; Win64; x64) AppleWebKit/537.36 (KHTML, like Gecko) Chrome/144.0.0.0 Safari/537.36"
::1 - - [22/Aug/2026:12:27:15 +0800] "OPTIONS * HTTP/1.0" 200 110 "-" "Apache/2.4.68 (Ubuntu) OpenSSL/3.0.19 (internal dummy connection)"
240e:90e:2000:2006::128b - - [22/Aug/2026:12:27:16 +0800] "GET /wp-content/cache/www.bhoes.ilc.edu.tw/wpfc-minified/79xzx9xp/83z6.css HTTP/1.1" 200 54290 "https://www.bhoes.ilc.edu.tw/2020/11/04/" "Mozilla/5.0 (Windows NT 10.0; Win64; x64) AppleWebKit/537.36 (KHTML, like Gecko) Chrome/144.0.0.0 Safari/537.36"
240e:90e:2000:2006::128b - - [22/Aug/2026:12:27:16 +0800] "GET /wp-content/cache/www.bhoes.ilc.edu.tw/wpfc-minified/8vx4zb6z/hd2s.css HTTP/1.1" 200 12787 "https://www.bhoes.ilc.edu.tw/2020/11/04/" "Mozilla/5.0 (Windows NT 10.0; Win64; x64) AppleWebKit/537.36 (KHTML, like Gecko) Chrome/144.0.0.0 Safari/537.36"
20.125.101.194 - - [22/Aug/2026:12:27:16 +0800] "GET /wp-content/uploads/sites/1148/2022/09/111%E5%AD%B8%E5%B9%B4%E5%BA%A6%E7%AC%AC2%E5%AD%B8%E6%9C%9F%E9%AB%98%E7%B4%9A%E4%B8%AD%E7%AD%89%E4%BB%A5%E4%B8%8B%E6%95%99%E8%82%B2%E9%9A%8E%E6%AE%B5%E9%9D%9E%E5%AD%B8%E6%A0%A1%E5%9E%8B%E6%85%8B%E5%AF%A6%E9%A9%97%E6%95%99%E8%82%B2%E7%94%B3%E8%AB%8B1.pdf HTTP/1.1" 200 81505 "-" "Mozilla/5.0 (compatible; MSR-Financial-PDF-Scorer/1.0)"
74.7.242.54 - - [22/Aug/2026:12:27:16 +0800] "GET /44289/category/%e6%af%8f%e9%80%b1%e4%b8%80%e5%8f%a5%e9%96%a9%e5%8d%97%e8%aa%9e/ HTTP/1.1" 200 10249 "https://2blog.ilc.edu.tw/44289/" "Mozilla/5.0 AppleWebKit/537.36 (KHTML, like Gecko; compatible; GPTBot/1.4; +https://openai.com/gptbot)"
3.208.156.9 - - [22/Aug/2026:12:27:16 +0800] "GET /32745/wp-json/oembed/1.0/embed?url=https://2blog.ilc.edu.tw/32745/2023/01/23/%25e4%25b8%2580%25e4%25b8%2596%25e4%25ba%25ba%25e8%25b7%259f%25e7%25b6%25b4%25e7%25a5%25a2/ HTTP/1.1" 200 8562 "-" "Mozilla/5.0 AppleWebKit/537.36 (KHTML, like Gecko; compatible; Amazonbot/0.1; +https://developer.amazon.com/support/amazonbot) Chrome/119.0.6045.214 Safari/537.36"
240e:90e:2000:2006::128b - - [22/Aug/2026:12:27:16 +0800] "GET /wp-content/cache/www.bhoes.ilc.edu.tw/wpfc-minified/mclqjrbi/83z6.js HTTP/1.1" 200 35559 "https://www.bhoes.ilc.edu.tw/2020/11/04/" "Mozilla/5.0 (Windows NT 10.0; Win64; x64) AppleWebKit/537.36 (KHTML, like Gecko) Chrome/144.0.0.0 Safari/537.36"
17.22.253.74 - - [22/Aug/2026:12:27:16 +0800] "GET /6451/wp-content/themes/huemanilc/assets/front/js/scripts.min.js HTTP/1.1" 200 27001 "https://2blog.ilc.edu.tw/6451/2013/10/25/2-7%e7%b7%a8%e8%a3%bd%e5%ae%9c%e8%98%ad%e7%b8%a3%e7%87%9f%e9%80%a0%e7%a9%ba%e9%96%93%e7%be%8e%e5%ad%b8-%e4%ba%94%e9%84%89%e5%85%ab%e6%a0%a1%e7%89%b9%e8%89%b2%e8%81%af%e7%9b%9f%e9%81%8a%e5%ad%b8/" "Mozilla/5.0 (Macintosh; Intel Mac OS X 10_15_7) AppleWebKit/605.1.15 (KHTML, like Gecko) Version/17.4 Safari/605.1.15 (Applebot/0.1; +http://www.apple.com/go/applebot)"
74.7.242.54 - - [22/Aug/2026:12:27:16 +0800] "GET /daes501/wp-json/oembed/1.0/embed?format=xml&url=https%3A%2F%2F2blog.ilc.edu.tw%2Fdaes501%2F2022%2F10%2F20%2F%25e5%258f%25b0%25e6%25b3%25a5vs%25e6%259d%25b1%25e6%25be%25b3%25e5%259c%258b%25e5%25b0%258f-%25e5%2595%259f%25e5%258b%2595%25e5%25a3%25ab%25e6%2595%258f%25e5%25ad%25b8%25e5%25a0%2582%2F HTTP/1.1" 200 2285 "https://2blog.ilc.edu.tw/daes501/2022/10/20/%e5%8f%b0%e6%b3%a5vs%e6%9d%b1%e6%be%b3%e5%9c%8b%e5%b0%8f-%e5%95%9f%e5%8b%95%e5%a3%ab%e6%95%8f%e5%ad%b8%e5%a0%82/" "Mozilla/5.0 AppleWebKit/537.36 (KHTML, like Gecko; compatible; GPTBot/1.4; +https://openai.com/gptbot)"
::1 - - [22/Aug/2026:12:27:16 +0800] "OPTIONS * HTTP/1.0" 200 110 "-" "Apache/2.4.68 (Ubuntu) OpenSSL/3.0.19 (internal dummy connection)"
240e:90e:2000:2006::128b - - [22/Aug/2026:12:27:16 +0800] "GET /wp-includes/js/admin-bar.min.js HTTP/1.1" 200 2237 "https://www.bhoes.ilc.edu.tw/2020/11/04/" "Mozilla/5.0 (Windows NT 10.0; Win64; x64) AppleWebKit/537.36 (KHTML, like Gecko) Chrome/144.0.0.0 Safari/537.36"
74.7.242.54 - - [22/Aug/2026:12:27:17 +0800] "GET /wp-content/uploads/sites/67/26150/26150-3987479.jpg HTTP/1.1" 200 1156050 "https://2blog.ilc.edu.tw/26150/2017/12/14/%e5%87%bd%e8%bd%89%e5%ae%9c%e8%98%ad%e7%b8%a3%e6%94%bf%e5%ba%9c%e7%82%ba%e6%8c%81%e7%ba%8c%e5%ae%a3%e5%b0%8e%e9%98%b2%e5%88%b6%e6%b4%97%e9%8c%a2%e5%b7%a5%e4%bd%9c%ef%bc%8c%e8%8c%b2%e6%aa%a2%e9%80%81/" "Mozilla/5.0 AppleWebKit/537.36 (KHTML, like Gecko; compatible; GPTBot/1.4; +https://openai.com/gptbot)"
50.19.79.213 - - [22/Aug/2026:12:27:17 +0800] "GET /30967/wp-json/wp/v2/%22https:/2blog.ilc.edu.tw/30967/wp-content/uploads/sites/1690/2026/03/u6821/u520a114-12-300x182.png/%22 HTTP/1.1" 404 6132 "-" "Mozilla/5.0 AppleWebKit/537.36 (KHTML, like Gecko; compatible; Amazonbot/0.1; +https://developer.amazon.com/support/amazonbot) Chrome/119.0.6045.214 Safari/537.36"
240e:90e:2000:2006::128b - - [22/Aug/2026:12:27:17 +0800] "GET /wp-content/themes/oceanwp/assets/js/drop-down-mobile-menu.min.js HTTP/1.1" 200 4663 "https://www.bhoes.ilc.edu.tw/2020/11/04/" "Mozilla/5.0 (Windows NT 10.0; Win64; x64) AppleWebKit/537.36 (KHTML, like Gecko) Chrome/144.0.0.0 Safari/537.36"
240e:90e:2000:2006::128b - - [22/Aug/2026:12:27:17 +0800] "GET /wp-content/themes/oceanwp/assets/js/theme.min.js HTTP/1.1" 200 5130 "https://www.bhoes.ilc.edu.tw/2020/11/04/" "Mozilla/5.0 (Windows NT 10.0; Win64; x64) AppleWebKit/537.36 (KHTML, like Gecko) Chrome/144.0.0.0 Safari/537.36"
240e:90e:2000:2006::128b - - [22/Aug/2026:12:27:17 +0800] "GET /wp-content/themes/oceanwp/assets/js/drop-down-search.min.js HTTP/1.1" 200 2968 "https://www.bhoes.ilc.edu.tw/2020/11/04/" "Mozilla/5.0 (Windows NT 10.0; Win64; x64) AppleWebKit/537.36 (KHTML, like Gecko) Chrome/144.0.0.0 Safari/537.36"
240e:90e:2000:2006::128b - - [22/Aug/2026:12:27:17 +0800] "GET /wp-content/themes/oceanwp/assets/js/vendors/magnific-popup.min.js HTTP/1.1" 200 8609 "https://www.bhoes.ilc.edu.tw/2020/11/04/" "Mozilla/5.0 (Windows NT 10.0; Win64; x64) AppleWebKit/537.36 (KHTML, like Gecko) Chrome/144.0.0.0 Safari/537.36"
240e:90e:2000:2006::128b - - [22/Aug/2026:12:27:17 +0800] "GET /wp-content/themes/oceanwp/assets/fonts/simple-line-icons/Simple-Line-Icons.woff2?v=2.4.0 HTTP/1.1" 200 30959 "https://www.bhoes.ilc.edu.tw/wp-content/cache/www.bhoes.ilc.edu.tw/wpfc-minified/79xzx9xp/83z6.css" "Mozilla/5.0 (Windows NT 10.0; Win64; x64) AppleWebKit/537.36 (KHTML, like Gecko) Chrome/144.0.0.0 Safari/537.36"
240e:90e:2000:2006::128b - - [22/Aug/2026:12:27:17 +0800] "GET /wp-content/themes/oceanwp/assets/js/vendors/flickity.pkgd.min.js HTTP/1.1" 200 15048 "https://www.bhoes.ilc.edu.tw/2020/11/04/" "Mozilla/5.0 (Windows NT 10.0; Win64; x64) AppleWebKit/537.36 (KHTML, like Gecko) Chrome/144.0.0.0 Safari/537.36"
::1 - - [22/Aug/2026:12:27:17 +0800] "OPTIONS * HTTP/1.0" 200 110 "-" "Apache/2.4.68 (Ubuntu) OpenSSL/3.0.19 (internal dummy connection)"
2001:288:a201::66:125 - - [22/Aug/2026:12:27:18 +0800] "GET /blog/active.php HTTP/1.1" 301 1026 "-" "-"
240e:90e:2000:2006::128b - - [22/Aug/2026:12:27:17 +0800] "GET /wp-content/themes/oceanwp/assets/fonts/fontawesome/webfonts/fa-solid-900.woff2 HTTP/1.1" 200 151246 "https://www.bhoes.ilc.edu.tw/wp-content/cache/www.bhoes.ilc.edu.tw/wpfc-minified/79xzx9xp/83z6.css" "Mozilla/5.0 (Windows NT 10.0; Win64; x64) AppleWebKit/537.36 (KHTML, like Gecko) Chrome/144.0.0.0 Safari/537.36"
2001:288:a201::66:125 - - [22/Aug/2026:12:27:18 +0800] "GET /blog/active.php HTTP/1.1" 404 1084 "-" "-"
240e:90e:2000:2006::128b - - [22/Aug/2026:12:27:18 +0800] "GET /wp-content/themes/oceanwp/assets/js/scroll-effect.min.js HTTP/1.1" 200 4127 "https://www.bhoes.ilc.edu.tw/2020/11/04/" "Mozilla/5.0 (Windows NT 10.0; Win64; x64) AppleWebKit/537.36 (KHTML, like Gecko) Chrome/144.0.0.0 Safari/537.36"
240e:90e:2000:2006::128b - - [22/Aug/2026:12:27:18 +0800] "GET /wp-content/themes/oceanwp/assets/js/scroll-top.min.js HTTP/1.1" 200 3202 "https://www.bhoes.ilc.edu.tw/2020/11/04/" "Mozilla/5.0 (Windows NT 10.0; Win64; x64) AppleWebKit/537.36 (KHTML, like Gecko) Chrome/144.0.0.0 Safari/537.36"
240e:90e:2000:2006::128b - - [22/Aug/2026:12:27:18 +0800] "GET /wp-content/themes/oceanwp/assets/js/select.min.js HTTP/1.1" 200 2408 "https://www.bhoes.ilc.edu.tw/2020/11/04/" "Mozilla/5.0 (Windows NT 10.0; Win64; x64) AppleWebKit/537.36 (KHTML, like Gecko) Chrome/144.0.0.0 Safari/537.36"
74.7.242.54 - - [22/Aug/2026:12:27:18 +0800] "GET /daes501/wp-json/oembed/1.0/embed?url=https%3A%2F%2F2blog.ilc.edu.tw%2Fdaes501%2F2025%2F12%2F05%2F%25e8%2581%25b7%25e6%258e%25a2%25e9%25ab%2594%25e9%25a9%2597%2F HTTP/1.1" 200 3302 "https://2blog.ilc.edu.tw/daes501/2025/12/05/%e8%81%b7%e6%8e%a2%e9%ab%94%e9%a9%97/" "Mozilla/5.0 AppleWebKit/537.36 (KHTML, like Gecko; compatible; GPTBot/1.4; +https://openai.com/gptbot)"
17.22.253.74 - - [22/Aug/2026:12:27:18 +0800] "POST /6451/wp-json/ilc-summary/v1/popular-posts HTTP/1.1" 201 1400 "https://2blog.ilc.edu.tw/6451/2013/10/25/2-7%e7%b7%a8%e8%a3%bd%e5%ae%9c%e8%98%ad%e7%b8%a3%e7%87%9f%e9%80%a0%e7%a9%ba%e9%96%93%e7%be%8e%e5%ad%b8-%e4%ba%94%e9%84%89%e5%85%ab%e6%a0%a1%e7%89%b9%e8%89%b2%e8%81%af%e7%9b%9f%e9%81%8a%e5%ad%b8/" "Mozilla/5.0 (Macintosh; Intel Mac OS X 10_15_7) AppleWebKit/605.1.15 (KHTML, like Gecko) Version/17.4 Safari/605.1.15 (Applebot/0.1; +http://www.apple.com/go/applebot)"
74.7.242.54 - - [22/Aug/2026:12:27:18 +0800] "GET /daes501/wp-json/wp/v2/posts/2393 HTTP/1.1" 200 28098 "https://2blog.ilc.edu.tw/daes501/2025/12/05/%e8%81%b7%e6%8e%a2%e9%ab%94%e9%a9%97/" "Mozilla/5.0 AppleWebKit/537.36 (KHTML, like Gecko; compatible; GPTBot/1.4; +https://openai.com/gptbot)"
::1 - - [22/Aug/2026:12:27:18 +0800] "OPTIONS * HTTP/1.0" 200 110 "-" "Apache/2.4.68 (Ubuntu) OpenSSL/3.0.19 (internal dummy connection)"
34.171.68.95 - - [22/Aug/2026:12:27:18 +0800] "GET /wp-json/oembed/1.0/embed?url=https://www.bhoes.ilc.edu.tw/2014/05/18/2014-05-16-%25e6%25af%258d%25e8%25a6%25aa%25e7%25af%2580%25e6%2584%259f%25e6%2581%25a9%25e9%259f%25b3%25e6%25a8%2582%25e6%259c%2583/ HTTP/1.1" 200 8484 "-" "Mozilla/5.0 (Macintosh; Intel Mac OS X 10_15_7) AppleWebKit/537.36 (KHTML, like Gecko) Chrome/120.0.0.0 Safari/537.36"
74.7.242.54 - - [22/Aug/2026:12:27:19 +0800] "GET /wp-content/uploads/sites/67/26150/26150-3987480.jpg HTTP/1.1" 200 624919 "https://2blog.ilc.edu.tw/26150/2017/12/14/%e5%87%bd%e8%bd%89%e5%ae%9c%e8%98%ad%e7%b8%a3%e6%94%bf%e5%ba%9c%e7%82%ba%e6%8c%81%e7%ba%8c%e5%ae%a3%e5%b0%8e%e9%98%b2%e5%88%b6%e6%b4%97%e9%8c%a2%e5%b7%a5%e4%bd%9c%ef%bc%8c%e8%8c%b2%e6%aa%a2%e9%80%81/" "Mozilla/5.0 AppleWebKit/537.36 (KHTML, like Gecko; compatible; GPTBot/1.4; +https://openai.com/gptbot)"
140.111.67.10 - - [22/Aug/2026:12:27:19 +0800] "GET /" 301 273 "-" "-"
74.7.242.54 - - [22/Aug/2026:12:27:19 +0800] "GET /wp-content/uploads/sites/67/26150/26150-3987478.jpg HTTP/1.1" 200 1462479 "https://2blog.ilc.edu.tw/26150/2017/12/14/%e5%87%bd%e8%bd%89%e5%ae%9c%e8%98%ad%e7%b8%a3%e6%94%bf%e5%ba%9c%e7%82%ba%e6%8c%81%e7%ba%8c%e5%ae%a3%e5%b0%8e%e9%98%b2%e5%88%b6%e6%b4%97%e9%8c%a2%e5%b7%a5%e4%bd%9c%ef%bc%8c%e8%8c%b2%e6%aa%a2%e9%80%81/" "Mozilla/5.0 AppleWebKit/537.36 (KHTML, like Gecko; compatible; GPTBot/1.4; +https://openai.com/gptbot)"
34.206.193.60 - - [22/Aug/2026:12:27:19 +0800] "GET /wp-content/uploads/sites/2921/2023/03/ HTTP/1.1" 200 1114 "-" "Mozilla/5.0 AppleWebKit/537.36 (KHTML, like Gecko; compatible; Amazonbot/0.1; +https://developer.amazon.com/support/amazonbot) Chrome/119.0.6045.214 Safari/537.36"
::1 - - [22/Aug/2026:12:27:19 +0800] "OPTIONS * HTTP/1.0" 200 110 "-" "Apache/2.4.68 (Ubuntu) OpenSSL/3.0.19 (internal dummy connection)"
185.47.95.88 - - [22/Aug/2026:12:27:20 +0800] "GET /history/ HTTP/1.1" 200 24371 "-" "Mozilla/5.0 (Macintosh; Intel Mac OS X 10_15_7) AppleWebKit/537.36 (KHTML, like Gecko) Chrome/142.0.0.0 Safari/537.36"
74.7.242.54 - - [22/Aug/2026:12:27:20 +0800] "GET /wp-content/uploads/sites/67/26150/26150-3987481.jpg HTTP/1.1" 200 659853 "https://2blog.ilc.edu.tw/26150/2017/12/14/%e5%87%bd%e8%bd%89%e5%ae%9c%e8%98%ad%e7%b8%a3%e6%94%bf%e5%ba%9c%e7%82%ba%e6%8c%81%e7%ba%8c%e5%ae%a3%e5%b0%8e%e9%98%b2%e5%88%b6%e6%b4%97%e9%8c%a2%e5%b7%a5%e4%bd%9c%ef%bc%8c%e8%8c%b2%e6%aa%a2%e9%80%81/" "Mozilla/5.0 AppleWebKit/537.36 (KHTML, like Gecko; compatible; GPTBot/1.4; +https://openai.com/gptbot)"
2a03:2880:f802:38:: - - [22/Aug/2026:12:27:18 +0800] "GET /wp-login.php?key=yxxev381&_wpnonce=&action=ilc_logout&redirect_to=https%3A%2F%2Fgame.edu.kg HTTP/1.1" 302 8248 "-" "Mozilla/5.0 (Macintosh; Intel Mac OS X 10_15_7) AppleWebKit/537.36 (KHTML, like Gecko) Chrome/145.0.0.0 Safari/537.36 (compatible; meta-externalagent/1.1 (+https://developers.facebook.com/docs/sharing/webmasters/crawler))"
140.111.67.195 - - [22/Aug/2026:12:27:20 +0800] "GET /wp-admin/admin-post.php?action=steps_ad HTTP/1.1" 200 1973 "-" "node-fetch/1.0 (+https://github.com/bitinn/node-fetch)"
2001:b011:7807:fb8e:8b5:cb08:af49:e051 - - [22/Aug/2026:12:27:20 +0800] "GET / HTTP/1.1" 200 32483 "https://www.google.com/url?q=https://www.chjh.ilc.edu.tw/&sa=U&sqi=2&ved=2ahUKEwjRi4DZsrOWAxUPlOEIHbl_Ka0QFnoECBwQAQ&usg=AOvVaw01GU1TH5sVQpbCSmYJoSKr" "Mozilla/5.0 (iPhone; CPU iPhone OS 26_6_0 like Mac OS X) AppleWebKit/605.1.15 (KHTML, like Gecko) GSA/434.2.961627397 Mobile/15E148 Safari/604.1"
2001:b011:7807:fb8e:8b5:cb08:af49:e051 - - [22/Aug/2026:12:27:20 +0800] "GET /wp-content/uploads/sites/1482/elementor/css/post-2.css HTTP/1.1" 304 5590 "https://www.chjh.ilc.edu.tw/" "Mozilla/5.0 (iPhone; CPU iPhone OS 26_6_0 like Mac OS X) AppleWebKit/605.1.15 (KHTML, like Gecko) GSA/434.2.961627397 Mobile/15E148 Safari/604.1"
2001:b011:7807:fb8e:8b5:cb08:af49:e051 - - [22/Aug/2026:12:27:20 +0800] "GET /wp-content/uploads/sites/1482/2025/11/114%E5%AD%B8%E5%B9%B4%E5%BA%A6%E5%AE%9C%E8%98%AD%E7%B8%A3%E5%AD%B8%E7%94%9F%E9%9F%B3%E6%A8%82%E6%9A%A8%E5%B8%AB%E7%94%9F%E9%84%89%E5%9C%9F%E6%AD%8C%E8%AC%A0%E6%AF%94%E8%B3%BD-%E6%88%90%E7%B8%BE%E5%85%AC%E5%91%8A%E5%9C%98%E9%AB%94_0-1024x576.jpg HTTP/1.1" 304 790 "https://www.chjh.ilc.edu.tw/" "Mozilla/5.0 (iPhone; CPU iPhone OS 26_6_0 like Mac OS X) AppleWebKit/605.1.15 (KHTML, like Gecko) GSA/434.2.961627397 Mobile/15E148 Safari/604.1"
2001:b011:7807:fb8e:8b5:cb08:af49:e051 - - [22/Aug/2026:12:27:20 +0800] "GET /wp-content/uploads/sites/1482/2025/11/114%E5%AD%B8%E5%B9%B4%E5%BA%A6%E5%AE%9C%E8%98%AD%E7%B8%A3%E5%AD%B8%E7%94%9F%E9%9F%B3%E6%A8%82%E6%9A%A8%E5%B8%AB%E7%94%9F%E9%84%89%E5%9C%9F%E6%AD%8C%E8%AC%A0%E6%AF%94%E8%B3%BD-%E6%88%90%E7%B8%BE%E5%85%AC%E5%91%8A-%E5%80%8B%E4%BA%BA_0-1024x576.jpg HTTP/1.1" 304 5590 "https://www.chjh.ilc.edu.tw/" "Mozilla/5.0 (iPhone; CPU iPhone OS 26_6_0 like Mac OS X) AppleWebKit/605.1.15 (KHTML, like Gecko) GSA/434.2.961627397 Mobile/15E148 Safari/604.1"
::1 - - [22/Aug/2026:12:27:20 +0800] "OPTIONS * HTTP/1.0" 200 110 "-" "Apache/2.4.68 (Ubuntu) OpenSSL/3.0.19 (internal dummy connection)"
2a03:2880:f802:30:: - - [22/Aug/2026:12:27:19 +0800] "GET /wp-login.php?key=o8s96375&_wpnonce=&action=ilc_logout&redirect_to=https%3A%2F%2Fmushroom.joynetgame.com HTTP/1.1" 302 8260 "-" "Mozilla/5.0 (Windows NT 10.0; Win64; x64) AppleWebKit/537.36 (KHTML, like Gecko) Chrome/145.0.0.0 Safari/537.36 (compatible; meta-externalagent/1.1 (+https://developers.facebook.com/docs/sharing/webmasters/crawler))"
240e:90e:2000:2006::128b - - [22/Aug/2026:12:27:21 +0800] "GET /wp-content/uploads/sites/1395/2025/08/cropped-%E6%A0%A1%E5%BE%BD%E9%87%8D%E7%B9%AAv4-1-32x32.jpg HTTP/1.1" 200 1898 "https://www.bhoes.ilc.edu.tw/2020/11/04/" "Mozilla/5.0 (Windows NT 10.0; Win64; x64) AppleWebKit/537.36 (KHTML, like Gecko) Chrome/144.0.0.0 Safari/537.36"
2409:8a55:dc7b:5440:9e62:abff:fed7:7f70 - - [22/Aug/2026:12:27:21 +0800] "GET /32745/wp-includes/js/mediaelement/wp-mediaelement.min.js HTTP/1.1" 200 6152 "https://2blog.ilc.edu.tw/32745/2020/05/03/%e6%9c%80%e5%be%8c%e7%9a%84%e6%8e%a2%e6%88%88-2/" "Mozilla/5.0 (Windows NT 10.0; Win64; x64) AppleWebKit/537.36 (KHTML, like Gecko) Chrome/109.0.0.0 Safari/537.36"
::1 - - [22/Aug/2026:12:27:21 +0800] "OPTIONS * HTTP/1.0" 200 110 "-" "Apache/2.4.68 (Ubuntu) OpenSSL/3.0.19 (internal dummy connection)"
74.7.242.54 - - [22/Aug/2026:12:27:20 +0800] "GET /26150/category/c-11216/%e7%9b%b8%e9%97%9c%e6%b3%95%e8%a6%8f/ HTTP/1.1" 200 17846 "https://2blog.ilc.edu.tw/26150/" "Mozilla/5.0 AppleWebKit/537.36 (KHTML, like Gecko; compatible; GPTBot/1.4; +https://openai.com/gptbot)"
2001:4860:7:810::f0 - - [22/Aug/2026:12:27:22 +0800] "GET /4785/ HTTP/1.1" 200 24304 "https://www.google.com/" "Mozilla/5.0 (Windows NT 10.0; Win64; x64) AppleWebKit/537.36 (KHTML, like Gecko) Chrome/151.0.0.0 Safari/537.36"
216.73.216.20 - - [22/Aug/2026:12:27:22 +0800] "GET /6448/?p=425 HTTP/1.1" 301 5837 "-" "Mozilla/5.0 AppleWebKit/537.36 (KHTML, like Gecko; compatible; ClaudeBot/1.0; +claudebot@anthropic.com)"
74.7.242.54 - - [22/Aug/2026:12:27:22 +0800] "GET /26150/wp-content/uploads/sites/67/2024/05/0000019_2024%E6%9C%8D%E5%8B%99%E5%AD%B8%E7%BF%92%E5%9F%B9%E8%A8%93%E7%87%9FDM-724x1024.jpg HTTP/1.1" 200 172470 "https://2blog.ilc.edu.tw/26150/2024/05/27/%e5%87%bd%e8%bd%89%e8%b2%a1%e5%9c%98%e6%b3%95%e4%ba%ba%e8%a6%8b%e8%b3%a2%e6%80%9d%e7%90%aa%e6%95%99%e8%82%b2%e5%9f%ba%e9%87%91%e6%9c%83%e8%be%a6%e7%90%86%e3%80%8e2024%e9%9d%92%e6%98%a5%e7%90%aa/" "Mozilla/5.0 AppleWebKit/537.36 (KHTML, like Gecko; compatible; GPTBot/1.4; +https://openai.com/gptbot)"
216.73.216.20 - - [22/Aug/2026:12:27:22 +0800] "GET /6325/?p=17531 HTTP/1.1" 301 5896 "-" "Mozilla/5.0 AppleWebKit/537.36 (KHTML, like Gecko; compatible; ClaudeBot/1.0; +claudebot@anthropic.com)"
216.73.216.20 - - [22/Aug/2026:12:27:22 +0800] "GET /6448/?p=706 HTTP/1.1" 301 5827 "-" "Mozilla/5.0 AppleWebKit/537.36 (KHTML, like Gecko; compatible; ClaudeBot/1.0; +claudebot@anthropic.com)"
216.73.216.20 - - [22/Aug/2026:12:27:22 +0800] "GET /6325/?p=17874 HTTP/1.1" 301 5835 "-" "Mozilla/5.0 AppleWebKit/537.36 (KHTML, like Gecko; compatible; ClaudeBot/1.0; +claudebot@anthropic.com)"
216.73.216.20 - - [22/Aug/2026:12:27:22 +0800] "GET /25138/wp-json/wp/v2/categories/4 HTTP/1.1" 200 6585 "-" "Mozilla/5.0 AppleWebKit/537.36 (KHTML, like Gecko; compatible; ClaudeBot/1.0; +claudebot@anthropic.com)"
216.73.216.20 - - [22/Aug/2026:12:27:22 +0800] "GET /6325/?p=17744 HTTP/1.1" 301 1111 "-" "Mozilla/5.0 AppleWebKit/537.36 (KHTML, like Gecko; compatible; ClaudeBot/1.0; +claudebot@anthropic.com)"
216.73.216.20 - - [22/Aug/2026:12:27:22 +0800] "GET /6448/?p=478 HTTP/1.1" 301 5863 "-" "Mozilla/5.0 AppleWebKit/537.36 (KHTML, like Gecko; compatible; ClaudeBot/1.0; +claudebot@anthropic.com)"
216.73.216.20 - - [22/Aug/2026:12:27:22 +0800] "GET /6448/?p=4113 HTTP/1.1" 301 5831 "-" "Mozilla/5.0 AppleWebKit/537.36 (KHTML, like Gecko; compatible; ClaudeBot/1.0; +claudebot@anthropic.com)"
216.73.216.20 - - [22/Aug/2026:12:27:22 +0800] "GET /25138/wp-json/wp/v2/categories/3 HTTP/1.1" 200 6566 "-" "Mozilla/5.0 AppleWebKit/537.36 (KHTML, like Gecko; compatible; ClaudeBot/1.0; +claudebot@anthropic.com)"
216.73.216.20 - - [22/Aug/2026:12:27:22 +0800] "GET /6448/2015/10/26/104_3-3_%e6%b0%b4%e6%ba%9d-%e7%a9%8d%e6%b0%b4%e5%ae%b9%e5%99%a8%e6%b8%85%e7%90%86%e8%87%aa%e6%88%91%e6%aa%a2%e6%a0%b8%e8%a1%a8/ HTTP/1.1" 200 10747 "https://2blog.ilc.edu.tw/6448/?p=425" "Mozilla/5.0 AppleWebKit/537.36 (KHTML, like Gecko; compatible; ClaudeBot/1.0; +claudebot@anthropic.com)"
216.73.216.20 - - [22/Aug/2026:12:27:22 +0800] "GET /6325/2011/11/28/%e7%8e%89%e7%94%b0%e5%9c%8b%e5%b0%8f100%e5%b9%b4%e5%ba%a6%e7%af%80%e8%83%bd%e6%b8%9b%e7%a2%b3%e6%8e%a8%e5%8b%95%e5%b0%8f%e7%b5%84%e6%88%90%e5%93%a1%e5%8f%8a%e7%b5%84%e7%b9%94%e8%a1%a8-2/ HTTP/1.1" 200 13128 "https://2blog.ilc.edu.tw/6325/?p=17531" "Mozilla/5.0 AppleWebKit/537.36 (KHTML, like Gecko; compatible; ClaudeBot/1.0; +claudebot@anthropic.com)"
216.73.216.20 - - [22/Aug/2026:12:27:22 +0800] "GET /6448/?p=741 HTTP/1.1" 301 1411 "-" "Mozilla/5.0 AppleWebKit/537.36 (KHTML, like Gecko; compatible; ClaudeBot/1.0; +claudebot@anthropic.com)"
216.73.216.20 - - [22/Aug/2026:12:27:22 +0800] "GET /6325/?p=17983 HTTP/1.1" 301 1029 "-" "Mozilla/5.0 AppleWebKit/537.36 (KHTML, like Gecko; compatible; ClaudeBot/1.0; +claudebot@anthropic.com)"
216.73.216.20 - - [22/Aug/2026:12:27:23 +0800] "GET /6448/2018/11/11/107_2-1_%e4%ba%94%e5%b9%b4%e7%b4%9a%e7%92%b0%e6%95%99%e6%95%99%e5%ad%b8%e8%a8%88%e5%8a%83%e6%9a%a8%e6%88%90%e6%9e%9c/ HTTP/1.1" 200 12017 "https://2blog.ilc.edu.tw/6448/?p=706" "Mozilla/5.0 AppleWebKit/537.36 (KHTML, like Gecko; compatible; ClaudeBot/1.0; +claudebot@anthropic.com)"
216.73.216.20 - - [22/Aug/2026:12:27:23 +0800] "GET /6325/2012/12/05/1-5%e5%ae%9a%e6%9c%9f%e9%80%b2%e8%a1%8c%e7%92%b0%e5%a2%83%e7%a8%bd%e6%a0%b8%e6%b0%b4%e3%80%81%e9%9b%bb%e7%b3%bb%e7%b5%b1%e7%a1%ac%e9%ab%94%e7%9a%84%e6%aa%a2%e6%9f%a5%ef%bc%8c%e6%b0%b4%e8%b3%aa-2/ HTTP/1.1" 200 11486 "https://2blog.ilc.edu.tw/6325/?p=17744" "Mozilla/5.0 AppleWebKit/537.36 (KHTML, like Gecko; compatible; ClaudeBot/1.0; +claudebot@anthropic.com)"
216.73.216.20 - - [22/Aug/2026:12:27:23 +0800] "GET /6325/2013/10/17/102_%e5%ad%b8%e6%a0%a1%e7%92%b0%e5%a2%83%e6%95%99%e8%82%b2%e7%89%b9%e8%89%b2%e6%88%96%e5%89%b5%e6%96%b0%e4%bd%9c%e7%82%ba1-2/ HTTP/1.1" 200 10718 "https://2blog.ilc.edu.tw/6325/?p=17874" "Mozilla/5.0 AppleWebKit/537.36 (KHTML, like Gecko; compatible; ClaudeBot/1.0; +claudebot@anthropic.com)"
216.73.216.20 - - [22/Aug/2026:12:27:23 +0800] "GET /6448/2016/11/02/105_1-7_%e7%92%b0%e5%a2%83%e6%95%99%e8%82%b2%e8%88%87%e7%af%80%e8%83%bd%e6%b8%9b%e7%a2%b3%e6%8e%a8%e5%8b%95%e5%b0%8f%e7%b5%84%e7%b0%bd%e5%88%b0%e8%a1%a8/ HTTP/1.1" 200 10906 "https://2blog.ilc.edu.tw/6448/?p=478" "Mozilla/5.0 AppleWebKit/537.36 (KHTML, like Gecko; compatible; ClaudeBot/1.0; +claudebot@anthropic.com)"
2001:288:a201::66:125 - - [22/Aug/2026:12:27:23 +0800] "GET /blog/active.php HTTP/1.1" 301 1026 "-" "-"
2001:288:a201::66:125 - - [22/Aug/2026:12:27:23 +0800] "GET /blog/active.php HTTP/1.1" 404 1084 "-" "-"
74.7.242.54 - - [22/Aug/2026:12:27:23 +0800] "GET /26150/category/c-11216/ HTTP/1.1" 200 17918 "https://2blog.ilc.edu.tw/26150/" "Mozilla/5.0 AppleWebKit/537.36 (KHTML, like Gecko; compatible; GPTBot/1.4; +https://openai.com/gptbot)"
216.73.216.20 - - [22/Aug/2026:12:27:23 +0800] "GET /6448/2020/11/18/109_%e4%ba%8c_1_109-1%e9%98%b2%e7%81%bd%e6%bc%94%e7%b7%b4%e6%aa%a2%e8%a8%8e%e6%9c%83%e8%ad%b0%e7%ac%ac%e4%b8%80%e6%ac%a1/ HTTP/1.1" 200 10808 "https://2blog.ilc.edu.tw/6448/?p=4113" "Mozilla/5.0 AppleWebKit/537.36 (KHTML, like Gecko; compatible; ClaudeBot/1.0; +claudebot@anthropic.com)"
216.73.216.20 - - [22/Aug/2026:12:27:23 +0800] "GET /6325/?p=17649 HTTP/1.1" 301 1321 "-" "Mozilla/5.0 AppleWebKit/537.36 (KHTML, like Gecko; compatible; ClaudeBot/1.0; +claudebot@anthropic.com)"
216.73.216.20 - - [22/Aug/2026:12:27:23 +0800] "GET /6448/2018/11/15/107_3_1-2_%e6%a0%a1%e5%9c%92%e7%99%bb%e9%9d%a9%e7%86%b1%e9%98%b2%e6%b2%bb%e5%b7%a5%e4%bd%9c%e7%99%bb%e9%9d%a9%e7%86%b1%e9%98%b2%e6%b2%bb%e8%a8%88%e7%95%ab2/ HTTP/1.1" 200 12103 "https://2blog.ilc.edu.tw/6448/?p=741" "Mozilla/5.0 AppleWebKit/537.36 (KHTML, like Gecko; compatible; ClaudeBot/1.0; +claudebot@anthropic.com)"
216.73.216.20 - - [22/Aug/2026:12:27:23 +0800] "GET /6325/2013/11/29/102_%e7%92%b0%e5%a2%83%e6%95%99%e8%82%b2%e8%87%aa%e8%a9%95%e8%a1%a8%e7%ac%ac%e5%85%ad%e9%a0%81%e5%ae%8c%e6%88%90/ HTTP/1.1" 200 12121 "https://2blog.ilc.edu.tw/6325/?p=17983" "Mozilla/5.0 AppleWebKit/537.36 (KHTML, like Gecko; compatible; ClaudeBot/1.0; +claudebot@anthropic.com)"
216.73.216.20 - - [22/Aug/2026:12:27:23 +0800] "GET /6448/?p=381 HTTP/1.1" 301 895 "-" "Mozilla/5.0 AppleWebKit/537.36 (KHTML, like Gecko; compatible; ClaudeBot/1.0; +claudebot@anthropic.com)"
216.73.216.20 - - [22/Aug/2026:12:27:23 +0800] "GET /6325/2012/11/14/%e5%ae%9c%e8%98%ad%e7%b8%a3100%e5%b9%b4%e5%ba%a6%e7%8e%89%e7%94%b0%e5%9c%8b%e6%b0%91%e5%b0%8f%e5%ad%b8%e6%8e%a8%e5%8b%95%e7%92%b0%e5%a2%83%e6%95%99%e8%82%b2%e8%bc%94%e5%b0%8e%e8%a8%aa%e8%a6%96-2/ HTTP/1.1" 200 11867 "https://2blog.ilc.edu.tw/6325/?p=17649" "Mozilla/5.0 AppleWebKit/537.36 (KHTML, like Gecko; compatible; ClaudeBot/1.0; +claudebot@anthropic.com)"
216.73.216.20 - - [22/Aug/2026:12:27:23 +0800] "GET /6325/?p=18024 HTTP/1.1" 301 1249 "-" "Mozilla/5.0 AppleWebKit/537.36 (KHTML, like Gecko; compatible; ClaudeBot/1.0; +claudebot@anthropic.com)"
216.73.216.20 - - [22/Aug/2026:12:27:23 +0800] "GET /6325/?p=18020 HTTP/1.1" 301 1249 "-" "Mozilla/5.0 AppleWebKit/537.36 (KHTML, like Gecko; compatible; ClaudeBot/1.0; +claudebot@anthropic.com)"
216.73.216.20 - - [22/Aug/2026:12:27:23 +0800] "GET /6448/2015/10/23/104_1-5_%e5%bb%81%e6%89%80%e6%b4%97%e6%89%8b%e5%8f%b0%e7%ae%a1%e7%90%86%e7%b6%ad%e8%ad%b7%e8%be%a6%e6%b3%95/ HTTP/1.1" 200 10821 "https://2blog.ilc.edu.tw/6448/?p=381" "Mozilla/5.0 AppleWebKit/537.36 (KHTML, like Gecko; compatible; ClaudeBot/1.0; +claudebot@anthropic.com)"
216.73.216.20 - - [22/Aug/2026:12:27:23 +0800] "GET /6325/?p=17672 HTTP/1.1" 301 925 "-" "Mozilla/5.0 AppleWebKit/537.36 (KHTML, like Gecko; compatible; ClaudeBot/1.0; +claudebot@anthropic.com)"
74.7.242.54 - - [22/Aug/2026:12:27:23 +0800] "GET /44289/category/%e6%af%8f%e9%80%b1%e4%b8%80%e5%8f%a5%e9%96%a9%e5%8d%97%e8%aa%9e/feed/ HTTP/1.1" 200 2208 "https://2blog.ilc.edu.tw/44289/category/%e6%af%8f%e9%80%b1%e4%b8%80%e5%8f%a5%e9%96%a9%e5%8d%97%e8%aa%9e/" "Mozilla/5.0 AppleWebKit/537.36 (KHTML, like Gecko; compatible; GPTBot/1.4; +https://openai.com/gptbot)"
216.73.216.20 - - [22/Aug/2026:12:27:23 +0800] "GET /6325/2014/04/01/103_%e7%92%b0%e5%a2%83%e6%95%99%e8%82%b2%e6%95%99%e6%9d%90-%e9%a3%9f%e8%be%b2%e7%b6%a0%e5%bb%8a%e5%ad%b8%e7%bf%92%e5%96%ae/ HTTP/1.1" 200 11340 "https://2blog.ilc.edu.tw/6325/?p=18024" "Mozilla/5.0 AppleWebKit/537.36 (KHTML, like Gecko; compatible; ClaudeBot/1.0; +claudebot@anthropic.com)"
216.73.216.20 - - [22/Aug/2026:12:27:23 +0800] "GET /6325/?p=18557 HTTP/1.1" 301 948 "-" "Mozilla/5.0 AppleWebKit/537.36 (KHTML, like Gecko; compatible; ClaudeBot/1.0; +claudebot@anthropic.com)"
216.73.216.20 - - [22/Aug/2026:12:27:23 +0800] "GET /6325/2014/03/14/103_%e5%ad%b8%e6%a0%a1%e7%92%b0%e5%a2%83%e6%95%99%e8%82%b2%e7%89%b9%e8%89%b2%e6%88%96%e5%89%b5%e6%96%b0%e8%a1%8c%e7%82%ba4/ HTTP/1.1" 200 10964 "https://2blog.ilc.edu.tw/6325/?p=18020" "Mozilla/5.0 AppleWebKit/537.36 (KHTML, like Gecko; compatible; ClaudeBot/1.0; +claudebot@anthropic.com)"
216.73.216.20 - - [22/Aug/2026:12:27:23 +0800] "GET /6325/?p=17510 HTTP/1.1" 301 941 "-" "Mozilla/5.0 AppleWebKit/537.36 (KHTML, like Gecko; compatible; ClaudeBot/1.0; +claudebot@anthropic.com)"
216.73.216.20 - - [22/Aug/2026:12:27:23 +0800] "GET /6325/2012/11/28/%e4%ba%8c-7%e7%b7%a8%e8%a3%bd%e7%92%b0%e5%a2%83%e6%95%99%e8%82%b2%e6%9c%89%e9%97%9c%e4%b9%8b%e8%91%97%e4%bd%9c%e6%88%96%e5%88%8a%e7%89%a9/ HTTP/1.1" 200 11233 "https://2blog.ilc.edu.tw/6325/?p=17672" "Mozilla/5.0 AppleWebKit/537.36 (KHTML, like Gecko; compatible; ClaudeBot/1.0; +claudebot@anthropic.com)"
216.73.216.20 - - [22/Aug/2026:12:27:23 +0800] "GET /6448/?p=94 HTTP/1.1" 301 907 "-" "Mozilla/5.0 AppleWebKit/537.36 (KHTML, like Gecko; compatible; ClaudeBot/1.0; +claudebot@anthropic.com)"
216.73.216.20 - - [22/Aug/2026:12:27:23 +0800] "GET /6325/2016/03/28/105%e4%ba%8c-1-3%e6%88%b6%e5%a4%96%e6%95%99%e5%ad%b8%e5%8f%8a%e7%94%9f%e6%85%8b%e6%97%85%e9%81%8a%e6%8e%a2%e7%b4%a2%e7%b6%a0%e5%8d%9a%e9%ab%94%e9%a9%97%e7%87%9f/ HTTP/1.1" 200 13406 "https://2blog.ilc.edu.tw/6325/?p=18557" "Mozilla/5.0 AppleWebKit/537.36 (KHTML, like Gecko; compatible; ClaudeBot/1.0; +claudebot@anthropic.com)"
216.73.216.20 - - [22/Aug/2026:12:27:23 +0800] "GET /6448/?p=401 HTTP/1.1" 301 1234 "-" "Mozilla/5.0 AppleWebKit/537.36 (KHTML, like Gecko; compatible; ClaudeBot/1.0; +claudebot@anthropic.com)"
34.171.68.95 - - [22/Aug/2026:12:27:23 +0800] "GET /3288/2013/11/13/%E7%B6%9C%E5%90%88%E8%AA%B2-%E6%96%B0%E4%BD%8F%E6%B0%91%E6%96%87%E5%8C%96%E5%AE%A3%E5%B0%8E/ HTTP/1.1" 200 15108 "-" "Mozilla/5.0 (Macintosh; Intel Mac OS X 10_15_7) AppleWebKit/537.36 (KHTML, like Gecko) Chrome/120.0.0.0 Safari/537.36"
216.73.216.20 - - [22/Aug/2026:12:27:24 +0800] "GET /6325/2010/10/17/%e5%af%a6%e9%9a%9b%e8%a1%8c%e5%8b%95%e5%8f%83%e8%88%87%e8%a7%a3%e6%b1%ba%e5%9c%b0%e6%96%b9%e7%92%b0%e5%a2%83%e5%95%8f%e9%a1%8c%e4%b9%8b%e4%ba%8b%e8%b9%9f/ HTTP/1.1" 200 10835 "https://2blog.ilc.edu.tw/6325/?p=17510" "Mozilla/5.0 AppleWebKit/537.36 (KHTML, like Gecko; compatible; ClaudeBot/1.0; +claudebot@anthropic.com)"
216.73.216.20 - - [22/Aug/2026:12:27:24 +0800] "GET /6448/?p=592 HTTP/1.1" 301 897 "-" "Mozilla/5.0 AppleWebKit/537.36 (KHTML, like Gecko; compatible; ClaudeBot/1.0; +claudebot@anthropic.com)"
74.7.242.54 - - [22/Aug/2026:12:27:24 +0800] "GET /26150/category/c-11220/ HTTP/1.1" 200 18464 "https://2blog.ilc.edu.tw/26150/" "Mozilla/5.0 AppleWebKit/537.36 (KHTML, like Gecko; compatible; GPTBot/1.4; +https://openai.com/gptbot)"
216.73.216.20 - - [22/Aug/2026:12:27:24 +0800] "GET /6448/2010/10/19/%e4%ba%8c7%e5%8f%a4%e4%ba%ad%e7%b0%a1%e8%a8%8a-%e5%9c%b0%e7%90%83%e6%9a%96%e5%8c%96%e5%b0%88%e9%a1%8c%e5%a0%b1%e5%b0%8e/ HTTP/1.1" 200 10968 "https://2blog.ilc.edu.tw/6448/?p=94" "Mozilla/5.0 AppleWebKit/537.36 (KHTML, like Gecko; compatible; ClaudeBot/1.0; +claudebot@anthropic.com)"
140.111.67.10 - - [22/Aug/2026:12:27:24 +0800] "GET /" 301 273 "-" "-"
216.73.216.20 - - [22/Aug/2026:12:27:24 +0800] "GET /6448/?p=322 HTTP/1.1" 301 913 "-" "Mozilla/5.0 AppleWebKit/537.36 (KHTML, like Gecko; compatible; ClaudeBot/1.0; +claudebot@anthropic.com)"
216.73.216.20 - - [22/Aug/2026:12:27:24 +0800] "GET /6448/2015/10/23/104_2-2_%e4%b8%80%e5%b9%b4%e7%b4%9a%e7%92%b0%e6%95%99%e8%aa%b2%e7%a8%8b%e5%9f%b7%e8%a1%8c%e6%88%90%e6%9e%9c/ HTTP/1.1" 200 10745 "https://2blog.ilc.edu.tw/6448/?p=401" "Mozilla/5.0 AppleWebKit/537.36 (KHTML, like Gecko; compatible; ClaudeBot/1.0; +claudebot@anthropic.com)"
216.73.216.20 - - [22/Aug/2026:12:27:24 +0800] "GET /6448/?p=588 HTTP/1.1" 301 915 "-" "Mozilla/5.0 AppleWebKit/537.36 (KHTML, like Gecko; compatible; ClaudeBot/1.0; +claudebot@anthropic.com)"
216.73.216.20 - - [22/Aug/2026:12:27:24 +0800] "GET /6448/2017/11/15/106_3-1-2_%e9%a2%a8%e7%81%bd%e9%81%8e%e5%be%8c%e7%9a%84%e6%a0%a1%e5%9c%92%e7%92%b0%e5%a2%83%e6%b8%85%e7%90%86/ HTTP/1.1" 200 11331 "https://2blog.ilc.edu.tw/6448/?p=592" "Mozilla/5.0 AppleWebKit/537.36 (KHTML, like Gecko; compatible; ClaudeBot/1.0; +claudebot@anthropic.com)"
216.73.216.20 - - [22/Aug/2026:12:27:24 +0800] "GET /6325/?p=18532 HTTP/1.1" 301 921 "-" "Mozilla/5.0 AppleWebKit/537.36 (KHTML, like Gecko; compatible; ClaudeBot/1.0; +claudebot@anthropic.com)"
216.73.216.20 - - [22/Aug/2026:12:27:24 +0800] "GET /6448/2014/11/03/103_1-8_%e5%8f%83%e8%a8%aa%e5%ae%9c%e8%98%ad%e5%a4%a7%e5%ad%b8%e4%b9%8b%e5%a5%88%e7%b1%b3%e6%96%b0%e7%9f%a5%e6%b4%bb%e5%8b%95/ HTTP/1.1" 200 12826 "https://2blog.ilc.edu.tw/6448/?p=322" "Mozilla/5.0 AppleWebKit/537.36 (KHTML, like Gecko; compatible; ClaudeBot/1.0; +claudebot@anthropic.com)"
216.73.216.20 - - [22/Aug/2026:12:27:24 +0800] "GET /6448/?p=897 HTTP/1.1" 301 967 "-" "Mozilla/5.0 AppleWebKit/537.36 (KHTML, like Gecko; compatible; ClaudeBot/1.0; +claudebot@anthropic.com)"
216.73.216.20 - - [22/Aug/2026:12:27:24 +0800] "GET /6448/2017/11/14/106_1-2_%e7%b5%82%e8%ba%ab%e5%ad%b8%e7%bf%92%e7%b6%b2%e7%94%b3%e5%a0%b1%e7%92%b0%e6%95%99%e5%9f%b7%e8%a1%8c%e6%88%90%e6%9e%9c-2/ HTTP/1.1" 200 11075 "https://2blog.ilc.edu.tw/6448/?p=588" "Mozilla/5.0 AppleWebKit/537.36 (KHTML, like Gecko; compatible; ClaudeBot/1.0; +claudebot@anthropic.com)"
216.73.216.20 - - [22/Aug/2026:12:27:24 +0800] "GET /6448/?p=256 HTTP/1.1" 301 945 "-" "Mozilla/5.0 AppleWebKit/537.36 (KHTML, like Gecko; compatible; ClaudeBot/1.0; +claudebot@anthropic.com)"
216.73.216.20 - - [22/Aug/2026:12:27:24 +0800] "GET /6325/2015/11/13/104_%e6%a0%a1%e5%9c%92%e7%92%b0%e5%a2%83%e7%ae%a1%e7%90%86-05%e7%af%80%e8%83%bd%e6%b8%9b%e7%a2%b3%e6%8e%a8%e5%8b%95%e6%83%85%e5%bd%a2/ HTTP/1.1" 200 11965 "https://2blog.ilc.edu.tw/6325/?p=18532" "Mozilla/5.0 AppleWebKit/537.36 (KHTML, like Gecko; compatible; ClaudeBot/1.0; +claudebot@anthropic.com)"
216.73.216.20 - - [22/Aug/2026:12:27:24 +0800] "GET /6325/?p=18218 HTTP/1.1" 301 928 "-" "Mozilla/5.0 AppleWebKit/537.36 (KHTML, like Gecko; compatible; ClaudeBot/1.0; +claudebot@anthropic.com)"
74.7.242.54 - - [22/Aug/2026:12:27:24 +0800] "GET /26150/wp-content/uploads/sites/67/2020/08/%E5%A4%96%E8%A3%9C-%E5%BE%B5%E6%89%8D%E5%85%AC%E5%91%8A109.8.4-%E5%AE%B6%E6%95%99%E4%B8%AD%E5%BF%83.odt HTTP/1.1" 200 19642 "https://2blog.ilc.edu.tw/26150/2020/08/04/%e5%ae%9c%e8%98%ad%e7%b8%a3%e5%ae%b6%e5%ba%ad%e6%95%99%e8%82%b2%e4%b8%ad%e5%bf%83%e5%be%b5%e6%89%8d%e5%85%ac%e5%91%8a/" "Mozilla/5.0 AppleWebKit/537.36 (KHTML, like Gecko; compatible; GPTBot/1.4; +https://openai.com/gptbot)"
216.73.216.20 - - [22/Aug/2026:12:27:24 +0800] "GET /6448/2019/11/15/108_%e5%9b%9b_2_%e5%a4%8f%e6%97%a5%e6%a8%82%e5%ad%b8%e6%b4%bb%e5%8b%95-%e8%be%b2%e5%a4%ab%e9%9d%92%e8%94%a5%e9%ab%94%e9%a9%97%e8%be%b2%e5%a0%b4%e5%9c%a8%e5%9c%b0%e9%a3%9f%e6%9d%90/ HTTP/1.1" 200 11375 "https://2blog.ilc.edu.tw/6448/?p=897" "Mozilla/5.0 AppleWebKit/537.36 (KHTML, like Gecko; compatible; ClaudeBot/1.0; +claudebot@anthropic.com)"
216.73.216.20 - - [22/Aug/2026:12:27:24 +0800] "GET /6448/?p=356 HTTP/1.1" 301 950 "-" "Mozilla/5.0 AppleWebKit/537.36 (KHTML, like Gecko; compatible; ClaudeBot/1.0; +claudebot@anthropic.com)"
216.73.216.20 - - [22/Aug/2026:12:27:24 +0800] "GET /6448/2013/11/26/102%e5%b9%b4%e4%ba%8c%ef%bd%9e4%e5%8f%a4%e4%ba%ad%e5%9c%8b%e5%b0%8f%e6%95%99%e8%81%b7%e5%93%a1%e5%b7%a5%e7%92%b0%e5%a2%83%e6%95%99%e8%82%b2%e6%b4%bb%e5%8b%95/ HTTP/1.1" 200 11615 "https://2blog.ilc.edu.tw/6448/?p=256" "Mozilla/5.0 AppleWebKit/537.36 (KHTML, like Gecko; compatible; ClaudeBot/1.0; +claudebot@anthropic.com)"
216.73.216.20 - - [22/Aug/2026:12:27:24 +0800] "GET /6325/?p=18561 HTTP/1.1" 301 948 "-" "Mozilla/5.0 AppleWebKit/537.36 (KHTML, like Gecko; compatible; ClaudeBot/1.0; +claudebot@anthropic.com)"
216.73.216.20 - - [22/Aug/2026:12:27:24 +0800] "GET /6325/2014/11/12/103_%e7%92%b0%e5%a2%83%e6%95%99%e8%82%b2%e6%b4%bb%e5%8b%95%e7%9b%b8%e7%89%87_%e9%ab%94%e9%a9%97%e5%b8%b6%e5%88%ba%e4%b9%8b%e6%b5%b7%e8%86%bd/ HTTP/1.1" 200 10954 "https://2blog.ilc.edu.tw/6325/?p=18218" "Mozilla/5.0 AppleWebKit/537.36 (KHTML, like Gecko; compatible; ClaudeBot/1.0; +claudebot@anthropic.com)"
216.73.216.20 - - [22/Aug/2026:12:27:24 +0800] "GET /6448/?p=514 HTTP/1.1" 301 913 "-" "Mozilla/5.0 AppleWebKit/537.36 (KHTML, like Gecko; compatible; ClaudeBot/1.0; +claudebot@anthropic.com)"
216.73.216.20 - - [22/Aug/2026:12:27:25 +0800] "GET /6448/2014/11/04/103_3-12_%e8%a1%8c%e6%94%bf%e9%99%a2%e7%92%b0%e4%bf%9d%e7%bd%b2%e7%b6%a0%e8%89%b2%e7%94%9f%e6%b4%bb%e8%b3%87%e8%a8%8a%e7%b6%b2%e5%a1%ab%e5%a0%b1%e6%83%85%e5%bd%a2/ HTTP/1.1" 200 13048 "https://2blog.ilc.edu.tw/6448/?p=356" "Mozilla/5.0 AppleWebKit/537.36 (KHTML, like Gecko; compatible; ClaudeBot/1.0; +claudebot@anthropic.com)"
216.73.216.20 - - [22/Aug/2026:12:27:25 +0800] "GET /6325/?p=17563 HTTP/1.1" 301 987 "-" "Mozilla/5.0 AppleWebKit/537.36 (KHTML, like Gecko; compatible; ClaudeBot/1.0; +claudebot@anthropic.com)"
216.73.216.20 - - [22/Aug/2026:12:27:25 +0800] "GET /6325/2016/04/18/105%e4%ba%8c-2-3%e7%92%b0%e5%a2%83%e6%95%99%e8%82%b2%e8%9e%8d%e5%85%a5%e5%90%84%e7%a7%91%e6%95%99%e5%ad%b8%e8%aa%8d%e8%ad%98%e6%a0%a1%e5%9c%92%e8%8a%b1%e8%8d%89/ HTTP/1.1" 200 11737 "https://2blog.ilc.edu.tw/6325/?p=18561" "Mozilla/5.0 AppleWebKit/537.36 (KHTML, like Gecko; compatible; ClaudeBot/1.0; +claudebot@anthropic.com)"
216.73.216.20 - - [22/Aug/2026:12:27:25 +0800] "GET /6325/?p=17875 HTTP/1.1" 301 911 "-" "Mozilla/5.0 AppleWebKit/537.36 (KHTML, like Gecko; compatible; ClaudeBot/1.0; +claudebot@anthropic.com)"
74.7.242.54 - - [22/Aug/2026:12:27:25 +0800] "GET /18998/2020/10/07/109%e5%b9%b410%e6%9c%88%e4%bb%bd%e9%a4%90%e9%bb%9e%e8%a1%a8/ HTTP/1.1" 200 8476 "https://2blog.ilc.edu.tw/18998/author/mary1234/page/2/" "Mozilla/5.0 AppleWebKit/537.36 (KHTML, like Gecko; compatible; GPTBot/1.4; +https://openai.com/gptbot)"
216.73.216.20 - - [22/Aug/2026:12:27:25 +0800] "GET /6448/2016/11/02/105_3-3_%e6%a0%a1%e5%9c%92%e5%8c%96%e7%b3%9e%e6%b1%a0%e5%8f%8a%e6%b1%99%e6%9f%93%e7%89%a9%e8%b3%aa%e7%9a%84%e8%99%95%e7%90%86/ HTTP/1.1" 200 10842 "https://2blog.ilc.edu.tw/6448/?p=514" "Mozilla/5.0 AppleWebKit/537.36 (KHTML, like Gecko; compatible; ClaudeBot/1.0; +claudebot@anthropic.com)"
216.73.216.20 - - [22/Aug/2026:12:27:25 +0800] "GET /6325/?p=18569 HTTP/1.1" 301 928 "-" "Mozilla/5.0 AppleWebKit/537.36 (KHTML, like Gecko; compatible; ClaudeBot/1.0; +claudebot@anthropic.com)"
216.73.216.20 - - [22/Aug/2026:12:27:25 +0800] "GET /6325/2011/12/05/%e7%8e%89%e7%94%b0%e5%9c%8b%e6%b0%91%e5%b0%8f%e5%ad%b8%e4%b9%9d%e5%8d%81%e4%b9%9d%e5%ad%b8%e5%b9%b4%e5%ba%a6%e8%87%b3%e4%b8%80o%e4%b8%80%e5%ad%b8%e5%b9%b4%e5%ba%a6%e7%92%b0%e5%a2%83%e6%95%99%e8%82%b2/ HTTP/1.1" 200 14629 "https://2blog.ilc.edu.tw/6325/?p=17563" "Mozilla/5.0 AppleWebKit/537.36 (KHTML, like Gecko; compatible; ClaudeBot/1.0; +claudebot@anthropic.com)"
216.73.216.20 - - [22/Aug/2026:12:27:25 +0800] "GET /6448/?p=581 HTTP/1.1" 301 922 "-" "Mozilla/5.0 AppleWebKit/537.36 (KHTML, like Gecko; compatible; ClaudeBot/1.0; +claudebot@anthropic.com)"
216.73.216.20 - - [22/Aug/2026:12:27:25 +0800] "GET /6325/2013/10/17/102_%e5%ad%b8%e6%a0%a1%e7%92%b0%e5%a2%83%e6%95%99%e8%82%b2%e7%89%b9%e8%89%b2%e6%88%96%e5%89%b5%e6%96%b0%e4%bd%9c%e7%82%ba-3/ HTTP/1.1" 200 10938 "https://2blog.ilc.edu.tw/6325/?p=17875" "Mozilla/5.0 AppleWebKit/537.36 (KHTML, like Gecko; compatible; ClaudeBot/1.0; +claudebot@anthropic.com)"
