216.73.216.20 - - [22/Aug/2026:12:26:46 +0800] "GET /6448/wp-json/wp/v2/posts/834 HTTP/1.1" 200 10975 "-" "Mozilla/5.0 AppleWebKit/537.36 (KHTML, like Gecko; compatible; ClaudeBot/1.0; +claudebot@anthropic.com)"
66.132.172.179 - - [22/Aug/2026:12:26:47 +0800] "GET / HTTP/1.1" 200 30073 "-" "Mozilla/5.0 (compatible; CensysInspect/1.1; +https://about.censys.io/)"
216.73.216.20 - - [22/Aug/2026:12:26:47 +0800] "GET /6448/wp-json/wp/v2/posts/177 HTTP/1.1" 200 7596 "-" "Mozilla/5.0 AppleWebKit/537.36 (KHTML, like Gecko; compatible; ClaudeBot/1.0; +claudebot@anthropic.com)"
216.73.216.20 - - [22/Aug/2026:12:26:47 +0800] "GET /6325/wp-json/wp/v2/posts/18393 HTTP/1.1" 200 4368 "-" "Mozilla/5.0 AppleWebKit/537.36 (KHTML, like Gecko; compatible; ClaudeBot/1.0; +claudebot@anthropic.com)"
216.73.216.20 - - [22/Aug/2026:12:26:47 +0800] "GET /6325/wp-json/wp/v2/posts/17753 HTTP/1.1" 200 5233 "-" "Mozilla/5.0 AppleWebKit/537.36 (KHTML, like Gecko; compatible; ClaudeBot/1.0; +claudebot@anthropic.com)"
216.73.216.20 - - [22/Aug/2026:12:26:47 +0800] "GET /6448/wp-json/wp/v2/posts/4575 HTTP/1.1" 200 3689 "-" "Mozilla/5.0 AppleWebKit/537.36 (KHTML, like Gecko; compatible; ClaudeBot/1.0; +claudebot@anthropic.com)"
216.73.216.20 - - [22/Aug/2026:12:26:47 +0800] "GET /6325/wp-json/wp/v2/posts/17710 HTTP/1.1" 200 5856 "-" "Mozilla/5.0 AppleWebKit/537.36 (KHTML, like Gecko; compatible; ClaudeBot/1.0; +claudebot@anthropic.com)"
216.73.216.20 - - [22/Aug/2026:12:26:47 +0800] "GET /6325/wp-json/wp/v2/posts/17983 HTTP/1.1" 200 21108 "-" "Mozilla/5.0 AppleWebKit/537.36 (KHTML, like Gecko; compatible; ClaudeBot/1.0; +claudebot@anthropic.com)"
216.73.216.20 - - [22/Aug/2026:12:26:47 +0800] "GET /6448/wp-json/wp/v2/posts/887 HTTP/1.1" 200 9984 "-" "Mozilla/5.0 AppleWebKit/537.36 (KHTML, like Gecko; compatible; ClaudeBot/1.0; +claudebot@anthropic.com)"
216.73.216.20 - - [22/Aug/2026:12:26:47 +0800] "GET /6448/wp-json/wp/v2/posts/257 HTTP/1.1" 200 8438 "-" "Mozilla/5.0 AppleWebKit/537.36 (KHTML, like Gecko; compatible; ClaudeBot/1.0; +claudebot@anthropic.com)"
74.7.242.54 - - [22/Aug/2026:12:26:45 +0800] "GET /26150/wp-json/oembed/1.0/embed?url=https%3A%2F%2F2blog.ilc.edu.tw%2F26150%2F2026%2F05%2F29%2F%25e6%2588%2591%25e5%2592%258c%25e6%2588%2591%25e7%259a%2584%25e5%25ae%25b6%25e4%25ba%25ba_%25e9%25ab%2598%25e9%25bd%25a1%25e4%25b8%2596%25e4%25bb%25a3%2F HTTP/1.1" 200 3501 "https://2blog.ilc.edu.tw/26150/2026/05/29/%e6%88%91%e5%92%8c%e6%88%91%e7%9a%84%e5%ae%b6%e4%ba%ba_%e9%ab%98%e9%bd%a1%e4%b8%96%e4%bb%a3/" "Mozilla/5.0 AppleWebKit/537.36 (KHTML, like Gecko; compatible; GPTBot/1.4; +https://openai.com/gptbot)"
216.73.216.20 - - [22/Aug/2026:12:26:47 +0800] "GET /6448/wp-json/wp/v2/posts/888 HTTP/1.1" 200 16353 "-" "Mozilla/5.0 AppleWebKit/537.36 (KHTML, like Gecko; compatible; ClaudeBot/1.0; +claudebot@anthropic.com)"
216.73.216.20 - - [22/Aug/2026:12:26:47 +0800] "GET /6448/wp-json/wp/v2/posts/858 HTTP/1.1" 200 12007 "-" "Mozilla/5.0 AppleWebKit/537.36 (KHTML, like Gecko; compatible; ClaudeBot/1.0; +claudebot@anthropic.com)"
2001:288:a201::66:125 - - [22/Aug/2026:12:26:48 +0800] "GET /blog/active.php HTTP/1.1" 301 1026 "-" "-"
216.73.216.20 - - [22/Aug/2026:12:26:47 +0800] "GET /6448/wp-json/wp/v2/posts/171 HTTP/1.1" 200 19256 "-" "Mozilla/5.0 AppleWebKit/537.36 (KHTML, like Gecko; compatible; ClaudeBot/1.0; +claudebot@anthropic.com)"
2001:288:a201::66:125 - - [22/Aug/2026:12:26:48 +0800] "GET /blog/active.php HTTP/1.1" 404 1084 "-" "-"
216.73.216.20 - - [22/Aug/2026:12:26:48 +0800] "GET /6325/2016/04/ HTTP/1.1" 200 10194 "-" "Mozilla/5.0 AppleWebKit/537.36 (KHTML, like Gecko; compatible; ClaudeBot/1.0; +claudebot@anthropic.com)"
216.73.216.20 - - [22/Aug/2026:12:26:48 +0800] "GET /6325/wp-json/wp/v2/posts/18343 HTTP/1.1" 200 4173 "-" "Mozilla/5.0 AppleWebKit/537.36 (KHTML, like Gecko; compatible; ClaudeBot/1.0; +claudebot@anthropic.com)"
140.111.67.195 - - [22/Aug/2026:12:26:48 +0800] "GET /wp-admin/admin-post.php?action=steps_ad HTTP/1.1" 200 1973 "-" "node-fetch/1.0 (+https://github.com/bitinn/node-fetch)"
140.111.121.67 - - [22/Aug/2026:12:26:48 +0800] "GET /wp-content/uploads/sites/3846/2026/06/%E5%AE%A3%E5%82%B3%E5%9C%96%E7%89%87.png HTTP/1.1" 304 5581 "https://it.ilc.edu.tw/" "Mozilla/5.0 (Windows NT 10.0; Win64; x64) AppleWebKit/537.36 (KHTML, like Gecko) Chrome/151.0.0.0 Safari/537.36"
140.111.121.67 - - [22/Aug/2026:12:26:48 +0800] "GET /wp-content/uploads/sites/3846/2026/02/%E9%81%BF%E5%85%8D%E8%AA%A4%E5%85%A5%E8%A9%90%E9%A8%99%E7%B6%B2%E7%AB%99APP%E5%B0%8F%E5%B8%B8%E8%AD%98.jpg HTTP/1.1" 304 5581 "https://it.ilc.edu.tw/" "Mozilla/5.0 (Windows NT 10.0; Win64; x64) AppleWebKit/537.36 (KHTML, like Gecko) Chrome/151.0.0.0 Safari/537.36"
140.111.121.67 - - [22/Aug/2026:12:26:48 +0800] "GET /wp-content/uploads/sites/3846/2026/06/2026%E5%AE%9C%E8%98%AD%E7%98%8B%E5%AD%B8%E7%BF%92-%E6%9A%91%E5%81%87_%E6%95%99%E8%82%B2%E8%99%95%E9%A6%96%E9%A0%81-1440-x-1080-%E5%83%8F%E7%B4%A0.png HTTP/1.1" 304 5581 "https://it.ilc.edu.tw/" "Mozilla/5.0 (Windows NT 10.0; Win64; x64) AppleWebKit/537.36 (KHTML, like Gecko) Chrome/151.0.0.0 Safari/537.36"
140.111.121.67 - - [22/Aug/2026:12:26:48 +0800] "GET /wp-content/uploads/sites/3846/2026/08/%E8%BE%B2%E6%A5%AD%E9%83%A8%E5%BB%A3%E5%91%8A.jpg HTTP/1.1" 200 240914 "https://it.ilc.edu.tw/" "Mozilla/5.0 (Windows NT 10.0; Win64; x64) AppleWebKit/537.36 (KHTML, like Gecko) Chrome/151.0.0.0 Safari/537.36"
216.73.216.20 - - [22/Aug/2026:12:26:48 +0800] "GET /6325/2016/03/28/ HTTP/1.1" 200 10047 "-" "Mozilla/5.0 AppleWebKit/537.36 (KHTML, like Gecko; compatible; ClaudeBot/1.0; +claudebot@anthropic.com)"
216.73.216.20 - - [22/Aug/2026:12:26:48 +0800] "GET /6448/wp-json/wp/v2/posts/822 HTTP/1.1" 200 9692 "-" "Mozilla/5.0 AppleWebKit/537.36 (KHTML, like Gecko; compatible; ClaudeBot/1.0; +claudebot@anthropic.com)"
216.73.216.20 - - [22/Aug/2026:12:26:48 +0800] "GET /6448/wp-json/wp/v2/posts/4145 HTTP/1.1" 200 3634 "-" "Mozilla/5.0 AppleWebKit/537.36 (KHTML, like Gecko; compatible; ClaudeBot/1.0; +claudebot@anthropic.com)"
2a03:2880:f80e:52:: - - [22/Aug/2026:12:26:47 +0800] "GET /wp-login.php?key=p69i2375&_wpnonce=&action=ilc_logout&redirect_to=https%3A%2F%2Fgame.edu.kg HTTP/1.1" 302 8248 "-" "Mozilla/5.0 (Windows NT 10.0; Win64; x64) AppleWebKit/537.36 (KHTML, like Gecko) Chrome/145.0.0.0 Safari/537.36 (compatible; meta-externalagent/1.1 (+https://developers.facebook.com/docs/sharing/webmasters/crawler))"
216.73.216.20 - - [22/Aug/2026:12:26:48 +0800] "GET /6325/wp-json/wp/v2/posts/18598 HTTP/1.1" 200 18676 "-" "Mozilla/5.0 AppleWebKit/537.36 (KHTML, like Gecko; compatible; ClaudeBot/1.0; +claudebot@anthropic.com)"
216.73.216.20 - - [22/Aug/2026:12:26:48 +0800] "GET /6448/wp-json/wp/v2/posts/292 HTTP/1.1" 200 8868 "-" "Mozilla/5.0 AppleWebKit/537.36 (KHTML, like Gecko; compatible; ClaudeBot/1.0; +claudebot@anthropic.com)"
185.191.171.13 - - [22/Aug/2026:12:26:48 +0800] "GET /tcesinfo/2020/10/ HTTP/1.1" 200 15132 "-" "Mozilla/5.0 (compatible; SemrushBot/7~bl; +http://www.semrush.com/bot.html)"
140.111.67.10 - - [22/Aug/2026:12:26:49 +0800] "GET /" 301 273 "-" "-"
74.7.242.54 - - [22/Aug/2026:12:26:48 +0800] "GET /26150/wp-json/oembed/1.0/embed?url=https%3A%2F%2F2blog.ilc.edu.tw%2F26150%2F2024%2F02%2F26%2F%25e5%25b9%25b8%25e7%25a6%258f%25e5%25ae%25b6%25e5%25ba%25ad%25e7%25a9%25ba%25e4%25b8%25ad%25e8%25ac%259b%25e5%25a0%25821130225%25e7%25b6%25b2%25e8%25b7%25af%25e8%25a9%2590%25e9%25a8%2599%25e8%2588%2587ai%25e7%2599%25bc%25e5%25b1%2595%25e8%25b6%25a8%25e5%258b%25a2%25e4%25bf%259e%25e8%25aa%258c%25e5%2587%25b1%2F HTTP/1.1" 200 3918 "https://2blog.ilc.edu.tw/26150/2024/02/26/%e5%b9%b8%e7%a6%8f%e5%ae%b6%e5%ba%ad%e7%a9%ba%e4%b8%ad%e8%ac%9b%e5%a0%821130225%e7%b6%b2%e8%b7%af%e8%a9%90%e9%a8%99%e8%88%87ai%e7%99%bc%e5%b1%95%e8%b6%a8%e5%8b%a2%e4%bf%9e%e8%aa%8c%e5%87%b1/" "Mozilla/5.0 AppleWebKit/537.36 (KHTML, like Gecko; compatible; GPTBot/1.4; +https://openai.com/gptbot)"
44.206.65.8 - - [22/Aug/2026:12:26:50 +0800] "GET /wp-content/uploads/sites/2808/6543/6543-3722218.jpg HTTP/1.1" 200 12290 "-" "Mozilla/5.0 AppleWebKit/537.36 (KHTML, like Gecko; compatible; Amazonbot/0.1; +https://developer.amazon.com/support/amazonbot) Chrome/119.0.6045.214 Safari/537.36"
23.94.242.15 - - [22/Aug/2026:12:26:51 +0800] "GET /21/wp-content/uploads/sites/335/2021/03/Image_1.jpg HTTP/1.1" 200 563669 "https://2blog.ilc.edu.tw/21/2021/01/01/109%E5%AE%9C%E8%98%AD%E7%B8%A3%E5%85%AC%E9%96%8B%E5%8D%9A%E8%A6%BD%E6%9C%83-%E9%BE%8D%E6%BD%AD%E5%9C%8B%E5%B0%8F%E5%8C%8F%E5%B4%99%E5%88%86%E6%A0%A1%E5%81%A5%E5%BA%B7%E6%95%99%E8%82%B2%E8%AA%B2-12-23/" "Mozilla/5.0 (Macintosh; Intel Mac OS X 10_15_7) AppleWebKit/537.36 (KHTML, like Gecko) Chrome/131.0.0.0 Safari/537.36"
::1 - - [22/Aug/2026:12:26:51 +0800] "OPTIONS * HTTP/1.0" 200 110 "-" "Apache/2.4.68 (Ubuntu) OpenSSL/3.0.19 (internal dummy connection)"
74.7.242.54 - - [22/Aug/2026:12:26:50 +0800] "GET /26150/2017/08/03/ HTTP/1.1" 200 16642 "https://2blog.ilc.edu.tw/26150/2017/08/03/106%e5%b9%b4%e5%ba%a6%e5%a9%9a%e5%89%8d%e6%95%99%e8%82%b2%e7%b3%bb%e5%88%97%e3%80%8c2017%e6%88%80%e5%9c%a8%e8%98%ad%e9%99%bd%e7%a7%8b%e5%ad%a3%e5%bf%83%e5%bf%83%e7%9b%b8%e9%81%87%e6%88%90%e9%95%b7/" "Mozilla/5.0 AppleWebKit/537.36 (KHTML, like Gecko; compatible; GPTBot/1.4; +https://openai.com/gptbot)"
20.125.101.194 - - [22/Aug/2026:12:26:51 +0800] "GET /26064/wp-content/uploads/sites/1066/2018/12/06-%E5%AE%9A%E6%A1%88112%E5%AD%B8%E5%B9%B4%E5%BA%A6%E5%AE%9C%E8%98%AD%E7%B8%A3%E5%9C%8B%E6%B0%91%E4%B8%AD%E5%AD%B8%E5%AD%B8%E5%8D%80%E5%8A%83%E5%88%86%E4%B8%80%E8%A6%BD%E8%A1%A8.pdf HTTP/1.1" 200 241046 "-" "Mozilla/5.0 (compatible; MSR-Financial-PDF-Scorer/1.0)"
::1 - - [22/Aug/2026:12:26:52 +0800] "OPTIONS * HTTP/1.0" 200 110 "-" "Apache/2.4.68 (Ubuntu) OpenSSL/3.0.19 (internal dummy connection)"
2001:288:a201::66:125 - - [22/Aug/2026:12:26:53 +0800] "GET /blog/active.php HTTP/1.1" 301 1026 "-" "-"
2001:288:a201::66:125 - - [22/Aug/2026:12:26:53 +0800] "GET /blog/active.php HTTP/1.1" 404 1084 "-" "-"
54.84.161.62 - - [22/Aug/2026:12:26:52 +0800] "GET /wp-content/uploads/sites/1321/12/12-200654.jpg HTTP/1.1" 200 111708 "-" "Mozilla/5.0 AppleWebKit/537.36 (KHTML, like Gecko; compatible; Amazonbot/0.1; +https://developer.amazon.com/support/amazonbot) Chrome/119.0.6045.214 Safari/537.36"
216.73.216.20 - - [22/Aug/2026:12:26:53 +0800] "GET /6472/2011/03/19/ HTTP/1.1" 200 14431 "-" "Mozilla/5.0 AppleWebKit/537.36 (KHTML, like Gecko; compatible; ClaudeBot/1.0; +claudebot@anthropic.com)"
::1 - - [22/Aug/2026:12:26:53 +0800] "OPTIONS * HTTP/1.0" 200 110 "-" "Apache/2.4.68 (Ubuntu) OpenSSL/3.0.19 (internal dummy connection)"
216.73.216.20 - - [22/Aug/2026:12:26:53 +0800] "GET /6325/?p=18436 HTTP/1.1" 301 5879 "-" "Mozilla/5.0 AppleWebKit/537.36 (KHTML, like Gecko; compatible; ClaudeBot/1.0; +claudebot@anthropic.com)"
52.167.144.234 - - [22/Aug/2026:12:26:53 +0800] "GET /1003/?s=%E9%A6%99%E6%B8%AF%E6%9C%80%E4%BD%8E%E5%B7%A5%E8%B5%84%E6%97%B6%E8%96%AA HTTP/1.1" 200 13822 "-" "Mozilla/5.0 AppleWebKit/537.36 (KHTML, like Gecko; compatible; bingbot/2.0; +http://www.bing.com/bingbot.htm) Chrome/116.0.1938.76 Safari/537.36"
216.73.216.20 - - [22/Aug/2026:12:26:53 +0800] "GET /6472/2014/06/09/ HTTP/1.1" 200 9678 "-" "Mozilla/5.0 AppleWebKit/537.36 (KHTML, like Gecko; compatible; ClaudeBot/1.0; +claudebot@anthropic.com)"
65.215.31.232 - - [22/Aug/2026:12:26:53 +0800] "GET /lunch/wp-content/uploads/sites/1315/2020/10/1090926%E9%A3%9F%E8%BE%B2%E6%95%99%E8%82%B2%E5%98%89%E5%B9%B4%E8%8F%AF_201005.jpg HTTP/1.1" 200 348650 "https://2blog.ilc.edu.tw/lunch/category/%E6%95%99%E8%82%B2%E8%BE%B2%E5%9C%92/" "Mozilla/5.0 (Macintosh; Intel Mac OS X 10_15_7) AppleWebKit/537.36 (KHTML, like Gecko) Chrome/131.0.0.0 Safari/537.36"
140.111.67.10 - - [22/Aug/2026:12:26:54 +0800] "GET /" 301 273 "-" "-"
216.73.216.20 - - [22/Aug/2026:12:26:54 +0800] "GET /2569/wp-json/wp/v2/posts/2661 HTTP/1.1" 200 15095 "-" "Mozilla/5.0 AppleWebKit/537.36 (KHTML, like Gecko; compatible; ClaudeBot/1.0; +claudebot@anthropic.com)"
216.73.216.20 - - [22/Aug/2026:12:26:54 +0800] "GET /25138/wp-json/wp/v2/posts/1449 HTTP/1.1" 200 10663 "-" "Mozilla/5.0 AppleWebKit/537.36 (KHTML, like Gecko; compatible; ClaudeBot/1.0; +claudebot@anthropic.com)"
216.73.216.20 - - [22/Aug/2026:12:26:54 +0800] "GET /6325/2013/07/07/ HTTP/1.1" 200 10685 "-" "Mozilla/5.0 AppleWebKit/537.36 (KHTML, like Gecko; compatible; ClaudeBot/1.0; +claudebot@anthropic.com)"
216.73.216.20 - - [22/Aug/2026:12:26:54 +0800] "GET /25138/author/saad/ HTTP/1.1" 200 18428 "-" "Mozilla/5.0 AppleWebKit/537.36 (KHTML, like Gecko; compatible; ClaudeBot/1.0; +claudebot@anthropic.com)"
216.73.216.20 - - [22/Aug/2026:12:26:54 +0800] "GET /6448/wp-json/wp/v2/posts/530 HTTP/1.1" 200 4253 "-" "Mozilla/5.0 AppleWebKit/537.36 (KHTML, like Gecko; compatible; ClaudeBot/1.0; +claudebot@anthropic.com)"
74.7.242.54 - - [22/Aug/2026:12:26:52 +0800] "GET /26150/wp-json/oembed/1.0/embed?url=https%3A%2F%2F2blog.ilc.edu.tw%2F26150%2F2017%2F08%2F03%2F106%25e5%25b9%25b4%25e5%25ba%25a6%25e5%25a9%259a%25e5%2589%258d%25e6%2595%2599%25e8%2582%25b2%25e7%25b3%25bb%25e5%2588%2597%25e3%2580%258c2017%25e6%2588%2580%25e5%259c%25a8%25e8%2598%25ad%25e9%2599%25bd%25e7%25a7%258b%25e5%25ad%25a3%25e5%25bf%2583%25e5%25bf%2583%25e7%259b%25b8%25e9%2581%2587%25e6%2588%2590%25e9%2595%25b7%2F HTTP/1.1" 200 4512 "https://2blog.ilc.edu.tw/26150/2017/08/03/106%e5%b9%b4%e5%ba%a6%e5%a9%9a%e5%89%8d%e6%95%99%e8%82%b2%e7%b3%bb%e5%88%97%e3%80%8c2017%e6%88%80%e5%9c%a8%e8%98%ad%e9%99%bd%e7%a7%8b%e5%ad%a3%e5%bf%83%e5%bf%83%e7%9b%b8%e9%81%87%e6%88%90%e9%95%b7/" "Mozilla/5.0 AppleWebKit/537.36 (KHTML, like Gecko; compatible; GPTBot/1.4; +https://openai.com/gptbot)"
34.10.180.98 - - [22/Aug/2026:12:26:52 +0800] "GET /26150/2025/05/28/114%E5%B9%B4%E5%AE%9C%E8%98%AD%E7%B8%A3%E6%8E%A8%E5%B1%95%E5%AE%B6%E5%BA%AD%E6%95%99%E8%82%B2%E5%B7%A5%E4%BD%9C%E7%B8%BE%E5%84%AA%E5%9C%98%E9%AB%94%E5%8F%8A%E5%80%8B%E4%BA%BA%EF%BC%8C%E8%AB%8B/ HTTP/1.1" 200 23439 "-" "Mozilla/5.0 (Macintosh; Intel Mac OS X 10_15_7) AppleWebKit/537.36 (KHTML, like Gecko) Chrome/120.0.0.0 Safari/537.36"
216.73.216.20 - - [22/Aug/2026:12:26:54 +0800] "GET /6325/2015/09/06/104_%e6%a0%a1%e5%9c%92%e7%92%b0%e5%a2%83%e7%ae%a1%e7%90%867-%e8%a8%ad%e7%bd%ae%e6%95%99%e5%ad%b8%e8%be%b2%e5%a0%b4%e6%8e%a8%e5%b1%95%e9%a3%9f%e8%be%b2%e6%a0%a1%e8%82%b2/ HTTP/1.1" 200 11316 "https://2blog.ilc.edu.tw/6325/?p=18436" "Mozilla/5.0 AppleWebKit/537.36 (KHTML, like Gecko; compatible; ClaudeBot/1.0; +claudebot@anthropic.com)"
216.73.216.20 - - [22/Aug/2026:12:26:54 +0800] "GET /6325/2014/02/14/ HTTP/1.1" 200 10033 "-" "Mozilla/5.0 AppleWebKit/537.36 (KHTML, like Gecko; compatible; ClaudeBot/1.0; +claudebot@anthropic.com)"
216.73.216.20 - - [22/Aug/2026:12:26:54 +0800] "GET /25138/wp-json/wp/v2/posts/1497 HTTP/1.1" 200 5810 "-" "Mozilla/5.0 AppleWebKit/537.36 (KHTML, like Gecko; compatible; ClaudeBot/1.0; +claudebot@anthropic.com)"
2402:7500:487:91:e475:a0f4:f77f:ecd1 - - [22/Aug/2026:12:26:54 +0800] "GET /wp-content/uploads/sites/1352/2025/02/2024%E4%BA%A4%E9%80%9A%E5%AE%89%E5%85%A8%E6%9C%88%E5%B8%83%E6%A2%9DW300H60-01-e1760423275606-5200x3000.jpg HTTP/1.1" 200 97626 "https://www.sanjh.ilc.edu.tw/" "Mozilla/5.0 (iPhone; CPU iPhone OS 26_5_0 like Mac OS X) AppleWebKit/605.1.15 (KHTML, like Gecko) GSA/431.2.950282168 Mobile/15E148 Safari/604.1"
216.73.216.20 - - [22/Aug/2026:12:26:54 +0800] "GET /6472/wp-json/wp/v2/posts/15152 HTTP/1.1" 200 6540 "-" "Mozilla/5.0 AppleWebKit/537.36 (KHTML, like Gecko; compatible; ClaudeBot/1.0; +claudebot@anthropic.com)"
216.73.216.20 - - [22/Aug/2026:12:26:54 +0800] "GET /6472/wp-json/wp/v2/posts/15409 HTTP/1.1" 200 6539 "-" "Mozilla/5.0 AppleWebKit/537.36 (KHTML, like Gecko; compatible; ClaudeBot/1.0; +claudebot@anthropic.com)"
216.73.216.20 - - [22/Aug/2026:12:26:54 +0800] "GET /6448/wp-json/wp/v2/posts/4216 HTTP/1.1" 200 8486 "-" "Mozilla/5.0 AppleWebKit/537.36 (KHTML, like Gecko; compatible; ClaudeBot/1.0; +claudebot@anthropic.com)"
216.73.216.20 - - [22/Aug/2026:12:26:55 +0800] "GET /6325/wp-json/wp/v2/posts/17988 HTTP/1.1" 200 20243 "-" "Mozilla/5.0 AppleWebKit/537.36 (KHTML, like Gecko; compatible; ClaudeBot/1.0; +claudebot@anthropic.com)"
216.73.216.20 - - [22/Aug/2026:12:26:55 +0800] "GET /6448/wp-json/wp/v2/posts/4250 HTTP/1.1" 200 3847 "-" "Mozilla/5.0 AppleWebKit/537.36 (KHTML, like Gecko; compatible; ClaudeBot/1.0; +claudebot@anthropic.com)"
216.73.216.20 - - [22/Aug/2026:12:26:55 +0800] "GET /6325/wp-json/wp/v2/posts/17959 HTTP/1.1" 200 13609 "-" "Mozilla/5.0 AppleWebKit/537.36 (KHTML, like Gecko; compatible; ClaudeBot/1.0; +claudebot@anthropic.com)"
216.73.216.20 - - [22/Aug/2026:12:26:55 +0800] "GET /2569/wp-json/wp/v2/posts/2704 HTTP/1.1" 200 12770 "-" "Mozilla/5.0 AppleWebKit/537.36 (KHTML, like Gecko; compatible; ClaudeBot/1.0; +claudebot@anthropic.com)"
216.73.216.20 - - [22/Aug/2026:12:26:55 +0800] "GET /6325/wp-json/wp/v2/posts/17958 HTTP/1.1" 200 9130 "-" "Mozilla/5.0 AppleWebKit/537.36 (KHTML, like Gecko; compatible; ClaudeBot/1.0; +claudebot@anthropic.com)"
216.73.216.20 - - [22/Aug/2026:12:26:55 +0800] "GET /6325/wp-json/wp/v2/posts/17950 HTTP/1.1" 200 7574 "-" "Mozilla/5.0 AppleWebKit/537.36 (KHTML, like Gecko; compatible; ClaudeBot/1.0; +claudebot@anthropic.com)"
216.73.216.20 - - [22/Aug/2026:12:26:55 +0800] "GET /6325/wp-json/wp/v2/posts/17553 HTTP/1.1" 200 7382 "-" "Mozilla/5.0 AppleWebKit/537.36 (KHTML, like Gecko; compatible; ClaudeBot/1.0; +claudebot@anthropic.com)"
216.73.216.20 - - [22/Aug/2026:12:26:55 +0800] "GET /6448/wp-json/wp/v2/posts/4503 HTTP/1.1" 200 3913 "-" "Mozilla/5.0 AppleWebKit/537.36 (KHTML, like Gecko; compatible; ClaudeBot/1.0; +claudebot@anthropic.com)"
216.73.216.20 - - [22/Aug/2026:12:26:55 +0800] "GET /6448/wp-json/wp/v2/posts/4193 HTTP/1.1" 200 4129 "-" "Mozilla/5.0 AppleWebKit/537.36 (KHTML, like Gecko; compatible; ClaudeBot/1.0; +claudebot@anthropic.com)"
216.73.216.20 - - [22/Aug/2026:12:26:55 +0800] "GET /6325/wp-json/wp/v2/posts/18298 HTTP/1.1" 200 7837 "-" "Mozilla/5.0 AppleWebKit/537.36 (KHTML, like Gecko; compatible; ClaudeBot/1.0; +claudebot@anthropic.com)"
216.73.216.20 - - [22/Aug/2026:12:26:55 +0800] "GET /6325/wp-json/wp/v2/posts/18398 HTTP/1.1" 200 4266 "-" "Mozilla/5.0 AppleWebKit/537.36 (KHTML, like Gecko; compatible; ClaudeBot/1.0; +claudebot@anthropic.com)"
216.73.216.20 - - [22/Aug/2026:12:26:56 +0800] "GET /6325/wp-json/wp/v2/posts/18049 HTTP/1.1" 200 37088 "-" "Mozilla/5.0 AppleWebKit/537.36 (KHTML, like Gecko; compatible; ClaudeBot/1.0; +claudebot@anthropic.com)"
216.73.216.20 - - [22/Aug/2026:12:26:56 +0800] "GET /6448/wp-json/wp/v2/posts/864 HTTP/1.1" 200 29613 "-" "Mozilla/5.0 AppleWebKit/537.36 (KHTML, like Gecko; compatible; ClaudeBot/1.0; +claudebot@anthropic.com)"
216.73.216.20 - - [22/Aug/2026:12:26:56 +0800] "GET /6448/wp-json/wp/v2/posts/805 HTTP/1.1" 200 50562 "-" "Mozilla/5.0 AppleWebKit/537.36 (KHTML, like Gecko; compatible; ClaudeBot/1.0; +claudebot@anthropic.com)"
35.174.141.243 - - [22/Aug/2026:12:26:56 +0800] "GET /wp-content/uploads/sites/1854/2023/04/?C=S;O%3DA HTTP/1.1" 200 1113 "-" "Mozilla/5.0 AppleWebKit/537.36 (KHTML, like Gecko; compatible; Amazonbot/0.1; +https://developer.amazon.com/support/amazonbot) Chrome/119.0.6045.214 Safari/537.36"
216.73.216.20 - - [22/Aug/2026:12:26:56 +0800] "GET /6448/wp-json/wp/v2/posts/912 HTTP/1.1" 200 9352 "-" "Mozilla/5.0 AppleWebKit/537.36 (KHTML, like Gecko; compatible; ClaudeBot/1.0; +claudebot@anthropic.com)"
216.73.216.20 - - [22/Aug/2026:12:26:56 +0800] "GET /6448/wp-json/wp/v2/posts/4235 HTTP/1.1" 200 3745 "-" "Mozilla/5.0 AppleWebKit/537.36 (KHTML, like Gecko; compatible; ClaudeBot/1.0; +claudebot@anthropic.com)"
216.73.216.20 - - [22/Aug/2026:12:26:56 +0800] "GET /6448/wp-json/wp/v2/posts/4364 HTTP/1.1" 200 4187 "-" "Mozilla/5.0 AppleWebKit/537.36 (KHTML, like Gecko; compatible; ClaudeBot/1.0; +claudebot@anthropic.com)"
216.73.216.20 - - [22/Aug/2026:12:26:56 +0800] "GET /25138/wp-json/oembed/1.0/embed HTTP/1.1" 400 1143 "-" "Mozilla/5.0 AppleWebKit/537.36 (KHTML, like Gecko; compatible; ClaudeBot/1.0; +claudebot@anthropic.com)"
216.73.216.20 - - [22/Aug/2026:12:26:56 +0800] "GET /6448/wp-json/wp/v2/posts/4336 HTTP/1.1" 200 4314 "-" "Mozilla/5.0 AppleWebKit/537.36 (KHTML, like Gecko; compatible; ClaudeBot/1.0; +claudebot@anthropic.com)"
216.73.216.20 - - [22/Aug/2026:12:26:56 +0800] "GET /6448/wp-json/wp/v2/posts/297 HTTP/1.1" 200 8459 "-" "Mozilla/5.0 AppleWebKit/537.36 (KHTML, like Gecko; compatible; ClaudeBot/1.0; +claudebot@anthropic.com)"
216.73.216.20 - - [22/Aug/2026:12:26:56 +0800] "GET /6325/wp-json/wp/v2/posts/18426 HTTP/1.1" 200 7384 "-" "Mozilla/5.0 AppleWebKit/537.36 (KHTML, like Gecko; compatible; ClaudeBot/1.0; +claudebot@anthropic.com)"
216.73.216.20 - - [22/Aug/2026:12:26:56 +0800] "GET /6325/wp-json/wp/v2/posts/18424 HTTP/1.1" 200 3812 "-" "Mozilla/5.0 AppleWebKit/537.36 (KHTML, like Gecko; compatible; ClaudeBot/1.0; +claudebot@anthropic.com)"
216.73.216.20 - - [22/Aug/2026:12:26:57 +0800] "GET /6448/wp-json/wp/v2/posts/4128 HTTP/1.1" 200 3655 "-" "Mozilla/5.0 AppleWebKit/537.36 (KHTML, like Gecko; compatible; ClaudeBot/1.0; +claudebot@anthropic.com)"
216.73.216.20 - - [22/Aug/2026:12:26:57 +0800] "GET /6448/wp-json/wp/v2/posts/4059 HTTP/1.1" 200 3739 "-" "Mozilla/5.0 AppleWebKit/537.36 (KHTML, like Gecko; compatible; ClaudeBot/1.0; +claudebot@anthropic.com)"
74.7.242.54 - - [22/Aug/2026:12:26:55 +0800] "GET /26150/wp-json/wp/v2/posts/3440 HTTP/1.1" 200 10455 "https://2blog.ilc.edu.tw/26150/2017/08/03/106%e5%b9%b4%e5%ba%a6%e5%a9%9a%e5%89%8d%e6%95%99%e8%82%b2%e7%b3%bb%e5%88%97%e3%80%8c2017%e6%88%80%e5%9c%a8%e8%98%ad%e9%99%bd%e7%a7%8b%e5%ad%a3%e5%bf%83%e5%bf%83%e7%9b%b8%e9%81%87%e6%88%90%e9%95%b7/" "Mozilla/5.0 AppleWebKit/537.36 (KHTML, like Gecko; compatible; GPTBot/1.4; +https://openai.com/gptbot)"
216.73.216.20 - - [22/Aug/2026:12:26:57 +0800] "GET /6448/wp-json/wp/v2/posts/826 HTTP/1.1" 200 3836 "-" "Mozilla/5.0 AppleWebKit/537.36 (KHTML, like Gecko; compatible; ClaudeBot/1.0; +claudebot@anthropic.com)"
216.73.216.20 - - [22/Aug/2026:12:26:57 +0800] "GET /6325/wp-json/wp/v2/posts/18439 HTTP/1.1" 200 4512 "-" "Mozilla/5.0 AppleWebKit/537.36 (KHTML, like Gecko; compatible; ClaudeBot/1.0; +claudebot@anthropic.com)"
216.73.216.20 - - [22/Aug/2026:12:26:57 +0800] "GET /6325/2012/11/14/ HTTP/1.1" 200 10049 "-" "Mozilla/5.0 AppleWebKit/537.36 (KHTML, like Gecko; compatible; ClaudeBot/1.0; +claudebot@anthropic.com)"
216.73.216.20 - - [22/Aug/2026:12:26:57 +0800] "GET /6448/wp-json/wp/v2/posts/275 HTTP/1.1" 200 7101 "-" "Mozilla/5.0 AppleWebKit/537.36 (KHTML, like Gecko; compatible; ClaudeBot/1.0; +claudebot@anthropic.com)"
216.73.216.20 - - [22/Aug/2026:12:26:57 +0800] "GET /6448/wp-json/wp/v2/posts/531 HTTP/1.1" 200 3872 "-" "Mozilla/5.0 AppleWebKit/537.36 (KHTML, like Gecko; compatible; ClaudeBot/1.0; +claudebot@anthropic.com)"
2001:288:a201::66:125 - - [22/Aug/2026:12:26:58 +0800] "GET /blog/active.php HTTP/1.1" 301 1026 "-" "-"
2001:288:a201::66:125 - - [22/Aug/2026:12:26:58 +0800] "GET /blog/active.php HTTP/1.1" 404 1084 "-" "-"
2407:4b00:4c07:801b:7d46:3d2e:a29b:2821 - - [22/Aug/2026:12:26:58 +0800] "GET /apple-touch-icon-precomposed.png HTTP/1.1" 404 84409 "-" "NetworkingExtension/8624.2.5.10.4 Network/5812.122.1 iOS/26.5"
216.73.216.20 - - [22/Aug/2026:12:26:58 +0800] "GET /6448/?p=893 HTTP/1.1" 301 5857 "-" "Mozilla/5.0 AppleWebKit/537.36 (KHTML, like Gecko; compatible; ClaudeBot/1.0; +claudebot@anthropic.com)"
216.73.216.20 - - [22/Aug/2026:12:26:58 +0800] "GET /6325/?p=17575 HTTP/1.1" 301 5866 "-" "Mozilla/5.0 AppleWebKit/537.36 (KHTML, like Gecko; compatible; ClaudeBot/1.0; +claudebot@anthropic.com)"
216.73.216.20 - - [22/Aug/2026:12:26:58 +0800] "GET /6325/?p=18685 HTTP/1.1" 301 5863 "-" "Mozilla/5.0 AppleWebKit/537.36 (KHTML, like Gecko; compatible; ClaudeBot/1.0; +claudebot@anthropic.com)"
216.73.216.20 - - [22/Aug/2026:12:26:59 +0800] "GET /6325/?p=18665 HTTP/1.1" 301 1034 "-" "Mozilla/5.0 AppleWebKit/537.36 (KHTML, like Gecko; compatible; ClaudeBot/1.0; +claudebot@anthropic.com)"
2407:4b00:4c07:801b:7d46:3d2e:a29b:2821 - - [22/Aug/2026:12:26:59 +0800] "GET / HTTP/1.1" 200 32590 "-" "Mozilla/5.0 (Macintosh; Intel Mac OS X 10_11_1) AppleWebKit/601.2.4 (KHTML, like Gecko) Version/9.0.1 Safari/601.2.4 facebookexternalhit/1.1 Facebot Twitterbot/1.0"
216.73.216.20 - - [22/Aug/2026:12:26:59 +0800] "GET /6448/?p=37 HTTP/1.1" 301 1072 "-" "Mozilla/5.0 AppleWebKit/537.36 (KHTML, like Gecko; compatible; ClaudeBot/1.0; +claudebot@anthropic.com)"
35.173.18.61 - - [22/Aug/2026:12:26:57 +0800] "GET /wp-content/uploads/sites/2808/6543/6543-3722220.jpg HTTP/1.1" 200 11517 "-" "Mozilla/5.0 AppleWebKit/537.36 (KHTML, like Gecko; compatible; Amazonbot/0.1; +https://developer.amazon.com/support/amazonbot) Chrome/119.0.6045.214 Safari/537.36"
34.196.6.199 - - [22/Aug/2026:12:26:57 +0800] "GET /wp-content/uploads/sites/890/21744/21744-3619464.jpg HTTP/1.1" 200 18391 "-" "Mozilla/5.0 AppleWebKit/537.36 (KHTML, like Gecko; compatible; Amazonbot/0.1; +https://developer.amazon.com/support/amazonbot) Chrome/119.0.6045.214 Safari/537.36"
74.7.242.54 - - [22/Aug/2026:12:26:57 +0800] "GET /wp-content/uploads/sites/67/26150/26150-3909634.pdf HTTP/1.1" 200 823102 "https://2blog.ilc.edu.tw/26150/2017/08/03/106%e5%b9%b4%e5%ba%a6%e5%a9%9a%e5%89%8d%e6%95%99%e8%82%b2%e7%b3%bb%e5%88%97%e3%80%8c2017%e6%88%80%e5%9c%a8%e8%98%ad%e9%99%bd%e7%a7%8b%e5%ad%a3%e5%bf%83%e5%bf%83%e7%9b%b8%e9%81%87%e6%88%90%e9%95%b7/" "Mozilla/5.0 AppleWebKit/537.36 (KHTML, like Gecko; compatible; GPTBot/1.4; +https://openai.com/gptbot)"
216.73.216.20 - - [22/Aug/2026:12:26:59 +0800] "GET /6325/?p=18253 HTTP/1.1" 301 1013 "-" "Mozilla/5.0 AppleWebKit/537.36 (KHTML, like Gecko; compatible; ClaudeBot/1.0; +claudebot@anthropic.com)"
216.73.216.20 - - [22/Aug/2026:12:26:59 +0800] "GET /25138/wp-json/wp/v2/categories/2 HTTP/1.1" 200 1784 "-" "Mozilla/5.0 AppleWebKit/537.36 (KHTML, like Gecko; compatible; ClaudeBot/1.0; +claudebot@anthropic.com)"
140.111.67.10 - - [22/Aug/2026:12:26:59 +0800] "GET /" 301 273 "-" "-"
216.73.216.20 - - [22/Aug/2026:12:26:59 +0800] "GET /6448/?p=441 HTTP/1.1" 301 1069 "-" "Mozilla/5.0 AppleWebKit/537.36 (KHTML, like Gecko; compatible; ClaudeBot/1.0; +claudebot@anthropic.com)"
216.73.216.20 - - [22/Aug/2026:12:26:59 +0800] "GET /6448/?p=810 HTTP/1.1" 301 1025 "-" "Mozilla/5.0 AppleWebKit/537.36 (KHTML, like Gecko; compatible; ClaudeBot/1.0; +claudebot@anthropic.com)"
216.73.216.20 - - [22/Aug/2026:12:26:59 +0800] "GET /6448/?p=587 HTTP/1.1" 301 1042 "-" "Mozilla/5.0 AppleWebKit/537.36 (KHTML, like Gecko; compatible; ClaudeBot/1.0; +claudebot@anthropic.com)"
216.73.216.20 - - [22/Aug/2026:12:26:59 +0800] "GET /6448/?p=686 HTTP/1.1" 301 1035 "-" "Mozilla/5.0 AppleWebKit/537.36 (KHTML, like Gecko; compatible; ClaudeBot/1.0; +claudebot@anthropic.com)"
2407:4b00:4c07:801b:7d46:3d2e:a29b:2821 - - [22/Aug/2026:12:26:59 +0800] "GET /apple-touch-icon.png HTTP/1.1" 404 84409 "-" "NetworkingExtension/8624.2.5.10.4 Network/5812.122.1 iOS/26.5"
216.73.216.20 - - [22/Aug/2026:12:27:00 +0800] "GET /6448/2019/11/15/108_%e5%9b%9b_2_%e5%a4%8f%e6%97%a5%e6%a8%82%e5%ad%b8%e6%b4%bb%e5%8b%95-%e7%ab%8b%e9%ab%94%e7%b1%b3%e9%a6%99diy%e5%9c%a8%e5%9c%b0%e9%a3%9f%e6%9d%90/ HTTP/1.1" 200 11375 "https://2blog.ilc.edu.tw/6448/?p=893" "Mozilla/5.0 AppleWebKit/537.36 (KHTML, like Gecko; compatible; ClaudeBot/1.0; +claudebot@anthropic.com)"
2407:4b00:4c07:801b:7d46:3d2e:a29b:2821 - - [22/Aug/2026:12:27:00 +0800] "GET /favicon.ico HTTP/1.1" 302 5836 "-" "NetworkingExtension/8624.2.5.10.4 Network/5812.122.1 iOS/26.5"
216.73.216.20 - - [22/Aug/2026:12:27:00 +0800] "GET /6325/2011/12/06/%e5%af%a6%e9%9a%9b%e8%a1%8c%e5%8b%95%e5%8f%83%e8%88%87%e8%a7%a3%e6%b1%ba%e5%9c%b0%e6%96%b9%e7%92%b0%e5%a2%83%e5%95%8f%e9%a1%8c%e4%b9%8b%e4%ba%8b%e8%b9%9f-2/ HTTP/1.1" 200 15787 "https://2blog.ilc.edu.tw/6325/?p=17575" "Mozilla/5.0 AppleWebKit/537.36 (KHTML, like Gecko; compatible; ClaudeBot/1.0; +claudebot@anthropic.com)"
2407:4b00:4c07:801b:7d46:3d2e:a29b:2821 - - [22/Aug/2026:12:27:00 +0800] "GET /wp-includes/images/w-logo-blue-white-bg.png HTTP/1.1" 200 4946 "-" "NetworkingExtension/8624.2.5.10.4 Network/5812.122.1 iOS/26.5"
18.235.173.251 - - [22/Aug/2026:12:27:00 +0800] "GET /robots.txt HTTP/1.1" 200 5610 "-" "Mozilla/5.0 (Macintosh; Intel Mac OS X 10_10_1) AppleWebKit/600.2.5 (KHTML, like Gecko) Version/8.0.2 Safari/600.2.5 (Gort)"
216.73.216.20 - - [22/Aug/2026:12:27:00 +0800] "GET /6325/2018/08/14/107-%e4%ba%8c1-3-%e8%be%a6%e7%90%86%e7%92%b0%e5%a2%83%e6%95%99%e8%82%b2%e7%9b%b8%e9%97%9c%e8%aa%b2%e7%a8%8b%e5%8f%8a%e5%9b%9e%e9%a5%8b%e5%bf%83%e5%be%97/ HTTP/1.1" 200 11737 "https://2blog.ilc.edu.tw/6325/?p=18685" "Mozilla/5.0 AppleWebKit/537.36 (KHTML, like Gecko; compatible; ClaudeBot/1.0; +claudebot@anthropic.com)"
3.226.34.98 - - [22/Aug/2026:12:27:00 +0800] "GET /wp-content/uploads/sites/847/6483/6483-2412868.gif HTTP/1.1" 200 2226 "-" "Mozilla/5.0 AppleWebKit/537.36 (KHTML, like Gecko; compatible; Amazonbot/0.1; +https://developer.amazon.com/support/amazonbot) Chrome/119.0.6045.214 Safari/537.36"
216.73.216.20 - - [22/Aug/2026:12:27:00 +0800] "GET /6325/2017/09/24/106-%e4%b8%803-%e6%93%ac%e5%ae%9a106%e5%b9%b4%e5%ba%a6%e7%af%80%e8%83%bd%e6%b8%9b%e7%a2%b3%e8%a8%88%e7%95%ab%e3%80%82/ HTTP/1.1" 200 10665 "https://2blog.ilc.edu.tw/6325/?p=18665" "Mozilla/5.0 AppleWebKit/537.36 (KHTML, like Gecko; compatible; ClaudeBot/1.0; +claudebot@anthropic.com)"
216.73.216.20 - - [22/Aug/2026:12:27:00 +0800] "GET /6448/2010/10/13/%e4%ba%941%e6%9c%80%e4%bd%b3%e6%95%99%e8%82%b2%e6%80%a7%e7%a4%ba%e7%af%84-%e4%b8%89%e5%90%88%e4%b8%80%e8%83%bd%e6%ba%90%e6%95%99%e8%82%b2%e8%bf%b4%e5%bb%8a/ HTTP/1.1" 200 13332 "https://2blog.ilc.edu.tw/6448/?p=37" "Mozilla/5.0 AppleWebKit/537.36 (KHTML, like Gecko; compatible; ClaudeBot/1.0; +claudebot@anthropic.com)"
216.73.216.20 - - [22/Aug/2026:12:27:00 +0800] "GET /6325/2014/11/19/103_%e7%92%b0%e5%a2%83%e6%95%99%e8%82%b2%e8%b3%87%e6%96%99_-%e4%ba%8c%e9%be%8d%e7%ab%b6%e6%b8%a1/ HTTP/1.1" 200 10644 "https://2blog.ilc.edu.tw/6325/?p=18253" "Mozilla/5.0 AppleWebKit/537.36 (KHTML, like Gecko; compatible; ClaudeBot/1.0; +claudebot@anthropic.com)"
216.73.216.20 - - [22/Aug/2026:12:27:00 +0800] "GET /6325/?p=18007 HTTP/1.1" 301 5733 "-" "Mozilla/5.0 AppleWebKit/537.36 (KHTML, like Gecko; compatible; ClaudeBot/1.0; +claudebot@anthropic.com)"
216.73.216.20 - - [22/Aug/2026:12:27:00 +0800] "GET /6448/2015/10/26/104_3-6_%e5%ad%b8%e6%a0%a1%e9%a3%b2%e7%94%a8%e6%b0%b4%e5%8c%96%e9%a9%97%e4%bf%9d%e9%a4%8a%e7%b6%ad%e8%ad%b7%e5%8f%8a%e7%ae%a1%e7%90%86%e6%83%85%e5%bd%a2/ HTTP/1.1" 200 10863 "https://2blog.ilc.edu.tw/6448/?p=441" "Mozilla/5.0 AppleWebKit/537.36 (KHTML, like Gecko; compatible; ClaudeBot/1.0; +claudebot@anthropic.com)"
216.73.216.20 - - [22/Aug/2026:12:27:00 +0800] "GET /6448/2019/11/14/108_%e4%ba%8c_1_%e7%92%b0%e6%95%99%e7%a0%94%e7%bf%92-%e9%98%b2%e9%9c%87%e7%81%bd-%e7%b0%bd%e5%88%b0%e8%a1%a8/ HTTP/1.1" 200 15613 "https://2blog.ilc.edu.tw/6448/?p=810" "Mozilla/5.0 AppleWebKit/537.36 (KHTML, like Gecko; compatible; ClaudeBot/1.0; +claudebot@anthropic.com)"
216.73.216.20 - - [22/Aug/2026:12:27:00 +0800] "GET /6448/2017/11/14/106_1-2_%e7%b5%82%e8%ba%ab%e5%ad%b8%e7%bf%92%e7%b6%b2%e7%94%b3%e5%a0%b1%e7%92%b0%e6%95%99%e5%9f%b7%e8%a1%8c%e6%88%90%e6%9e%9c/ HTTP/1.1" 200 10894 "https://2blog.ilc.edu.tw/6448/?p=587" "Mozilla/5.0 AppleWebKit/537.36 (KHTML, like Gecko; compatible; ClaudeBot/1.0; +claudebot@anthropic.com)"
216.73.216.20 - - [22/Aug/2026:12:27:00 +0800] "GET /6448/2018/11/11/107_3-1-2_%e5%af%a6%e9%a9%97%e5%a0%b4%e6%89%80%e5%ae%89%e5%85%a8%e8%a1%9b%e7%94%9f%e5%b7%a5%e4%bd%9c%e5%ae%88%e5%89%87/ HTTP/1.1" 200 10890 "https://2blog.ilc.edu.tw/6448/?p=686" "Mozilla/5.0 AppleWebKit/537.36 (KHTML, like Gecko; compatible; ClaudeBot/1.0; +claudebot@anthropic.com)"
216.73.216.20 - - [22/Aug/2026:12:27:00 +0800] "GET /6448/?p=754 HTTP/1.1" 301 940 "-" "Mozilla/5.0 AppleWebKit/537.36 (KHTML, like Gecko; compatible; ClaudeBot/1.0; +claudebot@anthropic.com)"
216.73.216.20 - - [22/Aug/2026:12:27:00 +0800] "GET /6325/2014/02/14/103_%e6%95%91%e5%9c%b0%e7%90%83-%e4%b8%8d%e6%b5%aa%e8%b2%bb%e9%a3%9f%e7%89%a9-%e7%b9%aa%e7%95%ab%e6%af%94%e8%b3%bd-%e6%b4%bb%e5%8b%95%e5%85%ac%e5%91%8a/ HTTP/1.1" 200 10889 "https://2blog.ilc.edu.tw/6325/?p=18007" "Mozilla/5.0 AppleWebKit/537.36 (KHTML, like Gecko; compatible; ClaudeBot/1.0; +claudebot@anthropic.com)"
216.73.216.20 - - [22/Aug/2026:12:27:00 +0800] "GET /6448/?p=53 HTTP/1.1" 301 5673 "-" "Mozilla/5.0 AppleWebKit/537.36 (KHTML, like Gecko; compatible; ClaudeBot/1.0; +claudebot@anthropic.com)"
216.73.216.20 - - [22/Aug/2026:12:27:00 +0800] "GET /6448/?p=412 HTTP/1.1" 301 906 "-" "Mozilla/5.0 AppleWebKit/537.36 (KHTML, like Gecko; compatible; ClaudeBot/1.0; +claudebot@anthropic.com)"
216.73.216.20 - - [22/Aug/2026:12:27:00 +0800] "GET /6325/?p=17873 HTTP/1.1" 301 1249 "-" "Mozilla/5.0 AppleWebKit/537.36 (KHTML, like Gecko; compatible; ClaudeBot/1.0; +claudebot@anthropic.com)"
216.73.216.20 - - [22/Aug/2026:12:27:00 +0800] "GET /6325/?p=18031 HTTP/1.1" 301 1257 "-" "Mozilla/5.0 AppleWebKit/537.36 (KHTML, like Gecko; compatible; ClaudeBot/1.0; +claudebot@anthropic.com)"
216.73.216.20 - - [22/Aug/2026:12:27:00 +0800] "GET /6448/2018/11/17/107_2-2_%e7%9b%b4%e6%8e%92%e8%bc%aa%e5%b0%8f%e5%a5%a7%e9%81%8b%e4%b9%8b%e7%92%b0%e6%95%99%e5%ae%a3%e5%b0%8e%e8%a8%88%e7%95%ab%e6%9a%a8%e6%88%90%e6%9e%9c/ HTTP/1.1" 200 14733 "https://2blog.ilc.edu.tw/6448/?p=754" "Mozilla/5.0 AppleWebKit/537.36 (KHTML, like Gecko; compatible; ClaudeBot/1.0; +claudebot@anthropic.com)"
216.73.216.20 - - [22/Aug/2026:12:27:00 +0800] "GET /6448/?p=802 HTTP/1.1" 301 922 "-" "Mozilla/5.0 AppleWebKit/537.36 (KHTML, like Gecko; compatible; ClaudeBot/1.0; +claudebot@anthropic.com)"
216.73.216.20 - - [22/Aug/2026:12:27:00 +0800] "GET /6448/2010/10/14/%e4%b8%899%e8%87%aa%e7%84%b6%e7%a7%91%e5%af%a6%e9%a9%97%e5%ae%a4%e7%9a%84%e5%ae%8c%e6%88%90/ HTTP/1.1" 200 11253 "https://2blog.ilc.edu.tw/6448/?p=53" "Mozilla/5.0 AppleWebKit/537.36 (KHTML, like Gecko; compatible; ClaudeBot/1.0; +claudebot@anthropic.com)"
216.73.216.20 - - [22/Aug/2026:12:27:00 +0800] "GET /6448/2015/10/23/104_2-4_%e9%81%8b%e7%94%a8%e6%a0%a1%e5%9c%92%e7%b6%a0%e5%bb%ba%e7%af%89%e6%96%bc%e6%95%99%e5%ad%b8%e5%af%a6%e5%8b%99-2/ HTTP/1.1" 200 10880 "https://2blog.ilc.edu.tw/6448/?p=412" "Mozilla/5.0 AppleWebKit/537.36 (KHTML, like Gecko; compatible; ClaudeBot/1.0; +claudebot@anthropic.com)"
216.73.216.20 - - [22/Aug/2026:12:27:00 +0800] "GET /6325/2013/10/17/102_%e5%ad%b8%e6%a0%a1%e7%92%b0%e5%a2%83%e6%95%99%e8%82%b2%e7%89%b9%e8%89%b2%e6%88%96%e5%89%b5%e6%96%b0%e4%bd%9c%e7%82%ba1/ HTTP/1.1" 200 10807 "https://2blog.ilc.edu.tw/6325/?p=17873" "Mozilla/5.0 AppleWebKit/537.36 (KHTML, like Gecko; compatible; ClaudeBot/1.0; +claudebot@anthropic.com)"
216.73.216.20 - - [22/Aug/2026:12:27:00 +0800] "GET /6325/?p=18042 HTTP/1.1" 301 983 "-" "Mozilla/5.0 AppleWebKit/537.36 (KHTML, like Gecko; compatible; ClaudeBot/1.0; +claudebot@anthropic.com)"
216.73.216.20 - - [22/Aug/2026:12:27:01 +0800] "GET /6325/2014/04/21/103_%e6%b8%9b%e5%b0%91%e4%bd%bf%e7%94%a8%e7%b4%99%e6%9d%af%e5%8c%85%e8%a3%9d%e7%94%a8%e5%a1%91%e8%86%a0%e6%9d%af%e5%85%ac%e5%91%8a/ HTTP/1.1" 200 10778 "https://2blog.ilc.edu.tw/6325/?p=18031" "Mozilla/5.0 AppleWebKit/537.36 (KHTML, like Gecko; compatible; ClaudeBot/1.0; +claudebot@anthropic.com)"
216.73.216.20 - - [22/Aug/2026:12:27:01 +0800] "GET /6325/?p=18399 HTTP/1.1" 301 928 "-" "Mozilla/5.0 AppleWebKit/537.36 (KHTML, like Gecko; compatible; ClaudeBot/1.0; +claudebot@anthropic.com)"
216.73.216.20 - - [22/Aug/2026:12:27:01 +0800] "GET /6325/?p=18503 HTTP/1.1" 301 1306 "-" "Mozilla/5.0 AppleWebKit/537.36 (KHTML, like Gecko; compatible; ClaudeBot/1.0; +claudebot@anthropic.com)"
216.73.216.20 - - [22/Aug/2026:12:27:01 +0800] "GET /6448/2019/11/14/108_%e4%ba%8c_1_%e5%81%a5%e5%ba%b7%e7%94%9f%e6%b4%bb%e6%8a%80%e8%83%bd%e6%95%99%e5%ad%b8%e6%88%90%e6%9e%9c-%e9%9b%bb%e5%ad%90%e5%a0%b1/ HTTP/1.1" 200 12949 "https://2blog.ilc.edu.tw/6448/?p=802" "Mozilla/5.0 AppleWebKit/537.36 (KHTML, like Gecko; compatible; ClaudeBot/1.0; +claudebot@anthropic.com)"
216.73.216.20 - - [22/Aug/2026:12:27:01 +0800] "GET /6325/2014/05/21/103_%e7%b6%93%e6%bf%9f%e9%83%a8-%e7%af%80%e8%83%bd%e7%b8%be%e6%95%88%e4%bf%9d%e8%ad%89%e5%b0%88%e6%a1%88%e7%a4%ba%e7%af%84%e6%8e%a8%e5%bb%a3%e8%a3%9c%e5%8a%a9%e8%a6%81%e9%bb%9e-%e5%85%ac%e5%91%8a/ HTTP/1.1" 200 19481 "https://2blog.ilc.edu.tw/6325/?p=18042" "Mozilla/5.0 AppleWebKit/537.36 (KHTML, like Gecko; compatible; ClaudeBot/1.0; +claudebot@anthropic.com)"
216.73.216.20 - - [22/Aug/2026:12:27:01 +0800] "GET /6325/?p=18784 HTTP/1.1" 301 934 "-" "Mozilla/5.0 AppleWebKit/537.36 (KHTML, like Gecko; compatible; ClaudeBot/1.0; +claudebot@anthropic.com)"
216.73.216.20 - - [22/Aug/2026:12:27:01 +0800] "GET /6325/2015/08/30/104_%e7%92%b0%e5%a2%83%e6%95%99%e8%82%b2%e6%b4%bb%e5%8b%95%e7%9b%b8%e7%89%87_%e7%b6%a0%e8%89%b2%e5%a9%9a%e7%a6%ae%e7%9a%84%e6%84%8f%e7%be%a9/ HTTP/1.1" 200 10784 "https://2blog.ilc.edu.tw/6325/?p=18399" "Mozilla/5.0 AppleWebKit/537.36 (KHTML, like Gecko; compatible; ClaudeBot/1.0; +claudebot@anthropic.com)"
216.73.216.20 - - [22/Aug/2026:12:27:01 +0800] "GET /25138/author/q46166/ HTTP/1.1" 200 14267 "-" "Mozilla/5.0 AppleWebKit/537.36 (KHTML, like Gecko; compatible; ClaudeBot/1.0; +claudebot@anthropic.com)"
216.73.216.20 - - [22/Aug/2026:12:27:01 +0800] "GET /6325/2015/11/08/104_%e6%a0%a1%e5%9c%92%e7%92%b0%e5%a2%83%e7%ae%a1%e7%90%867-%e6%8e%a8%e5%b1%95%e9%a3%9f%e8%be%b2%e6%a0%a1%e8%82%b2%ef%bc%8c%e6%8e%a8%e5%8b%95%e6%9c%89%e6%a9%9f%e9%a3%b2%e9%a3%9f-2/ HTTP/1.1" 200 10852 "https://2blog.ilc.edu.tw/6325/?p=18503" "Mozilla/5.0 AppleWebKit/537.36 (KHTML, like Gecko; compatible; ClaudeBot/1.0; +claudebot@anthropic.com)"
216.73.216.20 - - [22/Aug/2026:12:27:01 +0800] "GET /6325/2016/04/18/ HTTP/1.1" 200 10632 "-" "Mozilla/5.0 AppleWebKit/537.36 (KHTML, like Gecko; compatible; ClaudeBot/1.0; +claudebot@anthropic.com)"
216.73.216.20 - - [22/Aug/2026:12:27:01 +0800] "GET /6325/2020/09/21/%e4%b8%804-%e7%92%b0%e5%a2%83%e8%aa%8d%e8%ad%89%e5%90%88%e6%a0%bc%e4%ba%ba%e5%93%a1%ef%bc%8c%e6%8e%a8%e5%8b%95%e7%92%b0%e6%95%99%e5%b7%a5%e4%bd%9c/ HTTP/1.1" 200 11144 "https://2blog.ilc.edu.tw/6325/?p=18784" "Mozilla/5.0 AppleWebKit/537.36 (KHTML, like Gecko; compatible; ClaudeBot/1.0; +claudebot@anthropic.com)"
216.73.216.20 - - [22/Aug/2026:12:27:01 +0800] "GET /6448/?p=899 HTTP/1.1" 301 1279 "-" "Mozilla/5.0 AppleWebKit/537.36 (KHTML, like Gecko; compatible; ClaudeBot/1.0; +claudebot@anthropic.com)"
216.73.216.20 - - [22/Aug/2026:12:27:01 +0800] "GET /6448/?p=830 HTTP/1.1" 301 1262 "-" "Mozilla/5.0 AppleWebKit/537.36 (KHTML, like Gecko; compatible; ClaudeBot/1.0; +claudebot@anthropic.com)"
216.73.216.20 - - [22/Aug/2026:12:27:01 +0800] "GET /6325/?p=18263 HTTP/1.1" 301 918 "-" "Mozilla/5.0 AppleWebKit/537.36 (KHTML, like Gecko; compatible; ClaudeBot/1.0; +claudebot@anthropic.com)"
216.73.216.20 - - [22/Aug/2026:12:27:01 +0800] "GET /6448/2019/11/15/108_%e5%9b%9b_2_%e5%bb%9a%e9%a4%98%e5%86%8d%e5%88%a9%e7%94%a8-%e8%87%aa%e8%a3%bd%e6%9f%91%e6%a9%98%e6%b8%85%e6%bd%94%e5%8a%91%e9%9b%bb%e5%ad%90%e5%a0%b1/ HTTP/1.1" 200 12034 "https://2blog.ilc.edu.tw/6448/?p=899" "Mozilla/5.0 AppleWebKit/537.36 (KHTML, like Gecko; compatible; ClaudeBot/1.0; +claudebot@anthropic.com)"
216.73.216.20 - - [22/Aug/2026:12:27:01 +0800] "GET /6325/?p=18488 HTTP/1.1" 301 957 "-" "Mozilla/5.0 AppleWebKit/537.36 (KHTML, like Gecko; compatible; ClaudeBot/1.0; +claudebot@anthropic.com)"
216.73.216.20 - - [22/Aug/2026:12:27:01 +0800] "GET /6448/2019/11/14/108_%e4%ba%8c_2_%e7%92%b0%e5%a2%83%e6%95%99%e8%82%b2-%e8%be%b2%e5%a4%ab%e7%a8%ae%e9%9d%92%e8%94%a5%e9%ab%94%e9%a9%97-%e6%88%90%e6%9e%9c/ HTTP/1.1" 200 11430 "https://2blog.ilc.edu.tw/6448/?p=830" "Mozilla/5.0 AppleWebKit/537.36 (KHTML, like Gecko; compatible; ClaudeBot/1.0; +claudebot@anthropic.com)"
216.73.216.20 - - [22/Aug/2026:12:27:01 +0800] "GET /6325/2014/11/24/103_%e5%ad%b8%e6%a0%a1%e5%af%a6%e6%96%bd%e7%92%b0%e5%a2%83%e6%95%99%e8%82%b2%e7%9a%84%e5%9b%b0%e9%9b%a3%e8%88%87%e9%9c%80%e6%b1%82/ HTTP/1.1" 200 11938 "https://2blog.ilc.edu.tw/6325/?p=18263" "Mozilla/5.0 AppleWebKit/537.36 (KHTML, like Gecko; compatible; ClaudeBot/1.0; +claudebot@anthropic.com)"
216.73.216.20 - - [22/Aug/2026:12:27:01 +0800] "GET /25138/wp-json/oembed/1.0/embed?format=xml HTTP/1.1" 400 1563 "-" "Mozilla/5.0 AppleWebKit/537.36 (KHTML, like Gecko; compatible; ClaudeBot/1.0; +claudebot@anthropic.com)"
216.73.216.20 - - [22/Aug/2026:12:27:02 +0800] "GET /6325/2015/10/27/104_%e6%a0%a1%e5%9c%92%e7%92%b0%e5%a2%83%e7%ae%a1%e7%90%86-7-%e8%a8%ad%e7%bd%ae%e6%95%99%e5%ad%b8%e8%be%b2%e5%a0%b4%e6%8e%a8%e5%b1%95%e9%a3%9f%e8%be%b2%e6%a0%a1%e8%82%b2/ HTTP/1.1" 200 10694 "https://2blog.ilc.edu.tw/6325/?p=18488" "Mozilla/5.0 AppleWebKit/537.36 (KHTML, like Gecko; compatible; ClaudeBot/1.0; +claudebot@anthropic.com)"
216.73.216.20 - - [22/Aug/2026:12:27:01 +0800] "GET /25138/author/yu-ching/ HTTP/1.1" 200 13005 "-" "Mozilla/5.0 AppleWebKit/537.36 (KHTML, like Gecko; compatible; ClaudeBot/1.0; +claudebot@anthropic.com)"
216.73.216.20 - - [22/Aug/2026:12:27:02 +0800] "GET /6325/?p=17656 HTTP/1.1" 301 1294 "-" "Mozilla/5.0 AppleWebKit/537.36 (KHTML, like Gecko; compatible; ClaudeBot/1.0; +claudebot@anthropic.com)"
216.73.216.20 - - [22/Aug/2026:12:27:02 +0800] "GET /6325/2013/11/11/ HTTP/1.1" 200 10125 "-" "Mozilla/5.0 AppleWebKit/537.36 (KHTML, like Gecko; compatible; ClaudeBot/1.0; +claudebot@anthropic.com)"
216.73.216.20 - - [22/Aug/2026:12:27:02 +0800] "GET /sun520/?p=19571 HTTP/1.1" 301 5666 "-" "Mozilla/5.0 AppleWebKit/537.36 (KHTML, like Gecko; compatible; ClaudeBot/1.0; +claudebot@anthropic.com)"
216.73.216.20 - - [22/Aug/2026:12:27:02 +0800] "GET /6325/2012/11/22/101_%e6%a0%a1%e5%9c%92%e7%92%b0%e4%bf%9d%e5%af%a6%e5%8b%99-%e4%b8%8a%e7%b6%b2%e5%a1%ab%e5%a0%b1%e6%95%99%e7%a7%91%e6%9b%b8%e5%86%8d%e5%88%a9%e7%94%a8%e6%83%85%e5%bd%a2/ HTTP/1.1" 200 10899 "https://2blog.ilc.edu.tw/6325/?p=17656" "Mozilla/5.0 AppleWebKit/537.36 (KHTML, like Gecko; compatible; ClaudeBot/1.0; +claudebot@anthropic.com)"
216.73.216.20 - - [22/Aug/2026:12:27:02 +0800] "GET /6325/?p=17596 HTTP/1.1" 301 5774 "-" "Mozilla/5.0 AppleWebKit/537.36 (KHTML, like Gecko; compatible; ClaudeBot/1.0; +claudebot@anthropic.com)"
34.234.206.30 - - [22/Aug/2026:12:27:02 +0800] "GET /30967/wp-json/wp/v2/%22https:/2blog.ilc.edu.tw/30967/wp-content/uploads/sites/1690/2026/03/u6d77/u5e95/u4e16/u754c-/u4e8c/u5fe0/u6c5f/u7964/u5ae3_0-300x211.jpg/%22 HTTP/1.1" 404 6132 "-" "Mozilla/5.0 AppleWebKit/537.36 (KHTML, like Gecko; compatible; Amazonbot/0.1; +https://developer.amazon.com/support/amazonbot) Chrome/119.0.6045.214 Safari/537.36"
216.73.216.20 - - [22/Aug/2026:12:27:02 +0800] "GET /6325/?p=17876 HTTP/1.1" 301 910 "-" "Mozilla/5.0 AppleWebKit/537.36 (KHTML, like Gecko; compatible; ClaudeBot/1.0; +claudebot@anthropic.com)"
216.73.216.20 - - [22/Aug/2026:12:27:02 +0800] "GET /6325/?p=18596 HTTP/1.1" 301 928 "-" "Mozilla/5.0 AppleWebKit/537.36 (KHTML, like Gecko; compatible; ClaudeBot/1.0; +claudebot@anthropic.com)"
216.73.216.20 - - [22/Aug/2026:12:27:02 +0800] "GET /sun520/2024/10/18/%e5%ad%b8%e6%a0%a1%e7%85%a7%e9%a1%a7%e6%88%91%e7%9a%84%e4%ba%ba%e5%92%8c%e6%88%91%e7%8e%a9%e5%a5%bd%e5%97%8e/ HTTP/1.1" 200 15653 "https://2blog.ilc.edu.tw/sun520/?p=19571" "Mozilla/5.0 AppleWebKit/537.36 (KHTML, like Gecko; compatible; ClaudeBot/1.0; +claudebot@anthropic.com)"
2a03:2880:f802:2f:: - - [22/Aug/2026:12:27:00 +0800] "GET /wp-login.php?key=oeaz1375&_wpnonce=&action=ilc_logout&redirect_to=https%3A%2F%2Fgame.edu.kg HTTP/1.1" 302 8248 "-" "Mozilla/5.0 (Macintosh; Intel Mac OS X 10_15_7) AppleWebKit/537.36 (KHTML, like Gecko) Chrome/145.0.0.0 Safari/537.36 (compatible; meta-externalagent/1.1 (+https://developers.facebook.com/docs/sharing/webmasters/crawler))"
74.7.242.54 - - [22/Aug/2026:12:27:00 +0800] "GET /26150/wp-json/oembed/1.0/embed?format=xml&url=https%3A%2F%2F2blog.ilc.edu.tw%2F26150%2F2017%2F08%2F03%2F106%25e5%25b9%25b4%25e5%25ba%25a6%25e5%25a9%259a%25e5%2589%258d%25e6%2595%2599%25e8%2582%25b2%25e7%25b3%25bb%25e5%2588%2597%25e3%2580%258c2017%25e6%2588%2580%25e5%259c%25a8%25e8%2598%25ad%25e9%2599%25bd%25e7%25a7%258b%25e5%25ad%25a3%25e5%25bf%2583%25e5%25bf%2583%25e7%259b%25b8%25e9%2581%2587%25e6%2588%2590%25e9%2595%25b7%2F HTTP/1.1" 200 2479 "https://2blog.ilc.edu.tw/26150/2017/08/03/106%e5%b9%b4%e5%ba%a6%e5%a9%9a%e5%89%8d%e6%95%99%e8%82%b2%e7%b3%bb%e5%88%97%e3%80%8c2017%e6%88%80%e5%9c%a8%e8%98%ad%e9%99%bd%e7%a7%8b%e5%ad%a3%e5%bf%83%e5%bf%83%e7%9b%b8%e9%81%87%e6%88%90%e9%95%b7/" "Mozilla/5.0 AppleWebKit/537.36 (KHTML, like Gecko; compatible; GPTBot/1.4; +https://openai.com/gptbot)"
216.73.216.20 - - [22/Aug/2026:12:27:02 +0800] "GET /6325/2011/12/07/%e6%a0%a1%e5%9c%92%e7%94%a8%e6%b0%b4%e7%94%a8%e9%9b%bb%e8%bc%83%e5%8e%bb%e5%b9%b4%e5%ba%a6%e8%b2%a0%e6%88%90%e9%95%b72%e4%bb%a5%e4%b8%8a%ef%bc%8c%e4%b8%94%e6%9c%89%e5%85%b7%e9%ab%94%e6%88%90-2/ HTTP/1.1" 200 11211 "https://2blog.ilc.edu.tw/6325/?p=17596" "Mozilla/5.0 AppleWebKit/537.36 (KHTML, like Gecko; compatible; ClaudeBot/1.0; +claudebot@anthropic.com)"
216.73.216.20 - - [22/Aug/2026:12:27:02 +0800] "GET /6325/2013/10/17/102_%e5%ad%b8%e6%a0%a1%e7%92%b0%e5%a2%83%e6%95%99%e8%82%b2%e7%89%b9%e8%89%b2%e6%88%96%e5%89%b5%e6%96%b0%e4%bd%9c%e7%82%ba2/ HTTP/1.1" 200 10925 "https://2blog.ilc.edu.tw/6325/?p=17876" "Mozilla/5.0 AppleWebKit/537.36 (KHTML, like Gecko; compatible; ClaudeBot/1.0; +claudebot@anthropic.com)"
216.73.216.20 - - [22/Aug/2026:12:27:02 +0800] "GET /6325/2016/11/02/105%e4%b8%89-6%e9%a3%b2%e7%94%a8%e6%b0%b4%e9%ab%94%e5%ae%9a%e6%9c%9f%e4%bf%9d%e9%a4%8a%e3%80%81%e7%b6%ad%e8%ad%b7%e5%8f%8a%e7%ae%a1%e7%90%86/ HTTP/1.1" 200 11532 "https://2blog.ilc.edu.tw/6325/?p=18596" "Mozilla/5.0 AppleWebKit/537.36 (KHTML, like Gecko; compatible; ClaudeBot/1.0; +claudebot@anthropic.com)"
216.73.216.20 - - [22/Aug/2026:12:27:02 +0800] "GET /ytes1234/wp-json/wp/v2/posts/446 HTTP/1.1" 200 10329 "-" "Mozilla/5.0 AppleWebKit/537.36 (KHTML, like Gecko; compatible; ClaudeBot/1.0; +claudebot@anthropic.com)"
216.73.216.20 - - [22/Aug/2026:12:27:02 +0800] "GET /6325/2014/11/12/ HTTP/1.1" 200 11517 "-" "Mozilla/5.0 AppleWebKit/537.36 (KHTML, like Gecko; compatible; ClaudeBot/1.0; +claudebot@anthropic.com)"
216.73.216.20 - - [22/Aug/2026:12:27:02 +0800] "GET /6448/?p=793 HTTP/1.1" 301 5734 "-" "Mozilla/5.0 AppleWebKit/537.36 (KHTML, like Gecko; compatible; ClaudeBot/1.0; +claudebot@anthropic.com)"
2001:288:a201::66:125 - - [22/Aug/2026:12:27:03 +0800] "GET /blog/active.php HTTP/1.1" 301 1026 "-" "-"
216.73.216.20 - - [22/Aug/2026:12:27:02 +0800] "GET /6325/2014/03/14/ HTTP/1.1" 200 9921 "-" "Mozilla/5.0 AppleWebKit/537.36 (KHTML, like Gecko; compatible; ClaudeBot/1.0; +claudebot@anthropic.com)"
2001:288:a201::66:125 - - [22/Aug/2026:12:27:03 +0800] "GET /blog/active.php HTTP/1.1" 404 1084 "-" "-"
216.73.216.20 - - [22/Aug/2026:12:27:02 +0800] "GET /rainbow123/wp-json/wp/v2/posts/17107 HTTP/1.1" 200 204337 "-" "Mozilla/5.0 AppleWebKit/537.36 (KHTML, like Gecko; compatible; ClaudeBot/1.0; +claudebot@anthropic.com)"
216.73.216.20 - - [22/Aug/2026:12:27:03 +0800] "GET /25138/wp-json/wp/v2/posts/1462 HTTP/1.1" 200 6887 "-" "Mozilla/5.0 AppleWebKit/537.36 (KHTML, like Gecko; compatible; ClaudeBot/1.0; +claudebot@anthropic.com)"
216.73.216.20 - - [22/Aug/2026:12:27:03 +0800] "GET /6448/2019/11/12/108_%e4%ba%8c_1_%e5%b0%8f%e6%a8%99%e7%a4%ba%e5%a4%a7%e6%9c%89%e7%94%a8%e8%aa%8d%e8%ad%98%e7%87%9f%e9%a4%8a%e6%a8%99%e7%a4%ba-%e9%9b%bb%e5%ad%90%e5%a0%b1/ HTTP/1.1" 200 12322 "https://2blog.ilc.edu.tw/6448/?p=793" "Mozilla/5.0 AppleWebKit/537.36 (KHTML, like Gecko; compatible; ClaudeBot/1.0; +claudebot@anthropic.com)"
52.204.37.237 - - [22/Aug/2026:12:27:03 +0800] "GET /wp-content/uploads/sites/1487/2024/05/?C=N;O%3DD HTTP/1.1" 200 1114 "-" "Mozilla/5.0 AppleWebKit/537.36 (KHTML, like Gecko; compatible; Amazonbot/0.1; +https://developer.amazon.com/support/amazonbot) Chrome/119.0.6045.214 Safari/537.36"
140.111.67.10 - - [22/Aug/2026:12:27:04 +0800] "GET /" 301 273 "-" "-"
74.7.242.54 - - [22/Aug/2026:12:27:02 +0800] "GET /26150/?p=9110 HTTP/1.1" 301 880 "https://2blog.ilc.edu.tw/26150/2026/05/29/%e6%88%91%e5%92%8c%e6%88%91%e7%9a%84%e5%ae%b6%e4%ba%ba_%e9%ab%98%e9%bd%a1%e4%b8%96%e4%bb%a3/" "Mozilla/5.0 AppleWebKit/537.36 (KHTML, like Gecko; compatible; GPTBot/1.4; +https://openai.com/gptbot)"
74.7.242.54 - - [22/Aug/2026:12:27:04 +0800] "GET /daes501/2025/12/05/%e8%81%b7%e6%8e%a2%e9%ab%94%e9%a9%97/ HTTP/1.1" 200 12942 "https://2blog.ilc.edu.tw/daes501/2025/06/13/2105/" "Mozilla/5.0 AppleWebKit/537.36 (KHTML, like Gecko; compatible; GPTBot/1.4; +https://openai.com/gptbot)"
34.123.149.87 - - [22/Aug/2026:12:27:04 +0800] "GET /17160/wp-json/oembed/1.0/embed?url=https://2blog.ilc.edu.tw/17160/2026/04/28/%25e3%2580%2590g5%25e3%2580%2591%25e5%25b0%2588%25e9%25a1%258c%25e7%25a0%2594%25e7%25a9%25b6-%25e6%2588%2590%25e6%259e%259c%25e7%2599%25bc%25e8%25a1%25a8%25e6%259c%2583-3/ HTTP/1.1" 200 8542 "-" "Mozilla/5.0 (Macintosh; Intel Mac OS X 10_15_7) AppleWebKit/537.36 (KHTML, like Gecko) Chrome/120.0.0.0 Safari/537.36"
2401:e180:8c60:befd:f0e7:63ff:fe36:6007 - - [22/Aug/2026:12:27:05 +0800] "GET / HTTP/1.1" 200 29749 "https://www.google.com/" "Mozilla/5.0 (Linux; Android 10; K) AppleWebKit/537.36 (KHTML, like Gecko) Chrome/140.0.0.0 Mobile Safari/537.36"
140.111.67.195 - - [22/Aug/2026:12:27:06 +0800] "GET /wp-admin/admin-post.php?action=steps_ad HTTP/1.1" 200 1973 "-" "node-fetch/1.0 (+https://github.com/bitinn/node-fetch)"
85.208.96.202 - - [22/Aug/2026:12:27:06 +0800] "GET /kses1113a/2023/10/26/%E4%B8%AD%E5%B9%B4%E7%B4%9A%E5%AD%97%E9%9F%B3%E5%AD%97%E5%BD%A2%E5%A4%A7%E6%8C%91%E6%88%B054/ HTTP/1.1" 200 17655 "-" "Mozilla/5.0 (compatible; SemrushBot/7~bl; +http://www.semrush.com/bot.html)"
::1 - - [22/Aug/2026:12:27:06 +0800] "OPTIONS * HTTP/1.0" 200 110 "-" "Apache/2.4.68 (Ubuntu) OpenSSL/3.0.19 (internal dummy connection)"
