::1 - - [22/Aug/2026:12:25:43 +0800] "OPTIONS * HTTP/1.0" 200 110 "-" "Apache/2.4.68 (Ubuntu) OpenSSL/3.0.19 (internal dummy connection)"
74.7.242.54 - - [22/Aug/2026:12:25:42 +0800] "GET /26150/?p=5132 HTTP/1.1" 301 984 "https://2blog.ilc.edu.tw/26150/2020/12/09/109%e5%b9%b4%e5%ba%a6%e5%b9%b8%e7%a6%8f%e5%ae%b6%e5%ba%ad%e7%a9%ba%e4%b8%ad%e8%ac%9b%e5%a0%82%e7%ac%ac45%e9%9b%86_%e6%83%85%e6%84%9f%e4%b8%ad%e6%9b%96%e6%98%a7%e9%97%9c%e4%bf%82%e7%9a%84%e8%99%95/" "Mozilla/5.0 AppleWebKit/537.36 (KHTML, like Gecko; compatible; GPTBot/1.4; +https://openai.com/gptbot)"
18.204.89.56 - - [22/Aug/2026:12:25:43 +0800] "GET /wp-content/uploads/sites/941/527/527-1068064.pdf HTTP/1.1" 200 170294 "-" "Mozilla/5.0 AppleWebKit/537.36 (KHTML, like Gecko; compatible; Amazonbot/0.1; +https://developer.amazon.com/support/amazonbot) Chrome/119.0.6045.214 Safari/537.36"
140.111.67.10 - - [22/Aug/2026:12:25:44 +0800] "GET /" 301 273 "-" "-"
52.167.144.140 - - [22/Aug/2026:12:25:44 +0800] "GET /Form/Teacher/ListTeacher.asp?ID=459&Back=/NineOne/List.asp?FD=%BC%C6%BE%C7 HTTP/1.1" 404 85748 "-" "Mozilla/5.0 AppleWebKit/537.36 (KHTML, like Gecko; compatible; bingbot/2.0; +http://www.bing.com/bingbot.htm) Chrome/116.0.1938.76 Safari/537.36"
34.10.180.98 - - [22/Aug/2026:12:25:44 +0800] "GET /17160/2023/01/24/%E3%80%90g3%E3%80%91%E6%9C%AA%E4%BE%86%E9%A0%98%E8%A2%96-%E5%80%8B%E6%80%A7%E8%A9%9E%E8%AA%9E%E5%A4%A7%E6%90%9C%E5%AF%86-2/ HTTP/1.1" 200 19653 "-" "Mozilla/5.0 (Macintosh; Intel Mac OS X 10_15_7) AppleWebKit/537.36 (KHTML, like Gecko) Chrome/120.0.0.0 Safari/537.36"
52.167.144.140 - - [22/Aug/2026:12:25:44 +0800] "GET /Form/Teacher/ListTeacher.asp?ID=625&Back=/NineOne/List.asp?FD=%BC%C6%BE%C7 HTTP/1.1" 404 85748 "-" "Mozilla/5.0 AppleWebKit/537.36 (KHTML, like Gecko; compatible; bingbot/2.0; +http://www.bing.com/bingbot.htm) Chrome/116.0.1938.76 Safari/537.36"
34.56.53.225 - - [22/Aug/2026:12:25:45 +0800] "GET /3860/2015/04/13/%E9%81%8B%E7%94%A8%E6%99%BA%E6%85%A7%E5%85%8D%E8%80%83%E8%A9%A6-%E5%AD%B8%E7%BF%92%E6%99%BA%E8%AD%98%E6%9C%89%E6%99%BA%E6%85%A7%EF%BC%8C-%E8%BA%AB%E5%BF%83%E5%81%A5%E5%BA%B7%E4%BE%86%E7%99%BC/ HTTP/1.1" 200 37522 "-" "Mozilla/5.0 (Macintosh; Intel Mac OS X 10_15_7) AppleWebKit/537.36 (KHTML, like Gecko) Chrome/120.0.0.0 Safari/537.36"
52.167.144.140 - - [22/Aug/2026:12:25:45 +0800] "GET /Form/Teacher/ListTeacher.asp?ID=153&Back=/NineOne/List.asp?FD=%BC%C6%BE%C7 HTTP/1.1" 404 85748 "-" "Mozilla/5.0 AppleWebKit/537.36 (KHTML, like Gecko; compatible; bingbot/2.0; +http://www.bing.com/bingbot.htm) Chrome/116.0.1938.76 Safari/537.36"
74.7.242.54 - - [22/Aug/2026:12:25:44 +0800] "GET /26150/?p=3603 HTTP/1.1" 301 987 "https://2blog.ilc.edu.tw/26150/2018/10/11/%e5%87%bd%e8%bd%89%e6%96%b0%e5%8c%97%e5%b8%82%e6%94%bf%e5%ba%9c%e7%a8%85%e6%8d%90%e7%a8%bd%e5%be%b5%e8%99%95%e8%88%89%e8%be%a6%e3%80%8c107%e5%b9%b4%e7%a8%85%e5%9f%8e%e6%94%bb%e7%95%a5online%e3%80%8d/" "Mozilla/5.0 AppleWebKit/537.36 (KHTML, like Gecko; compatible; GPTBot/1.4; +https://openai.com/gptbot)"
2407:4b00:4c10:83ea:9199:8abe:4755:4782 - - [22/Aug/2026:12:25:46 +0800] "GET / HTTP/1.1" 200 30428 "-" "Mozilla/5.0 (Windows NT 10.0; Win64; x64) AppleWebKit/537.36 (KHTML, like Gecko) Chrome/151.0.0.0 Safari/537.36"
::1 - - [22/Aug/2026:12:25:46 +0800] "OPTIONS * HTTP/1.0" 200 110 "-" "Apache/2.4.68 (Ubuntu) OpenSSL/3.0.19 (internal dummy connection)"
52.167.144.140 - - [22/Aug/2026:12:25:46 +0800] "GET /Form/Teacher/ListTeacher.asp?ID=333&Back=/NineOne/List.asp?FD=%BC%C6%BE%C7 HTTP/1.1" 404 85748 "-" "Mozilla/5.0 AppleWebKit/537.36 (KHTML, like Gecko; compatible; bingbot/2.0; +http://www.bing.com/bingbot.htm) Chrome/116.0.1938.76 Safari/537.36"
2407:4b00:4c10:83ea:9199:8abe:4755:4782 - - [22/Aug/2026:12:25:47 +0800] "GET /wp-content/uploads/sites/50/elementor/css/post-232.css HTTP/1.1" 200 1369 "https://www.ksjh.ilc.edu.tw/" "Mozilla/5.0 (Windows NT 10.0; Win64; x64) AppleWebKit/537.36 (KHTML, like Gecko) Chrome/151.0.0.0 Safari/537.36"
2407:4b00:4c10:83ea:9199:8abe:4755:4782 - - [22/Aug/2026:12:25:47 +0800] "GET /wp-content/uploads/sites/50/2026/06/%E6%A8%82%E5%9C%98%E5%A0%B1%E5%90%8DQRcord.png HTTP/1.1" 304 790 "https://www.ksjh.ilc.edu.tw/" "Mozilla/5.0 (Windows NT 10.0; Win64; x64) AppleWebKit/537.36 (KHTML, like Gecko) Chrome/151.0.0.0 Safari/537.36"
52.167.144.140 - - [22/Aug/2026:12:25:47 +0800] "GET /Form/Teacher/ListTeacher.asp?ID=157&Back=/NineOne/List.asp?FD=%BC%C6%BE%C7 HTTP/1.1" 404 85748 "-" "Mozilla/5.0 AppleWebKit/537.36 (KHTML, like Gecko; compatible; bingbot/2.0; +http://www.bing.com/bingbot.htm) Chrome/116.0.1938.76 Safari/537.36"
2409:8a62:9a12:4381:5054:ff:fe92:5559 - - [22/Aug/2026:12:25:45 +0800] "GET /2017/03/30 HTTP/1.1" 301 5773 "-" "Mozilla/5.0 (Windows NT 10.0; Win64; x64) AppleWebKit/537.36 (KHTML, like Gecko) Chrome/144.0.0.0 Safari/537.36"
74.7.242.54 - - [22/Aug/2026:12:25:46 +0800] "GET /26150/?p=3015 HTTP/1.1" 301 986 "https://2blog.ilc.edu.tw/26150/2014/08/08/103%e5%b9%b4%e5%ba%a6%e7%ac%ac31%e6%ac%a1-%e5%b9%b8%e7%a6%8f%e5%ae%b6%e5%ba%ad-%e7%a9%ba%e4%b8%ad%e8%ac%9b%e5%a0%82-%e6%a8%82%e9%bd%a1%e5%ad%b8%e7%bf%92%e4%b8%ad%e5%bf%83%e7%9a%84%e6%b0%b8%e7%ba%8c/" "Mozilla/5.0 AppleWebKit/537.36 (KHTML, like Gecko; compatible; GPTBot/1.4; +https://openai.com/gptbot)"
2001:288:a201::66:125 - - [22/Aug/2026:12:25:48 +0800] "GET /blog/active.php HTTP/1.1" 301 1026 "-" "-"
2001:288:a201::66:125 - - [22/Aug/2026:12:25:48 +0800] "GET /blog/active.php HTTP/1.1" 404 1084 "-" "-"
2408:872f:d00:4::d - - [22/Aug/2026:12:25:48 +0800] "GET /wp-content/cache/www.najh.ilc.edu.tw/wpfc-minified/4ybahoo/6wh9.css HTTP/1.1" 200 20584 "https://www.najh.ilc.edu.tw/2023/11/17/%e4%b8%ad%e8%8f%af%e6%b0%91%e5%9c%8b%e5%85%a8%e5%9c%8b%e6%95%99%e5%b8%ab%e6%9c%83%e3%80%8c112%e5%b9%b4super%e6%95%99%e5%b8%ab%e7%b6%93%e9%a9%97%e5%88%86%e4%ba%ab%e7%a0%94%e7%bf%92%e3%80%8d/" "Mozilla/5.0 (Windows NT 10.0; Win64; x64) AppleWebKit/537.36 (KHTML, like Gecko) Chrome/144.0.0.0 Safari/537.36"
2409:8a62:9a12:4381:5054:ff:fe92:5559 - - [22/Aug/2026:12:25:48 +0800] "GET /2017/03/30/ HTTP/1.1" 200 17413 "-" "Mozilla/5.0 (Windows NT 10.0; Win64; x64) AppleWebKit/537.36 (KHTML, like Gecko) Chrome/144.0.0.0 Safari/537.36"
2408:872f:d00:4::d - - [22/Aug/2026:12:25:48 +0800] "GET /wp-content/cache/www.najh.ilc.edu.tw/wpfc-minified/kz7ju7r3/6wh9.css HTTP/1.1" 200 5959 "https://www.najh.ilc.edu.tw/2023/11/17/%e4%b8%ad%e8%8f%af%e6%b0%91%e5%9c%8b%e5%85%a8%e5%9c%8b%e6%95%99%e5%b8%ab%e6%9c%83%e3%80%8c112%e5%b9%b4super%e6%95%99%e5%b8%ab%e7%b6%93%e9%a9%97%e5%88%86%e4%ba%ab%e7%a0%94%e7%bf%92%e3%80%8d/" "Mozilla/5.0 (Windows NT 10.0; Win64; x64) AppleWebKit/537.36 (KHTML, like Gecko) Chrome/144.0.0.0 Safari/537.36"
2408:872f:d00:4::d - - [22/Aug/2026:12:25:48 +0800] "GET /wp-content/cache/www.najh.ilc.edu.tw/wpfc-minified/kcxb236g/6wh9.css HTTP/1.1" 200 66147 "https://www.najh.ilc.edu.tw/2023/11/17/%e4%b8%ad%e8%8f%af%e6%b0%91%e5%9c%8b%e5%85%a8%e5%9c%8b%e6%95%99%e5%b8%ab%e6%9c%83%e3%80%8c112%e5%b9%b4super%e6%95%99%e5%b8%ab%e7%b6%93%e9%a9%97%e5%88%86%e4%ba%ab%e7%a0%94%e7%bf%92%e3%80%8d/" "Mozilla/5.0 (Windows NT 10.0; Win64; x64) AppleWebKit/537.36 (KHTML, like Gecko) Chrome/144.0.0.0 Safari/537.36"
2408:872f:d00:4::d - - [22/Aug/2026:12:25:48 +0800] "GET /wp-content/cache/www.najh.ilc.edu.tw/wpfc-minified/k0kc5650/6wh9.js HTTP/1.1" 200 40360 "https://www.najh.ilc.edu.tw/2023/11/17/%e4%b8%ad%e8%8f%af%e6%b0%91%e5%9c%8b%e5%85%a8%e5%9c%8b%e6%95%99%e5%b8%ab%e6%9c%83%e3%80%8c112%e5%b9%b4super%e6%95%99%e5%b8%ab%e7%b6%93%e9%a9%97%e5%88%86%e4%ba%ab%e7%a0%94%e7%bf%92%e3%80%8d/" "Mozilla/5.0 (Windows NT 10.0; Win64; x64) AppleWebKit/537.36 (KHTML, like Gecko) Chrome/144.0.0.0 Safari/537.36"
2408:872f:d00:4::d - - [22/Aug/2026:12:25:48 +0800] "GET /wp-content/cache/www.najh.ilc.edu.tw/wpfc-minified/2b17nkg1/6wh9.js HTTP/1.1" 200 6441 "https://www.najh.ilc.edu.tw/2023/11/17/%e4%b8%ad%e8%8f%af%e6%b0%91%e5%9c%8b%e5%85%a8%e5%9c%8b%e6%95%99%e5%b8%ab%e6%9c%83%e3%80%8c112%e5%b9%b4super%e6%95%99%e5%b8%ab%e7%b6%93%e9%a9%97%e5%88%86%e4%ba%ab%e7%a0%94%e7%bf%92%e3%80%8d/" "Mozilla/5.0 (Windows NT 10.0; Win64; x64) AppleWebKit/537.36 (KHTML, like Gecko) Chrome/144.0.0.0 Safari/537.36"
2408:872f:d00:4::d - - [22/Aug/2026:12:25:48 +0800] "GET /wp-includes/js/hoverintent-js.min.js HTTP/1.1" 200 1597 "https://www.najh.ilc.edu.tw/2023/11/17/%e4%b8%ad%e8%8f%af%e6%b0%91%e5%9c%8b%e5%85%a8%e5%9c%8b%e6%95%99%e5%b8%ab%e6%9c%83%e3%80%8c112%e5%b9%b4super%e6%95%99%e5%b8%ab%e7%b6%93%e9%a9%97%e5%88%86%e4%ba%ab%e7%a0%94%e7%bf%92%e3%80%8d/" "Mozilla/5.0 (Windows NT 10.0; Win64; x64) AppleWebKit/537.36 (KHTML, like Gecko) Chrome/144.0.0.0 Safari/537.36"
140.111.67.10 - - [22/Aug/2026:12:25:49 +0800] "GET /" 301 273 "-" "-"
2409:8a62:9a12:4381:5054:ff:fe92:5559 - - [22/Aug/2026:12:25:49 +0800] "GET /wp-content/cache/www.cwjh.ilc.edu.tw/wpfc-minified/2mrmz3dm/77dd.css HTTP/1.1" 200 40884 "https://www.cwjh.ilc.edu.tw/2017/03/30/" "Mozilla/5.0 (Windows NT 10.0; Win64; x64) AppleWebKit/537.36 (KHTML, like Gecko) Chrome/144.0.0.0 Safari/537.36"
2408:872f:d00:4::d - - [22/Aug/2026:12:25:49 +0800] "GET /wp-content/themes/oceanwp/assets/js/vendors/magnific-popup.min.js HTTP/1.1" 200 8270 "https://www.najh.ilc.edu.tw/2023/11/17/%e4%b8%ad%e8%8f%af%e6%b0%91%e5%9c%8b%e5%85%a8%e5%9c%8b%e6%95%99%e5%b8%ab%e6%9c%83%e3%80%8c112%e5%b9%b4super%e6%95%99%e5%b8%ab%e7%b6%93%e9%a9%97%e5%88%86%e4%ba%ab%e7%a0%94%e7%bf%92%e3%80%8d/" "Mozilla/5.0 (Windows NT 10.0; Win64; x64) AppleWebKit/537.36 (KHTML, like Gecko) Chrome/144.0.0.0 Safari/537.36"
2408:872f:d00:4::d - - [22/Aug/2026:12:25:49 +0800] "GET /wp-content/themes/oceanwp/assets/js/drop-down-search.min.js HTTP/1.1" 200 2968 "https://www.najh.ilc.edu.tw/2023/11/17/%e4%b8%ad%e8%8f%af%e6%b0%91%e5%9c%8b%e5%85%a8%e5%9c%8b%e6%95%99%e5%b8%ab%e6%9c%83%e3%80%8c112%e5%b9%b4super%e6%95%99%e5%b8%ab%e7%b6%93%e9%a9%97%e5%88%86%e4%ba%ab%e7%a0%94%e7%bf%92%e3%80%8d/" "Mozilla/5.0 (Windows NT 10.0; Win64; x64) AppleWebKit/537.36 (KHTML, like Gecko) Chrome/144.0.0.0 Safari/537.36"
2408:872f:d00:4::d - - [22/Aug/2026:12:25:49 +0800] "GET /wp-content/themes/oceanwp/assets/js/theme.min.js HTTP/1.1" 200 5130 "https://www.najh.ilc.edu.tw/2023/11/17/%e4%b8%ad%e8%8f%af%e6%b0%91%e5%9c%8b%e5%85%a8%e5%9c%8b%e6%95%99%e5%b8%ab%e6%9c%83%e3%80%8c112%e5%b9%b4super%e6%95%99%e5%b8%ab%e7%b6%93%e9%a9%97%e5%88%86%e4%ba%ab%e7%a0%94%e7%bf%92%e3%80%8d/" "Mozilla/5.0 (Windows NT 10.0; Win64; x64) AppleWebKit/537.36 (KHTML, like Gecko) Chrome/144.0.0.0 Safari/537.36"
2408:872f:d00:4::d - - [22/Aug/2026:12:25:49 +0800] "GET /wp-content/themes/oceanwp/assets/js/drop-down-mobile-menu.min.js HTTP/1.1" 200 4663 "https://www.najh.ilc.edu.tw/2023/11/17/%e4%b8%ad%e8%8f%af%e6%b0%91%e5%9c%8b%e5%85%a8%e5%9c%8b%e6%95%99%e5%b8%ab%e6%9c%83%e3%80%8c112%e5%b9%b4super%e6%95%99%e5%b8%ab%e7%b6%93%e9%a9%97%e5%88%86%e4%ba%ab%e7%a0%94%e7%bf%92%e3%80%8d/" "Mozilla/5.0 (Windows NT 10.0; Win64; x64) AppleWebKit/537.36 (KHTML, like Gecko) Chrome/144.0.0.0 Safari/537.36"
2408:872f:d00:4::d - - [22/Aug/2026:12:25:49 +0800] "GET /wp-content/themes/oceanwp/assets/js/ow-lightbox.min.js HTTP/1.1" 200 2321 "https://www.najh.ilc.edu.tw/2023/11/17/%e4%b8%ad%e8%8f%af%e6%b0%91%e5%9c%8b%e5%85%a8%e5%9c%8b%e6%95%99%e5%b8%ab%e6%9c%83%e3%80%8c112%e5%b9%b4super%e6%95%99%e5%b8%ab%e7%b6%93%e9%a9%97%e5%88%86%e4%ba%ab%e7%a0%94%e7%bf%92%e3%80%8d/" "Mozilla/5.0 (Windows NT 10.0; Win64; x64) AppleWebKit/537.36 (KHTML, like Gecko) Chrome/144.0.0.0 Safari/537.36"
2408:872f:d00:4::d - - [22/Aug/2026:12:25:49 +0800] "GET /wp-content/themes/oceanwp/assets/js/vendors/flickity.pkgd.min.js HTTP/1.1" 200 15048 "https://www.najh.ilc.edu.tw/2023/11/17/%e4%b8%ad%e8%8f%af%e6%b0%91%e5%9c%8b%e5%85%a8%e5%9c%8b%e6%95%99%e5%b8%ab%e6%9c%83%e3%80%8c112%e5%b9%b4super%e6%95%99%e5%b8%ab%e7%b6%93%e9%a9%97%e5%88%86%e4%ba%ab%e7%a0%94%e7%bf%92%e3%80%8d/" "Mozilla/5.0 (Windows NT 10.0; Win64; x64) AppleWebKit/537.36 (KHTML, like Gecko) Chrome/144.0.0.0 Safari/537.36"
2408:872f:d00:4::d - - [22/Aug/2026:12:25:49 +0800] "GET /wp-content/themes/oceanwp/assets/js/ow-slider.min.js HTTP/1.1" 200 1761 "https://www.najh.ilc.edu.tw/2023/11/17/%e4%b8%ad%e8%8f%af%e6%b0%91%e5%9c%8b%e5%85%a8%e5%9c%8b%e6%95%99%e5%b8%ab%e6%9c%83%e3%80%8c112%e5%b9%b4super%e6%95%99%e5%b8%ab%e7%b6%93%e9%a9%97%e5%88%86%e4%ba%ab%e7%a0%94%e7%bf%92%e3%80%8d/" "Mozilla/5.0 (Windows NT 10.0; Win64; x64) AppleWebKit/537.36 (KHTML, like Gecko) Chrome/144.0.0.0 Safari/537.36"
2408:872f:d00:4::d - - [22/Aug/2026:12:25:49 +0800] "GET /wp-content/themes/oceanwp/assets/js/scroll-effect.min.js HTTP/1.1" 200 4127 "https://www.najh.ilc.edu.tw/2023/11/17/%e4%b8%ad%e8%8f%af%e6%b0%91%e5%9c%8b%e5%85%a8%e5%9c%8b%e6%95%99%e5%b8%ab%e6%9c%83%e3%80%8c112%e5%b9%b4super%e6%95%99%e5%b8%ab%e7%b6%93%e9%a9%97%e5%88%86%e4%ba%ab%e7%a0%94%e7%bf%92%e3%80%8d/" "Mozilla/5.0 (Windows NT 10.0; Win64; x64) AppleWebKit/537.36 (KHTML, like Gecko) Chrome/144.0.0.0 Safari/537.36"
2408:872f:d00:4::d - - [22/Aug/2026:12:25:49 +0800] "GET /wp-content/themes/oceanwp/assets/js/scroll-top.min.js HTTP/1.1" 200 3202 "https://www.najh.ilc.edu.tw/2023/11/17/%e4%b8%ad%e8%8f%af%e6%b0%91%e5%9c%8b%e5%85%a8%e5%9c%8b%e6%95%99%e5%b8%ab%e6%9c%83%e3%80%8c112%e5%b9%b4super%e6%95%99%e5%b8%ab%e7%b6%93%e9%a9%97%e5%88%86%e4%ba%ab%e7%a0%94%e7%bf%92%e3%80%8d/" "Mozilla/5.0 (Windows NT 10.0; Win64; x64) AppleWebKit/537.36 (KHTML, like Gecko) Chrome/144.0.0.0 Safari/537.36"
2408:872f:d00:4::d - - [22/Aug/2026:12:25:49 +0800] "GET /wp-content/themes/oceanwp/assets/js/select.min.js HTTP/1.1" 200 2408 "https://www.najh.ilc.edu.tw/2023/11/17/%e4%b8%ad%e8%8f%af%e6%b0%91%e5%9c%8b%e5%85%a8%e5%9c%8b%e6%95%99%e5%b8%ab%e6%9c%83%e3%80%8c112%e5%b9%b4super%e6%95%99%e5%b8%ab%e7%b6%93%e9%a9%97%e5%88%86%e4%ba%ab%e7%a0%94%e7%bf%92%e3%80%8d/" "Mozilla/5.0 (Windows NT 10.0; Win64; x64) AppleWebKit/537.36 (KHTML, like Gecko) Chrome/144.0.0.0 Safari/537.36"
2409:8a62:9a12:4381:5054:ff:fe92:5559 - - [22/Aug/2026:12:25:49 +0800] "GET /wp-content/cache/www.cwjh.ilc.edu.tw/wpfc-minified/7957u2ji/77dd.css HTTP/1.1" 200 16121 "https://www.cwjh.ilc.edu.tw/2017/03/30/" "Mozilla/5.0 (Windows NT 10.0; Win64; x64) AppleWebKit/537.36 (KHTML, like Gecko) Chrome/144.0.0.0 Safari/537.36"
2409:8a62:9a12:4381:5054:ff:fe92:5559 - - [22/Aug/2026:12:25:49 +0800] "GET /wp-content/cache/www.cwjh.ilc.edu.tw/wpfc-minified/8wopko65/77dd.css HTTP/1.1" 200 1496 "https://www.cwjh.ilc.edu.tw/2017/03/30/" "Mozilla/5.0 (Windows NT 10.0; Win64; x64) AppleWebKit/537.36 (KHTML, like Gecko) Chrome/144.0.0.0 Safari/537.36"
74.7.242.54 - - [22/Aug/2026:12:25:48 +0800] "GET /26150/?p=5118 HTTP/1.1" 301 984 "https://2blog.ilc.edu.tw/26150/2020/12/09/109%e5%b9%b4%e5%ba%a6%e5%b9%b8%e7%a6%8f%e5%ae%b6%e5%ba%ad%e7%a9%ba%e4%b8%ad%e8%ac%9b%e5%a0%82%e7%ac%ac38%e9%9b%86_%e5%a4%b1%e6%99%ba%e7%97%87%e5%ae%b6%e5%ba%ad%e6%83%85%e7%b7%92%e6%95%99%e8%82%b2/" "Mozilla/5.0 AppleWebKit/537.36 (KHTML, like Gecko; compatible; GPTBot/1.4; +https://openai.com/gptbot)"
2409:8a62:9a12:4381:5054:ff:fe92:5559 - - [22/Aug/2026:12:25:49 +0800] "GET /wp-content/cache/www.cwjh.ilc.edu.tw/wpfc-minified/dhutxct0/77dd.css HTTP/1.1" 200 66148 "https://www.cwjh.ilc.edu.tw/2017/03/30/" "Mozilla/5.0 (Windows NT 10.0; Win64; x64) AppleWebKit/537.36 (KHTML, like Gecko) Chrome/144.0.0.0 Safari/537.36"
2408:872f:d00:4::d - - [22/Aug/2026:12:25:50 +0800] "GET /wp-includes/js/mediaelement/mediaelement-and-player.min.js HTTP/1.1" 200 39802 "https://www.najh.ilc.edu.tw/2023/11/17/%e4%b8%ad%e8%8f%af%e6%b0%91%e5%9c%8b%e5%85%a8%e5%9c%8b%e6%95%99%e5%b8%ab%e6%9c%83%e3%80%8c112%e5%b9%b4super%e6%95%99%e5%b8%ab%e7%b6%93%e9%a9%97%e5%88%86%e4%ba%ab%e7%a0%94%e7%bf%92%e3%80%8d/" "Mozilla/5.0 (Windows NT 10.0; Win64; x64) AppleWebKit/537.36 (KHTML, like Gecko) Chrome/144.0.0.0 Safari/537.36"
2408:872f:d00:4::d - - [22/Aug/2026:12:25:50 +0800] "GET /wp-includes/js/mediaelement/mediaelement-migrate.min.js HTTP/1.1" 200 1419 "https://www.najh.ilc.edu.tw/2023/11/17/%e4%b8%ad%e8%8f%af%e6%b0%91%e5%9c%8b%e5%85%a8%e5%9c%8b%e6%95%99%e5%b8%ab%e6%9c%83%e3%80%8c112%e5%b9%b4super%e6%95%99%e5%b8%ab%e7%b6%93%e9%a9%97%e5%88%86%e4%ba%ab%e7%a0%94%e7%bf%92%e3%80%8d/" "Mozilla/5.0 (Windows NT 10.0; Win64; x64) AppleWebKit/537.36 (KHTML, like Gecko) Chrome/144.0.0.0 Safari/537.36"
2408:872f:d00:4::d - - [22/Aug/2026:12:25:50 +0800] "GET /wp-includes/js/mediaelement/wp-mediaelement.min.js HTTP/1.1" 200 1417 "https://www.najh.ilc.edu.tw/2023/11/17/%e4%b8%ad%e8%8f%af%e6%b0%91%e5%9c%8b%e5%85%a8%e5%9c%8b%e6%95%99%e5%b8%ab%e6%9c%83%e3%80%8c112%e5%b9%b4super%e6%95%99%e5%b8%ab%e7%b6%93%e9%a9%97%e5%88%86%e4%ba%ab%e7%a0%94%e7%bf%92%e3%80%8d/" "Mozilla/5.0 (Windows NT 10.0; Win64; x64) AppleWebKit/537.36 (KHTML, like Gecko) Chrome/144.0.0.0 Safari/537.36"
2408:872f:d00:4::d - - [22/Aug/2026:12:25:50 +0800] "GET /wp-includes/js/mediaelement/renderers/vimeo.min.js HTTP/1.1" 200 3164 "https://www.najh.ilc.edu.tw/2023/11/17/%e4%b8%ad%e8%8f%af%e6%b0%91%e5%9c%8b%e5%85%a8%e5%9c%8b%e6%95%99%e5%b8%ab%e6%9c%83%e3%80%8c112%e5%b9%b4super%e6%95%99%e5%b8%ab%e7%b6%93%e9%a9%97%e5%88%86%e4%ba%ab%e7%a0%94%e7%bf%92%e3%80%8d/" "Mozilla/5.0 (Windows NT 10.0; Win64; x64) AppleWebKit/537.36 (KHTML, like Gecko) Chrome/144.0.0.0 Safari/537.36"
36.229.228.159 - - [22/Aug/2026:12:25:50 +0800] "GET / HTTP/1.1" 200 32483 "-" "Mozilla/5.0 (iPhone; CPU iPhone OS 18_7 like Mac OS X) AppleWebKit/605.1.15 (KHTML, like Gecko) Version/26.6 Mobile/15E148 Safari/604.1"
36.229.228.159 - - [22/Aug/2026:12:25:50 +0800] "GET /wp-content/uploads/sites/1482/elementor/css/post-2.css HTTP/1.1" 304 790 "https://www.chjh.ilc.edu.tw/" "Mozilla/5.0 (iPhone; CPU iPhone OS 18_7 like Mac OS X) AppleWebKit/605.1.15 (KHTML, like Gecko) Version/26.6 Mobile/15E148 Safari/604.1"
36.229.228.159 - - [22/Aug/2026:12:25:50 +0800] "GET /wp-content/uploads/sites/1482/2026/05/114%E5%AD%B8%E5%B9%B4%E5%BA%A6%E8%81%AF%E8%B3%BD%E6%88%90%E7%B8%BE.jpg HTTP/1.1" 304 5590 "https://www.chjh.ilc.edu.tw/" "Mozilla/5.0 (iPhone; CPU iPhone OS 18_7 like Mac OS X) AppleWebKit/605.1.15 (KHTML, like Gecko) Version/26.6 Mobile/15E148 Safari/604.1"
36.229.228.159 - - [22/Aug/2026:12:25:50 +0800] "GET /wp-content/uploads/sites/1482/2026/05/115%E5%85%A8%E4%B8%AD%E9%81%8B%E6%88%90%E7%B8%BE.jpg HTTP/1.1" 304 5590 "https://www.chjh.ilc.edu.tw/" "Mozilla/5.0 (iPhone; CPU iPhone OS 18_7 like Mac OS X) AppleWebKit/605.1.15 (KHTML, like Gecko) Version/26.6 Mobile/15E148 Safari/604.1"
2409:8a62:9a12:4381:5054:ff:fe92:5559 - - [22/Aug/2026:12:25:50 +0800] "GET /wp-content/cache/www.cwjh.ilc.edu.tw/wpfc-minified/f11u7byj/77dd.js HTTP/1.1" 200 40362 "https://www.cwjh.ilc.edu.tw/2017/03/30/" "Mozilla/5.0 (Windows NT 10.0; Win64; x64) AppleWebKit/537.36 (KHTML, like Gecko) Chrome/144.0.0.0 Safari/537.36"
2409:8a62:9a12:4381:5054:ff:fe92:5559 - - [22/Aug/2026:12:25:50 +0800] "GET /wp-includes/js/hoverintent-js.min.js HTTP/1.1" 200 1597 "https://www.cwjh.ilc.edu.tw/2017/03/30/" "Mozilla/5.0 (Windows NT 10.0; Win64; x64) AppleWebKit/537.36 (KHTML, like Gecko) Chrome/144.0.0.0 Safari/537.36"
2408:872f:d00:4::d - - [22/Aug/2026:12:25:50 +0800] "GET /wp-content/themes/oceanwp/assets/fonts/fontawesome/webfonts/fa-solid-900.woff2 HTTP/1.1" 200 151246 "https://www.najh.ilc.edu.tw/wp-content/cache/www.najh.ilc.edu.tw/wpfc-minified/kcxb236g/6wh9.css" "Mozilla/5.0 (Windows NT 10.0; Win64; x64) AppleWebKit/537.36 (KHTML, like Gecko) Chrome/144.0.0.0 Safari/537.36"
2408:872f:d00:4::d - - [22/Aug/2026:12:25:50 +0800] "GET /wp-content/themes/oceanwp/assets/fonts/fontawesome/webfonts/fa-regular-400.woff2 HTTP/1.1" 200 25383 "https://www.najh.ilc.edu.tw/wp-content/cache/www.najh.ilc.edu.tw/wpfc-minified/kcxb236g/6wh9.css" "Mozilla/5.0 (Windows NT 10.0; Win64; x64) AppleWebKit/537.36 (KHTML, like Gecko) Chrome/144.0.0.0 Safari/537.36"
185.191.171.2 - - [22/Aug/2026:12:25:48 +0800] "GET /21/2008/06/ HTTP/1.1" 200 16465 "-" "Mozilla/5.0 (compatible; SemrushBot/7~bl; +http://www.semrush.com/bot.html)"
2409:8a62:9a12:4381:5054:ff:fe92:5559 - - [22/Aug/2026:12:25:50 +0800] "GET /wp-includes/js/admin-bar.min.js HTTP/1.1" 200 2237 "https://www.cwjh.ilc.edu.tw/2017/03/30/" "Mozilla/5.0 (Windows NT 10.0; Win64; x64) AppleWebKit/537.36 (KHTML, like Gecko) Chrome/144.0.0.0 Safari/537.36"
2409:8a62:9a12:4381:5054:ff:fe92:5559 - - [22/Aug/2026:12:25:50 +0800] "GET /wp-includes/js/imagesloaded.min.js HTTP/1.1" 200 2683 "https://www.cwjh.ilc.edu.tw/2017/03/30/" "Mozilla/5.0 (Windows NT 10.0; Win64; x64) AppleWebKit/537.36 (KHTML, like Gecko) Chrome/144.0.0.0 Safari/537.36"
2409:8a62:9a12:4381:5054:ff:fe92:5559 - - [22/Aug/2026:12:25:51 +0800] "GET /wp-content/themes/oceanwp/assets/js/theme.min.js HTTP/1.1" 200 5130 "https://www.cwjh.ilc.edu.tw/2017/03/30/" "Mozilla/5.0 (Windows NT 10.0; Win64; x64) AppleWebKit/537.36 (KHTML, like Gecko) Chrome/144.0.0.0 Safari/537.36"
2409:8a62:9a12:4381:5054:ff:fe92:5559 - - [22/Aug/2026:12:25:51 +0800] "GET /wp-content/themes/oceanwp/assets/js/drop-down-mobile-menu.min.js HTTP/1.1" 200 4663 "https://www.cwjh.ilc.edu.tw/2017/03/30/" "Mozilla/5.0 (Windows NT 10.0; Win64; x64) AppleWebKit/537.36 (KHTML, like Gecko) Chrome/144.0.0.0 Safari/537.36"
2409:8a62:9a12:4381:5054:ff:fe92:5559 - - [22/Aug/2026:12:25:51 +0800] "GET /wp-content/themes/oceanwp/assets/js/drop-down-search.min.js HTTP/1.1" 200 3307 "https://www.cwjh.ilc.edu.tw/2017/03/30/" "Mozilla/5.0 (Windows NT 10.0; Win64; x64) AppleWebKit/537.36 (KHTML, like Gecko) Chrome/144.0.0.0 Safari/537.36"
2409:8a62:9a12:4381:5054:ff:fe92:5559 - - [22/Aug/2026:12:25:51 +0800] "GET /wp-content/themes/oceanwp/assets/js/vendors/magnific-popup.min.js HTTP/1.1" 200 8270 "https://www.cwjh.ilc.edu.tw/2017/03/30/" "Mozilla/5.0 (Windows NT 10.0; Win64; x64) AppleWebKit/537.36 (KHTML, like Gecko) Chrome/144.0.0.0 Safari/537.36"
2409:8714:e95:160:102::c - - [22/Aug/2026:12:25:51 +0800] "GET /%e5%85%ac%e9%96%8b%e6%8e%88%e8%aa%b2 HTTP/1.1" 301 5798 "-" "Mozilla/5.0 (Windows NT 10.0; Win64; x64) AppleWebKit/537.36 (KHTML, like Gecko) Chrome/144.0.0.0 Safari/537.36"
2409:8a62:9a12:4381:5054:ff:fe92:5559 - - [22/Aug/2026:12:25:51 +0800] "GET /wp-content/themes/oceanwp/assets/js/ow-lightbox.min.js HTTP/1.1" 200 2321 "https://www.cwjh.ilc.edu.tw/2017/03/30/" "Mozilla/5.0 (Windows NT 10.0; Win64; x64) AppleWebKit/537.36 (KHTML, like Gecko) Chrome/144.0.0.0 Safari/537.36"
2409:8a62:9a12:4381:5054:ff:fe92:5559 - - [22/Aug/2026:12:25:51 +0800] "GET /wp-content/themes/oceanwp/assets/js/vendors/flickity.pkgd.min.js HTTP/1.1" 200 15048 "https://www.cwjh.ilc.edu.tw/2017/03/30/" "Mozilla/5.0 (Windows NT 10.0; Win64; x64) AppleWebKit/537.36 (KHTML, like Gecko) Chrome/144.0.0.0 Safari/537.36"
52.6.97.88 - - [22/Aug/2026:12:25:51 +0800] "GET /wp-content/uploads/sites/3585/staatic/resources/9/6daf75d378a707f17258d5be14b9a0fc877081c HTTP/1.1" 200 840 "-" "Mozilla/5.0 AppleWebKit/537.36 (KHTML, like Gecko; compatible; Amazonbot/0.1; +https://developer.amazon.com/support/amazonbot) Chrome/119.0.6045.214 Safari/537.36"
2409:8a62:9a12:4381:5054:ff:fe92:5559 - - [22/Aug/2026:12:25:51 +0800] "GET /wp-content/themes/oceanwp/assets/js/ow-slider.min.js HTTP/1.1" 200 1761 "https://www.cwjh.ilc.edu.tw/2017/03/30/" "Mozilla/5.0 (Windows NT 10.0; Win64; x64) AppleWebKit/537.36 (KHTML, like Gecko) Chrome/144.0.0.0 Safari/537.36"
2409:8a62:9a12:4381:5054:ff:fe92:5559 - - [22/Aug/2026:12:25:51 +0800] "GET /wp-content/themes/oceanwp/assets/js/scroll-effect.min.js HTTP/1.1" 200 4127 "https://www.cwjh.ilc.edu.tw/2017/03/30/" "Mozilla/5.0 (Windows NT 10.0; Win64; x64) AppleWebKit/537.36 (KHTML, like Gecko) Chrome/144.0.0.0 Safari/537.36"
2409:8a62:9a12:4381:5054:ff:fe92:5559 - - [22/Aug/2026:12:25:52 +0800] "GET /wp-content/themes/oceanwp/assets/js/scroll-top.min.js HTTP/1.1" 200 3202 "https://www.cwjh.ilc.edu.tw/2017/03/30/" "Mozilla/5.0 (Windows NT 10.0; Win64; x64) AppleWebKit/537.36 (KHTML, like Gecko) Chrome/144.0.0.0 Safari/537.36"
74.7.242.54 - - [22/Aug/2026:12:25:50 +0800] "GET /26150/?p=3022 HTTP/1.1" 301 985 "https://2blog.ilc.edu.tw/26150/2014/08/28/103%e5%b9%b4%e5%ba%a6%e7%ac%ac34%e6%ac%a1%e5%b9%b8%e7%a6%8f%e5%ae%b6%e5%ba%ad-%e7%a9%ba%e4%b8%ad%e8%ac%9b%e5%a0%82-%e8%a6%aa%e5%af%86%e5%96%9c%e6%82%85%e7%9a%84%e4%bc%b4%e4%be%b6%e9%97%9c%e4%bf%82/" "Mozilla/5.0 AppleWebKit/537.36 (KHTML, like Gecko; compatible; GPTBot/1.4; +https://openai.com/gptbot)"
2409:8a62:9a12:4381:5054:ff:fe92:5559 - - [22/Aug/2026:12:25:52 +0800] "GET /wp-content/themes/oceanwp/assets/js/select.min.js HTTP/1.1" 200 2408 "https://www.cwjh.ilc.edu.tw/2017/03/30/" "Mozilla/5.0 (Windows NT 10.0; Win64; x64) AppleWebKit/537.36 (KHTML, like Gecko) Chrome/144.0.0.0 Safari/537.36"
2409:8a62:9a12:4381:5054:ff:fe92:5559 - - [22/Aug/2026:12:25:52 +0800] "GET /wp-content/plugins/ocean-extra/includes/widgets/js/flickr.min.js HTTP/1.1" 200 1319 "https://www.cwjh.ilc.edu.tw/2017/03/30/" "Mozilla/5.0 (Windows NT 10.0; Win64; x64) AppleWebKit/537.36 (KHTML, like Gecko) Chrome/144.0.0.0 Safari/537.36"
2409:8714:e95:160:102::c - - [22/Aug/2026:12:25:52 +0800] "GET /%e5%85%ac%e9%96%8b%e6%8e%88%e8%aa%b2/ HTTP/1.1" 200 15290 "-" "Mozilla/5.0 (Windows NT 10.0; Win64; x64) AppleWebKit/537.36 (KHTML, like Gecko) Chrome/144.0.0.0 Safari/537.36"
2409:8a62:9a12:4381:5054:ff:fe92:5559 - - [22/Aug/2026:12:25:52 +0800] "GET /wp-content/themes/oceanwp/assets/fonts/simple-line-icons/Simple-Line-Icons.woff2?v=2.4.0 HTTP/1.1" 200 30959 "https://www.cwjh.ilc.edu.tw/wp-content/cache/www.cwjh.ilc.edu.tw/wpfc-minified/dhutxct0/77dd.css" "Mozilla/5.0 (Windows NT 10.0; Win64; x64) AppleWebKit/537.36 (KHTML, like Gecko) Chrome/144.0.0.0 Safari/537.36"
2409:8a62:9a12:4381:5054:ff:fe92:5559 - - [22/Aug/2026:12:25:52 +0800] "GET /wp-content/themes/oceanwp/assets/fonts/fontawesome/webfonts/fa-solid-900.woff2 HTTP/1.1" 200 151246 "https://www.cwjh.ilc.edu.tw/wp-content/cache/www.cwjh.ilc.edu.tw/wpfc-minified/dhutxct0/77dd.css" "Mozilla/5.0 (Windows NT 10.0; Win64; x64) AppleWebKit/537.36 (KHTML, like Gecko) Chrome/144.0.0.0 Safari/537.36"
2001:288:a201::66:125 - - [22/Aug/2026:12:25:53 +0800] "GET /blog/active.php HTTP/1.1" 301 1026 "-" "-"
2001:288:a201::66:125 - - [22/Aug/2026:12:25:53 +0800] "GET /blog/active.php HTTP/1.1" 404 1084 "-" "-"
44.223.115.10 - - [22/Aug/2026:12:25:53 +0800] "GET /englishvillage/20210319_112212-jpg-2/ HTTP/1.1" 200 12650 "-" "Mozilla/5.0 AppleWebKit/537.36 (KHTML, like Gecko; compatible; Amazonbot/0.1; +https://developer.amazon.com/support/amazonbot) Chrome/119.0.6045.214 Safari/537.36"
54.167.32.123 - - [22/Aug/2026:12:25:47 +0800] "GET /wp-content/uploads/sites/1364/21502/21502-4232071.pdf HTTP/1.1" 200 6522543 "-" "Mozilla/5.0 AppleWebKit/537.36 (KHTML, like Gecko; compatible; Amazonbot/0.1; +https://developer.amazon.com/support/amazonbot) Chrome/119.0.6045.214 Safari/537.36"
74.7.242.54 - - [22/Aug/2026:12:25:52 +0800] "GET /26150/?p=3152 HTTP/1.1" 301 981 "https://2blog.ilc.edu.tw/26150/2015/07/22/104%e5%b9%b4%e5%ba%a6%e7%a5%96%e5%ad%ab%e5%a4%8f%e4%bb%a4%e7%87%9f%e6%b4%bb%e5%8b%95%e9%96%8b%e8%b7%91%e4%ba%86%ef%bc%8c%e5%8d%b3%e6%97%a5%e8%b5%b7%e9%96%8b%e6%94%be%e5%a0%b1%e5%90%8d%ef%bc%8c/" "Mozilla/5.0 AppleWebKit/537.36 (KHTML, like Gecko; compatible; GPTBot/1.4; +https://openai.com/gptbot)"
140.111.67.10 - - [22/Aug/2026:12:25:54 +0800] "GET /" 301 273 "-" "-"
36.229.234.195 - - [22/Aug/2026:12:25:54 +0800] "GET / HTTP/1.1" 200 30637 "-" "Mozilla/5.0 (Windows NT 10.0; Win64; x64) AppleWebKit/537.36 (KHTML, like Gecko) Chrome/151.0.0.0 Safari/537.36"
85.208.96.193 - - [22/Aug/2026:12:25:54 +0800] "GET /plesnormalteaching/2021/10/12/1101012%E5%85%AD%E5%BF%A0%E8%87%AA%E7%84%B6%E5%82%99%E8%AA%B2%E3%80%81%E8%AD%B0%E8%AA%B2%E5%8F%8A%E6%88%90%E6%9E%9C%E7%B4%80%E9%8C%84/ HTTP/1.1" 200 16865 "-" "Mozilla/5.0 (compatible; SemrushBot/7~bl; +http://www.semrush.com/bot.html)"
2409:8a62:9a12:4381:5054:ff:fe92:5559 - - [22/Aug/2026:12:25:55 +0800] "GET /wp-content/uploads/sites/1364/2020/02/cropped-cwjh001-32x32.png HTTP/1.1" 200 3126 "https://www.cwjh.ilc.edu.tw/2017/03/30/" "Mozilla/5.0 (Windows NT 10.0; Win64; x64) AppleWebKit/537.36 (KHTML, like Gecko) Chrome/144.0.0.0 Safari/537.36"
2409:8714:e95:160:102::c - - [22/Aug/2026:12:25:55 +0800] "GET /wp-content/cache/www.awes.ilc.edu.tw/wpfc-minified/jpe9vy0y/88bd.css HTTP/1.1" 200 40884 "https://www.awes.ilc.edu.tw/%e5%85%ac%e9%96%8b%e6%8e%88%e8%aa%b2/" "Mozilla/5.0 (Windows NT 10.0; Win64; x64) AppleWebKit/537.36 (KHTML, like Gecko) Chrome/144.0.0.0 Safari/537.36"
::1 - - [22/Aug/2026:12:25:55 +0800] "OPTIONS * HTTP/1.0" 200 110 "-" "Apache/2.4.68 (Ubuntu) OpenSSL/3.0.19 (internal dummy connection)"
74.7.242.54 - - [22/Aug/2026:12:25:54 +0800] "GET /26150/?p=3660 HTTP/1.1" 301 985 "https://2blog.ilc.edu.tw/26150/2019/04/12/108%e5%b9%b4%e5%ba%a6%e5%b9%b8%e7%a6%8f%e5%ae%b6%e5%ba%ad%e7%a9%ba%e4%b8%ad%e8%ac%9b%e5%a0%82%e7%ac%ac15%e9%9b%86-%e7%88%b6%e6%af%8d%e6%98%af%e5%ad%a9%e5%ad%90%e7%9a%84%e6%98%8e%e9%8f%a1-%e9%99%b3/" "Mozilla/5.0 AppleWebKit/537.36 (KHTML, like Gecko; compatible; GPTBot/1.4; +https://openai.com/gptbot)"
34.234.200.207 - - [22/Aug/2026:12:25:55 +0800] "GET /32745/2020/08/11/%E8%A8%98%E6%8C%81%E7%B8%BD%E6%98%AF%E5%A4%AA%E6%B2%89%E9%87%8D/ HTTP/1.1" 200 92226 "-" "Mozilla/5.0 AppleWebKit/537.36 (KHTML, like Gecko; compatible; Amazonbot/0.1; +https://developer.amazon.com/support/amazonbot) Chrome/119.0.6045.214 Safari/537.36"
34.57.162.91 - - [22/Aug/2026:12:25:54 +0800] "GET /wp-content/uploads/sites/1569/27417/27417-2235486.pdf HTTP/1.1" 200 1047242 "-" "Mozilla/5.0 (Macintosh; Intel Mac OS X 10_15_7) AppleWebKit/537.36 (KHTML, like Gecko) Chrome/120.0.0.0 Safari/537.36"
::1 - - [22/Aug/2026:12:25:56 +0800] "OPTIONS * HTTP/1.0" 200 110 "-" "Apache/2.4.68 (Ubuntu) OpenSSL/3.0.19 (internal dummy connection)"
34.56.53.225 - - [22/Aug/2026:12:25:57 +0800] "GET /2020/07/27/20200725%E6%A0%A1%E5%8F%8B%E7%9B%83%E4%B8%89%E5%B0%8D%E4%B8%89%E7%B1%83%E7%90%83%E8%B3%BD/dsc_3572/ HTTP/1.1" 200 18935 "-" "Mozilla/5.0 (Macintosh; Intel Mac OS X 10_15_7) AppleWebKit/537.36 (KHTML, like Gecko) Chrome/120.0.0.0 Safari/537.36"
::1 - - [22/Aug/2026:12:25:57 +0800] "OPTIONS * HTTP/1.0" 200 110 "-" "Apache/2.4.68 (Ubuntu) OpenSSL/3.0.19 (internal dummy connection)"
74.7.242.54 - - [22/Aug/2026:12:25:56 +0800] "GET /26150/?p=3265 HTTP/1.1" 301 981 "https://2blog.ilc.edu.tw/26150/2016/04/19/%e8%bd%89%e7%9f%a5%e5%ae%9c%e8%98%ad%e7%b8%a3%e7%ab%8b%e9%ab%94%e8%82%b2%e5%a0%b4105%e5%b9%b4%e5%ba%a6%e7%be%85%e6%9d%b1%e9%81%8b%e5%8b%95%e5%85%ac%e5%9c%92%e6%b8%b8%e6%b3%b3%e6%b1%a0%e9%96%8b/" "Mozilla/5.0 AppleWebKit/537.36 (KHTML, like Gecko; compatible; GPTBot/1.4; +https://openai.com/gptbot)"
2001:288:a201::66:125 - - [22/Aug/2026:12:25:58 +0800] "GET /blog/active.php HTTP/1.1" 301 1026 "-" "-"
2001:288:a201::66:125 - - [22/Aug/2026:12:25:58 +0800] "GET /blog/active.php HTTP/1.1" 404 1084 "-" "-"
185.191.171.4 - - [22/Aug/2026:12:25:58 +0800] "GET /kkesse/2022/10/ HTTP/1.1" 200 14417 "-" "Mozilla/5.0 (compatible; SemrushBot/7~bl; +http://www.semrush.com/bot.html)"
::1 - - [22/Aug/2026:12:25:58 +0800] "OPTIONS * HTTP/1.0" 200 110 "-" "Apache/2.4.68 (Ubuntu) OpenSSL/3.0.19 (internal dummy connection)"
136.119.35.120 - - [22/Aug/2026:12:25:58 +0800] "GET /?p=1080 HTTP/1.1" 301 5833 "-" "Mozilla/5.0 (Macintosh; Intel Mac OS X 10_15_7) AppleWebKit/537.36 (KHTML, like Gecko) Chrome/120.0.0.0 Safari/537.36"
140.111.67.10 - - [22/Aug/2026:12:25:59 +0800] "GET /" 301 273 "-" "-"
3.214.176.44 - - [22/Aug/2026:12:25:58 +0800] "GET /wp-content/uploads/sites/2307/2864/previews-med/2864-4125413.jpg HTTP/1.1" 200 65366 "-" "Mozilla/5.0 AppleWebKit/537.36 (KHTML, like Gecko; compatible; Amazonbot/0.1; +https://developer.amazon.com/support/amazonbot) Chrome/119.0.6045.214 Safari/537.36"
140.111.67.195 - - [22/Aug/2026:12:25:59 +0800] "GET /wp-admin/admin-post.php?action=steps_ad HTTP/1.1" 200 1973 "-" "node-fetch/1.0 (+https://github.com/bitinn/node-fetch)"
::1 - - [22/Aug/2026:12:25:59 +0800] "OPTIONS * HTTP/1.0" 200 110 "-" "Apache/2.4.68 (Ubuntu) OpenSSL/3.0.19 (internal dummy connection)"
52.0.218.219 - - [22/Aug/2026:12:25:59 +0800] "GET /32745/wp-json/wp/v2/posts/26449 HTTP/1.1" 200 19978 "-" "Mozilla/5.0 AppleWebKit/537.36 (KHTML, like Gecko; compatible; Amazonbot/0.1; +https://developer.amazon.com/support/amazonbot) Chrome/119.0.6045.214 Safari/537.36"
74.7.242.54 - - [22/Aug/2026:12:25:58 +0800] "GET /26150/?p=2950 HTTP/1.1" 301 1110 "https://2blog.ilc.edu.tw/26150/2014/04/07/%e8%bd%89%e7%9f%a5%e6%95%99%e8%82%b2%e9%83%a8103%e5%b9%b4%e5%ba%a6%e9%96%a9%e5%8d%97%e8%aa%9e%e8%aa%9e%e8%a8%80%e8%83%bd%e5%8a%9b%e8%aa%8d%e8%ad%89%e8%80%83%e8%a9%a6%ef%bc%8c%e6%ad%a1%e8%bf%8e/" "Mozilla/5.0 AppleWebKit/537.36 (KHTML, like Gecko; compatible; GPTBot/1.4; +https://openai.com/gptbot)"
85.208.96.203 - - [22/Aug/2026:12:26:00 +0800] "GET /6093/2016/10/24/105_5-10_%E9%85%8D%E5%90%88%E6%B0%B4%E5%9C%9F%E4%BF%9D%E6%8C%81%E5%B1%80%E5%A2%9E%E8%A8%AD%E9%9B%A8%E6%B0%B4%E9%87%8F%E8%A8%88%E4%B8%A6%E8%BE%A6%E7%90%86%E5%AE%A3%E5%B0%8E%E6%B4%BB%E5%8B%95/ HTTP/1.1" 200 20791 "-" "Mozilla/5.0 (compatible; SemrushBot/7~bl; +http://www.semrush.com/bot.html)"
::1 - - [22/Aug/2026:12:26:00 +0800] "OPTIONS * HTTP/1.0" 200 110 "-" "Apache/2.4.68 (Ubuntu) OpenSSL/3.0.19 (internal dummy connection)"
2001:288:a201::67:82 - - [22/Aug/2026:12:26:01 +0800] "GET / HTTP/1.1" 200 56291 "-" "curl/7.81.0"
2001:288:a26f:1:7554:4285:6e71:8cb6 - - [22/Aug/2026:12:26:01 +0800] "GET /wp-content/uploads/sites/3846/2023/07/%E6%95%99%E8%82%B2%E8%99%95%E5%85%AB%E5%A4%A7%E6%96%B9%E9%87%9D.png HTTP/1.1" 200 200327 "https://it.ilc.edu.tw/" "Mozilla/5.0 (Windows NT 10.0; Win64; x64) AppleWebKit/537.36 (KHTML, like Gecko) Chrome/151.0.0.0 Safari/537.36"
34.171.68.95 - - [22/Aug/2026:12:26:01 +0800] "GET /?p=153 HTTP/1.1" 301 5773 "-" "Mozilla/5.0 (Macintosh; Intel Mac OS X 10_15_7) AppleWebKit/537.36 (KHTML, like Gecko) Chrome/120.0.0.0 Safari/537.36"
140.111.67.86 - - [22/Aug/2026:12:26:02 +0800] "GET / HTTP/1.1" 200 56291 "-" "curl/7.81.0"
18.232.36.1 - - [22/Aug/2026:12:26:02 +0800] "GET /englishvillage/wp-content/uploads/sites/3106/2021/04/20210319_112212-300x225.jpg HTTP/1.1" 200 90467 "-" "Mozilla/5.0 AppleWebKit/537.36 (KHTML, like Gecko; compatible; Amazonbot/0.1; +https://developer.amazon.com/support/amazonbot) Chrome/119.0.6045.214 Safari/537.36"
140.111.67.195 - - [22/Aug/2026:12:26:02 +0800] "GET /wp-admin/admin-post.php?action=steps_ad HTTP/1.1" 200 1649 "-" "node-fetch/1.0 (+https://github.com/bitinn/node-fetch)"
52.167.144.140 - - [22/Aug/2026:12:26:02 +0800] "GET /Form/Teacher/ListTeacher.asp?ID=459&Back=/NineOne/List.asp?FD=%BC%C6%BE%C7 HTTP/1.1" 404 85748 "-" "Mozilla/5.0 AppleWebKit/537.36 (KHTML, like Gecko; compatible; bingbot/2.0; +http://www.bing.com/bingbot.htm) Chrome/116.0.1938.76 Safari/537.36"
74.7.242.54 - - [22/Aug/2026:12:26:00 +0800] "GET /26150/?p=3523 HTTP/1.1" 301 982 "https://2blog.ilc.edu.tw/26150/2018/03/22/%e6%84%9b%e5%ae%b6515%e5%9c%8b%e9%9a%9b%e5%ae%b6%e5%ba%ad%e6%97%a5%e3%80%8c%e6%84%9b%e8%88%87%e9%99%aa%e4%bc%b4-%e5%ae%b6%e4%ba%ba%e9%9b%b6%e8%b7%9d%e9%9b%a2%e3%80%8d%e7%b3%bb%e5%88%97%e6%b4%bb/" "Mozilla/5.0 AppleWebKit/537.36 (KHTML, like Gecko; compatible; GPTBot/1.4; +https://openai.com/gptbot)"
2001:288:a26f:1:7554:4285:6e71:8cb6 - - [22/Aug/2026:12:26:02 +0800] "GET /wp-content/uploads/sites/3846/2026/02/%E9%81%BF%E5%85%8D%E8%AA%A4%E5%85%A5%E8%A9%90%E9%A8%99%E7%B6%B2%E7%AB%99APP%E5%B0%8F%E5%B8%B8%E8%AD%98.jpg HTTP/1.1" 200 454833 "https://it.ilc.edu.tw/" "Mozilla/5.0 (Windows NT 10.0; Win64; x64) AppleWebKit/537.36 (KHTML, like Gecko) Chrome/151.0.0.0 Safari/537.36"
2001:288:a26f:1:7554:4285:6e71:8cb6 - - [22/Aug/2026:12:26:02 +0800] "GET /wp-content/uploads/sites/3846/2026/08/%E8%BE%B2%E6%A5%AD%E9%83%A8%E5%BB%A3%E5%91%8A.jpg HTTP/1.1" 200 236462 "https://it.ilc.edu.tw/" "Mozilla/5.0 (Windows NT 10.0; Win64; x64) AppleWebKit/537.36 (KHTML, like Gecko) Chrome/151.0.0.0 Safari/537.36"
2001:288:a26f:1:7554:4285:6e71:8cb6 - - [22/Aug/2026:12:26:02 +0800] "GET /wp-content/uploads/sites/3846/2026/06/%E5%AE%A3%E5%82%B3%E5%9C%96%E7%89%87.png HTTP/1.1" 200 1048660 "https://it.ilc.edu.tw/" "Mozilla/5.0 (Windows NT 10.0; Win64; x64) AppleWebKit/537.36 (KHTML, like Gecko) Chrome/151.0.0.0 Safari/537.36"
2001:288:a26f:1:7554:4285:6e71:8cb6 - - [22/Aug/2026:12:26:02 +0800] "GET /wp-content/uploads/sites/3846/2026/06/2026%E5%AE%9C%E8%98%AD%E7%98%8B%E5%AD%B8%E7%BF%92-%E6%9A%91%E5%81%87_%E6%95%99%E8%82%B2%E8%99%95%E9%A6%96%E9%A0%81-1440-x-1080-%E5%83%8F%E7%B4%A0.png HTTP/1.1" 200 2050723 "https://it.ilc.edu.tw/" "Mozilla/5.0 (Windows NT 10.0; Win64; x64) AppleWebKit/537.36 (KHTML, like Gecko) Chrome/151.0.0.0 Safari/537.36"
2001:288:a201::66:125 - - [22/Aug/2026:12:26:03 +0800] "GET /blog/active.php HTTP/1.1" 301 1026 "-" "-"
2001:288:a201::66:125 - - [22/Aug/2026:12:26:03 +0800] "GET /blog/active.php HTTP/1.1" 404 1084 "-" "-"
140.111.67.195 - - [22/Aug/2026:12:26:03 +0800] "GET /wp-admin/admin-post.php?action=steps_ad HTTP/1.1" 200 1649 "-" "node-fetch/1.0 (+https://github.com/bitinn/node-fetch)"
132.232.209.153 - - [22/Aug/2026:12:26:03 +0800] "GET /6325/wp-content/uploads/sites/1207/2020/09/1090915%E9%A3%9F%E7%B1%B3%E8%AA%B2-%E9%B3%B3%E6%A2%A8%E9%85%A5_200928_15_800x600.jpg HTTP/1.1" 200 86471 "https://2blog.ilc.edu.tw/" "Mozilla/5.0 (Windows NT 10.0; Win64; x64) AppleWebKit/537.36 (KHTML, like Gecko) Chrome/111.0.0.0 Safari/537.36"
52.167.144.140 - - [22/Aug/2026:12:26:03 +0800] "GET /Form/Teacher/ListTeacher.asp?ID=627&Back=/NineOne/List.asp?FD=%BC%C6%BE%C7 HTTP/1.1" 404 85748 "-" "Mozilla/5.0 AppleWebKit/537.36 (KHTML, like Gecko; compatible; bingbot/2.0; +http://www.bing.com/bingbot.htm) Chrome/116.0.1938.76 Safari/537.36"
34.224.132.215 - - [22/Aug/2026:12:26:04 +0800] "GET /wp-content/uploads/sites/1969/2025/08/?C=M;O%3DD HTTP/1.1" 200 1114 "-" "Mozilla/5.0 AppleWebKit/537.36 (KHTML, like Gecko; compatible; Amazonbot/0.1; +https://developer.amazon.com/support/amazonbot) Chrome/119.0.6045.214 Safari/537.36"
44.217.255.167 - - [22/Aug/2026:12:26:03 +0800] "GET /home110/wp-content/uploads/sites/3372/2022/03/IMG_20220222_141752-1024x768.jpg HTTP/1.1" 200 166549 "-" "Mozilla/5.0 AppleWebKit/537.36 (KHTML, like Gecko; compatible; Amazonbot/0.1; +https://developer.amazon.com/support/amazonbot) Chrome/119.0.6045.214 Safari/537.36"
140.111.67.10 - - [22/Aug/2026:12:26:04 +0800] "GET /" 301 273 "-" "-"
34.56.53.225 - - [22/Aug/2026:12:26:04 +0800] "GET /6535/wp-content/uploads/sites/2755/2020/11/6535-4126600.pdf HTTP/1.1" 200 394525 "-" "Mozilla/5.0 (Macintosh; Intel Mac OS X 10_15_7) AppleWebKit/537.36 (KHTML, like Gecko) Chrome/120.0.0.0 Safari/537.36"
74.7.242.54 - - [22/Aug/2026:12:26:03 +0800] "GET /26150/?p=3605 HTTP/1.1" 301 985 "https://2blog.ilc.edu.tw/26150/2018/10/17/107%e5%b9%b4%e5%ba%a6%e7%ac%ac38%e6%ac%a1%e5%b9%b8%e7%a6%8f%e5%ae%b6%e5%ba%ad%e7%a9%ba%e4%b8%ad%e8%ac%9b%e5%a0%82-%e7%a5%96%e7%88%b6%e6%af%8d%e7%af%80%e5%bb%a3%e6%92%ad%e7%89%b9%e8%bc%af-%e7%a5%96/" "Mozilla/5.0 AppleWebKit/537.36 (KHTML, like Gecko; compatible; GPTBot/1.4; +https://openai.com/gptbot)"
40.77.167.12 - - [22/Aug/2026:12:26:06 +0800] "GET /Form/Teacher/ListTeacher.asp?ID=380&Back=/NineOne/List.asp?FD=%BC%C6%BE%C7 HTTP/1.1" 404 85748 "-" "Mozilla/5.0 AppleWebKit/537.36 (KHTML, like Gecko; compatible; bingbot/2.0; +http://www.bing.com/bingbot.htm) Chrome/116.0.1938.76 Safari/537.36"
74.7.242.54 - - [22/Aug/2026:12:26:05 +0800] "GET /26150/?p=5062 HTTP/1.1" 301 989 "https://2blog.ilc.edu.tw/26150/2020/10/15/%e3%80%8c%e5%b9%b8%e7%a6%8f%e5%ae%b6%e5%ba%ad%e6%a8%82%e6%9b%b8%e9%a6%99%ef%bd%9e%e8%a6%aa%e5%ad%90%e9%bd%8a%e9%96%b1%e8%ae%80%e2%80%a7%e5%90%8c%e6%a8%82%e5%85%b1%e5%ad%b8%e8%b6%a3%e3%80%8d%e6%96%bc10/" "Mozilla/5.0 AppleWebKit/537.36 (KHTML, like Gecko; compatible; GPTBot/1.4; +https://openai.com/gptbot)"
140.111.67.195 - - [22/Aug/2026:12:26:07 +0800] "GET /wp-admin/admin-post.php?action=steps_ad HTTP/1.1" 200 1649 "-" "node-fetch/1.0 (+https://github.com/bitinn/node-fetch)"
34.10.180.98 - - [22/Aug/2026:12:26:07 +0800] "GET /2022/12/01/%E7%B5%A6%E5%AE%B6%E9%95%B7%EF%BC%8D%E5%AE%9C%E8%98%AD%E7%B8%A3112%E5%AD%B8%E5%B9%B4%E5%BA%A6%E5%9C%8B%E6%B0%91%E5%B0%8F%E5%AD%B8%E6%96%B0%E7%94%9F%E5%88%86%E7%99%BC%E4%BD%9C%E6%A5%AD%E6%B5%81/ HTTP/1.1" 200 17902 "-" "Mozilla/5.0 (Macintosh; Intel Mac OS X 10_15_7) AppleWebKit/537.36 (KHTML, like Gecko) Chrome/120.0.0.0 Safari/537.36"
40.77.167.12 - - [22/Aug/2026:12:26:07 +0800] "GET /Form/Teacher/ListTeacher.asp?ID=353&Back=/NineOne/List.asp?FD=%BC%C6%BE%C7 HTTP/1.1" 404 85748 "-" "Mozilla/5.0 AppleWebKit/537.36 (KHTML, like Gecko; compatible; bingbot/2.0; +http://www.bing.com/bingbot.htm) Chrome/116.0.1938.76 Safari/537.36"
2001:288:a201::66:125 - - [22/Aug/2026:12:26:08 +0800] "GET /blog/active.php HTTP/1.1" 301 1026 "-" "-"
2001:288:a201::66:125 - - [22/Aug/2026:12:26:08 +0800] "GET /blog/active.php HTTP/1.1" 404 1084 "-" "-"
140.111.67.195 - - [22/Aug/2026:12:26:08 +0800] "GET /wp-admin/admin-post.php?action=steps_ad HTTP/1.1" 200 1649 "-" "node-fetch/1.0 (+https://github.com/bitinn/node-fetch)"
74.7.242.54 - - [22/Aug/2026:12:26:07 +0800] "GET /ylfamguide/wp-content/uploads/sites/1573/2026/05/The_Family_Emotion_Palette.pptx.pdf HTTP/1.1" 200 1513060 "https://2blog.ilc.edu.tw/ylfamguide/" "Mozilla/5.0 AppleWebKit/537.36 (KHTML, like Gecko; compatible; GPTBot/1.4; +https://openai.com/gptbot)"
40.77.167.12 - - [22/Aug/2026:12:26:08 +0800] "GET /Form/Teacher/ListTeacher.asp?ID=207&Back=/NineOne/List.asp?FD=%BC%C6%BE%C7 HTTP/1.1" 404 85748 "-" "Mozilla/5.0 AppleWebKit/537.36 (KHTML, like Gecko; compatible; bingbot/2.0; +http://www.bing.com/bingbot.htm) Chrome/116.0.1938.76 Safari/537.36"
74.7.242.54 - - [22/Aug/2026:12:26:08 +0800] "GET /daes113201/wp-includes/js/wp-emoji-release.min.js HTTP/1.1" 200 5898 "https://2blog.ilc.edu.tw/daes113201/" "Mozilla/5.0 AppleWebKit/537.36 (KHTML, like Gecko; compatible; GPTBot/1.4; +https://openai.com/gptbot)"
140.111.67.10 - - [22/Aug/2026:12:26:09 +0800] "GET /" 301 273 "-" "-"
9.151.198.109 - - [22/Aug/2026:12:26:09 +0800] "GET /wei759/wp-content/uploads/sites/3931/2024/04/E476FFC3-F061-4B88-BBA7-CDF599A89F67-300x225.jpg HTTP/1.1" 200 23623 "-" "Mozilla/5.0 (compatible; crawler)"
40.77.167.12 - - [22/Aug/2026:12:26:09 +0800] "GET /Form/Teacher/ListTeacher.asp?ID=147&Back=/NineOne/List.asp?FD=%BC%C6%BE%C7 HTTP/1.1" 404 85748 "-" "Mozilla/5.0 AppleWebKit/537.36 (KHTML, like Gecko; compatible; bingbot/2.0; +http://www.bing.com/bingbot.htm) Chrome/116.0.1938.76 Safari/537.36"
74.7.242.54 - - [22/Aug/2026:12:26:09 +0800] "GET /dreamdongao/wp-json/wp/v2/posts/39 HTTP/1.1" 200 15210 "https://2blog.ilc.edu.tw/dreamdongao/2025/01/02/%e4%b8%80%e5%b9%b4%e7%9a%84%e6%9c%80%e5%be%8c%e4%b8%80%e5%a4%a9/" "Mozilla/5.0 AppleWebKit/537.36 (KHTML, like Gecko; compatible; GPTBot/1.4; +https://openai.com/gptbot)"
185.191.171.2 - - [22/Aug/2026:12:26:09 +0800] "GET /kkes301/2022/05/ HTTP/1.1" 200 15127 "-" "Mozilla/5.0 (compatible; SemrushBot/7~bl; +http://www.semrush.com/bot.html)"
74.7.242.54 - - [22/Aug/2026:12:26:09 +0800] "GET /dreamdongao/wp-json/wp/v2/posts/28 HTTP/1.1" 200 15753 "https://2blog.ilc.edu.tw/dreamdongao/2025/01/02/%e5%a4%a7%e6%a8%b9%e6%95%99%e6%88%91%e5%80%91%e7%9a%84%e9%82%a3%e4%ba%9b%e4%ba%8b-1/" "Mozilla/5.0 AppleWebKit/537.36 (KHTML, like Gecko; compatible; GPTBot/1.4; +https://openai.com/gptbot)"
40.77.167.12 - - [22/Aug/2026:12:26:09 +0800] "GET /Form/Teacher/ListTeacher.asp?ID=553&Back=/NineOne/List.asp?FD=%BC%C6%BE%C7 HTTP/1.1" 404 85748 "-" "Mozilla/5.0 AppleWebKit/537.36 (KHTML, like Gecko; compatible; bingbot/2.0; +http://www.bing.com/bingbot.htm) Chrome/116.0.1938.76 Safari/537.36"
74.7.242.54 - - [22/Aug/2026:12:26:10 +0800] "GET /ylfamguide/wp-json/oembed/1.0/embed?format=xml&url=https%3A%2F%2F2blog.ilc.edu.tw%2Fylfamguide%2F2026%2F04%2F20%2F115%25e5%25b9%25b4%25e5%25ba%25a6%25e5%25ae%259c%25e8%2598%25ad%25e7%25b8%25a3%25e3%2580%258c%25e7%25a4%25be%25e6%259c%2583%25e6%2583%2585%25e7%25b7%2592%25e4%25b8%25ad%25e7%259a%2584%25e5%25ae%25b6%25e5%25ba%25ad%25e8%25a7%2592%25e8%2589%25b2%25e8%2588%2587%25e4%25ba%2592%25e5%258b%2595%25e5%25af%25a6%25e8%25b8%2590%2F HTTP/1.1" 200 2428 "https://2blog.ilc.edu.tw/ylfamguide/2026/04/20/115%e5%b9%b4%e5%ba%a6%e5%ae%9c%e8%98%ad%e7%b8%a3%e3%80%8c%e7%a4%be%e6%9c%83%e6%83%85%e7%b7%92%e4%b8%ad%e7%9a%84%e5%ae%b6%e5%ba%ad%e8%a7%92%e8%89%b2%e8%88%87%e4%ba%92%e5%8b%95%e5%af%a6%e8%b8%90/" "Mozilla/5.0 AppleWebKit/537.36 (KHTML, like Gecko; compatible; GPTBot/1.4; +https://openai.com/gptbot)"
::1 - - [22/Aug/2026:12:26:10 +0800] "OPTIONS * HTTP/1.0" 200 110 "-" "Apache/2.4.68 (Ubuntu) OpenSSL/3.0.19 (internal dummy connection)"
40.77.167.12 - - [22/Aug/2026:12:26:10 +0800] "GET /Form/Teacher/ListTeacher.asp?ID=412&Back=/NineOne/List.asp?FD=%BC%C6%BE%C7 HTTP/1.1" 404 85748 "-" "Mozilla/5.0 AppleWebKit/537.36 (KHTML, like Gecko; compatible; bingbot/2.0; +http://www.bing.com/bingbot.htm) Chrome/116.0.1938.76 Safari/537.36"
74.7.242.54 - - [22/Aug/2026:12:26:10 +0800] "GET /ylfamguide/wp-json/oembed/1.0/embed?format=xml&url=https%3A%2F%2F2blog.ilc.edu.tw%2Fylfamguide%2F2026%2F04%2F20%2F115%25e5%25b9%25b4%25e5%25ba%25a6%25e5%25ae%259c%25e8%2598%25ad%25e7%25b8%25a3%25e3%2580%258c%25e7%25a4%25be%25e6%259c%2583%25e6%2583%2585%25e7%25b7%2592%25e4%25b8%25ad%25e7%259a%2584%25e5%25ae%25b6%25e5%25ba%25ad%25e8%25a7%2592%25e8%2589%25b2%25e8%2588%2587%25e4%25ba%2592%25e5%258b%2595%25e5%25af%25a6%25e8%25b8%2590-2%2F HTTP/1.1" 200 2433 "https://2blog.ilc.edu.tw/ylfamguide/2026/04/20/115%e5%b9%b4%e5%ba%a6%e5%ae%9c%e8%98%ad%e7%b8%a3%e3%80%8c%e7%a4%be%e6%9c%83%e6%83%85%e7%b7%92%e4%b8%ad%e7%9a%84%e5%ae%b6%e5%ba%ad%e8%a7%92%e8%89%b2%e8%88%87%e4%ba%92%e5%8b%95%e5%af%a6%e8%b8%90-2/" "Mozilla/5.0 AppleWebKit/537.36 (KHTML, like Gecko; compatible; GPTBot/1.4; +https://openai.com/gptbot)"
74.7.242.54 - - [22/Aug/2026:12:26:11 +0800] "GET /26150/wp-content/uploads/sites/67/2025/04/1140330-%E8%98%87%E6%BE%B3%E9%8E%AE%E5%85%AC%E6%89%80-%E5%8B%A4%E4%BC%91%E5%88%B6%E5%BA%A6%E6%87%B6%E4%BA%BA%E5%8C%85.pdf HTTP/1.1" 200 659748 "https://2blog.ilc.edu.tw/26150/2025/04/07/%e5%8b%a4%e4%bc%91%e5%88%b6%e5%ba%a6%e6%87%b6%e4%ba%ba%e5%8c%85%ef%bc%8c%e6%ad%a1%e8%bf%8e%e5%a4%a7%e5%ae%b6%e5%a4%9a%e5%a4%9a%e9%81%8b%e7%94%a8/" "Mozilla/5.0 AppleWebKit/537.36 (KHTML, like Gecko; compatible; GPTBot/1.4; +https://openai.com/gptbot)"
::1 - - [22/Aug/2026:12:26:11 +0800] "OPTIONS * HTTP/1.0" 200 110 "-" "Apache/2.4.68 (Ubuntu) OpenSSL/3.0.19 (internal dummy connection)"
50.114.6.236 - - [22/Aug/2026:12:26:11 +0800] "GET /wp-content/uploads/sites/304/6047/6047-525173.jpg HTTP/1.1" 200 150132 "https://www.gfes.ilc.edu.tw/category/c-20202/" "Mozilla/5.0 (Macintosh; Intel Mac OS X 10_15_7) AppleWebKit/537.36 (KHTML, like Gecko) Chrome/131.0.0.0 Safari/537.36"
23.27.60.125 - - [22/Aug/2026:12:26:12 +0800] "GET /wp-content/uploads/sites/304/6047/previews/6047-525186.jpg HTTP/1.1" 200 26506 "https://www.gfes.ilc.edu.tw/category/c-20202/" "Mozilla/5.0 (Macintosh; Intel Mac OS X 10_15_7) AppleWebKit/537.36 (KHTML, like Gecko) Chrome/131.0.0.0 Safari/537.36"
45.13.92.251 - - [22/Aug/2026:12:26:12 +0800] "GET /wp-content/uploads/sites/304/6047/previews/6047-525173.jpg HTTP/1.1" 200 18345 "https://www.gfes.ilc.edu.tw/category/c-20202/" "Mozilla/5.0 (Macintosh; Intel Mac OS X 10_15_7) AppleWebKit/537.36 (KHTML, like Gecko) Chrome/131.0.0.0 Safari/537.36"
52.3.104.214 - - [22/Aug/2026:12:26:12 +0800] "GET /30967/wp-json/wp/v2/media?parent=73 HTTP/1.1" 200 41966 "-" "Mozilla/5.0 AppleWebKit/537.36 (KHTML, like Gecko; compatible; Amazonbot/0.1; +https://developer.amazon.com/support/amazonbot) Chrome/119.0.6045.214 Safari/537.36"
3.215.59.93 - - [22/Aug/2026:12:26:12 +0800] "GET /wp-content/uploads/sites/2464/2022/12/?C=N;O%3DD HTTP/1.1" 200 1113 "-" "Mozilla/5.0 AppleWebKit/537.36 (KHTML, like Gecko; compatible; Amazonbot/0.1; +https://developer.amazon.com/support/amazonbot) Chrome/119.0.6045.214 Safari/537.36"
74.7.242.54 - - [22/Aug/2026:12:26:12 +0800] "GET /44289/category/%e6%9c%ac%e5%9c%9f%e8%aa%9e%e8%aa%b2%e7%a8%8b%e8%a8%88%e7%95%ab%e9%80%b2%e5%ba%a6%e8%a1%a8/ HTTP/1.1" 200 10536 "https://2blog.ilc.edu.tw/44289/" "Mozilla/5.0 AppleWebKit/537.36 (KHTML, like Gecko; compatible; GPTBot/1.4; +https://openai.com/gptbot)"
216.73.216.20 - - [22/Aug/2026:12:26:12 +0800] "GET /6325/wp-json/wp/v2/posts/17952 HTTP/1.1" 200 18104 "-" "Mozilla/5.0 AppleWebKit/537.36 (KHTML, like Gecko; compatible; ClaudeBot/1.0; +claudebot@anthropic.com)"
216.73.216.20 - - [22/Aug/2026:12:26:12 +0800] "GET /6325/wp-json/wp/v2/posts/17951 HTTP/1.1" 200 12031 "-" "Mozilla/5.0 AppleWebKit/537.36 (KHTML, like Gecko; compatible; ClaudeBot/1.0; +claudebot@anthropic.com)"
2001:288:a201::66:125 - - [22/Aug/2026:12:26:13 +0800] "GET /blog/active.php HTTP/1.1" 301 1026 "-" "-"
216.73.216.20 - - [22/Aug/2026:12:26:12 +0800] "GET /6448/wp-json/wp/v2/posts/381 HTTP/1.1" 200 8534 "-" "Mozilla/5.0 AppleWebKit/537.36 (KHTML, like Gecko; compatible; ClaudeBot/1.0; +claudebot@anthropic.com)"
216.73.216.20 - - [22/Aug/2026:12:26:12 +0800] "GET /6325/wp-json/wp/v2/posts/18569 HTTP/1.1" 200 8777 "-" "Mozilla/5.0 AppleWebKit/537.36 (KHTML, like Gecko; compatible; ClaudeBot/1.0; +claudebot@anthropic.com)"
216.73.216.20 - - [22/Aug/2026:12:26:13 +0800] "GET /6448/wp-json/wp/v2/posts/747 HTTP/1.1" 200 4181 "-" "Mozilla/5.0 AppleWebKit/537.36 (KHTML, like Gecko; compatible; ClaudeBot/1.0; +claudebot@anthropic.com)"
216.73.216.20 - - [22/Aug/2026:12:26:13 +0800] "GET /6448/wp-json/wp/v2/posts/425 HTTP/1.1" 200 4174 "-" "Mozilla/5.0 AppleWebKit/537.36 (KHTML, like Gecko; compatible; ClaudeBot/1.0; +claudebot@anthropic.com)"
216.73.216.20 - - [22/Aug/2026:12:26:13 +0800] "GET /6448/wp-json/wp/v2/posts/776 HTTP/1.1" 200 16187 "-" "Mozilla/5.0 AppleWebKit/537.36 (KHTML, like Gecko; compatible; ClaudeBot/1.0; +claudebot@anthropic.com)"
216.73.216.20 - - [22/Aug/2026:12:26:13 +0800] "GET /6325/wp-json/wp/v2/posts/18253 HTTP/1.1" 200 8981 "-" "Mozilla/5.0 AppleWebKit/537.36 (KHTML, like Gecko; compatible; ClaudeBot/1.0; +claudebot@anthropic.com)"
216.73.216.20 - - [22/Aug/2026:12:26:13 +0800] "GET /6325/wp-json/wp/v2/posts/18007 HTTP/1.1" 200 8723 "-" "Mozilla/5.0 AppleWebKit/537.36 (KHTML, like Gecko; compatible; ClaudeBot/1.0; +claudebot@anthropic.com)"
