125.231.138.206 - - [22/Aug/2026:12:22:48 +0800] "POST /1003/wp-json/ilc-summary/v1/popular-posts HTTP/1.1" 201 1454 "https://2blog.ilc.edu.tw/1003/2026/07/30/%e5%b0%8f%e5%a3%81%e8%99%8e%e8%80%81%e5%b8%ab%e7%9a%84%e5%b7%a5%e5%85%b7%e7%ab%99%e3%80%90ai%e5%8d%94%e4%bd%9c%e4%bd%9c%e5%93%81%e3%80%91/" "Mozilla/5.0 (Windows NT 10.0; Win64; x64) AppleWebKit/537.36 (KHTML, like Gecko) Chrome/151.0.0.0 Safari/537.36"
34.171.68.95 - - [22/Aug/2026:12:22:49 +0800] "GET /6537/2014/11/28/%E4%BA%94-1-%E6%B4%BB%E6%B0%B4%E6%BA%90%E6%BA%90-%E9%BE%8D%E6%BD%AD%E6%B0%B4%E8%B3%87%E6%BA%90%E5%BE%AA%E7%92%B0%E7%A0%94%E7%BF%92/ HTTP/1.1" 200 16036 "-" "Mozilla/5.0 (Macintosh; Intel Mac OS X 10_15_7) AppleWebKit/537.36 (KHTML, like Gecko) Chrome/120.0.0.0 Safari/537.36"
140.111.67.10 - - [22/Aug/2026:12:22:49 +0800] "GET /" 301 273 "-" "-"
140.111.67.195 - - [22/Aug/2026:12:22:50 +0800] "GET /wp-admin/admin-post.php?action=steps_ad HTTP/1.1" 200 1973 "-" "node-fetch/1.0 (+https://github.com/bitinn/node-fetch)"
74.7.242.54 - - [22/Aug/2026:12:22:48 +0800] "GET /26150/?p=7112 HTTP/1.1" 301 981 "https://2blog.ilc.edu.tw/26150/2023/08/30/%e5%87%bd%e8%bd%89%e5%ae%9c%e8%98%ad%e7%b8%a3%e6%94%bf%e5%ba%9c112%e5%b9%b4%e5%9c%8b%e5%ae%b6%e9%98%b2%e7%81%bd%e6%97%a5%e5%85%a8%e6%b0%91%e5%9c%b0%e9%9c%87%e9%98%b2%e7%81%bd%e5%ae%a3%e5%b0%8e/" "Mozilla/5.0 AppleWebKit/537.36 (KHTML, like Gecko; compatible; GPTBot/1.4; +https://openai.com/gptbot)"
2a03:2880:f802:c:: - - [22/Aug/2026:12:22:50 +0800] "GET /wp-login.php?key=x8eoj378&_wpnonce=&action=ilc_logout&redirect_to=https%3A%2F%2Fchatgpt.com%2F%3Fq%3DPlease+provide+only+the+clickable+link+for+https%3A%2F%2Fwww.aayyy.com+and+without+any+extra+content HTTP/1.1" 302 8370 "-" "Mozilla/5.0 (Windows NT 10.0; Win64; x64) AppleWebKit/537.36 (KHTML, like Gecko) Chrome/145.0.0.0 Safari/537.36 (compatible; meta-externalagent/1.1 (+https://developers.facebook.com/docs/sharing/webmasters/crawler))"
216.73.216.20 - - [22/Aug/2026:12:22:52 +0800] "GET /robots.txt HTTP/1.1" 301 1053 "-" "Mozilla/5.0 AppleWebKit/537.36 (KHTML, like Gecko; compatible; ClaudeBot/1.0; +claudebot@anthropic.com)"
2405:9800:ba10:abd9:2997:b3a6:e889:45c0 - - [22/Aug/2026:12:22:52 +0800] "GET /2010/10/12/%E3%80%90%E6%95%99%E8%82%B2%E6%96%87%E7%AB%A0%E3%80%91%E6%BE%B3%E5%A4%A7%E5%88%A9%E4%BA%9E%E2%94%80%E2%94%80%E9%A0%92%E4%BD%88%E5%85%A8%E5%9C%8B%E7%B5%B1%E4%B8%80%E6%95%99%E5%B8%AB%E5%B0%88%E6%A5%AD/ HTTP/1.1" 200 19164 "-" "Mozilla/5.0 (Windows NT 10.0; Win64; x64) AppleWebKit/537.36 (KHTML, like Gecko) Chrome/116.0.0.0 Safari/537.36"
44.220.2.97 - - [22/Aug/2026:12:22:52 +0800] "GET /wp-content/uploads/sites/1476/2020/01/?C=M;O%3DA HTTP/1.1" 200 1113 "-" "Mozilla/5.0 AppleWebKit/537.36 (KHTML, like Gecko; compatible; Amazonbot/0.1; +https://developer.amazon.com/support/amazonbot) Chrome/119.0.6045.214 Safari/537.36"
2001:288:a201::66:125 - - [22/Aug/2026:12:22:53 +0800] "GET /blog/active.php HTTP/1.1" 301 1026 "-" "-"
2001:288:a201::66:125 - - [22/Aug/2026:12:22:53 +0800] "GET /blog/active.php HTTP/1.1" 404 1084 "-" "-"
74.7.242.54 - - [22/Aug/2026:12:22:51 +0800] "GET /26150/?p=3100 HTTP/1.1" 301 984 "https://2blog.ilc.edu.tw/26150/2015/04/15/%e8%bd%89%e7%9f%a5%e6%95%99%e8%82%b2%e9%83%a8%e9%ab%94%e8%82%b2%e7%bd%b2%e8%be%a6%e7%90%86%e3%80%8c105%e8%87%b3110%e5%b9%b4%e5%85%a8%e6%b0%91%e9%81%8b%e5%8b%95%e6%8e%a8%e5%b1%95%e8%a8%88%e7%95%ab/" "Mozilla/5.0 AppleWebKit/537.36 (KHTML, like Gecko; compatible; GPTBot/1.4; +https://openai.com/gptbot)"
140.111.67.10 - - [22/Aug/2026:12:22:54 +0800] "GET /" 301 273 "-" "-"
52.0.63.151 - - [22/Aug/2026:12:22:54 +0800] "GET /32745/wp-content/uploads/sites/1271/2024/02/1-86-480x245.jpeg HTTP/1.1" 200 22426 "-" "Mozilla/5.0 AppleWebKit/537.36 (KHTML, like Gecko; compatible; Amazonbot/0.1; +https://developer.amazon.com/support/amazonbot) Chrome/119.0.6045.214 Safari/537.36"
::1 - - [22/Aug/2026:12:22:54 +0800] "OPTIONS * HTTP/1.0" 200 110 "-" "Apache/2.4.68 (Ubuntu) OpenSSL/3.0.19 (internal dummy connection)"
2001:4860:7:810::db - - [22/Aug/2026:12:22:54 +0800] "GET /3860/2014/06/12/%E7%94%B0%E8%8D%89tshan-tshau-%E8%8F%AF%E8%AA%9E%E8%A9%9E%E7%9B%AE-%E4%BB%99%E8%8D%89-%E9%B9%BF%E6%B8%AF%E5%81%8F%E6%B3%89%E8%85%94-%E9%9D%92%E8%8D%89%E3%80%80tshinn-tshau-%E4%B8%89%E5%B3%BD%E5%81%8F/ HTTP/1.1" 200 31727 "https://www.google.com/" "Mozilla/5.0 (Windows NT 10.0; Win64; x64) AppleWebKit/537.36 (KHTML, like Gecko) Chrome/151.0.0.0 Safari/537.36"
34.10.180.98 - - [22/Aug/2026:12:22:54 +0800] "GET /16771/2015/11/06/104%E5%AD%B8%E5%B9%B4%E5%BA%A6%E7%AC%AC%E4%B8%80%E5%AD%B8%E6%9C%9F%E7%AC%AC%E4%B8%80%E6%AC%A1%E6%AE%B5%E8%80%83/ HTTP/1.1" 200 14806 "-" "Mozilla/5.0 (Macintosh; Intel Mac OS X 10_15_7) AppleWebKit/537.36 (KHTML, like Gecko) Chrome/120.0.0.0 Safari/537.36"
::1 - - [22/Aug/2026:12:22:55 +0800] "OPTIONS * HTTP/1.0" 200 110 "-" "Apache/2.4.68 (Ubuntu) OpenSSL/3.0.19 (internal dummy connection)"
74.7.242.54 - - [22/Aug/2026:12:22:53 +0800] "GET /26150/?p=5965 HTTP/1.1" 301 984 "https://2blog.ilc.edu.tw/26150/2021/07/02/110%e5%b9%b4%e5%ba%a6%e5%b9%b8%e7%a6%8f%e5%ae%b6%e5%ba%ad%e7%a9%ba%e4%b8%ad%e8%ac%9b%e5%a0%82%e7%ac%ac17%e9%9b%86_%e8%ab%87%e9%9b%99%e9%87%8d%e7%89%b9%e6%ae%8a%e6%95%99%e8%82%b2%e5%ad%b8%e7%94%9f/" "Mozilla/5.0 AppleWebKit/537.36 (KHTML, like Gecko; compatible; GPTBot/1.4; +https://openai.com/gptbot)"
::1 - - [22/Aug/2026:12:22:56 +0800] "OPTIONS * HTTP/1.0" 200 110 "-" "Apache/2.4.68 (Ubuntu) OpenSSL/3.0.19 (internal dummy connection)"
74.7.242.54 - - [22/Aug/2026:12:22:55 +0800] "GET /26150/?p=8582 HTTP/1.1" 301 981 "https://2blog.ilc.edu.tw/26150/2025/07/14/%e8%bd%89%e7%9f%a5%e5%ae%9c%e8%98%ad%e7%b8%a3%e6%94%bf%e5%ba%9c%e8%ad%a6%e5%af%9f%e5%b1%80%e3%80%8c%e8%ad%a6%e6%94%bf%e6%9c%8d%e5%8b%99app%ef%bc%8d%e9%98%b2%e7%a9%ba%e9%81%bf%e9%9b%a3%e5%b0%88/" "Mozilla/5.0 AppleWebKit/537.36 (KHTML, like Gecko; compatible; GPTBot/1.4; +https://openai.com/gptbot)"
52.167.144.230 - - [22/Aug/2026:12:22:57 +0800] "GET /1003/?s=%E5%A5%87%E6%91%A9 HTTP/1.1" 200 13753 "-" "Mozilla/5.0 AppleWebKit/537.36 (KHTML, like Gecko; compatible; bingbot/2.0; +http://www.bing.com/bingbot.htm) Chrome/116.0.1938.76 Safari/537.36"
2001:288:a201::66:125 - - [22/Aug/2026:12:22:58 +0800] "GET /blog/active.php HTTP/1.1" 301 1026 "-" "-"
2001:288:a201::66:125 - - [22/Aug/2026:12:22:58 +0800] "GET /blog/active.php HTTP/1.1" 404 1084 "-" "-"
74.7.242.54 - - [22/Aug/2026:12:22:57 +0800] "GET /26150/?p=3232 HTTP/1.1" 301 987 "https://2blog.ilc.edu.tw/26150/2016/01/30/%e8%bd%89%e7%9f%a5%e7%a4%be%e5%9c%98%e6%b3%95%e4%ba%ba%e8%87%ba%e7%81%a3%e9%bb%9e%e4%b8%80%e7%9b%9e%e7%87%88%e7%a4%be%e6%9c%83%e9%97%9c%e6%87%b7%e5%8d%94%e6%9c%83%e7%88%b6%e6%af%8d%e6%88%90%e9%95%b7/" "Mozilla/5.0 AppleWebKit/537.36 (KHTML, like Gecko; compatible; GPTBot/1.4; +https://openai.com/gptbot)"
140.111.67.10 - - [22/Aug/2026:12:22:59 +0800] "GET /" 301 273 "-" "-"
20.125.101.194 - - [22/Aug/2026:12:23:00 +0800] "GET /wp-content/uploads/sites/1148/2022/09/111%E5%AD%B8%E5%B9%B4%E5%BA%A6%E7%AC%AC2%E5%AD%B8%E6%9C%9F%E9%AB%98%E7%B4%9A%E4%B8%AD%E7%AD%89%E4%BB%A5%E4%B8%8B%E6%95%99%E8%82%B2%E9%9A%8E%E6%AE%B5%E9%9D%9E%E5%AD%B8%E6%A0%A1%E5%9E%8B%E6%85%8B%E5%AF%A6%E9%A9%97%E6%95%99%E8%82%B2%E7%94%B3%E8%AB%8B1.pdf HTTP/1.1" 200 81505 "-" "Mozilla/5.0 (compatible; MSR-Financial-PDF-Scorer/1.0)"
74.7.242.54 - - [22/Aug/2026:12:22:59 +0800] "GET /26150/?p=6526 HTTP/1.1" 301 988 "https://2blog.ilc.edu.tw/26150/2022/05/11/111%e5%b9%b4%e5%ba%a6%e3%80%8c%e7%89%bd%e6%89%8b50%ef%bc%8c%e5%b0%b1%e5%9c%a8%e9%80%99%e8%a3%a1-%e7%86%9f%e9%bd%a1%e8%80%85%e6%83%85%e6%84%9f%e5%b7%a5%e4%bd%9c%e5%9d%8a%e3%80%8d%ef%bc%8c%e6%96%bc5-22/" "Mozilla/5.0 AppleWebKit/537.36 (KHTML, like Gecko; compatible; GPTBot/1.4; +https://openai.com/gptbot)"
98.83.94.113 - - [22/Aug/2026:12:23:00 +0800] "GET /32745/wp-json/wp/v2/categories?post=146366 HTTP/1.1" 200 6757 "-" "Mozilla/5.0 AppleWebKit/537.36 (KHTML, like Gecko; compatible; Amazonbot/0.1; +https://developer.amazon.com/support/amazonbot) Chrome/119.0.6045.214 Safari/537.36"
::1 - - [22/Aug/2026:12:23:02 +0800] "OPTIONS * HTTP/1.0" 200 110 "-" "Apache/2.4.68 (Ubuntu) OpenSSL/3.0.19 (internal dummy connection)"
74.7.242.54 - - [22/Aug/2026:12:23:00 +0800] "GET /26150/?p=3535 HTTP/1.1" 301 988 "https://2blog.ilc.edu.tw/26150/2018/04/25/%e6%a1%83%e5%9c%92%e5%b8%82%e6%94%bf%e5%ba%9c%e5%ae%b6%e5%ba%ad%e6%95%99%e8%82%b2%e4%b8%ad%e5%bf%83%e8%81%98%e7%94%a8%e5%b0%88%e6%a1%88%e5%8a%a9%e7%90%861%e5%90%8d%ef%bc%8c%e6%9c%89%e8%88%88%e8%b6%a3/" "Mozilla/5.0 AppleWebKit/537.36 (KHTML, like Gecko; compatible; GPTBot/1.4; +https://openai.com/gptbot)"
2001:288:a201::66:125 - - [22/Aug/2026:12:23:03 +0800] "GET /blog/active.php HTTP/1.1" 301 1026 "-" "-"
2001:288:a201::66:125 - - [22/Aug/2026:12:23:03 +0800] "GET /blog/active.php HTTP/1.1" 404 1084 "-" "-"
2001:b011:7806:36cf:604c:2fe1:b282:90f6 - - [22/Aug/2026:12:23:03 +0800] "-" 408 4801 "-" "-"
140.111.67.10 - - [22/Aug/2026:12:23:04 +0800] "GET /" 301 273 "-" "-"
74.7.242.54 - - [22/Aug/2026:12:23:03 +0800] "GET /26150/?p=2915 HTTP/1.1" 301 834 "https://2blog.ilc.edu.tw/26150/2013/12/19/%e4%b8%ad%e5%bf%83%e8%a1%8c%e4%ba%8b%e6%9b%86/" "Mozilla/5.0 AppleWebKit/537.36 (KHTML, like Gecko; compatible; GPTBot/1.4; +https://openai.com/gptbot)"
::1 - - [22/Aug/2026:12:23:05 +0800] "OPTIONS * HTTP/1.0" 200 110 "-" "Apache/2.4.68 (Ubuntu) OpenSSL/3.0.19 (internal dummy connection)"
74.7.242.54 - - [22/Aug/2026:12:23:05 +0800] "GET /26150/?p=5091 HTTP/1.1" 301 988 "https://2blog.ilc.edu.tw/26150/2020/11/17/%e8%bd%89%e7%9f%a5%e5%9c%8b%e6%95%99%e7%bd%b2%e8%82%b2%e5%85%92%e6%b4%a5%e8%b2%bc%e3%80%81%e6%ba%96%e5%85%ac%e5%85%b1%e5%b9%bc%e5%85%92%e5%9c%92%e5%b0%b1%e5%ad%b8%e5%8d%94%e5%8a%a9%e3%80%815%e6%ad%b2/" "Mozilla/5.0 AppleWebKit/537.36 (KHTML, like Gecko; compatible; GPTBot/1.4; +https://openai.com/gptbot)"
2001:288:a201::66:125 - - [22/Aug/2026:12:23:08 +0800] "GET /blog/active.php HTTP/1.1" 301 1026 "-" "-"
2001:288:a201::66:125 - - [22/Aug/2026:12:23:08 +0800] "GET /blog/active.php HTTP/1.1" 404 1084 "-" "-"
216.73.216.20 - - [22/Aug/2026:12:23:08 +0800] "GET /2569/wp-content/cache/2blog.ilc.edu.tw/wpfc-minified/q9p7aplz/g0nmb.js HTTP/1.1" 200 6393 "-" "Mozilla/5.0 AppleWebKit/537.36 (KHTML, like Gecko; compatible; ClaudeBot/1.0; +claudebot@anthropic.com)"
216.73.216.20 - - [22/Aug/2026:12:23:08 +0800] "GET /24973/wp-content/cache/2blog.ilc.edu.tw/wpfc-minified/mbubxjpc/7y8z0.js HTTP/1.1" 200 6394 "-" "Mozilla/5.0 AppleWebKit/537.36 (KHTML, like Gecko; compatible; ClaudeBot/1.0; +claudebot@anthropic.com)"
23.21.175.228 - - [22/Aug/2026:12:23:08 +0800] "GET /wp-content/uploads/sites/2813/6488/6488-3322482.jpg HTTP/1.1" 200 23025 "-" "Mozilla/5.0 AppleWebKit/537.36 (KHTML, like Gecko; compatible; Amazonbot/0.1; +https://developer.amazon.com/support/amazonbot) Chrome/119.0.6045.214 Safari/537.36"
216.73.216.20 - - [22/Aug/2026:12:23:08 +0800] "GET /2569/wp-content/cache/2blog.ilc.edu.tw/wpfc-minified/8atfrrl8/aajxh.css HTTP/1.1" 200 9073 "-" "Mozilla/5.0 AppleWebKit/537.36 (KHTML, like Gecko; compatible; ClaudeBot/1.0; +claudebot@anthropic.com)"
216.73.216.20 - - [22/Aug/2026:12:23:08 +0800] "GET /6325/2012/10/22/ HTTP/1.1" 200 14891 "-" "Mozilla/5.0 AppleWebKit/537.36 (KHTML, like Gecko; compatible; ClaudeBot/1.0; +claudebot@anthropic.com)"
125.231.138.206 - - [22/Aug/2026:12:23:08 +0800] "-" 408 339 "-" "-"
216.73.216.20 - - [22/Aug/2026:12:23:08 +0800] "GET /6325/wp-json/wp/v2/posts/17633 HTTP/1.1" 200 13554 "-" "Mozilla/5.0 AppleWebKit/537.36 (KHTML, like Gecko; compatible; ClaudeBot/1.0; +claudebot@anthropic.com)"
216.73.216.20 - - [22/Aug/2026:12:23:08 +0800] "GET /6325/wp-json/wp/v2/posts/17640 HTTP/1.1" 200 4232 "-" "Mozilla/5.0 AppleWebKit/537.36 (KHTML, like Gecko; compatible; ClaudeBot/1.0; +claudebot@anthropic.com)"
216.73.216.20 - - [22/Aug/2026:12:23:08 +0800] "GET /6448/wp-json/wp/v2/posts/236 HTTP/1.1" 200 21099 "-" "Mozilla/5.0 AppleWebKit/537.36 (KHTML, like Gecko; compatible; ClaudeBot/1.0; +claudebot@anthropic.com)"
216.73.216.20 - - [22/Aug/2026:12:23:08 +0800] "GET /24973/wp-json/wp/v2/posts/635 HTTP/1.1" 200 9492 "-" "Mozilla/5.0 AppleWebKit/537.36 (KHTML, like Gecko; compatible; ClaudeBot/1.0; +claudebot@anthropic.com)"
216.73.216.20 - - [22/Aug/2026:12:23:08 +0800] "GET /6325/wp-json/wp/v2/posts/18152 HTTP/1.1" 200 5024 "-" "Mozilla/5.0 AppleWebKit/537.36 (KHTML, like Gecko; compatible; ClaudeBot/1.0; +claudebot@anthropic.com)"
216.73.216.20 - - [22/Aug/2026:12:23:08 +0800] "GET /6325/wp-json/wp/v2/posts/17883 HTTP/1.1" 200 9652 "-" "Mozilla/5.0 AppleWebKit/537.36 (KHTML, like Gecko; compatible; ClaudeBot/1.0; +claudebot@anthropic.com)"
216.73.216.20 - - [22/Aug/2026:12:23:08 +0800] "GET /6325/wp-json/wp/v2/posts/18059 HTTP/1.1" 200 8993 "-" "Mozilla/5.0 AppleWebKit/537.36 (KHTML, like Gecko; compatible; ClaudeBot/1.0; +claudebot@anthropic.com)"
216.73.216.20 - - [22/Aug/2026:12:23:08 +0800] "GET /6448/wp-json/wp/v2/posts/259 HTTP/1.1" 200 6733 "-" "Mozilla/5.0 AppleWebKit/537.36 (KHTML, like Gecko; compatible; ClaudeBot/1.0; +claudebot@anthropic.com)"
216.73.216.20 - - [22/Aug/2026:12:23:08 +0800] "GET /6448/wp-json/wp/v2/posts/192 HTTP/1.1" 200 8315 "-" "Mozilla/5.0 AppleWebKit/537.36 (KHTML, like Gecko; compatible; ClaudeBot/1.0; +claudebot@anthropic.com)"
216.73.216.20 - - [22/Aug/2026:12:23:08 +0800] "GET /6448/wp-json/wp/v2/posts/448 HTTP/1.1" 200 3867 "-" "Mozilla/5.0 AppleWebKit/537.36 (KHTML, like Gecko; compatible; ClaudeBot/1.0; +claudebot@anthropic.com)"
216.73.216.20 - - [22/Aug/2026:12:23:08 +0800] "GET /6325/wp-json/wp/v2/posts/18009 HTTP/1.1" 200 4657 "-" "Mozilla/5.0 AppleWebKit/537.36 (KHTML, like Gecko; compatible; ClaudeBot/1.0; +claudebot@anthropic.com)"
216.73.216.20 - - [22/Aug/2026:12:23:08 +0800] "GET /24973/wp-json/oembed/1.0/embed HTTP/1.1" 400 1482 "-" "Mozilla/5.0 AppleWebKit/537.36 (KHTML, like Gecko; compatible; ClaudeBot/1.0; +claudebot@anthropic.com)"
216.73.216.20 - - [22/Aug/2026:12:23:09 +0800] "GET /6325/wp-json/wp/v2/posts/17827 HTTP/1.1" 200 5038 "-" "Mozilla/5.0 AppleWebKit/537.36 (KHTML, like Gecko; compatible; ClaudeBot/1.0; +claudebot@anthropic.com)"
140.111.67.10 - - [22/Aug/2026:12:23:09 +0800] "GET /" 301 273 "-" "-"
216.73.216.20 - - [22/Aug/2026:12:23:09 +0800] "GET /6325/wp-json/wp/v2/posts/17831 HTTP/1.1" 200 4225 "-" "Mozilla/5.0 AppleWebKit/537.36 (KHTML, like Gecko; compatible; ClaudeBot/1.0; +claudebot@anthropic.com)"
216.73.216.20 - - [22/Aug/2026:12:23:09 +0800] "GET /6325/wp-json/wp/v2/posts/18092 HTTP/1.1" 200 4732 "-" "Mozilla/5.0 AppleWebKit/537.36 (KHTML, like Gecko; compatible; ClaudeBot/1.0; +claudebot@anthropic.com)"
216.73.216.20 - - [22/Aug/2026:12:23:09 +0800] "GET /6448/wp-json/wp/v2/posts/282 HTTP/1.1" 200 13375 "-" "Mozilla/5.0 AppleWebKit/537.36 (KHTML, like Gecko; compatible; ClaudeBot/1.0; +claudebot@anthropic.com)"
216.73.216.20 - - [22/Aug/2026:12:23:09 +0800] "GET /6325/wp-json/wp/v2/posts/17878 HTTP/1.1" 200 3679 "-" "Mozilla/5.0 AppleWebKit/537.36 (KHTML, like Gecko; compatible; ClaudeBot/1.0; +claudebot@anthropic.com)"
216.73.216.20 - - [22/Aug/2026:12:23:09 +0800] "GET /6325/wp-json/wp/v2/posts/17992 HTTP/1.1" 200 3641 "-" "Mozilla/5.0 AppleWebKit/537.36 (KHTML, like Gecko; compatible; ClaudeBot/1.0; +claudebot@anthropic.com)"
216.73.216.20 - - [22/Aug/2026:12:23:09 +0800] "GET /6448/wp-json/wp/v2/posts/281 HTTP/1.1" 200 4004 "-" "Mozilla/5.0 AppleWebKit/537.36 (KHTML, like Gecko; compatible; ClaudeBot/1.0; +claudebot@anthropic.com)"
216.73.216.20 - - [22/Aug/2026:12:23:09 +0800] "GET /6325/2014/10/13/ HTTP/1.1" 200 10221 "-" "Mozilla/5.0 AppleWebKit/537.36 (KHTML, like Gecko; compatible; ClaudeBot/1.0; +claudebot@anthropic.com)"
216.73.216.20 - - [22/Aug/2026:12:23:09 +0800] "GET /6325/wp-json/wp/v2/posts/17830 HTTP/1.1" 200 3896 "-" "Mozilla/5.0 AppleWebKit/537.36 (KHTML, like Gecko; compatible; ClaudeBot/1.0; +claudebot@anthropic.com)"
216.73.216.20 - - [22/Aug/2026:12:23:09 +0800] "GET /6325/wp-json/wp/v2/posts/17879 HTTP/1.1" 200 4258 "-" "Mozilla/5.0 AppleWebKit/537.36 (KHTML, like Gecko; compatible; ClaudeBot/1.0; +claudebot@anthropic.com)"
2a03:2880:f802:46:: - - [22/Aug/2026:12:23:07 +0800] "GET /wp-login.php?key=ib84x375&_wpnonce=&action=ilc_logout&redirect_to=https%3A%2F%2Fwww.aayyy.com HTTP/1.1" 302 8250 "-" "Mozilla/5.0 (Windows NT 10.0; Win64; x64) AppleWebKit/537.36 (KHTML, like Gecko) Chrome/145.0.0.0 Safari/537.36 (compatible; meta-externalagent/1.1 (+https://developers.facebook.com/docs/sharing/webmasters/crawler))"
74.7.242.54 - - [22/Aug/2026:12:23:07 +0800] "GET /26150/?p=3153 HTTP/1.1" 301 978 "https://2blog.ilc.edu.tw/26150/2015/07/24/%e6%88%b2%e8%aa%aa%e5%b9%b8%e7%a6%8f%e5%a9%9a%e5%a7%bb%e8%88%87%e5%ae%b6%e5%ba%ad%e9%9b%bb%e5%bd%b1%e8%a8%8e%e8%ab%96%e5%9c%98%e9%ab%94%e7%ac%ac%e4%ba%8c%e5%a0%b4%ef%bc%8c%e6%ad%a1%e8%bf%8e/" "Mozilla/5.0 AppleWebKit/537.36 (KHTML, like Gecko; compatible; GPTBot/1.4; +https://openai.com/gptbot)"
216.73.216.20 - - [22/Aug/2026:12:23:10 +0800] "GET /6325/wp-json/wp/v2/posts/17880 HTTP/1.1" 200 3606 "-" "Mozilla/5.0 AppleWebKit/537.36 (KHTML, like Gecko; compatible; ClaudeBot/1.0; +claudebot@anthropic.com)"
216.73.216.20 - - [22/Aug/2026:12:23:10 +0800] "GET /6325/wp-json/wp/v2/posts/17907 HTTP/1.1" 200 4602 "-" "Mozilla/5.0 AppleWebKit/537.36 (KHTML, like Gecko; compatible; ClaudeBot/1.0; +claudebot@anthropic.com)"
216.73.216.20 - - [22/Aug/2026:12:23:10 +0800] "GET /6325/wp-json/wp/v2/posts/18005 HTTP/1.1" 200 4580 "-" "Mozilla/5.0 AppleWebKit/537.36 (KHTML, like Gecko; compatible; ClaudeBot/1.0; +claudebot@anthropic.com)"
216.73.216.20 - - [22/Aug/2026:12:23:10 +0800] "GET /6325/2014/04/21/ HTTP/1.1" 200 10003 "-" "Mozilla/5.0 AppleWebKit/537.36 (KHTML, like Gecko; compatible; ClaudeBot/1.0; +claudebot@anthropic.com)"
42.79.180.180 - - [22/Aug/2026:12:23:10 +0800] "GET / HTTP/1.1" 200 29675 "https://www.google.com/url?q=https://www.dses.ilc.edu.tw/&sa=U&sqi=2&ved=2ahUKEwiAy4HhsbOWAxX2muEIHckNBR0QFnoECCcQAQ&usg=AOvVaw0MVW5gG8z9cCnYy6KZCsXq" "Mozilla/5.0 (iPhone; CPU iPhone OS 26_5_0 like Mac OS X) AppleWebKit/605.1.15 (KHTML, like Gecko) GSA/434.2.961627397 Mobile/15E148 Safari/604.1"
42.79.180.180 - - [22/Aug/2026:12:23:10 +0800] "GET /wp-content/cache/www.dses.ilc.edu.tw/wpfc-minified/1e67c88w/72pp.css HTTP/1.1" 200 1157 "https://www.dses.ilc.edu.tw/" "Mozilla/5.0 (iPhone; CPU iPhone OS 26_5_0 like Mac OS X) AppleWebKit/605.1.15 (KHTML, like Gecko) GSA/434.2.961627397 Mobile/15E148 Safari/604.1"
42.79.180.180 - - [22/Aug/2026:12:23:10 +0800] "GET /wp-content/cache/www.dses.ilc.edu.tw/wpfc-minified/33etc095/72pp.css HTTP/1.1" 200 45686 "https://www.dses.ilc.edu.tw/" "Mozilla/5.0 (iPhone; CPU iPhone OS 26_5_0 like Mac OS X) AppleWebKit/605.1.15 (KHTML, like Gecko) GSA/434.2.961627397 Mobile/15E148 Safari/604.1"
216.73.216.20 - - [22/Aug/2026:12:23:10 +0800] "GET /6448/wp-json/wp/v2/posts/232 HTTP/1.1" 200 6902 "-" "Mozilla/5.0 AppleWebKit/537.36 (KHTML, like Gecko; compatible; ClaudeBot/1.0; +claudebot@anthropic.com)"
42.79.180.180 - - [22/Aug/2026:12:23:10 +0800] "GET /wp-content/cache/www.dses.ilc.edu.tw/wpfc-minified/mot3luef/72pp.js HTTP/1.1" 200 35557 "https://www.dses.ilc.edu.tw/" "Mozilla/5.0 (iPhone; CPU iPhone OS 26_5_0 like Mac OS X) AppleWebKit/605.1.15 (KHTML, like Gecko) GSA/434.2.961627397 Mobile/15E148 Safari/604.1"
216.73.216.20 - - [22/Aug/2026:12:23:10 +0800] "GET /24973/author/binlin/ HTTP/1.1" 200 11931 "-" "Mozilla/5.0 AppleWebKit/537.36 (KHTML, like Gecko; compatible; ClaudeBot/1.0; +claudebot@anthropic.com)"
42.79.180.180 - - [22/Aug/2026:12:23:10 +0800] "GET /wp-content/uploads/sites/1984/2024/09/surfing11000-x-200-%E5%83%8F%E7%B4%A0.png HTTP/1.1" 200 353902 "https://www.dses.ilc.edu.tw/" "Mozilla/5.0 (iPhone; CPU iPhone OS 26_5_0 like Mac OS X) AppleWebKit/605.1.15 (KHTML, like Gecko) GSA/434.2.961627397 Mobile/15E148 Safari/604.1"
42.79.180.180 - - [22/Aug/2026:12:23:10 +0800] "GET /wp-includes/js/hoverintent-js.min.js HTTP/1.1" 200 1597 "https://www.dses.ilc.edu.tw/" "Mozilla/5.0 (iPhone; CPU iPhone OS 26_5_0 like Mac OS X) AppleWebKit/605.1.15 (KHTML, like Gecko) GSA/434.2.961627397 Mobile/15E148 Safari/604.1"
42.79.180.180 - - [22/Aug/2026:12:23:10 +0800] "GET /wp-includes/js/admin-bar.min.js HTTP/1.1" 200 2237 "https://www.dses.ilc.edu.tw/" "Mozilla/5.0 (iPhone; CPU iPhone OS 26_5_0 like Mac OS X) AppleWebKit/605.1.15 (KHTML, like Gecko) GSA/434.2.961627397 Mobile/15E148 Safari/604.1"
42.79.180.180 - - [22/Aug/2026:12:23:10 +0800] "GET /wp-includes/js/imagesloaded.min.js HTTP/1.1" 200 2683 "https://www.dses.ilc.edu.tw/" "Mozilla/5.0 (iPhone; CPU iPhone OS 26_5_0 like Mac OS X) AppleWebKit/605.1.15 (KHTML, like Gecko) GSA/434.2.961627397 Mobile/15E148 Safari/604.1"
216.73.216.20 - - [22/Aug/2026:12:23:10 +0800] "GET /6325/2014/07/ HTTP/1.1" 200 10480 "-" "Mozilla/5.0 AppleWebKit/537.36 (KHTML, like Gecko; compatible; ClaudeBot/1.0; +claudebot@anthropic.com)"
23.94.242.64 - - [22/Aug/2026:12:23:10 +0800] "GET /1279/wp-content/uploads/sites/893/2019/07/1080718-1-768x581.jpg HTTP/1.1" 200 78686 "https://2blog.ilc.edu.tw/1279/2019/07/18/10-47108%E5%B9%B4scratch-3-0%E5%88%9D%E9%9A%8E%E5%85%A5%E9%96%80%E7%A0%94%E7%BF%92-%E6%96%B0%E7%AB%B9%E7%B8%A3%E6%95%99%E7%B6%B2%E4%B8%AD%E5%BF%83/" "Mozilla/5.0 (Macintosh; Intel Mac OS X 10_15_7) AppleWebKit/537.36 (KHTML, like Gecko) Chrome/131.0.0.0 Safari/537.36"
42.79.180.180 - - [22/Aug/2026:12:23:10 +0800] "GET /wp-content/themes/oceanwp/assets/js/theme.min.js HTTP/1.1" 200 5130 "https://www.dses.ilc.edu.tw/" "Mozilla/5.0 (iPhone; CPU iPhone OS 26_5_0 like Mac OS X) AppleWebKit/605.1.15 (KHTML, like Gecko) GSA/434.2.961627397 Mobile/15E148 Safari/604.1"
42.79.180.180 - - [22/Aug/2026:12:23:10 +0800] "GET /wp-content/themes/oceanwp/assets/js/drop-down-mobile-menu.min.js HTTP/1.1" 200 4663 "https://www.dses.ilc.edu.tw/" "Mozilla/5.0 (iPhone; CPU iPhone OS 26_5_0 like Mac OS X) AppleWebKit/605.1.15 (KHTML, like Gecko) GSA/434.2.961627397 Mobile/15E148 Safari/604.1"
42.79.180.180 - - [22/Aug/2026:12:23:10 +0800] "GET /wp-content/themes/oceanwp/assets/js/drop-down-search.min.js HTTP/1.1" 200 2968 "https://www.dses.ilc.edu.tw/" "Mozilla/5.0 (iPhone; CPU iPhone OS 26_5_0 like Mac OS X) AppleWebKit/605.1.15 (KHTML, like Gecko) GSA/434.2.961627397 Mobile/15E148 Safari/604.1"
42.79.180.180 - - [22/Aug/2026:12:23:10 +0800] "GET /wp-content/themes/oceanwp/assets/js/vendors/magnific-popup.min.js HTTP/1.1" 200 8270 "https://www.dses.ilc.edu.tw/" "Mozilla/5.0 (iPhone; CPU iPhone OS 26_5_0 like Mac OS X) AppleWebKit/605.1.15 (KHTML, like Gecko) GSA/434.2.961627397 Mobile/15E148 Safari/604.1"
42.79.180.180 - - [22/Aug/2026:12:23:10 +0800] "GET /wp-content/themes/oceanwp/assets/js/ow-lightbox.min.js HTTP/1.1" 200 2321 "https://www.dses.ilc.edu.tw/" "Mozilla/5.0 (iPhone; CPU iPhone OS 26_5_0 like Mac OS X) AppleWebKit/605.1.15 (KHTML, like Gecko) GSA/434.2.961627397 Mobile/15E148 Safari/604.1"
42.79.180.180 - - [22/Aug/2026:12:23:10 +0800] "GET /wp-content/themes/oceanwp/assets/js/vendors/flickity.pkgd.min.js HTTP/1.1" 200 15048 "https://www.dses.ilc.edu.tw/" "Mozilla/5.0 (iPhone; CPU iPhone OS 26_5_0 like Mac OS X) AppleWebKit/605.1.15 (KHTML, like Gecko) GSA/434.2.961627397 Mobile/15E148 Safari/604.1"
42.79.180.180 - - [22/Aug/2026:12:23:10 +0800] "GET /wp-content/themes/oceanwp/assets/js/ow-slider.min.js HTTP/1.1" 200 1761 "https://www.dses.ilc.edu.tw/" "Mozilla/5.0 (iPhone; CPU iPhone OS 26_5_0 like Mac OS X) AppleWebKit/605.1.15 (KHTML, like Gecko) GSA/434.2.961627397 Mobile/15E148 Safari/604.1"
216.73.216.20 - - [22/Aug/2026:12:23:10 +0800] "GET /6448/wp-json/wp/v2/posts/175 HTTP/1.1" 200 16995 "-" "Mozilla/5.0 AppleWebKit/537.36 (KHTML, like Gecko; compatible; ClaudeBot/1.0; +claudebot@anthropic.com)"
42.79.180.180 - - [22/Aug/2026:12:23:10 +0800] "GET /wp-content/themes/oceanwp/assets/js/scroll-effect.min.js HTTP/1.1" 200 4127 "https://www.dses.ilc.edu.tw/" "Mozilla/5.0 (iPhone; CPU iPhone OS 26_5_0 like Mac OS X) AppleWebKit/605.1.15 (KHTML, like Gecko) GSA/434.2.961627397 Mobile/15E148 Safari/604.1"
42.79.180.180 - - [22/Aug/2026:12:23:10 +0800] "GET /wp-content/themes/oceanwp/assets/js/scroll-top.min.js HTTP/1.1" 200 3202 "https://www.dses.ilc.edu.tw/" "Mozilla/5.0 (iPhone; CPU iPhone OS 26_5_0 like Mac OS X) AppleWebKit/605.1.15 (KHTML, like Gecko) GSA/434.2.961627397 Mobile/15E148 Safari/604.1"
42.79.180.180 - - [22/Aug/2026:12:23:10 +0800] "GET /wp-content/themes/oceanwp/assets/js/select.min.js HTTP/1.1" 200 2408 "https://www.dses.ilc.edu.tw/" "Mozilla/5.0 (iPhone; CPU iPhone OS 26_5_0 like Mac OS X) AppleWebKit/605.1.15 (KHTML, like Gecko) GSA/434.2.961627397 Mobile/15E148 Safari/604.1"
216.73.216.20 - - [22/Aug/2026:12:23:10 +0800] "GET /6325/2014/11/21/ HTTP/1.1" 200 9911 "-" "Mozilla/5.0 AppleWebKit/537.36 (KHTML, like Gecko; compatible; ClaudeBot/1.0; +claudebot@anthropic.com)"
42.79.180.180 - - [22/Aug/2026:12:23:10 +0800] "GET /wp-content/plugins/elementor-pro/assets/js/webpack-pro.runtime.min.js HTTP/1.1" 200 3562 "https://www.dses.ilc.edu.tw/" "Mozilla/5.0 (iPhone; CPU iPhone OS 26_5_0 like Mac OS X) AppleWebKit/605.1.15 (KHTML, like Gecko) GSA/434.2.961627397 Mobile/15E148 Safari/604.1"
42.79.180.180 - - [22/Aug/2026:12:23:10 +0800] "GET /wp-content/plugins/elementor/assets/js/webpack.runtime.min.js HTTP/1.1" 200 3095 "https://www.dses.ilc.edu.tw/" "Mozilla/5.0 (iPhone; CPU iPhone OS 26_5_0 like Mac OS X) AppleWebKit/605.1.15 (KHTML, like Gecko) GSA/434.2.961627397 Mobile/15E148 Safari/604.1"
42.79.180.180 - - [22/Aug/2026:12:23:10 +0800] "GET /wp-content/plugins/elementor/assets/js/frontend-modules.min.js HTTP/1.1" 200 19416 "https://www.dses.ilc.edu.tw/" "Mozilla/5.0 (iPhone; CPU iPhone OS 26_5_0 like Mac OS X) AppleWebKit/605.1.15 (KHTML, like Gecko) GSA/434.2.961627397 Mobile/15E148 Safari/604.1"
42.79.180.180 - - [22/Aug/2026:12:23:10 +0800] "GET /wp-includes/js/dist/hooks.min.js HTTP/1.1" 200 2421 "https://www.dses.ilc.edu.tw/" "Mozilla/5.0 (iPhone; CPU iPhone OS 26_5_0 like Mac OS X) AppleWebKit/605.1.15 (KHTML, like Gecko) GSA/434.2.961627397 Mobile/15E148 Safari/604.1"
42.79.180.180 - - [22/Aug/2026:12:23:10 +0800] "GET /wp-includes/js/dist/i18n.min.js HTTP/1.1" 200 4547 "https://www.dses.ilc.edu.tw/" "Mozilla/5.0 (iPhone; CPU iPhone OS 26_5_0 like Mac OS X) AppleWebKit/605.1.15 (KHTML, like Gecko) GSA/434.2.961627397 Mobile/15E148 Safari/604.1"
34.10.180.98 - - [22/Aug/2026:12:23:10 +0800] "GET /wp-content/uploads/sites/1383/16891/16891-4074020.pdf HTTP/1.1" 200 228565 "-" "Mozilla/5.0 (Macintosh; Intel Mac OS X 10_15_7) AppleWebKit/537.36 (KHTML, like Gecko) Chrome/120.0.0.0 Safari/537.36"
42.79.180.180 - - [22/Aug/2026:12:23:10 +0800] "GET /wp-content/plugins/elementor-pro/assets/js/frontend.min.js HTTP/1.1" 200 7574 "https://www.dses.ilc.edu.tw/" "Mozilla/5.0 (iPhone; CPU iPhone OS 26_5_0 like Mac OS X) AppleWebKit/605.1.15 (KHTML, like Gecko) GSA/434.2.961627397 Mobile/15E148 Safari/604.1"
42.79.180.180 - - [22/Aug/2026:12:23:10 +0800] "GET /wp-content/plugins/elementor/assets/lib/waypoints/waypoints.min.js HTTP/1.1" 200 3873 "https://www.dses.ilc.edu.tw/" "Mozilla/5.0 (iPhone; CPU iPhone OS 26_5_0 like Mac OS X) AppleWebKit/605.1.15 (KHTML, like Gecko) GSA/434.2.961627397 Mobile/15E148 Safari/604.1"
42.79.180.180 - - [22/Aug/2026:12:23:10 +0800] "GET /wp-includes/js/jquery/ui/core.min.js HTTP/1.1" 200 7986 "https://www.dses.ilc.edu.tw/" "Mozilla/5.0 (iPhone; CPU iPhone OS 26_5_0 like Mac OS X) AppleWebKit/605.1.15 (KHTML, like Gecko) GSA/434.2.961627397 Mobile/15E148 Safari/604.1"
42.79.180.180 - - [22/Aug/2026:12:23:11 +0800] "GET /wp-content/plugins/elementor/assets/js/frontend.min.js HTTP/1.1" 200 13169 "https://www.dses.ilc.edu.tw/" "Mozilla/5.0 (iPhone; CPU iPhone OS 26_5_0 like Mac OS X) AppleWebKit/605.1.15 (KHTML, like Gecko) GSA/434.2.961627397 Mobile/15E148 Safari/604.1"
42.79.180.180 - - [22/Aug/2026:12:23:11 +0800] "GET /wp-content/plugins/elementor-pro/assets/js/elements-handlers.min.js HTTP/1.1" 200 10882 "https://www.dses.ilc.edu.tw/" "Mozilla/5.0 (iPhone; CPU iPhone OS 26_5_0 like Mac OS X) AppleWebKit/605.1.15 (KHTML, like Gecko) GSA/434.2.961627397 Mobile/15E148 Safari/604.1"
216.73.216.20 - - [22/Aug/2026:12:23:10 +0800] "GET /6325/2012/10/ HTTP/1.1" 200 9944 "-" "Mozilla/5.0 AppleWebKit/537.36 (KHTML, like Gecko; compatible; ClaudeBot/1.0; +claudebot@anthropic.com)"
42.79.180.180 - - [22/Aug/2026:12:23:11 +0800] "GET /wp-content/uploads/sites/1984/elementor/css/post-921.css HTTP/1.1" 200 6225 "https://www.dses.ilc.edu.tw/" "Mozilla/5.0 (iPhone; CPU iPhone OS 26_5_0 like Mac OS X) AppleWebKit/605.1.15 (KHTML, like Gecko) GSA/434.2.961627397 Mobile/15E148 Safari/604.1"
42.79.180.180 - - [22/Aug/2026:12:23:11 +0800] "GET /wp-content/uploads/sites/1984/elementor/css/post-398.css HTTP/1.1" 200 6126 "https://www.dses.ilc.edu.tw/" "Mozilla/5.0 (iPhone; CPU iPhone OS 26_5_0 like Mac OS X) AppleWebKit/605.1.15 (KHTML, like Gecko) GSA/434.2.961627397 Mobile/15E148 Safari/604.1"
42.79.180.180 - - [22/Aug/2026:12:23:11 +0800] "GET /wp-content/cache/www.dses.ilc.edu.tw/wpfc-minified/8xnl42fs/77wu.css HTTP/1.1" 200 52089 "https://www.dses.ilc.edu.tw/" "Mozilla/5.0 (iPhone; CPU iPhone OS 26_5_0 like Mac OS X) AppleWebKit/605.1.15 (KHTML, like Gecko) GSA/434.2.961627397 Mobile/15E148 Safari/604.1"
42.79.180.180 - - [22/Aug/2026:12:23:11 +0800] "GET /wp-content/cache/www.dses.ilc.edu.tw/wpfc-minified/9huotwi0/77wu.css HTTP/1.1" 200 90835 "https://www.dses.ilc.edu.tw/" "Mozilla/5.0 (iPhone; CPU iPhone OS 26_5_0 like Mac OS X) AppleWebKit/605.1.15 (KHTML, like Gecko) GSA/434.2.961627397 Mobile/15E148 Safari/604.1"
42.79.180.180 - - [22/Aug/2026:12:23:11 +0800] "GET /wp-content/uploads/sites/1984/2023/10/%E5%A4%A7%E6%BA%AA%E5%A0%B1%E9%A6%AC%E4%BB%94.png HTTP/1.1" 200 10267 "https://www.dses.ilc.edu.tw/" "Mozilla/5.0 (iPhone; CPU iPhone OS 26_5_0 like Mac OS X) AppleWebKit/605.1.15 (KHTML, like Gecko) GSA/434.2.961627397 Mobile/15E148 Safari/604.1"
42.79.180.180 - - [22/Aug/2026:12:23:11 +0800] "GET /wp-content/uploads/sites/1984/2024/08/%E8%9C%9C%E6%9C%88%E7%81%A3%E6%B5%AA%E6%B3%81%E7%9B%B4%E6%92%AD-1.jpg HTTP/1.1" 200 5540 "https://www.dses.ilc.edu.tw/" "Mozilla/5.0 (iPhone; CPU iPhone OS 26_5_0 like Mac OS X) AppleWebKit/605.1.15 (KHTML, like Gecko) GSA/434.2.961627397 Mobile/15E148 Safari/604.1"
42.79.180.180 - - [22/Aug/2026:12:23:11 +0800] "GET /wp-content/themes/oceanwp/assets/fonts/fontawesome/webfonts/fa-solid-900.woff2 HTTP/1.1" 200 151246 "https://www.dses.ilc.edu.tw/" "Mozilla/5.0 (iPhone; CPU iPhone OS 26_5_0 like Mac OS X) AppleWebKit/605.1.15 (KHTML, like Gecko) GSA/434.2.961627397 Mobile/15E148 Safari/604.1"
42.79.180.180 - - [22/Aug/2026:12:23:11 +0800] "GET /wp-content/plugins/elementor/assets/lib/eicons/fonts/eicons.woff2?5.30.0 HTTP/1.1" 200 98225 "https://www.dses.ilc.edu.tw/" "Mozilla/5.0 (iPhone; CPU iPhone OS 26_5_0 like Mac OS X) AppleWebKit/605.1.15 (KHTML, like Gecko) GSA/434.2.961627397 Mobile/15E148 Safari/604.1"
42.79.180.180 - - [22/Aug/2026:12:23:11 +0800] "GET /wp-content/uploads/sites/1984/2023/09/%E6%9C%AA%E5%91%BD%E5%90%8D%E8%A8%AD%E8%A8%88-1.png HTTP/1.1" 200 25173 "https://www.dses.ilc.edu.tw/" "Mozilla/5.0 (iPhone; CPU iPhone OS 26_5_0 like Mac OS X) AppleWebKit/605.1.15 (KHTML, like Gecko) GSA/434.2.961627397 Mobile/15E148 Safari/604.1"
42.79.180.180 - - [22/Aug/2026:12:23:11 +0800] "GET /wp-content/plugins/elementor/assets/lib/dialog/dialog.min.js?ver=4.9.0 HTTP/1.1" 200 4368 "https://www.dses.ilc.edu.tw/" "Mozilla/5.0 (iPhone; CPU iPhone OS 26_5_0 like Mac OS X) AppleWebKit/605.1.15 (KHTML, like Gecko) GSA/434.2.961627397 Mobile/15E148 Safari/604.1"
42.79.180.180 - - [22/Aug/2026:12:23:11 +0800] "GET /wp-content/plugins/elementor/assets/lib/share-link/share-link.min.js?ver=3.22.3 HTTP/1.1" 200 2049 "https://www.dses.ilc.edu.tw/" "Mozilla/5.0 (iPhone; CPU iPhone OS 26_5_0 like Mac OS X) AppleWebKit/605.1.15 (KHTML, like Gecko) GSA/434.2.961627397 Mobile/15E148 Safari/604.1"
42.79.180.180 - - [22/Aug/2026:12:23:11 +0800] "GET /wp-content/plugins/elementor/assets/js/lightbox.94b920846d1e37cafb78.bundle.min.js HTTP/1.1" 200 10857 "https://www.dses.ilc.edu.tw/" "Mozilla/5.0 (iPhone; CPU iPhone OS 26_5_0 like Mac OS X) AppleWebKit/605.1.15 (KHTML, like Gecko) GSA/434.2.961627397 Mobile/15E148 Safari/604.1"
42.79.180.180 - - [22/Aug/2026:12:23:11 +0800] "GET /wp-content/plugins/elementor-pro/assets/js/media-carousel.aca2224ef13e6f999011.bundle.min.js HTTP/1.1" 200 2948 "https://www.dses.ilc.edu.tw/" "Mozilla/5.0 (iPhone; CPU iPhone OS 26_5_0 like Mac OS X) AppleWebKit/605.1.15 (KHTML, like Gecko) GSA/434.2.961627397 Mobile/15E148 Safari/604.1"
42.79.180.180 - - [22/Aug/2026:12:23:11 +0800] "GET /wp-content/plugins/elementor-pro/assets/js/social.2d2e44e8608690943f29.bundle.min.js HTTP/1.1" 200 1433 "https://www.dses.ilc.edu.tw/" "Mozilla/5.0 (iPhone; CPU iPhone OS 26_5_0 like Mac OS X) AppleWebKit/605.1.15 (KHTML, like Gecko) GSA/434.2.961627397 Mobile/15E148 Safari/604.1"
42.79.180.180 - - [22/Aug/2026:12:23:11 +0800] "GET /wp-content/plugins/elementor/assets/lib/swiper/v8/swiper.min.js?ver=8.4.5 HTTP/1.1" 200 40708 "https://www.dses.ilc.edu.tw/" "Mozilla/5.0 (iPhone; CPU iPhone OS 26_5_0 like Mac OS X) AppleWebKit/605.1.15 (KHTML, like Gecko) GSA/434.2.961627397 Mobile/15E148 Safari/604.1"
42.79.180.180 - - [22/Aug/2026:12:23:11 +0800] "GET /wp-content/uploads/sites/1984/2023/09/2023-09-25_114543.png HTTP/1.1" 200 532923 "https://www.dses.ilc.edu.tw/" "Mozilla/5.0 (iPhone; CPU iPhone OS 26_5_0 like Mac OS X) AppleWebKit/605.1.15 (KHTML, like Gecko) GSA/434.2.961627397 Mobile/15E148 Safari/604.1"
42.79.180.180 - - [22/Aug/2026:12:23:11 +0800] "GET /wp-content/uploads/sites/1984/2023/09/2023-09-25_133306.png HTTP/1.1" 200 554095 "https://www.dses.ilc.edu.tw/" "Mozilla/5.0 (iPhone; CPU iPhone OS 26_5_0 like Mac OS X) AppleWebKit/605.1.15 (KHTML, like Gecko) GSA/434.2.961627397 Mobile/15E148 Safari/604.1"
42.79.180.180 - - [22/Aug/2026:12:23:11 +0800] "GET /wp-content/uploads/sites/1984/2023/10/2023-10-01_151030.png HTTP/1.1" 200 484055 "https://www.dses.ilc.edu.tw/" "Mozilla/5.0 (iPhone; CPU iPhone OS 26_5_0 like Mac OS X) AppleWebKit/605.1.15 (KHTML, like Gecko) GSA/434.2.961627397 Mobile/15E148 Safari/604.1"
42.79.180.180 - - [22/Aug/2026:12:23:11 +0800] "GET /wp-content/uploads/sites/1984/2023/09/2023-09-25_145636.png HTTP/1.1" 200 595153 "https://www.dses.ilc.edu.tw/" "Mozilla/5.0 (iPhone; CPU iPhone OS 26_5_0 like Mac OS X) AppleWebKit/605.1.15 (KHTML, like Gecko) GSA/434.2.961627397 Mobile/15E148 Safari/604.1"
42.79.180.180 - - [22/Aug/2026:12:23:11 +0800] "GET /wp-content/uploads/sites/1984/2023/09/2023-09-25_145648.png HTTP/1.1" 200 599937 "https://www.dses.ilc.edu.tw/" "Mozilla/5.0 (iPhone; CPU iPhone OS 26_5_0 like Mac OS X) AppleWebKit/605.1.15 (KHTML, like Gecko) GSA/434.2.961627397 Mobile/15E148 Safari/604.1"
42.79.180.180 - - [22/Aug/2026:12:23:11 +0800] "GET /wp-content/uploads/sites/1984/2023/09/2023-09-25_150338.png HTTP/1.1" 200 586523 "https://www.dses.ilc.edu.tw/" "Mozilla/5.0 (iPhone; CPU iPhone OS 26_5_0 like Mac OS X) AppleWebKit/605.1.15 (KHTML, like Gecko) GSA/434.2.961627397 Mobile/15E148 Safari/604.1"
42.79.180.180 - - [22/Aug/2026:12:23:12 +0800] "GET /wp-content/uploads/sites/1984/2023/10/2023-10-02_223016.png HTTP/1.1" 200 835646 "https://www.dses.ilc.edu.tw/" "Mozilla/5.0 (iPhone; CPU iPhone OS 26_5_0 like Mac OS X) AppleWebKit/605.1.15 (KHTML, like Gecko) GSA/434.2.961627397 Mobile/15E148 Safari/604.1"
74.7.242.54 - - [22/Aug/2026:12:23:10 +0800] "GET /26150/?p=5756 HTTP/1.1" 301 984 "https://2blog.ilc.edu.tw/26150/2021/05/13/%e3%80%90%e6%b4%bb%e5%8b%95%e5%8f%96%e6%b6%88%e3%80%91%e5%9b%a0%e6%87%89%e7%96%ab%e6%83%85%e8%ad%a6%e6%88%92%e5%8d%87%e7%b4%9a%ef%bc%8c%e5%8e%9f%e5%ae%9a110%e5%b9%b45%e6%9c%8815%e6%97%a5%e6%98%9f/" "Mozilla/5.0 AppleWebKit/537.36 (KHTML, like Gecko; compatible; GPTBot/1.4; +https://openai.com/gptbot)"
2001:288:a201::66:125 - - [22/Aug/2026:12:23:13 +0800] "GET /blog/active.php HTTP/1.1" 301 1026 "-" "-"
2001:288:a201::66:125 - - [22/Aug/2026:12:23:13 +0800] "GET /blog/active.php HTTP/1.1" 404 1084 "-" "-"
52.167.144.234 - - [22/Aug/2026:12:23:13 +0800] "GET /1003/?s=%E5%9C%8B%E5%B0%8F+%E5%9B%9E%E6%94%B6+%E6%99%BE%E4%B9%BE HTTP/1.1" 200 13796 "-" "Mozilla/5.0 AppleWebKit/537.36 (KHTML, like Gecko; compatible; bingbot/2.0; +http://www.bing.com/bingbot.htm) Chrome/116.0.1938.76 Safari/537.36"
140.111.67.10 - - [22/Aug/2026:12:23:14 +0800] "GET /" 301 273 "-" "-"
42.79.180.180 - - [22/Aug/2026:12:23:14 +0800] "GET /wp-content/uploads/sites/1984/2023/10/2023-10-05_094249.png HTTP/1.1" 200 649700 "https://www.dses.ilc.edu.tw/" "Mozilla/5.0 (iPhone; CPU iPhone OS 26_5_0 like Mac OS X) AppleWebKit/605.1.15 (KHTML, like Gecko) GSA/434.2.961627397 Mobile/15E148 Safari/604.1"
147.92.179.115 - - [22/Aug/2026:12:23:14 +0800] "GET /wp-content/uploads/sites/1204/23/23-3169136.pdf HTTP/1.1" 200 165311 "-" "facebookexternalhit/1.1;line-poker/1.0"
74.7.242.54 - - [22/Aug/2026:12:23:12 +0800] "GET /26150/?p=5107 HTTP/1.1" 301 984 "https://2blog.ilc.edu.tw/26150/2020/12/09/109%e5%b9%b4%e5%ba%a6%e5%b9%b8%e7%a6%8f%e5%ae%b6%e5%ba%ad%e7%a9%ba%e4%b8%ad%e8%ac%9b%e5%a0%82%e7%ac%ac33%e9%9b%86_%e6%9c%aa%e7%ab%9f%e4%ba%8b%e5%8b%99%e7%82%ba%e8%a6%ba%e5%af%9f%ef%bc%8d%e5%80%8b/" "Mozilla/5.0 AppleWebKit/537.36 (KHTML, like Gecko; compatible; GPTBot/1.4; +https://openai.com/gptbot)"
132.232.212.242 - - [22/Aug/2026:12:23:15 +0800] "GET /sunsun/wp-content/uploads/sites/2607/2022/09/IMG_7821-2.jpg HTTP/1.1" 200 82458 "https://2blog.ilc.edu.tw/" "Mozilla/5.0 (Windows NT 10.0; Win64; x64) AppleWebKit/537.36 (KHTML, like Gecko) Chrome/116.0.0.0 Safari/537.36"
::1 - - [22/Aug/2026:12:23:15 +0800] "OPTIONS * HTTP/1.0" 200 110 "-" "Apache/2.4.68 (Ubuntu) OpenSSL/3.0.19 (internal dummy connection)"
140.111.67.195 - - [22/Aug/2026:12:23:15 +0800] "GET /wp-admin/admin-post.php?action=steps_ad HTTP/1.1" 200 1973 "-" "node-fetch/1.0 (+https://github.com/bitinn/node-fetch)"
54.84.169.196 - - [22/Aug/2026:12:23:15 +0800] "GET /wp-content/uploads/sites/3375/2024/01/?C=D;O%3DD HTTP/1.1" 200 1114 "-" "Mozilla/5.0 AppleWebKit/537.36 (KHTML, like Gecko; compatible; Amazonbot/0.1; +https://developer.amazon.com/support/amazonbot) Chrome/119.0.6045.214 Safari/537.36"
::1 - - [22/Aug/2026:12:23:16 +0800] "OPTIONS * HTTP/1.0" 200 110 "-" "Apache/2.4.68 (Ubuntu) OpenSSL/3.0.19 (internal dummy connection)"
74.7.242.54 - - [22/Aug/2026:12:23:14 +0800] "GET /26150/?p=9220 HTTP/1.1" 301 904 "https://2blog.ilc.edu.tw/26150/2023/11/28/%e5%b9%b8%e7%a6%8f%e5%ae%b6%e5%ba%ad%e7%a9%ba%e4%b8%ad%e8%ac%9b%e5%a0%82%ef%bc%9a112%e5%b9%b411%e6%9c%8826%e6%97%a5/" "Mozilla/5.0 AppleWebKit/537.36 (KHTML, like Gecko; compatible; GPTBot/1.4; +https://openai.com/gptbot)"
54.235.172.96 - - [22/Aug/2026:12:23:16 +0800] "GET /6554/wp-json/wp/v2/posts/15974 HTTP/1.1" 200 9997 "-" "Mozilla/5.0 AppleWebKit/537.36 (KHTML, like Gecko; compatible; Amazonbot/0.1; +https://developer.amazon.com/support/amazonbot) Chrome/119.0.6045.214 Safari/537.36"
::1 - - [22/Aug/2026:12:23:17 +0800] "OPTIONS * HTTP/1.0" 200 110 "-" "Apache/2.4.68 (Ubuntu) OpenSSL/3.0.19 (internal dummy connection)"
140.111.67.195 - - [22/Aug/2026:12:23:17 +0800] "GET /wp-admin/admin-post.php?action=steps_ad HTTP/1.1" 200 1649 "-" "node-fetch/1.0 (+https://github.com/bitinn/node-fetch)"
2001:288:a201::66:125 - - [22/Aug/2026:12:23:18 +0800] "GET /blog/active.php HTTP/1.1" 301 1026 "-" "-"
2001:288:a201::66:125 - - [22/Aug/2026:12:23:18 +0800] "GET /blog/active.php HTTP/1.1" 404 1084 "-" "-"
2409:8754:5630:1f0::1:1f - - [22/Aug/2026:12:23:18 +0800] "GET /page/3 HTTP/1.1" 301 5769 "-" "Mozilla/5.0 (Windows NT 10.0; Win64; x64) AppleWebKit/537.36 (KHTML, like Gecko) Chrome/144.0.0.0 Safari/537.36"
::1 - - [22/Aug/2026:12:23:18 +0800] "OPTIONS * HTTP/1.0" 200 110 "-" "Apache/2.4.68 (Ubuntu) OpenSSL/3.0.19 (internal dummy connection)"
42.79.180.180 - - [22/Aug/2026:12:23:18 +0800] "GET /wp-content/uploads/sites/1984/2024/02/2024-02-24_193149.png HTTP/1.1" 200 644626 "https://www.dses.ilc.edu.tw/" "Mozilla/5.0 (iPhone; CPU iPhone OS 26_5_0 like Mac OS X) AppleWebKit/605.1.15 (KHTML, like Gecko) GSA/434.2.961627397 Mobile/15E148 Safari/604.1"
3.211.105.134 - - [22/Aug/2026:12:23:18 +0800] "GET /6554/wp-json/wp/v2/posts/%22https:/2blog.ilc.edu.tw/wp-content/uploads/sites/848/6554/6554-3345686.jpg/%22 HTTP/1.1" 404 6131 "-" "Mozilla/5.0 AppleWebKit/537.36 (KHTML, like Gecko; compatible; Amazonbot/0.1; +https://developer.amazon.com/support/amazonbot) Chrome/119.0.6045.214 Safari/537.36"
2409:8754:5630:1f0::1:1f - - [22/Aug/2026:12:23:18 +0800] "GET /page/3/ HTTP/1.1" 200 16794 "-" "Mozilla/5.0 (Windows NT 10.0; Win64; x64) AppleWebKit/537.36 (KHTML, like Gecko) Chrome/144.0.0.0 Safari/537.36"
140.111.67.10 - - [22/Aug/2026:12:23:19 +0800] "GET /" 301 273 "-" "-"
2409:8754:5630:1f0::1:1f - - [22/Aug/2026:12:23:19 +0800] "GET /wp-content/cache/www.djps.ilc.edu.tw/wpfc-minified/8x6rfp0o/7s2z.css HTTP/1.1" 200 40884 "https://www.djps.ilc.edu.tw/page/3/" "Mozilla/5.0 (Windows NT 10.0; Win64; x64) AppleWebKit/537.36 (KHTML, like Gecko) Chrome/144.0.0.0 Safari/537.36"
::1 - - [22/Aug/2026:12:23:19 +0800] "OPTIONS * HTTP/1.0" 200 110 "-" "Apache/2.4.68 (Ubuntu) OpenSSL/3.0.19 (internal dummy connection)"
74.7.242.54 - - [22/Aug/2026:12:23:16 +0800] "GET /26150/?p=3600 HTTP/1.1" 301 985 "https://2blog.ilc.edu.tw/26150/2018/10/01/%e5%ae%9c%e8%98%ad%e7%b8%a3%e5%ae%b6%e5%ba%ad%e6%95%99%e8%82%b2%e4%b8%ad%e5%bf%83107%e5%b9%b4%e5%ba%a6%e5%a9%9a%e5%89%8d%e6%95%99%e8%82%b2%e7%b3%bb%e5%88%97%e3%80%8c2018%e6%88%80%e5%9c%a8%e8%98%ad/" "Mozilla/5.0 AppleWebKit/537.36 (KHTML, like Gecko; compatible; GPTBot/1.4; +https://openai.com/gptbot)"
98.83.177.42 - - [22/Aug/2026:12:23:19 +0800] "GET /wp-content/uploads/sites/2793/2022/04/ HTTP/1.1" 200 1114 "-" "Mozilla/5.0 AppleWebKit/537.36 (KHTML, like Gecko; compatible; Amazonbot/0.1; +https://developer.amazon.com/support/amazonbot) Chrome/119.0.6045.214 Safari/537.36"
::1 - - [22/Aug/2026:12:23:20 +0800] "OPTIONS * HTTP/1.0" 200 110 "-" "Apache/2.4.68 (Ubuntu) OpenSSL/3.0.19 (internal dummy connection)"
18.214.124.6 - - [22/Aug/2026:12:23:20 +0800] "GET /3753/2008/12/23/%E3%80%90%E4%BB%8B%E7%B4%B9%E3%80%91%E6%96%B0%E6%9B%B8%E4%B8%8A%E6%9E%B640%E6%9C%AC%E5%A5%BD%E6%9B%B8%E6%AD%A1%E8%BF%8E%E5%80%9F%E9%96%B1%E5%94%B7/ HTTP/1.1" 200 34119 "-" "Mozilla/5.0 AppleWebKit/537.36 (KHTML, like Gecko; compatible; Amazonbot/0.1; +https://developer.amazon.com/support/amazonbot) Chrome/119.0.6045.214 Safari/537.36"
2001:288:a201::67:82 - - [22/Aug/2026:12:23:18 +0800] "POST /26150/?p=3600&fsm_edd_37394=483f3d20643dd7581da9f5e812a664dc HTTP/1.1" 200 13008 "-" "WordPress/6.6.7; https://2blog.ilc.edu.tw/26150"
2409:8754:5630:1f0::1:1f - - [22/Aug/2026:12:23:20 +0800] "GET /wp-content/cache/www.djps.ilc.edu.tw/wpfc-minified/mbhmorq0/7s2z.css HTTP/1.1" 200 1157 "https://www.djps.ilc.edu.tw/page/3/" "Mozilla/5.0 (Windows NT 10.0; Win64; x64) AppleWebKit/537.36 (KHTML, like Gecko) Chrome/144.0.0.0 Safari/537.36"
2409:8754:5630:1f0::1:1f - - [22/Aug/2026:12:23:21 +0800] "GET /wp-content/cache/www.djps.ilc.edu.tw/wpfc-minified/1cymsxyi/7s2z.css HTTP/1.1" 200 54290 "https://www.djps.ilc.edu.tw/page/3/" "Mozilla/5.0 (Windows NT 10.0; Win64; x64) AppleWebKit/537.36 (KHTML, like Gecko) Chrome/144.0.0.0 Safari/537.36"
::1 - - [22/Aug/2026:12:23:21 +0800] "OPTIONS * HTTP/1.0" 200 110 "-" "Apache/2.4.68 (Ubuntu) OpenSSL/3.0.19 (internal dummy connection)"
42.79.180.180 - - [22/Aug/2026:12:23:21 +0800] "GET /wp-content/uploads/sites/1984/2024/03/2024-03-17_103501.png HTTP/1.1" 200 910301 "https://www.dses.ilc.edu.tw/" "Mozilla/5.0 (iPhone; CPU iPhone OS 26_5_0 like Mac OS X) AppleWebKit/605.1.15 (KHTML, like Gecko) GSA/434.2.961627397 Mobile/15E148 Safari/604.1"
74.7.242.54 - - [22/Aug/2026:12:23:19 +0800] "GET /26150/?p=6401 HTTP/1.1" 301 981 "https://2blog.ilc.edu.tw/26150/2022/01/27/111%e5%b9%b4%e5%ba%a6%e5%a9%9a%e5%a7%bb%e6%95%99%e8%82%b2%e7%b3%bb%e5%88%97%e3%80%8c%e4%b8%83%e5%80%8b%e5%b9%b8%e7%a6%8f%e4%bc%b4%e4%be%b6%e7%9a%84%e7%a7%98%e5%af%86%e3%80%8d%e5%b7%a5%e4%bd%9c/" "Mozilla/5.0 AppleWebKit/537.36 (KHTML, like Gecko; compatible; GPTBot/1.4; +https://openai.com/gptbot)"
2409:8754:5630:1f0::1:1f - - [22/Aug/2026:12:23:22 +0800] "GET /wp-content/cache/www.djps.ilc.edu.tw/wpfc-minified/lnbiv0q4/7s2z.css HTTP/1.1" 200 4322 "https://www.djps.ilc.edu.tw/page/3/" "Mozilla/5.0 (Windows NT 10.0; Win64; x64) AppleWebKit/537.36 (KHTML, like Gecko) Chrome/144.0.0.0 Safari/537.36"
::1 - - [22/Aug/2026:12:23:22 +0800] "OPTIONS * HTTP/1.0" 200 110 "-" "Apache/2.4.68 (Ubuntu) OpenSSL/3.0.19 (internal dummy connection)"
2409:8754:5630:1f0::1:1f - - [22/Aug/2026:12:23:22 +0800] "GET /wp-includes/js/admin-bar.min.js HTTP/1.1" 200 2237 "https://www.djps.ilc.edu.tw/page/3/" "Mozilla/5.0 (Windows NT 10.0; Win64; x64) AppleWebKit/537.36 (KHTML, like Gecko) Chrome/144.0.0.0 Safari/537.36"
42.79.180.180 - - [22/Aug/2026:12:23:22 +0800] "GET /wp-content/uploads/sites/1984/2024/03/2024-03-17_220445.png HTTP/1.1" 200 721581 "https://www.dses.ilc.edu.tw/" "Mozilla/5.0 (iPhone; CPU iPhone OS 26_5_0 like Mac OS X) AppleWebKit/605.1.15 (KHTML, like Gecko) GSA/434.2.961627397 Mobile/15E148 Safari/604.1"
2409:8754:5630:1f0::1:1f - - [22/Aug/2026:12:23:22 +0800] "GET /wp-includes/js/imagesloaded.min.js HTTP/1.1" 200 2683 "https://www.djps.ilc.edu.tw/page/3/" "Mozilla/5.0 (Windows NT 10.0; Win64; x64) AppleWebKit/537.36 (KHTML, like Gecko) Chrome/144.0.0.0 Safari/537.36"
2001:288:a201::66:125 - - [22/Aug/2026:12:23:23 +0800] "GET /blog/active.php HTTP/1.1" 301 1026 "-" "-"
2001:288:a201::66:125 - - [22/Aug/2026:12:23:23 +0800] "GET /blog/active.php HTTP/1.1" 404 1084 "-" "-"
216.73.216.20 - - [22/Aug/2026:12:23:23 +0800] "GET /6325/wp-json/wp/v2/posts/18119 HTTP/1.1" 200 10412 "-" "Mozilla/5.0 AppleWebKit/537.36 (KHTML, like Gecko; compatible; ClaudeBot/1.0; +claudebot@anthropic.com)"
216.73.216.20 - - [22/Aug/2026:12:23:23 +0800] "GET /6325/wp-json/wp/v2/posts/18475 HTTP/1.1" 200 9995 "-" "Mozilla/5.0 AppleWebKit/537.36 (KHTML, like Gecko; compatible; ClaudeBot/1.0; +claudebot@anthropic.com)"
216.73.216.20 - - [22/Aug/2026:12:23:23 +0800] "GET /6325/wp-json/wp/v2/posts/17775 HTTP/1.1" 200 9430 "-" "Mozilla/5.0 AppleWebKit/537.36 (KHTML, like Gecko; compatible; ClaudeBot/1.0; +claudebot@anthropic.com)"
74.7.242.54 - - [22/Aug/2026:12:23:21 +0800] "GET /26150/?p=3013 HTTP/1.1" 301 984 "https://2blog.ilc.edu.tw/26150/2014/08/04/%e8%bd%89%e7%9f%a5%e5%ae%9c%e8%98%ad%e5%ae%b6%e5%ba%ad%e6%89%b6%e5%8a%a9%e4%b8%ad%e5%bf%83%e6%96%bc103%e5%b9%b48%e6%9c%8823%e6%97%a5%e8%be%a6%e7%90%86%e5%af%84%e9%a4%8a%e5%ae%b6%e5%ba%ad%e6%8b%9b/" "Mozilla/5.0 AppleWebKit/537.36 (KHTML, like Gecko; compatible; GPTBot/1.4; +https://openai.com/gptbot)"
216.73.216.20 - - [22/Aug/2026:12:23:23 +0800] "GET /6325/wp-json/wp/v2/posts/18116 HTTP/1.1" 200 9327 "-" "Mozilla/5.0 AppleWebKit/537.36 (KHTML, like Gecko; compatible; ClaudeBot/1.0; +claudebot@anthropic.com)"
216.73.216.20 - - [22/Aug/2026:12:23:23 +0800] "GET /6325/wp-json/wp/v2/posts/18504 HTTP/1.1" 200 9368 "-" "Mozilla/5.0 AppleWebKit/537.36 (KHTML, like Gecko; compatible; ClaudeBot/1.0; +claudebot@anthropic.com)"
216.73.216.20 - - [22/Aug/2026:12:23:23 +0800] "GET /6448/wp-json/wp/v2/posts/143 HTTP/1.1" 200 9971 "-" "Mozilla/5.0 AppleWebKit/537.36 (KHTML, like Gecko; compatible; ClaudeBot/1.0; +claudebot@anthropic.com)"
216.73.216.20 - - [22/Aug/2026:12:23:23 +0800] "GET /6325/wp-json/wp/v2/posts/17732 HTTP/1.1" 200 8946 "-" "Mozilla/5.0 AppleWebKit/537.36 (KHTML, like Gecko; compatible; ClaudeBot/1.0; +claudebot@anthropic.com)"
216.73.216.20 - - [22/Aug/2026:12:23:23 +0800] "GET /6325/wp-json/wp/v2/posts/18287 HTTP/1.1" 200 11862 "-" "Mozilla/5.0 AppleWebKit/537.36 (KHTML, like Gecko; compatible; ClaudeBot/1.0; +claudebot@anthropic.com)"
216.73.216.20 - - [22/Aug/2026:12:23:23 +0800] "GET /6325/wp-json/wp/v2/posts/17647 HTTP/1.1" 200 6754 "-" "Mozilla/5.0 AppleWebKit/537.36 (KHTML, like Gecko; compatible; ClaudeBot/1.0; +claudebot@anthropic.com)"
216.73.216.20 - - [22/Aug/2026:12:23:23 +0800] "GET /6325/wp-json/wp/v2/posts/18464 HTTP/1.1" 200 5010 "-" "Mozilla/5.0 AppleWebKit/537.36 (KHTML, like Gecko; compatible; ClaudeBot/1.0; +claudebot@anthropic.com)"
216.73.216.20 - - [22/Aug/2026:12:23:23 +0800] "GET /6325/wp-json/wp/v2/posts/18260 HTTP/1.1" 200 7211 "-" "Mozilla/5.0 AppleWebKit/537.36 (KHTML, like Gecko; compatible; ClaudeBot/1.0; +claudebot@anthropic.com)"
216.73.216.20 - - [22/Aug/2026:12:23:23 +0800] "GET /6325/wp-json/wp/v2/posts/18208 HTTP/1.1" 200 10046 "-" "Mozilla/5.0 AppleWebKit/537.36 (KHTML, like Gecko; compatible; ClaudeBot/1.0; +claudebot@anthropic.com)"
42.79.180.180 - - [22/Aug/2026:12:23:23 +0800] "GET /wp-content/uploads/sites/1984/2024/04/2024-04-02_222323.png HTTP/1.1" 200 1113550 "https://www.dses.ilc.edu.tw/" "Mozilla/5.0 (iPhone; CPU iPhone OS 26_5_0 like Mac OS X) AppleWebKit/605.1.15 (KHTML, like Gecko) GSA/434.2.961627397 Mobile/15E148 Safari/604.1"
216.73.216.20 - - [22/Aug/2026:12:23:23 +0800] "GET /6325/wp-json/wp/v2/posts/18030 HTTP/1.1" 200 20541 "-" "Mozilla/5.0 AppleWebKit/537.36 (KHTML, like Gecko; compatible; ClaudeBot/1.0; +claudebot@anthropic.com)"
2409:8754:5630:1f0::1:1f - - [22/Aug/2026:12:23:23 +0800] "GET /wp-content/themes/oceanwp/assets/fonts/fontawesome/webfonts/fa-solid-900.woff2 HTTP/1.1" 200 151246 "https://www.djps.ilc.edu.tw/wp-content/cache/www.djps.ilc.edu.tw/wpfc-minified/1cymsxyi/7s2z.css" "Mozilla/5.0 (Windows NT 10.0; Win64; x64) AppleWebKit/537.36 (KHTML, like Gecko) Chrome/144.0.0.0 Safari/537.36"
216.73.216.20 - - [22/Aug/2026:12:23:23 +0800] "GET /6325/wp-json/wp/v2/posts/18084 HTTP/1.1" 200 5419 "-" "Mozilla/5.0 AppleWebKit/537.36 (KHTML, like Gecko; compatible; ClaudeBot/1.0; +claudebot@anthropic.com)"
216.73.216.20 - - [22/Aug/2026:12:23:23 +0800] "GET /6325/wp-json/wp/v2/posts/18206 HTTP/1.1" 200 4815 "-" "Mozilla/5.0 AppleWebKit/537.36 (KHTML, like Gecko; compatible; ClaudeBot/1.0; +claudebot@anthropic.com)"
