::1 - - [22/Aug/2026:12:19:37 +0800] "OPTIONS * HTTP/1.0" 200 110 "-" "Apache/2.4.68 (Ubuntu) OpenSSL/3.0.19 (internal dummy connection)"
2001:288:a201::66:125 - - [22/Aug/2026:12:19:38 +0800] "GET /blog/active.php HTTP/1.1" 301 1026 "-" "-"
74.7.242.54 - - [22/Aug/2026:12:19:36 +0800] "GET /26150/?p=3213 HTTP/1.1" 301 983 "https://2blog.ilc.edu.tw/26150/2015/12/16/%e4%b8%96%e6%96%b0%e5%a4%a7%e5%ad%b8%e6%80%a7%e5%88%a5%e7%a0%94%e7%a9%b6%e6%89%80105%e5%ad%b8%e5%b9%b4%e5%ba%a6%e7%a2%a9%e5%a3%ab%e7%8f%ad%e7%ac%ac14%e5%b1%86%e8%88%87%e7%a2%a9%e5%a3%ab%e5%9c%a8/" "Mozilla/5.0 AppleWebKit/537.36 (KHTML, like Gecko; compatible; GPTBot/1.4; +https://openai.com/gptbot)"
2001:288:a201::66:125 - - [22/Aug/2026:12:19:38 +0800] "GET /blog/active.php HTTP/1.1" 404 1084 "-" "-"
74.7.242.54 - - [22/Aug/2026:12:19:38 +0800] "GET /1003/?p=27040 HTTP/1.1" 301 880 "https://2blog.ilc.edu.tw/1003/2016/09/01/%E5%9B%9B%E4%B8%8A%E7%AC%AC1%E9%80%B1%E5%88%86%E5%85%AC%E5%8F%B8%E8%BC%95%E9%AC%86%E7%B6%93%E7%87%9F%E7%AE%A1%E7%90%86/" "Mozilla/5.0 AppleWebKit/537.36 (KHTML, like Gecko; compatible; GPTBot/1.4; +https://openai.com/gptbot)"
::1 - - [22/Aug/2026:12:19:38 +0800] "OPTIONS * HTTP/1.0" 200 110 "-" "Apache/2.4.68 (Ubuntu) OpenSSL/3.0.19 (internal dummy connection)"
140.111.67.10 - - [22/Aug/2026:12:19:39 +0800] "GET /" 301 273 "-" "-"
74.7.242.54 - - [22/Aug/2026:12:19:38 +0800] "GET /26150/?p=6030 HTTP/1.1" 301 984 "https://2blog.ilc.edu.tw/26150/2021/07/23/110%e5%b9%b4%e5%b9%b8%e7%a6%8f%e5%ae%b6%e5%ba%ad%e7%a9%ba%e4%b8%ad%e8%ac%9b%e5%a0%82%e7%ac%ac28%e9%9b%86_%e5%a4%b1%e6%99%ba%e7%97%87%e5%8f%8a%e7%85%a7%e9%a1%a7%e8%80%85%e5%bf%83%e8%b7%af%e6%ad%b7/" "Mozilla/5.0 AppleWebKit/537.36 (KHTML, like Gecko; compatible; GPTBot/1.4; +https://openai.com/gptbot)"
140.116.40.80 - - [22/Aug/2026:12:19:40 +0800] "GET /page/4/ HTTP/1.1" 200 31528 "https://www.google.com/" "Mozilla/5.0 (Windows NT 10.0; Win64; x64) AppleWebKit/537.36 (KHTML, like Gecko) Chrome/151.0.0.0 Safari/537.36"
44.207.207.36 - - [22/Aug/2026:12:19:39 +0800] "GET /wp-content/uploads/sites/847/6483/previews/6483-2408626.gif HTTP/1.1" 200 1542 "-" "Mozilla/5.0 AppleWebKit/537.36 (KHTML, like Gecko; compatible; Amazonbot/0.1; +https://developer.amazon.com/support/amazonbot) Chrome/119.0.6045.214 Safari/537.36"
::1 - - [22/Aug/2026:12:19:40 +0800] "OPTIONS * HTTP/1.0" 200 110 "-" "Apache/2.4.68 (Ubuntu) OpenSSL/3.0.19 (internal dummy connection)"
::1 - - [22/Aug/2026:12:19:41 +0800] "OPTIONS * HTTP/1.0" 200 110 "-" "Apache/2.4.68 (Ubuntu) OpenSSL/3.0.19 (internal dummy connection)"
216.73.216.20 - - [22/Aug/2026:12:19:41 +0800] "GET /?p=290 HTTP/1.1" 301 5824 "-" "Mozilla/5.0 AppleWebKit/537.36 (KHTML, like Gecko; compatible; ClaudeBot/1.0; +claudebot@anthropic.com)"
74.7.242.54 - - [22/Aug/2026:12:19:40 +0800] "GET /26150/?p=2929 HTTP/1.1" 301 976 "https://2blog.ilc.edu.tw/26150/2014/02/20/103%e5%b9%b4%e5%ba%a6%e7%ac%ac7%e6%ac%a1-%e5%b9%b8%e7%a6%8f%e5%ae%b6%e5%ba%ad%e7%a9%ba%e4%b8%ad%e8%ac%9b%e5%a0%82-%e5%ae%b6%e6%89%b6%e4%b8%ad%e5%bf%83-%e5%90%91%e9%99%bd%e5%ad%b8%e5%9c%92/" "Mozilla/5.0 AppleWebKit/537.36 (KHTML, like Gecko; compatible; GPTBot/1.4; +https://openai.com/gptbot)"
216.73.216.20 - - [22/Aug/2026:12:19:42 +0800] "GET /?p=358 HTTP/1.1" 301 1107 "-" "Mozilla/5.0 AppleWebKit/537.36 (KHTML, like Gecko; compatible; ClaudeBot/1.0; +claudebot@anthropic.com)"
216.73.216.20 - - [22/Aug/2026:12:19:42 +0800] "GET /2018/10/15/ HTTP/1.1" 200 19166 "-" "Mozilla/5.0 AppleWebKit/537.36 (KHTML, like Gecko; compatible; ClaudeBot/1.0; +claudebot@anthropic.com)"
216.73.216.20 - - [22/Aug/2026:12:19:42 +0800] "GET /?p=302 HTTP/1.1" 301 1452 "-" "Mozilla/5.0 AppleWebKit/537.36 (KHTML, like Gecko; compatible; ClaudeBot/1.0; +claudebot@anthropic.com)"
216.73.216.20 - - [22/Aug/2026:12:19:42 +0800] "GET /?p=116 HTTP/1.1" 301 1113 "-" "Mozilla/5.0 AppleWebKit/537.36 (KHTML, like Gecko; compatible; ClaudeBot/1.0; +claudebot@anthropic.com)"
216.73.216.20 - - [22/Aug/2026:12:19:42 +0800] "GET /?p=27 HTTP/1.1" 301 5917 "-" "Mozilla/5.0 AppleWebKit/537.36 (KHTML, like Gecko; compatible; ClaudeBot/1.0; +claudebot@anthropic.com)"
216.73.216.20 - - [22/Aug/2026:12:19:42 +0800] "GET /?p=57 HTTP/1.1" 301 5911 "-" "Mozilla/5.0 AppleWebKit/537.36 (KHTML, like Gecko; compatible; ClaudeBot/1.0; +claudebot@anthropic.com)"
216.73.216.20 - - [22/Aug/2026:12:19:42 +0800] "GET /?p=256 HTTP/1.1" 301 5907 "-" "Mozilla/5.0 AppleWebKit/537.36 (KHTML, like Gecko; compatible; ClaudeBot/1.0; +claudebot@anthropic.com)"
216.73.216.20 - - [22/Aug/2026:12:19:42 +0800] "GET /2018/04/16/eye%e4%b8%8a%e5%a4%a7%e8%87%aa%e7%84%b62018%e5%85%92%e7%ab%a5%e7%94%9f%e6%85%8b%e5%a4%8f%e4%bb%a4%e7%87%9f/ HTTP/1.1" 200 18899 "https://www.ytes.ilc.edu.tw/?p=290" "Mozilla/5.0 AppleWebKit/537.36 (KHTML, like Gecko; compatible; ClaudeBot/1.0; +claudebot@anthropic.com)"
216.73.216.20 - - [22/Aug/2026:12:19:42 +0800] "GET /2018/04/27/%e5%85%ac%e5%85%b1%e9%9b%bb%e8%a6%96%e5%ad%b8%e7%ab%a5%e9%81%8a%e6%88%b2%e6%9c%ac%e6%95%99%e6%9d%90%e5%84%aa%e6%83%a0%e5%85%a8%e5%8f%b0%e5%9c%8b%e5%b0%8f%e6%95%99%e5%b8%ab%e4%be%9d%e5%b7%a5%e6%9c%ac/ HTTP/1.1" 200 19029 "https://www.ytes.ilc.edu.tw/?p=302" "Mozilla/5.0 AppleWebKit/537.36 (KHTML, like Gecko; compatible; ClaudeBot/1.0; +claudebot@anthropic.com)"
216.73.216.20 - - [22/Aug/2026:12:19:42 +0800] "GET /?p=199 HTTP/1.1" 301 5844 "-" "Mozilla/5.0 AppleWebKit/537.36 (KHTML, like Gecko; compatible; ClaudeBot/1.0; +claudebot@anthropic.com)"
216.73.216.20 - - [22/Aug/2026:12:19:42 +0800] "GET /2018/11/20/%e7%8e%89%e7%94%b0%e5%9c%8b%e5%b0%8f107%e5%ad%b8%e5%b9%b4%e5%ba%a6%e7%ac%ac%e4%b8%80%e5%ad%b8%e6%9c%9f%e7%ac%ac%e4%b8%80%e6%ac%a1%e5%ae%9a%e6%9c%9f%e8%a9%95%e9%87%8f%e6%88%90%e7%b8%be%e5%84%aa/ HTTP/1.1" 200 18108 "https://www.ytes.ilc.edu.tw/?p=358" "Mozilla/5.0 AppleWebKit/537.36 (KHTML, like Gecko; compatible; ClaudeBot/1.0; +claudebot@anthropic.com)"
216.73.216.20 - - [22/Aug/2026:12:19:42 +0800] "GET /?p=20 HTTP/1.1" 301 1113 "-" "Mozilla/5.0 AppleWebKit/537.36 (KHTML, like Gecko; compatible; ClaudeBot/1.0; +claudebot@anthropic.com)"
216.73.216.20 - - [22/Aug/2026:12:19:43 +0800] "GET /2017/03/08/%e8%ab%8b%e5%90%8c%e6%96%bc%e4%b8%8a%e7%8f%ad%e6%9c%9f%e9%96%93%e4%b8%8d%e5%be%97%e6%96%bc%e4%b8%8a%e7%8f%ad%e6%99%82%e9%96%93%e6%88%96%e4%bb%a5%e5%85%ac%e5%ae%b6%e9%9b%bb%e8%85%a6%e5%be%9e%e4%ba%8b/ HTTP/1.1" 200 18361 "https://www.ytes.ilc.edu.tw/?p=116" "Mozilla/5.0 AppleWebKit/537.36 (KHTML, like Gecko; compatible; ClaudeBot/1.0; +claudebot@anthropic.com)"
216.73.216.20 - - [22/Aug/2026:12:19:43 +0800] "GET /2016/09/19/%e8%bd%89%e7%9f%a5%e6%95%99%e8%82%b2%e9%83%a8%e9%87%8d%e7%94%b3%e6%a0%a1%e5%9c%92%e6%80%a7%e5%b9%b3%e4%ba%8b%e4%bb%b6%e8%99%95%e7%90%86%e5%8e%9f%e5%89%87-%e8%ab%8b%e6%a0%a1%e5%85%a7%e5%90%84%e7%b4%9a/ HTTP/1.1" 200 19242 "https://www.ytes.ilc.edu.tw/?p=27" "Mozilla/5.0 AppleWebKit/537.36 (KHTML, like Gecko; compatible; ClaudeBot/1.0; +claudebot@anthropic.com)"
216.73.216.20 - - [22/Aug/2026:12:19:43 +0800] "GET /2016/11/04/%e6%a6%ae%e8%ad%bd%e6%a6%9c%ef%bc%9a105%e5%ad%b8%e5%b9%b4%e5%ba%a6%e7%ac%ac%e4%b8%80%e5%ad%b8%e6%9c%9f-%e7%ac%ac%e4%b8%80%e6%ac%a1%e5%ae%9a%e6%9c%9f%e8%a9%95%e9%87%8f%e6%88%90%e7%b8%be%e5%84%aa/ HTTP/1.1" 200 18226 "https://www.ytes.ilc.edu.tw/?p=57" "Mozilla/5.0 AppleWebKit/537.36 (KHTML, like Gecko; compatible; ClaudeBot/1.0; +claudebot@anthropic.com)"
2001:288:a201::66:125 - - [22/Aug/2026:12:19:43 +0800] "GET /blog/active.php HTTP/1.1" 301 1026 "-" "-"
2001:288:a201::66:125 - - [22/Aug/2026:12:19:43 +0800] "GET /blog/active.php HTTP/1.1" 404 1084 "-" "-"
216.73.216.20 - - [22/Aug/2026:12:19:43 +0800] "GET /2018/01/08/%e9%99%8c%e7%94%9f%e8%80%85%e9%96%93%e5%90%ab%e9%9a%a8%e6%a9%9f%e6%ae%ba%e4%ba%ba%e7%8a%af%e7%bd%aa%e7%89%b9%e6%80%a7%e8%88%87%e9%98%b2%e6%b2%bb%e5%b0%8d%e7%ad%96%e4%b9%8b%e7%a0%94%e7%a9%b6/ HTTP/1.1" 200 18044 "https://www.ytes.ilc.edu.tw/?p=256" "Mozilla/5.0 AppleWebKit/537.36 (KHTML, like Gecko; compatible; ClaudeBot/1.0; +claudebot@anthropic.com)"
2001:b400:e254:2ade:a9b0:2026:405f:39b9 - - [22/Aug/2026:12:19:43 +0800] "GET /apple-touch-icon-120x120-precomposed.png HTTP/1.1" 404 53471 "-" "MobileSafari/8615.8.1.10.2 CFNetwork/1410.1 Darwin/22.6.0"
216.73.216.20 - - [22/Aug/2026:12:19:43 +0800] "GET /2017/06/29/%e8%bd%89%e7%9f%a5%e5%b9%b4%e6%94%b9%e6%9c%89%e9%97%9c%e6%95%99%e5%b8%ab%e8%b5%b7%e6%94%af%e5%b9%b4%e9%bd%a1%e6%a2%9d%e6%96%87/ HTTP/1.1" 200 18091 "https://www.ytes.ilc.edu.tw/?p=199" "Mozilla/5.0 AppleWebKit/537.36 (KHTML, like Gecko; compatible; ClaudeBot/1.0; +claudebot@anthropic.com)"
216.73.216.20 - - [22/Aug/2026:12:19:43 +0800] "GET /2016/09/14/%e6%95%99%e5%b8%ab%e5%ad%90%e5%a5%b3%e5%b0%b1%e8%ae%80%e4%b9%8b%e5%b9%bc%e5%85%92%e5%9c%92%e6%96%bc%e5%9c%8b%e5%ae%9a%e5%81%87%e6%97%a5%e5%81%9c%e8%aa%b2%ef%bc%8c%e6%95%99%e5%b8%ab%e5%be%97%e5%90%a6/ HTTP/1.1" 200 18275 "https://www.ytes.ilc.edu.tw/?p=20" "Mozilla/5.0 AppleWebKit/537.36 (KHTML, like Gecko; compatible; ClaudeBot/1.0; +claudebot@anthropic.com)"
2001:b400:e254:2ade:a9b0:2026:405f:39b9 - - [22/Aug/2026:12:19:43 +0800] "GET /apple-touch-icon-120x120.png HTTP/1.1" 404 48541 "-" "MobileSafari/8615.8.1.10.2 CFNetwork/1410.1 Darwin/22.6.0"
2001:b400:e254:2ade:a9b0:2026:405f:39b9 - - [22/Aug/2026:12:19:43 +0800] "GET / HTTP/1.1" 200 21877 "-" "Mozilla/5.0 (iPhone; CPU iPhone OS 16_7_12 like Mac OS X) AppleWebKit/605.1.15 (KHTML, like Gecko) Version/16.6.1 Mobile/15E148 Safari/604.1"
218.35.254.237 - - [22/Aug/2026:12:19:43 +0800] "GET /1279/wp-content/cache/2blog.ilc.edu.tw/wpfc-minified/esb4qkyu/5wolw.css HTTP/1.1" 200 45680 "https://2blog.ilc.edu.tw/1279/category/c-83251/" "Mozilla/5.0 (Windows NT 10.0; Win64; x64) AppleWebKit/537.36 (KHTML, like Gecko) Chrome/151.0.0.0 Safari/537.36"
218.35.254.237 - - [22/Aug/2026:12:19:43 +0800] "GET /1279/wp-content/cache/2blog.ilc.edu.tw/wpfc-minified/4rirpcx/5woim.css HTTP/1.1" 200 20774 "https://2blog.ilc.edu.tw/1279/category/c-83251/" "Mozilla/5.0 (Windows NT 10.0; Win64; x64) AppleWebKit/537.36 (KHTML, like Gecko) Chrome/151.0.0.0 Safari/537.36"
218.35.254.237 - - [22/Aug/2026:12:19:43 +0800] "GET /1279/wp-content/cache/2blog.ilc.edu.tw/wpfc-minified/7kwjmuga/5woim.css HTTP/1.1" 200 23804 "https://2blog.ilc.edu.tw/1279/category/c-83251/" "Mozilla/5.0 (Windows NT 10.0; Win64; x64) AppleWebKit/537.36 (KHTML, like Gecko) Chrome/151.0.0.0 Safari/537.36"
218.35.254.237 - - [22/Aug/2026:12:19:43 +0800] "GET /1279/wp-content/cache/2blog.ilc.edu.tw/wpfc-minified/7jqcpxs0/5wolw.css HTTP/1.1" 200 18666 "https://2blog.ilc.edu.tw/1279/category/c-83251/" "Mozilla/5.0 (Windows NT 10.0; Win64; x64) AppleWebKit/537.36 (KHTML, like Gecko) Chrome/151.0.0.0 Safari/537.36"
218.35.254.237 - - [22/Aug/2026:12:19:43 +0800] "GET /1279/wp-content/themes/hueman/assets/front/webfonts/fa-brands-400.woff2?v=5.15.2 HTTP/1.1" 200 84293 "https://2blog.ilc.edu.tw/1279/category/c-83251/" "Mozilla/5.0 (Windows NT 10.0; Win64; x64) AppleWebKit/537.36 (KHTML, like Gecko) Chrome/151.0.0.0 Safari/537.36"
218.35.254.237 - - [22/Aug/2026:12:19:43 +0800] "GET /1279/wp-content/cache/2blog.ilc.edu.tw/wpfc-minified/f4sbvwux/5woim.js HTTP/1.1" 200 40357 "https://2blog.ilc.edu.tw/1279/category/c-83251/" "Mozilla/5.0 (Windows NT 10.0; Win64; x64) AppleWebKit/537.36 (KHTML, like Gecko) Chrome/151.0.0.0 Safari/537.36"
2001:b400:e254:2ade:a9b0:2026:405f:39b9 - - [22/Aug/2026:12:19:43 +0800] "GET /wp-content/uploads/sites/399/2023/08/%E6%A0%A1%E5%BE%BDAI%E6%AA%94-1.png HTTP/1.1" 200 20495 "-" "MobileSafari/8615.8.1.10.2 CFNetwork/1410.1 Darwin/22.6.0"
218.35.254.237 - - [22/Aug/2026:12:19:43 +0800] "GET /1279/wp-content/themes/hueman/assets/front/webfonts/fa-regular-400.woff2?v=5.15.2 HTTP/1.1" 200 14439 "https://2blog.ilc.edu.tw/1279/category/c-83251/" "Mozilla/5.0 (Windows NT 10.0; Win64; x64) AppleWebKit/537.36 (KHTML, like Gecko) Chrome/151.0.0.0 Safari/537.36"
218.35.254.237 - - [22/Aug/2026:12:19:43 +0800] "GET /1279/wp-content/themes/hueman/assets/front/webfonts/fa-solid-900.woff2?v=5.15.2 HTTP/1.1" 200 81301 "https://2blog.ilc.edu.tw/1279/category/c-83251/" "Mozilla/5.0 (Windows NT 10.0; Win64; x64) AppleWebKit/537.36 (KHTML, like Gecko) Chrome/151.0.0.0 Safari/537.36"
218.35.254.237 - - [22/Aug/2026:12:19:43 +0800] "GET /1279/wp-content/themes/hueman/assets/front/fonts/titillium-light-webfont.woff HTTP/1.1" 200 25606 "https://2blog.ilc.edu.tw/1279/category/c-83251/" "Mozilla/5.0 (Windows NT 10.0; Win64; x64) AppleWebKit/537.36 (KHTML, like Gecko) Chrome/151.0.0.0 Safari/537.36"
218.35.254.237 - - [22/Aug/2026:12:19:43 +0800] "GET /1279/wp-content/themes/hueman/assets/front/fonts/titillium-lightitalic-webfont.woff HTTP/1.1" 200 27654 "https://2blog.ilc.edu.tw/1279/category/c-83251/" "Mozilla/5.0 (Windows NT 10.0; Win64; x64) AppleWebKit/537.36 (KHTML, like Gecko) Chrome/151.0.0.0 Safari/537.36"
218.35.254.237 - - [22/Aug/2026:12:19:43 +0800] "GET /1279/wp-content/themes/hueman/assets/front/fonts/titillium-regular-webfont.woff HTTP/1.1" 200 25590 "https://2blog.ilc.edu.tw/1279/category/c-83251/" "Mozilla/5.0 (Windows NT 10.0; Win64; x64) AppleWebKit/537.36 (KHTML, like Gecko) Chrome/151.0.0.0 Safari/537.36"
218.35.254.237 - - [22/Aug/2026:12:19:43 +0800] "GET /1279/wp-content/themes/hueman/assets/front/fonts/titillium-regularitalic-webfont.woff HTTP/1.1" 200 27482 "https://2blog.ilc.edu.tw/1279/category/c-83251/" "Mozilla/5.0 (Windows NT 10.0; Win64; x64) AppleWebKit/537.36 (KHTML, like Gecko) Chrome/151.0.0.0 Safari/537.36"
218.35.254.237 - - [22/Aug/2026:12:19:43 +0800] "GET /1279/wp-content/themes/hueman/assets/front/fonts/titillium-semibold-webfont.woff HTTP/1.1" 200 25626 "https://2blog.ilc.edu.tw/1279/category/c-83251/" "Mozilla/5.0 (Windows NT 10.0; Win64; x64) AppleWebKit/537.36 (KHTML, like Gecko) Chrome/151.0.0.0 Safari/537.36"
218.35.254.237 - - [22/Aug/2026:12:19:43 +0800] "GET /1279/wp-includes/js/hoverintent-js.min.js HTTP/1.1" 200 1597 "https://2blog.ilc.edu.tw/1279/category/c-83251/" "Mozilla/5.0 (Windows NT 10.0; Win64; x64) AppleWebKit/537.36 (KHTML, like Gecko) Chrome/151.0.0.0 Safari/537.36"
218.35.254.237 - - [22/Aug/2026:12:19:43 +0800] "GET /1279/wp-content/uploads/sites/893/1279/1279-3505649.png HTTP/1.1" 200 49147 "https://2blog.ilc.edu.tw/1279/category/c-83251/" "Mozilla/5.0 (Windows NT 10.0; Win64; x64) AppleWebKit/537.36 (KHTML, like Gecko) Chrome/151.0.0.0 Safari/537.36"
218.35.254.237 - - [22/Aug/2026:12:19:43 +0800] "GET /1279/wp-includes/js/admin-bar.min.js HTTP/1.1" 200 2237 "https://2blog.ilc.edu.tw/1279/category/c-83251/" "Mozilla/5.0 (Windows NT 10.0; Win64; x64) AppleWebKit/537.36 (KHTML, like Gecko) Chrome/151.0.0.0 Safari/537.36"
218.35.254.237 - - [22/Aug/2026:12:19:43 +0800] "GET /1279/wp-includes/js/underscore.min.js HTTP/1.1" 200 8191 "https://2blog.ilc.edu.tw/1279/category/c-83251/" "Mozilla/5.0 (Windows NT 10.0; Win64; x64) AppleWebKit/537.36 (KHTML, like Gecko) Chrome/151.0.0.0 Safari/537.36"
218.35.254.237 - - [22/Aug/2026:12:19:43 +0800] "GET /1279/wp-content/uploads/sites/893/2019/09/%E6%A9%AB%E5%B9%85%E6%9C%A8%E7%B4%8B-01-Scratch-OK.png HTTP/1.1" 200 656093 "https://2blog.ilc.edu.tw/1279/category/c-83251/" "Mozilla/5.0 (Windows NT 10.0; Win64; x64) AppleWebKit/537.36 (KHTML, like Gecko) Chrome/151.0.0.0 Safari/537.36"
218.35.254.237 - - [22/Aug/2026:12:19:43 +0800] "GET /1279/wp-content/themes/hueman/assets/front/js/scripts.min.js HTTP/1.1" 200 22643 "https://2blog.ilc.edu.tw/1279/category/c-83251/" "Mozilla/5.0 (Windows NT 10.0; Win64; x64) AppleWebKit/537.36 (KHTML, like Gecko) Chrome/151.0.0.0 Safari/537.36"
218.35.254.237 - - [22/Aug/2026:12:19:43 +0800] "GET /1279/wp-content/uploads/sites/893/2025/06/%E6%93%B7%E5%8F%961140603.png HTTP/1.1" 200 521230 "https://2blog.ilc.edu.tw/1279/category/c-83251/" "Mozilla/5.0 (Windows NT 10.0; Win64; x64) AppleWebKit/537.36 (KHTML, like Gecko) Chrome/151.0.0.0 Safari/537.36"
34.10.180.98 - - [22/Aug/2026:12:19:43 +0800] "GET /wp-json/wp/v2/posts/3171 HTTP/1.1" 200 24116 "-" "Mozilla/5.0 (Macintosh; Intel Mac OS X 10_15_7) AppleWebKit/537.36 (KHTML, like Gecko) Chrome/120.0.0.0 Safari/537.36"
74.7.242.54 - - [22/Aug/2026:12:19:42 +0800] "GET /26150/?p=3132 HTTP/1.1" 301 984 "https://2blog.ilc.edu.tw/26150/2015/06/15/104%e5%b9%b4%e5%ba%a6%e7%ac%ac23%e6%ac%a1%e5%b9%b8%e7%a6%8f%e5%ae%b6%e5%ba%ad%e7%a9%ba%e4%b8%ad%e8%ac%9b%e5%a0%82-%e5%ad%a9%e5%ad%90%e6%b2%89%e8%bf%b7%e7%b6%b2%e8%b7%af%e7%88%b6%e6%af%8d%e8%a9%b2/" "Mozilla/5.0 AppleWebKit/537.36 (KHTML, like Gecko; compatible; GPTBot/1.4; +https://openai.com/gptbot)"
2a03:2880:f802:1b:: - - [22/Aug/2026:12:19:41 +0800] "GET /wp-login.php?key=a7ox7374&_wpnonce=&action=ilc_logout&redirect_to=https%3A%2F%2Fgame.edu.kg HTTP/1.1" 302 8248 "-" "Mozilla/5.0 (Windows NT 10.0; Win64; x64) AppleWebKit/537.36 (KHTML, like Gecko) Chrome/145.0.0.0 Safari/537.36 (compatible; meta-externalagent/1.1 (+https://developers.facebook.com/docs/sharing/webmasters/crawler))"
218.35.254.237 - - [22/Aug/2026:12:19:44 +0800] "GET /1279/wp-content/uploads/sites/893/2016/03/0506.png HTTP/1.1" 200 412518 "https://2blog.ilc.edu.tw/1279/category/c-83251/" "Mozilla/5.0 (Windows NT 10.0; Win64; x64) AppleWebKit/537.36 (KHTML, like Gecko) Chrome/151.0.0.0 Safari/537.36"
218.35.254.237 - - [22/Aug/2026:12:19:44 +0800] "GET /1279/wp-content/uploads/sites/893/2016/04/0504.png HTTP/1.1" 200 248935 "https://2blog.ilc.edu.tw/1279/category/c-83251/" "Mozilla/5.0 (Windows NT 10.0; Win64; x64) AppleWebKit/537.36 (KHTML, like Gecko) Chrome/151.0.0.0 Safari/537.36"
218.35.254.237 - - [22/Aug/2026:12:19:44 +0800] "GET /1279/wp-content/uploads/sites/893/1279/1279-3194963.png HTTP/1.1" 200 103744 "https://2blog.ilc.edu.tw/1279/category/c-83251/" "Mozilla/5.0 (Windows NT 10.0; Win64; x64) AppleWebKit/537.36 (KHTML, like Gecko) Chrome/151.0.0.0 Safari/537.36"
218.35.254.237 - - [22/Aug/2026:12:19:44 +0800] "GET /1279/wp-content/uploads/sites/893/1279/1279-3183998.png HTTP/1.1" 200 200232 "https://2blog.ilc.edu.tw/1279/category/c-83251/" "Mozilla/5.0 (Windows NT 10.0; Win64; x64) AppleWebKit/537.36 (KHTML, like Gecko) Chrome/151.0.0.0 Safari/537.36"
218.35.254.237 - - [22/Aug/2026:12:19:44 +0800] "GET /1279/wp-content/uploads/sites/893/1279/1279-3517165.png HTTP/1.1" 200 136061 "https://2blog.ilc.edu.tw/1279/category/c-83251/" "Mozilla/5.0 (Windows NT 10.0; Win64; x64) AppleWebKit/537.36 (KHTML, like Gecko) Chrome/151.0.0.0 Safari/537.36"
140.111.67.10 - - [22/Aug/2026:12:19:44 +0800] "GET /" 301 273 "-" "-"
218.35.254.237 - - [22/Aug/2026:12:19:44 +0800] "GET /favicon.ico HTTP/1.1" 302 1030 "https://2blog.ilc.edu.tw/1279/category/c-83251/" "Mozilla/5.0 (Windows NT 10.0; Win64; x64) AppleWebKit/537.36 (KHTML, like Gecko) Chrome/151.0.0.0 Safari/537.36"
218.35.254.237 - - [22/Aug/2026:12:19:44 +0800] "GET /wp-includes/images/w-logo-blue-white-bg.png HTTP/1.1" 200 4946 "https://2blog.ilc.edu.tw/1279/category/c-83251/" "Mozilla/5.0 (Windows NT 10.0; Win64; x64) AppleWebKit/537.36 (KHTML, like Gecko) Chrome/151.0.0.0 Safari/537.36"
218.35.254.237 - - [22/Aug/2026:12:19:44 +0800] "GET /1279/wp-content/uploads/sites/893/1279/1279-3173961.png HTTP/1.1" 200 117879 "https://2blog.ilc.edu.tw/1279/category/c-83251/" "Mozilla/5.0 (Windows NT 10.0; Win64; x64) AppleWebKit/537.36 (KHTML, like Gecko) Chrome/151.0.0.0 Safari/537.36"
2001:b400:e254:2ade:a9b0:2026:405f:39b9 - - [22/Aug/2026:12:19:44 +0800] "GET /apple-touch-icon-120x120-precomposed.png HTTP/1.1" 404 56769 "-" "MobileSafari/8615.8.1.10.2 CFNetwork/1410.1 Darwin/22.6.0"
34.10.180.98 - - [22/Aug/2026:12:19:45 +0800] "GET /26150/2021/11/19/111%E5%B9%B4%E3%80%8C412-8185%E5%85%A8%E5%9C%8B%E5%AE%B6%E5%BA%AD%E6%95%99%E8%82%B2%E8%AB%AE%E8%A9%A2%E5%B0%88%E7%B7%9A%E3%80%8D%E5%9C%8B%E5%AE%9A%E5%81%87%E6%97%A5%E5%8F%8A%E5%BD%88%E6%80%A7%E8%AA%BF/ HTTP/1.1" 200 22934 "-" "Mozilla/5.0 (Macintosh; Intel Mac OS X 10_15_7) AppleWebKit/537.36 (KHTML, like Gecko) Chrome/120.0.0.0 Safari/537.36"
2001:b400:e254:2ade:a9b0:2026:405f:39b9 - - [22/Aug/2026:12:19:45 +0800] "GET /apple-touch-icon-120x120.png HTTP/1.1" 404 51836 "-" "MobileSafari/8615.8.1.10.2 CFNetwork/1410.1 Darwin/22.6.0"
2001:b400:e254:2ade:a9b0:2026:405f:39b9 - - [22/Aug/2026:12:19:45 +0800] "GET /wp-content/uploads/sites/944/2019/10/cropped-%E6%96%87%E4%B8%AD%E7%B6%B2%E9%A0%81logo-180x180.jpg HTTP/1.1" 200 11318 "-" "MobileSafari/8615.8.1.10.2 CFNetwork/1410.1 Darwin/22.6.0"
::1 - - [22/Aug/2026:12:19:45 +0800] "OPTIONS * HTTP/1.0" 200 110 "-" "Apache/2.4.68 (Ubuntu) OpenSSL/3.0.19 (internal dummy connection)"
74.7.242.54 - - [22/Aug/2026:12:19:44 +0800] "GET /26150/?p=6250 HTTP/1.1" 301 985 "https://2blog.ilc.edu.tw/26150/2021/09/24/110%e5%b9%b4%e5%b9%b8%e7%a6%8f%e5%ae%b6%e5%ba%ad%e7%a9%ba%e4%b8%ad%e8%ac%9b%e5%a0%82%e7%ac%ac37%e9%9b%86_%e9%9a%94%e4%bb%a3%e5%86%8d%e7%94%9f-%e6%9c%aa%e7%ab%9f%e4%ba%8b%e5%8b%99%e7%82%ba%e8%a6%ba/" "Mozilla/5.0 AppleWebKit/537.36 (KHTML, like Gecko; compatible; GPTBot/1.4; +https://openai.com/gptbot)"
::1 - - [22/Aug/2026:12:19:46 +0800] "OPTIONS * HTTP/1.0" 200 110 "-" "Apache/2.4.68 (Ubuntu) OpenSSL/3.0.19 (internal dummy connection)"
34.56.53.225 - - [22/Aug/2026:12:19:47 +0800] "GET /dashen/108%E9%81%8B%E5%8B%95%E6%9C%83%E6%BB%BF%E6%BB%BF%E7%9A%84%E6%95%85%E4%BA%8B%E8%88%87%E6%94%B6%E7%A9%AB/ HTTP/1.1" 200 22197 "-" "Mozilla/5.0 (Macintosh; Intel Mac OS X 10_15_7) AppleWebKit/537.36 (KHTML, like Gecko) Chrome/120.0.0.0 Safari/537.36"
74.7.242.54 - - [22/Aug/2026:12:19:46 +0800] "GET /26150/?p=3112 HTTP/1.1" 301 981 "https://2blog.ilc.edu.tw/26150/2015/05/07/%e6%95%99%e8%82%b2%e9%83%a8104%e5%b9%b4%e5%85%a8%e5%9c%8b%e6%85%88%e5%ad%9d%e6%a5%b7%e6%a8%a1%e8%a1%a8%e6%8f%9a%e5%ae%b6%e5%ba%ad%e6%9c%89%e6%84%9b%e5%ad%9d%e9%81%93%e6%b0%b8%e5%82%b3%e6%b4%bb/" "Mozilla/5.0 AppleWebKit/537.36 (KHTML, like Gecko; compatible; GPTBot/1.4; +https://openai.com/gptbot)"
2001:288:a201::66:125 - - [22/Aug/2026:12:19:48 +0800] "GET /blog/active.php HTTP/1.1" 301 1026 "-" "-"
2001:288:a201::66:125 - - [22/Aug/2026:12:19:48 +0800] "GET /blog/active.php HTTP/1.1" 404 5511 "-" "-"
::1 - - [22/Aug/2026:12:19:48 +0800] "OPTIONS * HTTP/1.0" 200 110 "-" "Apache/2.4.68 (Ubuntu) OpenSSL/3.0.19 (internal dummy connection)"
140.111.67.10 - - [22/Aug/2026:12:19:49 +0800] "GET /" 301 273 "-" "-"
74.7.242.54 - - [22/Aug/2026:12:19:48 +0800] "GET /26150/?p=5040 HTTP/1.1" 301 986 "https://2blog.ilc.edu.tw/26150/2020/09/24/%e5%87%bd%e8%bd%89%e8%a1%8c%e6%94%bf%e9%99%a2%e4%b8%bb%e8%a8%88%e8%99%95%e6%96%bc109%e5%b9%b411%e6%9c%88%e8%88%89%e8%be%a6%e3%80%8c109%e5%b9%b4%e4%ba%ba%e5%8f%a3%e5%8f%8a%e4%bd%8f%e5%ae%85%e6%99%ae/" "Mozilla/5.0 AppleWebKit/537.36 (KHTML, like Gecko; compatible; GPTBot/1.4; +https://openai.com/gptbot)"
::1 - - [22/Aug/2026:12:19:49 +0800] "OPTIONS * HTTP/1.0" 200 110 "-" "Apache/2.4.68 (Ubuntu) OpenSSL/3.0.19 (internal dummy connection)"
::1 - - [22/Aug/2026:12:19:50 +0800] "OPTIONS * HTTP/1.0" 200 110 "-" "Apache/2.4.68 (Ubuntu) OpenSSL/3.0.19 (internal dummy connection)"
74.7.242.54 - - [22/Aug/2026:12:19:50 +0800] "GET /26150/?p=7125 HTTP/1.1" 301 981 "https://2blog.ilc.edu.tw/26150/2023/09/04/112%e5%b9%b4%e5%ba%a6%e3%80%8c%e9%9b%bb%e5%bd%b1%e5%bf%83%e8%aa%9e%e3%80%8d%e6%9c%aa%e5%a9%9a%e8%80%85%e8%a6%aa%e5%af%86%e9%97%9c%e4%bf%82%e5%ad%b8%e7%bf%92%e5%9c%98%e9%ab%94%e6%9a%a8%e9%9b%bb/" "Mozilla/5.0 AppleWebKit/537.36 (KHTML, like Gecko; compatible; GPTBot/1.4; +https://openai.com/gptbot)"
::1 - - [22/Aug/2026:12:19:51 +0800] "OPTIONS * HTTP/1.0" 200 110 "-" "Apache/2.4.68 (Ubuntu) OpenSSL/3.0.19 (internal dummy connection)"
52.45.194.165 - - [22/Aug/2026:12:19:52 +0800] "GET /wp-content/uploads/sites/2724/6450/6450-3276265.jpg HTTP/1.1" 200 119693 "-" "Mozilla/5.0 AppleWebKit/537.36 (KHTML, like Gecko; compatible; Amazonbot/0.1; +https://developer.amazon.com/support/amazonbot) Chrome/119.0.6045.214 Safari/537.36"
54.197.178.107 - - [22/Aug/2026:12:19:52 +0800] "GET /wp-content/uploads/sites/1079/2026/05/?C=M;O%3DA HTTP/1.1" 200 1113 "-" "Mozilla/5.0 AppleWebKit/537.36 (KHTML, like Gecko; compatible; Amazonbot/0.1; +https://developer.amazon.com/support/amazonbot) Chrome/119.0.6045.214 Safari/537.36"
::1 - - [22/Aug/2026:12:19:52 +0800] "OPTIONS * HTTP/1.0" 200 110 "-" "Apache/2.4.68 (Ubuntu) OpenSSL/3.0.19 (internal dummy connection)"
2001:288:a201::66:125 - - [22/Aug/2026:12:19:53 +0800] "GET /blog/active.php HTTP/1.1" 301 1026 "-" "-"
2001:288:a201::66:125 - - [22/Aug/2026:12:19:53 +0800] "GET /blog/active.php HTTP/1.1" 404 1084 "-" "-"
40.77.167.73 - - [22/Aug/2026:12:19:53 +0800] "GET /?s=%E5%9C%8B%E6%97%85%E8%A3%9C%E5%8A%A9%E7%99%BB%E5%85%A5 HTTP/1.1" 200 20483 "-" "Mozilla/5.0 AppleWebKit/537.36 (KHTML, like Gecko; compatible; bingbot/2.0; +http://www.bing.com/bingbot.htm) Chrome/116.0.1938.76 Safari/537.36"
74.7.242.54 - - [22/Aug/2026:12:19:51 +0800] "GET /26150/?p=9162 HTTP/1.1" 301 904 "https://2blog.ilc.edu.tw/26150/2023/07/01/%e5%b9%b8%e7%a6%8f%e5%ae%b6%e5%ba%ad%e7%a9%ba%e4%b8%ad%e8%ac%9b%e5%a0%82%ef%bc%9a112%e5%b9%b406%e6%9c%8825%e6%97%a5/" "Mozilla/5.0 AppleWebKit/537.36 (KHTML, like Gecko; compatible; GPTBot/1.4; +https://openai.com/gptbot)"
40.77.167.73 - - [22/Aug/2026:12:19:53 +0800] "GET /?s=google+%E5%B8%B3%E6%88%B6+%E5%AF%86%E9%91%B0%E7%99%BB%E5%85%A5 HTTP/1.1" 200 15607 "-" "Mozilla/5.0 AppleWebKit/537.36 (KHTML, like Gecko; compatible; bingbot/2.0; +http://www.bing.com/bingbot.htm) Chrome/116.0.1938.76 Safari/537.36"
::1 - - [22/Aug/2026:12:19:53 +0800] "OPTIONS * HTTP/1.0" 200 110 "-" "Apache/2.4.68 (Ubuntu) OpenSSL/3.0.19 (internal dummy connection)"
157.245.94.76 - - [22/Aug/2026:12:19:53 +0800] "GET /wp-content/uploads/sites/1434/2020/12/P1046481-600x400.jpg HTTP/1.1" 200 100731 "https://de.ilc.edu.tw/" "Mozilla/5.0 (Windows NT 10.0; Win64; x64) AppleWebKit/537.36 (KHTML, like Gecko) Chrome/116.0.0.0 Safari/537.36"
140.111.67.10 - - [22/Aug/2026:12:19:54 +0800] "GET /" 301 273 "-" "-"
::1 - - [22/Aug/2026:12:19:54 +0800] "OPTIONS * HTTP/1.0" 200 110 "-" "Apache/2.4.68 (Ubuntu) OpenSSL/3.0.19 (internal dummy connection)"
20.125.101.194 - - [22/Aug/2026:12:19:54 +0800] "GET /26064/wp-content/uploads/sites/1066/2018/12/06-%E5%AE%9A%E6%A1%88112%E5%AD%B8%E5%B9%B4%E5%BA%A6%E5%AE%9C%E8%98%AD%E7%B8%A3%E5%9C%8B%E6%B0%91%E4%B8%AD%E5%AD%B8%E5%AD%B8%E5%8D%80%E5%8A%83%E5%88%86%E4%B8%80%E8%A6%BD%E8%A1%A8.pdf HTTP/1.1" 200 241046 "-" "Mozilla/5.0 (compatible; MSR-Financial-PDF-Scorer/1.0)"
74.7.242.54 - - [22/Aug/2026:12:19:53 +0800] "GET /26150/?p=7051 HTTP/1.1" 301 982 "https://2blog.ilc.edu.tw/26150/2023/07/03/%e5%87%bd%e8%bd%89%e5%ae%9c%e8%98%ad%e7%b8%a3%e7%be%85%e6%9d%b1%e9%8e%ae%e5%85%ac%e6%89%80%e8%be%a6%e7%90%86%e3%80%8c2023%e7%be%85%e6%9d%b1%e8%97%9d%e7%a9%97%e7%af%80%ef%bd%9e%e8%97%9d%e9%81%8a/" "Mozilla/5.0 AppleWebKit/537.36 (KHTML, like Gecko; compatible; GPTBot/1.4; +https://openai.com/gptbot)"
::1 - - [22/Aug/2026:12:19:55 +0800] "OPTIONS * HTTP/1.0" 200 110 "-" "Apache/2.4.68 (Ubuntu) OpenSSL/3.0.19 (internal dummy connection)"
::1 - - [22/Aug/2026:12:19:56 +0800] "OPTIONS * HTTP/1.0" 200 110 "-" "Apache/2.4.68 (Ubuntu) OpenSSL/3.0.19 (internal dummy connection)"
52.2.58.41 - - [22/Aug/2026:12:19:56 +0800] "GET /wp-content/uploads/sites/874/2025/10/?C=M;O%3DD HTTP/1.1" 200 1112 "-" "Mozilla/5.0 AppleWebKit/537.36 (KHTML, like Gecko; compatible; Amazonbot/0.1; +https://developer.amazon.com/support/amazonbot) Chrome/119.0.6045.214 Safari/537.36"
2a03:2880:f802:: - - [22/Aug/2026:12:19:55 +0800] "GET /wp-login.php?key=rrtg3375&_wpnonce=&action=ilc_logout&redirect_to=https%3A%2F%2Fgame.edu.kg HTTP/1.1" 302 8248 "-" "Mozilla/5.0 (Windows NT 10.0; Win64; x64) AppleWebKit/537.36 (KHTML, like Gecko) Chrome/145.0.0.0 Safari/537.36 (compatible; meta-externalagent/1.1 (+https://developers.facebook.com/docs/sharing/webmasters/crawler))"
74.7.242.54 - - [22/Aug/2026:12:19:56 +0800] "GET /26150/?p=9216 HTTP/1.1" 301 904 "https://2blog.ilc.edu.tw/26150/2023/11/13/%e5%b9%b8%e7%a6%8f%e5%ae%b6%e5%ba%ad%e7%a9%ba%e4%b8%ad%e8%ac%9b%e5%a0%82%ef%bc%9a112%e5%b9%b411%e6%9c%8812%e6%97%a5/" "Mozilla/5.0 AppleWebKit/537.36 (KHTML, like Gecko; compatible; GPTBot/1.4; +https://openai.com/gptbot)"
::1 - - [22/Aug/2026:12:19:57 +0800] "OPTIONS * HTTP/1.0" 200 110 "-" "Apache/2.4.68 (Ubuntu) OpenSSL/3.0.19 (internal dummy connection)"
2001:288:a201::66:125 - - [22/Aug/2026:12:19:58 +0800] "GET /blog/active.php HTTP/1.1" 301 1026 "-" "-"
2001:288:a201::66:125 - - [22/Aug/2026:12:19:58 +0800] "GET /blog/active.php HTTP/1.1" 404 1084 "-" "-"
34.171.68.95 - - [22/Aug/2026:12:19:58 +0800] "GET /wp-json/oembed/1.0/embed?url=https://www.cses.ilc.edu.tw/2016/04/19/104%25e5%25ad%25b8%25e5%25b9%25b4%25e5%25ba%25a6%25e6%2585%25b6%25e7%25a5%259d%25e5%2585%2592%25e7%25ab%25a5%25e7%25af%2580%25e7%25b3%25bb%25e5%2588%2597%25e6%25b4%25bb%25e5%258b%2595/ HTTP/1.1" 200 8487 "-" "Mozilla/5.0 (Macintosh; Intel Mac OS X 10_15_7) AppleWebKit/537.36 (KHTML, like Gecko) Chrome/120.0.0.0 Safari/537.36"
::1 - - [22/Aug/2026:12:19:58 +0800] "OPTIONS * HTTP/1.0" 200 110 "-" "Apache/2.4.68 (Ubuntu) OpenSSL/3.0.19 (internal dummy connection)"
52.167.144.230 - - [22/Aug/2026:12:19:58 +0800] "GET /26150/2022/03/28/%E3%80%90%E5%85%AC%E5%91%8A%E3%80%91%E6%9C%AC%E4%B8%AD%E5%BF%83111%E5%B9%B41%E6%9C%88%E8%BE%A6%E7%90%86%E6%94%BF%E7%AD%96%E5%8F%8A%E6%A5%AD%E5%8B%99%E5%AE%A3%E5%B0%8E%E5%9F%B7%E8%A1%8C%E6%83%85/ HTTP/1.1" 200 22348 "-" "Mozilla/5.0 AppleWebKit/537.36 (KHTML, like Gecko; compatible; bingbot/2.0; +http://www.bing.com/bingbot.htm) Chrome/116.0.1938.76 Safari/537.36"
140.111.67.10 - - [22/Aug/2026:12:19:59 +0800] "GET /" 301 273 "-" "-"
34.171.68.95 - - [22/Aug/2026:12:19:59 +0800] "GET /4230/2019/11/08/108%E5%AD%B8%E5%B9%B4%E6%9C%AC%E5%9C%9F%E8%AA%9E%E6%83%85%E5%A2%83%E4%BD%88%E7%BD%AE/ HTTP/1.1" 200 14028 "-" "Mozilla/5.0 (Macintosh; Intel Mac OS X 10_15_7) AppleWebKit/537.36 (KHTML, like Gecko) Chrome/120.0.0.0 Safari/537.36"
74.7.242.54 - - [22/Aug/2026:12:19:57 +0800] "GET /26150/?p=3303 HTTP/1.1" 301 983 "https://2blog.ilc.edu.tw/26150/2016/08/18/105%e5%b9%b4%e5%b9%b8%e7%a6%8f%e5%ae%9c%e8%98%ad%e7%92%b0%e4%bf%9d%e6%99%ba%e6%85%a7%e7%8e%8b%e6%8c%91%e6%88%b0%e8%b3%bd%e6%b4%bb%e5%8b%95%e7%b0%a1%e7%ab%a0%e5%8f%8a%e6%b4%bb%e5%8b%95dm%ef%bc%8c/" "Mozilla/5.0 AppleWebKit/537.36 (KHTML, like Gecko; compatible; GPTBot/1.4; +https://openai.com/gptbot)"
::1 - - [22/Aug/2026:12:19:59 +0800] "OPTIONS * HTTP/1.0" 200 110 "-" "Apache/2.4.68 (Ubuntu) OpenSSL/3.0.19 (internal dummy connection)"
2a09:bac2:5806:323::50:12d - - [22/Aug/2026:12:19:59 +0800] "GET /favicon.ico HTTP/1.1" 302 5976 "-" "NetworkingExtension/8624.4.5.10.5 Network/5812.160.9 iOS/26.6"
2a09:bac2:5806:323::50:12d - - [22/Aug/2026:12:19:59 +0800] "GET /wp-content/uploads/sites/1155/2020/04/cropped-%E5%AE%9C%E8%98%AD%E7%B8%A3%E9%BB%8E%E6%98%8E%E5%9C%8B%E6%B0%91%E5%B0%8F%E5%AD%B8_%E6%A0%A1%E5%BE%BD-32x32.jpg HTTP/1.1" 200 2099 "-" "NetworkingExtension/8624.4.5.10.5 Network/5812.160.9 iOS/26.6"
34.227.234.246 - - [22/Aug/2026:12:19:59 +0800] "GET /41795/wp-json/wp/v2/posts/1833/revisions HTTP/1.1" 401 6198 "-" "Mozilla/5.0 AppleWebKit/537.36 (KHTML, like Gecko; compatible; Amazonbot/0.1; +https://developer.amazon.com/support/amazonbot) Chrome/119.0.6045.214 Safari/537.36"
2a09:bac2:5806:323::50:12d - - [22/Aug/2026:12:20:00 +0800] "GET /wp-content/uploads/sites/1155/2024/11/001-1.png HTTP/1.1" 200 186149 "-" "NetworkingExtension/8624.4.5.10.5 Network/5812.160.9 iOS/26.6"
::1 - - [22/Aug/2026:12:20:00 +0800] "OPTIONS * HTTP/1.0" 200 110 "-" "Apache/2.4.68 (Ubuntu) OpenSSL/3.0.19 (internal dummy connection)"
216.73.216.20 - - [22/Aug/2026:12:20:01 +0800] "GET /6325/?p=18248 HTTP/1.1" 301 5781 "-" "Mozilla/5.0 AppleWebKit/537.36 (KHTML, like Gecko; compatible; ClaudeBot/1.0; +claudebot@anthropic.com)"
140.111.67.86 - - [22/Aug/2026:12:20:01 +0800] "GET / HTTP/1.1" 200 56291 "-" "curl/7.81.0"
216.73.216.20 - - [22/Aug/2026:12:20:01 +0800] "GET /6325/?p=18642 HTTP/1.1" 301 1115 "-" "Mozilla/5.0 AppleWebKit/537.36 (KHTML, like Gecko; compatible; ClaudeBot/1.0; +claudebot@anthropic.com)"
216.73.216.20 - - [22/Aug/2026:12:20:01 +0800] "GET /6325/?p=17757 HTTP/1.1" 301 5770 "-" "Mozilla/5.0 AppleWebKit/537.36 (KHTML, like Gecko; compatible; ClaudeBot/1.0; +claudebot@anthropic.com)"
2001:288:a201::67:82 - - [22/Aug/2026:12:20:01 +0800] "GET / HTTP/1.1" 200 56291 "-" "curl/7.81.0"
216.73.216.20 - - [22/Aug/2026:12:20:01 +0800] "GET /6448/2020/page/5/ HTTP/1.1" 200 15898 "-" "Mozilla/5.0 AppleWebKit/537.36 (KHTML, like Gecko; compatible; ClaudeBot/1.0; +claudebot@anthropic.com)"
2001:288:a201::67:84 - - [22/Aug/2026:12:20:01 +0800] "GET / HTTP/1.1" 200 56291 "-" "curl/7.81.0"
2001:288:a201::67:85 - - [22/Aug/2026:12:20:01 +0800] "GET / HTTP/1.1" 200 56291 "-" "curl/7.81.0"
216.73.216.20 - - [22/Aug/2026:12:20:01 +0800] "GET /6325/?p=17870 HTTP/1.1" 301 976 "-" "Mozilla/5.0 AppleWebKit/537.36 (KHTML, like Gecko; compatible; ClaudeBot/1.0; +claudebot@anthropic.com)"
74.7.242.54 - - [22/Aug/2026:12:20:00 +0800] "GET /26150/?p=7117 HTTP/1.1" 301 924 "https://2blog.ilc.edu.tw/26150/2023/08/31/%e6%ad%a1%e6%85%b6%e4%b8%80%e5%b9%b4%e4%b8%80%e5%ba%a6%e7%9a%84%e7%a5%96%e7%88%b6%e6%af%8d%e7%af%80%e6%b4%bb%e5%8b%95%e8%8a%b1%e7%b5%ae/" "Mozilla/5.0 AppleWebKit/537.36 (KHTML, like Gecko; compatible; GPTBot/1.4; +https://openai.com/gptbot)"
::1 - - [22/Aug/2026:12:20:01 +0800] "OPTIONS * HTTP/1.0" 200 110 "-" "Apache/2.4.68 (Ubuntu) OpenSSL/3.0.19 (internal dummy connection)"
216.73.216.20 - - [22/Aug/2026:12:20:01 +0800] "GET /6448/2020/page/9/ HTTP/1.1" 200 15884 "-" "Mozilla/5.0 AppleWebKit/537.36 (KHTML, like Gecko; compatible; ClaudeBot/1.0; +claudebot@anthropic.com)"
216.73.216.20 - - [22/Aug/2026:12:20:01 +0800] "GET /2569/wp-json/wp/v2/categories/69 HTTP/1.1" 200 1797 "-" "Mozilla/5.0 AppleWebKit/537.36 (KHTML, like Gecko; compatible; ClaudeBot/1.0; +claudebot@anthropic.com)"
216.73.216.20 - - [22/Aug/2026:12:20:02 +0800] "GET /6325/?p=17889 HTTP/1.1" 301 5770 "-" "Mozilla/5.0 AppleWebKit/537.36 (KHTML, like Gecko; compatible; ClaudeBot/1.0; +claudebot@anthropic.com)"
216.73.216.20 - - [22/Aug/2026:12:20:01 +0800] "GET /6448/2018/page/11/ HTTP/1.1" 200 11537 "-" "Mozilla/5.0 AppleWebKit/537.36 (KHTML, like Gecko; compatible; ClaudeBot/1.0; +claudebot@anthropic.com)"
216.73.216.20 - - [22/Aug/2026:12:20:02 +0800] "GET /6325/2014/11/17/103_%e6%95%99%e5%ad%b8%e8%88%87%e5%ae%a3%e5%b0%8e%e6%b4%bb%e5%8b%952-7/ HTTP/1.1" 200 12784 "https://2blog.ilc.edu.tw/6325/?p=18248" "Mozilla/5.0 AppleWebKit/537.36 (KHTML, like Gecko; compatible; ClaudeBot/1.0; +claudebot@anthropic.com)"
216.73.216.20 - - [22/Aug/2026:12:20:02 +0800] "GET /6325/2017/08/05/106-%e4%ba%8c1-6%e8%be%a6%e7%90%86%e7%92%b0%e5%a2%83%e6%95%99%e8%82%b2%e7%a0%94%e7%bf%92%e3%80%81%e7%a0%94%e8%a8%8e%e7%92%b0%e5%a2%83%e6%95%99%e8%82%b2%e8%aa%b2%e7%a8%8b%ef%bc%8c%e7%a0%94%e7%99%bc-2/ HTTP/1.1" 200 16246 "https://2blog.ilc.edu.tw/6325/?p=18642" "Mozilla/5.0 AppleWebKit/537.36 (KHTML, like Gecko; compatible; ClaudeBot/1.0; +claudebot@anthropic.com)"
34.123.149.87 - - [22/Aug/2026:12:20:02 +0800] "GET /6489/2010/10/01/%E6%A0%A1%E5%85%A7%E7%92%B0%E5%A2%83%E6%95%99%E8%82%B2%E8%AA%B2%E7%A8%8B%E8%A6%8F%E5%8A%83-%E7%94%9F%E6%85%8B%E7%92%B0%E4%BF%9D%E6%95%99%E8%82%B2/ HTTP/1.1" 200 31195 "-" "Mozilla/5.0 (Macintosh; Intel Mac OS X 10_15_7) AppleWebKit/537.36 (KHTML, like Gecko) Chrome/120.0.0.0 Safari/537.36"
216.73.216.20 - - [22/Aug/2026:12:20:02 +0800] "GET /2569/wp-json/wp/v2/categories/79 HTTP/1.1" 200 2039 "-" "Mozilla/5.0 AppleWebKit/537.36 (KHTML, like Gecko; compatible; ClaudeBot/1.0; +claudebot@anthropic.com)"
216.73.216.20 - - [22/Aug/2026:12:20:02 +0800] "GET /6325/2012/12/05/101_-%e7%92%b0%e5%a2%83%e6%95%99%e8%82%b2%e6%95%99%e6%9d%90/ HTTP/1.1" 200 10482 "https://2blog.ilc.edu.tw/6325/?p=17757" "Mozilla/5.0 AppleWebKit/537.36 (KHTML, like Gecko; compatible; ClaudeBot/1.0; +claudebot@anthropic.com)"
216.73.216.20 - - [22/Aug/2026:12:20:02 +0800] "GET /6325/2013/10/16/102_%e6%a0%a1%e5%9c%92%e7%94%9f%e6%85%8b%e5%b0%8e%e8%a6%bd7/ HTTP/1.1" 200 10446 "https://2blog.ilc.edu.tw/6325/?p=17870" "Mozilla/5.0 AppleWebKit/537.36 (KHTML, like Gecko; compatible; ClaudeBot/1.0; +claudebot@anthropic.com)"
216.73.216.20 - - [22/Aug/2026:12:20:02 +0800] "GET /6325/?p=17894 HTTP/1.1" 301 912 "-" "Mozilla/5.0 AppleWebKit/537.36 (KHTML, like Gecko; compatible; ClaudeBot/1.0; +claudebot@anthropic.com)"
216.73.216.20 - - [22/Aug/2026:12:20:02 +0800] "GET /6325/2013/10/23/102_%e7%92%b0%e5%a2%83%e6%95%99%e8%82%b2%e6%95%99%e6%9d%909/ HTTP/1.1" 200 10419 "https://2blog.ilc.edu.tw/6325/?p=17889" "Mozilla/5.0 AppleWebKit/537.36 (KHTML, like Gecko; compatible; ClaudeBot/1.0; +claudebot@anthropic.com)"
216.73.216.20 - - [22/Aug/2026:12:20:02 +0800] "GET /6448/?p=894 HTTP/1.1" 301 5653 "-" "Mozilla/5.0 AppleWebKit/537.36 (KHTML, like Gecko; compatible; ClaudeBot/1.0; +claudebot@anthropic.com)"
216.73.216.20 - - [22/Aug/2026:12:20:02 +0800] "GET /6325/?p=17610 HTTP/1.1" 301 5771 "-" "Mozilla/5.0 AppleWebKit/537.36 (KHTML, like Gecko; compatible; ClaudeBot/1.0; +claudebot@anthropic.com)"
216.73.216.20 - - [22/Aug/2026:12:20:02 +0800] "GET /6325/?p=18402 HTTP/1.1" 301 983 "-" "Mozilla/5.0 AppleWebKit/537.36 (KHTML, like Gecko; compatible; ClaudeBot/1.0; +claudebot@anthropic.com)"
216.73.216.20 - - [22/Aug/2026:12:20:02 +0800] "GET /6325/?p=17890 HTTP/1.1" 301 1188 "-" "Mozilla/5.0 AppleWebKit/537.36 (KHTML, like Gecko; compatible; ClaudeBot/1.0; +claudebot@anthropic.com)"
216.73.216.20 - - [22/Aug/2026:12:20:02 +0800] "GET /6325/2013/10/23/102_%e5%ad%b8%e6%a0%a1%e7%92%b0%e5%a2%83%e6%95%99%e8%82%b2%e7%89%b9%e8%89%b2%e6%88%96%e5%89%b5%e6%96%b0%e4%bd%9c%e7%82%ba1-3/ HTTP/1.1" 200 10878 "https://2blog.ilc.edu.tw/6325/?p=17894" "Mozilla/5.0 AppleWebKit/537.36 (KHTML, like Gecko; compatible; ClaudeBot/1.0; +claudebot@anthropic.com)"
216.73.216.20 - - [22/Aug/2026:12:20:02 +0800] "GET /6325/?p=18633 HTTP/1.1" 301 984 "-" "Mozilla/5.0 AppleWebKit/537.36 (KHTML, like Gecko; compatible; ClaudeBot/1.0; +claudebot@anthropic.com)"
216.73.216.20 - - [22/Aug/2026:12:20:02 +0800] "GET /6448/2019/11/15/108_%e5%9b%9b_2_%e6%8b%9c%e8%a8%aa%e8%be%b2%e5%a4%ab_%e6%88%90%e6%9e%9c/ HTTP/1.1" 200 11504 "https://2blog.ilc.edu.tw/6448/?p=894" "Mozilla/5.0 AppleWebKit/537.36 (KHTML, like Gecko; compatible; ClaudeBot/1.0; +claudebot@anthropic.com)"
216.73.216.20 - - [22/Aug/2026:12:20:02 +0800] "GET /6325/2011/12/09/%e8%be%a6%e7%90%86%e7%92%b0%e5%a2%83%e6%95%99%e8%82%b2%e4%b8%a6%e6%9c%89%e8%be%a6%e7%90%86%e5%9b%9e%e9%a5%8b%e6%84%8f%e8%a6%8b%e8%aa%bf%e6%9f%a5%e5%8f%8a%e6%88%90%e6%95%88%e5%88%86%e6%9e%90/ HTTP/1.1" 200 10866 "https://2blog.ilc.edu.tw/6325/?p=17610" "Mozilla/5.0 AppleWebKit/537.36 (KHTML, like Gecko; compatible; ClaudeBot/1.0; +claudebot@anthropic.com)"
216.73.216.20 - - [22/Aug/2026:12:20:02 +0800] "GET /6325/2015/08/31/104_%e5%ad%b8%e6%a0%a1%e7%92%b0%e5%a2%83%e6%95%99%e8%82%b2%e7%89%b9%e8%89%b2%e6%88%96%e5%89%b5%e6%96%b0%e4%bd%9c%e7%82%ba3-%e5%81%9c%e8%bb%8a%e4%b8%89%e5%88%86%e9%90%98%e8%ab%8b%e7%86%84%e7%81%ab/ HTTP/1.1" 200 10999 "https://2blog.ilc.edu.tw/6325/?p=18402" "Mozilla/5.0 AppleWebKit/537.36 (KHTML, like Gecko; compatible; ClaudeBot/1.0; +claudebot@anthropic.com)"
216.73.216.20 - - [22/Aug/2026:12:20:02 +0800] "GET /6325/?p=17595 HTTP/1.1" 301 979 "-" "Mozilla/5.0 AppleWebKit/537.36 (KHTML, like Gecko; compatible; ClaudeBot/1.0; +claudebot@anthropic.com)"
216.73.216.20 - - [22/Aug/2026:12:20:03 +0800] "GET /6325/2013/10/23/102_%e6%a0%a1%e5%9c%92%e7%92%b0%e4%bf%9d%e5%af%a6%e5%8b%997-8/ HTTP/1.1" 200 10665 "https://2blog.ilc.edu.tw/6325/?p=17890" "Mozilla/5.0 AppleWebKit/537.36 (KHTML, like Gecko; compatible; ClaudeBot/1.0; +claudebot@anthropic.com)"
216.73.216.20 - - [22/Aug/2026:12:20:02 +0800] "GET /6325/?p=17868 HTTP/1.1" 301 5643 "-" "Mozilla/5.0 AppleWebKit/537.36 (KHTML, like Gecko; compatible; ClaudeBot/1.0; +claudebot@anthropic.com)"
216.73.216.20 - - [22/Aug/2026:12:20:03 +0800] "GET /6325/2017/08/03/106-%e4%ba%8c1-3%e8%be%a6%e7%90%86%e7%92%b0%e5%a2%83%e6%95%99%e8%82%b2%e7%a0%94%e7%bf%92%e3%80%81%e7%a0%94%e8%a8%8e%e7%92%b0%e5%a2%83%e6%95%99%e8%82%b2%e8%aa%b2%e7%a8%8b%ef%bc%8c%e7%a0%94%e7%99%bc/ HTTP/1.1" 200 11258 "https://2blog.ilc.edu.tw/6325/?p=18633" "Mozilla/5.0 AppleWebKit/537.36 (KHTML, like Gecko; compatible; ClaudeBot/1.0; +claudebot@anthropic.com)"
216.73.216.20 - - [22/Aug/2026:12:20:03 +0800] "GET /6325/?p=18358 HTTP/1.1" 301 984 "-" "Mozilla/5.0 AppleWebKit/537.36 (KHTML, like Gecko; compatible; ClaudeBot/1.0; +claudebot@anthropic.com)"
216.73.216.20 - - [22/Aug/2026:12:20:03 +0800] "GET /6325/2011/12/07/%e8%be%a6%e7%90%86%e6%88%96%e5%8f%83%e5%8a%a0%e6%b0%b8%e7%ba%8c%e6%a0%a1%e5%9c%92%e8%a8%88%e7%95%ab%e8%aa%aa%e6%98%8e%e6%88%96%e7%b6%93%e9%a9%97%e5%88%86%e4%ba%ab%e7%ad%89%e6%b4%bb%e5%8b%95-2/ HTTP/1.1" 200 10749 "https://2blog.ilc.edu.tw/6325/?p=17595" "Mozilla/5.0 AppleWebKit/537.36 (KHTML, like Gecko; compatible; ClaudeBot/1.0; +claudebot@anthropic.com)"
216.73.216.20 - - [22/Aug/2026:12:20:03 +0800] "GET /6325/?p=17581 HTTP/1.1" 301 1289 "-" "Mozilla/5.0 AppleWebKit/537.36 (KHTML, like Gecko; compatible; ClaudeBot/1.0; +claudebot@anthropic.com)"
216.73.216.20 - - [22/Aug/2026:12:20:03 +0800] "GET /6325/2013/10/16/102_%e6%a0%a1%e5%9c%92%e7%92%b0%e4%bf%9d%e5%af%a6%e5%8b%992-3/ HTTP/1.1" 200 10779 "https://2blog.ilc.edu.tw/6325/?p=17868" "Mozilla/5.0 AppleWebKit/537.36 (KHTML, like Gecko; compatible; ClaudeBot/1.0; +claudebot@anthropic.com)"
216.73.216.20 - - [22/Aug/2026:12:20:03 +0800] "GET /6325/?p=17573 HTTP/1.1" 301 878 "-" "Mozilla/5.0 AppleWebKit/537.36 (KHTML, like Gecko; compatible; ClaudeBot/1.0; +claudebot@anthropic.com)"
216.73.216.20 - - [22/Aug/2026:12:20:03 +0800] "GET /6325/2015/04/17/104_%e8%a1%8c%e6%94%bf%e8%88%87%e7%ae%a1%e7%90%86-9-%e7%a9%8d%e6%a5%b5%e7%88%ad%e5%8f%96%e5%90%84%e5%96%ae%e4%bd%8d%e8%a3%9c%e5%8a%a9%e6%88%96%e7%b5%90%e5%90%88%e7%a4%be%e6%9c%83%e8%b3%87%e6%ba%90/ HTTP/1.1" 200 11311 "https://2blog.ilc.edu.tw/6325/?p=18358" "Mozilla/5.0 AppleWebKit/537.36 (KHTML, like Gecko; compatible; ClaudeBot/1.0; +claudebot@anthropic.com)"
34.56.53.225 - - [22/Aug/2026:12:20:03 +0800] "GET /4950/2016/03/10/arduino%E7%AC%AC%E4%BA%8C%E5%8D%81%E8%AA%B2%E9%9B%BB%E8%85%A6%E8%A3%A1%E7%9A%84%E9%A6%AC%E9%81%94/ HTTP/1.1" 200 19423 "-" "Mozilla/5.0 (Macintosh; Intel Mac OS X 10_15_7) AppleWebKit/537.36 (KHTML, like Gecko) Chrome/120.0.0.0 Safari/537.36"
216.73.216.20 - - [22/Aug/2026:12:20:03 +0800] "GET /6325/?p=18034 HTTP/1.1" 301 858 "-" "Mozilla/5.0 AppleWebKit/537.36 (KHTML, like Gecko; compatible; ClaudeBot/1.0; +claudebot@anthropic.com)"
216.73.216.20 - - [22/Aug/2026:12:20:03 +0800] "GET /6325/2011/12/07/%e5%ae%9a%e6%9c%9f%e9%80%b2%e8%a1%8c%e7%92%b0%e5%a2%83%e7%a8%bd%e6%a0%b8%e5%8f%8a%e7%b6%ad%e4%bf%ae%e5%b7%a5%e4%bd%9c%e4%b8%a6%e5%85%ac%e4%bd%88%e7%b5%90%e6%9e%9c/ HTTP/1.1" 200 11703 "https://2blog.ilc.edu.tw/6325/?p=17581" "Mozilla/5.0 AppleWebKit/537.36 (KHTML, like Gecko; compatible; ClaudeBot/1.0; +claudebot@anthropic.com)"
216.73.216.20 - - [22/Aug/2026:12:20:03 +0800] "GET /6448/?p=359 HTTP/1.1" 301 5779 "-" "Mozilla/5.0 AppleWebKit/537.36 (KHTML, like Gecko; compatible; ClaudeBot/1.0; +claudebot@anthropic.com)"
216.73.216.20 - - [22/Aug/2026:12:20:03 +0800] "GET /6325/2011/12/06/%e7%8e%89%e7%94%b0%e5%9c%8b%e5%b0%8f%e7%92%b0%e5%a2%83%e6%95%99%e8%82%b2%e9%a1%98%e6%99%af/ HTTP/1.1" 200 11216 "https://2blog.ilc.edu.tw/6325/?p=17573" "Mozilla/5.0 AppleWebKit/537.36 (KHTML, like Gecko; compatible; ClaudeBot/1.0; +claudebot@anthropic.com)"
216.73.216.20 - - [22/Aug/2026:12:20:03 +0800] "GET /6448/?p=145 HTTP/1.1" 301 919 "-" "Mozilla/5.0 AppleWebKit/537.36 (KHTML, like Gecko; compatible; ClaudeBot/1.0; +claudebot@anthropic.com)"
216.73.216.20 - - [22/Aug/2026:12:20:03 +0800] "GET /6325/2014/05/16/103_%e6%95%99%e5%ad%b8%e8%88%87%e5%ae%a3%e5%b0%8e%e6%b4%bb%e5%8b%954-3/ HTTP/1.1" 200 10617 "https://2blog.ilc.edu.tw/6325/?p=18034" "Mozilla/5.0 AppleWebKit/537.36 (KHTML, like Gecko; compatible; ClaudeBot/1.0; +claudebot@anthropic.com)"
216.73.216.20 - - [22/Aug/2026:12:20:03 +0800] "GET /6325/?p=18640 HTTP/1.1" 301 984 "-" "Mozilla/5.0 AppleWebKit/537.36 (KHTML, like Gecko; compatible; ClaudeBot/1.0; +claudebot@anthropic.com)"
216.73.216.20 - - [22/Aug/2026:12:20:03 +0800] "GET /6448/2014/11/04/103_4-3_%e6%a0%a1%e5%9c%92%e8%83%bd%e8%b3%87%e6%ba%90%e4%bd%bf%e7%94%a8%e7%94%b3%e5%a0%b1%e7%b3%bb%e7%b5%b1%e4%ba%8c%e5%b9%b4%e7%94%a8%e9%9b%bb%e3%80%81%e7%94%a8%e6%b0%b4%e6%af%94%e8%bc%83%e8%a1%a8/ HTTP/1.1" 200 11020 "https://2blog.ilc.edu.tw/6448/?p=359" "Mozilla/5.0 AppleWebKit/537.36 (KHTML, like Gecko; compatible; ClaudeBot/1.0; +claudebot@anthropic.com)"
2001:288:a201::66:125 - - [22/Aug/2026:12:20:03 +0800] "GET /blog/active.php HTTP/1.1" 404 1084 "-" "-"
2001:288:a201::66:125 - - [22/Aug/2026:12:20:03 +0800] "GET /blog/active.php HTTP/1.1" 301 1026 "-" "-"
2001:288:a000:192:250:56ff:feae:a27e - - [22/Aug/2026:12:20:03 +0800] "HEAD / HTTP/1.1" 200 5485 "-" "Mozilla/5.0 (compatible; phpservermon/3.5.2; +https://github.com/phpservermon/phpservermon)"
216.73.216.20 - - [22/Aug/2026:12:20:03 +0800] "GET /6448/2011/12/08/%e4%b8%898-100%e5%b9%b4%e6%a0%a1%e5%9c%92%e5%ae%89%e5%85%a8%e9%a3%b2%e7%94%a8%e6%b0%b4%e7%ae%a1%e7%90%86%e5%a0%b1%e5%91%8a%e5%96%ae/ HTTP/1.1" 200 11023 "https://2blog.ilc.edu.tw/6448/?p=145" "Mozilla/5.0 AppleWebKit/537.36 (KHTML, like Gecko; compatible; ClaudeBot/1.0; +claudebot@anthropic.com)"
216.73.216.20 - - [22/Aug/2026:12:20:03 +0800] "GET /6448/?p=709 HTTP/1.1" 301 924 "-" "Mozilla/5.0 AppleWebKit/537.36 (KHTML, like Gecko; compatible; ClaudeBot/1.0; +claudebot@anthropic.com)"
52.200.251.20 - - [22/Aug/2026:12:20:04 +0800] "GET /wp-content/uploads/sites/847/6483/previews/6483-2487493.gif HTTP/1.1" 200 1162 "-" "Mozilla/5.0 AppleWebKit/537.36 (KHTML, like Gecko; compatible; Amazonbot/0.1; +https://developer.amazon.com/support/amazonbot) Chrome/119.0.6045.214 Safari/537.36"
216.73.216.20 - - [22/Aug/2026:12:20:03 +0800] "GET /2569/wp-json/wp/v2/categories/73 HTTP/1.1" 200 1638 "-" "Mozilla/5.0 AppleWebKit/537.36 (KHTML, like Gecko; compatible; ClaudeBot/1.0; +claudebot@anthropic.com)"
216.73.216.20 - - [22/Aug/2026:12:20:03 +0800] "GET /6325/?p=18319 HTTP/1.1" 301 975 "-" "Mozilla/5.0 AppleWebKit/537.36 (KHTML, like Gecko; compatible; ClaudeBot/1.0; +claudebot@anthropic.com)"
216.73.216.20 - - [22/Aug/2026:12:20:04 +0800] "GET /6325/2017/08/05/106-%e4%ba%8c2-4%e7%b5%90%e5%90%88%e6%b0%91%e9%96%93%e5%9c%98%e9%ab%94%e3%80%81%e5%9c%b0%e6%96%b9%e7%94%a2%e6%a5%ad%e5%92%8c%e7%a4%be%e5%8d%80%e8%b3%87%e6%ba%90%e8%be%a6%e7%90%86%e7%92%b0%e5%a2%83/ HTTP/1.1" 200 11605 "https://2blog.ilc.edu.tw/6325/?p=18640" "Mozilla/5.0 AppleWebKit/537.36 (KHTML, like Gecko; compatible; ClaudeBot/1.0; +claudebot@anthropic.com)"
216.73.216.20 - - [22/Aug/2026:12:20:04 +0800] "GET /6325/?p=18100 HTTP/1.1" 301 838 "-" "Mozilla/5.0 AppleWebKit/537.36 (KHTML, like Gecko; compatible; ClaudeBot/1.0; +claudebot@anthropic.com)"
140.111.67.10 - - [22/Aug/2026:12:20:04 +0800] "GET /" 301 273 "-" "-"
216.73.216.20 - - [22/Aug/2026:12:20:04 +0800] "GET /6448/2018/11/11/107_2-1_%e5%81%a5%e5%ba%b7%e8%ac%9b%e5%ba%a7-%e5%90%83%e5%85%a8%e6%a6%96%e8%88%87%e9%bb%83%e9%87%91%e6%af%94%e4%be%8b-%e6%88%90%e6%9e%9c/ HTTP/1.1" 200 11690 "https://2blog.ilc.edu.tw/6448/?p=709" "Mozilla/5.0 AppleWebKit/537.36 (KHTML, like Gecko; compatible; ClaudeBot/1.0; +claudebot@anthropic.com)"
216.73.216.20 - - [22/Aug/2026:12:20:04 +0800] "GET /6325/?p=18592 HTTP/1.1" 301 982 "-" "Mozilla/5.0 AppleWebKit/537.36 (KHTML, like Gecko; compatible; ClaudeBot/1.0; +claudebot@anthropic.com)"
216.73.216.20 - - [22/Aug/2026:12:20:04 +0800] "GET /6325/2015/01/26/104_%e5%ad%b8%e6%a0%a1%e7%92%b0%e5%a2%83%e6%95%99%e8%82%b2%e7%89%b9%e8%89%b2%e6%88%96%e5%89%b5%e6%96%b0%e4%bd%9c%e7%82%ba9-%e7%92%b0%e5%a2%83%e6%95%99%e8%82%b2-%e9%a2%a8%e8%aa%bf%e9%9b%a8/ HTTP/1.1" 200 10894 "https://2blog.ilc.edu.tw/6325/?p=18319" "Mozilla/5.0 AppleWebKit/537.36 (KHTML, like Gecko; compatible; ClaudeBot/1.0; +claudebot@anthropic.com)"
216.73.216.20 - - [22/Aug/2026:12:20:04 +0800] "GET /6325/?p=18385 HTTP/1.1" 301 984 "-" "Mozilla/5.0 AppleWebKit/537.36 (KHTML, like Gecko; compatible; ClaudeBot/1.0; +claudebot@anthropic.com)"
216.73.216.20 - - [22/Aug/2026:12:20:04 +0800] "GET /6325/2014/09/29/103_%e8%a1%8c%e6%94%bf%e8%88%87%e7%ae%a1%e7%90%865/ HTTP/1.1" 200 10780 "https://2blog.ilc.edu.tw/6325/?p=18100" "Mozilla/5.0 AppleWebKit/537.36 (KHTML, like Gecko; compatible; ClaudeBot/1.0; +claudebot@anthropic.com)"
216.73.216.20 - - [22/Aug/2026:12:20:04 +0800] "GET /6325/?p=18429 HTTP/1.1" 301 983 "-" "Mozilla/5.0 AppleWebKit/537.36 (KHTML, like Gecko; compatible; ClaudeBot/1.0; +claudebot@anthropic.com)"
216.73.216.20 - - [22/Aug/2026:12:20:04 +0800] "GET /6325/2016/10/27/105%e4%ba%8c-4%e8%be%a6%e7%90%86%e7%92%b0%e5%a2%83%e6%95%99%e8%82%b2%e6%b4%bb%e5%8b%95%e4%b8%a6%e6%9c%89%e6%88%90%e6%95%88%e8%a9%95%e4%bc%b0%e9%9b%99%e9%80%a3%e5%9f%a4%e7%94%9f%e6%85%8b%e6%95%99/ HTTP/1.1" 200 11974 "https://2blog.ilc.edu.tw/6325/?p=18592" "Mozilla/5.0 AppleWebKit/537.36 (KHTML, like Gecko; compatible; ClaudeBot/1.0; +claudebot@anthropic.com)"
216.73.216.20 - - [22/Aug/2026:12:20:04 +0800] "GET /6325/2015/08/24/104_%e5%85%b6%e4%bb%96%e9%85%8d%e5%90%88%e6%8e%aa%e6%96%bd%e8%be%a6%e7%90%86%e6%83%85%e5%bd%a22-a%e5%8f%83%e8%88%87%e3%80%8c%e5%ae%9c%e8%98%ad%e7%92%b0%e5%a2%83%e6%95%99%e8%82%b2%e8%ad%b7%e7%85%a7/ HTTP/1.1" 200 10863 "https://2blog.ilc.edu.tw/6325/?p=18385" "Mozilla/5.0 AppleWebKit/537.36 (KHTML, like Gecko; compatible; ClaudeBot/1.0; +claudebot@anthropic.com)"
34.233.219.155 - - [22/Aug/2026:12:20:04 +0800] "GET /3149/wp-content/uploads/sites/2309/2023/04/20230411_100723-1-1568x2091.jpg HTTP/1.1" 200 247860 "-" "Mozilla/5.0 AppleWebKit/537.36 (KHTML, like Gecko; compatible; Amazonbot/0.1; +https://developer.amazon.com/support/amazonbot) Chrome/119.0.6045.214 Safari/537.36"
216.73.216.20 - - [22/Aug/2026:12:20:04 +0800] "GET /6325/?p=18103 HTTP/1.1" 301 883 "-" "Mozilla/5.0 AppleWebKit/537.36 (KHTML, like Gecko; compatible; ClaudeBot/1.0; +claudebot@anthropic.com)"
