2408:8262:188c:cb5:b4a4:416e:d041:9d18 - - [22/Aug/2026:12:20:21 +0800] "GET /wp-content/cache/www.najh.ilc.edu.tw/wpfc-minified/kz7ju7r3/6wh9.css HTTP/1.1" 200 1496 "https://www.najh.ilc.edu.tw/2019/10/09/%E8%A1%8C%E6%94%BF%E9%99%A2%E7%92%B0%E5%A2%83%E4%BF%9D%E8%AD%B7%E7%BD%B2%E6%8F%90%E4%BE%9B%E5%8D%B3%E6%99%82%E7%A9%BA%E6%B0%A3%E5%93%81%E8%B3%AA%E8%B3%87%E8%A8%8Awidget%E6%9C%8D%E5%8B%99/" "Mozilla/5.0 (Windows NT 10.0; Win64; x64) AppleWebKit/537.36 (KHTML, like Gecko) Chrome/144.0.0.0 Safari/537.36"
2408:8262:188c:cb5:b4a4:416e:d041:9d18 - - [22/Aug/2026:12:20:21 +0800] "GET /wp-content/cache/www.najh.ilc.edu.tw/wpfc-minified/kcxb236g/6wh9.css HTTP/1.1" 200 66147 "https://www.najh.ilc.edu.tw/2019/10/09/%E8%A1%8C%E6%94%BF%E9%99%A2%E7%92%B0%E5%A2%83%E4%BF%9D%E8%AD%B7%E7%BD%B2%E6%8F%90%E4%BE%9B%E5%8D%B3%E6%99%82%E7%A9%BA%E6%B0%A3%E5%93%81%E8%B3%AA%E8%B3%87%E8%A8%8Awidget%E6%9C%8D%E5%8B%99/" "Mozilla/5.0 (Windows NT 10.0; Win64; x64) AppleWebKit/537.36 (KHTML, like Gecko) Chrome/144.0.0.0 Safari/537.36"
2408:8262:188c:cb5:b4a4:416e:d041:9d18 - - [22/Aug/2026:12:20:21 +0800] "GET /wp-content/cache/www.najh.ilc.edu.tw/wpfc-minified/k0kc5650/6wh9.js HTTP/1.1" 200 40360 "https://www.najh.ilc.edu.tw/2019/10/09/%E8%A1%8C%E6%94%BF%E9%99%A2%E7%92%B0%E5%A2%83%E4%BF%9D%E8%AD%B7%E7%BD%B2%E6%8F%90%E4%BE%9B%E5%8D%B3%E6%99%82%E7%A9%BA%E6%B0%A3%E5%93%81%E8%B3%AA%E8%B3%87%E8%A8%8Awidget%E6%9C%8D%E5%8B%99/" "Mozilla/5.0 (Windows NT 10.0; Win64; x64) AppleWebKit/537.36 (KHTML, like Gecko) Chrome/144.0.0.0 Safari/537.36"
2408:8262:188c:cb5:b4a4:416e:d041:9d18 - - [22/Aug/2026:12:20:21 +0800] "GET /wp-content/cache/www.najh.ilc.edu.tw/wpfc-minified/2b17nkg1/6wh9.js HTTP/1.1" 200 6441 "https://www.najh.ilc.edu.tw/2019/10/09/%E8%A1%8C%E6%94%BF%E9%99%A2%E7%92%B0%E5%A2%83%E4%BF%9D%E8%AD%B7%E7%BD%B2%E6%8F%90%E4%BE%9B%E5%8D%B3%E6%99%82%E7%A9%BA%E6%B0%A3%E5%93%81%E8%B3%AA%E8%B3%87%E8%A8%8Awidget%E6%9C%8D%E5%8B%99/" "Mozilla/5.0 (Windows NT 10.0; Win64; x64) AppleWebKit/537.36 (KHTML, like Gecko) Chrome/144.0.0.0 Safari/537.36"
2408:8262:188c:cb5:b4a4:416e:d041:9d18 - - [22/Aug/2026:12:20:21 +0800] "GET /wp-content/cache/www.najh.ilc.edu.tw/wpfc-minified/87xhsi2d/6wh9.css HTTP/1.1" 200 4322 "https://www.najh.ilc.edu.tw/2019/10/09/%E8%A1%8C%E6%94%BF%E9%99%A2%E7%92%B0%E5%A2%83%E4%BF%9D%E8%AD%B7%E7%BD%B2%E6%8F%90%E4%BE%9B%E5%8D%B3%E6%99%82%E7%A9%BA%E6%B0%A3%E5%93%81%E8%B3%AA%E8%B3%87%E8%A8%8Awidget%E6%9C%8D%E5%8B%99/" "Mozilla/5.0 (Windows NT 10.0; Win64; x64) AppleWebKit/537.36 (KHTML, like Gecko) Chrome/144.0.0.0 Safari/537.36"
::1 - - [22/Aug/2026:12:20:22 +0800] "OPTIONS * HTTP/1.0" 200 110 "-" "Apache/2.4.68 (Ubuntu) OpenSSL/3.0.19 (internal dummy connection)"
2408:8262:188c:cb5:b4a4:416e:d041:9d18 - - [22/Aug/2026:12:20:22 +0800] "GET /wp-includes/js/hoverintent-js.min.js HTTP/1.1" 200 1597 "https://www.najh.ilc.edu.tw/2019/10/09/%E8%A1%8C%E6%94%BF%E9%99%A2%E7%92%B0%E5%A2%83%E4%BF%9D%E8%AD%B7%E7%BD%B2%E6%8F%90%E4%BE%9B%E5%8D%B3%E6%99%82%E7%A9%BA%E6%B0%A3%E5%93%81%E8%B3%AA%E8%B3%87%E8%A8%8Awidget%E6%9C%8D%E5%8B%99/" "Mozilla/5.0 (Windows NT 10.0; Win64; x64) AppleWebKit/537.36 (KHTML, like Gecko) Chrome/144.0.0.0 Safari/537.36"
74.7.242.54 - - [22/Aug/2026:12:20:18 +0800] "GET /26150/?p=4205 HTTP/1.1" 301 983 "https://2blog.ilc.edu.tw/26150/2020/02/27/109%e5%b9%b4%e5%ba%a6%e5%b9%b8%e7%a6%8f%e5%ae%b6%e5%ba%ad%e7%a9%ba%e4%b8%ad%e8%ac%9b%e5%a0%82%e7%ac%ac3%e9%9b%86_%e7%95%b0%e5%9f%9f%e9%a2%a8%e6%83%85%ef%bc%9a%e6%96%b0%e4%bd%8f%e6%b0%91%e5%9c%a8/" "Mozilla/5.0 AppleWebKit/537.36 (KHTML, like Gecko; compatible; GPTBot/1.4; +https://openai.com/gptbot)"
2408:8262:188c:cb5:b4a4:416e:d041:9d18 - - [22/Aug/2026:12:20:22 +0800] "GET /wp-includes/js/admin-bar.min.js HTTP/1.1" 200 2237 "https://www.najh.ilc.edu.tw/2019/10/09/%E8%A1%8C%E6%94%BF%E9%99%A2%E7%92%B0%E5%A2%83%E4%BF%9D%E8%AD%B7%E7%BD%B2%E6%8F%90%E4%BE%9B%E5%8D%B3%E6%99%82%E7%A9%BA%E6%B0%A3%E5%93%81%E8%B3%AA%E8%B3%87%E8%A8%8Awidget%E6%9C%8D%E5%8B%99/" "Mozilla/5.0 (Windows NT 10.0; Win64; x64) AppleWebKit/537.36 (KHTML, like Gecko) Chrome/144.0.0.0 Safari/537.36"
2408:8262:188c:cb5:b4a4:416e:d041:9d18 - - [22/Aug/2026:12:20:22 +0800] "GET /wp-includes/js/imagesloaded.min.js HTTP/1.1" 200 2683 "https://www.najh.ilc.edu.tw/2019/10/09/%E8%A1%8C%E6%94%BF%E9%99%A2%E7%92%B0%E5%A2%83%E4%BF%9D%E8%AD%B7%E7%BD%B2%E6%8F%90%E4%BE%9B%E5%8D%B3%E6%99%82%E7%A9%BA%E6%B0%A3%E5%93%81%E8%B3%AA%E8%B3%87%E8%A8%8Awidget%E6%9C%8D%E5%8B%99/" "Mozilla/5.0 (Windows NT 10.0; Win64; x64) AppleWebKit/537.36 (KHTML, like Gecko) Chrome/144.0.0.0 Safari/537.36"
2408:8262:188c:cb5:b4a4:416e:d041:9d18 - - [22/Aug/2026:12:20:22 +0800] "GET /wp-content/themes/oceanwp/assets/js/drop-down-search.min.js HTTP/1.1" 200 2968 "https://www.najh.ilc.edu.tw/2019/10/09/%E8%A1%8C%E6%94%BF%E9%99%A2%E7%92%B0%E5%A2%83%E4%BF%9D%E8%AD%B7%E7%BD%B2%E6%8F%90%E4%BE%9B%E5%8D%B3%E6%99%82%E7%A9%BA%E6%B0%A3%E5%93%81%E8%B3%AA%E8%B3%87%E8%A8%8Awidget%E6%9C%8D%E5%8B%99/" "Mozilla/5.0 (Windows NT 10.0; Win64; x64) AppleWebKit/537.36 (KHTML, like Gecko) Chrome/144.0.0.0 Safari/537.36"
2408:8262:188c:cb5:b4a4:416e:d041:9d18 - - [22/Aug/2026:12:20:22 +0800] "GET /wp-content/themes/oceanwp/assets/js/drop-down-mobile-menu.min.js HTTP/1.1" 200 4663 "https://www.najh.ilc.edu.tw/2019/10/09/%E8%A1%8C%E6%94%BF%E9%99%A2%E7%92%B0%E5%A2%83%E4%BF%9D%E8%AD%B7%E7%BD%B2%E6%8F%90%E4%BE%9B%E5%8D%B3%E6%99%82%E7%A9%BA%E6%B0%A3%E5%93%81%E8%B3%AA%E8%B3%87%E8%A8%8Awidget%E6%9C%8D%E5%8B%99/" "Mozilla/5.0 (Windows NT 10.0; Win64; x64) AppleWebKit/537.36 (KHTML, like Gecko) Chrome/144.0.0.0 Safari/537.36"
2408:8262:188c:cb5:b4a4:416e:d041:9d18 - - [22/Aug/2026:12:20:22 +0800] "GET /wp-content/themes/oceanwp/assets/js/theme.min.js HTTP/1.1" 200 5130 "https://www.najh.ilc.edu.tw/2019/10/09/%E8%A1%8C%E6%94%BF%E9%99%A2%E7%92%B0%E5%A2%83%E4%BF%9D%E8%AD%B7%E7%BD%B2%E6%8F%90%E4%BE%9B%E5%8D%B3%E6%99%82%E7%A9%BA%E6%B0%A3%E5%93%81%E8%B3%AA%E8%B3%87%E8%A8%8Awidget%E6%9C%8D%E5%8B%99/" "Mozilla/5.0 (Windows NT 10.0; Win64; x64) AppleWebKit/537.36 (KHTML, like Gecko) Chrome/144.0.0.0 Safari/537.36"
2408:8262:188c:cb5:b4a4:416e:d041:9d18 - - [22/Aug/2026:12:20:22 +0800] "GET /wp-content/themes/oceanwp/assets/js/vendors/magnific-popup.min.js HTTP/1.1" 200 8270 "https://www.najh.ilc.edu.tw/2019/10/09/%E8%A1%8C%E6%94%BF%E9%99%A2%E7%92%B0%E5%A2%83%E4%BF%9D%E8%AD%B7%E7%BD%B2%E6%8F%90%E4%BE%9B%E5%8D%B3%E6%99%82%E7%A9%BA%E6%B0%A3%E5%93%81%E8%B3%AA%E8%B3%87%E8%A8%8Awidget%E6%9C%8D%E5%8B%99/" "Mozilla/5.0 (Windows NT 10.0; Win64; x64) AppleWebKit/537.36 (KHTML, like Gecko) Chrome/144.0.0.0 Safari/537.36"
::1 - - [22/Aug/2026:12:20:23 +0800] "OPTIONS * HTTP/1.0" 200 110 "-" "Apache/2.4.68 (Ubuntu) OpenSSL/3.0.19 (internal dummy connection)"
2408:8262:188c:cb5:b4a4:416e:d041:9d18 - - [22/Aug/2026:12:20:22 +0800] "POST /wp-json/ilc-summary/v1/popular-posts HTTP/1.1" 201 1269 "https://www.najh.ilc.edu.tw/2019/10/09/%E8%A1%8C%E6%94%BF%E9%99%A2%E7%92%B0%E5%A2%83%E4%BF%9D%E8%AD%B7%E7%BD%B2%E6%8F%90%E4%BE%9B%E5%8D%B3%E6%99%82%E7%A9%BA%E6%B0%A3%E5%93%81%E8%B3%AA%E8%B3%87%E8%A8%8Awidget%E6%9C%8D%E5%8B%99/" "Mozilla/5.0 (Windows NT 10.0; Win64; x64) AppleWebKit/537.36 (KHTML, like Gecko) Chrome/144.0.0.0 Safari/537.36"
2001:288:a201::66:125 - - [22/Aug/2026:12:20:23 +0800] "GET /blog/active.php HTTP/1.1" 404 1084 "-" "-"
2408:8262:188c:cb5:b4a4:416e:d041:9d18 - - [22/Aug/2026:12:20:23 +0800] "GET /wp-content/themes/oceanwp/assets/js/ow-lightbox.min.js HTTP/1.1" 200 2321 "https://www.najh.ilc.edu.tw/2019/10/09/%E8%A1%8C%E6%94%BF%E9%99%A2%E7%92%B0%E5%A2%83%E4%BF%9D%E8%AD%B7%E7%BD%B2%E6%8F%90%E4%BE%9B%E5%8D%B3%E6%99%82%E7%A9%BA%E6%B0%A3%E5%93%81%E8%B3%AA%E8%B3%87%E8%A8%8Awidget%E6%9C%8D%E5%8B%99/" "Mozilla/5.0 (Windows NT 10.0; Win64; x64) AppleWebKit/537.36 (KHTML, like Gecko) Chrome/144.0.0.0 Safari/537.36"
2001:288:a201::66:125 - - [22/Aug/2026:12:20:23 +0800] "GET /blog/active.php HTTP/1.1" 301 1026 "-" "-"
2408:8262:188c:cb5:b4a4:416e:d041:9d18 - - [22/Aug/2026:12:20:23 +0800] "GET /wp-content/themes/oceanwp/assets/js/vendors/flickity.pkgd.min.js HTTP/1.1" 200 15048 "https://www.najh.ilc.edu.tw/2019/10/09/%E8%A1%8C%E6%94%BF%E9%99%A2%E7%92%B0%E5%A2%83%E4%BF%9D%E8%AD%B7%E7%BD%B2%E6%8F%90%E4%BE%9B%E5%8D%B3%E6%99%82%E7%A9%BA%E6%B0%A3%E5%93%81%E8%B3%AA%E8%B3%87%E8%A8%8Awidget%E6%9C%8D%E5%8B%99/" "Mozilla/5.0 (Windows NT 10.0; Win64; x64) AppleWebKit/537.36 (KHTML, like Gecko) Chrome/144.0.0.0 Safari/537.36"
2408:8262:188c:cb5:b4a4:416e:d041:9d18 - - [22/Aug/2026:12:20:23 +0800] "GET /wp-content/themes/oceanwp/assets/js/scroll-effect.min.js HTTP/1.1" 200 4127 "https://www.najh.ilc.edu.tw/2019/10/09/%E8%A1%8C%E6%94%BF%E9%99%A2%E7%92%B0%E5%A2%83%E4%BF%9D%E8%AD%B7%E7%BD%B2%E6%8F%90%E4%BE%9B%E5%8D%B3%E6%99%82%E7%A9%BA%E6%B0%A3%E5%93%81%E8%B3%AA%E8%B3%87%E8%A8%8Awidget%E6%9C%8D%E5%8B%99/" "Mozilla/5.0 (Windows NT 10.0; Win64; x64) AppleWebKit/537.36 (KHTML, like Gecko) Chrome/144.0.0.0 Safari/537.36"
2408:8262:188c:cb5:b4a4:416e:d041:9d18 - - [22/Aug/2026:12:20:23 +0800] "GET /wp-content/themes/oceanwp/assets/js/ow-slider.min.js HTTP/1.1" 200 1761 "https://www.najh.ilc.edu.tw/2019/10/09/%E8%A1%8C%E6%94%BF%E9%99%A2%E7%92%B0%E5%A2%83%E4%BF%9D%E8%AD%B7%E7%BD%B2%E6%8F%90%E4%BE%9B%E5%8D%B3%E6%99%82%E7%A9%BA%E6%B0%A3%E5%93%81%E8%B3%AA%E8%B3%87%E8%A8%8Awidget%E6%9C%8D%E5%8B%99/" "Mozilla/5.0 (Windows NT 10.0; Win64; x64) AppleWebKit/537.36 (KHTML, like Gecko) Chrome/144.0.0.0 Safari/537.36"
2408:8262:188c:cb5:b4a4:416e:d041:9d18 - - [22/Aug/2026:12:20:23 +0800] "GET /wp-content/themes/oceanwp/assets/js/scroll-top.min.js HTTP/1.1" 200 3202 "https://www.najh.ilc.edu.tw/2019/10/09/%E8%A1%8C%E6%94%BF%E9%99%A2%E7%92%B0%E5%A2%83%E4%BF%9D%E8%AD%B7%E7%BD%B2%E6%8F%90%E4%BE%9B%E5%8D%B3%E6%99%82%E7%A9%BA%E6%B0%A3%E5%93%81%E8%B3%AA%E8%B3%87%E8%A8%8Awidget%E6%9C%8D%E5%8B%99/" "Mozilla/5.0 (Windows NT 10.0; Win64; x64) AppleWebKit/537.36 (KHTML, like Gecko) Chrome/144.0.0.0 Safari/537.36"
2408:8262:188c:cb5:b4a4:416e:d041:9d18 - - [22/Aug/2026:12:20:23 +0800] "GET /wp-content/themes/oceanwp/assets/fonts/fontawesome/webfonts/fa-solid-900.woff2 HTTP/1.1" 200 151246 "https://www.najh.ilc.edu.tw/wp-content/cache/www.najh.ilc.edu.tw/wpfc-minified/kcxb236g/6wh9.css" "Mozilla/5.0 (Windows NT 10.0; Win64; x64) AppleWebKit/537.36 (KHTML, like Gecko) Chrome/144.0.0.0 Safari/537.36"
2408:8262:188c:cb5:b4a4:416e:d041:9d18 - - [22/Aug/2026:12:20:23 +0800] "GET /wp-content/themes/oceanwp/assets/fonts/simple-line-icons/Simple-Line-Icons.woff2?v=2.4.0 HTTP/1.1" 200 30959 "https://www.najh.ilc.edu.tw/wp-content/cache/www.najh.ilc.edu.tw/wpfc-minified/kcxb236g/6wh9.css" "Mozilla/5.0 (Windows NT 10.0; Win64; x64) AppleWebKit/537.36 (KHTML, like Gecko) Chrome/144.0.0.0 Safari/537.36"
2408:8262:188c:cb5:b4a4:416e:d041:9d18 - - [22/Aug/2026:12:20:23 +0800] "GET /wp-content/themes/oceanwp/assets/fonts/fontawesome/webfonts/fa-regular-400.woff2 HTTP/1.1" 200 25383 "https://www.najh.ilc.edu.tw/wp-content/cache/www.najh.ilc.edu.tw/wpfc-minified/kcxb236g/6wh9.css" "Mozilla/5.0 (Windows NT 10.0; Win64; x64) AppleWebKit/537.36 (KHTML, like Gecko) Chrome/144.0.0.0 Safari/537.36"
2408:8262:188c:cb5:b4a4:416e:d041:9d18 - - [22/Aug/2026:12:20:23 +0800] "GET /wp-content/themes/oceanwp/assets/js/select.min.js HTTP/1.1" 200 2408 "https://www.najh.ilc.edu.tw/2019/10/09/%E8%A1%8C%E6%94%BF%E9%99%A2%E7%92%B0%E5%A2%83%E4%BF%9D%E8%AD%B7%E7%BD%B2%E6%8F%90%E4%BE%9B%E5%8D%B3%E6%99%82%E7%A9%BA%E6%B0%A3%E5%93%81%E8%B3%AA%E8%B3%87%E8%A8%8Awidget%E6%9C%8D%E5%8B%99/" "Mozilla/5.0 (Windows NT 10.0; Win64; x64) AppleWebKit/537.36 (KHTML, like Gecko) Chrome/144.0.0.0 Safari/537.36"
2408:8262:188c:cb5:b4a4:416e:d041:9d18 - - [22/Aug/2026:12:20:23 +0800] "GET /wp-content/plugins/ocean-extra/includes/widgets/js/flickr.min.js HTTP/1.1" 200 1319 "https://www.najh.ilc.edu.tw/2019/10/09/%E8%A1%8C%E6%94%BF%E9%99%A2%E7%92%B0%E5%A2%83%E4%BF%9D%E8%AD%B7%E7%BD%B2%E6%8F%90%E4%BE%9B%E5%8D%B3%E6%99%82%E7%A9%BA%E6%B0%A3%E5%93%81%E8%B3%AA%E8%B3%87%E8%A8%8Awidget%E6%9C%8D%E5%8B%99/" "Mozilla/5.0 (Windows NT 10.0; Win64; x64) AppleWebKit/537.36 (KHTML, like Gecko) Chrome/144.0.0.0 Safari/537.36"
2408:8262:188c:cb5:b4a4:416e:d041:9d18 - - [22/Aug/2026:12:20:23 +0800] "GET /wp-includes/js/mediaelement/mediaelement-migrate.min.js HTTP/1.1" 200 1419 "https://www.najh.ilc.edu.tw/2019/10/09/%E8%A1%8C%E6%94%BF%E9%99%A2%E7%92%B0%E5%A2%83%E4%BF%9D%E8%AD%B7%E7%BD%B2%E6%8F%90%E4%BE%9B%E5%8D%B3%E6%99%82%E7%A9%BA%E6%B0%A3%E5%93%81%E8%B3%AA%E8%B3%87%E8%A8%8Awidget%E6%9C%8D%E5%8B%99/" "Mozilla/5.0 (Windows NT 10.0; Win64; x64) AppleWebKit/537.36 (KHTML, like Gecko) Chrome/144.0.0.0 Safari/537.36"
2408:8262:188c:cb5:b4a4:416e:d041:9d18 - - [22/Aug/2026:12:20:23 +0800] "GET /wp-includes/js/mediaelement/wp-mediaelement.min.js HTTP/1.1" 200 1417 "https://www.najh.ilc.edu.tw/2019/10/09/%E8%A1%8C%E6%94%BF%E9%99%A2%E7%92%B0%E5%A2%83%E4%BF%9D%E8%AD%B7%E7%BD%B2%E6%8F%90%E4%BE%9B%E5%8D%B3%E6%99%82%E7%A9%BA%E6%B0%A3%E5%93%81%E8%B3%AA%E8%B3%87%E8%A8%8Awidget%E6%9C%8D%E5%8B%99/" "Mozilla/5.0 (Windows NT 10.0; Win64; x64) AppleWebKit/537.36 (KHTML, like Gecko) Chrome/144.0.0.0 Safari/537.36"
2408:8262:188c:cb5:b4a4:416e:d041:9d18 - - [22/Aug/2026:12:20:23 +0800] "GET /wp-includes/js/mediaelement/mediaelement-and-player.min.js HTTP/1.1" 200 39802 "https://www.najh.ilc.edu.tw/2019/10/09/%E8%A1%8C%E6%94%BF%E9%99%A2%E7%92%B0%E5%A2%83%E4%BF%9D%E8%AD%B7%E7%BD%B2%E6%8F%90%E4%BE%9B%E5%8D%B3%E6%99%82%E7%A9%BA%E6%B0%A3%E5%93%81%E8%B3%AA%E8%B3%87%E8%A8%8Awidget%E6%9C%8D%E5%8B%99/" "Mozilla/5.0 (Windows NT 10.0; Win64; x64) AppleWebKit/537.36 (KHTML, like Gecko) Chrome/144.0.0.0 Safari/537.36"
2408:8262:188c:cb5:b4a4:416e:d041:9d18 - - [22/Aug/2026:12:20:23 +0800] "GET /wp-includes/js/mediaelement/renderers/vimeo.min.js HTTP/1.1" 200 3164 "https://www.najh.ilc.edu.tw/2019/10/09/%E8%A1%8C%E6%94%BF%E9%99%A2%E7%92%B0%E5%A2%83%E4%BF%9D%E8%AD%B7%E7%BD%B2%E6%8F%90%E4%BE%9B%E5%8D%B3%E6%99%82%E7%A9%BA%E6%B0%A3%E5%93%81%E8%B3%AA%E8%B3%87%E8%A8%8Awidget%E6%9C%8D%E5%8B%99/" "Mozilla/5.0 (Windows NT 10.0; Win64; x64) AppleWebKit/537.36 (KHTML, like Gecko) Chrome/144.0.0.0 Safari/537.36"
23.22.59.87 - - [22/Aug/2026:12:20:23 +0800] "GET /wp-content/uploads/sites/1655/2023/08/?C=N;O%3DA HTTP/1.1" 200 1276 "-" "Mozilla/5.0 AppleWebKit/537.36 (KHTML, like Gecko; compatible; Amazonbot/0.1; +https://developer.amazon.com/support/amazonbot) Chrome/119.0.6045.214 Safari/537.36"
::1 - - [22/Aug/2026:12:20:24 +0800] "OPTIONS * HTTP/1.0" 200 110 "-" "Apache/2.4.68 (Ubuntu) OpenSSL/3.0.19 (internal dummy connection)"
34.226.89.140 - - [22/Aug/2026:12:20:23 +0800] "GET /4582/2009/page/5/ HTTP/1.1" 200 15458 "-" "Mozilla/5.0 AppleWebKit/537.36 (KHTML, like Gecko; compatible; Amazonbot/0.1; +https://developer.amazon.com/support/amazonbot) Chrome/119.0.6045.214 Safari/537.36"
140.111.67.10 - - [22/Aug/2026:12:20:24 +0800] "GET /" 301 273 "-" "-"
::1 - - [22/Aug/2026:12:20:25 +0800] "OPTIONS * HTTP/1.0" 200 110 "-" "Apache/2.4.68 (Ubuntu) OpenSSL/3.0.19 (internal dummy connection)"
74.7.242.54 - - [22/Aug/2026:12:20:22 +0800] "GET /26150/?p=7275 HTTP/1.1" 301 982 "https://2blog.ilc.edu.tw/26150/2024/04/15/2-10%e6%ad%b2%e5%ae%b6%e9%95%b7%e6%ad%a3%e5%bf%b5%e8%a6%aa%e8%81%b7%e5%9c%98%e9%ab%94-love-map%e5%8d%b3%e6%97%a5%e8%b5%b7%e9%96%8b%e6%94%be%e5%a0%b1%e5%90%8d%e3%80%82%e6%ad%a1%e8%bf%8e%e6%b0%91/" "Mozilla/5.0 AppleWebKit/537.36 (KHTML, like Gecko; compatible; GPTBot/1.4; +https://openai.com/gptbot)"
::1 - - [22/Aug/2026:12:20:26 +0800] "OPTIONS * HTTP/1.0" 200 110 "-" "Apache/2.4.68 (Ubuntu) OpenSSL/3.0.19 (internal dummy connection)"
2001:288:a202:0:539:281f:d6db:3164 - - [22/Aug/2026:12:20:26 +0800] "-" 408 339 "-" "-"
::1 - - [22/Aug/2026:12:20:27 +0800] "OPTIONS * HTTP/1.0" 200 110 "-" "Apache/2.4.68 (Ubuntu) OpenSSL/3.0.19 (internal dummy connection)"
::1 - - [22/Aug/2026:12:20:28 +0800] "OPTIONS * HTTP/1.0" 200 110 "-" "Apache/2.4.68 (Ubuntu) OpenSSL/3.0.19 (internal dummy connection)"
2001:288:a201::66:125 - - [22/Aug/2026:12:20:28 +0800] "GET /blog/active.php HTTP/1.1" 301 1026 "-" "-"
2001:288:a201::66:125 - - [22/Aug/2026:12:20:28 +0800] "GET /blog/active.php HTTP/1.1" 404 1084 "-" "-"
98.82.66.172 - - [22/Aug/2026:12:20:27 +0800] "GET /32745/wp-json/oembed/1.0/embed?url=https://2blog.ilc.edu.tw/32745/2022/05/28/%25e8%25a7%25a3%25e8%2597%25a5-2/ HTTP/1.1" 200 8431 "-" "Mozilla/5.0 AppleWebKit/537.36 (KHTML, like Gecko; compatible; Amazonbot/0.1; +https://developer.amazon.com/support/amazonbot) Chrome/119.0.6045.214 Safari/537.36"
34.171.68.95 - - [22/Aug/2026:12:20:28 +0800] "GET /6628/2011/09/01/2011-10-26%E5%A4%A7%E5%8D%97%E6%BE%B3%E5%9C%B0%E5%8D%80%E7%89%B9%E6%95%99%E5%AE%A3%E5%B0%8E%E7%A0%94%E7%BF%92%E5%8F%AF%E4%BB%A5%E5%A0%B1%E5%90%8D%E5%9B%89/ HTTP/1.1" 200 13986 "-" "Mozilla/5.0 (Macintosh; Intel Mac OS X 10_15_7) AppleWebKit/537.36 (KHTML, like Gecko) Chrome/120.0.0.0 Safari/537.36"
74.7.242.54 - - [22/Aug/2026:12:20:25 +0800] "GET /26150/?p=5905 HTTP/1.1" 301 981 "https://2blog.ilc.edu.tw/26150/2021/06/23/110%e5%b9%b4%e5%ba%a6%e6%8e%a8%e5%b1%95%e5%ae%b6%e5%ba%ad%e6%95%99%e8%82%b2%e5%b7%a5%e4%bd%9c%e7%b8%be%e5%84%aa%e5%9c%98%e9%ab%94%e5%8f%8a%e5%80%8b%e4%ba%ba%ef%bc%8c%e8%ab%8b%e8%b2%b4%e5%96%ae/" "Mozilla/5.0 AppleWebKit/537.36 (KHTML, like Gecko; compatible; GPTBot/1.4; +https://openai.com/gptbot)"
::1 - - [22/Aug/2026:12:20:29 +0800] "OPTIONS * HTTP/1.0" 200 110 "-" "Apache/2.4.68 (Ubuntu) OpenSSL/3.0.19 (internal dummy connection)"
140.111.67.10 - - [22/Aug/2026:12:20:29 +0800] "GET /" 301 273 "-" "-"
::1 - - [22/Aug/2026:12:20:30 +0800] "OPTIONS * HTTP/1.0" 200 110 "-" "Apache/2.4.68 (Ubuntu) OpenSSL/3.0.19 (internal dummy connection)"
74.7.242.54 - - [22/Aug/2026:12:20:28 +0800] "GET /26150/?p=2919 HTTP/1.1" 301 984 "https://2blog.ilc.edu.tw/26150/2014/01/09/103%e5%b9%b4%e5%ba%a6%e7%ac%ac1%e6%ac%a1-%e5%b9%b8%e7%a6%8f%e5%ae%b6%e5%ba%ad%e7%a9%ba%e4%b8%ad%e8%ac%9b%e5%a0%82-%e7%9c%8b%e8%a6%8b%e8%87%aa%e5%b7%b1%e7%9a%84%e4%b8%8d%e5%ae%b9%e6%98%93%ef%bc%8c/" "Mozilla/5.0 AppleWebKit/537.36 (KHTML, like Gecko; compatible; GPTBot/1.4; +https://openai.com/gptbot)"
125.231.138.206 - - [22/Aug/2026:12:20:30 +0800] "-" 408 339 "-" "-"
::1 - - [22/Aug/2026:12:20:31 +0800] "OPTIONS * HTTP/1.0" 200 110 "-" "Apache/2.4.68 (Ubuntu) OpenSSL/3.0.19 (internal dummy connection)"
107.175.57.110 - - [22/Aug/2026:12:20:30 +0800] "GET /gecko1127/wp-content/uploads/sites/231/2023/04/2-940x1536.jpg HTTP/1.1" 200 225198 "https://2blog.ilc.edu.tw/gecko1127/2023/04/01/153/" "Mozilla/5.0 (Macintosh; Intel Mac OS X 10_15_7) AppleWebKit/537.36 (KHTML, like Gecko) Chrome/131.0.0.0 Safari/537.36"
34.123.149.87 - - [22/Aug/2026:12:20:31 +0800] "GET /4925/2019/09/30/108-%E5%AD%B8%E5%B9%B4%E5%BA%A6%E5%AD%B8%E7%94%9F%E5%AD%B8%E7%BF%92%E8%A9%95%E9%87%8F%E8%A8%88%E7%95%AB/ HTTP/1.1" 200 16715 "-" "Mozilla/5.0 (Macintosh; Intel Mac OS X 10_15_7) AppleWebKit/537.36 (KHTML, like Gecko) Chrome/120.0.0.0 Safari/537.36"
125.231.138.206 - - [22/Aug/2026:12:20:31 +0800] "GET /1003/category/uncategorized/ HTTP/1.1" 200 15020 "https://2blog.ilc.edu.tw/1003/2026/07/30/%e5%b0%8f%e5%a3%81%e8%99%8e%e8%80%81%e5%b8%ab%e7%9a%84%e5%b7%a5%e5%85%b7%e7%ab%99%e3%80%90ai%e5%8d%94%e4%bd%9c%e4%bd%9c%e5%93%81%e3%80%91/" "Mozilla/5.0 (Windows NT 10.0; Win64; x64) AppleWebKit/537.36 (KHTML, like Gecko) Chrome/151.0.0.0 Safari/537.36"
125.231.138.206 - - [22/Aug/2026:12:20:31 +0800] "GET /1003/wp-content/uploads/sites/233/2025/09/sp250919_153203-600x600.png HTTP/1.1" 200 141522 "https://2blog.ilc.edu.tw/1003/category/uncategorized/" "Mozilla/5.0 (Windows NT 10.0; Win64; x64) AppleWebKit/537.36 (KHTML, like Gecko) Chrome/151.0.0.0 Safari/537.36"
::1 - - [22/Aug/2026:12:20:32 +0800] "OPTIONS * HTTP/1.0" 200 110 "-" "Apache/2.4.68 (Ubuntu) OpenSSL/3.0.19 (internal dummy connection)"
159.223.174.71 - - [22/Aug/2026:12:20:32 +0800] "GET /blog/gallery/6391/previews/6391-1829783.jpg.pagespeed.ce.acFydNKO7h.jpg HTTP/1.1" 301 1138 "http://blog.ilc.edu.tw/" "Mozilla/5.0 (Windows NT 10.0; Win64; x64) AppleWebKit/537.36 (KHTML, like Gecko) Chrome/117.0.0.0 Safari/537.36"
68.183.106.44 - - [22/Aug/2026:12:20:32 +0800] "GET /blog/gallery/4024/previews/4024-3439271.jpg HTTP/1.1" 301 1082 "http://blog.ilc.edu.tw/" "Mozilla/5.0 (Windows NT 10.0; Win64; x64) AppleWebKit/537.36 (KHTML, like Gecko) Chrome/108.0.0.0 Safari/537.36"
167.71.29.198 - - [22/Aug/2026:12:20:32 +0800] "GET /blog/gallery/21722/21722-4180614.jpg HTTP/1.1" 301 1068 "http://blog.ilc.edu.tw/" "Mozilla/5.0 (Windows NT 10.0; Win64; x64) AppleWebKit/537.36 (KHTML, like Gecko) Chrome/109.0.0.0 Safari/537.36"
74.7.242.54 - - [22/Aug/2026:12:20:30 +0800] "GET /26150/?p=5952 HTTP/1.1" 301 984 "https://2blog.ilc.edu.tw/26150/2021/07/02/110%e5%b9%b4%e5%ba%a6%e5%b9%b8%e7%a6%8f%e5%ae%b6%e5%ba%ad%e7%a9%ba%e4%b8%ad%e8%ac%9b%e5%a0%82%e7%ac%ac11%e9%9b%86_%e5%ae%b6%e5%ba%ad%e8%88%87%e7%a4%be%e5%8d%80%e7%9a%84%e5%90%88%e4%bd%9c%e8%88%87/" "Mozilla/5.0 AppleWebKit/537.36 (KHTML, like Gecko; compatible; GPTBot/1.4; +https://openai.com/gptbot)"
::1 - - [22/Aug/2026:12:20:33 +0800] "OPTIONS * HTTP/1.0" 200 110 "-" "Apache/2.4.68 (Ubuntu) OpenSSL/3.0.19 (internal dummy connection)"
2001:288:a201::66:125 - - [22/Aug/2026:12:20:33 +0800] "GET /blog/active.php HTTP/1.1" 301 1026 "-" "-"
2001:288:a201::66:125 - - [22/Aug/2026:12:20:33 +0800] "GET /blog/active.php HTTP/1.1" 404 1084 "-" "-"
137.184.192.27 - - [22/Aug/2026:12:20:33 +0800] "GET /blog/gallery/6391/previews/6391-1829783.jpg.pagespeed.ce.acFydNKO7h.jpg HTTP/1.1" 404 25426 "http://blog.ilc.edu.tw/" "Mozilla/5.0 (Windows NT 10.0; Win64; x64) AppleWebKit/537.36 (KHTML, like Gecko) Chrome/117.0.0.0 Safari/537.36"
::1 - - [22/Aug/2026:12:20:34 +0800] "OPTIONS * HTTP/1.0" 200 110 "-" "Apache/2.4.68 (Ubuntu) OpenSSL/3.0.19 (internal dummy connection)"
60.248.142.179 - steps [22/Aug/2026:12:20:34 +0800] "HEAD / HTTP/1.1" 200 5488 "-" "Mozilla/5.0 (compatible; HostMonitor/1.0)"
142.93.246.121 - - [22/Aug/2026:12:20:34 +0800] "GET /blog/gallery/4024/previews/4024-3671111.jpg HTTP/1.1" 404 25426 "http://blog.ilc.edu.tw/" "Mozilla/5.0 (Windows NT 10.0; Win64; x64) AppleWebKit/537.36 (KHTML, like Gecko) Chrome/117.0.0.0 Safari/537.36"
140.111.67.10 - - [22/Aug/2026:12:20:34 +0800] "GET /" 301 273 "-" "-"
74.7.242.54 - - [22/Aug/2026:12:20:33 +0800] "GET /26150/?p=2921 HTTP/1.1" 301 985 "https://2blog.ilc.edu.tw/26150/2014/01/21/103%e5%b9%b4%e5%ba%a6%e7%ac%ac2%e6%ac%a1-%e5%b9%b8%e7%a6%8f%e5%ae%b6%e5%ba%ad-%e7%a9%ba%e4%b8%ad%e8%ac%9b%e5%a0%82-%e8%aa%8d%e8%ad%98%e8%87%aa%e5%b7%b1%ef%bc%8c%e8%88%87%e8%87%aa%e5%b7%b1%e5%92%8c/" "Mozilla/5.0 AppleWebKit/537.36 (KHTML, like Gecko; compatible; GPTBot/1.4; +https://openai.com/gptbot)"
::1 - - [22/Aug/2026:12:20:35 +0800] "OPTIONS * HTTP/1.0" 200 110 "-" "Apache/2.4.68 (Ubuntu) OpenSSL/3.0.19 (internal dummy connection)"
2408:8262:188c:cb5:b4a4:416e:d041:9d18 - - [22/Aug/2026:12:20:35 +0800] "GET /wp-content/uploads/sites/1148/2026/08/cropped-%E6%A0%A1%E5%BE%BD-609x1024-1-32x32.png HTTP/1.1" 200 2560 "https://www.najh.ilc.edu.tw/2019/10/09/%E8%A1%8C%E6%94%BF%E9%99%A2%E7%92%B0%E5%A2%83%E4%BF%9D%E8%AD%B7%E7%BD%B2%E6%8F%90%E4%BE%9B%E5%8D%B3%E6%99%82%E7%A9%BA%E6%B0%A3%E5%93%81%E8%B3%AA%E8%B3%87%E8%A8%8Awidget%E6%9C%8D%E5%8B%99/" "Mozilla/5.0 (Windows NT 10.0; Win64; x64) AppleWebKit/537.36 (KHTML, like Gecko) Chrome/144.0.0.0 Safari/537.36"
::1 - - [22/Aug/2026:12:20:36 +0800] "OPTIONS * HTTP/1.0" 200 110 "-" "Apache/2.4.68 (Ubuntu) OpenSSL/3.0.19 (internal dummy connection)"
100.28.133.214 - - [22/Aug/2026:12:20:35 +0800] "GET /6486/wp-json/oembed/1.0/embed?url=https://2blog.ilc.edu.tw/6486/2010/10/14/%25e6%25b0%25b8%25e7%25ba%258c%25e6%25a0%25a1%25e5%259c%2592%25e5%2585%25a8%25e7%2590%2583%25e8%25b3%2587%25e8%25a8%258a%25e7%25b6%25b2/ HTTP/1.1" 200 8553 "-" "Mozilla/5.0 AppleWebKit/537.36 (KHTML, like Gecko; compatible; Amazonbot/0.1; +https://developer.amazon.com/support/amazonbot) Chrome/119.0.6045.214 Safari/537.36"
218.35.254.237 - - [22/Aug/2026:12:20:36 +0800] "-" 408 339 "-" "-"
18.208.11.93 - - [22/Aug/2026:12:20:32 +0800] "GET /wp-content/uploads/sites/2815/6580/6580-3820105.docx HTTP/1.1" 200 15386852 "-" "Mozilla/5.0 AppleWebKit/537.36 (KHTML, like Gecko; compatible; Amazonbot/0.1; +https://developer.amazon.com/support/amazonbot) Chrome/119.0.6045.214 Safari/537.36"
::1 - - [22/Aug/2026:12:20:37 +0800] "OPTIONS * HTTP/1.0" 200 110 "-" "Apache/2.4.68 (Ubuntu) OpenSSL/3.0.19 (internal dummy connection)"
74.7.242.54 - - [22/Aug/2026:12:20:35 +0800] "GET /26150/?p=9060 HTTP/1.1" 301 969 "https://2blog.ilc.edu.tw/26150/2026/05/29/%e3%80%90%e6%88%91%e5%92%8c%e6%88%91%e7%9a%84%e5%ad%a9%e5%ad%90%e3%80%91%e4%b8%80%e6%9c%ac%e7%b5%a6%e5%ae%b6%e9%95%b7%e7%9a%84%e6%89%8b%e5%86%8a%e9%ab%98%e5%b9%b4%e7%b4%9a%e7%af%87/" "Mozilla/5.0 AppleWebKit/537.36 (KHTML, like Gecko; compatible; GPTBot/1.4; +https://openai.com/gptbot)"
2001:b400:e2af:7bc8:3d94:dfc5:44ab:ca8e - - [22/Aug/2026:12:20:37 +0800] "GET /3589/ HTTP/1.1" 200 18156 "https://i.ilc.edu.tw/" "Mozilla/5.0 (Windows NT 10.0; Win64; x64) AppleWebKit/537.36 (KHTML, like Gecko) Chrome/151.0.0.0 Safari/537.36"
::1 - - [22/Aug/2026:12:20:38 +0800] "OPTIONS * HTTP/1.0" 200 110 "-" "Apache/2.4.68 (Ubuntu) OpenSSL/3.0.19 (internal dummy connection)"
23.229.107.131 - - [22/Aug/2026:12:20:38 +0800] "GET /24/wp-content/uploads/sites/1163/2020/11/%E9%83%A8%E9%A6%96%E5%AD%97%E9%9F%B3%E8%AE%80%E8%A1%A8-1024x557.jpg HTTP/1.1" 200 62349 "https://2blog.ilc.edu.tw/24/category/%E5%AD%B8%E7%BF%92%E8%A1%A8%E7%8F%BE-student-performance/c-2803/page/2/" "Mozilla/5.0 (Macintosh; Intel Mac OS X 10_15_7) AppleWebKit/537.36 (KHTML, like Gecko) Chrome/131.0.0.0 Safari/537.36"
2001:288:a201::66:125 - - [22/Aug/2026:12:20:38 +0800] "GET /blog/active.php HTTP/1.1" 301 1026 "-" "-"
2001:288:a201::66:125 - - [22/Aug/2026:12:20:38 +0800] "GET /blog/active.php HTTP/1.1" 404 1084 "-" "-"
::1 - - [22/Aug/2026:12:20:39 +0800] "OPTIONS * HTTP/1.0" 200 110 "-" "Apache/2.4.68 (Ubuntu) OpenSSL/3.0.19 (internal dummy connection)"
140.111.67.10 - - [22/Aug/2026:12:20:39 +0800] "GET /" 301 273 "-" "-"
74.7.242.54 - - [22/Aug/2026:12:20:37 +0800] "GET /26150/?p=5068 HTTP/1.1" 301 965 "https://2blog.ilc.edu.tw/26150/2020/10/21/%e8%bd%89%e7%9f%a5%e5%9c%8b%e7%ab%8b%e7%be%85%e6%9d%b1%e9%ab%98%e4%b8%ad109%e5%ad%b8%e5%b9%b4%e5%ba%a6%e7%ac%ac25%e6%9c%9f%e5%ae%b6%e9%95%b7%e5%ad%b8%e8%8b%91%e6%b4%bb%e5%8b%95/" "Mozilla/5.0 AppleWebKit/537.36 (KHTML, like Gecko; compatible; GPTBot/1.4; +https://openai.com/gptbot)"
::1 - - [22/Aug/2026:12:20:40 +0800] "OPTIONS * HTTP/1.0" 200 110 "-" "Apache/2.4.68 (Ubuntu) OpenSSL/3.0.19 (internal dummy connection)"
52.205.113.104 - - [22/Aug/2026:12:20:40 +0800] "GET /wp-content/uploads/sites/3766/2022/11/?C=M;O%3DA HTTP/1.1" 200 1114 "-" "Mozilla/5.0 AppleWebKit/537.36 (KHTML, like Gecko; compatible; Amazonbot/0.1; +https://developer.amazon.com/support/amazonbot) Chrome/119.0.6045.214 Safari/537.36"
34.30.223.149 - - [22/Aug/2026:12:20:40 +0800] "GET /6/2007/06/14/%E5%9C%8B%E5%B0%8F%E8%97%9D%E8%A1%93%E8%88%87%E4%BA%BA%E6%96%87%E9%A0%98%E5%9F%9F%E8%BC%94%E5%B0%8E%E5%93%A1%E6%95%99%E5%AD%B8%E8%A7%80%E6%91%A9%EF%BC%88%E7%AC%AC%E4%BA%8C%E5%A0%B4%EF%BC%8C%E7%AC%AC-2/ HTTP/1.1" 200 18061 "-" "Mozilla/5.0 (Macintosh; Intel Mac OS X 10_15_7) AppleWebKit/537.36 (KHTML, like Gecko) Chrome/120.0.0.0 Safari/537.36"
2a13:dcc7:16fd:c5b4:f70a:5f0e:2e67:6098 - - [22/Aug/2026:12:20:40 +0800] "GET /2019/06/11/ HTTP/1.1" 200 15059 "-" "Mozilla/5.0 (Macintosh; Intel Mac OS X 10.15; rv:133.0) Gecko/20100101 Firefox/133.0"
::1 - - [22/Aug/2026:12:20:41 +0800] "OPTIONS * HTTP/1.0" 200 110 "-" "Apache/2.4.68 (Ubuntu) OpenSSL/3.0.19 (internal dummy connection)"
52.70.138.176 - - [22/Aug/2026:12:20:40 +0800] "GET /32745/2022/06/03/%E9%9B%A2%E9%96%8B%E4%BD%A0%E7%9A%84%E5%A4%A2/ HTTP/1.1" 200 91965 "-" "Mozilla/5.0 AppleWebKit/537.36 (KHTML, like Gecko; compatible; Amazonbot/0.1; +https://developer.amazon.com/support/amazonbot) Chrome/119.0.6045.214 Safari/537.36"
34.10.180.98 - - [22/Aug/2026:12:20:41 +0800] "GET /wp-json/wp/v2/posts/163 HTTP/1.1" 200 15230 "-" "Mozilla/5.0 (Macintosh; Intel Mac OS X 10_15_7) AppleWebKit/537.36 (KHTML, like Gecko) Chrome/120.0.0.0 Safari/537.36"
74.7.242.54 - - [22/Aug/2026:12:20:39 +0800] "GET /26150/?p=6169 HTTP/1.1" 301 984 "https://2blog.ilc.edu.tw/26150/2021/08/23/110%e5%b9%b4%e5%b9%b8%e7%a6%8f%e5%ae%b6%e5%ba%ad%e7%a9%ba%e4%b8%ad%e8%ac%9b%e5%a0%82%e7%ac%ac32%e9%9b%86_%e9%9a%94%e4%bb%a3%e6%95%99%e9%a4%8a%e5%b0%8d%e5%85%92%e7%ab%a5%e5%8f%8a%e9%9d%92%e5%b0%91/" "Mozilla/5.0 AppleWebKit/537.36 (KHTML, like Gecko; compatible; GPTBot/1.4; +https://openai.com/gptbot)"
::1 - - [22/Aug/2026:12:20:42 +0800] "OPTIONS * HTTP/1.0" 200 110 "-" "Apache/2.4.68 (Ubuntu) OpenSSL/3.0.19 (internal dummy connection)"
152.44.107.255 - - [22/Aug/2026:12:20:42 +0800] "GET /wp-content/uploads/sites/335/21/previews-med/21-4003000.jpg HTTP/1.1" 200 89210 "https://2blog.ilc.edu.tw/21/2018/01/29/106-11-22-106%E5%AD%B8%E5%B9%B4%E5%BA%A6%E4%B8%8A%E5%AD%B8%E6%9C%9F%E9%84%89%E9%8E%AE%E5%B7%A1%E8%BF%B4%E6%9C%8D%E5%8B%99-%E5%A3%AF%E5%9C%8D%E9%84%89/" "Mozilla/5.0 (Macintosh; Intel Mac OS X 10_15_7) AppleWebKit/537.36 (KHTML, like Gecko) Chrome/131.0.0.0 Safari/537.36"
2a10:4a01:33da:d9d7:d165:95bb:1a04:10f9 - - [22/Aug/2026:12:20:42 +0800] "GET /2011/06/11/%E4%B8%80%E8%B7%AF%E8%B5%B0%E4%BE%86%EF%BC%8C%E4%B8%A6%E4%B8%8D%E5%AF%82%E5%AF%9E%EF%BC%81/ HTTP/1.1" 200 17076 "-" "Mozilla/5.0 (Macintosh; Intel Mac OS X 10_15_7) AppleWebKit/537.36 (KHTML, like Gecko) Chrome/120.0.0.0 Safari/537.36"
::1 - - [22/Aug/2026:12:20:43 +0800] "OPTIONS * HTTP/1.0" 200 110 "-" "Apache/2.4.68 (Ubuntu) OpenSSL/3.0.19 (internal dummy connection)"
2001:288:a201::66:125 - - [22/Aug/2026:12:20:43 +0800] "GET /blog/active.php HTTP/1.1" 301 1026 "-" "-"
2001:288:a201::66:125 - - [22/Aug/2026:12:20:43 +0800] "GET /blog/active.php HTTP/1.1" 404 1084 "-" "-"
35.171.117.160 - - [22/Aug/2026:12:20:43 +0800] "GET /wp-content/uploads/sites/582/2021/05/?C=M;O%3DA HTTP/1.1" 200 1112 "-" "Mozilla/5.0 AppleWebKit/537.36 (KHTML, like Gecko; compatible; Amazonbot/0.1; +https://developer.amazon.com/support/amazonbot) Chrome/119.0.6045.214 Safari/537.36"
::1 - - [22/Aug/2026:12:20:44 +0800] "OPTIONS * HTTP/1.0" 200 110 "-" "Apache/2.4.68 (Ubuntu) OpenSSL/3.0.19 (internal dummy connection)"
140.111.67.10 - - [22/Aug/2026:12:20:44 +0800] "GET /" 301 273 "-" "-"
42.79.184.169 - - [22/Aug/2026:12:20:44 +0800] "GET / HTTP/1.1" 200 29749 "-" "Mozilla/5.0 (iPhone; CPU iPhone OS 18_7 like Mac OS X) AppleWebKit/605.1.15 (KHTML, like Gecko) Version/26.3 Mobile/15E148 Safari/604.1"
34.58.22.12 - - [22/Aug/2026:12:20:41 +0800] "GET /serviceaccount.json HTTP/1.1" 404 60341 "-" "Mozilla/5.0 (iPhone; CPU iPhone OS 26_0 like Mac OS X) AppleWebKit/605.1.15 (KHTML, like Gecko) Version/26.0 Mobile/15E148 Safari/604.1"
34.58.22.12 - - [22/Aug/2026:12:20:41 +0800] "GET /.aws/config HTTP/1.1" 404 60341 "-" "Mozilla/5.0 (iPhone; CPU iPhone OS 26_0 like Mac OS X) AppleWebKit/605.1.15 (KHTML, like Gecko) Version/26.0 Mobile/15E148 Safari/604.1"
34.58.22.12 - - [22/Aug/2026:12:20:41 +0800] "GET /config.yml HTTP/1.1" 404 60341 "-" "Mozilla/5.0 (iPhone; CPU iPhone OS 26_0 like Mac OS X) AppleWebKit/605.1.15 (KHTML, like Gecko) Version/26.0 Mobile/15E148 Safari/604.1"
17.246.15.152 - - [22/Aug/2026:12:20:44 +0800] "GET /blog/booksindex.php?op=linkComment&userId=3500&linkId=19382&parentId=26904 HTTP/1.1" 301 1137 "-" "Mozilla/5.0 (Macintosh; Intel Mac OS X 10_15_7) AppleWebKit/605.1.15 (KHTML, like Gecko) Version/17.4 Safari/605.1.15 (Applebot/0.1; +http://www.apple.com/go/applebot)"
136.119.35.120 - - [22/Aug/2026:12:20:44 +0800] "GET /2024/06/22/%E5%88%A9%E6%BE%A4%E5%9C%8B%E4%B8%AD%E6%A0%A1%E5%8F%B2/ HTTP/1.1" 200 29153 "-" "Mozilla/5.0 (Macintosh; Intel Mac OS X 10_15_7) AppleWebKit/537.36 (KHTML, like Gecko) Chrome/120.0.0.0 Safari/537.36"
2a01:f2c0:c8aa:d209:c6b:fed8:dd29:eefe - - [22/Aug/2026:12:20:44 +0800] "GET /2011/03/30/%E3%80%90%E6%95%99%E8%82%B2%E6%96%B0%E8%81%9E%E3%80%91%E5%B9%BC%E6%95%99%E6%B3%95%E4%B8%89%E8%AE%80%E3%80%80%E5%B9%BC%E7%A8%9A%E5%9C%92%E6%94%B9%E9%9B%99%E5%B0%8E%E5%B8%AB/ HTTP/1.1" 200 17118 "-" "Mozilla/5.0 (Macintosh; Intel Mac OS X 10_15_7) AppleWebKit/537.36 (KHTML, like Gecko) Chrome/133.0.0.0 Safari/537.36"
74.7.242.54 - - [22/Aug/2026:12:20:42 +0800] "GET /26150/?p=3221 HTTP/1.1" 301 919 "https://2blog.ilc.edu.tw/26150/2016/01/13/104%e5%b9%b4%e5%ba%a6%e5%ae%9c%e8%98%ad%e7%b8%a3%e5%ae%b6%e5%ba%ad%e6%95%99%e8%82%b2%e5%8a%87%e5%9c%98-%e8%8c%ab%e4%b8%96%e7%95%8c/" "Mozilla/5.0 AppleWebKit/537.36 (KHTML, like Gecko; compatible; GPTBot/1.4; +https://openai.com/gptbot)"
::1 - - [22/Aug/2026:12:20:45 +0800] "OPTIONS * HTTP/1.0" 200 110 "-" "Apache/2.4.68 (Ubuntu) OpenSSL/3.0.19 (internal dummy connection)"
17.246.19.227 - - [22/Aug/2026:12:20:45 +0800] "GET /blog/booksindex.php?linkId=19382&op=linkComment&parentId=26904&userId=3500 HTTP/1.1" 404 5711 "-" "Mozilla/5.0 (Macintosh; Intel Mac OS X 10_15_7) AppleWebKit/605.1.15 (KHTML, like Gecko) Version/17.4 Safari/605.1.15 (Applebot/0.1; +http://www.apple.com/go/applebot)"
2a13:f41:1c4b:100d:b15d:5af8:a3c2:217b - - [22/Aug/2026:12:20:45 +0800] "GET /2012/02/08/%E3%80%90%E6%96%B0%E8%81%9E%E3%80%91%E5%85%BC%E8%AA%B2%E3%80%81%E4%BB%A3%E8%AA%B2%E8%80%81%E5%B8%AB-%E7%A6%81%E5%85%BC%E5%B7%AE%E8%A3%9C%E6%95%99%E5%AE%B6%E6%95%99/ HTTP/1.1" 200 19279 "-" "Mozilla/5.0 (Macintosh; Intel Mac OS X 10_15_7) AppleWebKit/537.36 (KHTML, like Gecko) Chrome/142.0.0.0 Safari/537.36"
::1 - - [22/Aug/2026:12:20:46 +0800] "OPTIONS * HTTP/1.0" 200 110 "-" "Apache/2.4.68 (Ubuntu) OpenSSL/3.0.19 (internal dummy connection)"
2a03:2880:f802:27:: - - [22/Aug/2026:12:20:44 +0800] "GET /wp-login.php?key=orq2s375&_wpnonce=&action=ilc_logout&redirect_to=https%3A%2F%2Fwww.linegames.org HTTP/1.1" 302 8254 "-" "Mozilla/5.0 (Windows NT 10.0; Win64; x64) AppleWebKit/537.36 (KHTML, like Gecko) Chrome/145.0.0.0 Safari/537.36 (compatible; meta-externalagent/1.1 (+https://developers.facebook.com/docs/sharing/webmasters/crawler))"
::1 - - [22/Aug/2026:12:20:47 +0800] "OPTIONS * HTTP/1.0" 200 110 "-" "Apache/2.4.68 (Ubuntu) OpenSSL/3.0.19 (internal dummy connection)"
125.228.87.62 - - [22/Aug/2026:12:20:47 +0800] "-" 408 4804 "-" "-"
74.7.242.54 - - [22/Aug/2026:12:20:45 +0800] "GET /26150/?p=5044 HTTP/1.1" 301 985 "https://2blog.ilc.edu.tw/26150/2020/09/24/%e3%80%8c%e6%88%80%e6%88%80%e5%86%ac%e5%ad%a3fun%e5%b9%b8%e7%a6%8f%ef%bd%a3%e5%96%ae%e8%ba%ab%e7%94%b7%e5%a5%b3%e5%b7%a5%e4%bd%9c%e5%9d%8a%e5%af%a6%e6%96%bd%e8%a8%88%e7%95%ab%e6%96%bc12%e6%9c%8812/" "Mozilla/5.0 AppleWebKit/537.36 (KHTML, like Gecko; compatible; GPTBot/1.4; +https://openai.com/gptbot)"
::1 - - [22/Aug/2026:12:20:48 +0800] "OPTIONS * HTTP/1.0" 200 110 "-" "Apache/2.4.68 (Ubuntu) OpenSSL/3.0.19 (internal dummy connection)"
2001:288:a201::66:125 - - [22/Aug/2026:12:20:48 +0800] "GET /blog/active.php HTTP/1.1" 301 1026 "-" "-"
2001:288:a201::66:125 - - [22/Aug/2026:12:20:48 +0800] "GET /blog/active.php HTTP/1.1" 404 1084 "-" "-"
34.58.22.12 - - [22/Aug/2026:12:20:45 +0800] "GET /gcp-key.json HTTP/1.1" 404 60341 "-" "Mozilla/5.0 (iPhone; CPU iPhone OS 26_0 like Mac OS X) AppleWebKit/605.1.15 (KHTML, like Gecko) Version/26.0 Mobile/15E148 Safari/604.1"
34.58.22.12 - - [22/Aug/2026:12:20:45 +0800] "GET /.env.prod HTTP/1.1" 404 60341 "-" "Mozilla/5.0 (iPhone; CPU iPhone OS 26_0 like Mac OS X) AppleWebKit/605.1.15 (KHTML, like Gecko) Version/26.0 Mobile/15E148 Safari/604.1"
34.58.22.12 - - [22/Aug/2026:12:20:45 +0800] "GET /id_ed25519 HTTP/1.1" 404 60341 "-" "Mozilla/5.0 (iPhone; CPU iPhone OS 26_0 like Mac OS X) AppleWebKit/605.1.15 (KHTML, like Gecko) Version/26.0 Mobile/15E148 Safari/604.1"
2a11:c42:573:1f3a:cc7c:436:e821:f8e4 - - [22/Aug/2026:12:20:48 +0800] "GET /2011/04/12/%E5%84%AA%E6%B8%A5%E7%9A%84%E8%96%AA%E8%B3%87%E7%B5%90%E6%A7%8B/ HTTP/1.1" 200 16153 "-" "Mozilla/5.0 (Macintosh; Intel Mac OS X 10_15_7) AppleWebKit/605.1.15 (KHTML, like Gecko) Version/15.3 Safari/605.1.15"
184.174.41.106 - - [22/Aug/2026:12:20:48 +0800] "GET /27384/wp-content/uploads/sites/2488/2022/05/S__22757386-720x340.jpg HTTP/1.1" 200 52676 "https://2blog.ilc.edu.tw/27384/2021/03/29/2021%E8%B6%8A%E5%8D%97%E6%9C%8D%E8%A3%9D%E8%A8%AD%E8%A8%88%E8%91%97%E8%89%B2%E6%AF%94%E8%B3%BD/" "Mozilla/5.0 (Macintosh; Intel Mac OS X 10_15_7) AppleWebKit/537.36 (KHTML, like Gecko) Chrome/131.0.0.0 Safari/537.36"
::1 - - [22/Aug/2026:12:20:49 +0800] "OPTIONS * HTTP/1.0" 200 110 "-" "Apache/2.4.68 (Ubuntu) OpenSSL/3.0.19 (internal dummy connection)"
140.111.67.10 - - [22/Aug/2026:12:20:49 +0800] "GET /" 301 273 "-" "-"
2a13:dcc4:d293:5ae:f6cd:f119:594a:fdff - - [22/Aug/2026:12:20:49 +0800] "GET /2011/05/03/%E5%B7%A5%E6%9C%83%E8%88%87%E5%85%AC%E6%B0%91%E5%9C%98%E9%AB%94%E7%9A%84%E7%99%BC%E5%B1%95/ HTTP/1.1" 200 17931 "-" "Mozilla/5.0 (Macintosh; Intel Mac OS X 10_15_7) AppleWebKit/537.36 (KHTML, like Gecko) Chrome/136.0.0.0 Safari/537.36"
::1 - - [22/Aug/2026:12:20:50 +0800] "OPTIONS * HTTP/1.0" 200 110 "-" "Apache/2.4.68 (Ubuntu) OpenSSL/3.0.19 (internal dummy connection)"
2a01:f2c5:339e:163d:a1a6:ff60:b73e:4a98 - - [22/Aug/2026:12:20:50 +0800] "GET /2010/11/24/%E3%80%90%E6%95%99%E8%82%B2%E6%96%87%E7%AB%A0%E3%80%91%E8%AB%87%E9%AB%94%E7%BD%B0%E5%8F%8A%E6%95%99%E5%B8%AB%E7%AE%A1%E6%95%99%E6%AC%8A%E7%9A%84%E8%BD%89%E5%9E%8B/ HTTP/1.1" 200 20102 "-" "Mozilla/5.0 (Macintosh; Intel Mac OS X 10_15_7) AppleWebKit/605.1.15 (KHTML, like Gecko) Version/15.3 Safari/605.1.15"
74.7.242.54 - - [22/Aug/2026:12:20:48 +0800] "GET /26150/?p=9152 HTTP/1.1" 301 904 "https://2blog.ilc.edu.tw/26150/2023/06/05/%e5%b9%b8%e7%a6%8f%e5%ae%b6%e5%ba%ad%e7%a9%ba%e4%b8%ad%e8%ac%9b%e5%a0%82%ef%bc%9a112%e5%b9%b406%e6%9c%8804%e6%97%a5/" "Mozilla/5.0 AppleWebKit/537.36 (KHTML, like Gecko; compatible; GPTBot/1.4; +https://openai.com/gptbot)"
::1 - - [22/Aug/2026:12:20:51 +0800] "OPTIONS * HTTP/1.0" 200 110 "-" "Apache/2.4.68 (Ubuntu) OpenSSL/3.0.19 (internal dummy connection)"
125.231.138.206 - - [22/Aug/2026:12:20:51 +0800] "-" 408 339 "-" "-"
::1 - - [22/Aug/2026:12:20:52 +0800] "OPTIONS * HTTP/1.0" 200 110 "-" "Apache/2.4.68 (Ubuntu) OpenSSL/3.0.19 (internal dummy connection)"
34.58.22.12 - - [22/Aug/2026:12:20:49 +0800] "GET /gcp.json HTTP/1.1" 404 60341 "-" "Mozilla/5.0 (iPhone; CPU iPhone OS 26_0 like Mac OS X) AppleWebKit/605.1.15 (KHTML, like Gecko) Version/26.0 Mobile/15E148 Safari/604.1"
74.7.242.54 - - [22/Aug/2026:12:20:50 +0800] "GET /26150/?p=2996 HTTP/1.1" 301 986 "https://2blog.ilc.edu.tw/26150/2014/06/11/103%e5%b9%b4%e5%ba%a6%e7%ac%ac23%e6%ac%a1-%e5%b9%b8%e7%a6%8f%e5%ae%b6%e5%ba%ad-%e7%a9%ba%e4%b8%ad%e8%ac%9b%e5%a0%82-%e7%88%b6%e6%af%8d%e8%88%87%e5%ad%a9%e5%ad%90%e7%9a%84%e8%a6%aa%e5%af%86%e4%b9%8b/" "Mozilla/5.0 AppleWebKit/537.36 (KHTML, like Gecko; compatible; GPTBot/1.4; +https://openai.com/gptbot)"
34.58.22.12 - - [22/Aug/2026:12:20:50 +0800] "GET /.ssh/id_ed25519 HTTP/1.1" 404 60341 "-" "Mozilla/5.0 (iPhone; CPU iPhone OS 26_0 like Mac OS X) AppleWebKit/605.1.15 (KHTML, like Gecko) Version/26.0 Mobile/15E148 Safari/604.1"
34.58.22.12 - - [22/Aug/2026:12:20:49 +0800] "GET /.env.production HTTP/1.1" 404 60341 "-" "Mozilla/5.0 (iPhone; CPU iPhone OS 26_0 like Mac OS X) AppleWebKit/605.1.15 (KHTML, like Gecko) Version/26.0 Mobile/15E148 Safari/604.1"
::1 - - [22/Aug/2026:12:20:53 +0800] "OPTIONS * HTTP/1.0" 200 110 "-" "Apache/2.4.68 (Ubuntu) OpenSSL/3.0.19 (internal dummy connection)"
2001:288:a201::66:125 - - [22/Aug/2026:12:20:53 +0800] "GET /blog/active.php HTTP/1.1" 301 1026 "-" "-"
2001:288:a201::66:125 - - [22/Aug/2026:12:20:53 +0800] "GET /blog/active.php HTTP/1.1" 404 1084 "-" "-"
40.77.167.116 - - [22/Aug/2026:12:20:53 +0800] "GET /1003/?s=%E9%81%8A%E6%88%B2%E7%AD%86%E9%9B%BB HTTP/1.1" 200 13774 "-" "Mozilla/5.0 AppleWebKit/537.36 (KHTML, like Gecko; compatible; bingbot/2.0; +http://www.bing.com/bingbot.htm) Chrome/116.0.1938.76 Safari/537.36"
::1 - - [22/Aug/2026:12:20:54 +0800] "OPTIONS * HTTP/1.0" 200 110 "-" "Apache/2.4.68 (Ubuntu) OpenSSL/3.0.19 (internal dummy connection)"
140.111.67.10 - - [22/Aug/2026:12:20:54 +0800] "GET /" 301 273 "-" "-"
34.58.22.12 - - [22/Aug/2026:12:20:51 +0800] "GET /config.js HTTP/1.1" 404 60341 "-" "Mozilla/5.0 (iPhone; CPU iPhone OS 26_0 like Mac OS X) AppleWebKit/605.1.15 (KHTML, like Gecko) Version/26.0 Mobile/15E148 Safari/604.1"
74.7.242.54 - - [22/Aug/2026:12:20:52 +0800] "GET /26150/?p=8815 HTTP/1.1" 301 982 "https://2blog.ilc.edu.tw/26150/2026/01/26/%e8%bd%89%e7%9f%a5%e5%9c%8b%e7%ab%8b%e6%95%99%e8%82%b2%e5%bb%a3%e6%92%ad%e9%9b%bb%e8%87%bachannel%e7%b6%b2%e7%ab%99%e6%a5%ad%e6%96%bc115%e5%b9%b41%e6%9c%8815%e6%97%a5%e6%94%b9%e7%89%88%e4%b8%8a/" "Mozilla/5.0 AppleWebKit/537.36 (KHTML, like Gecko; compatible; GPTBot/1.4; +https://openai.com/gptbot)"
::1 - - [22/Aug/2026:12:20:55 +0800] "OPTIONS * HTTP/1.0" 200 110 "-" "Apache/2.4.68 (Ubuntu) OpenSSL/3.0.19 (internal dummy connection)"
140.111.67.195 - - [22/Aug/2026:12:20:54 +0800] "GET /wp-admin/admin-post.php?action=steps_ad HTTP/1.1" 200 6425 "-" "node-fetch/1.0 (+https://github.com/bitinn/node-fetch)"
23.27.60.192 - - [22/Aug/2026:12:20:55 +0800] "GET /englishvillage/wp-content/uploads/sites/3106/2024/05/S__122167326_0-768x576.jpg HTTP/1.1" 200 93216 "https://2blog.ilc.edu.tw/englishvillage/2024/05/31/20240524%E3%80%90%E8%82%B2%E6%89%8D-%E3%80%91%E5%9C%8B%E5%B0%8F%E9%80%B2%E6%9D%91%E4%BA%86%EF%BC%81/" "Mozilla/5.0 (Macintosh; Intel Mac OS X 10_15_7) AppleWebKit/537.36 (KHTML, like Gecko) Chrome/131.0.0.0 Safari/537.36"
::1 - - [22/Aug/2026:12:20:56 +0800] "OPTIONS * HTTP/1.0" 200 110 "-" "Apache/2.4.68 (Ubuntu) OpenSSL/3.0.19 (internal dummy connection)"
140.111.67.195 - - [22/Aug/2026:12:20:56 +0800] "GET /wp-admin/admin-post.php?action=steps_ad HTTP/1.1" 200 1649 "-" "node-fetch/1.0 (+https://github.com/bitinn/node-fetch)"
34.58.22.12 - - [22/Aug/2026:12:20:53 +0800] "GET /.git-credentials HTTP/1.1" 404 60341 "-" "Mozilla/5.0 (iPhone; CPU iPhone OS 26_0 like Mac OS X) AppleWebKit/605.1.15 (KHTML, like Gecko) Version/26.0 Mobile/15E148 Safari/604.1"
34.58.22.12 - - [22/Aug/2026:12:20:53 +0800] "GET /id_ecdsa HTTP/1.1" 404 60341 "-" "Mozilla/5.0 (iPhone; CPU iPhone OS 26_0 like Mac OS X) AppleWebKit/605.1.15 (KHTML, like Gecko) Version/26.0 Mobile/15E148 Safari/604.1"
34.58.22.12 - - [22/Aug/2026:12:20:53 +0800] "GET /.env.dev HTTP/1.1" 404 60341 "-" "Mozilla/5.0 (iPhone; CPU iPhone OS 26_0 like Mac OS X) AppleWebKit/605.1.15 (KHTML, like Gecko) Version/26.0 Mobile/15E148 Safari/604.1"
2a11:c40:d728:fbb9:977a:af55:2448:47d3 - - [22/Aug/2026:12:20:56 +0800] "GET /2010/05/12/ HTTP/1.1" 200 15645 "-" "Mozilla/5.0 (Macintosh; Intel Mac OS X 10_15_7) AppleWebKit/537.36 (KHTML, like Gecko) Chrome/123.0.0.0 Safari/537.36"
::1 - - [22/Aug/2026:12:20:57 +0800] "OPTIONS * HTTP/1.0" 200 110 "-" "Apache/2.4.68 (Ubuntu) OpenSSL/3.0.19 (internal dummy connection)"
2a05:45c2:73be:7e00:d0fd:ab5c:190a:84d5 - - [22/Aug/2026:12:20:57 +0800] "GET /2014/08/30/ HTTP/1.1" 200 15090 "-" "Mozilla/5.0 (Windows NT 10.0; Win64; x64) AppleWebKit/537.36 (KHTML, like Gecko) Chrome/101.0.4951.67 Safari/537.36"
34.58.22.12 - - [22/Aug/2026:12:20:54 +0800] "GET /.env.backup HTTP/1.1" 404 60341 "-" "Mozilla/5.0 (iPhone; CPU iPhone OS 26_0 like Mac OS X) AppleWebKit/605.1.15 (KHTML, like Gecko) Version/26.0 Mobile/15E148 Safari/604.1"
34.58.22.12 - - [22/Aug/2026:12:20:54 +0800] "GET /home/.aws/credentials HTTP/1.1" 404 60341 "-" "Mozilla/5.0 (iPhone; CPU iPhone OS 26_0 like Mac OS X) AppleWebKit/605.1.15 (KHTML, like Gecko) Version/26.0 Mobile/15E148 Safari/604.1"
74.7.242.54 - - [22/Aug/2026:12:20:55 +0800] "GET /26150/?p=5120 HTTP/1.1" 301 1113 "https://2blog.ilc.edu.tw/26150/2020/12/09/109%e5%b9%b4%e5%ba%a6%e5%b9%b8%e7%a6%8f%e5%ae%b6%e5%ba%ad%e7%a9%ba%e4%b8%ad%e8%ac%9b%e5%a0%82%e7%ac%ac39%e9%9b%86_%e5%a4%b1%e6%99%ba%e7%97%87%e5%ae%b6%e5%ba%ad%e6%83%85%e7%b7%92%e6%95%99%e8%82%b2/" "Mozilla/5.0 AppleWebKit/537.36 (KHTML, like Gecko; compatible; GPTBot/1.4; +https://openai.com/gptbot)"
2001:b400:e2af:7bc8:3d94:dfc5:44ab:ca8e - - [22/Aug/2026:12:20:57 +0800] "-" 408 4794 "-" "-"
52.167.144.234 - - [22/Aug/2026:12:20:57 +0800] "GET /?s=%E9%BA%A5%E7%95%B6%E5%8B%9E%E7%A8%8B%E5%BC%8F HTTP/1.1" 200 20476 "-" "Mozilla/5.0 AppleWebKit/537.36 (KHTML, like Gecko; compatible; bingbot/2.0; +http://www.bing.com/bingbot.htm) Chrome/116.0.1938.76 Safari/537.36"
2001:288:a201::66:125 - - [22/Aug/2026:12:20:58 +0800] "GET /blog/active.php HTTP/1.1" 301 1026 "-" "-"
2001:288:a201::66:125 - - [22/Aug/2026:12:20:58 +0800] "GET /blog/active.php HTTP/1.1" 404 1084 "-" "-"
73.118.47.35 - - [22/Aug/2026:12:20:58 +0800] "GET /2010/09/02/%e3%80%90%e9%96%8b%e6%9c%83%e9%80%9a%e7%9f%a5%e3%80%91990915%e4%b8%89%e7%ac%ac7%e5%b1%86%e7%ac%ac14%e6%ac%a1%e5%b8%b8%e7%90%86%e6%9c%83%e8%ad%b0/ HTTP/1.1" 200 55455 "-" "Mozilla/5.0 (Macintosh; Intel Mac OS X 10_15_7) AppleWebKit/537.36 (KHTML, like Gecko) Chrome/148.0.0.0 Safari/537.36"
2a03:2880:f802:22:: - - [22/Aug/2026:12:20:56 +0800] "GET /wp-login.php?key=7dsj3378&_wpnonce=&action=ilc_logout&redirect_to=https%3A%2F%2Fgame.edu.kg HTTP/1.1" 302 8248 "-" "Mozilla/5.0 (Macintosh; Intel Mac OS X 10_15_7) AppleWebKit/537.36 (KHTML, like Gecko) Chrome/145.0.0.0 Safari/537.36 (compatible; meta-externalagent/1.1 (+https://developers.facebook.com/docs/sharing/webmasters/crawler))"
198.89.122.6 - - [22/Aug/2026:12:20:58 +0800] "GET /englishvillage/wp-content/uploads/sites/3106/2024/05/S__122167361_0-768x576.jpg HTTP/1.1" 200 82984 "https://2blog.ilc.edu.tw/englishvillage/2024/05/31/20240524%E3%80%90%E8%82%B2%E6%89%8D-%E3%80%91%E5%9C%8B%E5%B0%8F%E9%80%B2%E6%9D%91%E4%BA%86%EF%BC%81/" "Mozilla/5.0 (Macintosh; Intel Mac OS X 10_15_7) AppleWebKit/537.36 (KHTML, like Gecko) Chrome/131.0.0.0 Safari/537.36"
198.89.122.6 - - [22/Aug/2026:12:20:58 +0800] "GET /englishvillage/wp-content/uploads/sites/3106/2024/05/S__122167358_0-1024x768.jpg HTTP/1.1" 200 106295 "https://2blog.ilc.edu.tw/englishvillage/2024/05/31/20240524%E3%80%90%E8%82%B2%E6%89%8D-%E3%80%91%E5%9C%8B%E5%B0%8F%E9%80%B2%E6%9D%91%E4%BA%86%EF%BC%81/" "Mozilla/5.0 (Macintosh; Intel Mac OS X 10_15_7) AppleWebKit/537.36 (KHTML, like Gecko) Chrome/131.0.0.0 Safari/537.36"
198.89.122.6 - - [22/Aug/2026:12:20:58 +0800] "GET /englishvillage/wp-content/uploads/sites/3106/2024/05/S__122167349_0.jpg HTTP/1.1" 200 381986 "https://2blog.ilc.edu.tw/englishvillage/2024/05/31/20240524%E3%80%90%E8%82%B2%E6%89%8D-%E3%80%91%E5%9C%8B%E5%B0%8F%E9%80%B2%E6%9D%91%E4%BA%86%EF%BC%81/" "Mozilla/5.0 (Macintosh; Intel Mac OS X 10_15_7) AppleWebKit/537.36 (KHTML, like Gecko) Chrome/131.0.0.0 Safari/537.36"
140.111.67.10 - - [22/Aug/2026:12:20:59 +0800] "GET /" 301 273 "-" "-"
74.7.242.54 - - [22/Aug/2026:12:20:57 +0800] "GET /26150/?p=3215 HTTP/1.1" 301 975 "https://2blog.ilc.edu.tw/26150/2015/12/22/104%e5%b9%b4%e5%ba%a6%e7%ac%ac51%e6%ac%a1%e5%b9%b8%e7%a6%8f%e5%ae%b6%e5%ba%ad%e7%a9%ba%e4%b8%ad%e8%ac%9b%e5%a0%82-%e7%94%a8%e5%bf%83%e9%99%aa%e4%bc%b4%e7%b6%ad%e8%ad%b7%e5%81%a5%e5%ba%b7/" "Mozilla/5.0 AppleWebKit/537.36 (KHTML, like Gecko; compatible; GPTBot/1.4; +https://openai.com/gptbot)"
34.58.22.12 - - [22/Aug/2026:12:20:57 +0800] "GET /.env.staging HTTP/1.1" 404 60341 "-" "Mozilla/5.0 (iPhone; CPU iPhone OS 26_0 like Mac OS X) AppleWebKit/605.1.15 (KHTML, like Gecko) Version/26.0 Mobile/15E148 Safari/604.1"
34.58.22.12 - - [22/Aug/2026:12:20:57 +0800] "GET /.ssh/id_ecdsa HTTP/1.1" 404 60341 "-" "Mozilla/5.0 (iPhone; CPU iPhone OS 26_0 like Mac OS X) AppleWebKit/605.1.15 (KHTML, like Gecko) Version/26.0 Mobile/15E148 Safari/604.1"
34.58.22.12 - - [22/Aug/2026:12:20:58 +0800] "GET /root/.aws/credentials HTTP/1.1" 404 60341 "-" "Mozilla/5.0 (iPhone; CPU iPhone OS 26_0 like Mac OS X) AppleWebKit/605.1.15 (KHTML, like Gecko) Version/26.0 Mobile/15E148 Safari/604.1"
3.224.205.25 - - [22/Aug/2026:12:21:00 +0800] "GET /wp-content/uploads/sites/3255/2023/04/?C=M;O%3DA HTTP/1.1" 200 1112 "-" "Mozilla/5.0 AppleWebKit/537.36 (KHTML, like Gecko; compatible; Amazonbot/0.1; +https://developer.amazon.com/support/amazonbot) Chrome/119.0.6045.214 Safari/537.36"
::1 - - [22/Aug/2026:12:21:01 +0800] "OPTIONS * HTTP/1.0" 200 110 "-" "Apache/2.4.68 (Ubuntu) OpenSSL/3.0.19 (internal dummy connection)"
74.7.242.54 - - [22/Aug/2026:12:21:00 +0800] "GET /26150/?p=7006 HTTP/1.1" 301 982 "https://2blog.ilc.edu.tw/26150/2023/05/25/%e5%87%bd%e8%bd%89%e5%ae%9c%e8%98%ad%e7%b8%a3%e7%a4%81%e6%ba%aa%e9%84%89%e5%85%ac%e6%89%80%e3%80%8c2023%e7%a4%81%e6%ba%aa%e8%a9%9e%e6%9b%b2%e5%89%b5%e4%bd%9c%e5%be%b5%e9%81%b8%e6%b4%bb%e5%8b%95/" "Mozilla/5.0 AppleWebKit/537.36 (KHTML, like Gecko; compatible; GPTBot/1.4; +https://openai.com/gptbot)"
34.58.22.12 - - [22/Aug/2026:12:20:59 +0800] "GET /settings.json HTTP/1.1" 404 60341 "-" "Mozilla/5.0 (iPhone; CPU iPhone OS 26_0 like Mac OS X) AppleWebKit/605.1.15 (KHTML, like Gecko) Version/26.0 Mobile/15E148 Safari/604.1"
23.229.101.229 - - [22/Aug/2026:12:21:03 +0800] "GET /englishvillage/wp-content/uploads/sites/3106/2024/05/S__122167336_0-300x225.jpg HTTP/1.1" 200 24258 "https://2blog.ilc.edu.tw/englishvillage/2024/05/31/20240524%E3%80%90%E8%82%B2%E6%89%8D-%E3%80%91%E5%9C%8B%E5%B0%8F%E9%80%B2%E6%9D%91%E4%BA%86%EF%BC%81/" "Mozilla/5.0 (Macintosh; Intel Mac OS X 10_15_7) AppleWebKit/537.36 (KHTML, like Gecko) Chrome/131.0.0.0 Safari/537.36"
23.229.101.229 - - [22/Aug/2026:12:21:03 +0800] "GET /englishvillage/wp-content/uploads/sites/3106/2024/05/S__16244774_0-300x225.jpg HTTP/1.1" 200 33091 "https://2blog.ilc.edu.tw/englishvillage/2024/05/31/20240524%E3%80%90%E8%82%B2%E6%89%8D-%E3%80%91%E5%9C%8B%E5%B0%8F%E9%80%B2%E6%9D%91%E4%BA%86%EF%BC%81/" "Mozilla/5.0 (Macintosh; Intel Mac OS X 10_15_7) AppleWebKit/537.36 (KHTML, like Gecko) Chrome/131.0.0.0 Safari/537.36"
2001:288:a201::66:125 - - [22/Aug/2026:12:21:03 +0800] "GET /blog/active.php HTTP/1.1" 301 1026 "-" "-"
2001:288:a201::66:125 - - [22/Aug/2026:12:21:03 +0800] "GET /blog/active.php HTTP/1.1" 404 1084 "-" "-"
