74.7.242.54 - - [22/Aug/2026:12:24:31 +0800] "GET /26150/?p=3610 HTTP/1.1" 301 984 "https://2blog.ilc.edu.tw/26150/2018/10/29/107%e5%b9%b4%e5%ba%a6%e7%ac%ac42%e6%ac%a1%e5%b9%b8%e7%a6%8f%e5%ae%b6%e5%ba%ad%e7%a9%ba%e4%b8%ad%e8%ac%9b%e5%a0%82-%e5%a4%b1%e6%99%ba%e9%95%b7%e8%80%85%e7%9a%84%e5%ae%b6%e5%ba%ad%e8%a6%aa%e5%af%86/" "Mozilla/5.0 AppleWebKit/537.36 (KHTML, like Gecko; compatible; GPTBot/1.4; +https://openai.com/gptbot)"
185.216.104.41 - - [22/Aug/2026:12:24:32 +0800] "GET /wp-content/uploads/sites/890/2021/08/%E5%93%A1%E5%B7%A5%E6%97%85%E9%81%8A-1536x1052.jpg HTTP/1.1" 200 178769 "https://www.yeses.ilc.edu.tw/2021/08/27/%E6%A0%A1%E5%8F%B2%E6%8E%83%E6%8F%8F%E5%BD%A9%E8%89%B2/" "Mozilla/5.0 (Macintosh; Intel Mac OS X 10_15_7) AppleWebKit/537.36 (KHTML, like Gecko) Chrome/131.0.0.0 Safari/537.36"
2001:288:a201::66:125 - - [22/Aug/2026:12:24:33 +0800] "GET /blog/active.php HTTP/1.1" 301 1026 "-" "-"
2001:288:a201::66:125 - - [22/Aug/2026:12:24:33 +0800] "GET /blog/active.php HTTP/1.1" 404 1084 "-" "-"
184.174.42.110 - - [22/Aug/2026:12:24:33 +0800] "GET /wp-content/uploads/sites/890/2021/08/%E6%A0%A1%E9%96%80%E5%8F%A3%E6%AD%A1%E9%80%81-768x526.jpg HTTP/1.1" 200 77635 "https://www.yeses.ilc.edu.tw/2021/08/27/%E6%A0%A1%E5%8F%B2%E6%8E%83%E6%8F%8F%E5%BD%A9%E8%89%B2/" "Mozilla/5.0 (Macintosh; Intel Mac OS X 10_15_7) AppleWebKit/537.36 (KHTML, like Gecko) Chrome/131.0.0.0 Safari/537.36"
::1 - - [22/Aug/2026:12:24:33 +0800] "OPTIONS * HTTP/1.0" 200 110 "-" "Apache/2.4.68 (Ubuntu) OpenSSL/3.0.19 (internal dummy connection)"
40.77.167.73 - - [22/Aug/2026:12:24:33 +0800] "GET /?s=%E6%95%99%E8%82%B2%E9%83%A8%E6%A0%A1%E5%AE%89%EF%BC%88%E5%8C%85%E6%8B%AC%E5%AD%B8%E5%8B%99%E5%89%B5%E6%96%B0%EF%BC%89%E5%84%B2%E5%82%99%E4%BA%BA%E5%93%A1%E5%9F%B9%E8%A8%93%E5%90%88%E6%A0%BC%E8%AD%89%E6%9B%B8 HTTP/1.1" 200 20622 "-" "Mozilla/5.0 AppleWebKit/537.36 (KHTML, like Gecko; compatible; bingbot/2.0; +http://www.bing.com/bingbot.htm) Chrome/116.0.1938.76 Safari/537.36"
140.111.67.10 - - [22/Aug/2026:12:24:34 +0800] "GET /" 301 273 "-" "-"
40.77.167.73 - - [22/Aug/2026:12:24:34 +0800] "GET /?s=czcji+ICP HTTP/1.1" 200 15545 "-" "Mozilla/5.0 AppleWebKit/537.36 (KHTML, like Gecko; compatible; bingbot/2.0; +http://www.bing.com/bingbot.htm) Chrome/116.0.1938.76 Safari/537.36"
::1 - - [22/Aug/2026:12:24:34 +0800] "OPTIONS * HTTP/1.0" 200 110 "-" "Apache/2.4.68 (Ubuntu) OpenSSL/3.0.19 (internal dummy connection)"
74.7.242.54 - - [22/Aug/2026:12:24:33 +0800] "GET /26150/?p=5114 HTTP/1.1" 301 984 "https://2blog.ilc.edu.tw/26150/2020/12/09/109%e5%b9%b4%e5%ba%a6%e5%b9%b8%e7%a6%8f%e5%ae%b6%e5%ba%ad%e7%a9%ba%e4%b8%ad%e8%ac%9b%e5%a0%82%e7%ac%ac36%e9%9b%86_%e4%b8%96%e4%bb%a3%e5%b7%ae%e7%95%b0%ef%bc%8d%e6%95%99%e9%a4%8a%e8%88%87%e6%ba%9d/" "Mozilla/5.0 AppleWebKit/537.36 (KHTML, like Gecko; compatible; GPTBot/1.4; +https://openai.com/gptbot)"
157.230.229.251 - - [22/Aug/2026:12:24:34 +0800] "GET /blog/gallery/4024/previews/4024-3788131.jpg HTTP/1.1" 301 1082 "http://blog.ilc.edu.tw/" "Mozilla/5.0 (Windows NT 10.0; Win64; x64) AppleWebKit/537.36 (KHTML, like Gecko) Chrome/117.0.0.0 Safari/537.36"
::1 - - [22/Aug/2026:12:24:35 +0800] "OPTIONS * HTTP/1.0" 200 110 "-" "Apache/2.4.68 (Ubuntu) OpenSSL/3.0.19 (internal dummy connection)"
143.198.190.30 - - [22/Aug/2026:12:24:36 +0800] "GET /blog/gallery/4024/previews/4024-3902141.jpg HTTP/1.1" 404 25426 "http://blog.ilc.edu.tw/" "Mozilla/5.0 (Windows NT 10.0; Win64; x64) AppleWebKit/537.36 (KHTML, like Gecko) Chrome/117.0.0.0 Safari/537.36"
::1 - - [22/Aug/2026:12:24:36 +0800] "OPTIONS * HTTP/1.0" 200 110 "-" "Apache/2.4.68 (Ubuntu) OpenSSL/3.0.19 (internal dummy connection)"
74.7.242.54 - - [22/Aug/2026:12:24:35 +0800] "GET /26150/?p=4246 HTTP/1.1" 301 894 "https://2blog.ilc.edu.tw/26150/2020/03/24/%e6%9c%ac%e4%b8%ad%e5%bf%83109%e5%b9%b4%e5%ba%a64-6%e6%9c%88%e6%b4%bb%e5%8b%95%e4%b8%80%e8%a6%bd%e8%a1%a8/" "Mozilla/5.0 AppleWebKit/537.36 (KHTML, like Gecko; compatible; GPTBot/1.4; +https://openai.com/gptbot)"
52.6.5.24 - - [22/Aug/2026:12:24:36 +0800] "GET /kkes301/wp-content/uploads/sites/2888/2025/05/20250423_102619-1024x768.jpg HTTP/1.1" 200 134739 "-" "Mozilla/5.0 AppleWebKit/537.36 (KHTML, like Gecko; compatible; Amazonbot/0.1; +https://developer.amazon.com/support/amazonbot) Chrome/119.0.6045.214 Safari/537.36"
::1 - - [22/Aug/2026:12:24:37 +0800] "OPTIONS * HTTP/1.0" 200 110 "-" "Apache/2.4.68 (Ubuntu) OpenSSL/3.0.19 (internal dummy connection)"
2001:288:a201::66:125 - - [22/Aug/2026:12:24:38 +0800] "GET /blog/active.php HTTP/1.1" 301 1026 "-" "-"
2001:288:a201::66:125 - - [22/Aug/2026:12:24:38 +0800] "GET /blog/active.php HTTP/1.1" 404 1084 "-" "-"
34.10.180.98 - - [22/Aug/2026:12:24:38 +0800] "GET /6421/2013/09/09/%E8%BD%89%E7%9F%A5%E8%A1%8C%E6%94%BF%E9%99%A2%E6%B6%88%E8%B2%BB%E8%80%85%E4%BF%9D%E8%AD%B7%E8%99%95%E5%85%AC%E4%BD%88%E6%8E%A1%E6%A8%A3%E9%80%81%E9%A9%9721%E4%BB%B6%E4%BA%8B%E5%94%AE%E9%9B%A8%E8%A1%A3/ HTTP/1.1" 200 16300 "-" "Mozilla/5.0 (Macintosh; Intel Mac OS X 10_15_7) AppleWebKit/537.36 (KHTML, like Gecko) Chrome/120.0.0.0 Safari/537.36"
::1 - - [22/Aug/2026:12:24:38 +0800] "OPTIONS * HTTP/1.0" 200 110 "-" "Apache/2.4.68 (Ubuntu) OpenSSL/3.0.19 (internal dummy connection)"
74.7.242.54 - - [22/Aug/2026:12:24:37 +0800] "GET /26150/?p=9622 HTTP/1.1" 301 1110 "https://2blog.ilc.edu.tw/26150/?attachment_id=9622" "Mozilla/5.0 AppleWebKit/537.36 (KHTML, like Gecko; compatible; GPTBot/1.4; +https://openai.com/gptbot)"
140.111.67.10 - - [22/Aug/2026:12:24:39 +0800] "GET /" 301 273 "-" "-"
184.73.167.217 - - [22/Aug/2026:12:24:39 +0800] "GET /6043/wp-json/wp/v2/%22https:/2blog.ilc.edu.tw/wp-content/uploads/sites/207/6043/6043-1674873.jpg/%22 HTTP/1.1" 404 6131 "-" "Mozilla/5.0 AppleWebKit/537.36 (KHTML, like Gecko; compatible; Amazonbot/0.1; +https://developer.amazon.com/support/amazonbot) Chrome/119.0.6045.214 Safari/537.36"
::1 - - [22/Aug/2026:12:24:39 +0800] "OPTIONS * HTTP/1.0" 200 110 "-" "Apache/2.4.68 (Ubuntu) OpenSSL/3.0.19 (internal dummy connection)"
44.221.180.179 - - [22/Aug/2026:12:24:39 +0800] "GET /wp-content/uploads/sites/847/6483/6483-2461602.gif HTTP/1.1" 200 4014 "-" "Mozilla/5.0 AppleWebKit/537.36 (KHTML, like Gecko; compatible; Amazonbot/0.1; +https://developer.amazon.com/support/amazonbot) Chrome/119.0.6045.214 Safari/537.36"
::1 - - [22/Aug/2026:12:24:40 +0800] "OPTIONS * HTTP/1.0" 200 110 "-" "Apache/2.4.68 (Ubuntu) OpenSSL/3.0.19 (internal dummy connection)"
192.178.8.137 - - [22/Aug/2026:12:24:40 +0800] "GET /wp-content/uploads/sites/252/5322/5322-2957864.jpg HTTP/1.1" 200 33865 "-" "Mozilla/5.0 (Windows NT 5.1; rv:11.0) Gecko Firefox/11.0 (via ggpht.com GoogleImageProxy)"
74.7.242.54 - - [22/Aug/2026:12:24:39 +0800] "GET /26150/?p=3003 HTTP/1.1" 301 987 "https://2blog.ilc.edu.tw/26150/2014/06/27/%e5%87%bd%e8%bd%89%e5%8b%9e%e5%8b%95%e9%83%a8%e8%88%87%e4%b8%ad%e5%a4%ae%e8%88%87%e5%9c%b0%e6%96%b9%e6%94%bf%e5%ba%9c%e5%90%88%e4%bd%9c%e6%8e%a8%e5%8b%95%e3%80%8c%e4%bf%83%e9%80%b2%e9%9d%92%e5%b9%b4/" "Mozilla/5.0 AppleWebKit/537.36 (KHTML, like Gecko; compatible; GPTBot/1.4; +https://openai.com/gptbot)"
::1 - - [22/Aug/2026:12:24:41 +0800] "OPTIONS * HTTP/1.0" 200 110 "-" "Apache/2.4.68 (Ubuntu) OpenSSL/3.0.19 (internal dummy connection)"
34.171.68.95 - - [22/Aug/2026:12:24:41 +0800] "GET /26148/2025/05/07/114%E5%AD%B8%E5%B9%B4%E5%BA%A6%E5%AE%9C%E8%98%AD%E7%B8%A3%E5%AD%B8%E6%A0%A1%E9%99%84%E8%A8%AD%E5%B9%BC%E5%85%92%E5%9C%92%E3%80%81%E9%9D%9E%E7%87%9F%E5%88%A9%E5%B9%BC%E5%85%92%E5%9C%92%E5%8F%8A/ HTTP/1.1" 200 16609 "-" "Mozilla/5.0 (Macintosh; Intel Mac OS X 10_15_7) AppleWebKit/537.36 (KHTML, like Gecko) Chrome/120.0.0.0 Safari/537.36"
40.77.167.123 - - [22/Aug/2026:12:24:42 +0800] "GET /?s=%E7%8E%84%E5%A4%A9%E5%AD%B8%E9%99%A2 HTTP/1.1" 200 20462 "-" "Mozilla/5.0 AppleWebKit/537.36 (KHTML, like Gecko; compatible; bingbot/2.0; +http://www.bing.com/bingbot.htm) Chrome/116.0.1938.76 Safari/537.36"
::1 - - [22/Aug/2026:12:24:42 +0800] "OPTIONS * HTTP/1.0" 200 110 "-" "Apache/2.4.68 (Ubuntu) OpenSSL/3.0.19 (internal dummy connection)"
74.7.242.54 - - [22/Aug/2026:12:24:41 +0800] "GET /26150/?p=4216 HTTP/1.1" 301 984 "https://2blog.ilc.edu.tw/26150/2020/02/27/109%e5%b9%b4%e5%ba%a6%e5%b9%b8%e7%a6%8f%e5%ae%b6%e5%ba%ad%e7%a9%ba%e4%b8%ad%e8%ac%9b%e5%a0%82%e7%ac%ac8%e9%9b%86_%e8%b7%9f%e8%96%a9%e6%8f%90%e7%88%be%e5%ad%b8%e6%ba%9d%e9%80%9a-%e6%88%b4%e4%bd%91/" "Mozilla/5.0 AppleWebKit/537.36 (KHTML, like Gecko; compatible; GPTBot/1.4; +https://openai.com/gptbot)"
2001:288:a201::66:125 - - [22/Aug/2026:12:24:43 +0800] "GET /blog/active.php HTTP/1.1" 301 1026 "-" "-"
2001:288:a201::66:125 - - [22/Aug/2026:12:24:43 +0800] "GET /blog/active.php HTTP/1.1" 404 1084 "-" "-"
52.200.58.199 - - [22/Aug/2026:12:24:43 +0800] "GET /6043/wp-json/wp/v2/%22https:/2blog.ilc.edu.tw/wp-content/uploads/sites/207/6043/6043-1674845.jpg/%22 HTTP/1.1" 404 6131 "-" "Mozilla/5.0 AppleWebKit/537.36 (KHTML, like Gecko; compatible; Amazonbot/0.1; +https://developer.amazon.com/support/amazonbot) Chrome/119.0.6045.214 Safari/537.36"
::1 - - [22/Aug/2026:12:24:43 +0800] "OPTIONS * HTTP/1.0" 200 110 "-" "Apache/2.4.68 (Ubuntu) OpenSSL/3.0.19 (internal dummy connection)"
140.111.67.10 - - [22/Aug/2026:12:24:44 +0800] "GET /" 301 273 "-" "-"
::1 - - [22/Aug/2026:12:24:44 +0800] "OPTIONS * HTTP/1.0" 200 110 "-" "Apache/2.4.68 (Ubuntu) OpenSSL/3.0.19 (internal dummy connection)"
74.7.242.54 - - [22/Aug/2026:12:24:42 +0800] "GET /26150/?p=6196 HTTP/1.1" 301 985 "https://2blog.ilc.edu.tw/26150/2021/08/31/110%e5%b9%b4%e5%b9%b8%e7%a6%8f%e5%ae%b6%e5%ba%ad%e7%a9%ba%e4%b8%ad%e8%ac%9b%e5%a0%82%e7%ac%ac35%e9%9b%86_%e9%9a%94%e4%bb%a3%e5%85%b1%e7%94%9f-%e7%a5%96%e5%ad%ab%e6%83%85%e7%b7%a3%e4%bb%a3%e4%bb%a3/" "Mozilla/5.0 AppleWebKit/537.36 (KHTML, like Gecko; compatible; GPTBot/1.4; +https://openai.com/gptbot)"
54.157.84.74 - - [22/Aug/2026:12:24:44 +0800] "GET /wp-content/uploads/sites/1542/?C=S;O%3DD HTTP/1.1" 200 1291 "-" "Mozilla/5.0 AppleWebKit/537.36 (KHTML, like Gecko; compatible; Amazonbot/0.1; +https://developer.amazon.com/support/amazonbot) Chrome/119.0.6045.214 Safari/537.36"
31.58.145.156 - - [22/Aug/2026:12:24:44 +0800] "GET /wp-content/uploads/sites/890/2021/08/%E9%81%8B%E5%8B%95%E6%9C%83%E8%B6%A3%E5%91%B3%E7%AB%B6%E8%B3%BD-768x529.jpg HTTP/1.1" 200 74337 "https://www.yeses.ilc.edu.tw/2021/08/27/%E6%A0%A1%E5%8F%B2%E6%8E%83%E6%8F%8F%E5%BD%A9%E8%89%B2/" "Mozilla/5.0 (Macintosh; Intel Mac OS X 10_15_7) AppleWebKit/537.36 (KHTML, like Gecko) Chrome/131.0.0.0 Safari/537.36"
3.215.59.93 - - [22/Aug/2026:12:24:45 +0800] "GET /2027/wp-json/oembed/1.0/embed?url=https://2blog.ilc.edu.tw/2027/2012/06/05/%25e5%25ae%259c%25e8%2598%25ad%25e7%25b8%25a3%25e5%25ae%259c%25e8%2598%25ad%25e5%25b8%2582%25e5%2587%25b1%25e6%2597%258b%25e5%259c%258b%25e6%25b0%2591%25e5%25b0%258f%25e5%25ad%25b8%25e7%258f%25ad%25e7%25b4%259a%25e5%25ad%25b8%25e7%2594%259f%25e5%25ae%25b6%25e9%2595%25b7%25e6%259c%2583%25e8%25be%25a6%25e7%2590%2586%25e8%25a6%25aa/ HTTP/1.1" 200 9131 "-" "Mozilla/5.0 AppleWebKit/537.36 (KHTML, like Gecko; compatible; Amazonbot/0.1; +https://developer.amazon.com/support/amazonbot) Chrome/119.0.6045.214 Safari/537.36"
17.241.219.114 - - [22/Aug/2026:12:24:45 +0800] "GET /32632/2026/05/17/5-14%e6%ad%8c%e4%bb%94%e6%88%b2%e5%85%a5%e6%a0%a1diy%e9%ab%94%e9%a9%97%e6%b4%bb%e5%8b%95/ HTTP/1.1" 200 15327 "-" "Mozilla/5.0 (Macintosh; Intel Mac OS X 10_15_7) AppleWebKit/605.1.15 (KHTML, like Gecko) Version/17.4 Safari/605.1.15 (Applebot/0.1; +http://www.apple.com/go/applebot)"
31.76.147.173 - - [22/Aug/2026:12:24:45 +0800] "GET /24/wp-content/uploads/sites/1163/2021/08/Image_6-1.png HTTP/1.1" 200 137316 "-" "Mozilla/5.0 (compatible; crawler)"
::1 - - [22/Aug/2026:12:24:45 +0800] "OPTIONS * HTTP/1.0" 200 110 "-" "Apache/2.4.68 (Ubuntu) OpenSSL/3.0.19 (internal dummy connection)"
52.167.144.228 - - [22/Aug/2026:12:24:46 +0800] "GET /%E8%8B%B1%E8%AA%9E%E6%95%99%E5%AD%B8%E5%9C%98%E9%9A%8A/ HTTP/1.1" 200 23482 "-" "Mozilla/5.0 AppleWebKit/537.36 (KHTML, like Gecko; compatible; bingbot/2.0; +http://www.bing.com/bingbot.htm) Chrome/116.0.1938.76 Safari/537.36"
::1 - - [22/Aug/2026:12:24:46 +0800] "OPTIONS * HTTP/1.0" 200 110 "-" "Apache/2.4.68 (Ubuntu) OpenSSL/3.0.19 (internal dummy connection)"
3.210.114.189 - - [22/Aug/2026:12:24:46 +0800] "GET /6043/wp-json/wp/v2/%22https:/2blog.ilc.edu.tw/wp-content/uploads/sites/207/6043/6043-1674847.jpg/%22 HTTP/1.1" 404 6131 "-" "Mozilla/5.0 AppleWebKit/537.36 (KHTML, like Gecko; compatible; Amazonbot/0.1; +https://developer.amazon.com/support/amazonbot) Chrome/119.0.6045.214 Safari/537.36"
74.7.242.54 - - [22/Aug/2026:12:24:44 +0800] "GET /26150/?p=9121 HTTP/1.1" 301 793 "https://2blog.ilc.edu.tw/26150/2023/04/03/9121/" "Mozilla/5.0 AppleWebKit/537.36 (KHTML, like Gecko; compatible; GPTBot/1.4; +https://openai.com/gptbot)"
::1 - - [22/Aug/2026:12:24:47 +0800] "OPTIONS * HTTP/1.0" 200 110 "-" "Apache/2.4.68 (Ubuntu) OpenSSL/3.0.19 (internal dummy connection)"
2001:288:a201::66:125 - - [22/Aug/2026:12:24:48 +0800] "GET /blog/active.php HTTP/1.1" 301 1026 "-" "-"
2001:288:a201::66:125 - - [22/Aug/2026:12:24:48 +0800] "GET /blog/active.php HTTP/1.1" 404 5511 "-" "-"
::1 - - [22/Aug/2026:12:24:48 +0800] "OPTIONS * HTTP/1.0" 200 110 "-" "Apache/2.4.68 (Ubuntu) OpenSSL/3.0.19 (internal dummy connection)"
74.7.242.54 - - [22/Aug/2026:12:24:47 +0800] "GET /26150/?p=6335 HTTP/1.1" 301 989 "https://2blog.ilc.edu.tw/26150/2021/11/22/%e8%bd%89%e7%9f%a5%e8%b2%a1%e5%9c%98%e6%b3%95%e4%ba%ba%e9%9d%96%e5%a8%9f%e5%85%92%e7%ab%a5%e5%ae%89%e5%85%a8%e6%96%87%e6%95%99%e5%9f%ba%e9%87%91%e6%9c%83ok%e7%b9%83%e5%85%92%e7%ab%a5%e6%9c%8d%e5%8b%99/" "Mozilla/5.0 AppleWebKit/537.36 (KHTML, like Gecko; compatible; GPTBot/1.4; +https://openai.com/gptbot)"
140.111.67.10 - - [22/Aug/2026:12:24:49 +0800] "GET /" 301 273 "-" "-"
::1 - - [22/Aug/2026:12:24:49 +0800] "OPTIONS * HTTP/1.0" 200 110 "-" "Apache/2.4.68 (Ubuntu) OpenSSL/3.0.19 (internal dummy connection)"
44.207.207.36 - - [22/Aug/2026:12:24:50 +0800] "GET /wp-content/uploads/sites/556/2022/11/?C=S;O%3DD HTTP/1.1" 200 1111 "-" "Mozilla/5.0 AppleWebKit/537.36 (KHTML, like Gecko; compatible; Amazonbot/0.1; +https://developer.amazon.com/support/amazonbot) Chrome/119.0.6045.214 Safari/537.36"
52.200.54.136 - - [22/Aug/2026:12:24:50 +0800] "GET /6043/wp-json/wp/v2/%22https:/2blog.ilc.edu.tw/wp-content/uploads/sites/207/6043/6043-1674881.jpg/%22 HTTP/1.1" 404 6131 "-" "Mozilla/5.0 AppleWebKit/537.36 (KHTML, like Gecko; compatible; Amazonbot/0.1; +https://developer.amazon.com/support/amazonbot) Chrome/119.0.6045.214 Safari/537.36"
::1 - - [22/Aug/2026:12:24:50 +0800] "OPTIONS * HTTP/1.0" 200 110 "-" "Apache/2.4.68 (Ubuntu) OpenSSL/3.0.19 (internal dummy connection)"
74.7.242.54 - - [22/Aug/2026:12:24:49 +0800] "GET /26150/?p=2966 HTTP/1.1" 301 981 "https://2blog.ilc.edu.tw/26150/2014/04/24/103%e5%b9%b4%e5%ba%a6%e5%a9%9a%e5%a7%bb%e6%95%99%e8%82%b2%e7%b3%bb%e5%88%97%e3%80%8c%e8%a6%aa%e5%af%86%e4%b9%8b%e6%97%85%e7%b3%bb%e5%88%97%e5%a9%9a%e6%88%80%e4%b8%bb%e9%a1%8c%e8%ae%80%e6%9b%b8/" "Mozilla/5.0 AppleWebKit/537.36 (KHTML, like Gecko; compatible; GPTBot/1.4; +https://openai.com/gptbot)"
::1 - - [22/Aug/2026:12:24:51 +0800] "OPTIONS * HTTP/1.0" 200 110 "-" "Apache/2.4.68 (Ubuntu) OpenSSL/3.0.19 (internal dummy connection)"
34.236.135.14 - - [22/Aug/2026:12:24:51 +0800] "GET /32745/wp-json/oembed/1.0/embed?format=xml&url=https://2blog.ilc.edu.tw/32745/2023/01/20/%25e5%25bf%2583%25e6%25af%258b%25e7%2594%2598-4/ HTTP/1.1" 200 7282 "-" "Mozilla/5.0 AppleWebKit/537.36 (KHTML, like Gecko; compatible; Amazonbot/0.1; +https://developer.amazon.com/support/amazonbot) Chrome/119.0.6045.214 Safari/537.36"
40.77.167.116 - - [22/Aug/2026:12:24:52 +0800] "GET / HTTP/1.1" 301 852 "-" "Mozilla/5.0 AppleWebKit/537.36 (KHTML, like Gecko; compatible; bingbot/2.0; +http://www.bing.com/bingbot.htm) Chrome/116.0.1938.76 Safari/537.36"
::1 - - [22/Aug/2026:12:24:52 +0800] "OPTIONS * HTTP/1.0" 200 110 "-" "Apache/2.4.68 (Ubuntu) OpenSSL/3.0.19 (internal dummy connection)"
240e:910:e000:3002::43 - - [22/Aug/2026:12:24:52 +0800] "GET /32745/2020/04/30/%E6%9C%80%E5%BE%8C%E7%9A%84%E6%8E%A2%E6%88%88 HTTP/1.1" 301 5787 "-" "Mozilla/5.0 (Windows NT 10.0; Win64; x64) AppleWebKit/537.36 (KHTML, like Gecko) Chrome/144.0.0.0 Safari/537.36"
74.7.242.54 - - [22/Aug/2026:12:24:50 +0800] "GET /26150/?p=8522 HTTP/1.1" 301 984 "https://2blog.ilc.edu.tw/26150/2025/04/28/%e8%bd%89%e7%9f%a5%e4%bf%a1%e8%aa%bc%e5%9f%ba%e9%87%91%e6%9c%83%e6%96%bc114%e5%b9%b45%e6%9c%8817%e6%97%a5%ef%bc%88%e5%85%ad%ef%bc%89%e8%88%89%e8%be%a6%e3%80%90%e8%a6%aa%e8%81%b7%e8%ac%9b%e5%ba%a7/" "Mozilla/5.0 AppleWebKit/537.36 (KHTML, like Gecko; compatible; GPTBot/1.4; +https://openai.com/gptbot)"
2001:288:a201::66:125 - - [22/Aug/2026:12:24:53 +0800] "GET /blog/active.php HTTP/1.1" 301 1026 "-" "-"
2001:288:a201::66:125 - - [22/Aug/2026:12:24:53 +0800] "GET /blog/active.php HTTP/1.1" 404 1084 "-" "-"
74.7.242.54 - - [22/Aug/2026:12:24:53 +0800] "GET /1003/?p=26638 HTTP/1.1" 301 924 "https://2blog.ilc.edu.tw/1003/2009/10/11/%e8%aa%9e%e6%96%87%e8%bc%94%e5%b0%8e%e5%93%a1%e5%9f%b9%e8%a8%93%e6%9c%ad%e8%a8%98%e5%9c%8b%e8%aa%9e%e6%96%87%e9%96%b1%e8%ae%80%e5%89%b5%e6%96%b0%e6%95%99%e5%ad%b8/" "Mozilla/5.0 AppleWebKit/537.36 (KHTML, like Gecko; compatible; GPTBot/1.4; +https://openai.com/gptbot)"
40.77.167.116 - - [22/Aug/2026:12:24:53 +0800] "GET / HTTP/1.1" 200 19742 "-" "Mozilla/5.0 AppleWebKit/537.36 (KHTML, like Gecko; compatible; bingbot/2.0; +http://www.bing.com/bingbot.htm) Chrome/116.0.1938.76 Safari/537.36"
::1 - - [22/Aug/2026:12:24:53 +0800] "OPTIONS * HTTP/1.0" 200 110 "-" "Apache/2.4.68 (Ubuntu) OpenSSL/3.0.19 (internal dummy connection)"
240e:910:e000:3002::43 - - [22/Aug/2026:12:24:53 +0800] "GET /32745/2020/04/30/%E6%9C%80%E5%BE%8C%E7%9A%84%E6%8E%A2%E6%88%88/ HTTP/1.1" 200 86991 "-" "Mozilla/5.0 (Windows NT 10.0; Win64; x64) AppleWebKit/537.36 (KHTML, like Gecko) Chrome/144.0.0.0 Safari/537.36"
140.111.67.10 - - [22/Aug/2026:12:24:54 +0800] "GET /" 301 273 "-" "-"
::1 - - [22/Aug/2026:12:24:54 +0800] "OPTIONS * HTTP/1.0" 200 110 "-" "Apache/2.4.68 (Ubuntu) OpenSSL/3.0.19 (internal dummy connection)"
2a03:2880:f802:24:: - - [22/Aug/2026:12:24:52 +0800] "GET /wp-login.php?key=w9isx375&_wpnonce=&action=ilc_logout&redirect_to=https%3A%2F%2Fgame.edu.kg HTTP/1.1" 302 8248 "-" "Mozilla/5.0 (Windows NT 10.0; Win64; x64) AppleWebKit/537.36 (KHTML, like Gecko) Chrome/145.0.0.0 Safari/537.36 (compatible; meta-externalagent/1.1 (+https://developers.facebook.com/docs/sharing/webmasters/crawler))"
::1 - - [22/Aug/2026:12:24:55 +0800] "OPTIONS * HTTP/1.0" 200 110 "-" "Apache/2.4.68 (Ubuntu) OpenSSL/3.0.19 (internal dummy connection)"
74.7.242.54 - - [22/Aug/2026:12:24:53 +0800] "GET /26150/?p=6414 HTTP/1.1" 301 985 "https://2blog.ilc.edu.tw/26150/2022/03/02/%e3%80%8c%e5%ae%b6%e5%ba%ad%e5%b1%95%e8%83%bd-%e8%a6%aa%e5%ad%90%e9%97%9c%e4%bf%82%e7%b3%bb%e5%88%97%e8%aa%b2%e7%a8%8b%e8%ac%9b%e5%ba%a7%e3%80%8d%e8%a8%82%e6%96%bc111%e5%b9%b43%e6%9c%8827%e6%97%a5/" "Mozilla/5.0 AppleWebKit/537.36 (KHTML, like Gecko; compatible; GPTBot/1.4; +https://openai.com/gptbot)"
240e:910:e000:3002::43 - - [22/Aug/2026:12:24:56 +0800] "GET /32745/wp-content/cache/2blog.ilc.edu.tw/wpfc-minified/eh58b1lb/5wowx.css HTTP/1.1" 200 4324 "https://2blog.ilc.edu.tw/32745/2020/04/30/%E6%9C%80%E5%BE%8C%E7%9A%84%E6%8E%A2%E6%88%88/" "Mozilla/5.0 (Windows NT 10.0; Win64; x64) AppleWebKit/537.36 (KHTML, like Gecko) Chrome/144.0.0.0 Safari/537.36"
::1 - - [22/Aug/2026:12:24:56 +0800] "OPTIONS * HTTP/1.0" 200 110 "-" "Apache/2.4.68 (Ubuntu) OpenSSL/3.0.19 (internal dummy connection)"
240e:910:e000:3002::43 - - [22/Aug/2026:12:24:56 +0800] "GET /32745/wp-includes/js/admin-bar.min.js HTTP/1.1" 200 2237 "https://2blog.ilc.edu.tw/32745/2020/04/30/%E6%9C%80%E5%BE%8C%E7%9A%84%E6%8E%A2%E6%88%88/" "Mozilla/5.0 (Windows NT 10.0; Win64; x64) AppleWebKit/537.36 (KHTML, like Gecko) Chrome/144.0.0.0 Safari/537.36"
107.22.208.39 - - [22/Aug/2026:12:24:56 +0800] "GET /wp-content/uploads/sites/2609/?C=M;O%3DA HTTP/1.1" 200 1268 "-" "Mozilla/5.0 AppleWebKit/537.36 (KHTML, like Gecko; compatible; Amazonbot/0.1; +https://developer.amazon.com/support/amazonbot) Chrome/119.0.6045.214 Safari/537.36"
240e:910:e000:3002::43 - - [22/Aug/2026:12:24:56 +0800] "GET /32745/wp-includes/js/underscore.min.js HTTP/1.1" 200 8191 "https://2blog.ilc.edu.tw/32745/2020/04/30/%E6%9C%80%E5%BE%8C%E7%9A%84%E6%8E%A2%E6%88%88/" "Mozilla/5.0 (Windows NT 10.0; Win64; x64) AppleWebKit/537.36 (KHTML, like Gecko) Chrome/144.0.0.0 Safari/537.36"
240e:910:e000:3002::43 - - [22/Aug/2026:12:24:57 +0800] "GET /32745/wp-content/themes/huemanilc/assets/front/js/scripts.min.js HTTP/1.1" 200 27001 "https://2blog.ilc.edu.tw/32745/2020/04/30/%E6%9C%80%E5%BE%8C%E7%9A%84%E6%8E%A2%E6%88%88/" "Mozilla/5.0 (Windows NT 10.0; Win64; x64) AppleWebKit/537.36 (KHTML, like Gecko) Chrome/144.0.0.0 Safari/537.36"
::1 - - [22/Aug/2026:12:24:57 +0800] "OPTIONS * HTTP/1.0" 200 110 "-" "Apache/2.4.68 (Ubuntu) OpenSSL/3.0.19 (internal dummy connection)"
74.7.242.54 - - [22/Aug/2026:12:24:56 +0800] "GET /26150/?p=5670 HTTP/1.1" 301 981 "https://2blog.ilc.edu.tw/26150/2021/04/08/%e5%87%bd%e8%bd%89%e8%a1%8c%e6%94%bf%e9%99%a2%e4%b8%bb%e8%a8%88%e7%b8%bd%e8%99%95%e3%80%8c109%e5%b9%b4%e8%be%b2%e6%9e%97%e6%bc%81%e7%89%a7%e6%a5%ad%e6%99%ae%e6%9f%a5%e3%80%8d%e5%ae%a3%e5%b0%8e/" "Mozilla/5.0 AppleWebKit/537.36 (KHTML, like Gecko; compatible; GPTBot/1.4; +https://openai.com/gptbot)"
240e:910:e000:3002::43 - - [22/Aug/2026:12:24:57 +0800] "GET /32745/wp-content/themes/huemanilc/assets/front/webfonts/fa-solid-900.woff2?v=5.5.0 HTTP/1.1" 200 74879 "https://2blog.ilc.edu.tw/32745/wp-content/cache/2blog.ilc.edu.tw/wpfc-minified/eqzk2ee8/5wowx.css" "Mozilla/5.0 (Windows NT 10.0; Win64; x64) AppleWebKit/537.36 (KHTML, like Gecko) Chrome/144.0.0.0 Safari/537.36"
2001:288:a201::66:125 - - [22/Aug/2026:12:24:58 +0800] "GET /blog/active.php HTTP/1.1" 301 1026 "-" "-"
2001:288:a201::66:125 - - [22/Aug/2026:12:24:58 +0800] "GET /blog/active.php HTTP/1.1" 404 1084 "-" "-"
::1 - - [22/Aug/2026:12:24:58 +0800] "OPTIONS * HTTP/1.0" 200 110 "-" "Apache/2.4.68 (Ubuntu) OpenSSL/3.0.19 (internal dummy connection)"
66.249.82.201 - - [22/Aug/2026:12:24:58 +0800] "GET /.well-known/traffic-advice HTTP/1.1" 404 41941 "-" "Chrome Privacy Preserving Prefetch Proxy"
140.111.121.67 - - [22/Aug/2026:12:24:59 +0800] "GET /wp-content/cache/www.kases.ilc.edu.tw/wpfc-minified/g36yt3u/6whq.css HTTP/1.1" 200 20582 "https://www.kases.ilc.edu.tw/" "Mozilla/5.0 (Windows NT 10.0; Win64; x64) AppleWebKit/537.36 (KHTML, like Gecko) Chrome/151.0.0.0 Safari/537.36"
140.111.121.67 - - [22/Aug/2026:12:24:59 +0800] "GET /wp-content/cache/www.kases.ilc.edu.tw/wpfc-minified/7vjybq8c/6whq.css HTTP/1.1" 200 45691 "https://www.kases.ilc.edu.tw/" "Mozilla/5.0 (Windows NT 10.0; Win64; x64) AppleWebKit/537.36 (KHTML, like Gecko) Chrome/151.0.0.0 Safari/537.36"
140.111.121.67 - - [22/Aug/2026:12:24:59 +0800] "GET /wp-content/cache/www.kases.ilc.edu.tw/wpfc-minified/9huj6zf7/6whq.css HTTP/1.1" 200 1496 "https://www.kases.ilc.edu.tw/" "Mozilla/5.0 (Windows NT 10.0; Win64; x64) AppleWebKit/537.36 (KHTML, like Gecko) Chrome/151.0.0.0 Safari/537.36"
140.111.121.67 - - [22/Aug/2026:12:24:59 +0800] "GET /wp-content/cache/www.kases.ilc.edu.tw/wpfc-minified/paliynt/6whq.js HTTP/1.1" 200 40363 "https://www.kases.ilc.edu.tw/" "Mozilla/5.0 (Windows NT 10.0; Win64; x64) AppleWebKit/537.36 (KHTML, like Gecko) Chrome/151.0.0.0 Safari/537.36"
140.111.121.67 - - [22/Aug/2026:12:24:59 +0800] "GET /wp-content/cache/www.kases.ilc.edu.tw/wpfc-minified/1z6wz8a/6whq.css HTTP/1.1" 200 61645 "https://www.kases.ilc.edu.tw/" "Mozilla/5.0 (Windows NT 10.0; Win64; x64) AppleWebKit/537.36 (KHTML, like Gecko) Chrome/151.0.0.0 Safari/537.36"
140.111.121.67 - - [22/Aug/2026:12:24:59 +0800] "GET /wp-content/uploads/sites/1366/2024/02/%E8%AA%B2%E7%A8%8B%E8%A8%88%E7%95%AB%E5%B0%88%E5%8D%80-2.png HTTP/1.1" 200 73477 "https://www.kases.ilc.edu.tw/" "Mozilla/5.0 (Windows NT 10.0; Win64; x64) AppleWebKit/537.36 (KHTML, like Gecko) Chrome/151.0.0.0 Safari/537.36"
140.111.121.67 - - [22/Aug/2026:12:24:59 +0800] "GET /wp-content/uploads/sites/1366/2024/02/%E6%A0%A1%E8%A8%82%E8%AA%B2%E7%A8%8B-300x49.png HTTP/1.1" 200 8728 "https://www.kases.ilc.edu.tw/" "Mozilla/5.0 (Windows NT 10.0; Win64; x64) AppleWebKit/537.36 (KHTML, like Gecko) Chrome/151.0.0.0 Safari/537.36"
140.111.121.67 - - [22/Aug/2026:12:24:59 +0800] "GET /wp-content/uploads/sites/1366/2026/08/%E8%AA%B2%E7%A8%8B%E8%A8%88%E7%95%AB%E5%B0%88%E5%8D%80-2-5-300x114.png HTTP/1.1" 200 26577 "https://www.kases.ilc.edu.tw/" "Mozilla/5.0 (Windows NT 10.0; Win64; x64) AppleWebKit/537.36 (KHTML, like Gecko) Chrome/151.0.0.0 Safari/537.36"
140.111.67.10 - - [22/Aug/2026:12:24:59 +0800] "GET /" 301 273 "-" "-"
140.111.121.67 - - [22/Aug/2026:12:24:59 +0800] "GET /wp-content/uploads/sites/1366/2024/02/%E8%AA%B2%E7%A8%8B%E8%A8%88%E7%95%AB%E5%B0%88%E5%8D%80-2-1.png HTTP/1.1" 404 973 "https://www.kases.ilc.edu.tw/" "Mozilla/5.0 (Windows NT 10.0; Win64; x64) AppleWebKit/537.36 (KHTML, like Gecko) Chrome/151.0.0.0 Safari/537.36"
140.111.121.67 - - [22/Aug/2026:12:24:59 +0800] "GET /wp-includes/js/hoverintent-js.min.js HTTP/1.1" 200 1597 "https://www.kases.ilc.edu.tw/" "Mozilla/5.0 (Windows NT 10.0; Win64; x64) AppleWebKit/537.36 (KHTML, like Gecko) Chrome/151.0.0.0 Safari/537.36"
140.111.121.67 - - [22/Aug/2026:12:24:59 +0800] "GET /wp-includes/js/admin-bar.min.js HTTP/1.1" 200 2237 "https://www.kases.ilc.edu.tw/" "Mozilla/5.0 (Windows NT 10.0; Win64; x64) AppleWebKit/537.36 (KHTML, like Gecko) Chrome/151.0.0.0 Safari/537.36"
140.111.121.67 - - [22/Aug/2026:12:24:59 +0800] "GET /wp-includes/js/imagesloaded.min.js HTTP/1.1" 200 2683 "https://www.kases.ilc.edu.tw/" "Mozilla/5.0 (Windows NT 10.0; Win64; x64) AppleWebKit/537.36 (KHTML, like Gecko) Chrome/151.0.0.0 Safari/537.36"
140.111.121.67 - - [22/Aug/2026:12:24:59 +0800] "GET /wp-content/themes/oceanwp/assets/js/theme.min.js HTTP/1.1" 200 5130 "https://www.kases.ilc.edu.tw/" "Mozilla/5.0 (Windows NT 10.0; Win64; x64) AppleWebKit/537.36 (KHTML, like Gecko) Chrome/151.0.0.0 Safari/537.36"
140.111.121.67 - - [22/Aug/2026:12:24:59 +0800] "GET /wp-content/themes/oceanwp/assets/js/drop-down-mobile-menu.min.js HTTP/1.1" 200 4663 "https://www.kases.ilc.edu.tw/" "Mozilla/5.0 (Windows NT 10.0; Win64; x64) AppleWebKit/537.36 (KHTML, like Gecko) Chrome/151.0.0.0 Safari/537.36"
140.111.121.67 - - [22/Aug/2026:12:24:59 +0800] "GET /wp-content/themes/oceanwp/assets/js/drop-down-search.min.js HTTP/1.1" 200 2968 "https://www.kases.ilc.edu.tw/" "Mozilla/5.0 (Windows NT 10.0; Win64; x64) AppleWebKit/537.36 (KHTML, like Gecko) Chrome/151.0.0.0 Safari/537.36"
140.111.121.67 - - [22/Aug/2026:12:24:59 +0800] "GET /wp-content/themes/oceanwp/assets/js/ow-lightbox.min.js HTTP/1.1" 200 2321 "https://www.kases.ilc.edu.tw/" "Mozilla/5.0 (Windows NT 10.0; Win64; x64) AppleWebKit/537.36 (KHTML, like Gecko) Chrome/151.0.0.0 Safari/537.36"
140.111.121.67 - - [22/Aug/2026:12:24:59 +0800] "GET /wp-content/themes/oceanwp/assets/js/vendors/magnific-popup.min.js HTTP/1.1" 200 8270 "https://www.kases.ilc.edu.tw/" "Mozilla/5.0 (Windows NT 10.0; Win64; x64) AppleWebKit/537.36 (KHTML, like Gecko) Chrome/151.0.0.0 Safari/537.36"
140.111.121.67 - - [22/Aug/2026:12:24:59 +0800] "GET /wp-content/themes/oceanwp/assets/js/ow-slider.min.js HTTP/1.1" 200 1761 "https://www.kases.ilc.edu.tw/" "Mozilla/5.0 (Windows NT 10.0; Win64; x64) AppleWebKit/537.36 (KHTML, like Gecko) Chrome/151.0.0.0 Safari/537.36"
140.111.121.67 - - [22/Aug/2026:12:24:59 +0800] "GET /wp-content/themes/oceanwp/assets/js/scroll-effect.min.js HTTP/1.1" 200 4127 "https://www.kases.ilc.edu.tw/" "Mozilla/5.0 (Windows NT 10.0; Win64; x64) AppleWebKit/537.36 (KHTML, like Gecko) Chrome/151.0.0.0 Safari/537.36"
140.111.121.67 - - [22/Aug/2026:12:24:59 +0800] "GET /wp-content/themes/oceanwp/assets/js/scroll-top.min.js HTTP/1.1" 200 3202 "https://www.kases.ilc.edu.tw/" "Mozilla/5.0 (Windows NT 10.0; Win64; x64) AppleWebKit/537.36 (KHTML, like Gecko) Chrome/151.0.0.0 Safari/537.36"
140.111.121.67 - - [22/Aug/2026:12:24:59 +0800] "GET /wp-content/themes/oceanwp/assets/js/vendors/flickity.pkgd.min.js HTTP/1.1" 200 15387 "https://www.kases.ilc.edu.tw/" "Mozilla/5.0 (Windows NT 10.0; Win64; x64) AppleWebKit/537.36 (KHTML, like Gecko) Chrome/151.0.0.0 Safari/537.36"
140.111.121.67 - - [22/Aug/2026:12:24:59 +0800] "GET /wp-content/themes/oceanwp/assets/js/select.min.js HTTP/1.1" 200 2408 "https://www.kases.ilc.edu.tw/" "Mozilla/5.0 (Windows NT 10.0; Win64; x64) AppleWebKit/537.36 (KHTML, like Gecko) Chrome/151.0.0.0 Safari/537.36"
140.111.121.67 - - [22/Aug/2026:12:24:59 +0800] "GET /wp-content/plugins/ocean-extra/includes/widgets/js/flickr.min.js HTTP/1.1" 200 1319 "https://www.kases.ilc.edu.tw/" "Mozilla/5.0 (Windows NT 10.0; Win64; x64) AppleWebKit/537.36 (KHTML, like Gecko) Chrome/151.0.0.0 Safari/537.36"
140.111.121.67 - - [22/Aug/2026:12:24:59 +0800] "GET /wp-content/uploads/sites/1366/2026/02/%E5%AE%9C%E8%98%AD%E7%B8%A3%E5%AE%9C%E8%98%AD%E5%B8%82%E5%87%B1%E6%97%8B%E5%9C%8B%E6%B0%91%E5%B0%8F%E5%AD%B8-Kai-Syuan-Elementary-School-of-Yilan-County-898-x-200-%E5%83%8F%E7%B4%A0-1.png HTTP/1.1" 200 452673 "https://www.kases.ilc.edu.tw/" "Mozilla/5.0 (Windows NT 10.0; Win64; x64) AppleWebKit/537.36 (KHTML, like Gecko) Chrome/151.0.0.0 Safari/537.36"
140.111.121.67 - - [22/Aug/2026:12:24:59 +0800] "GET /wp-content/uploads/sites/1366/2024/03/%E8%AA%B2%E7%A8%8B%E8%A8%88%E7%95%AB%E5%B0%88%E5%8D%80-1-300x49.png HTTP/1.1" 200 12416 "https://www.kases.ilc.edu.tw/" "Mozilla/5.0 (Windows NT 10.0; Win64; x64) AppleWebKit/537.36 (KHTML, like Gecko) Chrome/151.0.0.0 Safari/537.36"
140.111.121.67 - - [22/Aug/2026:12:24:59 +0800] "GET /wp-content/uploads/sites/1366/2024/02/%E8%AA%B2%E7%A8%8B%E8%A8%88%E7%95%AB%E5%B0%88%E5%8D%80-3-1-300x49.png HTTP/1.1" 200 10190 "https://www.kases.ilc.edu.tw/" "Mozilla/5.0 (Windows NT 10.0; Win64; x64) AppleWebKit/537.36 (KHTML, like Gecko) Chrome/151.0.0.0 Safari/537.36"
140.111.121.67 - - [22/Aug/2026:12:24:59 +0800] "GET /wp-content/uploads/sites/1366/2024/02/%E6%A0%A1%E5%9C%92%E6%9C%8D%E5%8B%99.png HTTP/1.1" 200 62897 "https://www.kases.ilc.edu.tw/" "Mozilla/5.0 (Windows NT 10.0; Win64; x64) AppleWebKit/537.36 (KHTML, like Gecko) Chrome/151.0.0.0 Safari/537.36"
140.111.121.67 - - [22/Aug/2026:12:24:59 +0800] "GET /wp-content/uploads/sites/1366/2026/07/%E8%AA%B2%E7%A8%8B%E8%A8%88%E7%95%AB%E5%B0%88%E5%8D%80-25-300x49.png HTTP/1.1" 200 12112 "https://www.kases.ilc.edu.tw/" "Mozilla/5.0 (Windows NT 10.0; Win64; x64) AppleWebKit/537.36 (KHTML, like Gecko) Chrome/151.0.0.0 Safari/537.36"
140.111.121.67 - - [22/Aug/2026:12:24:59 +0800] "GET /wp-content/uploads/sites/1366/2026/04/%E8%AA%B2%E7%A8%8B%E8%A8%88%E7%95%AB%E5%B0%88%E5%8D%80-22-300x89.png HTTP/1.1" 200 19274 "https://www.kases.ilc.edu.tw/" "Mozilla/5.0 (Windows NT 10.0; Win64; x64) AppleWebKit/537.36 (KHTML, like Gecko) Chrome/151.0.0.0 Safari/537.36"
140.111.121.67 - - [22/Aug/2026:12:24:59 +0800] "GET /wp-content/uploads/sites/1366/2024/02/%E6%A0%A1%E5%9C%92%E6%9C%8D%E5%8B%994-300x58.png HTTP/1.1" 200 9675 "https://www.kases.ilc.edu.tw/" "Mozilla/5.0 (Windows NT 10.0; Win64; x64) AppleWebKit/537.36 (KHTML, like Gecko) Chrome/151.0.0.0 Safari/537.36"
140.111.121.67 - - [22/Aug/2026:12:24:59 +0800] "GET /wp-content/themes/oceanwp/assets/fonts/simple-line-icons/Simple-Line-Icons.woff2?v=2.4.0 HTTP/1.1" 200 30959 "https://www.kases.ilc.edu.tw/wp-content/cache/www.kases.ilc.edu.tw/wpfc-minified/1z6wz8a/6whq.css" "Mozilla/5.0 (Windows NT 10.0; Win64; x64) AppleWebKit/537.36 (KHTML, like Gecko) Chrome/151.0.0.0 Safari/537.36"
140.111.121.67 - - [22/Aug/2026:12:24:59 +0800] "GET /wp-content/uploads/sites/1366/2024/02/%E6%A0%A1%E5%9C%92%E6%9C%8D%E5%8B%99-2-300x58.png HTTP/1.1" 200 10571 "https://www.kases.ilc.edu.tw/" "Mozilla/5.0 (Windows NT 10.0; Win64; x64) AppleWebKit/537.36 (KHTML, like Gecko) Chrome/151.0.0.0 Safari/537.36"
140.111.121.67 - - [22/Aug/2026:12:24:59 +0800] "GET /wp-content/uploads/sites/1366/2024/02/%E6%A0%A1%E5%9C%92%E6%9C%8D%E5%8B%99-6-300x58.png HTTP/1.1" 200 8496 "https://www.kases.ilc.edu.tw/" "Mozilla/5.0 (Windows NT 10.0; Win64; x64) AppleWebKit/537.36 (KHTML, like Gecko) Chrome/151.0.0.0 Safari/537.36"
140.111.121.67 - - [22/Aug/2026:12:24:59 +0800] "GET /wp-content/uploads/sites/1366/2025/10/%E8%AA%B2%E7%A8%8B%E8%A8%88%E7%95%AB%E5%B0%88%E5%8D%80-11-300x58.png HTTP/1.1" 200 9456 "https://www.kases.ilc.edu.tw/" "Mozilla/5.0 (Windows NT 10.0; Win64; x64) AppleWebKit/537.36 (KHTML, like Gecko) Chrome/151.0.0.0 Safari/537.36"
140.111.121.67 - - [22/Aug/2026:12:24:59 +0800] "GET /wp-content/themes/oceanwp/assets/fonts/fontawesome/webfonts/fa-solid-900.woff2 HTTP/1.1" 200 151246 "https://www.kases.ilc.edu.tw/wp-content/cache/www.kases.ilc.edu.tw/wpfc-minified/1z6wz8a/6whq.css" "Mozilla/5.0 (Windows NT 10.0; Win64; x64) AppleWebKit/537.36 (KHTML, like Gecko) Chrome/151.0.0.0 Safari/537.36"
140.111.121.67 - - [22/Aug/2026:12:24:59 +0800] "GET /wp-content/uploads/sites/1366/2024/02/%E5%AD%B8%E7%94%9F%E5%B0%88%E5%8D%80.png HTTP/1.1" 200 63381 "https://www.kases.ilc.edu.tw/" "Mozilla/5.0 (Windows NT 10.0; Win64; x64) AppleWebKit/537.36 (KHTML, like Gecko) Chrome/151.0.0.0 Safari/537.36"
140.111.121.67 - - [22/Aug/2026:12:24:59 +0800] "GET /wp-content/uploads/sites/1366/2020/02/vr%E5%9C%96.png HTTP/1.1" 200 25474 "https://www.kases.ilc.edu.tw/" "Mozilla/5.0 (Windows NT 10.0; Win64; x64) AppleWebKit/537.36 (KHTML, like Gecko) Chrome/151.0.0.0 Safari/537.36"
140.111.121.67 - - [22/Aug/2026:12:24:59 +0800] "GET /wp-content/uploads/sites/1366/2024/02/%E6%A0%A1%E5%9C%92VR%E5%B0%8E%E8%A6%BD.png HTTP/1.1" 200 72704 "https://www.kases.ilc.edu.tw/" "Mozilla/5.0 (Windows NT 10.0; Win64; x64) AppleWebKit/537.36 (KHTML, like Gecko) Chrome/151.0.0.0 Safari/537.36"
140.111.121.67 - - [22/Aug/2026:12:24:59 +0800] "GET /wp-content/uploads/sites/1366/2026/07/%E8%AA%B2%E7%A8%8B%E8%A8%88%E7%95%AB%E5%B0%88%E5%8D%80-24-300x57.png HTTP/1.1" 200 11009 "https://www.kases.ilc.edu.tw/" "Mozilla/5.0 (Windows NT 10.0; Win64; x64) AppleWebKit/537.36 (KHTML, like Gecko) Chrome/151.0.0.0 Safari/537.36"
140.111.121.67 - - [22/Aug/2026:12:24:59 +0800] "GET /wp-content/uploads/sites/1366/2025/09/%E8%AA%B2%E7%A8%8B%E8%A8%88%E7%95%AB%E5%B0%88%E5%8D%80-9.png HTTP/1.1" 200 57537 "https://www.kases.ilc.edu.tw/" "Mozilla/5.0 (Windows NT 10.0; Win64; x64) AppleWebKit/537.36 (KHTML, like Gecko) Chrome/151.0.0.0 Safari/537.36"
140.111.121.67 - - [22/Aug/2026:12:24:59 +0800] "GET /wp-content/uploads/sites/1366/2025/09/%E8%AA%B2%E7%A8%8B%E8%A8%88%E7%95%AB%E5%B0%88%E5%8D%80-10-300x57.png HTTP/1.1" 200 10596 "https://www.kases.ilc.edu.tw/" "Mozilla/5.0 (Windows NT 10.0; Win64; x64) AppleWebKit/537.36 (KHTML, like Gecko) Chrome/151.0.0.0 Safari/537.36"
140.111.121.67 - - [22/Aug/2026:12:24:59 +0800] "GET /wp-content/uploads/sites/1366/2024/02/%E6%A0%A1%E5%9C%92%E6%9C%8D%E5%8B%9911-300x58.png HTTP/1.1" 200 13271 "https://www.kases.ilc.edu.tw/" "Mozilla/5.0 (Windows NT 10.0; Win64; x64) AppleWebKit/537.36 (KHTML, like Gecko) Chrome/151.0.0.0 Safari/537.36"
140.111.121.67 - - [22/Aug/2026:12:24:59 +0800] "GET /wp-content/uploads/sites/1366/2025/11/%E8%AA%B2%E7%A8%8B%E8%A8%88%E7%95%AB%E5%B0%88%E5%8D%80-14-300x58.png HTTP/1.1" 200 13107 "https://www.kases.ilc.edu.tw/" "Mozilla/5.0 (Windows NT 10.0; Win64; x64) AppleWebKit/537.36 (KHTML, like Gecko) Chrome/151.0.0.0 Safari/537.36"
140.111.121.67 - - [22/Aug/2026:12:24:59 +0800] "GET /wp-content/uploads/sites/1366/2024/02/%E6%A0%A1%E5%9C%92%E6%9C%8D%E5%8B%99-1-300x58.png HTTP/1.1" 200 13061 "https://www.kases.ilc.edu.tw/" "Mozilla/5.0 (Windows NT 10.0; Win64; x64) AppleWebKit/537.36 (KHTML, like Gecko) Chrome/151.0.0.0 Safari/537.36"
140.111.121.67 - - [22/Aug/2026:12:24:59 +0800] "GET /wp-content/uploads/sites/1366/2024/02/%E8%AA%B2%E7%A8%8B%E8%A8%88%E7%95%AB%E5%B0%88%E5%8D%80-12-300x58.png HTTP/1.1" 200 11444 "https://www.kases.ilc.edu.tw/" "Mozilla/5.0 (Windows NT 10.0; Win64; x64) AppleWebKit/537.36 (KHTML, like Gecko) Chrome/151.0.0.0 Safari/537.36"
140.111.121.67 - - [22/Aug/2026:12:24:59 +0800] "GET /wp-content/uploads/sites/1366/2024/02/%E6%A0%A1%E5%9C%92%E6%9C%8D%E5%8B%99-10-300x58.png HTTP/1.1" 200 9057 "https://www.kases.ilc.edu.tw/" "Mozilla/5.0 (Windows NT 10.0; Win64; x64) AppleWebKit/537.36 (KHTML, like Gecko) Chrome/151.0.0.0 Safari/537.36"
140.111.121.67 - - [22/Aug/2026:12:24:59 +0800] "GET /wp-content/uploads/sites/1366/2024/02/%E9%83%A8%E8%90%BD%E6%A0%BC.png HTTP/1.1" 200 54277 "https://www.kases.ilc.edu.tw/" "Mozilla/5.0 (Windows NT 10.0; Win64; x64) AppleWebKit/537.36 (KHTML, like Gecko) Chrome/151.0.0.0 Safari/537.36"
140.111.121.67 - - [22/Aug/2026:12:24:59 +0800] "GET /wp-content/uploads/sites/1366/2024/05/%E8%AA%B2%E7%A8%8B%E8%A8%88%E7%95%AB%E5%B0%88%E5%8D%80-4-1-300x90.png HTTP/1.1" 200 13962 "https://www.kases.ilc.edu.tw/" "Mozilla/5.0 (Windows NT 10.0; Win64; x64) AppleWebKit/537.36 (KHTML, like Gecko) Chrome/151.0.0.0 Safari/537.36"
140.111.121.67 - - [22/Aug/2026:12:24:59 +0800] "GET /wp-content/uploads/sites/1366/2024/02/%E9%83%A8%E8%90%BD%E6%A0%BC2-300x58.png HTTP/1.1" 200 8836 "https://www.kases.ilc.edu.tw/" "Mozilla/5.0 (Windows NT 10.0; Win64; x64) AppleWebKit/537.36 (KHTML, like Gecko) Chrome/151.0.0.0 Safari/537.36"
140.111.121.67 - - [22/Aug/2026:12:24:59 +0800] "GET /wp-content/uploads/sites/1366/2026/01/%E8%AA%B2%E7%A8%8B%E8%A8%88%E7%95%AB%E5%B0%88%E5%8D%80-15-300x89.png HTTP/1.1" 200 12833 "https://www.kases.ilc.edu.tw/" "Mozilla/5.0 (Windows NT 10.0; Win64; x64) AppleWebKit/537.36 (KHTML, like Gecko) Chrome/151.0.0.0 Safari/537.36"
140.111.121.67 - - [22/Aug/2026:12:24:59 +0800] "GET /wp-content/uploads/sites/1366/2024/02/%E9%83%A8%E8%90%BD%E6%A0%BC4-300x58.png HTTP/1.1" 200 8705 "https://www.kases.ilc.edu.tw/" "Mozilla/5.0 (Windows NT 10.0; Win64; x64) AppleWebKit/537.36 (KHTML, like Gecko) Chrome/151.0.0.0 Safari/537.36"
140.111.121.67 - - [22/Aug/2026:12:24:59 +0800] "GET /wp-content/uploads/sites/1366/2024/02/%E9%83%A8%E8%90%BD%E6%A0%BC3-300x58.png HTTP/1.1" 200 8777 "https://www.kases.ilc.edu.tw/" "Mozilla/5.0 (Windows NT 10.0; Win64; x64) AppleWebKit/537.36 (KHTML, like Gecko) Chrome/151.0.0.0 Safari/537.36"
140.111.121.67 - - [22/Aug/2026:12:24:59 +0800] "GET /wp-content/uploads/sites/1366/2024/04/%E8%AA%B2%E7%A8%8B%E8%A8%88%E7%95%AB%E5%B0%88%E5%8D%80-2-300x58.png HTTP/1.1" 200 10085 "https://www.kases.ilc.edu.tw/" "Mozilla/5.0 (Windows NT 10.0; Win64; x64) AppleWebKit/537.36 (KHTML, like Gecko) Chrome/151.0.0.0 Safari/537.36"
140.111.121.67 - - [22/Aug/2026:12:24:59 +0800] "GET /wp-content/uploads/sites/1366/2024/02/%E9%83%A8%E8%90%BD%E6%A0%BC-5-300x58.png HTTP/1.1" 200 8493 "https://www.kases.ilc.edu.tw/" "Mozilla/5.0 (Windows NT 10.0; Win64; x64) AppleWebKit/537.36 (KHTML, like Gecko) Chrome/151.0.0.0 Safari/537.36"
140.111.121.67 - - [22/Aug/2026:12:24:59 +0800] "GET /wp-content/uploads/sites/1366/2024/02/%E5%87%B1%E5%B0%8F%E5%9C%96%E6%9B%B8%E9%A4%A8-300x58.png HTTP/1.1" 200 8677 "https://www.kases.ilc.edu.tw/" "Mozilla/5.0 (Windows NT 10.0; Win64; x64) AppleWebKit/537.36 (KHTML, like Gecko) Chrome/151.0.0.0 Safari/537.36"
140.111.121.67 - - [22/Aug/2026:12:24:59 +0800] "GET /wp-content/uploads/sites/1366/2024/02/%E6%95%99%E8%82%B2%E7%99%BE%E7%A7%91-300x58.png HTTP/1.1" 200 7781 "https://www.kases.ilc.edu.tw/" "Mozilla/5.0 (Windows NT 10.0; Win64; x64) AppleWebKit/537.36 (KHTML, like Gecko) Chrome/151.0.0.0 Safari/537.36"
140.111.121.67 - - [22/Aug/2026:12:24:59 +0800] "GET /wp-content/uploads/sites/1366/2024/02/E%E5%B9%A3-300x58.png HTTP/1.1" 200 11194 "https://www.kases.ilc.edu.tw/" "Mozilla/5.0 (Windows NT 10.0; Win64; x64) AppleWebKit/537.36 (KHTML, like Gecko) Chrome/151.0.0.0 Safari/537.36"
140.111.121.67 - - [22/Aug/2026:12:24:59 +0800] "GET /wp-content/uploads/sites/1366/2024/02/%E5%BF%AB%E6%A8%82E%E5%AD%B8%E9%99%A2-300x58.png HTTP/1.1" 200 8874 "https://www.kases.ilc.edu.tw/" "Mozilla/5.0 (Windows NT 10.0; Win64; x64) AppleWebKit/537.36 (KHTML, like Gecko) Chrome/151.0.0.0 Safari/537.36"
140.111.121.67 - - [22/Aug/2026:12:24:59 +0800] "GET /wp-content/uploads/sites/1366/2024/11/%E8%AA%B2%E7%A8%8B%E8%A8%88%E7%95%AB%E5%B0%88%E5%8D%80-1-300x58.png HTTP/1.1" 200 8857 "https://www.kases.ilc.edu.tw/" "Mozilla/5.0 (Windows NT 10.0; Win64; x64) AppleWebKit/537.36 (KHTML, like Gecko) Chrome/151.0.0.0 Safari/537.36"
140.111.121.67 - - [22/Aug/2026:12:24:59 +0800] "GET /wp-content/uploads/sites/1366/2024/02/%E5%AD%B8%E7%BF%92%E8%BC%94%E5%8A%A9%E7%A7%91%E6%8A%80%E8%A9%95%E9%87%8F-300x58.png HTTP/1.1" 200 12406 "https://www.kases.ilc.edu.tw/" "Mozilla/5.0 (Windows NT 10.0; Win64; x64) AppleWebKit/537.36 (KHTML, like Gecko) Chrome/151.0.0.0 Safari/537.36"
140.111.121.67 - - [22/Aug/2026:12:24:59 +0800] "GET /wp-content/uploads/sites/1366/2024/02/%E5%AD%B8%E7%94%9F%E4%BA%8B%E5%8B%99%E5%B0%88%E5%8D%80.png HTTP/1.1" 200 78320 "https://www.kases.ilc.edu.tw/" "Mozilla/5.0 (Windows NT 10.0; Win64; x64) AppleWebKit/537.36 (KHTML, like Gecko) Chrome/151.0.0.0 Safari/537.36"
140.111.121.67 - - [22/Aug/2026:12:24:59 +0800] "GET /wp-content/uploads/sites/1366/2024/02/%E7%94%9F%E6%B4%BB%E8%8B%B1%E8%AA%9E%E7%B6%B2-300x58.png HTTP/1.1" 200 9098 "https://www.kases.ilc.edu.tw/" "Mozilla/5.0 (Windows NT 10.0; Win64; x64) AppleWebKit/537.36 (KHTML, like Gecko) Chrome/151.0.0.0 Safari/537.36"
140.111.121.67 - - [22/Aug/2026:12:24:59 +0800] "GET /wp-content/uploads/sites/1366/2024/09/%E8%AA%B2%E7%A8%8B%E8%A8%88%E7%95%AB%E5%B0%88%E5%8D%80-300x58.png HTTP/1.1" 200 7795 "https://www.kases.ilc.edu.tw/" "Mozilla/5.0 (Windows NT 10.0; Win64; x64) AppleWebKit/537.36 (KHTML, like Gecko) Chrome/151.0.0.0 Safari/537.36"
140.111.121.67 - - [22/Aug/2026:12:24:59 +0800] "GET /wp-content/uploads/sites/1366/2024/02/%E5%AD%B8%E7%94%9F%E4%BA%8B%E5%8B%99%E5%B0%88%E5%8D%80-1-300x84.png HTTP/1.1" 200 15994 "https://www.kases.ilc.edu.tw/" "Mozilla/5.0 (Windows NT 10.0; Win64; x64) AppleWebKit/537.36 (KHTML, like Gecko) Chrome/151.0.0.0 Safari/537.36"
140.111.121.67 - - [22/Aug/2026:12:24:59 +0800] "GET /wp-content/uploads/sites/1366/2024/02/%E5%AD%B8%E7%94%9F%E4%BA%8B%E5%8B%99%E5%B0%88%E5%8D%80-2-300x58.png HTTP/1.1" 200 11100 "https://www.kases.ilc.edu.tw/" "Mozilla/5.0 (Windows NT 10.0; Win64; x64) AppleWebKit/537.36 (KHTML, like Gecko) Chrome/151.0.0.0 Safari/537.36"
140.111.121.67 - - [22/Aug/2026:12:24:59 +0800] "GET /wp-content/uploads/sites/1366/2024/02/%E5%AD%B8%E7%94%9F%E4%BA%8B%E5%8B%99%E5%B0%88%E5%8D%80-3-300x58.png HTTP/1.1" 200 12045 "https://www.kases.ilc.edu.tw/" "Mozilla/5.0 (Windows NT 10.0; Win64; x64) AppleWebKit/537.36 (KHTML, like Gecko) Chrome/151.0.0.0 Safari/537.36"
140.111.121.67 - - [22/Aug/2026:12:24:59 +0800] "GET /wp-content/uploads/sites/1366/2024/02/%E7%87%9F%E9%A4%8A%E5%8D%88%E9%A4%90.png HTTP/1.1" 200 63698 "https://www.kases.ilc.edu.tw/" "Mozilla/5.0 (Windows NT 10.0; Win64; x64) AppleWebKit/537.36 (KHTML, like Gecko) Chrome/151.0.0.0 Safari/537.36"
140.111.121.67 - - [22/Aug/2026:12:24:59 +0800] "GET /wp-content/uploads/sites/1366/2026/01/%E8%AA%B2%E7%A8%8B%E8%A8%88%E7%95%AB%E5%B0%88%E5%8D%80-16-300x84.png HTTP/1.1" 200 14701 "https://www.kases.ilc.edu.tw/" "Mozilla/5.0 (Windows NT 10.0; Win64; x64) AppleWebKit/537.36 (KHTML, like Gecko) Chrome/151.0.0.0 Safari/537.36"
140.111.121.67 - - [22/Aug/2026:12:24:59 +0800] "GET /wp-content/uploads/sites/1366/2025/10/%E8%AA%B2%E7%A8%8B%E8%A8%88%E7%95%AB%E5%B0%88%E5%8D%80-13-300x58.png HTTP/1.1" 200 8548 "https://www.kases.ilc.edu.tw/" "Mozilla/5.0 (Windows NT 10.0; Win64; x64) AppleWebKit/537.36 (KHTML, like Gecko) Chrome/151.0.0.0 Safari/537.36"
140.111.121.67 - - [22/Aug/2026:12:24:59 +0800] "GET /wp-content/uploads/sites/1366/2024/02/%E7%87%9F%E9%A4%8A%E5%8D%88%E9%A4%901-300x58.png HTTP/1.1" 200 13115 "https://www.kases.ilc.edu.tw/" "Mozilla/5.0 (Windows NT 10.0; Win64; x64) AppleWebKit/537.36 (KHTML, like Gecko) Chrome/151.0.0.0 Safari/537.36"
140.111.121.67 - - [22/Aug/2026:12:24:59 +0800] "GET /wp-content/uploads/sites/1366/2024/02/%E7%87%9F%E9%A4%8A%E5%8D%88%E9%A4%90-2-300x58.png HTTP/1.1" 200 11920 "https://www.kases.ilc.edu.tw/" "Mozilla/5.0 (Windows NT 10.0; Win64; x64) AppleWebKit/537.36 (KHTML, like Gecko) Chrome/151.0.0.0 Safari/537.36"
140.111.121.67 - - [22/Aug/2026:12:24:59 +0800] "GET /wp-content/uploads/sites/1366/2024/02/%E8%A8%AA%E5%AE%A2%E5%B0%88%E5%8D%80.png HTTP/1.1" 200 63574 "https://www.kases.ilc.edu.tw/" "Mozilla/5.0 (Windows NT 10.0; Win64; x64) AppleWebKit/537.36 (KHTML, like Gecko) Chrome/151.0.0.0 Safari/537.36"
140.111.121.67 - - [22/Aug/2026:12:24:59 +0800] "GET /wp-content/uploads/sites/1366/2024/02/%E8%A8%AA%E5%AE%A2%E5%B0%88%E5%8D%80-1-300x87.png HTTP/1.1" 200 13144 "https://www.kases.ilc.edu.tw/" "Mozilla/5.0 (Windows NT 10.0; Win64; x64) AppleWebKit/537.36 (KHTML, like Gecko) Chrome/151.0.0.0 Safari/537.36"
140.111.121.67 - - [22/Aug/2026:12:24:59 +0800] "GET /wp-content/uploads/sites/1366/2024/02/%E8%A8%AA%E5%AE%A2%E5%B0%88%E5%8D%80-2-300x87.png HTTP/1.1" 200 13472 "https://www.kases.ilc.edu.tw/" "Mozilla/5.0 (Windows NT 10.0; Win64; x64) AppleWebKit/537.36 (KHTML, like Gecko) Chrome/151.0.0.0 Safari/537.36"
74.7.242.54 - - [22/Aug/2026:12:24:58 +0800] "GET /26150/?p=9125 HTTP/1.1" 301 894 "https://2blog.ilc.edu.tw/26150/2023/04/10/%e5%b9%b8%e7%a6%8f%e5%ae%b6%e5%ba%ad%e7%a9%ba%e4%b8%ad%e8%ac%9b%e5%a0%82-112%e5%b9%b4%e7%ac%ac15%e9%9b%86/" "Mozilla/5.0 AppleWebKit/537.36 (KHTML, like Gecko; compatible; GPTBot/1.4; +https://openai.com/gptbot)"
184.73.239.35 - - [22/Aug/2026:12:24:59 +0800] "GET /41795/2019/06/11/6%E6%9C%8812%E6%97%A5%E9%80%B1%E4%B8%89%E5%9B%9E%E5%AE%B6%E4%BD%9C%E6%A5%AD%E5%90%AB%E6%B3%A8%E6%84%8F%E4%BA%8B%E9%A0%85/embed/ HTTP/1.1" 200 12533 "-" "Mozilla/5.0 AppleWebKit/537.36 (KHTML, like Gecko; compatible; Amazonbot/0.1; +https://developer.amazon.com/support/amazonbot) Chrome/119.0.6045.214 Safari/537.36"
140.111.121.67 - - [22/Aug/2026:12:25:00 +0800] "GET /wp-content/uploads/sites/1366/2020/01/cropped-%E6%A0%A1%E5%BE%BD-32x32.jpg HTTP/1.1" 200 1935 "https://www.kases.ilc.edu.tw/" "Mozilla/5.0 (Windows NT 10.0; Win64; x64) AppleWebKit/537.36 (KHTML, like Gecko) Chrome/151.0.0.0 Safari/537.36"
74.7.242.54 - - [22/Aug/2026:12:25:00 +0800] "GET /26150/?p=3326 HTTP/1.1" 301 984 "https://2blog.ilc.edu.tw/26150/2016/10/17/%e6%9c%ac%e4%b8%ad%e5%bf%83%e8%87%aa%e6%9c%ac105%e5%b9%b411%e6%9c%881%e6%97%a5%e8%b5%b7%e5%af%a6%e6%96%bd%e5%86%ac%e4%bb%a4%e8%be%a6%e5%85%ac%e6%99%82%e9%96%93%ef%bc%8c%e6%aa%a2%e9%99%84%e5%85%ac/" "Mozilla/5.0 AppleWebKit/537.36 (KHTML, like Gecko; compatible; GPTBot/1.4; +https://openai.com/gptbot)"
74.7.242.54 - - [22/Aug/2026:12:25:02 +0800] "GET /1003/?p=26691 HTTP/1.1" 301 847 "https://2blog.ilc.edu.tw/1003/2010/09/05/2006%e9%9b%aa%e5%b1%b1%e9%9a%a7%e9%81%93%e5%96%ae%e8%bb%8a%e8%a1%8c%e5%9b%9e%e9%a1%a7/" "Mozilla/5.0 AppleWebKit/537.36 (KHTML, like Gecko; compatible; GPTBot/1.4; +https://openai.com/gptbot)"
2001:288:a201::66:125 - - [22/Aug/2026:12:25:03 +0800] "GET /blog/active.php HTTP/1.1" 301 1026 "-" "-"
2001:288:a201::66:125 - - [22/Aug/2026:12:25:03 +0800] "GET /blog/active.php HTTP/1.1" 404 1084 "-" "-"
136.119.35.120 - - [22/Aug/2026:12:25:03 +0800] "GET /2017/09/18/%E7%A7%9F%E8%BB%8A%E5%A5%91%E7%B4%84/ HTTP/1.1" 200 33310 "-" "Mozilla/5.0 (Macintosh; Intel Mac OS X 10_15_7) AppleWebKit/537.36 (KHTML, like Gecko) Chrome/120.0.0.0 Safari/537.36"
::1 - - [22/Aug/2026:12:25:03 +0800] "OPTIONS * HTTP/1.0" 200 110 "-" "Apache/2.4.68 (Ubuntu) OpenSSL/3.0.19 (internal dummy connection)"
34.10.212.52 - - [22/Aug/2026:12:25:03 +0800] "GET / HTTP/1.1" 200 28212 "-" "Mozilla/5.0 (Windows NT 10.0; Win64; x64) AppleWebKit/537.36 (KHTML, like Gecko) Chrome/120.0.0.0 Safari/537.36"
140.111.67.10 - - [22/Aug/2026:12:25:04 +0800] "GET /" 301 273 "-" "-"
52.167.144.234 - - [22/Aug/2026:12:25:04 +0800] "GET /1/author/ghwu/ HTTP/1.1" 200 19244 "-" "Mozilla/5.0 AppleWebKit/537.36 (KHTML, like Gecko; compatible; bingbot/2.0; +http://www.bing.com/bingbot.htm) Chrome/116.0.1938.76 Safari/537.36"
147.92.179.114 - - [22/Aug/2026:12:25:04 +0800] "GET / HTTP/1.1" 200 30239 "-" "facebookexternalhit/1.1;line-poker/1.0"
34.205.163.103 - - [22/Aug/2026:12:25:04 +0800] "GET /6554/wp-json/wp/v2/posts/15512 HTTP/1.1" 200 11303 "-" "Mozilla/5.0 AppleWebKit/537.36 (KHTML, like Gecko; compatible; Amazonbot/0.1; +https://developer.amazon.com/support/amazonbot) Chrome/119.0.6045.214 Safari/537.36"
74.7.242.54 - - [22/Aug/2026:12:25:02 +0800] "GET /26150/?p=6365 HTTP/1.1" 301 981 "https://2blog.ilc.edu.tw/26150/2021/12/03/%e5%87%bd%e8%bd%89%e5%ae%9c%e8%98%ad%e7%b8%a3%e6%94%bf%e5%ba%9c%e7%82%ba%e5%8a%a0%e5%bc%b7%e5%ae%a3%e5%b0%8e110%e5%b9%b4%e5%85%a8%e5%9c%8b%e6%80%a7%e5%85%ac%e6%b0%91%e6%8a%95%e7%a5%a8%ef%bc%8c/" "Mozilla/5.0 AppleWebKit/537.36 (KHTML, like Gecko; compatible; GPTBot/1.4; +https://openai.com/gptbot)"
66.249.82.229 - - [22/Aug/2026:12:25:06 +0800] "GET /blog/gallery/868/previews/868-3248303.jpg HTTP/1.1" 301 1115 "-" "Mozilla/5.0 (Windows NT 5.1; rv:11.0) Gecko Firefox/11.0 (via ggpht.com GoogleImageProxy)"
127.0.0.1 - - [22/Aug/2026:12:25:06 +0800] "GET / HTTP/1.1" 301 977 "-" "curl/7.81.0"
127.0.0.1 - - [22/Aug/2026:12:25:06 +0800] "GET / HTTP/1.1" 302 5497 "-" "curl/7.81.0"
127.0.0.1 - - [22/Aug/2026:12:25:06 +0800] "HEAD / HTTP/1.1" 302 5478 "-" "curl/7.81.0"
18.214.138.148 - - [22/Aug/2026:12:25:06 +0800] "GET /6043/wp-json/wp/v2/%22https:/2blog.ilc.edu.tw/wp-content/uploads/sites/207/6043/6043-1674841.jpg/%22 HTTP/1.1" 404 6131 "-" "Mozilla/5.0 AppleWebKit/537.36 (KHTML, like Gecko; compatible; Amazonbot/0.1; +https://developer.amazon.com/support/amazonbot) Chrome/119.0.6045.214 Safari/537.36"
2407:4b00:4c00:7cb1:42a:90c1:9192:807c - - [22/Aug/2026:12:25:06 +0800] "GET /apple-touch-icon-precomposed.png HTTP/1.1" 404 53464 "-" "NetworkingExtension/8624.4.5.10.5 Network/5812.160.9 iOS/26.6"
2407:4b00:4c00:7cb1:42a:90c1:9192:807c - - [22/Aug/2026:12:25:06 +0800] "GET /favicon.ico HTTP/1.1" 302 5900 "-" "NetworkingExtension/8624.4.5.10.5 Network/5812.160.9 iOS/26.6"
