216.73.216.20 - - [22/Aug/2026:12:27:37 +0800] "GET /6472/2011/03/19/%e6%b4%bb%e5%8b%95%e5%85%ac%e5%91%8a-2011%e5%b9%b4%e3%80%8c%e6%a8%82%e6%b4%bb%e5%8f%b0%e7%81%a3%e6%b8%9b%e7%a2%b3100%e3%80%8d%e7%af%80%e8%83%bd%e6%b8%9b%e7%a2%b3%e5%89%b5%e6%84%8f%e7%b3%bb%e5%88%97/ HTTP/1.1" 200 11520 "https://2blog.ilc.edu.tw/6472/?p=15152" "Mozilla/5.0 AppleWebKit/537.36 (KHTML, like Gecko; compatible; ClaudeBot/1.0; +claudebot@anthropic.com)"
216.73.216.20 - - [22/Aug/2026:12:27:37 +0800] "GET /6325/2011/12/04/%e8%be%a6%e7%90%86%e9%98%b2%e9%9c%87%e6%95%99%e8%82%b2%e6%b4%bb%e5%8b%95%e9%85%8d%e5%90%88%e5%ae%a3%e5%b0%8e%e7%92%b0%e5%a2%83%e6%95%99%e8%82%b2%e7%9b%b8%e9%97%9c%e6%8e%aa%e6%96%bd/ HTTP/1.1" 200 15895 "https://2blog.ilc.edu.tw/6325/?p=17553" "Mozilla/5.0 AppleWebKit/537.36 (KHTML, like Gecko; compatible; ClaudeBot/1.0; +claudebot@anthropic.com)"
216.73.216.20 - - [22/Aug/2026:12:27:37 +0800] "GET /6448/2020/11/18/109_%e4%b8%89_1-2_%e5%af%a6%e9%a9%97%e5%a0%b4%e6%89%80%e5%ae%89%e5%85%a8%e8%a1%9b%e7%94%9f%e5%b7%a5%e4%bd%9c%e5%ae%88%e5%89%87/ HTTP/1.1" 200 10808 "https://2blog.ilc.edu.tw/6448/?p=4364" "Mozilla/5.0 AppleWebKit/537.36 (KHTML, like Gecko; compatible; ClaudeBot/1.0; +claudebot@anthropic.com)"
216.73.216.20 - - [22/Aug/2026:12:27:37 +0800] "GET /6448/2020/11/18/109_%e4%ba%8c_1_%e7%b6%9c%e5%90%88%e8%aa%b2%e7%a8%8b%e8%9e%8d%e5%85%a5%e7%92%b0%e6%95%99-%e4%b8%89%e5%ad%9d/ HTTP/1.1" 200 10736 "https://2blog.ilc.edu.tw/6448/?p=4235" "Mozilla/5.0 AppleWebKit/537.36 (KHTML, like Gecko; compatible; ClaudeBot/1.0; +claudebot@anthropic.com)"
17.22.253.58 - - [22/Aug/2026:12:27:37 +0800] "GET /wp-content/themes/oceanwp/assets/js/drop-down-mobile-menu.min.js HTTP/1.1" 200 4663 "https://www.yies.ilc.edu.tw/" "Mozilla/5.0 (Macintosh; Intel Mac OS X 10_15_7) AppleWebKit/605.1.15 (KHTML, like Gecko) Version/17.4 Safari/605.1.15 (Applebot/0.1; +http://www.apple.com/go/applebot)"
216.73.216.20 - - [22/Aug/2026:12:27:37 +0800] "GET /6325/2013/11/29/102_%e7%92%b0%e5%a2%83%e6%95%99%e8%82%b2%e8%87%aa%e8%a9%95%e8%a1%a8%e7%ac%ac%e4%b8%80%e9%a0%81%e8%ab%8b%e6%8e%a5%e4%b8%8b%e9%a0%81/ HTTP/1.1" 200 12144 "https://2blog.ilc.edu.tw/6325/?p=17988" "Mozilla/5.0 AppleWebKit/537.36 (KHTML, like Gecko; compatible; ClaudeBot/1.0; +claudebot@anthropic.com)"
216.73.216.20 - - [22/Aug/2026:12:27:37 +0800] "GET /6448/2015/10/23/104_2-6_%e6%95%99%e8%82%b2%e9%83%a8%e7%b6%a0%e8%89%b2%e5%ad%b8%e6%a0%a1%e5%a4%a5%e4%bc%b4%e7%b6%b2%e8%b7%af%e6%8f%90%e5%a0%b1%e6%83%85%e5%bd%a2/ HTTP/1.1" 200 10950 "https://2blog.ilc.edu.tw/6448/?p=416" "Mozilla/5.0 AppleWebKit/537.36 (KHTML, like Gecko; compatible; ClaudeBot/1.0; +claudebot@anthropic.com)"
216.73.216.20 - - [22/Aug/2026:12:27:37 +0800] "GET /6448/2019/11/15/108_%e5%9b%9b_1_%e7%92%b0%e4%bf%9d%e5%b0%8f%e7%bd%b2%e9%95%b7%e5%80%99%e9%81%b8%e4%ba%ba2%e8%99%9f-%e5%9b%9b%e5%bf%a0%e6%9b%be%e5%ad%90%e6%a6%ae-%e9%9b%bb%e5%ad%90%e5%a0%b1/ HTTP/1.1" 200 16749 "https://2blog.ilc.edu.tw/6448/?p=880" "Mozilla/5.0 AppleWebKit/537.36 (KHTML, like Gecko; compatible; ClaudeBot/1.0; +claudebot@anthropic.com)"
159.89.233.32 - - [22/Aug/2026:12:27:37 +0800] "GET /blog/gallery/8176/previews-med/8176-3733485.jpg HTTP/1.1" 404 25426 "http://blog.ilc.edu.tw/" "Mozilla/5.0 (Windows NT 10.0; Win64; x64) AppleWebKit/537.36 (KHTML, like Gecko) Chrome/124.0.0.0 Safari/537.36"
216.73.216.20 - - [22/Aug/2026:12:27:37 +0800] "GET /6448/2020/11/18/109_%e4%b8%89_1-2_109%e5%ad%b8%e5%b9%b4%e5%ba%a6%e4%b8%8a%e7%92%b0%e5%a2%83%e5%8d%80%e5%9f%9f%e9%85%8d%e7%bd%ae%e5%9c%96%e6%ad%a3%e7%a2%ba109-7-2/ HTTP/1.1" 200 15598 "https://2blog.ilc.edu.tw/6448/?p=4336" "Mozilla/5.0 AppleWebKit/537.36 (KHTML, like Gecko; compatible; ClaudeBot/1.0; +claudebot@anthropic.com)"
216.73.216.20 - - [22/Aug/2026:12:27:37 +0800] "GET /6448/2020/11/18/109_%e4%ba%8c_1_109%e5%9b%9b%e4%b8%8a%e7%92%b0%e6%95%99%e6%95%99%e5%ad%b8%e8%a8%88%e7%95%ab/ HTTP/1.1" 200 15445 "https://2blog.ilc.edu.tw/6448/?p=4128" "Mozilla/5.0 AppleWebKit/537.36 (KHTML, like Gecko; compatible; ClaudeBot/1.0; +claudebot@anthropic.com)"
216.73.216.20 - - [22/Aug/2026:12:27:37 +0800] "GET /6448/2019/11/15/108_%e5%9b%9b_4_%e9%9b%a8%e6%b0%b4%e5%86%8d%e5%88%a9%e7%94%a8-%e6%b0%b4%e7%94%9f%e6%a4%8d%e7%89%a9%e6%b1%a0%e5%be%aa%e7%92%b0%e7%b3%bb%e7%b5%b1/ HTTP/1.1" 200 11464 "https://2blog.ilc.edu.tw/6448/?p=912" "Mozilla/5.0 AppleWebKit/537.36 (KHTML, like Gecko; compatible; ClaudeBot/1.0; +claudebot@anthropic.com)"
216.73.216.20 - - [22/Aug/2026:12:27:37 +0800] "GET /6448/?p=297 HTTP/1.1" 301 1265 "-" "Mozilla/5.0 AppleWebKit/537.36 (KHTML, like Gecko; compatible; ClaudeBot/1.0; +claudebot@anthropic.com)"
216.73.216.20 - - [22/Aug/2026:12:27:37 +0800] "GET /6325/?p=18298 HTTP/1.1" 301 910 "-" "Mozilla/5.0 AppleWebKit/537.36 (KHTML, like Gecko; compatible; ClaudeBot/1.0; +claudebot@anthropic.com)"
216.73.216.20 - - [22/Aug/2026:12:27:37 +0800] "GET /6448/?p=257 HTTP/1.1" 301 936 "-" "Mozilla/5.0 AppleWebKit/537.36 (KHTML, like Gecko; compatible; ClaudeBot/1.0; +claudebot@anthropic.com)"
216.73.216.20 - - [22/Aug/2026:12:27:37 +0800] "GET /6448/?p=826 HTTP/1.1" 301 887 "-" "Mozilla/5.0 AppleWebKit/537.36 (KHTML, like Gecko; compatible; ClaudeBot/1.0; +claudebot@anthropic.com)"
216.73.216.20 - - [22/Aug/2026:12:27:37 +0800] "GET /6448/2013/11/27/102%e5%b9%b4%e4%b8%80%ef%bd%9e%ef%bc%97%e7%92%b0%e4%bf%9d%e5%b0%8f%e7%bd%b2%e9%95%b7%e7%b6%ad%e8%ad%b7%e6%a0%a1%e5%9c%92%e6%95%b4%e6%bd%94/ HTTP/1.1" 200 11438 "https://2blog.ilc.edu.tw/6448/?p=297" "Mozilla/5.0 AppleWebKit/537.36 (KHTML, like Gecko; compatible; ClaudeBot/1.0; +claudebot@anthropic.com)"
216.73.216.20 - - [22/Aug/2026:12:27:37 +0800] "GET /6325/2014/11/27/103_%e5%ad%b8%e6%a0%a1%e7%92%b0%e5%a2%83%e6%95%99%e8%82%b2%e7%89%b9%e8%89%b2%e6%88%96%e5%89%b5%e6%96%b0%e4%bd%9c%e7%82%ba1/ HTTP/1.1" 200 11678 "https://2blog.ilc.edu.tw/6325/?p=18298" "Mozilla/5.0 AppleWebKit/537.36 (KHTML, like Gecko; compatible; ClaudeBot/1.0; +claudebot@anthropic.com)"
216.73.216.20 - - [22/Aug/2026:12:27:37 +0800] "GET /6448/?p=4059 HTTP/1.1" 301 1234 "-" "Mozilla/5.0 AppleWebKit/537.36 (KHTML, like Gecko; compatible; ClaudeBot/1.0; +claudebot@anthropic.com)"
216.73.216.20 - - [22/Aug/2026:12:27:37 +0800] "GET /6448/2013/11/26/102%e5%b9%b4%e4%ba%8c%ef%bd%9e%e5%9b%9b-%e4%b9%9d%e6%ad%8c%e5%85%92%e7%ab%a5%e7%92%b0%e4%bf%9d%e5%8a%87%e5%9c%98%e8%92%9e%e6%a0%a1%e6%bc%94%e5%87%ba/ HTTP/1.1" 200 11508 "https://2blog.ilc.edu.tw/6448/?p=257" "Mozilla/5.0 AppleWebKit/537.36 (KHTML, like Gecko; compatible; ClaudeBot/1.0; +claudebot@anthropic.com)"
216.73.216.20 - - [22/Aug/2026:12:27:37 +0800] "GET /6325/?p=18398 HTTP/1.1" 301 1267 "-" "Mozilla/5.0 AppleWebKit/537.36 (KHTML, like Gecko; compatible; ClaudeBot/1.0; +claudebot@anthropic.com)"
216.73.216.20 - - [22/Aug/2026:12:27:37 +0800] "GET /6448/2019/11/14/108_%e4%ba%8c_2_%e9%a0%82%e7%9c%9f%e6%b4%bb%e5%8b%95-%e8%a8%88%e7%95%ab-%e7%b0%bd%e5%88%b0%e8%a1%a8/ HTTP/1.1" 200 10743 "https://2blog.ilc.edu.tw/6448/?p=826" "Mozilla/5.0 AppleWebKit/537.36 (KHTML, like Gecko; compatible; ClaudeBot/1.0; +claudebot@anthropic.com)"
216.73.216.20 - - [22/Aug/2026:12:27:37 +0800] "GET /6448/?p=531 HTTP/1.1" 301 1261 "-" "Mozilla/5.0 AppleWebKit/537.36 (KHTML, like Gecko; compatible; ClaudeBot/1.0; +claudebot@anthropic.com)"
216.73.216.20 - - [22/Aug/2026:12:27:38 +0800] "GET /6448/2020/11/18/109_%e4%ba%8c_1-_%e6%9c%a8%e5%b7%a5%e6%aa%af%e7%87%88%e8%a3%bd%e4%bd%9c%e7%a0%94%e7%bf%92%e6%88%90%e6%9e%9c/ HTTP/1.1" 200 10769 "https://2blog.ilc.edu.tw/6448/?p=4059" "Mozilla/5.0 AppleWebKit/537.36 (KHTML, like Gecko; compatible; ClaudeBot/1.0; +claudebot@anthropic.com)"
2001:288:a201::66:125 - - [22/Aug/2026:12:27:38 +0800] "GET /blog/active.php HTTP/1.1" 301 1026 "-" "-"
2001:288:a201::66:125 - - [22/Aug/2026:12:27:38 +0800] "GET /blog/active.php HTTP/1.1" 404 1084 "-" "-"
216.73.216.20 - - [22/Aug/2026:12:27:38 +0800] "GET /6325/?p=17959 HTTP/1.1" 301 964 "-" "Mozilla/5.0 AppleWebKit/537.36 (KHTML, like Gecko; compatible; ClaudeBot/1.0; +claudebot@anthropic.com)"
216.73.216.20 - - [22/Aug/2026:12:27:38 +0800] "GET /6325/2015/08/30/104_%e7%92%b0%e5%a2%83%e6%95%99%e8%82%b2%e6%b4%bb%e5%8b%95%e7%9b%b8%e7%89%87_%e9%a4%90%e9%a3%b2%e7%9a%84%e6%98%9f%e7%b4%9a%e5%88%86%e8%be%a8/ HTTP/1.1" 200 10881 "https://2blog.ilc.edu.tw/6325/?p=18398" "Mozilla/5.0 AppleWebKit/537.36 (KHTML, like Gecko; compatible; ClaudeBot/1.0; +claudebot@anthropic.com)"
216.73.216.20 - - [22/Aug/2026:12:27:38 +0800] "GET /6325/?p=18426 HTTP/1.1" 301 983 "-" "Mozilla/5.0 AppleWebKit/537.36 (KHTML, like Gecko; compatible; ClaudeBot/1.0; +claudebot@anthropic.com)"
216.73.216.20 - - [22/Aug/2026:12:27:38 +0800] "GET /6448/2016/11/04/105_4-3_%e6%a0%a1%e5%9c%92%e7%a9%ba%e6%b0%a3%e5%93%81%e8%b3%aa%e6%95%99%e8%82%b2%e6%b4%bb%e5%8b%95%e5%9f%b7%e8%a1%8c%e6%88%90%e6%9e%9c/ HTTP/1.1" 200 10775 "https://2blog.ilc.edu.tw/6448/?p=531" "Mozilla/5.0 AppleWebKit/537.36 (KHTML, like Gecko; compatible; ClaudeBot/1.0; +claudebot@anthropic.com)"
216.73.216.20 - - [22/Aug/2026:12:27:38 +0800] "GET /6472/?p=15409 HTTP/1.1" 301 974 "-" "Mozilla/5.0 AppleWebKit/537.36 (KHTML, like Gecko; compatible; ClaudeBot/1.0; +claudebot@anthropic.com)"
216.73.216.20 - - [22/Aug/2026:12:27:38 +0800] "GET /6325/2013/11/25/102_%e6%95%99%e5%ad%b8%e8%88%87%e5%ae%a3%e5%b0%8e%e6%b4%bb%e5%8b%95_%e5%9b%9b%e5%b9%b4%e7%b4%9a%e9%9b%99%e9%80%a3%e5%9f%a4%e7%94%9f%e6%85%8b%e6%95%99%e5%ae%a4%e8%aa%b2%e7%a8%8b/ HTTP/1.1" 200 12626 "https://2blog.ilc.edu.tw/6325/?p=17959" "Mozilla/5.0 AppleWebKit/537.36 (KHTML, like Gecko; compatible; ClaudeBot/1.0; +claudebot@anthropic.com)"
52.4.238.8 - - [22/Aug/2026:12:27:38 +0800] "GET /6043/wp-json/wp/v2/%22https:/2blog.ilc.edu.tw/wp-content/uploads/sites/207/6043/6043-1674879.jpg/%22 HTTP/1.1" 404 6131 "-" "Mozilla/5.0 AppleWebKit/537.36 (KHTML, like Gecko; compatible; Amazonbot/0.1; +https://developer.amazon.com/support/amazonbot) Chrome/119.0.6045.214 Safari/537.36"
2409:8a4c:c605:e557:409f:18d0:9812:d344 - - [22/Aug/2026:12:27:38 +0800] "GET /wp-content/themes/oceanwp/assets/js/scroll-top.min.js HTTP/1.1" 200 3202 "https://www.jwps.ilc.edu.tw/%e8%97%9d%e8%a1%93%e8%88%87%e4%ba%ba%e6%96%87%e6%95%99%e5%ad%b8%e6%b7%b1%e8%80%95/" "Mozilla/5.0 (Windows NT 10.0; Win64; x64) AppleWebKit/537.36 (KHTML, like Gecko) Chrome/144.0.0.0 Safari/537.36"
216.73.216.20 - - [22/Aug/2026:12:27:38 +0800] "GET /6325/?p=18424 HTTP/1.1" 301 910 "-" "Mozilla/5.0 AppleWebKit/537.36 (KHTML, like Gecko; compatible; ClaudeBot/1.0; +claudebot@anthropic.com)"
216.73.216.20 - - [22/Aug/2026:12:27:38 +0800] "GET /6448/?p=177 HTTP/1.1" 301 1320 "-" "Mozilla/5.0 AppleWebKit/537.36 (KHTML, like Gecko; compatible; ClaudeBot/1.0; +claudebot@anthropic.com)"
216.73.216.20 - - [22/Aug/2026:12:27:38 +0800] "GET /6325/2015/09/05/104_%e6%a0%a1%e5%9c%92%e7%92%b0%e5%a2%83%e7%ae%a1%e7%90%867-%e8%a8%ad%e7%bd%ae%e6%95%99%e5%ad%b8%e8%be%b2%e5%a0%b4%e6%8e%a8%e5%b1%95%e9%a3%9f%e8%be%b2%e6%a0%a1%e8%82%b2%ef%bc%8c%e6%8e%a8%e5%8b%95/ HTTP/1.1" 200 10977 "https://2blog.ilc.edu.tw/6325/?p=18426" "Mozilla/5.0 AppleWebKit/537.36 (KHTML, like Gecko; compatible; ClaudeBot/1.0; +claudebot@anthropic.com)"
216.73.216.20 - - [22/Aug/2026:12:27:38 +0800] "GET /6472/2014/02/27/103%ef%bc%bf%e5%85%ac%e5%91%8a%ef%bc%9a103%e5%b9%b4%e5%ba%a6%e7%92%b0%e5%a2%83%e6%95%99%e8%82%b2%e7%b5%82%e8%ba%ab%e5%ad%b8%e7%bf%92%e8%ad%b7%e7%85%a7%e6%8e%a8%e5%bb%a3%e8%a8%88%e7%95%ab/ HTTP/1.1" 200 11148 "https://2blog.ilc.edu.tw/6472/?p=15409" "Mozilla/5.0 AppleWebKit/537.36 (KHTML, like Gecko; compatible; ClaudeBot/1.0; +claudebot@anthropic.com)"
2409:8a4c:c605:e557:409f:18d0:9812:d344 - - [22/Aug/2026:12:27:38 +0800] "GET /wp-content/themes/oceanwp/assets/js/select.min.js HTTP/1.1" 200 2408 "https://www.jwps.ilc.edu.tw/%e8%97%9d%e8%a1%93%e8%88%87%e4%ba%ba%e6%96%87%e6%95%99%e5%ad%b8%e6%b7%b1%e8%80%95/" "Mozilla/5.0 (Windows NT 10.0; Win64; x64) AppleWebKit/537.36 (KHTML, like Gecko) Chrome/144.0.0.0 Safari/537.36"
34.42.229.145 - - [22/Aug/2026:12:27:38 +0800] "GET /dashen/%E8%A6%AA%E5%B8%AB%E4%BA%92%E5%8B%95%E5%A5%BD%E7%9C%81%E4%BA%8B%E2%94%80line-%E5%AE%98%E6%96%B9%E5%B8%B3%E8%99%9F%E9%80%B2%E9%9A%8E%E7%89%88/ HTTP/1.1" 200 20838 "-" "Mozilla/5.0 (Macintosh; Intel Mac OS X 10_15_7) AppleWebKit/537.36 (KHTML, like Gecko) Chrome/120.0.0.0 Safari/537.36"
216.73.216.20 - - [22/Aug/2026:12:27:38 +0800] "GET /6448/?p=888 HTTP/1.1" 301 949 "-" "Mozilla/5.0 AppleWebKit/537.36 (KHTML, like Gecko; compatible; ClaudeBot/1.0; +claudebot@anthropic.com)"
216.73.216.20 - - [22/Aug/2026:12:27:38 +0800] "GET /6325/2015/09/04/104_%e5%ad%b8%e6%a0%a1%e7%92%b0%e5%a2%83%e6%95%99%e8%82%b2%e7%89%b9%e8%89%b2%e6%88%96%e5%89%b5%e6%96%b0%e4%bd%9c%e7%82%ba4/ HTTP/1.1" 200 10676 "https://2blog.ilc.edu.tw/6325/?p=18424" "Mozilla/5.0 AppleWebKit/537.36 (KHTML, like Gecko; compatible; ClaudeBot/1.0; +claudebot@anthropic.com)"
216.73.216.20 - - [22/Aug/2026:12:27:38 +0800] "GET /6448/?p=4175 HTTP/1.1" 301 876 "-" "Mozilla/5.0 AppleWebKit/537.36 (KHTML, like Gecko; compatible; ClaudeBot/1.0; +claudebot@anthropic.com)"
17.22.253.58 - - [22/Aug/2026:12:27:38 +0800] "GET /wp-content/themes/oceanwp/assets/js/drop-down-search.min.js HTTP/1.1" 200 2968 "https://www.yies.ilc.edu.tw/" "Mozilla/5.0 (Macintosh; Intel Mac OS X 10_15_7) AppleWebKit/605.1.15 (KHTML, like Gecko) Version/17.4 Safari/605.1.15 (Applebot/0.1; +http://www.apple.com/go/applebot)"
216.73.216.20 - - [22/Aug/2026:12:27:38 +0800] "GET /6448/2012/11/21/101%e5%b9%b4%e4%b8%808%e6%9e%97%e5%8b%99%e5%b1%80%e6%8f%90%e4%be%9b%e5%8f%a4%e4%ba%ad%e5%9c%8b%e5%b0%8f%e5%9c%9f%e5%9c%b0%e9%80%a0%e6%9e%97%e5%8f%8a%e7%b6%a0%e7%be%8e%e5%8c%96%e6%a4%8d%e6%a0%bd/ HTTP/1.1" 200 11314 "https://2blog.ilc.edu.tw/6448/?p=177" "Mozilla/5.0 AppleWebKit/537.36 (KHTML, like Gecko; compatible; ClaudeBot/1.0; +claudebot@anthropic.com)"
216.73.216.20 - - [22/Aug/2026:12:27:38 +0800] "GET /6325/?p=17958 HTTP/1.1" 301 910 "-" "Mozilla/5.0 AppleWebKit/537.36 (KHTML, like Gecko; compatible; ClaudeBot/1.0; +claudebot@anthropic.com)"
216.73.216.20 - - [22/Aug/2026:12:27:38 +0800] "GET /6448/2019/11/15/108_%e5%9b%9b_2_%e6%88%91%e5%8f%af%e4%bb%a5%e9%80%99%e6%a8%a3%e5%90%83%e8%aa%8d%e8%ad%98%e5%85%ad%e5%a4%a7%e9%a1%9e%e9%a3%9f%e7%89%a9-%e9%9b%bb%e5%ad%90%e5%a0%b1/ HTTP/1.1" 200 12305 "https://2blog.ilc.edu.tw/6448/?p=888" "Mozilla/5.0 AppleWebKit/537.36 (KHTML, like Gecko; compatible; ClaudeBot/1.0; +claudebot@anthropic.com)"
216.73.216.20 - - [22/Aug/2026:12:27:38 +0800] "GET /6448/?p=861 HTTP/1.1" 301 904 "-" "Mozilla/5.0 AppleWebKit/537.36 (KHTML, like Gecko; compatible; ClaudeBot/1.0; +claudebot@anthropic.com)"
216.73.216.20 - - [22/Aug/2026:12:27:38 +0800] "GET /6448/2020/11/18/109_%e4%ba%8c_1_%e6%9c%a8%e8%a3%bd%e7%87%88%e9%a3%be%e7%a0%94%e7%bf%92%e6%88%90%e6%9e%9c/ HTTP/1.1" 200 10709 "https://2blog.ilc.edu.tw/6448/?p=4175" "Mozilla/5.0 AppleWebKit/537.36 (KHTML, like Gecko; compatible; ClaudeBot/1.0; +claudebot@anthropic.com)"
74.7.242.54 - - [22/Aug/2026:12:27:36 +0800] "GET /26150/category/c-11216/page/3/ HTTP/1.1" 200 17707 "https://2blog.ilc.edu.tw/26150/category/c-11216/" "Mozilla/5.0 AppleWebKit/537.36 (KHTML, like Gecko; compatible; GPTBot/1.4; +https://openai.com/gptbot)"
2409:8a4c:c605:e557:409f:18d0:9812:d344 - - [22/Aug/2026:12:27:39 +0800] "GET /wp-content/plugins/ocean-extra/includes/widgets/js/flickr.min.js HTTP/1.1" 200 1319 "https://www.jwps.ilc.edu.tw/%e8%97%9d%e8%a1%93%e8%88%87%e4%ba%ba%e6%96%87%e6%95%99%e5%ad%b8%e6%b7%b1%e8%80%95/" "Mozilla/5.0 (Windows NT 10.0; Win64; x64) AppleWebKit/537.36 (KHTML, like Gecko) Chrome/144.0.0.0 Safari/537.36"
216.73.216.20 - - [22/Aug/2026:12:27:38 +0800] "GET /6448/?p=543 HTTP/1.1" 301 913 "-" "Mozilla/5.0 AppleWebKit/537.36 (KHTML, like Gecko; compatible; ClaudeBot/1.0; +claudebot@anthropic.com)"
216.73.216.20 - - [22/Aug/2026:12:27:39 +0800] "GET /6325/2013/11/25/102_%e5%ad%b8%e6%a0%a1%e7%92%b0%e5%a2%83%e6%95%99%e8%82%b2%e7%89%b9%e8%89%b2%e6%88%96%e5%89%b5%e6%96%b0%e4%bd%9c%e7%82%ba3/ HTTP/1.1" 200 11071 "https://2blog.ilc.edu.tw/6325/?p=17958" "Mozilla/5.0 AppleWebKit/537.36 (KHTML, like Gecko; compatible; ClaudeBot/1.0; +claudebot@anthropic.com)"
216.73.216.20 - - [22/Aug/2026:12:27:39 +0800] "GET /6448/?p=823 HTTP/1.1" 301 950 "-" "Mozilla/5.0 AppleWebKit/537.36 (KHTML, like Gecko; compatible; ClaudeBot/1.0; +claudebot@anthropic.com)"
34.10.180.98 - - [22/Aug/2026:12:27:39 +0800] "GET /kkesper/wp-login.php HTTP/1.1" 200 10746 "-" "Mozilla/5.0 (Macintosh; Intel Mac OS X 10_15_7) AppleWebKit/537.36 (KHTML, like Gecko) Chrome/120.0.0.0 Safari/537.36"
216.73.216.20 - - [22/Aug/2026:12:27:39 +0800] "GET /6448/2019/11/15/108_%e4%b8%89_2_%e6%a0%a1%e5%9c%92%e7%99%bb%e9%9d%a9%e7%86%b1%e9%98%b2%e6%b2%bb-%e8%a8%88%e7%95%ab%e6%8e%83%e6%8f%8f/ HTTP/1.1" 200 10811 "https://2blog.ilc.edu.tw/6448/?p=861" "Mozilla/5.0 AppleWebKit/537.36 (KHTML, like Gecko; compatible; ClaudeBot/1.0; +claudebot@anthropic.com)"
140.111.67.10 - - [22/Aug/2026:12:27:39 +0800] "GET /" 301 273 "-" "-"
216.73.216.20 - - [22/Aug/2026:12:27:39 +0800] "GET /6325/?p=18439 HTTP/1.1" 301 937 "-" "Mozilla/5.0 AppleWebKit/537.36 (KHTML, like Gecko; compatible; ClaudeBot/1.0; +claudebot@anthropic.com)"
2409:8a4c:c605:e557:409f:18d0:9812:d344 - - [22/Aug/2026:12:27:39 +0800] "GET /wp-content/plugins/elementor-pro/assets/js/webpack-pro.runtime.min.js HTTP/1.1" 200 3562 "https://www.jwps.ilc.edu.tw/%e8%97%9d%e8%a1%93%e8%88%87%e4%ba%ba%e6%96%87%e6%95%99%e5%ad%b8%e6%b7%b1%e8%80%95/" "Mozilla/5.0 (Windows NT 10.0; Win64; x64) AppleWebKit/537.36 (KHTML, like Gecko) Chrome/144.0.0.0 Safari/537.36"
216.73.216.20 - - [22/Aug/2026:12:27:39 +0800] "GET /6448/2016/11/04/105_2-2_%e5%85%a8%e6%a0%a1%e7%92%b0%e5%a2%83%e6%95%99%e8%82%b2%e8%aa%b2%e7%a8%8b%e8%a8%88%e7%95%ab%e5%8f%8a%e6%88%90%e6%9e%9c/ HTTP/1.1" 200 10878 "https://2blog.ilc.edu.tw/6448/?p=543" "Mozilla/5.0 AppleWebKit/537.36 (KHTML, like Gecko; compatible; ClaudeBot/1.0; +claudebot@anthropic.com)"
216.73.216.20 - - [22/Aug/2026:12:27:39 +0800] "GET /6448/?p=818 HTTP/1.1" 301 911 "-" "Mozilla/5.0 AppleWebKit/537.36 (KHTML, like Gecko; compatible; ClaudeBot/1.0; +claudebot@anthropic.com)"
216.73.216.20 - - [22/Aug/2026:12:27:39 +0800] "GET /6448/2019/11/14/108_%e4%ba%8c_2_%e5%93%a1%e5%b1%b1%e5%88%b0%e6%a0%a1%e6%94%be%e6%98%a0-%e9%87%8e%e6%9c%9b%e7%94%9f%e6%85%8b%e9%9b%bb%e5%bd%b1-%e5%a0%b1%e5%90%8d%e5%85%a5%e5%8f%a3/ HTTP/1.1" 200 10874 "https://2blog.ilc.edu.tw/6448/?p=823" "Mozilla/5.0 AppleWebKit/537.36 (KHTML, like Gecko; compatible; ClaudeBot/1.0; +claudebot@anthropic.com)"
216.73.216.20 - - [22/Aug/2026:12:27:39 +0800] "GET /6472/?p=15435 HTTP/1.1" 301 983 "-" "Mozilla/5.0 AppleWebKit/537.36 (KHTML, like Gecko; compatible; ClaudeBot/1.0; +claudebot@anthropic.com)"
2409:8a4c:c605:e557:409f:18d0:9812:d344 - - [22/Aug/2026:12:27:39 +0800] "GET /wp-content/plugins/elementor/assets/js/webpack.runtime.min.js HTTP/1.1" 200 3095 "https://www.jwps.ilc.edu.tw/%e8%97%9d%e8%a1%93%e8%88%87%e4%ba%ba%e6%96%87%e6%95%99%e5%ad%b8%e6%b7%b1%e8%80%95/" "Mozilla/5.0 (Windows NT 10.0; Win64; x64) AppleWebKit/537.36 (KHTML, like Gecko) Chrome/144.0.0.0 Safari/537.36"
216.73.216.20 - - [22/Aug/2026:12:27:39 +0800] "GET /6325/2015/09/09/104_%e7%92%b0%e5%a2%83%e6%95%99%e8%82%b2%e6%b4%bb%e5%8b%95%e7%9b%b8%e7%89%87_%e7%92%b0%e5%a2%83%e6%b8%85%e5%b9%bd%e7%99%be%e9%b3%a5%e7%88%ad%e9%b3%b4/ HTTP/1.1" 200 10770 "https://2blog.ilc.edu.tw/6325/?p=18439" "Mozilla/5.0 AppleWebKit/537.36 (KHTML, like Gecko; compatible; ClaudeBot/1.0; +claudebot@anthropic.com)"
216.73.216.20 - - [22/Aug/2026:12:27:39 +0800] "GET /6448/?p=292 HTTP/1.1" 301 944 "-" "Mozilla/5.0 AppleWebKit/537.36 (KHTML, like Gecko; compatible; ClaudeBot/1.0; +claudebot@anthropic.com)"
216.73.216.20 - - [22/Aug/2026:12:27:39 +0800] "GET /6448/2019/11/14/108_%e4%ba%8c_2_%e5%bf%83%e9%9d%88%e7%92%b0%e4%bf%9d-%e5%be%90%e9%87%8d%e4%bb%81_%e5%ae%a3%e5%82%b3%e6%b5%b7%e5%a0%b1-10-20/ HTTP/1.1" 200 10888 "https://2blog.ilc.edu.tw/6448/?p=818" "Mozilla/5.0 AppleWebKit/537.36 (KHTML, like Gecko; compatible; ClaudeBot/1.0; +claudebot@anthropic.com)"
216.73.216.20 - - [22/Aug/2026:12:27:39 +0800] "GET /6448/?p=805 HTTP/1.1" 301 1242 "-" "Mozilla/5.0 AppleWebKit/537.36 (KHTML, like Gecko; compatible; ClaudeBot/1.0; +claudebot@anthropic.com)"
216.73.216.20 - - [22/Aug/2026:12:27:39 +0800] "GET /6472/2014/06/09/103%ef%bc%bf%e5%85%ac%e5%91%8a%ef%bc%9a103%e5%b9%b4%e5%ba%a6%e7%92%b0%e5%a2%83%e6%ad%a3%e7%be%a9%e6%9a%a8%e6%b0%b8%e7%ba%8c%e7%99%bc%e5%b1%95%e7%a8%ae%e5%ad%90%e4%ba%ba%e5%93%a1%e6%95%99%e5%ad%b8/ HTTP/1.1" 200 11294 "https://2blog.ilc.edu.tw/6472/?p=15435" "Mozilla/5.0 AppleWebKit/537.36 (KHTML, like Gecko; compatible; ClaudeBot/1.0; +claudebot@anthropic.com)"
216.73.216.20 - - [22/Aug/2026:12:27:39 +0800] "GET /6325/?p=18710 HTTP/1.1" 301 938 "-" "Mozilla/5.0 AppleWebKit/537.36 (KHTML, like Gecko; compatible; ClaudeBot/1.0; +claudebot@anthropic.com)"
216.73.216.20 - - [22/Aug/2026:12:27:39 +0800] "GET /6448/2013/11/27/102%e5%b9%b4%e4%ba%94%ef%bd%9e%ef%bc%91%e6%a0%a1%e5%9c%92%e8%a8%ad%e7%bd%ae%e6%b0%b4%e5%be%aa%e7%92%b0%e5%86%8d%e5%88%a9%e7%94%a8%e7%ad%89%e8%a8%ad%e6%96%bd/ HTTP/1.1" 200 11520 "https://2blog.ilc.edu.tw/6448/?p=292" "Mozilla/5.0 AppleWebKit/537.36 (KHTML, like Gecko; compatible; ClaudeBot/1.0; +claudebot@anthropic.com)"
216.73.216.20 - - [22/Aug/2026:12:27:39 +0800] "GET /6325/?p=18418 HTTP/1.1" 301 957 "-" "Mozilla/5.0 AppleWebKit/537.36 (KHTML, like Gecko; compatible; ClaudeBot/1.0; +claudebot@anthropic.com)"
34.171.68.95 - - [22/Aug/2026:12:27:39 +0800] "GET /2027/2010/04/ HTTP/1.1" 200 15718 "-" "Mozilla/5.0 (Macintosh; Intel Mac OS X 10_15_7) AppleWebKit/537.36 (KHTML, like Gecko) Chrome/120.0.0.0 Safari/537.36"
216.73.216.20 - - [22/Aug/2026:12:27:39 +0800] "GET /6448/2019/11/14/108_%e4%ba%8c_1_%e9%a3%b2%e9%a3%9f%e7%b4%85%e7%b6%a0%e7%87%88%e6%95%99%e6%a1%88%e5%8f%8a%e5%ad%b8%e7%bf%92%e5%96%ae/ HTTP/1.1" 200 15270 "https://2blog.ilc.edu.tw/6448/?p=805" "Mozilla/5.0 AppleWebKit/537.36 (KHTML, like Gecko; compatible; ClaudeBot/1.0; +claudebot@anthropic.com)"
2409:8a4c:c605:e557:409f:18d0:9812:d344 - - [22/Aug/2026:12:27:39 +0800] "GET /wp-content/plugins/elementor/assets/js/frontend-modules.min.js HTTP/1.1" 200 19416 "https://www.jwps.ilc.edu.tw/%e8%97%9d%e8%a1%93%e8%88%87%e4%ba%ba%e6%96%87%e6%95%99%e5%ad%b8%e6%b7%b1%e8%80%95/" "Mozilla/5.0 (Windows NT 10.0; Win64; x64) AppleWebKit/537.36 (KHTML, like Gecko) Chrome/144.0.0.0 Safari/537.36"
216.73.216.20 - - [22/Aug/2026:12:27:39 +0800] "GET /6448/?p=4017 HTTP/1.1" 301 948 "-" "Mozilla/5.0 AppleWebKit/537.36 (KHTML, like Gecko; compatible; ClaudeBot/1.0; +claudebot@anthropic.com)"
216.73.216.20 - - [22/Aug/2026:12:27:39 +0800] "GET /6325/2018/09/29/107-%e5%9b%9b4-%e7%b5%90%e5%90%88%e7%a4%be%e5%8d%80%e9%98%b2%e7%81%bd%e8%87%aa%e4%b8%bb%e9%9a%8a%e8%be%a6%e7%90%86%e9%98%b2%e7%81%bd%e6%95%99%e8%82%b2/ HTTP/1.1" 200 11121 "https://2blog.ilc.edu.tw/6325/?p=18710" "Mozilla/5.0 AppleWebKit/537.36 (KHTML, like Gecko; compatible; ClaudeBot/1.0; +claudebot@anthropic.com)"
216.73.216.20 - - [22/Aug/2026:12:27:39 +0800] "GET /6448/?p=4252 HTTP/1.1" 301 889 "-" "Mozilla/5.0 AppleWebKit/537.36 (KHTML, like Gecko; compatible; ClaudeBot/1.0; +claudebot@anthropic.com)"
2409:8a4c:c605:e557:409f:18d0:9812:d344 - - [22/Aug/2026:12:27:39 +0800] "GET /wp-includes/js/dist/hooks.min.js HTTP/1.1" 200 2421 "https://www.jwps.ilc.edu.tw/%e8%97%9d%e8%a1%93%e8%88%87%e4%ba%ba%e6%96%87%e6%95%99%e5%ad%b8%e6%b7%b1%e8%80%95/" "Mozilla/5.0 (Windows NT 10.0; Win64; x64) AppleWebKit/537.36 (KHTML, like Gecko) Chrome/144.0.0.0 Safari/537.36"
216.73.216.20 - - [22/Aug/2026:12:27:39 +0800] "GET /6325/2015/09/02/104_-%e6%a0%a1%e5%9c%92%e7%92%b0%e5%a2%83%e7%ae%a1%e7%90%867-%e8%a8%ad%e7%bd%ae%e6%95%99%e5%ad%b8%e8%be%b2%e5%a0%b4%e6%8e%a8%e5%b1%95%e9%a3%9f%e8%be%b2%e6%a0%a1%e8%82%b2/ HTTP/1.1" 200 10716 "https://2blog.ilc.edu.tw/6325/?p=18418" "Mozilla/5.0 AppleWebKit/537.36 (KHTML, like Gecko; compatible; ClaudeBot/1.0; +claudebot@anthropic.com)"
216.73.216.20 - - [22/Aug/2026:12:27:39 +0800] "GET /6325/?p=18574 HTTP/1.1" 301 976 "-" "Mozilla/5.0 AppleWebKit/537.36 (KHTML, like Gecko; compatible; ClaudeBot/1.0; +claudebot@anthropic.com)"
216.73.216.20 - - [22/Aug/2026:12:27:40 +0800] "GET /6448/2020/11/18/109_%e4%b8%80_1_%e5%ad%b8%e6%a0%a1%e9%a3%b2%e7%94%a8%e6%b0%b4%e5%8c%96%e9%a9%97%e4%bf%9d%e9%a4%8a%e7%b6%ad%e8%ad%b7%e5%8f%8a%e7%ae%a1%e7%90%86%e6%83%85%e5%bd%a2/ HTTP/1.1" 200 10772 "https://2blog.ilc.edu.tw/6448/?p=4017" "Mozilla/5.0 AppleWebKit/537.36 (KHTML, like Gecko; compatible; ClaudeBot/1.0; +claudebot@anthropic.com)"
216.73.216.20 - - [22/Aug/2026:12:27:40 +0800] "GET /6325/?p=17950 HTTP/1.1" 301 912 "-" "Mozilla/5.0 AppleWebKit/537.36 (KHTML, like Gecko; compatible; ClaudeBot/1.0; +claudebot@anthropic.com)"
216.73.216.20 - - [22/Aug/2026:12:27:40 +0800] "GET /6448/2020/11/18/109_%e4%ba%8c_2_109%e6%9c%a8%e5%b7%a5%e7%87%88%e9%a3%be%e8%a8%88%e7%95%ab-%e5%b7%b2%e6%8e%83%e6%8f%8f/ HTTP/1.1" 200 10625 "https://2blog.ilc.edu.tw/6448/?p=4252" "Mozilla/5.0 AppleWebKit/537.36 (KHTML, like Gecko; compatible; ClaudeBot/1.0; +claudebot@anthropic.com)"
216.73.216.20 - - [22/Aug/2026:12:27:40 +0800] "GET /6448/?p=4450 HTTP/1.1" 301 907 "-" "Mozilla/5.0 AppleWebKit/537.36 (KHTML, like Gecko; compatible; ClaudeBot/1.0; +claudebot@anthropic.com)"
17.22.253.58 - - [22/Aug/2026:12:27:40 +0800] "GET /wp-content/themes/oceanwp/assets/js/ow-lightbox.min.js HTTP/1.1" 200 2321 "https://www.yies.ilc.edu.tw/" "Mozilla/5.0 (Macintosh; Intel Mac OS X 10_15_7) AppleWebKit/605.1.15 (KHTML, like Gecko) Version/17.4 Safari/605.1.15 (Applebot/0.1; +http://www.apple.com/go/applebot)"
216.73.216.20 - - [22/Aug/2026:12:27:40 +0800] "GET /6325/2016/09/29/105%e4%b8%80-2-4%e7%92%b0%e5%a2%83%e6%95%99%e8%82%b2%e7%b0%a1%e4%bb%8b-%e6%9c%ac%e6%a0%a1%e6%ad%b7%e5%b9%b4%e6%8e%a8%e5%8b%95%e7%92%b0%e5%a2%83%e6%95%99%e8%82%b2%e4%b9%8b%e7%8d%8e%e9%a0%85/ HTTP/1.1" 200 10677 "https://2blog.ilc.edu.tw/6325/?p=18574" "Mozilla/5.0 AppleWebKit/537.36 (KHTML, like Gecko; compatible; ClaudeBot/1.0; +claudebot@anthropic.com)"
216.73.216.20 - - [22/Aug/2026:12:27:40 +0800] "GET /6325/?p=18518 HTTP/1.1" 301 920 "-" "Mozilla/5.0 AppleWebKit/537.36 (KHTML, like Gecko; compatible; ClaudeBot/1.0; +claudebot@anthropic.com)"
216.73.216.20 - - [22/Aug/2026:12:27:40 +0800] "GET /6325/2013/11/23/102_%e5%ad%b8%e6%a0%a1%e7%92%b0%e5%a2%83%e6%95%99%e8%82%b2%e7%89%b9%e8%89%b2%e6%88%96%e5%89%b5%e6%96%b0%e4%bd%9c%e7%82%ba2-2/ HTTP/1.1" 200 11296 "https://2blog.ilc.edu.tw/6325/?p=17950" "Mozilla/5.0 AppleWebKit/537.36 (KHTML, like Gecko; compatible; ClaudeBot/1.0; +claudebot@anthropic.com)"
216.73.216.20 - - [22/Aug/2026:12:27:40 +0800] "GET /6448/2020/11/18/109_%e5%9b%9b_1_109%e7%92%b0%e4%bf%9d%e7%b6%a0%e5%a4%a9%e4%bd%bf%e5%af%a6%e6%96%bd%e8%be%a6%e6%b3%95-%e7%b0%bd%e6%a0%b8/ HTTP/1.1" 200 10724 "https://2blog.ilc.edu.tw/6448/?p=4450" "Mozilla/5.0 AppleWebKit/537.36 (KHTML, like Gecko; compatible; ClaudeBot/1.0; +claudebot@anthropic.com)"
216.73.216.20 - - [22/Aug/2026:12:27:40 +0800] "GET /6325/2015/11/11/104_%e6%a0%a1%e5%9c%92%e7%92%b0%e5%a2%83%e7%ae%a1%e7%90%865-%e7%af%80%e8%83%bd%e6%b8%9b%e7%a2%b3%e6%8e%a8%e5%8b%95%e6%83%85%e5%bd%a2/ HTTP/1.1" 200 11037 "https://2blog.ilc.edu.tw/6325/?p=18518" "Mozilla/5.0 AppleWebKit/537.36 (KHTML, like Gecko; compatible; ClaudeBot/1.0; +claudebot@anthropic.com)"
52.205.113.104 - - [22/Aug/2026:12:27:40 +0800] "GET /wp-content/uploads/sites/1413/staatic/resources/c/2b44db31bb285a9346c84b32263a53f91462476 HTTP/1.1" 200 3154 "-" "Mozilla/5.0 AppleWebKit/537.36 (KHTML, like Gecko; compatible; Amazonbot/0.1; +https://developer.amazon.com/support/amazonbot) Chrome/119.0.6045.214 Safari/537.36"
34.56.53.225 - - [22/Aug/2026:12:27:40 +0800] "GET /3753/2018/11/27/107%E5%AD%B8%E5%B9%B4%E5%BA%A611%E6%9C%88%E4%BB%BD%E9%96%B1%E8%AE%80%E4%B9%8B%E6%98%9F-%E8%88%87%E6%A0%A1%E9%95%B7%E6%99%A8%E9%A4%90/ HTTP/1.1" 200 30315 "-" "Mozilla/5.0 (Macintosh; Intel Mac OS X 10_15_7) AppleWebKit/537.36 (KHTML, like Gecko) Chrome/120.0.0.0 Safari/537.36"
74.7.242.54 - - [22/Aug/2026:12:27:39 +0800] "GET /26150/category/c-11216/page/4/ HTTP/1.1" 200 18054 "https://2blog.ilc.edu.tw/26150/category/c-11216/" "Mozilla/5.0 AppleWebKit/537.36 (KHTML, like Gecko; compatible; GPTBot/1.4; +https://openai.com/gptbot)"
17.22.253.58 - - [22/Aug/2026:12:27:41 +0800] "GET /wp-content/themes/oceanwp/assets/js/vendors/magnific-popup.min.js HTTP/1.1" 200 8270 "https://www.yies.ilc.edu.tw/" "Mozilla/5.0 (Macintosh; Intel Mac OS X 10_15_7) AppleWebKit/605.1.15 (KHTML, like Gecko) Version/17.4 Safari/605.1.15 (Applebot/0.1; +http://www.apple.com/go/applebot)"
44.217.255.167 - - [22/Aug/2026:12:27:42 +0800] "GET /27149/wp-json/wp/v2/categories?post=303 HTTP/1.1" 200 6786 "-" "Mozilla/5.0 AppleWebKit/537.36 (KHTML, like Gecko; compatible; Amazonbot/0.1; +https://developer.amazon.com/support/amazonbot) Chrome/119.0.6045.214 Safari/537.36"
52.204.89.12 - - [22/Aug/2026:12:27:42 +0800] "GET /wp-content/uploads/sites/2808/6543/6543-3722226.jpg HTTP/1.1" 200 12022 "-" "Mozilla/5.0 AppleWebKit/537.36 (KHTML, like Gecko; compatible; Amazonbot/0.1; +https://developer.amazon.com/support/amazonbot) Chrome/119.0.6045.214 Safari/537.36"
::1 - - [22/Aug/2026:12:27:43 +0800] "OPTIONS * HTTP/1.0" 200 110 "-" "Apache/2.4.68 (Ubuntu) OpenSSL/3.0.19 (internal dummy connection)"
17.22.253.58 - - [22/Aug/2026:12:27:43 +0800] "GET /wp-content/themes/oceanwp/assets/js/ow-slider.min.js HTTP/1.1" 200 1761 "https://www.yies.ilc.edu.tw/" "Mozilla/5.0 (Macintosh; Intel Mac OS X 10_15_7) AppleWebKit/605.1.15 (KHTML, like Gecko) Version/17.4 Safari/605.1.15 (Applebot/0.1; +http://www.apple.com/go/applebot)"
2001:288:a201::66:125 - - [22/Aug/2026:12:27:43 +0800] "GET /blog/active.php HTTP/1.1" 301 1026 "-" "-"
2001:288:a201::66:125 - - [22/Aug/2026:12:27:43 +0800] "GET /blog/active.php HTTP/1.1" 404 1084 "-" "-"
74.7.242.54 - - [22/Aug/2026:12:27:41 +0800] "GET /26150/wp-json/wp/v2/categories/74 HTTP/1.1" 200 1645 "https://2blog.ilc.edu.tw/26150/category/c-11220/" "Mozilla/5.0 AppleWebKit/537.36 (KHTML, like Gecko; compatible; GPTBot/1.4; +https://openai.com/gptbot)"
::1 - - [22/Aug/2026:12:27:44 +0800] "OPTIONS * HTTP/1.0" 200 110 "-" "Apache/2.4.68 (Ubuntu) OpenSSL/3.0.19 (internal dummy connection)"
44.218.6.93 - - [22/Aug/2026:12:27:43 +0800] "GET /3753/category/c-88790/page/2/ HTTP/1.1" 200 30019 "-" "Mozilla/5.0 AppleWebKit/537.36 (KHTML, like Gecko; compatible; Amazonbot/0.1; +https://developer.amazon.com/support/amazonbot) Chrome/119.0.6045.214 Safari/537.36"
140.111.67.10 - - [22/Aug/2026:12:27:44 +0800] "GET /" 301 273 "-" "-"
17.22.253.58 - - [22/Aug/2026:12:27:44 +0800] "GET /wp-content/themes/oceanwp/assets/js/scroll-top.min.js HTTP/1.1" 200 3202 "https://www.yies.ilc.edu.tw/" "Mozilla/5.0 (Macintosh; Intel Mac OS X 10_15_7) AppleWebKit/605.1.15 (KHTML, like Gecko) Version/17.4 Safari/605.1.15 (Applebot/0.1; +http://www.apple.com/go/applebot)"
::1 - - [22/Aug/2026:12:27:45 +0800] "OPTIONS * HTTP/1.0" 200 110 "-" "Apache/2.4.68 (Ubuntu) OpenSSL/3.0.19 (internal dummy connection)"
161.153.55.77 - - [22/Aug/2026:12:27:45 +0800] "GET /2021/05/18/%E5%93%A1%E5%B1%B1%E5%9C%8B%E5%B0%8F%E7%B7%9A%E4%B8%8A%E8%AA%B2%E7%A8%8B%E5%90%84%E7%8F%AD%E8%99%9B%E6%93%AC%E6%95%99%E5%AE%A4 HTTP/1.1" 301 5804 "-" "Mozilla/5.0 (X11; Linux aarch64) AppleWebKit/537.36 (KHTML, like Gecko) Chrome/139.0.0.0 Safari/537.36"
74.7.242.54 - - [22/Aug/2026:12:27:43 +0800] "GET /26150/category/c-11220/page/2/ HTTP/1.1" 200 19688 "https://2blog.ilc.edu.tw/26150/category/c-11220/" "Mozilla/5.0 AppleWebKit/537.36 (KHTML, like Gecko; compatible; GPTBot/1.4; +https://openai.com/gptbot)"
2408:862e:ff:ff33::134 - - [22/Aug/2026:12:27:45 +0800] "GET /wp-content/themes/oceanwp/assets/js/select.min.js HTTP/1.1" 200 7210 "https://www.najh.ilc.edu.tw/2023/09/12/%e8%87%ba%e7%81%a3%e5%b8%ab%e7%af%84%e5%a4%a7%e5%ad%b8112%e5%b9%b4%e3%80%8c%e7%b4%a0%e9%a4%8a%e5%b0%8e%e5%90%91%e8%aa%b2%e5%ae%a4%e8%a9%95%e9%87%8f%e8%b3%87%e6%ba%90%e5%bb%ba%e7%bd%ae%e6%9a%a8/" "Mozilla/5.0 (Windows NT 10.0; Win64; x64) AppleWebKit/537.36 (KHTML, like Gecko) Chrome/144.0.0.0 Safari/537.36"
2408:862e:ff:ff33::134 - - [22/Aug/2026:12:27:45 +0800] "GET /wp-content/plugins/ocean-extra/includes/widgets/js/flickr.min.js HTTP/1.1" 200 6121 "https://www.najh.ilc.edu.tw/2023/09/12/%e8%87%ba%e7%81%a3%e5%b8%ab%e7%af%84%e5%a4%a7%e5%ad%b8112%e5%b9%b4%e3%80%8c%e7%b4%a0%e9%a4%8a%e5%b0%8e%e5%90%91%e8%aa%b2%e5%ae%a4%e8%a9%95%e9%87%8f%e8%b3%87%e6%ba%90%e5%bb%ba%e7%bd%ae%e6%9a%a8/" "Mozilla/5.0 (Windows NT 10.0; Win64; x64) AppleWebKit/537.36 (KHTML, like Gecko) Chrome/144.0.0.0 Safari/537.36"
2408:862e:ff:ff33::134 - - [22/Aug/2026:12:27:45 +0800] "GET /wp-includes/js/mediaelement/mediaelement-migrate.min.js HTTP/1.1" 200 6221 "https://www.najh.ilc.edu.tw/2023/09/12/%e8%87%ba%e7%81%a3%e5%b8%ab%e7%af%84%e5%a4%a7%e5%ad%b8112%e5%b9%b4%e3%80%8c%e7%b4%a0%e9%a4%8a%e5%b0%8e%e5%90%91%e8%aa%b2%e5%ae%a4%e8%a9%95%e9%87%8f%e8%b3%87%e6%ba%90%e5%bb%ba%e7%bd%ae%e6%9a%a8/" "Mozilla/5.0 (Windows NT 10.0; Win64; x64) AppleWebKit/537.36 (KHTML, like Gecko) Chrome/144.0.0.0 Safari/537.36"
2408:862e:ff:ff33::134 - - [22/Aug/2026:12:27:45 +0800] "GET /wp-includes/js/mediaelement/mediaelement-and-player.min.js HTTP/1.1" 200 44604 "https://www.najh.ilc.edu.tw/2023/09/12/%e8%87%ba%e7%81%a3%e5%b8%ab%e7%af%84%e5%a4%a7%e5%ad%b8112%e5%b9%b4%e3%80%8c%e7%b4%a0%e9%a4%8a%e5%b0%8e%e5%90%91%e8%aa%b2%e5%ae%a4%e8%a9%95%e9%87%8f%e8%b3%87%e6%ba%90%e5%bb%ba%e7%bd%ae%e6%9a%a8/" "Mozilla/5.0 (Windows NT 10.0; Win64; x64) AppleWebKit/537.36 (KHTML, like Gecko) Chrome/144.0.0.0 Safari/537.36"
240e:914:1001:8::191 - - [22/Aug/2026:12:27:45 +0800] "GET /wp-content/plugins/elementor/assets/js/frontend-modules.min.js HTTP/1.1" 200 24219 "https://www.gtes.ilc.edu.tw/2022/05/10/%e4%ba%94%e6%9c%88%e4%bb%bd%e7%89%b9%e5%88%8a-2/" "Mozilla/5.0 (Windows NT 10.0; Win64; x64) AppleWebKit/537.36 (KHTML, like Gecko) Chrome/144.0.0.0 Safari/537.36"
161.153.55.77 - - [22/Aug/2026:12:27:45 +0800] "GET /2021/05/18/%E5%93%A1%E5%B1%B1%E5%9C%8B%E5%B0%8F%E7%B7%9A%E4%B8%8A%E8%AA%B2%E7%A8%8B%E5%90%84%E7%8F%AD%E8%99%9B%E6%93%AC%E6%95%99%E5%AE%A4/ HTTP/1.1" 200 27786 "https://www.yeses.ilc.edu.tw/2021/05/18/%E5%93%A1%E5%B1%B1%E5%9C%8B%E5%B0%8F%E7%B7%9A%E4%B8%8A%E8%AA%B2%E7%A8%8B%E5%90%84%E7%8F%AD%E8%99%9B%E6%93%AC%E6%95%99%E5%AE%A4" "Mozilla/5.0 (X11; Linux aarch64) AppleWebKit/537.36 (KHTML, like Gecko) Chrome/139.0.0.0 Safari/537.36"
17.22.253.58 - - [22/Aug/2026:12:27:46 +0800] "GET /wp-content/plugins/elementor/assets/js/frontend-modules.min.js HTTP/1.1" 200 19416 "https://www.yies.ilc.edu.tw/" "Mozilla/5.0 (Macintosh; Intel Mac OS X 10_15_7) AppleWebKit/605.1.15 (KHTML, like Gecko) Version/17.4 Safari/605.1.15 (Applebot/0.1; +http://www.apple.com/go/applebot)"
::1 - - [22/Aug/2026:12:27:46 +0800] "OPTIONS * HTTP/1.0" 200 110 "-" "Apache/2.4.68 (Ubuntu) OpenSSL/3.0.19 (internal dummy connection)"
74.7.242.54 - - [22/Aug/2026:12:27:45 +0800] "GET /18998/wp-json/oembed/1.0/embed?format=xml&url=https%3A%2F%2F2blog.ilc.edu.tw%2F18998%2F2020%2F10%2F07%2F109%25e5%25b9%25b410%25e6%259c%2588%25e4%25bb%25bd%25e9%25a4%2590%25e9%25bb%259e%25e8%25a1%25a8%2F HTTP/1.1" 200 2305 "https://2blog.ilc.edu.tw/18998/2020/10/07/109%e5%b9%b410%e6%9c%88%e4%bb%bd%e9%a4%90%e9%bb%9e%e8%a1%a8/" "Mozilla/5.0 AppleWebKit/537.36 (KHTML, like Gecko; compatible; GPTBot/1.4; +https://openai.com/gptbot)"
2408:862e:ff:ff33::134 - - [22/Aug/2026:12:27:46 +0800] "GET /wp-includes/js/mediaelement/renderers/vimeo.min.js HTTP/1.1" 200 3164 "https://www.najh.ilc.edu.tw/2023/09/12/%e8%87%ba%e7%81%a3%e5%b8%ab%e7%af%84%e5%a4%a7%e5%ad%b8112%e5%b9%b4%e3%80%8c%e7%b4%a0%e9%a4%8a%e5%b0%8e%e5%90%91%e8%aa%b2%e5%ae%a4%e8%a9%95%e9%87%8f%e8%b3%87%e6%ba%90%e5%bb%ba%e7%bd%ae%e6%9a%a8/" "Mozilla/5.0 (Windows NT 10.0; Win64; x64) AppleWebKit/537.36 (KHTML, like Gecko) Chrome/144.0.0.0 Safari/537.36"
2408:862e:ff:ff33::134 - - [22/Aug/2026:12:27:46 +0800] "GET /wp-includes/js/mediaelement/wp-mediaelement.min.js HTTP/1.1" 200 1417 "https://www.najh.ilc.edu.tw/2023/09/12/%e8%87%ba%e7%81%a3%e5%b8%ab%e7%af%84%e5%a4%a7%e5%ad%b8112%e5%b9%b4%e3%80%8c%e7%b4%a0%e9%a4%8a%e5%b0%8e%e5%90%91%e8%aa%b2%e5%ae%a4%e8%a9%95%e9%87%8f%e8%b3%87%e6%ba%90%e5%bb%ba%e7%bd%ae%e6%9a%a8/" "Mozilla/5.0 (Windows NT 10.0; Win64; x64) AppleWebKit/537.36 (KHTML, like Gecko) Chrome/144.0.0.0 Safari/537.36"
74.7.242.54 - - [22/Aug/2026:12:27:46 +0800] "GET /18998/?p=445 HTTP/1.1" 301 822 "https://2blog.ilc.edu.tw/18998/2020/10/07/109%e5%b9%b410%e6%9c%88%e4%bb%bd%e9%a4%90%e9%bb%9e%e8%a1%a8/" "Mozilla/5.0 AppleWebKit/537.36 (KHTML, like Gecko; compatible; GPTBot/1.4; +https://openai.com/gptbot)"
74.7.242.54 - - [22/Aug/2026:12:27:46 +0800] "GET /26150/category/c-11220/page/4/ HTTP/1.1" 200 19467 "https://2blog.ilc.edu.tw/26150/category/c-11220/" "Mozilla/5.0 AppleWebKit/537.36 (KHTML, like Gecko; compatible; GPTBot/1.4; +https://openai.com/gptbot)"
::1 - - [22/Aug/2026:12:27:47 +0800] "OPTIONS * HTTP/1.0" 200 110 "-" "Apache/2.4.68 (Ubuntu) OpenSSL/3.0.19 (internal dummy connection)"
17.22.253.58 - - [22/Aug/2026:12:27:47 +0800] "GET /wp-content/plugins/elementor/assets/lib/waypoints/waypoints.min.js HTTP/1.1" 200 3873 "https://www.yies.ilc.edu.tw/" "Mozilla/5.0 (Macintosh; Intel Mac OS X 10_15_7) AppleWebKit/605.1.15 (KHTML, like Gecko) Version/17.4 Safari/605.1.15 (Applebot/0.1; +http://www.apple.com/go/applebot)"
240e:914:1001:8::191 - - [22/Aug/2026:12:27:47 +0800] "GET /wp-content/plugins/elementor-pro/assets/js/elements-handlers.min.js HTTP/1.1" 200 10882 "https://www.gtes.ilc.edu.tw/2022/05/10/%e4%ba%94%e6%9c%88%e4%bb%bd%e7%89%b9%e5%88%8a-2/" "Mozilla/5.0 (Windows NT 10.0; Win64; x64) AppleWebKit/537.36 (KHTML, like Gecko) Chrome/144.0.0.0 Safari/537.36"
::1 - - [22/Aug/2026:12:27:48 +0800] "OPTIONS * HTTP/1.0" 200 110 "-" "Apache/2.4.68 (Ubuntu) OpenSSL/3.0.19 (internal dummy connection)"
2001:288:a201::66:125 - - [22/Aug/2026:12:27:48 +0800] "GET /blog/active.php HTTP/1.1" 301 1026 "-" "-"
2001:288:a201::66:125 - - [22/Aug/2026:12:27:48 +0800] "GET /blog/active.php HTTP/1.1" 404 1084 "-" "-"
87.249.134.132 - - [22/Aug/2026:12:27:48 +0800] "GET /1003/wp-content/cache/2blog.ilc.edu.tw/wpfc-minified/mknpejql/5woub.css HTTP/1.1" 200 45680 "https://2blog.ilc.edu.tw/1003/2016/01/07/%E9%96%B1%E8%AE%80%E5%AF%AB%E4%BD%9C%E4%B8%89%E5%B9%B4%E7%B4%9A%E8%A8%98%E6%95%98%E6%96%87vs%E8%AA%AA%E6%98%8E%E6%96%87/" "Mozilla/5.0 (Macintosh; Intel Mac OS X 10_15_7) AppleWebKit/537.36 (KHTML, like Gecko) Chrome/149.0.0.0 Safari/537.36"
87.249.134.132 - - [22/Aug/2026:12:27:48 +0800] "GET /1003/wp-content/cache/2blog.ilc.edu.tw/wpfc-minified/8x7tn0v6/5wohd.css HTTP/1.1" 200 20774 "https://2blog.ilc.edu.tw/1003/2016/01/07/%E9%96%B1%E8%AE%80%E5%AF%AB%E4%BD%9C%E4%B8%89%E5%B9%B4%E7%B4%9A%E8%A8%98%E6%95%98%E6%96%87vs%E8%AA%AA%E6%98%8E%E6%96%87/" "Mozilla/5.0 (Macintosh; Intel Mac OS X 10_15_7) AppleWebKit/537.36 (KHTML, like Gecko) Chrome/149.0.0.0 Safari/537.36"
87.249.134.132 - - [22/Aug/2026:12:27:48 +0800] "GET /1003/wp-content/cache/2blog.ilc.edu.tw/wpfc-minified/lx5sg0nx/5wohd.css HTTP/1.1" 200 23084 "https://2blog.ilc.edu.tw/1003/2016/01/07/%E9%96%B1%E8%AE%80%E5%AF%AB%E4%BD%9C%E4%B8%89%E5%B9%B4%E7%B4%9A%E8%A8%98%E6%95%98%E6%96%87vs%E8%AA%AA%E6%98%8E%E6%96%87/" "Mozilla/5.0 (Macintosh; Intel Mac OS X 10_15_7) AppleWebKit/537.36 (KHTML, like Gecko) Chrome/149.0.0.0 Safari/537.36"
87.249.134.132 - - [22/Aug/2026:12:27:48 +0800] "GET /1003/wp-content/cache/2blog.ilc.edu.tw/wpfc-minified/6jx87ldu/5wohd.js HTTP/1.1" 200 6435 "https://2blog.ilc.edu.tw/1003/2016/01/07/%E9%96%B1%E8%AE%80%E5%AF%AB%E4%BD%9C%E4%B8%89%E5%B9%B4%E7%B4%9A%E8%A8%98%E6%95%98%E6%96%87vs%E8%AA%AA%E6%98%8E%E6%96%87/" "Mozilla/5.0 (Macintosh; Intel Mac OS X 10_15_7) AppleWebKit/537.36 (KHTML, like Gecko) Chrome/149.0.0.0 Safari/537.36"
87.249.134.132 - - [22/Aug/2026:12:27:48 +0800] "GET /1003/wp-content/cache/2blog.ilc.edu.tw/wpfc-minified/7jci0eqx/5woub.js HTTP/1.1" 200 40356 "https://2blog.ilc.edu.tw/1003/2016/01/07/%E9%96%B1%E8%AE%80%E5%AF%AB%E4%BD%9C%E4%B8%89%E5%B9%B4%E7%B4%9A%E8%A8%98%E6%95%98%E6%96%87vs%E8%AA%AA%E6%98%8E%E6%96%87/" "Mozilla/5.0 (Macintosh; Intel Mac OS X 10_15_7) AppleWebKit/537.36 (KHTML, like Gecko) Chrome/149.0.0.0 Safari/537.36"
2001:b011:7807:fb8e:8b5:cb08:af49:e051 - - [22/Aug/2026:12:27:48 +0800] "GET / HTTP/1.1" 200 25720 "https://www.google.com/url?q=https://www.lotes.ilc.edu.tw/&sa=U&sqi=2&ved=2ahUKEwjFlrjmsrOWAxV-kOEIHVoPEiMQFnoECCEQAQ&usg=AOvVaw39oRlOI1dda5tQWqeef2Mi" "Mozilla/5.0 (iPhone; CPU iPhone OS 26_6_0 like Mac OS X) AppleWebKit/605.1.15 (KHTML, like Gecko) GSA/434.2.961627397 Mobile/15E148 Safari/604.1"
2001:b011:7807:fb8e:8b5:cb08:af49:e051 - - [22/Aug/2026:12:27:48 +0800] "GET /wp-content/cache/www.lotes.ilc.edu.tw/wpfc-minified/9i9mg4bm/6vyb.css HTTP/1.1" 200 45690 "https://www.lotes.ilc.edu.tw/" "Mozilla/5.0 (iPhone; CPU iPhone OS 26_6_0 like Mac OS X) AppleWebKit/605.1.15 (KHTML, like Gecko) GSA/434.2.961627397 Mobile/15E148 Safari/604.1"
2001:b011:7807:fb8e:8b5:cb08:af49:e051 - - [22/Aug/2026:12:27:48 +0800] "GET /wp-content/uploads/sites/1640/2026/08/376423200E.jpg HTTP/1.1" 200 144269 "https://www.lotes.ilc.edu.tw/" "Mozilla/5.0 (iPhone; CPU iPhone OS 26_6_0 like Mac OS X) AppleWebKit/605.1.15 (KHTML, like Gecko) GSA/434.2.961627397 Mobile/15E148 Safari/604.1"
2001:b011:7807:fb8e:8b5:cb08:af49:e051 - - [22/Aug/2026:12:27:48 +0800] "GET /wp-content/cache/www.lotes.ilc.edu.tw/wpfc-minified/8axcrfkt/6vyb.css HTTP/1.1" 200 25093 "https://www.lotes.ilc.edu.tw/" "Mozilla/5.0 (iPhone; CPU iPhone OS 26_6_0 like Mac OS X) AppleWebKit/605.1.15 (KHTML, like Gecko) GSA/434.2.961627397 Mobile/15E148 Safari/604.1"
2001:b011:7807:fb8e:8b5:cb08:af49:e051 - - [22/Aug/2026:12:27:48 +0800] "GET /wp-content/cache/www.lotes.ilc.edu.tw/wpfc-minified/f3kjq6g4/6vyb.css HTTP/1.1" 200 15353 "https://www.lotes.ilc.edu.tw/" "Mozilla/5.0 (iPhone; CPU iPhone OS 26_6_0 like Mac OS X) AppleWebKit/605.1.15 (KHTML, like Gecko) GSA/434.2.961627397 Mobile/15E148 Safari/604.1"
2001:b011:7807:fb8e:8b5:cb08:af49:e051 - - [22/Aug/2026:12:27:48 +0800] "GET /wp-content/cache/www.lotes.ilc.edu.tw/wpfc-minified/89r6c7e0/6vyb.css HTTP/1.1" 200 5961 "https://www.lotes.ilc.edu.tw/" "Mozilla/5.0 (iPhone; CPU iPhone OS 26_6_0 like Mac OS X) AppleWebKit/605.1.15 (KHTML, like Gecko) GSA/434.2.961627397 Mobile/15E148 Safari/604.1"
2001:b011:7807:fb8e:8b5:cb08:af49:e051 - - [22/Aug/2026:12:27:48 +0800] "GET /wp-content/cache/www.lotes.ilc.edu.tw/wpfc-minified/8ijnw83p/6vyb.css HTTP/1.1" 200 20581 "https://www.lotes.ilc.edu.tw/" "Mozilla/5.0 (iPhone; CPU iPhone OS 26_6_0 like Mac OS X) AppleWebKit/605.1.15 (KHTML, like Gecko) GSA/434.2.961627397 Mobile/15E148 Safari/604.1"
2001:b011:7807:fb8e:8b5:cb08:af49:e051 - - [22/Aug/2026:12:27:48 +0800] "GET /wp-content/uploads/sites/1640/elementor/css/post-120.css HTTP/1.1" 200 1362 "https://www.lotes.ilc.edu.tw/" "Mozilla/5.0 (iPhone; CPU iPhone OS 26_6_0 like Mac OS X) AppleWebKit/605.1.15 (KHTML, like Gecko) GSA/434.2.961627397 Mobile/15E148 Safari/604.1"
2001:b011:7807:fb8e:8b5:cb08:af49:e051 - - [22/Aug/2026:12:27:48 +0800] "GET /wp-content/uploads/sites/1640/elementor/css/post-273.css HTTP/1.1" 200 1268 "https://www.lotes.ilc.edu.tw/" "Mozilla/5.0 (iPhone; CPU iPhone OS 26_6_0 like Mac OS X) AppleWebKit/605.1.15 (KHTML, like Gecko) GSA/434.2.961627397 Mobile/15E148 Safari/604.1"
2001:b011:7807:fb8e:8b5:cb08:af49:e051 - - [22/Aug/2026:12:27:48 +0800] "GET /wp-content/cache/www.lotes.ilc.edu.tw/wpfc-minified/mjmjzt04/6vyb.js HTTP/1.1" 200 40362 "https://www.lotes.ilc.edu.tw/" "Mozilla/5.0 (iPhone; CPU iPhone OS 26_6_0 like Mac OS X) AppleWebKit/605.1.15 (KHTML, like Gecko) GSA/434.2.961627397 Mobile/15E148 Safari/604.1"
2001:b011:7807:fb8e:8b5:cb08:af49:e051 - - [22/Aug/2026:12:27:48 +0800] "GET /luodong/wp-content/uploads/sites/1640/2020/04/13-1-300x203.jpg HTTP/1.1" 200 18306 "https://www.lotes.ilc.edu.tw/" "Mozilla/5.0 (iPhone; CPU iPhone OS 26_6_0 like Mac OS X) AppleWebKit/605.1.15 (KHTML, like Gecko) GSA/434.2.961627397 Mobile/15E148 Safari/604.1"
2001:b011:7807:fb8e:8b5:cb08:af49:e051 - - [22/Aug/2026:12:27:48 +0800] "GET /wp-content/cache/www.lotes.ilc.edu.tw/wpfc-minified/223e2on5/83pv9.css HTTP/1.1" 200 65524 "https://www.lotes.ilc.edu.tw/" "Mozilla/5.0 (iPhone; CPU iPhone OS 26_6_0 like Mac OS X) AppleWebKit/605.1.15 (KHTML, like Gecko) GSA/434.2.961627397 Mobile/15E148 Safari/604.1"
2001:b011:7807:fb8e:8b5:cb08:af49:e051 - - [22/Aug/2026:12:27:48 +0800] "GET /wp-content/cache/www.lotes.ilc.edu.tw/wpfc-minified/7v2t3f1i/6vyb.css HTTP/1.1" 200 47287 "https://www.lotes.ilc.edu.tw/" "Mozilla/5.0 (iPhone; CPU iPhone OS 26_6_0 like Mac OS X) AppleWebKit/605.1.15 (KHTML, like Gecko) GSA/434.2.961627397 Mobile/15E148 Safari/604.1"
2001:b011:7807:fb8e:8b5:cb08:af49:e051 - - [22/Aug/2026:12:27:48 +0800] "GET /wp-includes/js/hoverintent-js.min.js HTTP/1.1" 200 1597 "https://www.lotes.ilc.edu.tw/" "Mozilla/5.0 (iPhone; CPU iPhone OS 26_6_0 like Mac OS X) AppleWebKit/605.1.15 (KHTML, like Gecko) GSA/434.2.961627397 Mobile/15E148 Safari/604.1"
2001:b011:7807:fb8e:8b5:cb08:af49:e051 - - [22/Aug/2026:12:27:48 +0800] "GET /wp-includes/js/admin-bar.min.js HTTP/1.1" 200 2237 "https://www.lotes.ilc.edu.tw/" "Mozilla/5.0 (iPhone; CPU iPhone OS 26_6_0 like Mac OS X) AppleWebKit/605.1.15 (KHTML, like Gecko) GSA/434.2.961627397 Mobile/15E148 Safari/604.1"
2001:b011:7807:fb8e:8b5:cb08:af49:e051 - - [22/Aug/2026:12:27:48 +0800] "GET /wp-includes/js/imagesloaded.min.js HTTP/1.1" 200 2683 "https://www.lotes.ilc.edu.tw/" "Mozilla/5.0 (iPhone; CPU iPhone OS 26_6_0 like Mac OS X) AppleWebKit/605.1.15 (KHTML, like Gecko) GSA/434.2.961627397 Mobile/15E148 Safari/604.1"
2001:b011:7807:fb8e:8b5:cb08:af49:e051 - - [22/Aug/2026:12:27:48 +0800] "GET /wp-content/themes/oceanwp/assets/js/theme.min.js HTTP/1.1" 200 5130 "https://www.lotes.ilc.edu.tw/" "Mozilla/5.0 (iPhone; CPU iPhone OS 26_6_0 like Mac OS X) AppleWebKit/605.1.15 (KHTML, like Gecko) GSA/434.2.961627397 Mobile/15E148 Safari/604.1"
2001:b011:7807:fb8e:8b5:cb08:af49:e051 - - [22/Aug/2026:12:27:48 +0800] "GET /wp-content/themes/oceanwp/assets/js/drop-down-mobile-menu.min.js HTTP/1.1" 200 4663 "https://www.lotes.ilc.edu.tw/" "Mozilla/5.0 (iPhone; CPU iPhone OS 26_6_0 like Mac OS X) AppleWebKit/605.1.15 (KHTML, like Gecko) GSA/434.2.961627397 Mobile/15E148 Safari/604.1"
2001:b011:7807:fb8e:8b5:cb08:af49:e051 - - [22/Aug/2026:12:27:48 +0800] "GET /wp-content/themes/oceanwp/assets/js/drop-down-search.min.js HTTP/1.1" 200 2968 "https://www.lotes.ilc.edu.tw/" "Mozilla/5.0 (iPhone; CPU iPhone OS 26_6_0 like Mac OS X) AppleWebKit/605.1.15 (KHTML, like Gecko) GSA/434.2.961627397 Mobile/15E148 Safari/604.1"
2001:b011:7807:fb8e:8b5:cb08:af49:e051 - - [22/Aug/2026:12:27:48 +0800] "GET /wp-content/themes/oceanwp/assets/js/vendors/magnific-popup.min.js HTTP/1.1" 200 8270 "https://www.lotes.ilc.edu.tw/" "Mozilla/5.0 (iPhone; CPU iPhone OS 26_6_0 like Mac OS X) AppleWebKit/605.1.15 (KHTML, like Gecko) GSA/434.2.961627397 Mobile/15E148 Safari/604.1"
2001:b011:7807:fb8e:8b5:cb08:af49:e051 - - [22/Aug/2026:12:27:48 +0800] "GET /wp-content/themes/oceanwp/assets/js/ow-slider.min.js HTTP/1.1" 200 1761 "https://www.lotes.ilc.edu.tw/" "Mozilla/5.0 (iPhone; CPU iPhone OS 26_6_0 like Mac OS X) AppleWebKit/605.1.15 (KHTML, like Gecko) GSA/434.2.961627397 Mobile/15E148 Safari/604.1"
2001:b011:7807:fb8e:8b5:cb08:af49:e051 - - [22/Aug/2026:12:27:48 +0800] "GET /wp-content/themes/oceanwp/assets/js/ow-lightbox.min.js HTTP/1.1" 200 2321 "https://www.lotes.ilc.edu.tw/" "Mozilla/5.0 (iPhone; CPU iPhone OS 26_6_0 like Mac OS X) AppleWebKit/605.1.15 (KHTML, like Gecko) GSA/434.2.961627397 Mobile/15E148 Safari/604.1"
2001:b011:7807:fb8e:8b5:cb08:af49:e051 - - [22/Aug/2026:12:27:48 +0800] "GET /wp-content/themes/oceanwp/assets/js/vendors/flickity.pkgd.min.js HTTP/1.1" 200 15048 "https://www.lotes.ilc.edu.tw/" "Mozilla/5.0 (iPhone; CPU iPhone OS 26_6_0 like Mac OS X) AppleWebKit/605.1.15 (KHTML, like Gecko) GSA/434.2.961627397 Mobile/15E148 Safari/604.1"
2001:b011:7807:fb8e:8b5:cb08:af49:e051 - - [22/Aug/2026:12:27:48 +0800] "GET /wp-content/themes/oceanwp/assets/js/scroll-effect.min.js HTTP/1.1" 200 4127 "https://www.lotes.ilc.edu.tw/" "Mozilla/5.0 (iPhone; CPU iPhone OS 26_6_0 like Mac OS X) AppleWebKit/605.1.15 (KHTML, like Gecko) GSA/434.2.961627397 Mobile/15E148 Safari/604.1"
2001:b011:7807:fb8e:8b5:cb08:af49:e051 - - [22/Aug/2026:12:27:48 +0800] "GET /wp-content/themes/oceanwp/assets/js/scroll-top.min.js HTTP/1.1" 200 3202 "https://www.lotes.ilc.edu.tw/" "Mozilla/5.0 (iPhone; CPU iPhone OS 26_6_0 like Mac OS X) AppleWebKit/605.1.15 (KHTML, like Gecko) GSA/434.2.961627397 Mobile/15E148 Safari/604.1"
2001:b011:7807:fb8e:8b5:cb08:af49:e051 - - [22/Aug/2026:12:27:48 +0800] "GET /wp-content/themes/oceanwp/assets/js/select.min.js HTTP/1.1" 200 2408 "https://www.lotes.ilc.edu.tw/" "Mozilla/5.0 (iPhone; CPU iPhone OS 26_6_0 like Mac OS X) AppleWebKit/605.1.15 (KHTML, like Gecko) GSA/434.2.961627397 Mobile/15E148 Safari/604.1"
2001:b011:7807:fb8e:8b5:cb08:af49:e051 - - [22/Aug/2026:12:27:48 +0800] "GET /wp-content/plugins/ocean-extra/includes/widgets/js/flickr.min.js HTTP/1.1" 200 1319 "https://www.lotes.ilc.edu.tw/" "Mozilla/5.0 (iPhone; CPU iPhone OS 26_6_0 like Mac OS X) AppleWebKit/605.1.15 (KHTML, like Gecko) GSA/434.2.961627397 Mobile/15E148 Safari/604.1"
2001:b011:7807:fb8e:8b5:cb08:af49:e051 - - [22/Aug/2026:12:27:48 +0800] "GET /wp-includes/js/mediaelement/mediaelement-and-player.min.js HTTP/1.1" 200 39802 "https://www.lotes.ilc.edu.tw/" "Mozilla/5.0 (iPhone; CPU iPhone OS 26_6_0 like Mac OS X) AppleWebKit/605.1.15 (KHTML, like Gecko) GSA/434.2.961627397 Mobile/15E148 Safari/604.1"
2001:b011:7807:fb8e:8b5:cb08:af49:e051 - - [22/Aug/2026:12:27:48 +0800] "GET /wp-includes/js/mediaelement/mediaelement-migrate.min.js HTTP/1.1" 200 1419 "https://www.lotes.ilc.edu.tw/" "Mozilla/5.0 (iPhone; CPU iPhone OS 26_6_0 like Mac OS X) AppleWebKit/605.1.15 (KHTML, like Gecko) GSA/434.2.961627397 Mobile/15E148 Safari/604.1"
