216.73.216.20 - - [22/Aug/2026:12:30:06 +0800] "GET /6325/2014/11/28/103_%e7%92%b0%e5%a2%83%e6%95%99%e8%82%b2%e8%80%83%e8%a9%95%e7%ac%ac%e5%9b%9b%e9%a0%81%e8%ab%8b%e6%8e%a5%e4%b8%8b%e9%a0%81/ HTTP/1.1" 200 12066 "https://2blog.ilc.edu.tw/6325/?p=18308" "Mozilla/5.0 AppleWebKit/537.36 (KHTML, like Gecko; compatible; ClaudeBot/1.0; +claudebot@anthropic.com)"
216.73.216.20 - - [22/Aug/2026:12:30:05 +0800] "GET /6325/?p=17636 HTTP/1.1" 301 848 "-" "Mozilla/5.0 AppleWebKit/537.36 (KHTML, like Gecko; compatible; ClaudeBot/1.0; +claudebot@anthropic.com)"
216.73.216.20 - - [22/Aug/2026:12:30:06 +0800] "GET /6325/?p=17602 HTTP/1.1" 301 968 "-" "Mozilla/5.0 AppleWebKit/537.36 (KHTML, like Gecko; compatible; ClaudeBot/1.0; +claudebot@anthropic.com)"
216.73.216.20 - - [22/Aug/2026:12:30:06 +0800] "GET /6448/2019/11/15/108_%e5%9b%9b_1_%e8%bf%8e%e7%ab%af%e5%8d%88%e5%81%9a%e9%a6%99%e5%8c%85-%e8%aa%b2%e5%be%8c%e7%85%a7%e9%a1%a7%e7%8f%ad%e4%b8%89%e5%b9%b4%e7%b4%9a-%e9%9b%bb%e5%ad%90%e5%a0%b1/ HTTP/1.1" 200 11875 "https://2blog.ilc.edu.tw/6448/?p=875" "Mozilla/5.0 AppleWebKit/537.36 (KHTML, like Gecko; compatible; ClaudeBot/1.0; +claudebot@anthropic.com)"
216.73.216.20 - - [22/Aug/2026:12:30:06 +0800] "GET /6325/?p=18405 HTTP/1.1" 301 983 "-" "Mozilla/5.0 AppleWebKit/537.36 (KHTML, like Gecko; compatible; ClaudeBot/1.0; +claudebot@anthropic.com)"
216.73.216.20 - - [22/Aug/2026:12:30:06 +0800] "GET /6325/?p=17591 HTTP/1.1" 301 988 "-" "Mozilla/5.0 AppleWebKit/537.36 (KHTML, like Gecko; compatible; ClaudeBot/1.0; +claudebot@anthropic.com)"
216.73.216.20 - - [22/Aug/2026:12:30:06 +0800] "GET /6325/2012/03/23/101_%e6%a0%a1%e5%9c%92%e7%92%b0%e4%bf%9d%e5%af%a6%e5%8b%99-2/ HTTP/1.1" 200 10565 "https://2blog.ilc.edu.tw/6325/?p=17636" "Mozilla/5.0 AppleWebKit/537.36 (KHTML, like Gecko; compatible; ClaudeBot/1.0; +claudebot@anthropic.com)"
216.73.216.20 - - [22/Aug/2026:12:30:06 +0800] "GET /6325/2011/12/07/%e5%85%a8%e9%9d%a2%e4%bd%bf%e7%94%a8%e5%8f%af%e9%87%8d%e8%a4%87%e4%bd%bf%e7%94%a8%e4%b9%8b%e7%89%a9%e5%93%81%e5%8f%af%e6%8f%9b%e7%ad%86%e8%8a%af%e4%b9%8b%e5%8e%9f%e5%ad%90%e7%ad%86/ HTTP/1.1" 200 10933 "https://2blog.ilc.edu.tw/6325/?p=17602" "Mozilla/5.0 AppleWebKit/537.36 (KHTML, like Gecko; compatible; ClaudeBot/1.0; +claudebot@anthropic.com)"
216.73.216.20 - - [22/Aug/2026:12:30:06 +0800] "GET /6325/?p=17787 HTTP/1.1" 301 909 "-" "Mozilla/5.0 AppleWebKit/537.36 (KHTML, like Gecko; compatible; ClaudeBot/1.0; +claudebot@anthropic.com)"
74.7.242.54 - - [22/Aug/2026:12:30:02 +0800] "GET /26150/category/c-11220/page/25/ HTTP/1.1" 200 18981 "https://2blog.ilc.edu.tw/26150/category/c-11220/page/22/" "Mozilla/5.0 AppleWebKit/537.36 (KHTML, like Gecko; compatible; GPTBot/1.4; +https://openai.com/gptbot)"
216.73.216.20 - - [22/Aug/2026:12:30:06 +0800] "GET /6325/2015/09/01/104_%e5%ad%b8%e6%a0%a1%e7%92%b0%e5%a2%83%e6%95%99%e8%82%b2%e7%89%b9%e8%89%b2%e6%88%96%e5%89%b5%e6%96%b0%e4%bd%9c%e7%82%ba4-%e8%be%a6%e7%90%86%e6%b4%bb%e5%8b%95%e9%85%8d%e5%90%88%e5%ae%a3%e5%b0%8e/ HTTP/1.1" 200 11121 "https://2blog.ilc.edu.tw/6325/?p=18405" "Mozilla/5.0 AppleWebKit/537.36 (KHTML, like Gecko; compatible; ClaudeBot/1.0; +claudebot@anthropic.com)"
216.73.216.20 - - [22/Aug/2026:12:30:06 +0800] "GET /6325/?p=18157 HTTP/1.1" 301 912 "-" "Mozilla/5.0 AppleWebKit/537.36 (KHTML, like Gecko; compatible; ClaudeBot/1.0; +claudebot@anthropic.com)"
216.73.216.20 - - [22/Aug/2026:12:30:06 +0800] "GET /6325/2011/12/07/%e5%ae%9a%e6%9c%9f%e5%b0%87%e5%ad%b8%e6%a0%a1%e9%a3%b2%e7%94%a8%e6%b0%b4%e9%ab%94%e9%80%81%e6%aa%a2%e5%8c%96%e9%a9%97%ef%bc%8c%e5%ae%9a%e6%9c%9f%e4%bf%9d%e9%a4%8a%e3%80%81%e7%b6%ad%e8%ad%b7%e5%8f%8a-2/ HTTP/1.1" 200 11126 "https://2blog.ilc.edu.tw/6325/?p=17591" "Mozilla/5.0 AppleWebKit/537.36 (KHTML, like Gecko; compatible; ClaudeBot/1.0; +claudebot@anthropic.com)"
216.73.216.20 - - [22/Aug/2026:12:30:06 +0800] "GET /6448/?p=294 HTTP/1.1" 301 981 "-" "Mozilla/5.0 AppleWebKit/537.36 (KHTML, like Gecko; compatible; ClaudeBot/1.0; +claudebot@anthropic.com)"
216.73.216.20 - - [22/Aug/2026:12:30:06 +0800] "GET /6325/2013/08/07/102_%e5%ad%b8%e6%a0%a1%e7%92%b0%e5%a2%83%e6%95%99%e8%82%b2%e7%89%b9%e8%89%b2%e6%88%96%e5%89%b5%e6%96%b0%e4%bd%9c%e7%82%ba/ HTTP/1.1" 200 11001 "https://2blog.ilc.edu.tw/6325/?p=17787" "Mozilla/5.0 AppleWebKit/537.36 (KHTML, like Gecko; compatible; ClaudeBot/1.0; +claudebot@anthropic.com)"
185.191.171.11 - - [22/Aug/2026:12:30:06 +0800] "GET /27438/2024/02/15/ HTTP/1.1" 200 15783 "-" "Mozilla/5.0 (compatible; SemrushBot/7~bl; +http://www.semrush.com/bot.html)"
216.73.216.20 - - [22/Aug/2026:12:30:06 +0800] "GET /6325/2014/10/17/103_%e5%ad%b8%e6%a0%a1%e7%92%b0%e5%a2%83%e6%95%99%e8%82%b2%e7%89%b9%e8%89%b2%e8%88%87%e5%89%b5%e6%96%b0%e4%bd%9c%e7%82%ba2-2/ HTTP/1.1" 200 10903 "https://2blog.ilc.edu.tw/6325/?p=18157" "Mozilla/5.0 AppleWebKit/537.36 (KHTML, like Gecko; compatible; ClaudeBot/1.0; +claudebot@anthropic.com)"
216.73.216.20 - - [22/Aug/2026:12:30:06 +0800] "GET /24973/wp-json/wp/v2/categories/12 HTTP/1.1" 200 2151 "-" "Mozilla/5.0 AppleWebKit/537.36 (KHTML, like Gecko; compatible; ClaudeBot/1.0; +claudebot@anthropic.com)"
216.73.216.20 - - [22/Aug/2026:12:30:06 +0800] "GET /6448/2013/11/27/102%e5%b9%b4%e4%ba%94%ef%bd%9e3%e5%8a%a0%e5%bc%b7%e5%ae%a3%e5%b0%8e%e5%ae%b6%e9%95%b7%e5%81%9c%e8%bb%8a%e6%80%a0%e9%80%9f%e8%b6%85%e9%81%8e%e4%b8%89%e5%88%86%e9%90%98%e6%87%89%e7%86%84%e7%81%ab/ HTTP/1.1" 200 11240 "https://2blog.ilc.edu.tw/6448/?p=294" "Mozilla/5.0 AppleWebKit/537.36 (KHTML, like Gecko; compatible; ClaudeBot/1.0; +claudebot@anthropic.com)"
216.73.216.20 - - [22/Aug/2026:12:30:06 +0800] "GET /6325/?p=18098 HTTP/1.1" 301 910 "-" "Mozilla/5.0 AppleWebKit/537.36 (KHTML, like Gecko; compatible; ClaudeBot/1.0; +claudebot@anthropic.com)"
216.73.216.20 - - [22/Aug/2026:12:30:06 +0800] "GET /6448/?p=149 HTTP/1.1" 301 910 "-" "Mozilla/5.0 AppleWebKit/537.36 (KHTML, like Gecko; compatible; ClaudeBot/1.0; +claudebot@anthropic.com)"
216.73.216.20 - - [22/Aug/2026:12:30:06 +0800] "GET /6448/?p=770 HTTP/1.1" 301 913 "-" "Mozilla/5.0 AppleWebKit/537.36 (KHTML, like Gecko; compatible; ClaudeBot/1.0; +claudebot@anthropic.com)"
74.7.242.54 - - [22/Aug/2026:12:30:06 +0800] "GET /daes501/?p=2214 HTTP/1.1" 301 855 "https://2blog.ilc.edu.tw/daes501/2025/09/16/%e5%85%a8%e6%a0%a1%e5%ae%a3%e5%b0%8e%e8%b3%87%e6%ba%90%e5%9b%9e%e6%94%b6%e5%88%86%e9%a1%9e/" "Mozilla/5.0 AppleWebKit/537.36 (KHTML, like Gecko; compatible; GPTBot/1.4; +https://openai.com/gptbot)"
216.73.216.20 - - [22/Aug/2026:12:30:07 +0800] "GET /6325/2014/09/28/103_%e5%ad%b8%e6%a0%a1%e7%92%b0%e5%a2%83%e6%95%99%e8%82%b2%e7%89%b9%e8%89%b2%e6%88%96%e5%89%b5%e6%96%b0%e4%bd%9c%e7%82%ba8/ HTTP/1.1" 200 12359 "https://2blog.ilc.edu.tw/6325/?p=18098" "Mozilla/5.0 AppleWebKit/537.36 (KHTML, like Gecko; compatible; ClaudeBot/1.0; +claudebot@anthropic.com)"
216.73.216.20 - - [22/Aug/2026:12:30:07 +0800] "GET /6448/2011/12/09/%e5%9b%9b8-100%e5%b9%b4%e8%be%a6%e7%90%86%e6%88%96%e5%8f%83%e8%88%87%e7%92%b0%e5%a2%83%e6%95%99%e8%82%b2%e6%b4%bb%e5%8b%95/ HTTP/1.1" 200 10962 "https://2blog.ilc.edu.tw/6448/?p=149" "Mozilla/5.0 AppleWebKit/537.36 (KHTML, like Gecko; compatible; ClaudeBot/1.0; +claudebot@anthropic.com)"
216.73.216.20 - - [22/Aug/2026:12:30:07 +0800] "GET /6448/2019/11/12/108_%e4%b8%80_3_%e5%8f%a4%e4%ba%ad%e5%9c%8b%e5%b0%8f%e6%b7%a8%e7%81%98%e6%b4%bb%e5%8b%95%e8%a8%88%e7%95%ab-%e6%8e%83%e6%8f%8f/ HTTP/1.1" 200 10679 "https://2blog.ilc.edu.tw/6448/?p=770" "Mozilla/5.0 AppleWebKit/537.36 (KHTML, like Gecko; compatible; ClaudeBot/1.0; +claudebot@anthropic.com)"
216.73.216.20 - - [22/Aug/2026:12:30:07 +0800] "GET /24973/wp-json/wp/v2/categories/13 HTTP/1.1" 200 1812 "-" "Mozilla/5.0 AppleWebKit/537.36 (KHTML, like Gecko; compatible; ClaudeBot/1.0; +claudebot@anthropic.com)"
216.73.216.20 - - [22/Aug/2026:12:30:07 +0800] "GET /6325/?p=18336 HTTP/1.1" 301 976 "-" "Mozilla/5.0 AppleWebKit/537.36 (KHTML, like Gecko; compatible; ClaudeBot/1.0; +claudebot@anthropic.com)"
216.73.216.20 - - [22/Aug/2026:12:30:07 +0800] "GET /24973/wp-json/wp/v2/categories/10 HTTP/1.1" 200 1756 "-" "Mozilla/5.0 AppleWebKit/537.36 (KHTML, like Gecko; compatible; ClaudeBot/1.0; +claudebot@anthropic.com)"
127.0.0.1 - - [22/Aug/2026:12:30:07 +0800] "GET / HTTP/1.1" 301 977 "-" "curl/7.81.0"
127.0.0.1 - - [22/Aug/2026:12:30:07 +0800] "GET / HTTP/1.1" 302 5497 "-" "curl/7.81.0"
127.0.0.1 - - [22/Aug/2026:12:30:07 +0800] "HEAD / HTTP/1.1" 302 5478 "-" "curl/7.81.0"
216.73.216.20 - - [22/Aug/2026:12:30:07 +0800] "GET /6448/?p=591 HTTP/1.1" 301 917 "-" "Mozilla/5.0 AppleWebKit/537.36 (KHTML, like Gecko; compatible; ClaudeBot/1.0; +claudebot@anthropic.com)"
216.73.216.20 - - [22/Aug/2026:12:30:07 +0800] "GET /6325/?p=18607 HTTP/1.1" 301 904 "-" "Mozilla/5.0 AppleWebKit/537.36 (KHTML, like Gecko; compatible; ClaudeBot/1.0; +claudebot@anthropic.com)"
216.73.216.20 - - [22/Aug/2026:12:30:07 +0800] "GET /6325/2015/03/09/104_%e5%85%b6%e4%bb%96%e9%85%8d%e5%90%88%e6%8e%aa%e6%96%bd%e8%be%a6%e7%90%86%e6%83%85%e5%bd%a22-%e5%ae%9c%e8%98%ad%e7%b6%a0%e5%8d%a1%e4%ba%8c%e6%89%8b%e8%a1%a3%e7%89%a9%e5%9b%9e%e6%94%b6-2/ HTTP/1.1" 200 10787 "https://2blog.ilc.edu.tw/6325/?p=18336" "Mozilla/5.0 AppleWebKit/537.36 (KHTML, like Gecko; compatible; ClaudeBot/1.0; +claudebot@anthropic.com)"
216.73.216.20 - - [22/Aug/2026:12:30:07 +0800] "GET /6325/?p=18310 HTTP/1.1" 301 909 "-" "Mozilla/5.0 AppleWebKit/537.36 (KHTML, like Gecko; compatible; ClaudeBot/1.0; +claudebot@anthropic.com)"
216.73.216.20 - - [22/Aug/2026:12:30:07 +0800] "GET /6448/2017/11/15/106_3-1-2_%e6%a0%a1%e5%9c%92%e5%8c%96%e7%b3%9e%e6%b1%a0%e5%8f%8a%e6%b1%99%e6%9f%93%e7%89%a9%e8%b3%aa%e7%9a%84%e8%99%95%e7%90%86-2/ HTTP/1.1" 200 10788 "https://2blog.ilc.edu.tw/6448/?p=591" "Mozilla/5.0 AppleWebKit/537.36 (KHTML, like Gecko; compatible; ClaudeBot/1.0; +claudebot@anthropic.com)"
216.73.216.20 - - [22/Aug/2026:12:30:07 +0800] "GET /6325/?p=17632 HTTP/1.1" 301 972 "-" "Mozilla/5.0 AppleWebKit/537.36 (KHTML, like Gecko; compatible; ClaudeBot/1.0; +claudebot@anthropic.com)"
74.7.242.54 - - [22/Aug/2026:12:30:07 +0800] "GET /daes501/wp-json/wp/v2/posts/2214 HTTP/1.1" 200 14685 "https://2blog.ilc.edu.tw/daes501/2025/09/16/%e5%85%a8%e6%a0%a1%e5%ae%a3%e5%b0%8e%e8%b3%87%e6%ba%90%e5%9b%9e%e6%94%b6%e5%88%86%e9%a1%9e/" "Mozilla/5.0 AppleWebKit/537.36 (KHTML, like Gecko; compatible; GPTBot/1.4; +https://openai.com/gptbot)"
216.73.216.20 - - [22/Aug/2026:12:30:07 +0800] "GET /6448/?p=287 HTTP/1.1" 301 909 "-" "Mozilla/5.0 AppleWebKit/537.36 (KHTML, like Gecko; compatible; ClaudeBot/1.0; +claudebot@anthropic.com)"
216.73.216.20 - - [22/Aug/2026:12:30:07 +0800] "GET /6325/2016/11/17/106-%e4%ba%8c-1-1%e6%88%b6%e5%a4%96%e7%92%b0%e5%a2%83%e6%95%99%e5%ad%b8%e5%8f%8a%e7%94%9f%e6%85%8b%e6%97%85%e9%81%8a/ HTTP/1.1" 200 11364 "https://2blog.ilc.edu.tw/6325/?p=18607" "Mozilla/5.0 AppleWebKit/537.36 (KHTML, like Gecko; compatible; ClaudeBot/1.0; +claudebot@anthropic.com)"
216.73.216.20 - - [22/Aug/2026:12:30:07 +0800] "GET /6325/2014/11/28/103_%e7%92%b0%e5%a2%83%e6%95%99%e8%82%b2%e8%80%83%e8%a9%95%e7%ac%ac%e4%ba%8c%e9%a0%81%e8%ab%8b%e6%8e%a5%e4%b8%8b%e9%a0%81/ HTTP/1.1" 200 13017 "https://2blog.ilc.edu.tw/6325/?p=18310" "Mozilla/5.0 AppleWebKit/537.36 (KHTML, like Gecko; compatible; ClaudeBot/1.0; +claudebot@anthropic.com)"
216.73.216.20 - - [22/Aug/2026:12:30:07 +0800] "GET /6325/?p=17847 HTTP/1.1" 301 847 "-" "Mozilla/5.0 AppleWebKit/537.36 (KHTML, like Gecko; compatible; ClaudeBot/1.0; +claudebot@anthropic.com)"
34.205.170.13 - - [22/Aug/2026:12:30:07 +0800] "GET /wp-content/uploads/sites/2192/2023/02/?C=S;O%3DA HTTP/1.1" 200 1113 "-" "Mozilla/5.0 AppleWebKit/537.36 (KHTML, like Gecko; compatible; Amazonbot/0.1; +https://developer.amazon.com/support/amazonbot) Chrome/119.0.6045.214 Safari/537.36"
216.73.216.20 - - [22/Aug/2026:12:30:07 +0800] "GET /6325/2012/03/12/101_%e5%8f%83%e8%88%87%e3%80%8c%e7%9b%b8%e7%b4%84%e5%b9%b8%e7%a6%8f%e7%9a%84%e8%b5%b7%e9%bb%9e%e3%80%8d%e7%99%be%e8%90%ac%e6%a4%8d%e6%a8%b9%e6%9a%a8%e5%af%ab%e7%94%9f%e6%b4%bb%e5%8b%95/ HTTP/1.1" 200 11812 "https://2blog.ilc.edu.tw/6325/?p=17632" "Mozilla/5.0 AppleWebKit/537.36 (KHTML, like Gecko; compatible; ClaudeBot/1.0; +claudebot@anthropic.com)"
216.73.216.20 - - [22/Aug/2026:12:30:07 +0800] "GET /6325/?p=18306 HTTP/1.1" 301 918 "-" "Mozilla/5.0 AppleWebKit/537.36 (KHTML, like Gecko; compatible; ClaudeBot/1.0; +claudebot@anthropic.com)"
216.73.216.20 - - [22/Aug/2026:12:30:07 +0800] "GET /6448/2013/11/27/102%e5%b9%b4%e5%9b%9b%ef%bd%9e3%e6%a0%a1%e5%85%a7%e5%9b%9e%e6%94%b6%e6%95%99%e7%a7%91%e6%9b%b8%e5%86%8d%e5%88%a9%e7%94%a8/ HTTP/1.1" 200 11116 "https://2blog.ilc.edu.tw/6448/?p=287" "Mozilla/5.0 AppleWebKit/537.36 (KHTML, like Gecko; compatible; ClaudeBot/1.0; +claudebot@anthropic.com)"
216.73.216.20 - - [22/Aug/2026:12:30:07 +0800] "GET /6448/?p=4191 HTTP/1.1" 301 904 "-" "Mozilla/5.0 AppleWebKit/537.36 (KHTML, like Gecko; compatible; ClaudeBot/1.0; +claudebot@anthropic.com)"
216.73.216.20 - - [22/Aug/2026:12:30:08 +0800] "GET /6325/2013/10/07/102_%e6%a0%a1%e5%9c%92%e7%94%9f%e6%85%8b%e5%b0%8e%e8%a6%bd4/ HTTP/1.1" 200 10486 "https://2blog.ilc.edu.tw/6325/?p=17847" "Mozilla/5.0 AppleWebKit/537.36 (KHTML, like Gecko; compatible; ClaudeBot/1.0; +claudebot@anthropic.com)"
216.73.216.20 - - [22/Aug/2026:12:30:08 +0800] "GET /6448/?p=877 HTTP/1.1" 301 895 "-" "Mozilla/5.0 AppleWebKit/537.36 (KHTML, like Gecko; compatible; ClaudeBot/1.0; +claudebot@anthropic.com)"
2001:288:a201::66:125 - - [22/Aug/2026:12:30:08 +0800] "GET /blog/active.php HTTP/1.1" 301 1026 "-" "-"
2001:288:a201::66:125 - - [22/Aug/2026:12:30:08 +0800] "GET /blog/active.php HTTP/1.1" 404 1084 "-" "-"
216.73.216.20 - - [22/Aug/2026:12:30:08 +0800] "GET /6325/2014/11/28/103_%e5%ad%b8%e6%a0%a1%e7%92%b0%e5%a2%83%e6%95%99%e8%82%b2%e7%9a%84%e5%9b%b0%e9%9b%a3%e9%9c%80%e6%b1%82%e5%ae%8c%e6%88%90%e9%a0%81/ HTTP/1.1" 200 11521 "https://2blog.ilc.edu.tw/6325/?p=18306" "Mozilla/5.0 AppleWebKit/537.36 (KHTML, like Gecko; compatible; ClaudeBot/1.0; +claudebot@anthropic.com)"
216.73.216.20 - - [22/Aug/2026:12:30:08 +0800] "GET /6325/?p=17650 HTTP/1.1" 301 848 "-" "Mozilla/5.0 AppleWebKit/537.36 (KHTML, like Gecko; compatible; ClaudeBot/1.0; +claudebot@anthropic.com)"
216.73.216.20 - - [22/Aug/2026:12:30:08 +0800] "GET /6448/?p=211 HTTP/1.1" 301 919 "-" "Mozilla/5.0 AppleWebKit/537.36 (KHTML, like Gecko; compatible; ClaudeBot/1.0; +claudebot@anthropic.com)"
216.73.216.20 - - [22/Aug/2026:12:30:08 +0800] "GET /6448/2020/11/18/109_%e4%ba%8c_1_%e8%87%aa%e7%84%b6-%e5%b0%8f%e5%9c%92%e4%b8%81%e5%ad%b8%e7%a8%ae%e8%8f%9c%e4%b8%89%e5%b9%b4%e7%b4%9a/ HTTP/1.1" 200 10680 "https://2blog.ilc.edu.tw/6448/?p=4191" "Mozilla/5.0 AppleWebKit/537.36 (KHTML, like Gecko; compatible; ClaudeBot/1.0; +claudebot@anthropic.com)"
216.73.216.20 - - [22/Aug/2026:12:30:08 +0800] "GET /6448/2019/11/15/108_%e5%9b%9b_1_%e6%b0%a3%e5%80%99%e8%ae%8a%e9%81%b7%e7%b9%aa%e7%95%ab%e6%af%94%e8%b3%bd-%e5%85%ac%e6%96%87/ HTTP/1.1" 200 10841 "https://2blog.ilc.edu.tw/6448/?p=877" "Mozilla/5.0 AppleWebKit/537.36 (KHTML, like Gecko; compatible; ClaudeBot/1.0; +claudebot@anthropic.com)"
216.73.216.20 - - [22/Aug/2026:12:30:08 +0800] "GET /6325/?p=17622 HTTP/1.1" 301 941 "-" "Mozilla/5.0 AppleWebKit/537.36 (KHTML, like Gecko; compatible; ClaudeBot/1.0; +claudebot@anthropic.com)"
::1 - - [22/Aug/2026:12:30:08 +0800] "OPTIONS * HTTP/1.0" 200 110 "-" "Apache/2.4.68 (Ubuntu) OpenSSL/3.0.19 (internal dummy connection)"
216.73.216.20 - - [22/Aug/2026:12:30:08 +0800] "GET /6325/2012/11/21/101_%e6%a0%a1%e5%9c%92%e7%92%b0%e4%bf%9d%e5%af%a6%e5%8b%99-3/ HTTP/1.1" 200 10496 "https://2blog.ilc.edu.tw/6325/?p=17650" "Mozilla/5.0 AppleWebKit/537.36 (KHTML, like Gecko; compatible; ClaudeBot/1.0; +claudebot@anthropic.com)"
216.73.216.20 - - [22/Aug/2026:12:30:08 +0800] "GET /6448/2012/11/28/101%e5%b9%b4%e4%b8%8910%e7%af%80%e8%83%bd%e6%b8%9b%e5%bb%a2%e7%87%9f%e9%80%a0%e6%a0%a1%e5%9c%92%e7%94%9f%e6%85%8b%e7%a9%ba%e9%96%93/ HTTP/1.1" 200 11228 "https://2blog.ilc.edu.tw/6448/?p=211" "Mozilla/5.0 AppleWebKit/537.36 (KHTML, like Gecko; compatible; ClaudeBot/1.0; +claudebot@anthropic.com)"
216.73.216.20 - - [22/Aug/2026:12:30:08 +0800] "GET /6325/2011/12/11/%e8%be%a6%e7%90%86%e7%92%b0%e5%a2%83%e6%95%99%e8%82%b2%e6%b4%bb%e5%8b%95%e4%b8%a6%e6%9c%89%e6%88%90%e6%95%88%e8%a9%95%e4%bc%b0%e5%88%86%e6%9e%90%e4%b8%80/ HTTP/1.1" 200 11097 "https://2blog.ilc.edu.tw/6325/?p=17622" "Mozilla/5.0 AppleWebKit/537.36 (KHTML, like Gecko; compatible; ClaudeBot/1.0; +claudebot@anthropic.com)"
3.212.205.90 - - [22/Aug/2026:12:30:08 +0800] "GET /32745/2022/06/09/%E7%84%A1%E9%A0%AD%E8%B7%AF/ HTTP/1.1" 200 92419 "-" "Mozilla/5.0 AppleWebKit/537.36 (KHTML, like Gecko; compatible; Amazonbot/0.1; +https://developer.amazon.com/support/amazonbot) Chrome/119.0.6045.214 Safari/537.36"
140.111.67.10 - - [22/Aug/2026:12:30:09 +0800] "GET /" 301 273 "-" "-"
::1 - - [22/Aug/2026:12:30:09 +0800] "OPTIONS * HTTP/1.0" 200 110 "-" "Apache/2.4.68 (Ubuntu) OpenSSL/3.0.19 (internal dummy connection)"
2001:288:a277:1:9db5:ce90:cde2:a7d8 - - [22/Aug/2026:12:30:09 +0800] "GET /wp-content/uploads/sites/3846/2026/06/%E5%AE%A3%E5%82%B3%E5%9C%96%E7%89%87.png HTTP/1.1" 304 5581 "https://it.ilc.edu.tw/" "Mozilla/5.0 (Windows NT 10.0; Win64; x64) AppleWebKit/537.36 (KHTML, like Gecko) Chrome/151.0.0.0 Safari/537.36"
2001:288:a277:1:9db5:ce90:cde2:a7d8 - - [22/Aug/2026:12:30:10 +0800] "GET /wp-content/uploads/sites/3846/2026/08/%E8%BE%B2%E6%A5%AD%E9%83%A8%E5%BB%A3%E5%91%8A.jpg HTTP/1.1" 304 5581 "https://it.ilc.edu.tw/" "Mozilla/5.0 (Windows NT 10.0; Win64; x64) AppleWebKit/537.36 (KHTML, like Gecko) Chrome/151.0.0.0 Safari/537.36"
2001:288:a277:1:9db5:ce90:cde2:a7d8 - - [22/Aug/2026:12:30:10 +0800] "GET /wp-content/uploads/sites/3846/2026/06/2026%E5%AE%9C%E8%98%AD%E7%98%8B%E5%AD%B8%E7%BF%92-%E6%9A%91%E5%81%87_%E6%95%99%E8%82%B2%E8%99%95%E9%A6%96%E9%A0%81-1440-x-1080-%E5%83%8F%E7%B4%A0.png HTTP/1.1" 304 5581 "https://it.ilc.edu.tw/" "Mozilla/5.0 (Windows NT 10.0; Win64; x64) AppleWebKit/537.36 (KHTML, like Gecko) Chrome/151.0.0.0 Safari/537.36"
85.208.96.203 - - [22/Aug/2026:12:30:09 +0800] "GET /amy6998/category/%E5%A4%9A%E5%85%83%E5%AD%B8%E7%BF%92/ HTTP/1.1" 200 37711 "-" "Mozilla/5.0 (compatible; SemrushBot/7~bl; +http://www.semrush.com/bot.html)"
::1 - - [22/Aug/2026:12:30:10 +0800] "OPTIONS * HTTP/1.0" 200 110 "-" "Apache/2.4.68 (Ubuntu) OpenSSL/3.0.19 (internal dummy connection)"
74.7.242.54 - - [22/Aug/2026:12:30:07 +0800] "GET /26150/wp-json/oembed/1.0/embed?format=xml&url=https%3A%2F%2F2blog.ilc.edu.tw%2F26150%2F2014%2F04%2F30%2F103%25e5%25b9%25b4%25e5%25ba%25a6%25e7%25ac%25ac17%25e6%25ac%25a1-%25e5%25b9%25b8%25e7%25a6%258f%25e5%25ae%25b6%25e5%25ba%25ad%25e7%25a9%25ba%25e4%25b8%25ad%25e8%25ac%259b%25e5%25a0%2582-%25e7%25b9%25aa%25e6%259c%25ac%25e4%25b8%25ad%25e7%259a%2584%25e8%25a6%25aa%25e5%25ad%2590%25e9%2597%259c%25e4%25bf%2582%2F HTTP/1.1" 200 2343 "https://2blog.ilc.edu.tw/26150/2014/04/30/103%e5%b9%b4%e5%ba%a6%e7%ac%ac17%e6%ac%a1-%e5%b9%b8%e7%a6%8f%e5%ae%b6%e5%ba%ad%e7%a9%ba%e4%b8%ad%e8%ac%9b%e5%a0%82-%e7%b9%aa%e6%9c%ac%e4%b8%ad%e7%9a%84%e8%a6%aa%e5%ad%90%e9%97%9c%e4%bf%82/" "Mozilla/5.0 AppleWebKit/537.36 (KHTML, like Gecko; compatible; GPTBot/1.4; +https://openai.com/gptbot)"
52.4.238.8 - - [22/Aug/2026:12:30:10 +0800] "GET /1003/wp-json/wp/v2/%22https:/static.xx.fbcdn.net/images/emoji.php/v9/tfc/1/16/1f44d.png/%22 HTTP/1.1" 404 6131 "-" "Mozilla/5.0 AppleWebKit/537.36 (KHTML, like Gecko; compatible; Amazonbot/0.1; +https://developer.amazon.com/support/amazonbot) Chrome/119.0.6045.214 Safari/537.36"
::1 - - [22/Aug/2026:12:30:11 +0800] "OPTIONS * HTTP/1.0" 200 110 "-" "Apache/2.4.68 (Ubuntu) OpenSSL/3.0.19 (internal dummy connection)"
17.241.219.68 - - [22/Aug/2026:12:30:11 +0800] "GET /asddsasadsadads/dsasadasdsad/asdsadsadsadas.com/tritonia.se/armormax.com/q2.com/?paged=12 HTTP/1.1" 200 28924 "-" "Mozilla/5.0 (Macintosh; Intel Mac OS X 10_15_7) AppleWebKit/605.1.15 (KHTML, like Gecko) Version/17.4 Safari/605.1.15 (Applebot/0.1; +http://www.apple.com/go/applebot)"
54.235.125.129 - - [22/Aug/2026:12:30:11 +0800] "GET /6450/2015/09/ HTTP/1.1" 200 15135 "-" "Mozilla/5.0 AppleWebKit/537.36 (KHTML, like Gecko; compatible; Amazonbot/0.1; +https://developer.amazon.com/support/amazonbot) Chrome/119.0.6045.214 Safari/537.36"
::1 - - [22/Aug/2026:12:30:12 +0800] "OPTIONS * HTTP/1.0" 200 110 "-" "Apache/2.4.68 (Ubuntu) OpenSSL/3.0.19 (internal dummy connection)"
85.208.96.208 - - [22/Aug/2026:12:30:12 +0800] "GET /868/46870/ HTTP/1.1" 200 21358 "-" "Mozilla/5.0 (compatible; SemrushBot/7~bl; +http://www.semrush.com/bot.html)"
2001:288:a201::66:125 - - [22/Aug/2026:12:30:13 +0800] "GET /blog/active.php HTTP/1.1" 301 1026 "-" "-"
2001:288:a201::66:125 - - [22/Aug/2026:12:30:13 +0800] "GET /blog/active.php HTTP/1.1" 404 1084 "-" "-"
::1 - - [22/Aug/2026:12:30:13 +0800] "OPTIONS * HTTP/1.0" 200 110 "-" "Apache/2.4.68 (Ubuntu) OpenSSL/3.0.19 (internal dummy connection)"
2001:b400:e257:7bcc:5fe6:f4b0:30a8:3c00 - - [22/Aug/2026:12:30:13 +0800] "GET / HTTP/1.1" 200 30144 "-" "Mozilla/5.0 (Linux; Android 10; K) AppleWebKit/537.36 (KHTML, like Gecko) Chrome/151.0.0.0 Mobile Safari/537.36"
2001:b400:e257:7bcc:5fe6:f4b0:30a8:3c00 - - [22/Aug/2026:12:30:13 +0800] "GET /wp-content/cache/www.csjh.ilc.edu.tw/wpfc-minified/8tosrx9w/7160.css HTTP/1.1" 200 40884 "https://www.csjh.ilc.edu.tw/" "Mozilla/5.0 (Linux; Android 10; K) AppleWebKit/537.36 (KHTML, like Gecko) Chrome/151.0.0.0 Mobile Safari/537.36"
74.7.242.54 - - [22/Aug/2026:12:30:11 +0800] "GET /26150/wp-json/oembed/1.0/embed?format=xml&url=https%3A%2F%2F2blog.ilc.edu.tw%2F26150%2F2016%2F08%2F11%2F105%25e5%25b9%25b4%25e5%25ba%25a6%25e7%25ac%25ac31%25e6%25ac%25a1%25e5%25b9%25b8%25e7%25a6%258f%25e5%25ae%25b6%25e5%25ba%25ad%25e7%25a9%25ba%25e4%25b8%25ad%25e8%25ac%259b%25e5%25a0%2582-%25e7%25b9%25aa%25e6%259c%25ac%25e4%25b8%25ad%25e7%259a%2584%25e7%25a5%2596%25e5%25ad%25ab%25e6%2583%2585%2F HTTP/1.1" 200 2328 "https://2blog.ilc.edu.tw/26150/2016/08/11/105%e5%b9%b4%e5%ba%a6%e7%ac%ac31%e6%ac%a1%e5%b9%b8%e7%a6%8f%e5%ae%b6%e5%ba%ad%e7%a9%ba%e4%b8%ad%e8%ac%9b%e5%a0%82-%e7%b9%aa%e6%9c%ac%e4%b8%ad%e7%9a%84%e7%a5%96%e5%ad%ab%e6%83%85/" "Mozilla/5.0 AppleWebKit/537.36 (KHTML, like Gecko; compatible; GPTBot/1.4; +https://openai.com/gptbot)"
140.111.67.10 - - [22/Aug/2026:12:30:14 +0800] "GET /" 301 273 "-" "-"
74.7.242.54 - - [22/Aug/2026:12:30:14 +0800] "GET /26150/wp-content/uploads/sites/67/2023/06/112%E5%B9%B4%E5%AE%9C%E8%98%AD%E7%B8%A3%E6%94%BF%E5%BA%9C%E6%9C%AA%E5%A9%9A%E8%81%AF%E8%AA%BC%E5%A0%B1%E5%90%8D%E8%A1%A8.odt HTTP/1.1" 200 249981 "https://2blog.ilc.edu.tw/26150/2023/06/15/%e5%87%bd%e8%bd%89%e5%ae%9c%e8%98%ad%e7%b8%a3%e6%94%bf%e5%ba%9c%e6%9c%ac%e5%ba%9c112%e5%b9%b4%e5%ba%a6%e5%85%ac%e6%95%99%e4%ba%ba%e5%93%a1%e3%80%8c%e8%bd%89%e8%a7%92%e6%88%80%e4%b8%8a%e4%bd%a0/" "Mozilla/5.0 AppleWebKit/537.36 (KHTML, like Gecko; compatible; GPTBot/1.4; +https://openai.com/gptbot)"
2001:b400:e257:7bcc:5fe6:f4b0:30a8:3c00 - - [22/Aug/2026:12:30:14 +0800] "GET /wp-content/cache/www.csjh.ilc.edu.tw/wpfc-minified/lnsd0whl/7160.css HTTP/1.1" 200 34099 "https://www.csjh.ilc.edu.tw/" "Mozilla/5.0 (Linux; Android 10; K) AppleWebKit/537.36 (KHTML, like Gecko) Chrome/151.0.0.0 Mobile Safari/537.36"
::1 - - [22/Aug/2026:12:30:14 +0800] "OPTIONS * HTTP/1.0" 200 110 "-" "Apache/2.4.68 (Ubuntu) OpenSSL/3.0.19 (internal dummy connection)"
2001:b400:e257:7bcc:5fe6:f4b0:30a8:3c00 - - [22/Aug/2026:12:30:14 +0800] "GET /wp-content/cache/www.csjh.ilc.edu.tw/wpfc-minified/1z16c07/7160.css HTTP/1.1" 200 58537 "https://www.csjh.ilc.edu.tw/" "Mozilla/5.0 (Linux; Android 10; K) AppleWebKit/537.36 (KHTML, like Gecko) Chrome/151.0.0.0 Mobile Safari/537.36"
2001:b400:e257:7bcc:5fe6:f4b0:30a8:3c00 - - [22/Aug/2026:12:30:14 +0800] "GET /wp-content/cache/www.csjh.ilc.edu.tw/wpfc-minified/9639mew6/789g.css HTTP/1.1" 200 71817 "https://www.csjh.ilc.edu.tw/" "Mozilla/5.0 (Linux; Android 10; K) AppleWebKit/537.36 (KHTML, like Gecko) Chrome/151.0.0.0 Mobile Safari/537.36"
2001:b400:e257:7bcc:5fe6:f4b0:30a8:3c00 - - [22/Aug/2026:12:30:14 +0800] "GET /wp-content/cache/www.csjh.ilc.edu.tw/wpfc-minified/2dy3gs0b/7161.js HTTP/1.1" 200 35558 "https://www.csjh.ilc.edu.tw/" "Mozilla/5.0 (Linux; Android 10; K) AppleWebKit/537.36 (KHTML, like Gecko) Chrome/151.0.0.0 Mobile Safari/537.36"
2001:b400:e257:7bcc:5fe6:f4b0:30a8:3c00 - - [22/Aug/2026:12:30:15 +0800] "GET /wp-content/uploads/sites/980/2023/01/%E5%AD%B8%E6%A0%A1%E5%8F%A3%E8%99%9F.png HTTP/1.1" 200 48636 "https://www.csjh.ilc.edu.tw/" "Mozilla/5.0 (Linux; Android 10; K) AppleWebKit/537.36 (KHTML, like Gecko) Chrome/151.0.0.0 Mobile Safari/537.36"
2001:b400:e257:7bcc:5fe6:f4b0:30a8:3c00 - - [22/Aug/2026:12:30:15 +0800] "GET /wp-content/uploads/sites/980/2026/04/%E6%A0%A1%E7%B6%B2%E9%A6%96%E9%A0%81%E5%85%AC%E5%91%8A%E5%9C%96-800-x-600-px-8-768x576.png HTTP/1.1" 200 117386 "https://www.csjh.ilc.edu.tw/" "Mozilla/5.0 (Linux; Android 10; K) AppleWebKit/537.36 (KHTML, like Gecko) Chrome/151.0.0.0 Mobile Safari/537.36"
2001:b400:e257:7bcc:5fe6:f4b0:30a8:3c00 - - [22/Aug/2026:12:30:15 +0800] "GET /wp-content/uploads/sites/980/2026/04/Celebrating-Samira-Hadids-Birthday-768x576.png HTTP/1.1" 200 131408 "https://www.csjh.ilc.edu.tw/" "Mozilla/5.0 (Linux; Android 10; K) AppleWebKit/537.36 (KHTML, like Gecko) Chrome/151.0.0.0 Mobile Safari/537.36"
44.214.19.8 - - [22/Aug/2026:12:30:15 +0800] "GET /1003/wp-json/wp/v2/%22https:/static.xx.fbcdn.net/images/emoji.php/v9/tef/1/16/1f535.png/%22 HTTP/1.1" 404 6131 "-" "Mozilla/5.0 AppleWebKit/537.36 (KHTML, like Gecko; compatible; Amazonbot/0.1; +https://developer.amazon.com/support/amazonbot) Chrome/119.0.6045.214 Safari/537.36"
2001:b400:e257:7bcc:5fe6:f4b0:30a8:3c00 - - [22/Aug/2026:12:30:15 +0800] "GET /wp-content/uploads/sites/980/2026/04/%E6%A0%A1%E7%B6%B2%E9%A6%96%E9%A0%81%E5%85%AC%E5%91%8A%E5%9C%96-800-x-600-px-768x576.png HTTP/1.1" 200 163779 "https://www.csjh.ilc.edu.tw/" "Mozilla/5.0 (Linux; Android 10; K) AppleWebKit/537.36 (KHTML, like Gecko) Chrome/151.0.0.0 Mobile Safari/537.36"
::1 - - [22/Aug/2026:12:30:15 +0800] "OPTIONS * HTTP/1.0" 200 110 "-" "Apache/2.4.68 (Ubuntu) OpenSSL/3.0.19 (internal dummy connection)"
2001:b400:e257:7bcc:5fe6:f4b0:30a8:3c00 - - [22/Aug/2026:12:30:15 +0800] "GET /wp-content/uploads/sites/980/elementor/css/post-1985.css HTTP/1.1" 200 1407 "https://www.csjh.ilc.edu.tw/" "Mozilla/5.0 (Linux; Android 10; K) AppleWebKit/537.36 (KHTML, like Gecko) Chrome/151.0.0.0 Mobile Safari/537.36"
2001:b400:e257:7bcc:5fe6:f4b0:30a8:3c00 - - [22/Aug/2026:12:30:15 +0800] "GET /wp-content/uploads/sites/980/elementor/css/post-3463.css HTTP/1.1" 304 1129 "https://www.csjh.ilc.edu.tw/" "Mozilla/5.0 (Linux; Android 10; K) AppleWebKit/537.36 (KHTML, like Gecko) Chrome/151.0.0.0 Mobile Safari/537.36"
34.10.180.98 - - [22/Aug/2026:12:30:15 +0800] "GET /6441/2022/04/25/01-%E5%AE%9C%E8%98%AD%E7%B8%A3%E5%BB%A3%E8%88%88%E5%9C%8B%E5%B0%8F-111%E5%B9%B4%E5%BA%A6%E7%92%B0%E5%A2%83%E6%95%99%E8%82%B2%E8%A8%88%E7%95%AB/ HTTP/1.1" 200 16045 "-" "Mozilla/5.0 (Macintosh; Intel Mac OS X 10_15_7) AppleWebKit/537.36 (KHTML, like Gecko) Chrome/120.0.0.0 Safari/537.36"
18.213.70.100 - - [22/Aug/2026:12:30:16 +0800] "GET /30967/wp-json/wp/v2/tags?post=73 HTTP/1.1" 200 6011 "-" "Mozilla/5.0 AppleWebKit/537.36 (KHTML, like Gecko; compatible; Amazonbot/0.1; +https://developer.amazon.com/support/amazonbot) Chrome/119.0.6045.214 Safari/537.36"
::1 - - [22/Aug/2026:12:30:16 +0800] "OPTIONS * HTTP/1.0" 200 110 "-" "Apache/2.4.68 (Ubuntu) OpenSSL/3.0.19 (internal dummy connection)"
2a03:2880:f802:8:: - - [22/Aug/2026:12:30:14 +0800] "GET /wp-login.php?key=acoqd378&_wpnonce=&action=ilc_logout&redirect_to=https%3A%2F%2Fgame.edu.kg HTTP/1.1" 302 8248 "-" "Mozilla/5.0 (Windows NT 10.0; Win64; x64) AppleWebKit/537.36 (KHTML, like Gecko) Chrome/145.0.0.0 Safari/537.36 (compatible; meta-externalagent/1.1 (+https://developers.facebook.com/docs/sharing/webmasters/crawler))"
::1 - - [22/Aug/2026:12:30:17 +0800] "OPTIONS * HTTP/1.0" 200 110 "-" "Apache/2.4.68 (Ubuntu) OpenSSL/3.0.19 (internal dummy connection)"
85.208.96.209 - - [22/Aug/2026:12:30:17 +0800] "GET /jtftw/%E7%92%B0%E4%BF%9D%E5%B0%8F%E5%AD%B8%E5%A0%82 HTTP/1.1" 200 24864 "-" "Mozilla/5.0 (compatible; SemrushBot/7~bl; +http://www.semrush.com/bot.html)"
34.56.53.225 - - [22/Aug/2026:12:30:17 +0800] "GET /24659/2013/04/24/%E4%B8%89%E5%B9%B4%E7%B4%9A%E5%AD%B8%E6%A0%A1%E7%89%B9%E8%89%B2%E8%AA%B2%E7%A8%8B%E5%AF%A6%E6%96%BD%E8%A8%88%E7%95%AB/ HTTP/1.1" 200 25020 "-" "Mozilla/5.0 (Macintosh; Intel Mac OS X 10_15_7) AppleWebKit/537.36 (KHTML, like Gecko) Chrome/120.0.0.0 Safari/537.36"
2001:288:a201::66:125 - - [22/Aug/2026:12:30:18 +0800] "GET /blog/active.php HTTP/1.1" 301 1026 "-" "-"
2001:288:a201::66:125 - - [22/Aug/2026:12:30:18 +0800] "GET /blog/active.php HTTP/1.1" 404 1084 "-" "-"
74.7.242.54 - - [22/Aug/2026:12:30:15 +0800] "GET /26150/category/c-11220/page/67/ HTTP/1.1" 200 19293 "https://2blog.ilc.edu.tw/26150/category/c-11220/page/70/" "Mozilla/5.0 AppleWebKit/537.36 (KHTML, like Gecko; compatible; GPTBot/1.4; +https://openai.com/gptbot)"
::1 - - [22/Aug/2026:12:30:18 +0800] "OPTIONS * HTTP/1.0" 200 110 "-" "Apache/2.4.68 (Ubuntu) OpenSSL/3.0.19 (internal dummy connection)"
44.207.207.36 - - [22/Aug/2026:12:30:18 +0800] "GET /1003/wp-json/wp/v2/%22https:/2blog.ilc.edu.tw/1003/wp-content/uploads/sites/233/2024/05/4-724x1024.png/%22 HTTP/1.1" 404 6131 "-" "Mozilla/5.0 AppleWebKit/537.36 (KHTML, like Gecko; compatible; Amazonbot/0.1; +https://developer.amazon.com/support/amazonbot) Chrome/119.0.6045.214 Safari/537.36"
140.111.67.10 - - [22/Aug/2026:12:30:19 +0800] "GET /" 301 273 "-" "-"
::1 - - [22/Aug/2026:12:30:19 +0800] "OPTIONS * HTTP/1.0" 200 110 "-" "Apache/2.4.68 (Ubuntu) OpenSSL/3.0.19 (internal dummy connection)"
34.10.180.98 - - [22/Aug/2026:12:30:19 +0800] "GET /wutatayal/2023/04/26/2023%E5%8E%9F%E6%9C%AC%E6%AD%B2%E6%99%82-%E5%8E%9F%E4%BD%8F%E6%B0%91%E6%97%8F%E6%AD%B2%E6%99%82%E7%A5%AD%E5%84%80%E6%9C%88%E6%9B%86/ HTTP/1.1" 200 15829 "-" "Mozilla/5.0 (Macintosh; Intel Mac OS X 10_15_7) AppleWebKit/537.36 (KHTML, like Gecko) Chrome/120.0.0.0 Safari/537.36"
3.210.29.96 - - [22/Aug/2026:12:30:19 +0800] "GET /wp-content/uploads/sites/3644/2022/11/?C=M;O%3DD HTTP/1.1" 200 1113 "-" "Mozilla/5.0 AppleWebKit/537.36 (KHTML, like Gecko; compatible; Amazonbot/0.1; +https://developer.amazon.com/support/amazonbot) Chrome/119.0.6045.214 Safari/537.36"
54.89.90.224 - - [22/Aug/2026:12:30:19 +0800] "GET /6444/2010/10/12/%E8%87%AA%E8%A9%95%E8%A1%A8/embed/ HTTP/1.1" 200 12518 "-" "Mozilla/5.0 AppleWebKit/537.36 (KHTML, like Gecko; compatible; Amazonbot/0.1; +https://developer.amazon.com/support/amazonbot) Chrome/119.0.6045.214 Safari/537.36"
::1 - - [22/Aug/2026:12:30:20 +0800] "OPTIONS * HTTP/1.0" 200 110 "-" "Apache/2.4.68 (Ubuntu) OpenSSL/3.0.19 (internal dummy connection)"
::1 - - [22/Aug/2026:12:30:21 +0800] "OPTIONS * HTTP/1.0" 200 110 "-" "Apache/2.4.68 (Ubuntu) OpenSSL/3.0.19 (internal dummy connection)"
74.7.242.54 - - [22/Aug/2026:12:30:18 +0800] "GET /26150/category/c-11220/page/66/ HTTP/1.1" 200 19260 "https://2blog.ilc.edu.tw/26150/category/c-11220/page/68/" "Mozilla/5.0 AppleWebKit/537.36 (KHTML, like Gecko; compatible; GPTBot/1.4; +https://openai.com/gptbot)"
::1 - - [22/Aug/2026:12:30:22 +0800] "OPTIONS * HTTP/1.0" 200 110 "-" "Apache/2.4.68 (Ubuntu) OpenSSL/3.0.19 (internal dummy connection)"
2001:288:a201::66:125 - - [22/Aug/2026:12:30:23 +0800] "GET /blog/active.php HTTP/1.1" 301 1026 "-" "-"
2001:288:a201::66:125 - - [22/Aug/2026:12:30:23 +0800] "GET /blog/active.php HTTP/1.1" 404 1084 "-" "-"
::1 - - [22/Aug/2026:12:30:23 +0800] "OPTIONS * HTTP/1.0" 200 110 "-" "Apache/2.4.68 (Ubuntu) OpenSSL/3.0.19 (internal dummy connection)"
140.111.67.10 - - [22/Aug/2026:12:30:24 +0800] "GET /" 301 273 "-" "-"
98.82.214.73 - - [22/Aug/2026:12:30:24 +0800] "GET /wp-content/uploads/sites/156/2023/12/?C=S;O%3DA HTTP/1.1" 200 1111 "-" "Mozilla/5.0 AppleWebKit/537.36 (KHTML, like Gecko; compatible; Amazonbot/0.1; +https://developer.amazon.com/support/amazonbot) Chrome/119.0.6045.214 Safari/537.36"
::1 - - [22/Aug/2026:12:30:24 +0800] "OPTIONS * HTTP/1.0" 200 110 "-" "Apache/2.4.68 (Ubuntu) OpenSSL/3.0.19 (internal dummy connection)"
74.7.242.54 - - [22/Aug/2026:12:30:22 +0800] "GET /26150/category/c-11220/page/26/ HTTP/1.1" 200 19349 "https://2blog.ilc.edu.tw/26150/category/c-11220/page/23/" "Mozilla/5.0 AppleWebKit/537.36 (KHTML, like Gecko; compatible; GPTBot/1.4; +https://openai.com/gptbot)"
23.27.60.100 - - [22/Aug/2026:12:30:24 +0800] "GET /wp-content/uploads/sites/335/21/previews/21-2992656.jpg HTTP/1.1" 200 43378 "https://2blog.ilc.edu.tw/21/2015/03/23/103%E5%AD%B8%E5%B9%B4%E5%BA%A6%E7%AC%AC%E4%BA%8C%E5%AD%B8%E6%9C%9F%E9%84%89%E9%8E%AE%E5%B7%A1%E8%BF%B4%E6%9C%8D%E5%8B%99%E8%98%87%E6%BE%B3%E9%8E%AE/" "Mozilla/5.0 (Macintosh; Intel Mac OS X 10_15_7) AppleWebKit/537.36 (KHTML, like Gecko) Chrome/131.0.0.0 Safari/537.36"
54.225.181.161 - - [22/Aug/2026:12:30:24 +0800] "GET /wp-content/uploads/sites/2690/6505/6505-2211188.jpg HTTP/1.1" 200 254907 "-" "Mozilla/5.0 AppleWebKit/537.36 (KHTML, like Gecko; compatible; Amazonbot/0.1; +https://developer.amazon.com/support/amazonbot) Chrome/119.0.6045.214 Safari/537.36"
::1 - - [22/Aug/2026:12:30:25 +0800] "OPTIONS * HTTP/1.0" 200 110 "-" "Apache/2.4.68 (Ubuntu) OpenSSL/3.0.19 (internal dummy connection)"
::1 - - [22/Aug/2026:12:30:26 +0800] "OPTIONS * HTTP/1.0" 200 110 "-" "Apache/2.4.68 (Ubuntu) OpenSSL/3.0.19 (internal dummy connection)"
74.7.242.54 - - [22/Aug/2026:12:30:25 +0800] "GET /26150/category/c-11220/page/65/ HTTP/1.1" 200 19428 "https://2blog.ilc.edu.tw/26150/category/c-11220/page/68/" "Mozilla/5.0 AppleWebKit/537.36 (KHTML, like Gecko; compatible; GPTBot/1.4; +https://openai.com/gptbot)"
34.30.223.149 - - [22/Aug/2026:12:30:26 +0800] "GET /wp-content/uploads/sites/2746/6472/previews/6472-4224134.odt HTTP/1.1" 404 5711 "-" "Mozilla/5.0 (Macintosh; Intel Mac OS X 10_15_7) AppleWebKit/537.36 (KHTML, like Gecko) Chrome/120.0.0.0 Safari/537.36"
::1 - - [22/Aug/2026:12:30:27 +0800] "OPTIONS * HTTP/1.0" 200 110 "-" "Apache/2.4.68 (Ubuntu) OpenSSL/3.0.19 (internal dummy connection)"
34.171.68.95 - - [22/Aug/2026:12:30:27 +0800] "GET /wp-json/oembed/1.0/embed?format=xml&url=https://www.ytps.ilc.edu.tw/1091025%25e5%25ae%25b6%25e6%25a8%2582%25e7%25a6%258f%25e9%259f%25b3%25e6%25a8%2582%25e6%259c%2583_201027_23/ HTTP/1.1" 200 7241 "-" "Mozilla/5.0 (Macintosh; Intel Mac OS X 10_15_7) AppleWebKit/537.36 (KHTML, like Gecko) Chrome/120.0.0.0 Safari/537.36"
2001:288:a201::66:125 - - [22/Aug/2026:12:30:28 +0800] "GET /blog/active.php HTTP/1.1" 404 1084 "-" "-"
2001:288:a201::66:125 - - [22/Aug/2026:12:30:28 +0800] "GET /blog/active.php HTTP/1.1" 301 1026 "-" "-"
122.100.114.252 - - [22/Aug/2026:12:30:28 +0800] "GET /wp-content/uploads/sites/1664/elementor/thumbs/logo-qmj6qijzcuofcrsjb0f4q989lzx67uv05jkmsvr25s.png HTTP/1.1" 200 15841 "https://www.gjes.ilc.edu.tw/" "Mozilla/5.0 (iPhone; CPU iPhone OS 18_7 like Mac OS X) AppleWebKit/605.1.15 (KHTML, like Gecko) Version/26.6 Mobile/15E148 Safari/604.1"
122.100.114.252 - - [22/Aug/2026:12:30:28 +0800] "GET /wp-content/uploads/sites/1664/elementor/thumbs/-51-pb8vc6rd0u0gfrrlcx1heq8uwmdmpajqtv98chxmsw.png HTTP/1.1" 200 6606 "https://www.gjes.ilc.edu.tw/" "Mozilla/5.0 (iPhone; CPU iPhone OS 18_7 like Mac OS X) AppleWebKit/605.1.15 (KHTML, like Gecko) Version/26.6 Mobile/15E148 Safari/604.1"
122.100.114.252 - - [22/Aug/2026:12:30:28 +0800] "GET /wp-content/uploads/sites/1664/elementor/thumbs/-53-pb8vmsdu3kivdgd9gi00j1y0324niemrmc4d6u7smo.png HTTP/1.1" 200 15029 "https://www.gjes.ilc.edu.tw/" "Mozilla/5.0 (iPhone; CPU iPhone OS 18_7 like Mac OS X) AppleWebKit/605.1.15 (KHTML, like Gecko) Version/26.6 Mobile/15E148 Safari/604.1"
122.100.114.252 - - [22/Aug/2026:12:30:28 +0800] "GET /wp-content/uploads/sites/1664/elementor/thumbs/-55-pb8vsotd04lo9bsp01tp6kc6c51lu023rjk3ndgtkg.png HTTP/1.1" 200 12780 "https://www.gjes.ilc.edu.tw/" "Mozilla/5.0 (iPhone; CPU iPhone OS 18_7 like Mac OS X) AppleWebKit/605.1.15 (KHTML, like Gecko) Version/26.6 Mobile/15E148 Safari/604.1"
122.100.114.252 - - [22/Aug/2026:12:30:28 +0800] "POST /wp-json/wp-statistics/v2/hit HTTP/1.1" 200 6012 "https://www.gjes.ilc.edu.tw/" "Mozilla/5.0 (iPhone; CPU iPhone OS 18_7 like Mac OS X) AppleWebKit/605.1.15 (KHTML, like Gecko) Version/26.6 Mobile/15E148 Safari/604.1"
::1 - - [22/Aug/2026:12:30:28 +0800] "OPTIONS * HTTP/1.0" 200 110 "-" "Apache/2.4.68 (Ubuntu) OpenSSL/3.0.19 (internal dummy connection)"
34.56.53.225 - - [22/Aug/2026:12:30:28 +0800] "GET /amy6998/2024/01/12/113%E5%B9%B41%E6%9C%8810%E6%97%A5%E5%AE%B6%E8%B1%AA%E7%94%9F%E6%97%A5%E5%BF%AB%E6%A8%82/ HTTP/1.1" 200 17560 "-" "Mozilla/5.0 (Macintosh; Intel Mac OS X 10_15_7) AppleWebKit/537.36 (KHTML, like Gecko) Chrome/120.0.0.0 Safari/537.36"
140.111.67.10 - - [22/Aug/2026:12:30:29 +0800] "GET /" 301 273 "-" "-"
74.7.242.54 - - [22/Aug/2026:12:30:27 +0800] "GET /26150/category/c-11220/page/27/ HTTP/1.1" 200 19369 "https://2blog.ilc.edu.tw/26150/category/c-11220/page/24/" "Mozilla/5.0 AppleWebKit/537.36 (KHTML, like Gecko; compatible; GPTBot/1.4; +https://openai.com/gptbot)"
17.22.245.158 - - [22/Aug/2026:12:30:29 +0800] "GET /3154/wp-content/cache/2blog.ilc.edu.tw/wpfc-minified/21rx4ppc/61mdw.css HTTP/1.1" 200 20576 "https://2blog.ilc.edu.tw/3154/2013/01/11/20130110%e9%96%8b%e6%98%a5%e7%ac%ac%e4%b8%80%e7%82%ae-%e8%8f%87%e8%8f%87%e8%8c%b6%e7%b1%b3%e9%a4%a8/" "Mozilla/5.0 (Macintosh; Intel Mac OS X 10_15_7) AppleWebKit/605.1.15 (KHTML, like Gecko) Version/17.4 Safari/605.1.15 (Applebot/0.1; +http://www.apple.com/go/applebot)"
122.100.114.252 - - [22/Aug/2026:12:30:29 +0800] "GET /apple-touch-icon-precomposed.png HTTP/1.1" 404 60680 "-" "NetworkingExtension/8624.4.5.10.5 Network/5812.160.9 iOS/26.6"
122.100.114.252 - - [22/Aug/2026:12:30:29 +0800] "GET /favicon.ico HTTP/1.1" 302 5911 "-" "NetworkingExtension/8624.4.5.10.5 Network/5812.160.9 iOS/26.6"
122.100.114.252 - - [22/Aug/2026:12:30:29 +0800] "GET /wp-content/uploads/sites/1664/2020/04/cropped-%E5%85%AC%E6%AD%A3%E6%A0%A1%E5%BE%BD-32x32.jpg HTTP/1.1" 200 2103 "-" "NetworkingExtension/8624.4.5.10.5 Network/5812.160.9 iOS/26.6"
122.100.114.252 - - [22/Aug/2026:12:30:29 +0800] "GET /apple-touch-icon.png HTTP/1.1" 404 60680 "-" "NetworkingExtension/8624.4.5.10.5 Network/5812.160.9 iOS/26.6"
17.22.245.158 - - [22/Aug/2026:12:30:30 +0800] "GET /3154/wp-content/cache/2blog.ilc.edu.tw/wpfc-minified/mns1kwt2/61mdw.css HTTP/1.1" 200 40886 "https://2blog.ilc.edu.tw/3154/2013/01/11/20130110%e9%96%8b%e6%98%a5%e7%ac%ac%e4%b8%80%e7%82%ae-%e8%8f%87%e8%8f%87%e8%8c%b6%e7%b1%b3%e9%a4%a8/" "Mozilla/5.0 (Macintosh; Intel Mac OS X 10_15_7) AppleWebKit/605.1.15 (KHTML, like Gecko) Version/17.4 Safari/605.1.15 (Applebot/0.1; +http://www.apple.com/go/applebot)"
122.100.114.252 - - [22/Aug/2026:12:30:30 +0800] "GET / HTTP/1.1" 200 28987 "-" "Mozilla/5.0 (iPhone; CPU iPhone OS 18_7 like Mac OS X) AppleWebKit/605.1.15 (KHTML, like Gecko) Version/26.6 Mobile/15E148 Safari/604.1"
122.100.114.252 - - [22/Aug/2026:12:30:29 +0800] "GET / HTTP/1.1" 200 29052 "-" "Mozilla/5.0 (Macintosh; Intel Mac OS X 10_11_1) AppleWebKit/601.2.4 (KHTML, like Gecko) Version/9.0.1 Safari/601.2.4 facebookexternalhit/1.1 Facebot Twitterbot/1.0"
122.100.114.252 - - [22/Aug/2026:12:30:30 +0800] "GET /wp-content/uploads/sites/1664/2026/08/e839b8fe-e080-49d7-9778-41f032fc7a3c-768x254.jpg HTTP/1.1" 200 39291 "-" "NetworkingExtension/8624.4.5.10.5 Network/5812.160.9 iOS/26.6"
122.100.114.252 - - [22/Aug/2026:12:30:30 +0800] "GET /apple-touch-icon-120x120-precomposed.png HTTP/1.1" 404 60680 "-" "Mozilla/5.0 (iPhone; CPU iPhone OS 18_7 like Mac OS X) AppleWebKit/605.1.15 (KHTML, like Gecko) Safari"
122.100.114.252 - - [22/Aug/2026:12:30:30 +0800] "GET /wp-content/uploads/sites/1664/2026/08/7fabd388-402b-47a2-8101-9d76ed185237-768x254.jpg HTTP/1.1" 200 60559 "-" "NetworkingExtension/8624.4.5.10.5 Network/5812.160.9 iOS/26.6"
122.100.114.252 - - [22/Aug/2026:12:30:30 +0800] "GET /wp-content/uploads/sites/1664/2022/10/19872260-%E8%BD%89%E6%8F%9B-1-768x400.jpg HTTP/1.1" 200 130579 "-" "NetworkingExtension/8624.4.5.10.5 Network/5812.160.9 iOS/26.6"
122.100.114.252 - - [22/Aug/2026:12:30:30 +0800] "GET /wp-content/uploads/sites/1664/2020/04/cropped-%E5%85%AC%E6%AD%A3%E6%A0%A1%E5%BE%BD-32x32.jpg HTTP/1.1" 200 6903 "-" "NetworkingExtension/8624.4.5.10.5 Network/5812.160.9 iOS/26.6"
122.100.114.252 - - [22/Aug/2026:12:30:30 +0800] "GET /wp-content/uploads/sites/1664/2020/04/cropped-%E5%85%AC%E6%AD%A3%E6%A0%A1%E5%BE%BD-180x180.jpg HTTP/1.1" 200 16555 "-" "NetworkingExtension/8624.4.5.10.5 Network/5812.160.9 iOS/26.6"
122.100.114.252 - - [22/Aug/2026:12:30:31 +0800] "GET /apple-touch-icon-120x120.png HTTP/1.1" 404 55751 "-" "Mozilla/5.0 (iPhone; CPU iPhone OS 18_7 like Mac OS X) AppleWebKit/605.1.15 (KHTML, like Gecko) Safari"
122.100.114.252 - - [22/Aug/2026:12:30:31 +0800] "GET /wp-content/uploads/sites/1664/2020/04/cropped-%E5%85%AC%E6%AD%A3%E6%A0%A1%E5%BE%BD-192x192.jpg HTTP/1.1" 200 17407 "-" "NetworkingExtension/8624.4.5.10.5 Network/5812.160.9 iOS/26.6"
17.22.245.158 - - [22/Aug/2026:12:30:31 +0800] "GET /3154/wp-content/cache/2blog.ilc.edu.tw/wpfc-minified/22ou4q3r/61mdw.css HTTP/1.1" 200 18318 "https://2blog.ilc.edu.tw/3154/2013/01/11/20130110%e9%96%8b%e6%98%a5%e7%ac%ac%e4%b8%80%e7%82%ae-%e8%8f%87%e8%8f%87%e8%8c%b6%e7%b1%b3%e9%a4%a8/" "Mozilla/5.0 (Macintosh; Intel Mac OS X 10_15_7) AppleWebKit/605.1.15 (KHTML, like Gecko) Version/17.4 Safari/605.1.15 (Applebot/0.1; +http://www.apple.com/go/applebot)"
122.100.114.252 - - [22/Aug/2026:12:30:31 +0800] "GET /wp-content/uploads/sites/1664/2020/04/cropped-%E5%85%AC%E6%AD%A3%E6%A0%A1%E5%BE%BD-180x180.jpg HTTP/1.1" 200 11755 "-" "Mozilla/5.0 (iPhone; CPU iPhone OS 18_7 like Mac OS X) AppleWebKit/605.1.15 (KHTML, like Gecko) Safari"
74.7.242.54 - - [22/Aug/2026:12:30:29 +0800] "GET /26150/category/c-11220/page/28/ HTTP/1.1" 200 19261 "https://2blog.ilc.edu.tw/26150/category/c-11220/page/25/" "Mozilla/5.0 AppleWebKit/537.36 (KHTML, like Gecko; compatible; GPTBot/1.4; +https://openai.com/gptbot)"
66.249.79.167 - - [22/Aug/2026:12:30:32 +0800] "GET /robots.txt HTTP/1.1" 200 5592 "-" "Mozilla/5.0 (compatible; Googlebot/2.1; +http://www.google.com/bot.html)"
74.7.242.54 - - [22/Aug/2026:12:30:32 +0800] "GET /26150/wp-content/uploads/sites/67/2023/06/112%E5%B9%B4%E5%AE%9C%E8%98%AD%E7%B8%A3%E7%92%B0%E5%A2%83%E7%9F%A5%E8%AD%98%E7%AB%B6%E8%B3%BD-%E6%B4%BB%E5%8B%95%E9%A0%88%E7%9F%A5.pdf HTTP/1.1" 200 275349 "https://2blog.ilc.edu.tw/26150/2023/06/11/%e6%aa%a2%e9%80%81%e3%80%8c112%e5%b9%b4%e5%ae%9c%e8%98%ad%e7%b8%a3%e7%92%b0%e5%a2%83%e7%9f%a5%e8%ad%98%e7%ab%b6%e8%b3%bd%e6%b4%bb%e5%8b%95%e9%a0%88%e7%9f%a5%e3%80%8d%ef%bc%8c%e9%bc%93%e5%8b%b5/" "Mozilla/5.0 AppleWebKit/537.36 (KHTML, like Gecko; compatible; GPTBot/1.4; +https://openai.com/gptbot)"
3.224.205.25 - - [22/Aug/2026:12:30:32 +0800] "GET /32745/wp-json/wp/v2/posts/18250/revisions HTTP/1.1" 401 6198 "-" "Mozilla/5.0 AppleWebKit/537.36 (KHTML, like Gecko; compatible; Amazonbot/0.1; +https://developer.amazon.com/support/amazonbot) Chrome/119.0.6045.214 Safari/537.36"
::1 - - [22/Aug/2026:12:30:32 +0800] "OPTIONS * HTTP/1.0" 200 110 "-" "Apache/2.4.68 (Ubuntu) OpenSSL/3.0.19 (internal dummy connection)"
17.22.245.158 - - [22/Aug/2026:12:30:32 +0800] "GET /3154/wp-content/cache/2blog.ilc.edu.tw/wpfc-minified/kc6m8xt3/bqq0l.js HTTP/1.1" 200 1642 "https://2blog.ilc.edu.tw/3154/2013/01/11/20130110%e9%96%8b%e6%98%a5%e7%ac%ac%e4%b8%80%e7%82%ae-%e8%8f%87%e8%8f%87%e8%8c%b6%e7%b1%b3%e9%a4%a8/" "Mozilla/5.0 (Macintosh; Intel Mac OS X 10_15_7) AppleWebKit/605.1.15 (KHTML, like Gecko) Version/17.4 Safari/605.1.15 (Applebot/0.1; +http://www.apple.com/go/applebot)"
2001:288:a201::66:125 - - [22/Aug/2026:12:30:33 +0800] "GET /blog/active.php HTTP/1.1" 301 1026 "-" "-"
2001:288:a201::66:125 - - [22/Aug/2026:12:30:33 +0800] "GET /blog/active.php HTTP/1.1" 404 1084 "-" "-"
74.7.242.54 - - [22/Aug/2026:12:30:32 +0800] "GET /daes501/wp-json/oembed/1.0/embed?url=https%3A%2F%2F2blog.ilc.edu.tw%2Fdaes501%2F2025%2F12%2F31%2F2025%25e5%25b9%25b4%25e7%259a%2584%25e6%259c%2580%25e5%25be%258c%25e4%25b8%2580%25e5%25a4%25a9%2F HTTP/1.1" 200 3394 "https://2blog.ilc.edu.tw/daes501/2025/12/31/2025%e5%b9%b4%e7%9a%84%e6%9c%80%e5%be%8c%e4%b8%80%e5%a4%a9/" "Mozilla/5.0 AppleWebKit/537.36 (KHTML, like Gecko; compatible; GPTBot/1.4; +https://openai.com/gptbot)"
::1 - - [22/Aug/2026:12:30:33 +0800] "OPTIONS * HTTP/1.0" 200 110 "-" "Apache/2.4.68 (Ubuntu) OpenSSL/3.0.19 (internal dummy connection)"
74.7.242.54 - - [22/Aug/2026:12:30:33 +0800] "GET /daes501/wp-json/wp/v2/posts/2224 HTTP/1.1" 200 16838 "https://2blog.ilc.edu.tw/daes501/2025/09/18/%e5%8f%83%e8%a7%80%e6%b3%b0%e9%9b%85%e6%96%87%e7%89%a9%e9%a4%a8/" "Mozilla/5.0 AppleWebKit/537.36 (KHTML, like Gecko; compatible; GPTBot/1.4; +https://openai.com/gptbot)"
64.57.129.254 - - [22/Aug/2026:12:30:34 +0800] "GET /technology/2016/05/13/s2a%E7%AC%AC%E4%B8%83%E8%AA%B2%E8%9C%82%E9%B3%B4%E5%99%A8/ HTTP/1.1" 200 25515 "-" "Mozilla/5.0 (Macintosh; Intel Mac OS X 10_15_7) AppleWebKit/537.36 (KHTML, like Gecko) Chrome/143.0.0.0 Safari/537.36"
140.111.67.10 - - [22/Aug/2026:12:30:34 +0800] "GET /" 301 273 "-" "-"
74.7.242.54 - - [22/Aug/2026:12:30:34 +0800] "GET /daes501/wp-json/wp/v2/posts/1666 HTTP/1.1" 200 26864 "https://2blog.ilc.edu.tw/daes501/2024/09/20/%e6%98%86%e8%9f%b2%e7%b7%a8%e7%b9%94/" "Mozilla/5.0 AppleWebKit/537.36 (KHTML, like Gecko; compatible; GPTBot/1.4; +https://openai.com/gptbot)"
17.22.245.158 - - [22/Aug/2026:12:30:34 +0800] "GET /3154/wp-includes/js/hoverintent-js.min.js HTTP/1.1" 200 1597 "https://2blog.ilc.edu.tw/3154/2013/01/11/20130110%e9%96%8b%e6%98%a5%e7%ac%ac%e4%b8%80%e7%82%ae-%e8%8f%87%e8%8f%87%e8%8c%b6%e7%b1%b3%e9%a4%a8/" "Mozilla/5.0 (Macintosh; Intel Mac OS X 10_15_7) AppleWebKit/605.1.15 (KHTML, like Gecko) Version/17.4 Safari/605.1.15 (Applebot/0.1; +http://www.apple.com/go/applebot)"
::1 - - [22/Aug/2026:12:30:34 +0800] "OPTIONS * HTTP/1.0" 200 110 "-" "Apache/2.4.68 (Ubuntu) OpenSSL/3.0.19 (internal dummy connection)"
98.83.178.66 - - [22/Aug/2026:12:30:34 +0800] "GET /1003/wp-json/wp/v2/%22https:/2blog.ilc.edu.tw/1003/wp-content/uploads/sites/233/2024/10/Snipaste_2024-10-17_23-05-41-1024x725.png/%22 HTTP/1.1" 404 6131 "-" "Mozilla/5.0 AppleWebKit/537.36 (KHTML, like Gecko; compatible; Amazonbot/0.1; +https://developer.amazon.com/support/amazonbot) Chrome/119.0.6045.214 Safari/537.36"
74.7.242.54 - - [22/Aug/2026:12:30:34 +0800] "GET /26150/wp-content/uploads/sites/67/2023/01/%E5%AE%B6%E5%BA%AD%E8%88%87%E6%88%91DM-212x300.png HTTP/1.1" 200 115814 "https://2blog.ilc.edu.tw/26150/2023/01/13/112%e5%b9%b4%e5%ba%a6%e3%80%8c%e5%ae%b6%e5%ba%ad%e8%88%87%e6%88%91%e3%80%8d%ef%bd%9e%e9%97%9c%e4%bf%82%e8%88%87%e7%99%82%e7%99%92%e6%88%90%e9%95%b7%e5%9c%98%e9%ab%94%e6%96%bc2%e6%9c%8813%e6%97%a5/" "Mozilla/5.0 AppleWebKit/537.36 (KHTML, like Gecko; compatible; GPTBot/1.4; +https://openai.com/gptbot)"
::1 - - [22/Aug/2026:12:30:35 +0800] "OPTIONS * HTTP/1.0" 200 110 "-" "Apache/2.4.68 (Ubuntu) OpenSSL/3.0.19 (internal dummy connection)"
3.229.2.217 - - [22/Aug/2026:12:30:35 +0800] "GET /wp-content/uploads/sites/847/6483/6483-2462209.gif HTTP/1.1" 200 6158 "-" "Mozilla/5.0 AppleWebKit/537.36 (KHTML, like Gecko; compatible; Amazonbot/0.1; +https://developer.amazon.com/support/amazonbot) Chrome/119.0.6045.214 Safari/537.36"
17.22.245.158 - - [22/Aug/2026:12:30:35 +0800] "GET /3154/wp-includes/js/admin-bar.min.js HTTP/1.1" 200 2237 "https://2blog.ilc.edu.tw/3154/2013/01/11/20130110%e9%96%8b%e6%98%a5%e7%ac%ac%e4%b8%80%e7%82%ae-%e8%8f%87%e8%8f%87%e8%8c%b6%e7%b1%b3%e9%a4%a8/" "Mozilla/5.0 (Macintosh; Intel Mac OS X 10_15_7) AppleWebKit/605.1.15 (KHTML, like Gecko) Version/17.4 Safari/605.1.15 (Applebot/0.1; +http://www.apple.com/go/applebot)"
::1 - - [22/Aug/2026:12:30:36 +0800] "OPTIONS * HTTP/1.0" 200 110 "-" "Apache/2.4.68 (Ubuntu) OpenSSL/3.0.19 (internal dummy connection)"
137.184.28.180 - - [22/Aug/2026:12:30:37 +0800] "GET /blog/gallery/16795/16795-3595593.jpg HTTP/1.1" 301 1068 "http://blog.ilc.edu.tw/" "Mozilla/5.0 (Windows NT 10.0; Win64; x64) AppleWebKit/537.36 (KHTML, like Gecko) Chrome/124.0.0.0 Safari/537.36"
165.22.8.249 - - [22/Aug/2026:12:30:37 +0800] "GET /blog/gallery/41025/previews-med/41025-4034779.jpg HTTP/1.1" 301 1094 "http://blog.ilc.edu.tw/" "Mozilla/5.0 (Windows NT 10.0; Win64; x64) AppleWebKit/537.36 (KHTML, like Gecko) Chrome/110.0.0.0 Safari/537.36"
159.203.178.102 - - [22/Aug/2026:12:30:37 +0800] "GET /blog/gallery/4024/previews/4024-3998875.jpg HTTP/1.1" 301 1082 "http://blog.ilc.edu.tw/" "Mozilla/5.0 (Windows NT 10.0; Win64; x64) AppleWebKit/537.36 (KHTML, like Gecko) Chrome/103.0.0.0 Safari/537.36"
137.184.211.245 - - [22/Aug/2026:12:30:37 +0800] "GET /blog/gallery/2282/previews-med/2282-2343088.jpg HTTP/1.1" 301 1090 "http://blog.ilc.edu.tw/" "Mozilla/5.0 (Windows NT 10.0; Win64; x64) AppleWebKit/537.36 (KHTML, like Gecko) Chrome/116.0.0.0 Safari/537.36"
17.22.245.158 - - [22/Aug/2026:12:30:37 +0800] "GET /3154/wp-content/themes/twentyseventeen/assets/js/jquery.scrollTo.js HTTP/1.1" 200 3289 "https://2blog.ilc.edu.tw/3154/2013/01/11/20130110%e9%96%8b%e6%98%a5%e7%ac%ac%e4%b8%80%e7%82%ae-%e8%8f%87%e8%8f%87%e8%8c%b6%e7%b1%b3%e9%a4%a8/" "Mozilla/5.0 (Macintosh; Intel Mac OS X 10_15_7) AppleWebKit/605.1.15 (KHTML, like Gecko) Version/17.4 Safari/605.1.15 (Applebot/0.1; +http://www.apple.com/go/applebot)"
::1 - - [22/Aug/2026:12:30:37 +0800] "OPTIONS * HTTP/1.0" 200 110 "-" "Apache/2.4.68 (Ubuntu) OpenSSL/3.0.19 (internal dummy connection)"
84.37.34.217 - - [22/Aug/2026:12:30:37 +0800] "GET /868/44342/ HTTP/1.1" 200 26567 "-" "Mozilla/5.0 (Macintosh; Intel Mac OS X 10_15_7) AppleWebKit/537.36 (KHTML, like Gecko) Chrome/142.0.0.0 Safari/537.36"
2001:288:a201::66:125 - - [22/Aug/2026:12:30:38 +0800] "GET /blog/active.php HTTP/1.1" 301 1026 "-" "-"
2001:288:a201::66:125 - - [22/Aug/2026:12:30:38 +0800] "GET /blog/active.php HTTP/1.1" 404 1084 "-" "-"
