216.73.216.20 - - [22/Aug/2026:12:20:04 +0800] "GET /6325/2015/09/05/104_%e6%a0%a1%e5%9c%92%e7%92%b0%e5%a2%83%e7%ae%a1%e7%90%863-%e7%92%b0%e5%a2%83%e8%a1%9b%e7%94%9f%e7%ae%a1%e7%90%86%e6%83%85%e5%bd%a2%e5%bb%9a%e6%88%bf%e6%b1%a1%e6%b0%b4%e4%b9%8b%e6%b1%a1%e6%9f%93/ HTTP/1.1" 200 10907 "https://2blog.ilc.edu.tw/6325/?p=18429" "Mozilla/5.0 AppleWebKit/537.36 (KHTML, like Gecko; compatible; ClaudeBot/1.0; +claudebot@anthropic.com)"
216.73.216.20 - - [22/Aug/2026:12:20:04 +0800] "GET /2569/wp-json/wp/v2/categories/76 HTTP/1.1" 200 1942 "-" "Mozilla/5.0 AppleWebKit/537.36 (KHTML, like Gecko; compatible; ClaudeBot/1.0; +claudebot@anthropic.com)"
2001:288:a202:0:539:281f:d6db:3164 - - [22/Aug/2026:12:20:04 +0800] "GET /wp-content/uploads/sites/3846/2023/07/%E6%95%99%E8%82%B2%E8%99%95%E5%85%AB%E5%A4%A7%E6%96%B9%E9%87%9D.png HTTP/1.1" 200 200327 "https://it.ilc.edu.tw/" "Mozilla/5.0 (Windows NT 10.0; Win64; x64) AppleWebKit/537.36 (KHTML, like Gecko) Chrome/151.0.0.0 Safari/537.36"
216.73.216.20 - - [22/Aug/2026:12:20:04 +0800] "GET /6325/?p=17849 HTTP/1.1" 301 847 "-" "Mozilla/5.0 AppleWebKit/537.36 (KHTML, like Gecko; compatible; ClaudeBot/1.0; +claudebot@anthropic.com)"
216.73.216.20 - - [22/Aug/2026:12:20:04 +0800] "GET /6325/?p=17802 HTTP/1.1" 301 848 "-" "Mozilla/5.0 AppleWebKit/537.36 (KHTML, like Gecko; compatible; ClaudeBot/1.0; +claudebot@anthropic.com)"
216.73.216.20 - - [22/Aug/2026:12:20:04 +0800] "GET /6325/2014/09/29/103_%e7%92%b0%e5%a2%83%e6%95%99%e8%82%b2%e6%95%99%e6%9d%90-%e5%8f%af%e9%a3%9f%e8%8a%b1%e5%9c%92/ HTTP/1.1" 200 10802 "https://2blog.ilc.edu.tw/6325/?p=18103" "Mozilla/5.0 AppleWebKit/537.36 (KHTML, like Gecko; compatible; ClaudeBot/1.0; +claudebot@anthropic.com)"
216.73.216.20 - - [22/Aug/2026:12:20:05 +0800] "GET /6325/2013/10/08/102_%e6%a0%a1%e5%9c%92%e7%92%b0%e4%bf%9d%e5%af%a6%e5%8b%996/ HTTP/1.1" 200 10712 "https://2blog.ilc.edu.tw/6325/?p=17849" "Mozilla/5.0 AppleWebKit/537.36 (KHTML, like Gecko; compatible; ClaudeBot/1.0; +claudebot@anthropic.com)"
216.73.216.20 - - [22/Aug/2026:12:20:04 +0800] "GET /6448/2018/page/12/ HTTP/1.1" 200 11536 "-" "Mozilla/5.0 AppleWebKit/537.36 (KHTML, like Gecko; compatible; ClaudeBot/1.0; +claudebot@anthropic.com)"
74.7.242.54 - - [22/Aug/2026:12:20:02 +0800] "GET /26150/?p=3511 HTTP/1.1" 301 975 "https://2blog.ilc.edu.tw/26150/2018/02/06/107%e5%b9%b4%e5%ba%a6%e7%ac%ac05%e6%ac%a1%e5%b9%b8%e7%a6%8f%e5%ae%b6%e5%ba%ad%e7%a9%ba%e4%b8%ad%e8%ac%9b%e5%a0%82-%e5%81%a5%e5%ba%b7%e9%81%94%e4%ba%ba%e5%90%91%e8%8f%b8%e8%aa%aa%e4%b8%8d/" "Mozilla/5.0 AppleWebKit/537.36 (KHTML, like Gecko; compatible; GPTBot/1.4; +https://openai.com/gptbot)"
216.73.216.20 - - [22/Aug/2026:12:20:05 +0800] "GET /6325/2016/10/page/1/ HTTP/1.1" 301 784 "-" "Mozilla/5.0 AppleWebKit/537.36 (KHTML, like Gecko; compatible; ClaudeBot/1.0; +claudebot@anthropic.com)"
216.73.216.20 - - [22/Aug/2026:12:20:05 +0800] "GET /6325/2013/09/12/102_%e6%a0%a1%e5%9c%92%e7%92%b0%e4%bf%9d%e5%af%a6%e5%8b%99-7/ HTTP/1.1" 200 10512 "https://2blog.ilc.edu.tw/6325/?p=17802" "Mozilla/5.0 AppleWebKit/537.36 (KHTML, like Gecko; compatible; ClaudeBot/1.0; +claudebot@anthropic.com)"
216.73.216.20 - - [22/Aug/2026:12:20:05 +0800] "GET /6448/?p=795 HTTP/1.1" 301 980 "-" "Mozilla/5.0 AppleWebKit/537.36 (KHTML, like Gecko; compatible; ClaudeBot/1.0; +claudebot@anthropic.com)"
216.73.216.20 - - [22/Aug/2026:12:20:05 +0800] "GET /5315/?cat=97 HTTP/1.1" 200 11760 "-" "Mozilla/5.0 AppleWebKit/537.36 (KHTML, like Gecko; compatible; ClaudeBot/1.0; +claudebot@anthropic.com)"
216.73.216.20 - - [22/Aug/2026:12:20:05 +0800] "GET /6325/2016/10/ HTTP/1.1" 200 11440 "https://2blog.ilc.edu.tw/6325/2016/10/page/1/" "Mozilla/5.0 AppleWebKit/537.36 (KHTML, like Gecko; compatible; ClaudeBot/1.0; +claudebot@anthropic.com)"
216.73.216.20 - - [22/Aug/2026:12:20:05 +0800] "GET /6448/2019/11/14/108_%e4%ba%8c_1_108-1%e5%8f%a4%e4%ba%ad%e5%9c%8b%e5%b0%8f%e9%98%b2%e7%81%bd%e6%bc%94%e7%b7%b4%e8%a8%88%e7%95%ab%e8%be%a6%e7%90%86%e6%a0%a1%e5%85%a7%e5%b8%ab%e7%94%9f%e5%ae%a3%e5%b0%8e%e3%80%81/ HTTP/1.1" 200 11996 "https://2blog.ilc.edu.tw/6448/?p=795" "Mozilla/5.0 AppleWebKit/537.36 (KHTML, like Gecko; compatible; ClaudeBot/1.0; +claudebot@anthropic.com)"
74.125.215.199 - - [22/Aug/2026:12:20:05 +0800] "GET / HTTP/1.1" 200 20080 "-" "Mozilla/5.0 (Linux; Android 10; K) AppleWebKit/537.36 (KHTML, like Gecko) Chrome/138.0.0.0 Mobile Safari/537.36 (compatible; Google-Read-Aloud; +https://support.google.com/webmasters/answer/1061943)"
74.125.215.199 - - [22/Aug/2026:12:20:06 +0800] "GET /wp-content/uploads/sites/187/elementor/css/post-304.css HTTP/1.1" 200 1236 "https://www.wjjh.ilc.edu.tw/" "Mozilla/5.0 (Linux; Android 10; K) AppleWebKit/537.36 (KHTML, like Gecko) Chrome/138.0.0.0 Mobile Safari/537.36 (compatible; Google-Read-Aloud; +https://support.google.com/webmasters/answer/1061943)"
74.125.215.200 - - [22/Aug/2026:12:20:06 +0800] "GET /wp-content/themes/hueman/assets/front/webfonts/fa-regular-400.woff2?v=5.15.2 HTTP/1.1" 200 19227 "https://www.wjjh.ilc.edu.tw/" "Mozilla/5.0 (Linux; Android 10; K) AppleWebKit/537.36 (KHTML, like Gecko) Chrome/138.0.0.0 Mobile Safari/537.36 (compatible; Google-Read-Aloud; +https://support.google.com/webmasters/answer/1061943)"
2001:288:a202:0:539:281f:d6db:3164 - - [22/Aug/2026:12:20:06 +0800] "GET /wp-content/uploads/sites/3846/2026/02/%E9%81%BF%E5%85%8D%E8%AA%A4%E5%85%A5%E8%A9%90%E9%A8%99%E7%B6%B2%E7%AB%99APP%E5%B0%8F%E5%B8%B8%E8%AD%98.jpg HTTP/1.1" 200 454833 "https://it.ilc.edu.tw/" "Mozilla/5.0 (Windows NT 10.0; Win64; x64) AppleWebKit/537.36 (KHTML, like Gecko) Chrome/151.0.0.0 Safari/537.36"
2001:288:a202:0:539:281f:d6db:3164 - - [22/Aug/2026:12:20:06 +0800] "GET /wp-content/uploads/sites/3846/2026/08/%E8%BE%B2%E6%A5%AD%E9%83%A8%E5%BB%A3%E5%91%8A.jpg HTTP/1.1" 200 236462 "https://it.ilc.edu.tw/" "Mozilla/5.0 (Windows NT 10.0; Win64; x64) AppleWebKit/537.36 (KHTML, like Gecko) Chrome/151.0.0.0 Safari/537.36"
2001:288:a202:0:539:281f:d6db:3164 - - [22/Aug/2026:12:20:06 +0800] "GET /wp-content/uploads/sites/3846/2026/06/%E5%AE%A3%E5%82%B3%E5%9C%96%E7%89%87.png HTTP/1.1" 200 1048321 "https://it.ilc.edu.tw/" "Mozilla/5.0 (Windows NT 10.0; Win64; x64) AppleWebKit/537.36 (KHTML, like Gecko) Chrome/151.0.0.0 Safari/537.36"
2001:288:a202:0:539:281f:d6db:3164 - - [22/Aug/2026:12:20:06 +0800] "GET /wp-content/uploads/sites/3846/2026/06/2026%E5%AE%9C%E8%98%AD%E7%98%8B%E5%AD%B8%E7%BF%92-%E6%9A%91%E5%81%87_%E6%95%99%E8%82%B2%E8%99%95%E9%A6%96%E9%A0%81-1440-x-1080-%E5%83%8F%E7%B4%A0.png HTTP/1.1" 200 2046271 "https://it.ilc.edu.tw/" "Mozilla/5.0 (Windows NT 10.0; Win64; x64) AppleWebKit/537.36 (KHTML, like Gecko) Chrome/151.0.0.0 Safari/537.36"
74.125.215.199 - - [22/Aug/2026:12:20:06 +0800] "GET /wp-content/cache/www.wjjh.ilc.edu.tw/wpfc-minified/ladqu73p/hmh4p.css HTTP/1.1" 200 46969 "https://www.wjjh.ilc.edu.tw/" "Mozilla/5.0 (Linux; Android 10; K) AppleWebKit/537.36 (KHTML, like Gecko) Chrome/138.0.0.0 Mobile Safari/537.36 (compatible; Google-Read-Aloud; +https://support.google.com/webmasters/answer/1061943)"
216.73.216.20 - - [22/Aug/2026:12:20:06 +0800] "GET /?p=15 HTTP/1.1" 301 5907 "-" "Mozilla/5.0 AppleWebKit/537.36 (KHTML, like Gecko; compatible; ClaudeBot/1.0; +claudebot@anthropic.com)"
216.73.216.20 - - [22/Aug/2026:12:20:06 +0800] "GET /?p=88 HTTP/1.1" 301 5862 "-" "Mozilla/5.0 AppleWebKit/537.36 (KHTML, like Gecko; compatible; ClaudeBot/1.0; +claudebot@anthropic.com)"
216.73.216.20 - - [22/Aug/2026:12:20:06 +0800] "GET /?p=157 HTTP/1.1" 301 5911 "-" "Mozilla/5.0 AppleWebKit/537.36 (KHTML, like Gecko; compatible; ClaudeBot/1.0; +claudebot@anthropic.com)"
216.73.216.20 - - [22/Aug/2026:12:20:06 +0800] "GET /?p=167 HTTP/1.1" 301 5918 "-" "Mozilla/5.0 AppleWebKit/537.36 (KHTML, like Gecko; compatible; ClaudeBot/1.0; +claudebot@anthropic.com)"
216.73.216.20 - - [22/Aug/2026:12:20:06 +0800] "GET /?p=308 HTTP/1.1" 301 1107 "-" "Mozilla/5.0 AppleWebKit/537.36 (KHTML, like Gecko; compatible; ClaudeBot/1.0; +claudebot@anthropic.com)"
216.73.216.20 - - [22/Aug/2026:12:20:06 +0800] "GET /?p=202 HTTP/1.1" 301 1107 "-" "Mozilla/5.0 AppleWebKit/537.36 (KHTML, like Gecko; compatible; ClaudeBot/1.0; +claudebot@anthropic.com)"
216.73.216.20 - - [22/Aug/2026:12:20:06 +0800] "GET /?p=326 HTTP/1.1" 301 1107 "-" "Mozilla/5.0 AppleWebKit/537.36 (KHTML, like Gecko; compatible; ClaudeBot/1.0; +claudebot@anthropic.com)"
216.73.216.20 - - [22/Aug/2026:12:20:06 +0800] "GET /?p=353 HTTP/1.1" 301 1059 "-" "Mozilla/5.0 AppleWebKit/537.36 (KHTML, like Gecko; compatible; ClaudeBot/1.0; +claudebot@anthropic.com)"
216.73.216.20 - - [22/Aug/2026:12:20:07 +0800] "GET /?p=150 HTTP/1.1" 301 978 "-" "Mozilla/5.0 AppleWebKit/537.36 (KHTML, like Gecko; compatible; ClaudeBot/1.0; +claudebot@anthropic.com)"
216.73.216.20 - - [22/Aug/2026:12:20:07 +0800] "GET /?p=207 HTTP/1.1" 301 1107 "-" "Mozilla/5.0 AppleWebKit/537.36 (KHTML, like Gecko; compatible; ClaudeBot/1.0; +claudebot@anthropic.com)"
216.73.216.20 - - [22/Aug/2026:12:20:07 +0800] "GET /2017/01/06/%e3%80%8c%e4%ba%a4%e9%80%9a%e5%ae%89%e5%85%a8%e5%85%a5%e5%8f%a3%e7%b6%b2%e3%80%8d%e8%ab%8b%e8%80%81%e5%b8%ab%e5%a4%9a%e5%8a%a0%e5%88%a9%e7%94%a8/ HTTP/1.1" 200 18413 "https://www.ytes.ilc.edu.tw/?p=88" "Mozilla/5.0 AppleWebKit/537.36 (KHTML, like Gecko; compatible; ClaudeBot/1.0; +claudebot@anthropic.com)"
74.125.215.200 - - [22/Aug/2026:12:20:07 +0800] "GET /wp-includes/js/admin-bar.min.js HTTP/1.1" 200 2237 "https://www.wjjh.ilc.edu.tw/" "Mozilla/5.0 (Linux; Android 10; K) AppleWebKit/537.36 (KHTML, like Gecko) Chrome/138.0.0.0 Mobile Safari/537.36 (compatible; Google-Read-Aloud; +https://support.google.com/webmasters/answer/1061943)"
216.73.216.20 - - [22/Aug/2026:12:20:07 +0800] "GET /2016/09/02/%e7%98%8b%e7%8e%a9%e3%80%8c%e7%b2%be%e9%9d%88%e5%af%b6%e5%8f%af%e5%a4%a2%e3%80%8d%e9%81%8a%e6%88%b2%ef%bc%8c%e6%81%90%e5%bc%95%e7%99%bc%e4%ba%a4%e9%80%9a%e5%ae%89%e5%85%a8%e5%95%8f%e9%a1%8c/ HTTP/1.1" 200 18349 "https://www.ytes.ilc.edu.tw/?p=15" "Mozilla/5.0 AppleWebKit/537.36 (KHTML, like Gecko; compatible; ClaudeBot/1.0; +claudebot@anthropic.com)"
216.73.216.20 - - [22/Aug/2026:12:20:07 +0800] "GET /2017/05/09/%e7%a0%94%e7%bf%92%e8%a8%8a%e6%81%af%ef%bd%9e2017%e3%80%8c%e5%9c%8b%e4%b8%ad%e7%ac%ac%e4%b8%80%e6%9c%9f%e6%a8%a1%e7%b5%84%e3%80%90%e6%95%b8%e5%ad%b8%e6%b4%bb%e5%8b%95%e5%b8%ab%e3%80%91%e5%9f%b9/ HTTP/1.1" 200 18225 "https://www.ytes.ilc.edu.tw/?p=157" "Mozilla/5.0 AppleWebKit/537.36 (KHTML, like Gecko; compatible; ClaudeBot/1.0; +claudebot@anthropic.com)"
74.125.215.200 - - [22/Aug/2026:12:20:07 +0800] "GET /wp-includes/js/underscore.min.js HTTP/1.1" 200 8191 "https://www.wjjh.ilc.edu.tw/" "Mozilla/5.0 (Linux; Android 10; K) AppleWebKit/537.36 (KHTML, like Gecko) Chrome/138.0.0.0 Mobile Safari/537.36 (compatible; Google-Read-Aloud; +https://support.google.com/webmasters/answer/1061943)"
216.73.216.20 - - [22/Aug/2026:12:20:07 +0800] "GET /2017/05/17/%e6%9d%b1%e8%8f%af%e5%a4%a7%e5%ad%b8%e7%92%b0%e5%a2%83%e5%ad%b8%e9%99%a2%e8%87%aa%e7%84%b6%e8%b3%87%e6%ba%90%e8%88%87%e7%92%b0%e5%a2%83%e5%ad%b8%e7%b3%bb%e8%be%a6%e7%90%86%e3%80%8c%e5%ad%b8%e6%a0%a1-2/ HTTP/1.1" 200 18492 "https://www.ytes.ilc.edu.tw/?p=167" "Mozilla/5.0 AppleWebKit/537.36 (KHTML, like Gecko; compatible; ClaudeBot/1.0; +claudebot@anthropic.com)"
127.0.0.1 - - [22/Aug/2026:12:20:07 +0800] "GET / HTTP/1.1" 301 977 "-" "curl/7.81.0"
216.73.216.20 - - [22/Aug/2026:12:20:07 +0800] "GET /2018/05/28/%e6%a6%ae%e8%ad%bd%e6%a6%9c%ef%bc%9a106%e5%b9%b4%e5%ba%a6%e6%b0%91%e4%bf%97%e9%ab%94%e8%82%b2%e5%ae%9c%e8%98%ad%e7%b8%a3%e8%b7%b3%e7%b9%a9%e6%b1%ba%e8%b3%bd%e6%a6%ae%e7%8d%b2%e5%9c%8b%e5%b0%8f/ HTTP/1.1" 200 18153 "https://www.ytes.ilc.edu.tw/?p=308" "Mozilla/5.0 AppleWebKit/537.36 (KHTML, like Gecko; compatible; ClaudeBot/1.0; +claudebot@anthropic.com)"
74.7.242.54 - - [22/Aug/2026:12:20:05 +0800] "GET /26150/?p=3306 HTTP/1.1" 301 985 "https://2blog.ilc.edu.tw/26150/2016/08/22/105%e5%b9%b4%e5%ba%a6%e5%a9%9a%e5%89%8d%e6%95%99%e8%82%b2%e7%b3%bb%e5%88%97%e3%80%8c2016%e6%88%80%e5%9c%a8%e8%98%ad%e9%99%bd%e5%bf%83%e5%bf%83%e7%9b%b8%e9%81%87%e5%85%a9%e6%80%a7%e6%88%90%e9%95%b7/" "Mozilla/5.0 AppleWebKit/537.36 (KHTML, like Gecko; compatible; GPTBot/1.4; +https://openai.com/gptbot)"
216.73.216.20 - - [22/Aug/2026:12:20:07 +0800] "GET /2017/07/03/106%e5%b9%b4%e7%b5%90%e5%90%88%e7%b5%b1%e4%b8%80%e7%99%bc%e7%a5%a8%e8%be%a6%e7%90%86%e5%9c%8b%e4%b8%ad%e3%80%81%e5%b0%8f%e5%ad%b8%e7%94%9f%e7%a7%9f%e7%a8%85%e7%a0%94%e7%bf%92%e7%87%9f%e6%b4%bb/ HTTP/1.1" 200 18508 "https://www.ytes.ilc.edu.tw/?p=202" "Mozilla/5.0 AppleWebKit/537.36 (KHTML, like Gecko; compatible; ClaudeBot/1.0; +claudebot@anthropic.com)"
74.125.215.201 - - [22/Aug/2026:12:20:07 +0800] "GET /wp-content/cache/www.wjjh.ilc.edu.tw/wpfc-minified/f4mxje6w/hmh4p.css HTTP/1.1" 200 6395 "https://www.wjjh.ilc.edu.tw/" "Mozilla/5.0 (Linux; Android 10; K) AppleWebKit/537.36 (KHTML, like Gecko) Chrome/138.0.0.0 Mobile Safari/537.36 (compatible; Google-Read-Aloud; +https://support.google.com/webmasters/answer/1061943)"
216.73.216.20 - - [22/Aug/2026:12:20:07 +0800] "GET /2018/07/05/%e6%9d%b1%e8%8f%af%e5%a4%a7%e5%ad%b8%e8%be%a6%e7%90%86%e3%80%8c107%e5%b9%b4%e5%ba%a6%e5%85%a8%e5%9c%8b%e9%ab%98%e4%b8%ad%e8%81%b7%e7%92%b0%e5%a2%83%e6%95%99%e8%82%b2%e4%ba%ba%e5%93%a1%e5%b1%95/ HTTP/1.1" 200 18240 "https://www.ytes.ilc.edu.tw/?p=326" "Mozilla/5.0 AppleWebKit/537.36 (KHTML, like Gecko; compatible; ClaudeBot/1.0; +claudebot@anthropic.com)"
216.73.216.20 - - [22/Aug/2026:12:20:07 +0800] "GET /2018/10/15/%e3%80%8c107%e5%b9%b4%e7%a8%85%e5%9f%8e%e6%94%bb%e7%95%a5online%e3%80%8d%e7%b6%b2%e8%b7%af%e6%9c%89%e7%8d%8e%e5%be%b5%e7%ad%94%e6%b4%bb%e5%8b%95/ HTTP/1.1" 200 23026 "https://www.ytes.ilc.edu.tw/?p=353" "Mozilla/5.0 AppleWebKit/537.36 (KHTML, like Gecko; compatible; ClaudeBot/1.0; +claudebot@anthropic.com)"
74.125.215.199 - - [22/Aug/2026:12:20:07 +0800] "GET /wp-content/plugins/elementor/assets/lib/font-awesome/webfonts/fa-brands-400.woff2 HTTP/1.1" 200 82661 "https://www.wjjh.ilc.edu.tw/wp-content/cache/www.wjjh.ilc.edu.tw/wpfc-minified/6n0b7xth/hmh4p.css" "Mozilla/5.0 (Linux; Android 10; K) AppleWebKit/537.36 (KHTML, like Gecko) Chrome/138.0.0.0 Mobile Safari/537.36 (compatible; Google-Read-Aloud; +https://support.google.com/webmasters/answer/1061943)"
216.73.216.20 - - [22/Aug/2026:12:20:07 +0800] "GET /2017/07/04/%e4%bb%b0%e5%b1%b1%e6%96%87%e6%95%99%e5%9f%ba%e9%87%91%e6%9c%83%e5%b0%87%e6%96%bc7%e6%9c%886%e6%97%a5%e5%9b%9b%e8%88%89%e8%be%a6%e3%80%8c%e8%83%bd%e6%ba%90%e6%95%99%e8%82%b2-%e4%bd%8f%e5%ae%85/ HTTP/1.1" 200 19000 "https://www.ytes.ilc.edu.tw/?p=207" "Mozilla/5.0 AppleWebKit/537.36 (KHTML, like Gecko; compatible; ClaudeBot/1.0; +claudebot@anthropic.com)"
216.73.216.20 - - [22/Aug/2026:12:20:07 +0800] "GET /2017/04/28/%e5%82%b3%e6%9f%93%e7%97%85%e9%98%b2%e6%b2%bb%e5%ae%a3%e5%b0%8e/ HTTP/1.1" 200 19131 "https://www.ytes.ilc.edu.tw/?p=150" "Mozilla/5.0 AppleWebKit/537.36 (KHTML, like Gecko; compatible; ClaudeBot/1.0; +claudebot@anthropic.com)"
2a03:2880:10ff:5:: - - [22/Aug/2026:12:20:07 +0800] "GET /blog/imgs/logo.jpg HTTP/1.1" 301 1069 "-" "facebookexternalhit/1.1 (+http://www.facebook.com/externalhit_uatext.php)"
74.125.215.200 - - [22/Aug/2026:12:20:08 +0800] "GET /wp-content/themes/hueman/assets/front/webfonts/fa-solid-900.woff2?v=5.15.2 HTTP/1.1" 200 86089 "https://www.wjjh.ilc.edu.tw/" "Mozilla/5.0 (Linux; Android 10; K) AppleWebKit/537.36 (KHTML, like Gecko) Chrome/138.0.0.0 Mobile Safari/537.36 (compatible; Google-Read-Aloud; +https://support.google.com/webmasters/answer/1061943)"
216.73.216.20 - - [22/Aug/2026:12:20:07 +0800] "GET /?p=283 HTTP/1.1" 301 979 "-" "Mozilla/5.0 AppleWebKit/537.36 (KHTML, like Gecko; compatible; ClaudeBot/1.0; +claudebot@anthropic.com)"
2001:288:a201::66:125 - - [22/Aug/2026:12:20:08 +0800] "GET /blog/active.php HTTP/1.1" 301 1026 "-" "-"
74.125.215.201 - - [22/Aug/2026:12:20:08 +0800] "GET /wp-content/cache/www.wjjh.ilc.edu.tw/wpfc-minified/98d2uc5p/6xsc.css HTTP/1.1" 200 45673 "https://www.wjjh.ilc.edu.tw/" "Mozilla/5.0 (Linux; Android 10; K) AppleWebKit/537.36 (KHTML, like Gecko) Chrome/138.0.0.0 Mobile Safari/537.36 (compatible; Google-Read-Aloud; +https://support.google.com/webmasters/answer/1061943)"
74.125.215.201 - - [22/Aug/2026:12:20:08 +0800] "GET /wp-content/uploads/sites/187/elementor/css/post-304.css HTTP/1.1" 200 6024 "https://www.wjjh.ilc.edu.tw/" "Mozilla/5.0 (Linux; Android 10; K) AppleWebKit/537.36 (KHTML, like Gecko) Chrome/138.0.0.0 Mobile Safari/537.36 (compatible; Google-Read-Aloud; +https://support.google.com/webmasters/answer/1061943)"
74.125.215.201 - - [22/Aug/2026:12:20:08 +0800] "GET /wp-content/themes/hueman/assets/front/webfonts/fa-solid-900.woff2?v=5.15.2 HTTP/1.1" 200 86089 "https://www.wjjh.ilc.edu.tw/" "Mozilla/5.0 (Linux; Android 10; K) AppleWebKit/537.36 (KHTML, like Gecko) Chrome/138.0.0.0 Mobile Safari/537.36 (compatible; Google-Read-Aloud; +https://support.google.com/webmasters/answer/1061943)"
216.73.216.20 - - [22/Aug/2026:12:20:08 +0800] "GET /2018/04/03/%e6%9c%ac%e7%b8%a3%e5%9c%8b%e6%b0%91%e6%95%99%e8%82%b2%e8%bc%94%e5%b0%8e%e5%9c%98107%e5%b9%b4%e5%ba%a6%e5%84%b2%e5%82%99%e5%9c%98%e5%93%a1%e7%94%84%e9%81%b8%e7%b0%a1%e7%ab%a01%e4%bb%bd%ef%bc%8c/ HTTP/1.1" 200 18525 "https://www.ytes.ilc.edu.tw/?p=283" "Mozilla/5.0 AppleWebKit/537.36 (KHTML, like Gecko; compatible; ClaudeBot/1.0; +claudebot@anthropic.com)"
74.125.215.201 - - [22/Aug/2026:12:20:08 +0800] "GET /wp-content/cache/www.wjjh.ilc.edu.tw/wpfc-minified/f4mxje6w/hmh4p.css HTTP/1.1" 200 6395 "https://www.wjjh.ilc.edu.tw/" "Mozilla/5.0 (Linux; Android 10; K) AppleWebKit/537.36 (KHTML, like Gecko) Chrome/138.0.0.0 Mobile Safari/537.36 (compatible; Google-Read-Aloud; +https://support.google.com/webmasters/answer/1061943)"
74.125.215.200 - - [22/Aug/2026:12:20:09 +0800] "GET /wp-content/themes/hueman/assets/front/webfonts/fa-brands-400.woff2?v=5.15.2 HTTP/1.1" 200 84287 "https://www.wjjh.ilc.edu.tw/" "Mozilla/5.0 (Linux; Android 10; K) AppleWebKit/537.36 (KHTML, like Gecko) Chrome/138.0.0.0 Mobile Safari/537.36 (compatible; Google-Read-Aloud; +https://support.google.com/webmasters/answer/1061943)"
74.125.215.199 - - [22/Aug/2026:12:20:09 +0800] "GET /wp-content/cache/www.wjjh.ilc.edu.tw/wpfc-minified/6n0b7xth/hmh4p.css HTTP/1.1" 200 23608 "https://www.wjjh.ilc.edu.tw/" "Mozilla/5.0 (Linux; Android 10; K) AppleWebKit/537.36 (KHTML, like Gecko) Chrome/138.0.0.0 Mobile Safari/537.36 (compatible; Google-Read-Aloud; +https://support.google.com/webmasters/answer/1061943)"
23.229.107.169 - - [22/Aug/2026:12:20:09 +0800] "GET /26148/wp-content/uploads/sites/1077/2024/05/%E5%AE%9C%E8%98%AD%E7%B8%A3%E6%94%BF%E5%BA%9C%E6%96%B0%E8%81%9E%E7%A8%BF-1130502%E7%99%BC%E5%B8%83_%E5%AE%9C%E8%98%AD%E7%B8%A3113%E5%AD%B8%E5%B9%B4%E5%BA%A6%E9%99%84%E5%B9%BC%E9%9D%9E%E7%87%9F%E5%88%A9%E5%8F%8A%E8%81%B7%E5%A0%B4%E4%B8%AD%E5%BF%83%E6%8B%9B%E7%94%9F_%E6%87%B6%E4%BA%BA%E5%8C%85%E6%A2%97%E5%9C%963_0-690x488.jpg HTTP/1.1" 200 60604 "https://2blog.ilc.edu.tw/26148/2024/05/13/113%E5%AD%B8%E5%B9%B4%E5%BA%A6%E5%AE%9C%E8%98%AD%E7%B8%A3%E5%B9%BC%E5%85%92%E5%9C%92%E6%8B%9B%E7%94%9F%E6%87%B6%E4%BA%BA%E5%8C%85%EF%BC%88%E5%90%ABqa%EF%BC%89/" "Mozilla/5.0 (Macintosh; Intel Mac OS X 10_15_7) AppleWebKit/537.36 (KHTML, like Gecko) Chrome/131.0.0.0 Safari/537.36"
140.111.67.10 - - [22/Aug/2026:12:20:09 +0800] "GET /" 301 273 "-" "-"
74.125.215.199 - - [22/Aug/2026:12:20:09 +0800] "GET /wp-content/plugins/elementor/assets/lib/font-awesome/webfonts/fa-brands-400.woff2 HTTP/1.1" 200 82661 "https://www.wjjh.ilc.edu.tw/wp-content/cache/www.wjjh.ilc.edu.tw/wpfc-minified/6n0b7xth/hmh4p.css" "Mozilla/5.0 (Linux; Android 10; K) AppleWebKit/537.36 (KHTML, like Gecko) Chrome/138.0.0.0 Mobile Safari/537.36 (compatible; Google-Read-Aloud; +https://support.google.com/webmasters/answer/1061943)"
74.125.215.200 - - [22/Aug/2026:12:20:09 +0800] "GET /wp-content/plugins/elementor/assets/lib/font-awesome/webfonts/fa-solid-900.woff2 HTTP/1.1" 200 79223 "https://www.wjjh.ilc.edu.tw/wp-content/cache/www.wjjh.ilc.edu.tw/wpfc-minified/6n0b7xth/hmh4p.css" "Mozilla/5.0 (Linux; Android 10; K) AppleWebKit/537.36 (KHTML, like Gecko) Chrome/138.0.0.0 Mobile Safari/537.36 (compatible; Google-Read-Aloud; +https://support.google.com/webmasters/answer/1061943)"
74.7.242.54 - - [22/Aug/2026:12:20:08 +0800] "GET /26150/?p=5717 HTTP/1.1" 301 987 "https://2blog.ilc.edu.tw/26150/2021/04/28/%e3%80%8c%e5%ae%9c%e8%98%ad%e7%b8%a3%e6%8e%a8%e5%b1%95%e5%ae%b6%e5%ba%ad%e6%95%99%e8%82%b2%e7%8d%8e%e5%8b%b5%e8%be%a6%e6%b3%95%e3%80%8d%e5%8f%8a%e3%80%8c%e5%ae%9c%e8%98%ad%e7%b8%a3%e8%a1%a8%e6%8f%9a/" "Mozilla/5.0 AppleWebKit/537.36 (KHTML, like Gecko; compatible; GPTBot/1.4; +https://openai.com/gptbot)"
166.88.138.72 - - [22/Aug/2026:12:20:10 +0800] "GET /26148/wp-content/uploads/sites/1077/2024/05/%E5%AE%9C%E8%98%AD%E7%B8%A3%E6%94%BF%E5%BA%9C%E6%96%B0%E8%81%9E%E7%A8%BF-1130502%E7%99%BC%E5%B8%83_%E5%AE%9C%E8%98%AD%E7%B8%A3113%E5%AD%B8%E5%B9%B4%E5%BA%A6%E9%99%84%E5%B9%BC%E9%9D%9E%E7%87%9F%E5%88%A9%E5%8F%8A%E8%81%B7%E5%A0%B4%E4%B8%AD%E5%BF%83%E6%8B%9B%E7%94%9F_%E6%87%B6%E4%BA%BA%E5%8C%85%E6%A2%97%E5%9C%964_0-690x488.jpg HTTP/1.1" 200 81176 "https://2blog.ilc.edu.tw/26148/2024/05/13/113%E5%AD%B8%E5%B9%B4%E5%BA%A6%E5%AE%9C%E8%98%AD%E7%B8%A3%E5%B9%BC%E5%85%92%E5%9C%92%E6%8B%9B%E7%94%9F%E6%87%B6%E4%BA%BA%E5%8C%85%EF%BC%88%E5%90%ABqa%EF%BC%89/" "Mozilla/5.0 (Macintosh; Intel Mac OS X 10_15_7) AppleWebKit/537.36 (KHTML, like Gecko) Chrome/131.0.0.0 Safari/537.36"
127.0.0.1 - - [22/Aug/2026:12:20:10 +0800] "GET / HTTP/1.1" 302 5497 "-" "curl/7.81.0"
40.77.167.136 - - [22/Aug/2026:12:20:10 +0800] "GET /2021/05/07/%E6%9D%B1%E6%BE%B3%E5%9C%8B%E5%B0%8F%E9%A3%9B%E9%AD%9A%E7%BE%A9%E8%B3%A3%E9%96%8B%E5%A7%8B%E5%9B%89/ HTTP/1.1" 200 16952 "-" "Mozilla/5.0 AppleWebKit/537.36 (KHTML, like Gecko; compatible; bingbot/2.0; +http://www.bing.com/bingbot.htm) Chrome/116.0.1938.76 Safari/537.36"
2001:288:a201::66:125 - - [22/Aug/2026:12:20:10 +0800] "GET /blog/active.php HTTP/1.1" 404 1084 "-" "-"
127.0.0.1 - - [22/Aug/2026:12:20:10 +0800] "HEAD / HTTP/1.1" 302 5478 "-" "curl/7.81.0"
125.231.138.206 - - [22/Aug/2026:12:20:10 +0800] "POST /1003/wp-json/ilc-summary/v1/popular-posts HTTP/1.1" 201 1454 "https://2blog.ilc.edu.tw/1003/2026/07/30/%e5%b0%8f%e5%a3%81%e8%99%8e%e8%80%81%e5%b8%ab%e7%9a%84%e5%b7%a5%e5%85%b7%e7%ab%99%e3%80%90ai%e5%8d%94%e4%bd%9c%e4%bd%9c%e5%93%81%e3%80%91/" "Mozilla/5.0 (Windows NT 10.0; Win64; x64) AppleWebKit/537.36 (KHTML, like Gecko) Chrome/151.0.0.0 Safari/537.36"
173.252.95.6 - - [22/Aug/2026:12:20:11 +0800] "GET /blog/imgs/logo.jpg HTTP/1.1" 404 25478 "-" "facebookexternalhit/1.1 (+http://www.facebook.com/externalhit_uatext.php)"
34.56.53.225 - - [22/Aug/2026:12:20:11 +0800] "GET /6568/2018/11/12/107-4-3-3%E5%AD%B8%E6%A0%A1%E5%85%A8%E9%9D%A2%E4%BD%BF%E7%94%A8%E5%85%B7%E7%92%B0%E4%BF%9D%E6%A8%99%E7%AB%A0%E5%86%8D%E7%94%9F%E7%B4%99/ HTTP/1.1" 200 15765 "-" "Mozilla/5.0 (Macintosh; Intel Mac OS X 10_15_7) AppleWebKit/537.36 (KHTML, like Gecko) Chrome/120.0.0.0 Safari/537.36"
100.25.120.246 - - [22/Aug/2026:12:20:11 +0800] "GET /wp-content/uploads/sites/1413/staatic/resources/1/917eb3813bd978c7994ad7071c01fbfa4453190 HTTP/1.1" 200 175973 "-" "Mozilla/5.0 AppleWebKit/537.36 (KHTML, like Gecko; compatible; Amazonbot/0.1; +https://developer.amazon.com/support/amazonbot) Chrome/119.0.6045.214 Safari/537.36"
::1 - - [22/Aug/2026:12:20:11 +0800] "OPTIONS * HTTP/1.0" 200 110 "-" "Apache/2.4.68 (Ubuntu) OpenSSL/3.0.19 (internal dummy connection)"
74.7.242.54 - - [22/Aug/2026:12:20:10 +0800] "GET /26150/?p=3300 HTTP/1.1" 301 966 "https://2blog.ilc.edu.tw/26150/2016/08/11/105%e5%b9%b4%e5%ba%a6%e7%ac%ac31%e6%ac%a1%e5%b9%b8%e7%a6%8f%e5%ae%b6%e5%ba%ad%e7%a9%ba%e4%b8%ad%e8%ac%9b%e5%a0%82-%e7%b9%aa%e6%9c%ac%e4%b8%ad%e7%9a%84%e7%a5%96%e5%ad%ab%e6%83%85/" "Mozilla/5.0 AppleWebKit/537.36 (KHTML, like Gecko; compatible; GPTBot/1.4; +https://openai.com/gptbot)"
2001:4860:7:b10::fd - - [22/Aug/2026:12:20:12 +0800] "GET / HTTP/1.1" 200 29749 "https://www.google.com/" "Mozilla/5.0 (Windows NT 10.0; Win64; x64) AppleWebKit/537.36 (KHTML, like Gecko) Chrome/151.0.0.0 Safari/537.36"
::1 - - [22/Aug/2026:12:20:12 +0800] "OPTIONS * HTTP/1.0" 200 110 "-" "Apache/2.4.68 (Ubuntu) OpenSSL/3.0.19 (internal dummy connection)"
2001:288:a201::66:125 - - [22/Aug/2026:12:20:13 +0800] "GET /blog/active.php HTTP/1.1" 301 1026 "-" "-"
2001:288:a201::66:125 - - [22/Aug/2026:12:20:13 +0800] "GET /blog/active.php HTTP/1.1" 404 1084 "-" "-"
216.73.216.20 - - [22/Aug/2026:12:20:13 +0800] "GET /6325/?p=17965 HTTP/1.1" 301 5904 "-" "Mozilla/5.0 AppleWebKit/537.36 (KHTML, like Gecko; compatible; ClaudeBot/1.0; +claudebot@anthropic.com)"
::1 - - [22/Aug/2026:12:20:13 +0800] "OPTIONS * HTTP/1.0" 200 110 "-" "Apache/2.4.68 (Ubuntu) OpenSSL/3.0.19 (internal dummy connection)"
140.111.67.10 - - [22/Aug/2026:12:20:14 +0800] "GET /" 301 273 "-" "-"
216.73.216.20 - - [22/Aug/2026:12:20:14 +0800] "GET /6325/2012/12/03/page/2/ HTTP/1.1" 200 11025 "-" "Mozilla/5.0 AppleWebKit/537.36 (KHTML, like Gecko; compatible; ClaudeBot/1.0; +claudebot@anthropic.com)"
216.73.216.20 - - [22/Aug/2026:12:20:14 +0800] "GET /6325/?p=18615 HTTP/1.1" 301 1077 "-" "Mozilla/5.0 AppleWebKit/537.36 (KHTML, like Gecko; compatible; ClaudeBot/1.0; +claudebot@anthropic.com)"
216.73.216.20 - - [22/Aug/2026:12:20:14 +0800] "GET /6325/?p=18179 HTTP/1.1" 301 5808 "-" "Mozilla/5.0 AppleWebKit/537.36 (KHTML, like Gecko; compatible; ClaudeBot/1.0; +claudebot@anthropic.com)"
216.73.216.20 - - [22/Aug/2026:12:20:14 +0800] "GET /6325/?p=17598 HTTP/1.1" 301 5855 "-" "Mozilla/5.0 AppleWebKit/537.36 (KHTML, like Gecko; compatible; ClaudeBot/1.0; +claudebot@anthropic.com)"
::1 - - [22/Aug/2026:12:20:14 +0800] "OPTIONS * HTTP/1.0" 200 110 "-" "Apache/2.4.68 (Ubuntu) OpenSSL/3.0.19 (internal dummy connection)"
216.73.216.20 - - [22/Aug/2026:12:20:14 +0800] "GET /5882/page/25/ HTTP/1.1" 200 28025 "-" "Mozilla/5.0 AppleWebKit/537.36 (KHTML, like Gecko; compatible; ClaudeBot/1.0; +claudebot@anthropic.com)"
216.73.216.20 - - [22/Aug/2026:12:20:14 +0800] "GET /6448/2019/page/8/ HTTP/1.1" 200 11440 "-" "Mozilla/5.0 AppleWebKit/537.36 (KHTML, like Gecko; compatible; ClaudeBot/1.0; +claudebot@anthropic.com)"
216.73.216.20 - - [22/Aug/2026:12:20:15 +0800] "GET /6325/2013/11/page/2/ HTTP/1.1" 200 16281 "-" "Mozilla/5.0 AppleWebKit/537.36 (KHTML, like Gecko; compatible; ClaudeBot/1.0; +claudebot@anthropic.com)"
216.73.216.20 - - [22/Aug/2026:12:20:15 +0800] "GET /6325/2013/11/26/102_%e9%9f%bf%e6%87%89%e7%92%b0%e5%a2%83%e4%bf%9d%e8%ad%b7%e7%af%80%e8%83%bd%e6%b8%9b%e7%a2%b3%e6%a8%bd%e7%af%80%e7%b6%93%e8%b2%bb%e9%96%8b%e6%94%af%e8%ab%8b%e9%85%8d%e5%90%88%e8%be%a6%e7%90%86/ HTTP/1.1" 200 10797 "https://2blog.ilc.edu.tw/6325/?p=17965" "Mozilla/5.0 AppleWebKit/537.36 (KHTML, like Gecko; compatible; ClaudeBot/1.0; +claudebot@anthropic.com)"
216.73.216.20 - - [22/Aug/2026:12:20:15 +0800] "GET /6325/?p=18165 HTTP/1.1" 301 969 "-" "Mozilla/5.0 AppleWebKit/537.36 (KHTML, like Gecko; compatible; ClaudeBot/1.0; +claudebot@anthropic.com)"
216.73.216.20 - - [22/Aug/2026:12:20:15 +0800] "GET /6325/2017/03/24/106-%e4%ba%8c3-1%e8%be%a6%e7%90%86%e7%92%b0%e5%a2%83%e6%95%99%e8%82%b2%e7%a0%94%e7%bf%92%e4%b8%a6%e6%9c%89%e6%88%90%e6%95%88%e8%a9%95%e4%bc%b0%e5%88%86%e6%9e%90/ HTTP/1.1" 200 11536 "https://2blog.ilc.edu.tw/6325/?p=18615" "Mozilla/5.0 AppleWebKit/537.36 (KHTML, like Gecko; compatible; ClaudeBot/1.0; +claudebot@anthropic.com)"
216.73.216.20 - - [22/Aug/2026:12:20:15 +0800] "GET /6448/?p=314 HTTP/1.1" 301 931 "-" "Mozilla/5.0 AppleWebKit/537.36 (KHTML, like Gecko; compatible; ClaudeBot/1.0; +claudebot@anthropic.com)"
216.73.216.20 - - [22/Aug/2026:12:20:15 +0800] "GET /6325/?p=17906 HTTP/1.1" 301 1413 "-" "Mozilla/5.0 AppleWebKit/537.36 (KHTML, like Gecko; compatible; ClaudeBot/1.0; +claudebot@anthropic.com)"
216.73.216.20 - - [22/Aug/2026:12:20:15 +0800] "GET /6325/2014/10/31/103_%e5%85%b6%e4%bb%96%e9%85%8d%e5%90%88%e6%8e%aa%e6%96%bd%e8%be%a6%e7%90%86%e6%83%85%e5%bd%a26-3/ HTTP/1.1" 200 10880 "https://2blog.ilc.edu.tw/6325/?p=18179" "Mozilla/5.0 AppleWebKit/537.36 (KHTML, like Gecko; compatible; ClaudeBot/1.0; +claudebot@anthropic.com)"
216.73.216.20 - - [22/Aug/2026:12:20:15 +0800] "GET /6325/2011/12/07/%e8%a6%8f%e5%8a%83%e8%a8%ad%e7%bd%ae%e6%b0%b4%e5%be%aa%e7%92%b0%e5%86%8d%e5%88%a9%e7%94%a8%e8%a8%ad%e6%96%bd%e3%80%81%e7%b6%a0%e5%bb%ba%e7%af%89/ HTTP/1.1" 200 15917 "https://2blog.ilc.edu.tw/6325/?p=17598" "Mozilla/5.0 AppleWebKit/537.36 (KHTML, like Gecko; compatible; ClaudeBot/1.0; +claudebot@anthropic.com)"
74.7.242.54 - - [22/Aug/2026:12:20:12 +0800] "GET /26150/?p=3223 HTTP/1.1" 301 978 "https://2blog.ilc.edu.tw/26150/2016/01/15/%e3%80%8c%e5%85%92%e7%ab%a5%e9%9d%92%e5%b0%91%e5%b9%b4%e7%9a%84%e6%83%85%e7%b7%92%e8%aa%bf%e9%81%a9%e8%88%87%e9%99%aa%e4%bc%b4%e3%80%8d%e5%bf%97%e5%b7%a5%e5%9c%a8%e8%81%b7%e8%a8%93%e7%b7%b4/" "Mozilla/5.0 AppleWebKit/537.36 (KHTML, like Gecko; compatible; GPTBot/1.4; +https://openai.com/gptbot)"
216.73.216.20 - - [22/Aug/2026:12:20:15 +0800] "GET /6325/2014/10/24/103_%e8%a1%8c%e6%94%bf%e8%88%87%e7%ae%a1%e7%90%864-2/ HTTP/1.1" 200 10565 "https://2blog.ilc.edu.tw/6325/?p=18165" "Mozilla/5.0 AppleWebKit/537.36 (KHTML, like Gecko; compatible; ClaudeBot/1.0; +claudebot@anthropic.com)"
216.73.216.20 - - [22/Aug/2026:12:20:15 +0800] "GET /6325/?p=18160 HTTP/1.1" 301 1189 "-" "Mozilla/5.0 AppleWebKit/537.36 (KHTML, like Gecko; compatible; ClaudeBot/1.0; +claudebot@anthropic.com)"
216.73.216.20 - - [22/Aug/2026:12:20:15 +0800] "GET /6325/?p=17608 HTTP/1.1" 301 5753 "-" "Mozilla/5.0 AppleWebKit/537.36 (KHTML, like Gecko; compatible; ClaudeBot/1.0; +claudebot@anthropic.com)"
216.73.216.20 - - [22/Aug/2026:12:20:15 +0800] "GET /6325/?p=18638 HTTP/1.1" 301 5751 "-" "Mozilla/5.0 AppleWebKit/537.36 (KHTML, like Gecko; compatible; ClaudeBot/1.0; +claudebot@anthropic.com)"
216.73.216.20 - - [22/Aug/2026:12:20:15 +0800] "GET /6448/2014/11/03/103_1-4_%e6%95%99%e8%82%b2%e9%83%a8%e7%b6%a0%e8%89%b2%e5%ad%b8%e6%a0%a1%e5%a4%a5%e4%bc%b4%e7%b6%b2%e8%b7%af%e6%8f%90%e5%a0%b1%e6%83%85%e5%bd%a2/ HTTP/1.1" 200 11003 "https://2blog.ilc.edu.tw/6448/?p=314" "Mozilla/5.0 AppleWebKit/537.36 (KHTML, like Gecko; compatible; ClaudeBot/1.0; +claudebot@anthropic.com)"
216.73.216.20 - - [22/Aug/2026:12:20:15 +0800] "GET /6325/2013/10/29/102_%e7%92%b0%e5%a2%83%e6%95%99%e8%82%b2%e4%ba%ba%e5%93%a1%e8%aa%8d%e8%ad%89%e5%8f%8a%e7%ae%a1%e7%90%86%e8%be%a6%e6%b3%95%e4%bf%ae%e6%ad%a3%e6%a2%9d%e6%96%87/ HTTP/1.1" 200 15616 "https://2blog.ilc.edu.tw/6325/?p=17906" "Mozilla/5.0 AppleWebKit/537.36 (KHTML, like Gecko; compatible; ClaudeBot/1.0; +claudebot@anthropic.com)"
216.73.216.20 - - [22/Aug/2026:12:20:15 +0800] "GET /6448/2020/page/18/ HTTP/1.1" 200 11087 "-" "Mozilla/5.0 AppleWebKit/537.36 (KHTML, like Gecko; compatible; ClaudeBot/1.0; +claudebot@anthropic.com)"
216.73.216.20 - - [22/Aug/2026:12:20:15 +0800] "GET /6325/2011/12/09/%e5%af%a6%e6%96%bd%e7%92%b0%e5%a2%83%e6%95%99%e8%82%b2%e6%9c%ac%e4%bd%8d%e8%aa%b2%e7%a8%8b%e5%b0%87%e7%92%b0%e5%a2%83%e6%95%99%e8%82%b2%e8%9e%8d%e5%85%a5%e6%95%99%e5%ad%b8/ HTTP/1.1" 200 10797 "https://2blog.ilc.edu.tw/6325/?p=17608" "Mozilla/5.0 AppleWebKit/537.36 (KHTML, like Gecko; compatible; ClaudeBot/1.0; +claudebot@anthropic.com)"
::1 - - [22/Aug/2026:12:20:16 +0800] "OPTIONS * HTTP/1.0" 200 110 "-" "Apache/2.4.68 (Ubuntu) OpenSSL/3.0.19 (internal dummy connection)"
216.73.216.20 - - [22/Aug/2026:12:20:16 +0800] "GET /6325/2017/08/05/106-%e4%ba%8c8-1%e5%af%a6%e9%9a%9b%e8%a1%8c%e5%8b%95%e5%8f%83%e8%88%87%e8%a7%a3%e6%b1%ba%e5%9c%b0%e6%96%b9%e7%92%b0%e5%a2%83%e5%95%8f%e9%a1%8c%e4%b9%8b%e4%ba%8b%e8%b9%9f/ HTTP/1.1" 200 11237 "https://2blog.ilc.edu.tw/6325/?p=18638" "Mozilla/5.0 AppleWebKit/537.36 (KHTML, like Gecko; compatible; ClaudeBot/1.0; +claudebot@anthropic.com)"
216.73.216.20 - - [22/Aug/2026:12:20:15 +0800] "GET /6448/2020/page/10/ HTTP/1.1" 200 11181 "-" "Mozilla/5.0 AppleWebKit/537.36 (KHTML, like Gecko; compatible; ClaudeBot/1.0; +claudebot@anthropic.com)"
216.73.216.20 - - [22/Aug/2026:12:20:16 +0800] "GET /6325/2014/10/18/103_%e6%a0%a1%e5%9c%92%e7%92%b0%e5%a2%83%e7%ae%a1%e7%90%867-10/ HTTP/1.1" 200 10834 "https://2blog.ilc.edu.tw/6325/?p=18160" "Mozilla/5.0 AppleWebKit/537.36 (KHTML, like Gecko; compatible; ClaudeBot/1.0; +claudebot@anthropic.com)"
216.73.216.20 - - [22/Aug/2026:12:20:16 +0800] "GET /6325/?p=17557 HTTP/1.1" 301 833 "-" "Mozilla/5.0 AppleWebKit/537.36 (KHTML, like Gecko; compatible; ClaudeBot/1.0; +claudebot@anthropic.com)"
216.73.216.20 - - [22/Aug/2026:12:20:16 +0800] "GET /6448/?p=648 HTTP/1.1" 301 905 "-" "Mozilla/5.0 AppleWebKit/537.36 (KHTML, like Gecko; compatible; ClaudeBot/1.0; +claudebot@anthropic.com)"
218.35.254.237 - - [22/Aug/2026:12:20:15 +0800] "GET /1279/category/c-83246/ HTTP/1.1" 200 14898 "https://2blog.ilc.edu.tw/1279/category/c-83251/" "Mozilla/5.0 (Windows NT 10.0; Win64; x64) AppleWebKit/537.36 (KHTML, like Gecko) Chrome/151.0.0.0 Safari/537.36"
218.35.254.237 - - [22/Aug/2026:12:20:16 +0800] "GET /1279/wp-content/uploads/sites/893/2019/07/1080726-1.png HTTP/1.1" 200 110961 "https://2blog.ilc.edu.tw/1279/category/c-83246/" "Mozilla/5.0 (Windows NT 10.0; Win64; x64) AppleWebKit/537.36 (KHTML, like Gecko) Chrome/151.0.0.0 Safari/537.36"
218.35.254.237 - - [22/Aug/2026:12:20:16 +0800] "GET /1279/wp-content/uploads/sites/893/1279/1279-4081348.png HTTP/1.1" 200 173508 "https://2blog.ilc.edu.tw/1279/category/c-83246/" "Mozilla/5.0 (Windows NT 10.0; Win64; x64) AppleWebKit/537.36 (KHTML, like Gecko) Chrome/151.0.0.0 Safari/537.36"
216.73.216.20 - - [22/Aug/2026:12:20:16 +0800] "GET /6325/?p=18623 HTTP/1.1" 301 984 "-" "Mozilla/5.0 AppleWebKit/537.36 (KHTML, like Gecko; compatible; ClaudeBot/1.0; +claudebot@anthropic.com)"
218.35.254.237 - - [22/Aug/2026:12:20:16 +0800] "GET /1279/wp-content/themes/hueman/assets/front/img/thumb-medium-empty.png HTTP/1.1" 200 1275 "https://2blog.ilc.edu.tw/1279/category/c-83246/" "Mozilla/5.0 (Windows NT 10.0; Win64; x64) AppleWebKit/537.36 (KHTML, like Gecko) Chrome/151.0.0.0 Safari/537.36"
216.73.216.20 - - [22/Aug/2026:12:20:16 +0800] "GET /6325/2011/12/04/%e8%a4%90%e6%a0%b9%e7%97%85%e6%95%99%e6%9d%90/ HTTP/1.1" 200 10580 "https://2blog.ilc.edu.tw/6325/?p=17557" "Mozilla/5.0 AppleWebKit/537.36 (KHTML, like Gecko; compatible; ClaudeBot/1.0; +claudebot@anthropic.com)"
218.35.254.237 - - [22/Aug/2026:12:20:16 +0800] "GET /1279/wp-content/uploads/sites/893/2016/05/0108.png HTTP/1.1" 200 73738 "https://2blog.ilc.edu.tw/1279/category/c-83246/" "Mozilla/5.0 (Windows NT 10.0; Win64; x64) AppleWebKit/537.36 (KHTML, like Gecko) Chrome/151.0.0.0 Safari/537.36"
218.35.254.237 - - [22/Aug/2026:12:20:16 +0800] "GET /1279/wp-content/uploads/sites/893/2015/02/0107.png HTTP/1.1" 200 98191 "https://2blog.ilc.edu.tw/1279/category/c-83246/" "Mozilla/5.0 (Windows NT 10.0; Win64; x64) AppleWebKit/537.36 (KHTML, like Gecko) Chrome/151.0.0.0 Safari/537.36"
218.35.254.237 - - [22/Aug/2026:12:20:16 +0800] "GET /1279/wp-content/uploads/sites/893/2017/03/1060306-1.png HTTP/1.1" 200 70386 "https://2blog.ilc.edu.tw/1279/category/c-83246/" "Mozilla/5.0 (Windows NT 10.0; Win64; x64) AppleWebKit/537.36 (KHTML, like Gecko) Chrome/151.0.0.0 Safari/537.36"
218.35.254.237 - - [22/Aug/2026:12:20:16 +0800] "GET /1279/wp-content/uploads/sites/893/2015/02/0106.jpg HTTP/1.1" 200 111016 "https://2blog.ilc.edu.tw/1279/category/c-83246/" "Mozilla/5.0 (Windows NT 10.0; Win64; x64) AppleWebKit/537.36 (KHTML, like Gecko) Chrome/151.0.0.0 Safari/537.36"
216.73.216.20 - - [22/Aug/2026:12:20:16 +0800] "GET /6448/2018/11/11/107_4-2_%e6%9c%89%e6%a9%9f%e7%b1%b3%e9%a3%9f%e8%be%b2%e6%95%99%e8%82%b2%e6%8e%a8%e5%bb%a3107-10-18-%e5%9f%b9%e6%b0%91/ HTTP/1.1" 200 11443 "https://2blog.ilc.edu.tw/6448/?p=648" "Mozilla/5.0 AppleWebKit/537.36 (KHTML, like Gecko; compatible; ClaudeBot/1.0; +claudebot@anthropic.com)"
216.73.216.20 - - [22/Aug/2026:12:20:16 +0800] "GET /6325/?p=17776 HTTP/1.1" 301 1198 "-" "Mozilla/5.0 AppleWebKit/537.36 (KHTML, like Gecko; compatible; ClaudeBot/1.0; +claudebot@anthropic.com)"
216.73.216.20 - - [22/Aug/2026:12:20:16 +0800] "GET /6325/2017/04/05/106-%e5%9b%9b2-1%e8%a8%82%e5%ae%9a%e9%a3%9f%e8%be%b2%e8%a8%88%e7%95%ab%e5%8f%8a%e8%a8%ad%e7%bd%ae%e6%95%99%e5%ad%b8%e8%be%b2%e5%a0%b4%e6%8e%a8%e5%b1%95%e9%a3%9f%e8%be%b2%e6%a0%a1%e8%82%b2%ef%bc%8c/ HTTP/1.1" 200 12671 "https://2blog.ilc.edu.tw/6325/?p=18623" "Mozilla/5.0 AppleWebKit/537.36 (KHTML, like Gecko; compatible; ClaudeBot/1.0; +claudebot@anthropic.com)"
216.73.216.20 - - [22/Aug/2026:12:20:16 +0800] "GET /6325/author/abc/page/15/ HTTP/1.1" 200 11732 "-" "Mozilla/5.0 AppleWebKit/537.36 (KHTML, like Gecko; compatible; ClaudeBot/1.0; +claudebot@anthropic.com)"
216.73.216.20 - - [22/Aug/2026:12:20:16 +0800] "GET /6325/2015/09/page/1/ HTTP/1.1" 301 1123 "-" "Mozilla/5.0 AppleWebKit/537.36 (KHTML, like Gecko; compatible; ClaudeBot/1.0; +claudebot@anthropic.com)"
3.229.164.203 - - [22/Aug/2026:12:20:16 +0800] "GET /6505/wp-json/wp/v2/posts/6054/revisions/8228 HTTP/1.1" 401 6197 "-" "Mozilla/5.0 AppleWebKit/537.36 (KHTML, like Gecko; compatible; Amazonbot/0.1; +https://developer.amazon.com/support/amazonbot) Chrome/119.0.6045.214 Safari/537.36"
216.73.216.20 - - [22/Aug/2026:12:20:16 +0800] "GET /6325/2013/06/26/102-_-%e6%95%99%e5%ad%b8%e8%88%87%e5%ae%a3%e5%b0%8e%e6%b4%bb%e5%8b%95-8/ HTTP/1.1" 200 10803 "https://2blog.ilc.edu.tw/6325/?p=17776" "Mozilla/5.0 AppleWebKit/537.36 (KHTML, like Gecko; compatible; ClaudeBot/1.0; +claudebot@anthropic.com)"
216.73.216.20 - - [22/Aug/2026:12:20:16 +0800] "GET /6448/2019/page/7/ HTTP/1.1" 200 11657 "-" "Mozilla/5.0 AppleWebKit/537.36 (KHTML, like Gecko; compatible; ClaudeBot/1.0; +claudebot@anthropic.com)"
216.73.216.20 - - [22/Aug/2026:12:20:16 +0800] "GET /6325/?p=17944 HTTP/1.1" 301 848 "-" "Mozilla/5.0 AppleWebKit/537.36 (KHTML, like Gecko; compatible; ClaudeBot/1.0; +claudebot@anthropic.com)"
216.73.216.20 - - [22/Aug/2026:12:20:16 +0800] "GET /6325/2015/09/ HTTP/1.1" 200 11391 "https://2blog.ilc.edu.tw/6325/2015/09/page/1/" "Mozilla/5.0 AppleWebKit/537.36 (KHTML, like Gecko; compatible; ClaudeBot/1.0; +claudebot@anthropic.com)"
216.73.216.20 - - [22/Aug/2026:12:20:16 +0800] "GET /6325/2014/04/03/ HTTP/1.1" 200 9855 "-" "Mozilla/5.0 AppleWebKit/537.36 (KHTML, like Gecko; compatible; ClaudeBot/1.0; +claudebot@anthropic.com)"
216.73.216.20 - - [22/Aug/2026:12:20:16 +0800] "GET /6325/?p=18636 HTTP/1.1" 301 955 "-" "Mozilla/5.0 AppleWebKit/537.36 (KHTML, like Gecko; compatible; ClaudeBot/1.0; +claudebot@anthropic.com)"
216.73.216.20 - - [22/Aug/2026:12:20:17 +0800] "GET /6325/2013/11/22/102_-%e5%85%b6%e4%bb%96%e9%85%8d%e5%90%88%e6%8e%aa%e6%96%bd1/ HTTP/1.1" 200 11007 "https://2blog.ilc.edu.tw/6325/?p=17944" "Mozilla/5.0 AppleWebKit/537.36 (KHTML, like Gecko; compatible; ClaudeBot/1.0; +claudebot@anthropic.com)"
216.73.216.20 - - [22/Aug/2026:12:20:17 +0800] "GET /6325/?p=17668 HTTP/1.1" 301 884 "-" "Mozilla/5.0 AppleWebKit/537.36 (KHTML, like Gecko; compatible; ClaudeBot/1.0; +claudebot@anthropic.com)"
216.73.216.20 - - [22/Aug/2026:12:20:17 +0800] "GET /6325/2014/01/page/1/ HTTP/1.1" 301 784 "-" "Mozilla/5.0 AppleWebKit/537.36 (KHTML, like Gecko; compatible; ClaudeBot/1.0; +claudebot@anthropic.com)"
216.73.216.20 - - [22/Aug/2026:12:20:17 +0800] "GET /6325/2017/08/05/106-%e4%ba%8c6%e5%8f%83%e5%8a%a0%e6%95%99%e8%82%b2%e9%83%a8%e7%b6%a0%e8%89%b2%e5%ad%b8%e6%a0%a1%e4%b8%a6%e6%9c%89%e6%88%90%e6%9e%9c%e7%b8%be%e6%95%88%e5%b1%95%e7%8f%be/ HTTP/1.1" 200 10855 "https://2blog.ilc.edu.tw/6325/?p=18636" "Mozilla/5.0 AppleWebKit/537.36 (KHTML, like Gecko; compatible; ClaudeBot/1.0; +claudebot@anthropic.com)"
216.73.216.20 - - [22/Aug/2026:12:20:17 +0800] "GET /6325/?p=17971 HTTP/1.1" 301 858 "-" "Mozilla/5.0 AppleWebKit/537.36 (KHTML, like Gecko; compatible; ClaudeBot/1.0; +claudebot@anthropic.com)"
216.73.216.20 - - [22/Aug/2026:12:20:17 +0800] "GET /6325/2012/11/27/101_%e5%85%b6%e4%bb%96%e9%85%8d%e5%90%88%e6%8e%aa%e6%96%bd%e8%be%a6%e7%90%86%e6%83%85%e5%bd%a2-3/ HTTP/1.1" 200 10736 "https://2blog.ilc.edu.tw/6325/?p=17668" "Mozilla/5.0 AppleWebKit/537.36 (KHTML, like Gecko; compatible; ClaudeBot/1.0; +claudebot@anthropic.com)"
216.73.216.20 - - [22/Aug/2026:12:20:17 +0800] "GET /6325/2014/09/page/1/ HTTP/1.1" 301 784 "-" "Mozilla/5.0 AppleWebKit/537.36 (KHTML, like Gecko; compatible; ClaudeBot/1.0; +claudebot@anthropic.com)"
216.73.216.20 - - [22/Aug/2026:12:20:17 +0800] "GET /6325/2014/01/ HTTP/1.1" 200 11102 "https://2blog.ilc.edu.tw/6325/2014/01/page/1/" "Mozilla/5.0 AppleWebKit/537.36 (KHTML, like Gecko; compatible; ClaudeBot/1.0; +claudebot@anthropic.com)"
216.73.216.20 - - [22/Aug/2026:12:20:17 +0800] "GET /6325/?p=17642 HTTP/1.1" 301 945 "-" "Mozilla/5.0 AppleWebKit/537.36 (KHTML, like Gecko; compatible; ClaudeBot/1.0; +claudebot@anthropic.com)"
216.73.216.20 - - [22/Aug/2026:12:20:17 +0800] "GET /6325/2013/11/28/102_%e6%95%99%e5%ad%b8%e8%88%87%e5%ae%a3%e5%b0%8e%e6%b4%bb%e5%8b%952-4/ HTTP/1.1" 200 10912 "https://2blog.ilc.edu.tw/6325/?p=17971" "Mozilla/5.0 AppleWebKit/537.36 (KHTML, like Gecko; compatible; ClaudeBot/1.0; +claudebot@anthropic.com)"
216.73.216.20 - - [22/Aug/2026:12:20:17 +0800] "GET /6325/?p=17866 HTTP/1.1" 301 839 "-" "Mozilla/5.0 AppleWebKit/537.36 (KHTML, like Gecko; compatible; ClaudeBot/1.0; +claudebot@anthropic.com)"
216.73.216.20 - - [22/Aug/2026:12:20:17 +0800] "GET /6325/2014/09/ HTTP/1.1" 200 11138 "https://2blog.ilc.edu.tw/6325/2014/09/page/1/" "Mozilla/5.0 AppleWebKit/537.36 (KHTML, like Gecko; compatible; ClaudeBot/1.0; +claudebot@anthropic.com)"
216.73.216.20 - - [22/Aug/2026:12:20:17 +0800] "GET /6325/2012/04/05/101_%e5%af%a6%e9%9a%9b%e8%a1%8c%e5%8b%95%e5%8f%83%e8%88%87%e8%a7%a3%e6%b1%ba%e5%9c%b0%e6%96%b9%e7%92%b0%e5%a2%83%e5%95%8f%e9%a1%8c%e4%b9%8b%e4%ba%8b%e8%b9%9f/ HTTP/1.1" 200 10922 "https://2blog.ilc.edu.tw/6325/?p=17642" "Mozilla/5.0 AppleWebKit/537.36 (KHTML, like Gecko; compatible; ClaudeBot/1.0; +claudebot@anthropic.com)"
216.73.216.20 - - [22/Aug/2026:12:20:17 +0800] "GET /6325/?p=17706 HTTP/1.1" 301 1212 "-" "Mozilla/5.0 AppleWebKit/537.36 (KHTML, like Gecko; compatible; ClaudeBot/1.0; +claudebot@anthropic.com)"
216.73.216.20 - - [22/Aug/2026:12:20:17 +0800] "GET /6325/2013/10/15/102_%e8%a1%8c%e6%94%bf%e8%88%87%e7%ae%a1%e7%90%86-4/ HTTP/1.1" 200 10684 "https://2blog.ilc.edu.tw/6325/?p=17866" "Mozilla/5.0 AppleWebKit/537.36 (KHTML, like Gecko; compatible; ClaudeBot/1.0; +claudebot@anthropic.com)"
216.73.216.20 - - [22/Aug/2026:12:20:17 +0800] "GET /6325/2015/11/13/page/2/ HTTP/1.1" 200 10719 "-" "Mozilla/5.0 AppleWebKit/537.36 (KHTML, like Gecko; compatible; ClaudeBot/1.0; +claudebot@anthropic.com)"
216.73.216.20 - - [22/Aug/2026:12:20:17 +0800] "GET /6325/?p=17638 HTTP/1.1" 301 937 "-" "Mozilla/5.0 AppleWebKit/537.36 (KHTML, like Gecko; compatible; ClaudeBot/1.0; +claudebot@anthropic.com)"
2001:288:a201::67:82 - - [22/Aug/2026:12:20:14 +0800] "POST /26150/?p=3223&fsm_edd_37394=7871cc133202286d0a230db865874eb4 HTTP/1.1" 200 13008 "-" "WordPress/6.6.7; https://2blog.ilc.edu.tw/26150"
216.73.216.20 - - [22/Aug/2026:12:20:18 +0800] "GET /6325/2012/12/03/101_%e6%a0%a1%e5%9c%92%e7%92%b0%e5%a2%83%e7%94%9f%e6%85%8b%e5%b0%8e%e8%a6%bd%e4%b8%89/ HTTP/1.1" 200 10459 "https://2blog.ilc.edu.tw/6325/?p=17706" "Mozilla/5.0 AppleWebKit/537.36 (KHTML, like Gecko; compatible; ClaudeBot/1.0; +claudebot@anthropic.com)"
2001:288:a201::66:125 - - [22/Aug/2026:12:20:18 +0800] "GET /blog/active.php HTTP/1.1" 301 1026 "-" "-"
2001:288:a201::66:125 - - [22/Aug/2026:12:20:18 +0800] "GET /blog/active.php HTTP/1.1" 404 1084 "-" "-"
216.73.216.20 - - [22/Aug/2026:12:20:18 +0800] "GET /6325/?p=17857 HTTP/1.1" 301 847 "-" "Mozilla/5.0 AppleWebKit/537.36 (KHTML, like Gecko; compatible; ClaudeBot/1.0; +claudebot@anthropic.com)"
216.73.216.20 - - [22/Aug/2026:12:20:17 +0800] "GET /2569/wp-json/wp/v2/categories/1 HTTP/1.1" 200 1642 "-" "Mozilla/5.0 AppleWebKit/537.36 (KHTML, like Gecko; compatible; ClaudeBot/1.0; +claudebot@anthropic.com)"
216.73.216.20 - - [22/Aug/2026:12:20:18 +0800] "GET /6325/2012/03/29/101_%e6%a4%8d%e6%a8%b9%e7%af%80%e6%a4%8d%e6%a8%b9%e6%9a%a8%e5%af%ab%e7%94%9f%e6%b4%bb%e5%8b%95-%e5%ad%b8%e7%94%9f%e4%bd%9c%e5%93%81%e5%be%97%e7%8d%8e/ HTTP/1.1" 200 11278 "https://2blog.ilc.edu.tw/6325/?p=17638" "Mozilla/5.0 AppleWebKit/537.36 (KHTML, like Gecko; compatible; ClaudeBot/1.0; +claudebot@anthropic.com)"
216.73.216.20 - - [22/Aug/2026:12:20:18 +0800] "GET /6325/2018/09/page/1/ HTTP/1.1" 301 784 "-" "Mozilla/5.0 AppleWebKit/537.36 (KHTML, like Gecko; compatible; ClaudeBot/1.0; +claudebot@anthropic.com)"
216.73.216.20 - - [22/Aug/2026:12:20:18 +0800] "GET /6325/2013/10/10/102_%e7%92%b0%e5%a2%83%e6%95%99%e8%82%b2%e6%95%99%e6%9d%906/ HTTP/1.1" 200 10449 "https://2blog.ilc.edu.tw/6325/?p=17857" "Mozilla/5.0 AppleWebKit/537.36 (KHTML, like Gecko; compatible; ClaudeBot/1.0; +claudebot@anthropic.com)"
216.73.216.20 - - [22/Aug/2026:12:20:18 +0800] "GET /6325/?p=17987 HTTP/1.1" 301 918 "-" "Mozilla/5.0 AppleWebKit/537.36 (KHTML, like Gecko; compatible; ClaudeBot/1.0; +claudebot@anthropic.com)"
216.73.216.20 - - [22/Aug/2026:12:20:18 +0800] "GET /2569/wp-json/wp/v2/categories/75 HTTP/1.1" 200 2038 "-" "Mozilla/5.0 AppleWebKit/537.36 (KHTML, like Gecko; compatible; ClaudeBot/1.0; +claudebot@anthropic.com)"
216.73.216.20 - - [22/Aug/2026:12:20:18 +0800] "GET /6325/2018/09/ HTTP/1.1" 200 11347 "https://2blog.ilc.edu.tw/6325/2018/09/page/1/" "Mozilla/5.0 AppleWebKit/537.36 (KHTML, like Gecko; compatible; ClaudeBot/1.0; +claudebot@anthropic.com)"
74.7.242.54 - - [22/Aug/2026:12:20:15 +0800] "GET /26150/?p=2956 HTTP/1.1" 301 843 "https://2blog.ilc.edu.tw/26150/2014/04/09/%e7%9c%8b%e8%a6%8b%e6%84%9b%e7%9a%84%e6%99%82%e5%88%bb/" "Mozilla/5.0 AppleWebKit/537.36 (KHTML, like Gecko; compatible; GPTBot/1.4; +https://openai.com/gptbot)"
216.73.216.20 - - [22/Aug/2026:12:20:18 +0800] "GET /6325/?p=17860 HTTP/1.1" 301 849 "-" "Mozilla/5.0 AppleWebKit/537.36 (KHTML, like Gecko; compatible; ClaudeBot/1.0; +claudebot@anthropic.com)"
216.73.216.20 - - [22/Aug/2026:12:20:18 +0800] "GET /6325/?p=17609 HTTP/1.1" 301 934 "-" "Mozilla/5.0 AppleWebKit/537.36 (KHTML, like Gecko; compatible; ClaudeBot/1.0; +claudebot@anthropic.com)"
216.73.216.20 - - [22/Aug/2026:12:20:18 +0800] "GET /6325/2013/11/29/102_%e7%92%b0%e5%a2%83%e6%95%99%e8%82%b2%e8%87%aa%e8%a9%95%e8%a1%a8%e7%ac%ac%e4%ba%8c%e9%a0%81%e8%ab%8b%e6%8e%a5%e4%b8%8b%e9%a0%81/ HTTP/1.1" 200 12066 "https://2blog.ilc.edu.tw/6325/?p=17987" "Mozilla/5.0 AppleWebKit/537.36 (KHTML, like Gecko; compatible; ClaudeBot/1.0; +claudebot@anthropic.com)"
216.73.216.20 - - [22/Aug/2026:12:20:18 +0800] "GET /6325/2013/10/11/102_%e6%a0%a1%e5%9c%92%e7%92%b0%e4%bf%9d%e5%af%a6%e5%8b%997-6/ HTTP/1.1" 200 10827 "https://2blog.ilc.edu.tw/6325/?p=17860" "Mozilla/5.0 AppleWebKit/537.36 (KHTML, like Gecko; compatible; ClaudeBot/1.0; +claudebot@anthropic.com)"
216.73.216.20 - - [22/Aug/2026:12:20:18 +0800] "GET /6325/2011/12/09/%e8%be%a6%e7%90%86%e7%92%b0%e5%a2%83%e6%95%99%e8%82%b2%e6%b4%bb%e5%8b%95%e4%b8%a6%e6%9c%89%e6%88%90%e6%95%88%e8%a9%95%e4%bc%b0%e5%88%86%e6%9e%90-3/ HTTP/1.1" 200 10948 "https://2blog.ilc.edu.tw/6325/?p=17609" "Mozilla/5.0 AppleWebKit/537.36 (KHTML, like Gecko; compatible; ClaudeBot/1.0; +claudebot@anthropic.com)"
140.111.67.10 - - [22/Aug/2026:12:20:19 +0800] "GET /" 301 273 "-" "-"
218.35.254.237 - - [22/Aug/2026:12:20:19 +0800] "GET /1279/category/c-83251/ HTTP/1.1" 200 13348 "https://2blog.ilc.edu.tw/1279/category/c-83246/" "Mozilla/5.0 (Windows NT 10.0; Win64; x64) AppleWebKit/537.36 (KHTML, like Gecko) Chrome/151.0.0.0 Safari/537.36"
2001:4860:7:810::ed - - [22/Aug/2026:12:20:19 +0800] "GET / HTTP/1.1" 200 30946 "https://www.google.com/" "Mozilla/5.0 (Windows NT 10.0; Win64; x64) AppleWebKit/537.36 (KHTML, like Gecko) Chrome/151.0.0.0 Safari/537.36"
2408:8262:188c:cb5:b4a4:416e:d041:9d18 - - [22/Aug/2026:12:20:19 +0800] "GET /2019/10/09/%E8%A1%8C%E6%94%BF%E9%99%A2%E7%92%B0%E5%A2%83%E4%BF%9D%E8%AD%B7%E7%BD%B2%E6%8F%90%E4%BE%9B%E5%8D%B3%E6%99%82%E7%A9%BA%E6%B0%A3%E5%93%81%E8%B3%AA%E8%B3%87%E8%A8%8Awidget%E6%9C%8D%E5%8B%99 HTTP/1.1" 301 5959 "-" "Mozilla/5.0 (Windows NT 10.0; Win64; x64) AppleWebKit/537.36 (KHTML, like Gecko) Chrome/144.0.0.0 Safari/537.36"
2408:8262:188c:cb5:b4a4:416e:d041:9d18 - - [22/Aug/2026:12:20:20 +0800] "GET /2019/10/09/%E8%A1%8C%E6%94%BF%E9%99%A2%E7%92%B0%E5%A2%83%E4%BF%9D%E8%AD%B7%E7%BD%B2%E6%8F%90%E4%BE%9B%E5%8D%B3%E6%99%82%E7%A9%BA%E6%B0%A3%E5%93%81%E8%B3%AA%E8%B3%87%E8%A8%8Awidget%E6%9C%8D%E5%8B%99/ HTTP/1.1" 200 46525 "-" "Mozilla/5.0 (Windows NT 10.0; Win64; x64) AppleWebKit/537.36 (KHTML, like Gecko) Chrome/144.0.0.0 Safari/537.36"
::1 - - [22/Aug/2026:12:20:21 +0800] "OPTIONS * HTTP/1.0" 200 110 "-" "Apache/2.4.68 (Ubuntu) OpenSSL/3.0.19 (internal dummy connection)"
2408:8262:188c:cb5:b4a4:416e:d041:9d18 - - [22/Aug/2026:12:20:21 +0800] "GET /wp-content/cache/www.najh.ilc.edu.tw/wpfc-minified/1f13uvw/6wh9.css HTTP/1.1" 200 40884 "https://www.najh.ilc.edu.tw/2019/10/09/%E8%A1%8C%E6%94%BF%E9%99%A2%E7%92%B0%E5%A2%83%E4%BF%9D%E8%AD%B7%E7%BD%B2%E6%8F%90%E4%BE%9B%E5%8D%B3%E6%99%82%E7%A9%BA%E6%B0%A3%E5%93%81%E8%B3%AA%E8%B3%87%E8%A8%8Awidget%E6%9C%8D%E5%8B%99/" "Mozilla/5.0 (Windows NT 10.0; Win64; x64) AppleWebKit/537.36 (KHTML, like Gecko) Chrome/144.0.0.0 Safari/537.36"
2408:8262:188c:cb5:b4a4:416e:d041:9d18 - - [22/Aug/2026:12:20:21 +0800] "GET /wp-content/cache/www.najh.ilc.edu.tw/wpfc-minified/4ybahoo/6wh9.css HTTP/1.1" 200 16121 "https://www.najh.ilc.edu.tw/2019/10/09/%E8%A1%8C%E6%94%BF%E9%99%A2%E7%92%B0%E5%A2%83%E4%BF%9D%E8%AD%B7%E7%BD%B2%E6%8F%90%E4%BE%9B%E5%8D%B3%E6%99%82%E7%A9%BA%E6%B0%A3%E5%93%81%E8%B3%AA%E8%B3%87%E8%A8%8Awidget%E6%9C%8D%E5%8B%99/" "Mozilla/5.0 (Windows NT 10.0; Win64; x64) AppleWebKit/537.36 (KHTML, like Gecko) Chrome/144.0.0.0 Safari/537.36"
