140.111.67.86 - - [22/Aug/2026:12:22:01 +0800] "GET / HTTP/1.1" 200 56291 "-" "curl/7.81.0"
2408:8256:a282:7c5::1 - - [22/Aug/2026:12:22:01 +0800] "GET /wp-content/themes/oceanwp/assets/js/scroll-top.min.js HTTP/1.1" 200 3202 "https://www.cwjh.ilc.edu.tw/page/79/" "Mozilla/5.0 (Windows NT 10.0; Win64; x64) AppleWebKit/537.36 (KHTML, like Gecko) Chrome/144.0.0.0 Safari/537.36"
74.7.242.54 - - [22/Aug/2026:12:22:00 +0800] "GET /26150/?p=3321 HTTP/1.1" 301 985 "https://2blog.ilc.edu.tw/26150/2016/09/26/%e5%9b%a0%e6%a2%85%e5%a7%ac%e9%a2%b1%e9%a2%a8%e4%be%86%e8%a5%b2%ef%bc%8c105%e5%b9%b49%e6%9c%8827%e6%97%a5%e4%ba%8c%e6%99%9a%e4%b8%8a7%e9%bb%9e%e6%96%bc%e7%be%85%e6%9d%b1%e9%ab%98%e4%b8%ad%e8%bc%94/" "Mozilla/5.0 AppleWebKit/537.36 (KHTML, like Gecko; compatible; GPTBot/1.4; +https://openai.com/gptbot)"
::1 - - [22/Aug/2026:12:22:02 +0800] "OPTIONS * HTTP/1.0" 200 110 "-" "Apache/2.4.68 (Ubuntu) OpenSSL/3.0.19 (internal dummy connection)"
2408:8256:a282:7c5::1 - - [22/Aug/2026:12:22:02 +0800] "GET /wp-content/themes/oceanwp/assets/js/select.min.js HTTP/1.1" 200 2408 "https://www.cwjh.ilc.edu.tw/page/79/" "Mozilla/5.0 (Windows NT 10.0; Win64; x64) AppleWebKit/537.36 (KHTML, like Gecko) Chrome/144.0.0.0 Safari/537.36"
2001:288:a201::66:125 - - [22/Aug/2026:12:22:03 +0800] "GET /blog/active.php HTTP/1.1" 301 1026 "-" "-"
2001:288:a201::66:125 - - [22/Aug/2026:12:22:03 +0800] "GET /blog/active.php HTTP/1.1" 404 1084 "-" "-"
::1 - - [22/Aug/2026:12:22:03 +0800] "OPTIONS * HTTP/1.0" 200 110 "-" "Apache/2.4.68 (Ubuntu) OpenSSL/3.0.19 (internal dummy connection)"
100.29.164.178 - - [22/Aug/2026:12:22:03 +0800] "GET /wp-content/uploads/sites/2173/2025/06/?C=S;O%3DD HTTP/1.1" 200 1114 "-" "Mozilla/5.0 AppleWebKit/537.36 (KHTML, like Gecko; compatible; Amazonbot/0.1; +https://developer.amazon.com/support/amazonbot) Chrome/119.0.6045.214 Safari/537.36"
74.7.242.54 - - [22/Aug/2026:12:22:02 +0800] "GET /26150/?p=7017 HTTP/1.1" 301 973 "https://2blog.ilc.edu.tw/26150/2023/06/01/112%e5%b9%b4%e5%ba%a6%e5%a9%9a%e5%a7%bb%e6%95%99%e8%82%b2%e7%b3%bb%e5%88%97%e3%80%8c%e6%88%b2%e8%aa%aa%e5%b9%b8%e7%a6%8f-%e5%a9%9a%e5%a7%bb%e8%88%87%e5%ae%b6%e5%ba%ad%e5%bd%b1%e7%89%87/" "Mozilla/5.0 AppleWebKit/537.36 (KHTML, like Gecko; compatible; GPTBot/1.4; +https://openai.com/gptbot)"
2408:8719:64:202:1f:: - - [22/Aug/2026:12:22:04 +0800] "GET /wp-content/plugins/elementor/assets/js/text-editor.2c35aafbe5bf0e127950.bundle.min.js HTTP/1.1" 200 6346 "https://www.csjh.ilc.edu.tw/%e7%b8%bd%e5%8b%99%e8%99%95%e6%96%87%e4%bb%b6%e4%b8%8b%e8%bc%89/" "Mozilla/5.0 (Windows NT 10.0; Win64; x64) AppleWebKit/537.36 (KHTML, like Gecko) Chrome/144.0.0.0 Safari/537.36"
125.231.138.206 - - [22/Aug/2026:12:22:03 +0800] "POST /1003/wp-json/ilc-summary/v1/popular-posts HTTP/1.1" 201 1454 "https://2blog.ilc.edu.tw/1003/2026/07/30/%e5%b0%8f%e5%a3%81%e8%99%8e%e8%80%81%e5%b8%ab%e7%9a%84%e5%b7%a5%e5%85%b7%e7%ab%99%e3%80%90ai%e5%8d%94%e4%bd%9c%e4%bd%9c%e5%93%81%e3%80%91/" "Mozilla/5.0 (Windows NT 10.0; Win64; x64) AppleWebKit/537.36 (KHTML, like Gecko) Chrome/151.0.0.0 Safari/537.36"
2408:8719:64:202:1f:: - - [22/Aug/2026:12:22:04 +0800] "GET /wp-content/plugins/elementor-pro/assets/js/social.2d2e44e8608690943f29.bundle.min.js HTTP/1.1" 200 6234 "https://www.csjh.ilc.edu.tw/%e7%b8%bd%e5%8b%99%e8%99%95%e6%96%87%e4%bb%b6%e4%b8%8b%e8%bc%89/" "Mozilla/5.0 (Windows NT 10.0; Win64; x64) AppleWebKit/537.36 (KHTML, like Gecko) Chrome/144.0.0.0 Safari/537.36"
140.111.67.10 - - [22/Aug/2026:12:22:04 +0800] "GET /" 301 273 "-" "-"
::1 - - [22/Aug/2026:12:22:04 +0800] "OPTIONS * HTTP/1.0" 200 110 "-" "Apache/2.4.68 (Ubuntu) OpenSSL/3.0.19 (internal dummy connection)"
2001:ac8:7d:41:8c61:b874:cbbb:28aa - - [22/Aug/2026:12:22:03 +0800] "GET /.env.old HTTP/1.1" 404 84227 "-" "Mozilla/5.0 (SS; Linux x86_64) AppleWebKit/537.36 (KHTML, like Gecko) Chrome/129.0.0.0 Safari/537.36"
2408:8256:a282:7c5::1 - - [22/Aug/2026:12:22:04 +0800] "GET /wp-content/themes/oceanwp/assets/fonts/simple-line-icons/Simple-Line-Icons.woff2?v=2.4.0 HTTP/1.1" 200 30959 "https://www.cwjh.ilc.edu.tw/wp-content/cache/www.cwjh.ilc.edu.tw/wpfc-minified/dhutxct0/77dd.css" "Mozilla/5.0 (Windows NT 10.0; Win64; x64) AppleWebKit/537.36 (KHTML, like Gecko) Chrome/144.0.0.0 Safari/537.36"
216.73.216.20 - - [22/Aug/2026:12:22:04 +0800] "GET /6448/2020/11/18/109_%e4%ba%8c_1_109%e9%98%b2%e9%9c%87%e7%81%bd%e5%ae%a3%e5%b0%8e%e6%b4%bb%e5%8b%95-%e7%b0%bd%e5%88%b0%e8%a1%a89-21-53%e4%ba%ba/ HTTP/1.1" 200 15503 "-" "Mozilla/5.0 AppleWebKit/537.36 (KHTML, like Gecko; compatible; ClaudeBot/1.0; +claudebot@anthropic.com)"
216.73.216.20 - - [22/Aug/2026:12:22:04 +0800] "GET /2569/2024/05/27/%e9%ab%98%e5%b9%b4%e7%b4%9a%e5%ad%b8%e7%94%9fcpraed%e5%8f%8a%e5%93%88%e5%a7%86%e7%ab%8b%e5%85%8b%e8%a8%93%e7%b7%b4/ HTTP/1.1" 200 17449 "-" "Mozilla/5.0 AppleWebKit/537.36 (KHTML, like Gecko; compatible; ClaudeBot/1.0; +claudebot@anthropic.com)"
216.73.216.20 - - [22/Aug/2026:12:22:04 +0800] "GET /6325/2012/11/28/101_%e5%ad%b8%e6%a0%a1%e7%92%b0%e5%a2%83%e6%95%99%e8%82%b2%e7%89%b9%e8%89%b2%e6%88%96%e5%89%b5%e6%96%b0%e4%bd%9c%e7%82%ba-2/ HTTP/1.1" 200 16102 "-" "Mozilla/5.0 AppleWebKit/537.36 (KHTML, like Gecko; compatible; ClaudeBot/1.0; +claudebot@anthropic.com)"
216.73.216.20 - - [22/Aug/2026:12:22:05 +0800] "GET /6325/2014/11/26/103_%e7%92%b0%e5%a2%83%e6%95%99%e8%82%b2%e5%85%ac%e5%91%8a_%e5%ae%9c%e8%98%ad%e7%b6%a0%e5%8d%a1%e8%aa%8d%e8%ad%89%e8%a1%8c%e7%82%ba%e8%a1%a8/ HTTP/1.1" 200 15671 "-" "Mozilla/5.0 AppleWebKit/537.36 (KHTML, like Gecko; compatible; ClaudeBot/1.0; +claudebot@anthropic.com)"
216.73.216.20 - - [22/Aug/2026:12:22:04 +0800] "GET /2569/2020/12/04/%f0%9f%9a%ad%e6%8b%92%e8%8f%b8%e6%af%92-%f0%9f%8d%bb%e5%8f%8d%e6%aa%b3%e9%85%92%e6%88%91%e9%a9%95%e5%82%b2%f0%9f%92%97/ HTTP/1.1" 200 18009 "-" "Mozilla/5.0 AppleWebKit/537.36 (KHTML, like Gecko; compatible; ClaudeBot/1.0; +claudebot@anthropic.com)"
216.73.216.20 - - [22/Aug/2026:12:22:05 +0800] "GET /2569/2018/06/11/5-3-1%e5%85%84%e5%bc%9f%e5%a7%8a%e5%a6%b9%e4%bf%b1%e6%a8%82%e9%83%a8-%e6%89%8e%e6%a0%b9%e5%ae%9c%e8%98%ad%e5%b7%a1%e8%bf%b4%e8%a8%88%e7%95%ab/ HTTP/1.1" 200 17608 "-" "Mozilla/5.0 AppleWebKit/537.36 (KHTML, like Gecko; compatible; ClaudeBot/1.0; +claudebot@anthropic.com)"
::1 - - [22/Aug/2026:12:22:05 +0800] "OPTIONS * HTTP/1.0" 200 110 "-" "Apache/2.4.68 (Ubuntu) OpenSSL/3.0.19 (internal dummy connection)"
216.73.216.20 - - [22/Aug/2026:12:22:05 +0800] "GET /2569/2024/06/26/%e9%a0%92%e7%8d%8e112%e5%ad%b8%e5%b9%b4%e5%a4%a7%e6%b4%b2%e5%9c%8b%e5%b0%8f%e5%81%a5%e5%ba%b7%e4%bf%83%e9%80%b2%e6%98%8e%e7%9c%b8%e5%9b%ba%e9%bd%92%e9%ab%94%e5%81%a5%e7%8d%8e/ HTTP/1.1" 200 18039 "-" "Mozilla/5.0 AppleWebKit/537.36 (KHTML, like Gecko; compatible; ClaudeBot/1.0; +claudebot@anthropic.com)"
216.73.216.20 - - [22/Aug/2026:12:22:05 +0800] "GET /2569/2024/01/18/%e5%85%a8%e6%b0%91%e5%81%a5%e4%bf%9d%e6%9a%a8%e6%ad%a3%e7%a2%ba%e7%94%a8%e8%97%a5-%e9%86%ab%e8%a7%b8%e5%8d%b3%e7%99%bc%e6%a1%8c%e9%81%8a%e5%ae%a3%e5%b0%8e/ HTTP/1.1" 200 13143 "-" "Mozilla/5.0 AppleWebKit/537.36 (KHTML, like Gecko; compatible; ClaudeBot/1.0; +claudebot@anthropic.com)"
216.73.216.20 - - [22/Aug/2026:12:22:05 +0800] "GET /2569/2025/01/14/113%e5%ad%b8%e5%b9%b4%e5%81%a5%e5%ba%b7%e4%bf%83%e9%80%b2%e5%ad%b8%e6%a0%a1%e5%af%a6%e6%96%bd%e8%a8%88%e7%95%ab/ HTTP/1.1" 200 12014 "-" "Mozilla/5.0 AppleWebKit/537.36 (KHTML, like Gecko; compatible; ClaudeBot/1.0; +claudebot@anthropic.com)"
2001:ac8:7d:41:8c61:b874:cbbb:28aa - - [22/Aug/2026:12:22:04 +0800] "GET /.env.save HTTP/1.1" 404 84227 "-" "Mozilla/5.0 (Windows NT 10.0; Win64; x64) AppleWebKit/537.36 (KHTML, like Gecko) Chrome/78.0.3904.108 Safari/537.36"
2001:ac8:7d:41:8c61:b874:cbbb:28aa - - [22/Aug/2026:12:22:04 +0800] "GET /.env.backup HTTP/1.1" 404 84227 "-" "Mozilla/5.0 (Debian; Linux i686) AppleWebKit/537.36 (KHTML, like Gecko) Chrome/119.0.0.0 Safari/537.36"
216.73.216.20 - - [22/Aug/2026:12:22:05 +0800] "GET /6325/2014/11/01/103_%e7%92%b0%e5%a2%83%e6%95%99%e8%82%b2%e6%b4%bb%e5%8b%95%e7%85%a7%e7%89%87-%e5%bf%83%e9%9d%88%e7%92%b0%e4%bf%9d%e9%9b%b2%e6%b0%b4%e6%9b%b8%e8%bb%8a/ HTTP/1.1" 200 11191 "-" "Mozilla/5.0 AppleWebKit/537.36 (KHTML, like Gecko; compatible; ClaudeBot/1.0; +claudebot@anthropic.com)"
216.73.216.20 - - [22/Aug/2026:12:22:05 +0800] "GET /6325/2014/11/01/103_%e7%92%b0%e5%a2%83%e6%95%99%e8%82%b2%e6%b4%bb%e5%8b%95%e7%9b%b8%e7%89%87-%e5%88%b0%e7%92%b0%e5%a2%83e%e5%ad%b8%e9%99%a2%e4%b8%8a%e8%aa%b2/ HTTP/1.1" 200 15708 "-" "Mozilla/5.0 AppleWebKit/537.36 (KHTML, like Gecko; compatible; ClaudeBot/1.0; +claudebot@anthropic.com)"
216.73.216.20 - - [22/Aug/2026:12:22:05 +0800] "GET /25138/2025/08/30/%e5%ad%b8%e7%94%9f%e6%9c%ac%e5%9c%9f%e8%aa%9e%e8%a8%80%e9%81%b8%e7%bf%92%e6%84%8f%e9%a1%98%e8%aa%bf%e6%9f%a5/ HTTP/1.1" 200 19083 "-" "Mozilla/5.0 AppleWebKit/537.36 (KHTML, like Gecko; compatible; ClaudeBot/1.0; +claudebot@anthropic.com)"
216.73.216.20 - - [22/Aug/2026:12:22:05 +0800] "GET /2569/2024/05/10/%e6%84%9b%e6%bb%8b%e6%84%9f%e6%9f%93%e9%80%94%e5%be%91%e5%8f%8a%e6%ad%a3%e7%a2%ba%e8%aa%8d%e7%9f%a5%e5%ae%a3%e5%b0%8e%e7%9f%ad%e7%89%87/ HTTP/1.1" 200 12367 "-" "Mozilla/5.0 AppleWebKit/537.36 (KHTML, like Gecko; compatible; ClaudeBot/1.0; +claudebot@anthropic.com)"
216.73.216.20 - - [22/Aug/2026:12:22:05 +0800] "GET /25138/2025/09/01/%e5%a4%a7%e6%b4%b2%e5%9c%8b%e5%b0%8f%e6%af%8d%e8%aa%9e%e6%97%a5%e8%a8%88%e7%95%ab%e4%bf%ae%e8%a8%82%e7%89%88%e6%9c%ac/ HTTP/1.1" 200 16835 "-" "Mozilla/5.0 AppleWebKit/537.36 (KHTML, like Gecko; compatible; ClaudeBot/1.0; +claudebot@anthropic.com)"
107.20.181.148 - - [22/Aug/2026:12:22:05 +0800] "GET /hsies201/wp-json/wp/v2/categories?post=296 HTTP/1.1" 200 6688 "-" "Mozilla/5.0 AppleWebKit/537.36 (KHTML, like Gecko; compatible; Amazonbot/0.1; +https://developer.amazon.com/support/amazonbot) Chrome/119.0.6045.214 Safari/537.36"
216.73.216.20 - - [22/Aug/2026:12:22:05 +0800] "GET /2569/2025/03/28/%e8%a1%9b%e7%94%9f%e6%89%80%e6%aa%a2%e6%a0%b8%e6%b4%97%e6%89%8b%e6%ad%a5%e9%a9%9f%e5%8f%8a%e8%a8%ad%e5%82%99/ HTTP/1.1" 200 12629 "-" "Mozilla/5.0 AppleWebKit/537.36 (KHTML, like Gecko; compatible; ClaudeBot/1.0; +claudebot@anthropic.com)"
216.73.216.20 - - [22/Aug/2026:12:22:05 +0800] "GET /6325/2014/10/20/103_%e5%bf%83%e9%9d%88%e7%92%b0%e6%95%99%e7%9b%b8%e7%89%87__%e6%a8%82%e8%b3%9e%e8%a1%8c%e5%8b%95%e9%9f%b3%e6%a8%82%e5%bb%b3/ HTTP/1.1" 200 11473 "-" "Mozilla/5.0 AppleWebKit/537.36 (KHTML, like Gecko; compatible; ClaudeBot/1.0; +claudebot@anthropic.com)"
216.73.216.20 - - [22/Aug/2026:12:22:05 +0800] "GET /2569/2018/06/14/%e6%a8%99%e6%ba%96%e4%ba%8c%e3%80%81%e5%ad%b8%e6%a0%a1%e7%89%a9%e8%b3%aa%e7%92%b0%e5%a2%83-2/ HTTP/1.1" 200 13078 "-" "Mozilla/5.0 AppleWebKit/537.36 (KHTML, like Gecko; compatible; ClaudeBot/1.0; +claudebot@anthropic.com)"
216.73.216.20 - - [22/Aug/2026:12:22:05 +0800] "GET /6325/2014/11/01/103_%e7%92%b0%e5%a2%83%e6%95%99%e8%82%b2%e6%b4%bb%e5%8b%95%e7%9b%b8%e7%89%87-%e7%8e%89%e7%94%b0%e8%be%b2%e4%ba%8b%e6%b4%bb%e5%8b%95/ HTTP/1.1" 200 11028 "-" "Mozilla/5.0 AppleWebKit/537.36 (KHTML, like Gecko; compatible; ClaudeBot/1.0; +claudebot@anthropic.com)"
216.73.216.20 - - [22/Aug/2026:12:22:06 +0800] "GET /6325/2011/12/07/100%e5%b9%b4%e7%8e%89%e7%94%b0%e5%9c%8b%e5%b0%8f%e6%a0%a1%e5%9c%92%e7%94%9f%e6%85%8b%e5%b0%8e%e8%a6%bd%e5%9c%96%e4%b8%89/ HTTP/1.1" 200 10842 "-" "Mozilla/5.0 AppleWebKit/537.36 (KHTML, like Gecko; compatible; ClaudeBot/1.0; +claudebot@anthropic.com)"
::1 - - [22/Aug/2026:12:22:06 +0800] "OPTIONS * HTTP/1.0" 200 110 "-" "Apache/2.4.68 (Ubuntu) OpenSSL/3.0.19 (internal dummy connection)"
216.73.216.20 - - [22/Aug/2026:12:22:06 +0800] "GET /6325/2013/11/11/102__-%e7%92%b0%e5%a2%83%e6%95%99%e8%82%b2%e6%b4%bb%e5%8b%95__-%e6%b5%b7%e5%9f%9f%e7%92%b0%e5%a2%83%e5%ae%89%e5%85%a8/ HTTP/1.1" 200 10975 "-" "Mozilla/5.0 AppleWebKit/537.36 (KHTML, like Gecko; compatible; ClaudeBot/1.0; +claudebot@anthropic.com)"
216.73.216.20 - - [22/Aug/2026:12:22:06 +0800] "GET /6325/2011/12/07/100%e5%b9%b4%e7%8e%89%e7%94%b0%e5%9c%8b%e5%b0%8f%e6%a0%a1%e5%9c%92%e7%94%9f%e6%85%8b%e5%b0%8e%e8%a6%bd%e5%9c%96%e4%ba%94/ HTTP/1.1" 200 10872 "-" "Mozilla/5.0 AppleWebKit/537.36 (KHTML, like Gecko; compatible; ClaudeBot/1.0; +claudebot@anthropic.com)"
216.73.216.20 - - [22/Aug/2026:12:22:06 +0800] "GET /2569/2024/11/05/%e8%8f%b8%e5%ae%b3%e5%ae%a3%e5%b0%8e%e9%98%b2%e5%88%b6-%e5%85%a8%e6%a0%a1%e4%b8%80%e8%b5%b7%e6%8b%92%e8%8f%b8%e6%af%92/ HTTP/1.1" 200 12820 "-" "Mozilla/5.0 AppleWebKit/537.36 (KHTML, like Gecko; compatible; ClaudeBot/1.0; +claudebot@anthropic.com)"
216.73.216.20 - - [22/Aug/2026:12:22:06 +0800] "GET /2569/2025/04/02/%e6%a0%a1%e5%9c%92%e5%82%b3%e6%9f%93%e7%97%85%e9%98%b2%e6%b2%bb%e6%95%99%e5%ae%a4%e6%b6%88%e6%af%92/ HTTP/1.1" 200 12091 "-" "Mozilla/5.0 AppleWebKit/537.36 (KHTML, like Gecko; compatible; ClaudeBot/1.0; +claudebot@anthropic.com)"
74.7.242.54 - - [22/Aug/2026:12:22:04 +0800] "GET /26150/?p=3030 HTTP/1.1" 301 981 "https://2blog.ilc.edu.tw/26150/2014/09/17/103%e5%b9%b4%e5%85%ac%e5%8b%99%e4%ba%ba%e5%93%a1%e8%a1%8c%e6%94%bf%e4%b8%ad%e7%ab%8b%e5%a4%9a%e5%85%83%e5%ae%a3%e5%b0%8e%e5%9c%96%e5%83%8f%e3%80%81%e5%8b%95%e7%95%ab%e3%80%81%e5%be%ae%e9%9b%bb/" "Mozilla/5.0 AppleWebKit/537.36 (KHTML, like Gecko; compatible; GPTBot/1.4; +https://openai.com/gptbot)"
216.73.216.20 - - [22/Aug/2026:12:22:06 +0800] "GET /2569/2024/05/06/101%e5%91%a8%e5%b9%b4%e6%a0%a1%e6%85%b6%e7%94%b0%e5%9c%92%e8%b7%af%e8%b7%91/ HTTP/1.1" 200 13025 "-" "Mozilla/5.0 AppleWebKit/537.36 (KHTML, like Gecko; compatible; ClaudeBot/1.0; +claudebot@anthropic.com)"
216.73.216.20 - - [22/Aug/2026:12:22:06 +0800] "GET /2569/2020/12/04/%e5%81%a5%e4%bf%9d%e6%a0%a1%e5%9c%92%e5%ae%a3%e5%b0%8e%e5%bd%b1%e7%89%87-%e7%be%8a%e7%be%8a%e5%ad%b8%e6%a0%a1%e9%96%8b%e5%ad%b8%e4%ba%86/ HTTP/1.1" 200 12493 "-" "Mozilla/5.0 AppleWebKit/537.36 (KHTML, like Gecko; compatible; ClaudeBot/1.0; +claudebot@anthropic.com)"
216.73.216.20 - - [22/Aug/2026:12:22:06 +0800] "GET /6325/2011/12/07/100%e5%b9%b4%e7%8e%89%e7%94%b0%e5%9c%8b%e5%b0%8f%e6%a0%a1%e5%9c%92%e7%94%9f%e6%85%8b%e5%b0%8e%e8%a6%bd%e5%9c%96%e5%9b%9b/ HTTP/1.1" 200 10844 "-" "Mozilla/5.0 AppleWebKit/537.36 (KHTML, like Gecko; compatible; ClaudeBot/1.0; +claudebot@anthropic.com)"
216.73.216.20 - - [22/Aug/2026:12:22:06 +0800] "GET /2569/2024/03/05/112%e5%ad%b8%e5%b9%b4%e5%ba%a6%e5%85%a8%e6%b0%91%e5%81%a5%e4%bf%9d%e5%8f%8a%e6%ad%a3%e7%a2%ba%e7%94%a8%e8%97%a5%e5%ae%a3%e5%b0%8e/ HTTP/1.1" 200 13273 "-" "Mozilla/5.0 AppleWebKit/537.36 (KHTML, like Gecko; compatible; ClaudeBot/1.0; +claudebot@anthropic.com)"
216.73.216.20 - - [22/Aug/2026:12:22:07 +0800] "GET /2569/2025/02/20/1132%e6%84%9b%e6%bb%8b%e9%98%b2%e5%88%b6%e8%88%87%e5%8f%8d%e6%ad%a7%e8%a6%96%e5%ae%a3%e5%b0%8e%e8%ac%9b%e5%ba%a7/ HTTP/1.1" 200 13056 "-" "Mozilla/5.0 AppleWebKit/537.36 (KHTML, like Gecko; compatible; ClaudeBot/1.0; +claudebot@anthropic.com)"
216.73.216.20 - - [22/Aug/2026:12:22:07 +0800] "GET /25138/2025/09/05/%e6%9c%ac%e5%9c%9f%e8%aa%9e%e8%aa%b2%e6%b4%bb%e7%94%a8%e6%95%99%e5%ad%b8%e8%b3%87%e6%ba%90/ HTTP/1.1" 200 13673 "-" "Mozilla/5.0 AppleWebKit/537.36 (KHTML, like Gecko; compatible; ClaudeBot/1.0; +claudebot@anthropic.com)"
::1 - - [22/Aug/2026:12:22:07 +0800] "OPTIONS * HTTP/1.0" 200 110 "-" "Apache/2.4.68 (Ubuntu) OpenSSL/3.0.19 (internal dummy connection)"
2001:ac8:7d:41:8c61:b874:cbbb:28aa - - [22/Aug/2026:12:22:06 +0800] "GET /.env.example HTTP/1.1" 404 84226 "-" "Mozilla/5.0 (Debian; Linux i686; rv:125.0) Gecko/20100101 Firefox/125.0"
216.73.216.20 - - [22/Aug/2026:12:22:07 +0800] "GET /6325/wp-json/oembed/1.0/embed?url=https%3A%2F%2F2blog.ilc.edu.tw%2F6325%2F2013%2F11%2F23%2F102_%25e8%25a1%258c%25e6%2594%25bf%25e8%2588%2587%25e7%25ae%25a1%25e7%2590%2586-8-3%2F HTTP/1.1" 200 3301 "-" "Mozilla/5.0 AppleWebKit/537.36 (KHTML, like Gecko; compatible; ClaudeBot/1.0; +claudebot@anthropic.com)"
216.73.216.20 - - [22/Aug/2026:12:22:07 +0800] "GET /6325/2014/10/12/103_%e6%a0%a1%e5%9c%92%e7%94%9f%e6%85%8b%e5%b0%8e%e8%a6%bd%e5%85%ad__%e6%99%af%e8%a7%80%e7%a2%91%e7%9f%b3%e5%8d%80/ HTTP/1.1" 200 10982 "-" "Mozilla/5.0 AppleWebKit/537.36 (KHTML, like Gecko; compatible; ClaudeBot/1.0; +claudebot@anthropic.com)"
216.73.216.20 - - [22/Aug/2026:12:22:07 +0800] "GET /2569/2024/12/09/113%e5%b9%b4%e5%ba%a6%e6%96%b0%e5%86%a0%e8%82%ba%e7%82%8e%e7%96%ab%e8%8b%97%e6%8e%a5%e7%a8%ae/ HTTP/1.1" 200 12696 "-" "Mozilla/5.0 AppleWebKit/537.36 (KHTML, like Gecko; compatible; ClaudeBot/1.0; +claudebot@anthropic.com)"
216.73.216.20 - - [22/Aug/2026:12:22:07 +0800] "GET /25138/2025/09/01/%e5%b8%ab%e8%b3%87%e7%ac%a6%e5%90%88%e8%81%98%e7%94%a8%e8%b3%87%e6%a0%bc/ HTTP/1.1" 200 13648 "-" "Mozilla/5.0 AppleWebKit/537.36 (KHTML, like Gecko; compatible; ClaudeBot/1.0; +claudebot@anthropic.com)"
34.30.223.149 - - [22/Aug/2026:12:22:04 +0800] "GET /index.php?rest_route=/wp/v2/media/425 HTTP/1.1" 200 12909 "-" "Mozilla/5.0 (Macintosh; Intel Mac OS X 10_15_7) AppleWebKit/537.36 (KHTML, like Gecko) Chrome/120.0.0.0 Safari/537.36"
216.73.216.20 - - [22/Aug/2026:12:22:07 +0800] "GET /6325/wp-json/oembed/1.0/embed?url=https%3A%2F%2F2blog.ilc.edu.tw%2F6325%2F2013%2F10%2F15%2F102_%25e8%25a1%258c%25e6%2594%25bf%25e8%2588%2587%25e7%25ae%25a1%25e7%2590%2586-4%2F HTTP/1.1" 200 3297 "-" "Mozilla/5.0 AppleWebKit/537.36 (KHTML, like Gecko; compatible; ClaudeBot/1.0; +claudebot@anthropic.com)"
216.73.216.20 - - [22/Aug/2026:12:22:07 +0800] "GET /25138/2025/09/02/%e7%ac%ac%e4%b8%80%e5%ad%b8%e6%9c%9f%e6%af%8f%e9%80%b1%e4%b8%80%e5%8f%a5%e6%af%8d%e8%aa%9e/ HTTP/1.1" 200 15553 "-" "Mozilla/5.0 AppleWebKit/537.36 (KHTML, like Gecko; compatible; ClaudeBot/1.0; +claudebot@anthropic.com)"
216.73.216.20 - - [22/Aug/2026:12:22:07 +0800] "GET /6325/2013/10/14/102_%e5%85%b6%e4%bb%96%e9%85%8d%e5%90%88%e6%8e%aa%e6%96%bd%e8%be%a6%e7%90%86%e6%83%85%e5%bd%a2-6/ HTTP/1.1" 200 11192 "-" "Mozilla/5.0 AppleWebKit/537.36 (KHTML, like Gecko; compatible; ClaudeBot/1.0; +claudebot@anthropic.com)"
2001:288:a201::66:125 - - [22/Aug/2026:12:22:08 +0800] "GET /blog/active.php HTTP/1.1" 301 1026 "-" "-"
2001:288:a201::66:125 - - [22/Aug/2026:12:22:08 +0800] "GET /blog/active.php HTTP/1.1" 404 1084 "-" "-"
216.73.216.20 - - [22/Aug/2026:12:22:07 +0800] "GET /6325/2014/10/12/103_%e6%a0%a1%e5%9c%92%e7%94%9f%e6%85%8b%e5%b0%8e%e8%a6%bd%e5%9b%9b__%e7%92%b0%e5%a2%83%e7%9b%a3%e6%b8%ac%e5%8d%80/ HTTP/1.1" 200 10913 "-" "Mozilla/5.0 AppleWebKit/537.36 (KHTML, like Gecko; compatible; ClaudeBot/1.0; +claudebot@anthropic.com)"
98.82.63.147 - - [22/Aug/2026:12:22:08 +0800] "GET /112/wp-json/wp/v2/posts/253/revisions/3928 HTTP/1.1" 401 6196 "-" "Mozilla/5.0 AppleWebKit/537.36 (KHTML, like Gecko; compatible; Amazonbot/0.1; +https://developer.amazon.com/support/amazonbot) Chrome/119.0.6045.214 Safari/537.36"
216.73.216.20 - - [22/Aug/2026:12:22:08 +0800] "GET /6325/2014/10/12/103_%e6%a0%a1%e5%9c%92%e7%94%9f%e6%85%8b%e5%b0%8e%e8%a6%bd%e5%85%ab__%e5%8f%af%e9%a3%9f%e8%94%ac%e6%9e%9c%e5%8d%80/ HTTP/1.1" 200 10961 "-" "Mozilla/5.0 AppleWebKit/537.36 (KHTML, like Gecko; compatible; ClaudeBot/1.0; +claudebot@anthropic.com)"
2a10:7b01:c30:8055:98be:27dc:70f9:97cb - - [22/Aug/2026:12:22:08 +0800] "GET /2016/12/07/%E9%BB%83%E5%9C%8B%E7%8F%8D%E8%80%81%E5%B8%AB%E8%88%87%E6%82%A8%E6%9A%A2%E8%AB%87%E3%80%8C%E9%96%B1%E8%AE%80%E9%9C%80%E8%A6%81%E4%BD%A0%E7%90%86%E8%A7%A3%E3%80%8D%E3%80%90%E8%AA%B2%E7%A8%8B/ HTTP/1.1" 200 16901 "-" "Mozilla/5.0 (Macintosh; Intel Mac OS X 10_15_7) AppleWebKit/605.1.15 (KHTML, like Gecko) Version/18.4 Safari/605.1.15"
::1 - - [22/Aug/2026:12:22:08 +0800] "OPTIONS * HTTP/1.0" 200 110 "-" "Apache/2.4.68 (Ubuntu) OpenSSL/3.0.19 (internal dummy connection)"
2001:ac8:7d:41:8c61:b874:cbbb:28aa - - [22/Aug/2026:12:22:07 +0800] "GET /.env.local HTTP/1.1" 404 84227 "-" "Mozilla/5.0 (ZZ; Linux i686) AppleWebKit/537.36 (KHTML, like Gecko) Chrome/124.0.0.0 Safari/537.36"
216.73.216.20 - - [22/Aug/2026:12:22:08 +0800] "GET /6325/wp-json/oembed/1.0/embed?url=https%3A%2F%2F2blog.ilc.edu.tw%2F6325%2F2013%2F11%2F23%2F102_%25e8%25a1%258c%25e6%2594%25bf%25e8%2588%2587%25e7%25ae%25a1%25e7%2590%25866-2%2F HTTP/1.1" 200 3296 "-" "Mozilla/5.0 AppleWebKit/537.36 (KHTML, like Gecko; compatible; ClaudeBot/1.0; +claudebot@anthropic.com)"
216.73.216.20 - - [22/Aug/2026:12:22:08 +0800] "GET /6325/2013/12/30/%e8%a7%80%e8%b3%9e%e7%9c%8b%e8%a6%8b%e8%87%ba%e7%81%a3%e5%ad%98%e8%ad%89%e7%a5%a8%e6%a0%b9/ HTTP/1.1" 200 10977 "-" "Mozilla/5.0 AppleWebKit/537.36 (KHTML, like Gecko; compatible; ClaudeBot/1.0; +claudebot@anthropic.com)"
216.73.216.20 - - [22/Aug/2026:12:22:08 +0800] "GET /6325/wp-json/oembed/1.0/embed?url=https%3A%2F%2F2blog.ilc.edu.tw%2F6325%2F2012%2F11%2F29%2F101_%25e8%25a1%258c%25e6%2594%25bf%25e8%2588%2587%25e7%25ae%25a1%25e7%2590%2586-3-1%2F HTTP/1.1" 200 3307 "-" "Mozilla/5.0 AppleWebKit/537.36 (KHTML, like Gecko; compatible; ClaudeBot/1.0; +claudebot@anthropic.com)"
216.73.216.20 - - [22/Aug/2026:12:22:08 +0800] "GET /6325/wp-json/oembed/1.0/embed?url=https%3A%2F%2F2blog.ilc.edu.tw%2F6325%2F2013%2F11%2F22%2F102_%25e8%25a1%258c%25e6%2594%25bf%25e8%2588%2587%25e7%25ae%25a1%25e7%2590%25865-2%2F HTTP/1.1" 200 3296 "-" "Mozilla/5.0 AppleWebKit/537.36 (KHTML, like Gecko; compatible; ClaudeBot/1.0; +claudebot@anthropic.com)"
216.73.216.20 - - [22/Aug/2026:12:22:08 +0800] "GET /6325/wp-json/oembed/1.0/embed?url=https%3A%2F%2F2blog.ilc.edu.tw%2F6325%2F2012%2F11%2F30%2F101_%25e8%25a1%258c%25e6%2594%25bf%25e8%2588%2587%25e7%25ae%25a1%25e7%2590%2586-7%2F HTTP/1.1" 200 3297 "-" "Mozilla/5.0 AppleWebKit/537.36 (KHTML, like Gecko; compatible; ClaudeBot/1.0; +claudebot@anthropic.com)"
216.73.216.20 - - [22/Aug/2026:12:22:08 +0800] "GET /6325/wp-json/oembed/1.0/embed?url=https%3A%2F%2F2blog.ilc.edu.tw%2F6325%2F2013%2F09%2F27%2F102_%25e8%25a1%258c%25e6%2594%25bf%25e8%2588%2587%25e7%25ae%25a1%25e7%2590%25863%2F HTTP/1.1" 200 3292 "-" "Mozilla/5.0 AppleWebKit/537.36 (KHTML, like Gecko; compatible; ClaudeBot/1.0; +claudebot@anthropic.com)"
216.73.216.20 - - [22/Aug/2026:12:22:08 +0800] "GET /2569/2020/12/04/%e8%a1%9b%e7%a6%8f%e9%83%a8%e9%9b%bb%e5%ad%90%e7%85%99%e9%98%b2%e6%b2%bb%e5%ae%a3%e5%b0%8e%e8%b3%87%e6%ba%90/ HTTP/1.1" 200 12582 "-" "Mozilla/5.0 AppleWebKit/537.36 (KHTML, like Gecko; compatible; ClaudeBot/1.0; +claudebot@anthropic.com)"
140.111.67.10 - - [22/Aug/2026:12:22:09 +0800] "GET /" 301 273 "-" "-"
216.73.216.20 - - [22/Aug/2026:12:22:09 +0800] "GET /6325/wp-json/oembed/1.0/embed?format=xml&url=https%3A%2F%2F2blog.ilc.edu.tw%2F6325%2F2013%2F11%2F23%2F102_%25e8%25a1%258c%25e6%2594%25bf%25e8%2588%2587%25e7%25ae%25a1%25e7%2590%2586-8-3%2F HTTP/1.1" 200 2195 "-" "Mozilla/5.0 AppleWebKit/537.36 (KHTML, like Gecko; compatible; ClaudeBot/1.0; +claudebot@anthropic.com)"
216.73.216.20 - - [22/Aug/2026:12:22:09 +0800] "GET /6325/2014/10/12/103_%e6%a0%a1%e5%9c%92%e7%94%9f%e6%85%8b%e5%b0%8e%e8%a6%bd%e4%ba%8c__%e5%a4%a7%e9%96%80%e8%bf%8e%e8%b3%93%e5%8d%80/ HTTP/1.1" 200 10866 "-" "Mozilla/5.0 AppleWebKit/537.36 (KHTML, like Gecko; compatible; ClaudeBot/1.0; +claudebot@anthropic.com)"
34.123.149.87 - - [22/Aug/2026:12:22:08 +0800] "GET /6542/2020/11/21/109_4-2-3%E5%BB%9A%E9%A4%98%E5%9B%9E%E6%94%B6%E3%80%81%E8%90%BD%E8%91%89%E5%A0%86%E8%82%A5/ HTTP/1.1" 200 16008 "-" "Mozilla/5.0 (Macintosh; Intel Mac OS X 10_15_7) AppleWebKit/537.36 (KHTML, like Gecko) Chrome/120.0.0.0 Safari/537.36"
2001:ac8:7d:41:8c61:b874:cbbb:28aa - - [22/Aug/2026:12:22:08 +0800] "GET /.env.production HTTP/1.1" 404 84226 "-" "Mozilla/5.0 (X11; Ubuntu; Linux aarch64; rv:90.0) Gecko/20100101 Firefox/90.0"
2001:ac8:7d:41:8c61:b874:cbbb:28aa - - [22/Aug/2026:12:22:08 +0800] "GET /.cloudflare/config HTTP/1.1" 404 84227 "-" "Mozilla/5.0 (Macintosh; Intel Mac OS X 10_15_7) AppleWebKit/537.36 (KHTML, like Gecko) Chrome/102.0.0.0 Safari/537.36"
74.7.242.54 - - [22/Aug/2026:12:22:07 +0800] "GET /26150/?p=3126 HTTP/1.1" 301 984 "https://2blog.ilc.edu.tw/26150/2015/05/22/104%e5%b9%b4%e5%ba%a6%e7%ac%ac20%e6%ac%a1%e5%b9%b8%e7%a6%8f%e5%ae%b6%e5%ba%ad%e7%a9%ba%e4%b8%ad%e8%ac%9b%e5%a0%82-%e8%ab%87%e8%b2%ac%e4%bb%bb%e3%80%81%e6%ba%9d%e9%80%9a%e8%88%87%e5%bf%ab%e6%a8%82/" "Mozilla/5.0 AppleWebKit/537.36 (KHTML, like Gecko; compatible; GPTBot/1.4; +https://openai.com/gptbot)"
2001:ac8:7d:41:8c61:b874:cbbb:28aa - - [22/Aug/2026:12:22:08 +0800] "GET /cloudflare.tf HTTP/1.1" 404 84227 "-" "Mozilla/5.0 (CentOS; Linux x86_64) AppleWebKit/537.36 (KHTML, like Gecko) Chrome/118.0.0.0 Safari/537.36"
216.73.216.20 - - [22/Aug/2026:12:22:09 +0800] "GET /6325/wp-json/oembed/1.0/embed?url=https%3A%2F%2F2blog.ilc.edu.tw%2F6325%2F2014%2F11%2F26%2F103_%25e8%25a1%258c%25e6%2594%25bf%25e8%2588%2587%25e7%25ae%25a1%25e7%2590%25868-8%2F HTTP/1.1" 200 3296 "-" "Mozilla/5.0 AppleWebKit/537.36 (KHTML, like Gecko; compatible; ClaudeBot/1.0; +claudebot@anthropic.com)"
2001:ac8:7d:41:8c61:b874:cbbb:28aa - - [22/Aug/2026:12:22:08 +0800] "GET /wrangler.toml~ HTTP/1.1" 404 84226 "-" "Mozilla/5.0 (Windows NT 10.0; Win64; x64; rv:89.0) Gecko/20100101 Firefox/89.0"
2001:ac8:7d:41:8c61:b874:cbbb:28aa - - [22/Aug/2026:12:22:08 +0800] "GET /.env.production~ HTTP/1.1" 404 84227 "-" "Mozilla/5.0 (X11; CrOS x86_64 14541.0.0) AppleWebKit/537.36 (KHTML, like Gecko) Chrome/120.0.0.0 Safari/537.36"
2001:ac8:7d:41:8c61:b874:cbbb:28aa - - [22/Aug/2026:12:22:08 +0800] "GET /cloudflare.py HTTP/1.1" 404 84227 "-" "Mozilla/5.0 (SS; Linux i686) AppleWebKit/537.36 (KHTML, like Gecko) Chrome/118.0.0.0 Safari/537.36"
2001:ac8:7d:41:8c61:b874:cbbb:28aa - - [22/Aug/2026:12:22:08 +0800] "GET /cloudflare.ini HTTP/1.1" 404 84226 "-" "Mozilla/5.0 (Windows NT 6.3; Win64; x64; rv:75.0) Gecko/20100101 Firefox/75.0"
216.73.216.20 - - [22/Aug/2026:12:22:09 +0800] "GET /6325/wp-json/oembed/1.0/embed?format=xml&url=https%3A%2F%2F2blog.ilc.edu.tw%2F6325%2F2013%2F10%2F15%2F102_%25e8%25a1%258c%25e6%2594%25bf%25e8%2588%2587%25e7%25ae%25a1%25e7%2590%2586-4%2F HTTP/1.1" 200 2195 "-" "Mozilla/5.0 AppleWebKit/537.36 (KHTML, like Gecko; compatible; ClaudeBot/1.0; +claudebot@anthropic.com)"
2001:ac8:7d:41:8c61:b874:cbbb:28aa - - [22/Aug/2026:12:22:08 +0800] "GET /.env.development HTTP/1.1" 404 84226 "-" "Mozilla/5.0 (Windows NT 10.0; Win64; x64; rv:109.0) Gecko/20100101 Firefox/114.0"
216.73.216.20 - - [22/Aug/2026:12:22:09 +0800] "GET /6325/wp-json/oembed/1.0/embed?url=https%3A%2F%2F2blog.ilc.edu.tw%2F6325%2F2014%2F10%2F29%2F103_%25e8%25a1%258c%25e6%2594%25bf%25e8%2588%2587%25e7%25ae%25a1%25e7%2590%25868-5%2F HTTP/1.1" 200 3296 "-" "Mozilla/5.0 AppleWebKit/537.36 (KHTML, like Gecko; compatible; ClaudeBot/1.0; +claudebot@anthropic.com)"
::1 - - [22/Aug/2026:12:22:10 +0800] "OPTIONS * HTTP/1.0" 200 110 "-" "Apache/2.4.68 (Ubuntu) OpenSSL/3.0.19 (internal dummy connection)"
74.7.242.54 - - [22/Aug/2026:12:22:09 +0800] "GET /26150/?p=6211 HTTP/1.1" 301 986 "https://2blog.ilc.edu.tw/26150/2021/09/01/%e4%b8%ad%e5%b0%8f%e5%ad%b8%e7%b6%b2%e8%b7%af%e7%b4%a0%e9%a4%8a%e8%88%87%e8%aa%8d%e7%9f%a5-%e3%80%90%e7%b6%b2%e8%b7%af%e6%9a%b4%e5%8a%9b%e4%b9%8b%e8%aa%8d%e8%ad%98-%e6%b6%88%e5%a4%b1%e7%9a%84delete/" "Mozilla/5.0 AppleWebKit/537.36 (KHTML, like Gecko; compatible; GPTBot/1.4; +https://openai.com/gptbot)"
::1 - - [22/Aug/2026:12:22:11 +0800] "OPTIONS * HTTP/1.0" 200 110 "-" "Apache/2.4.68 (Ubuntu) OpenSSL/3.0.19 (internal dummy connection)"
2001:b011:4011:3918:2422:cf2c:9250:10b2 - - [22/Aug/2026:12:22:11 +0800] "GET /lovetogether/wp-content/cache/2blog.ilc.edu.tw/wpfc-minified/e49jghu3/602td.css HTTP/1.1" 200 45693 "https://2blog.ilc.edu.tw/lovetogether/2020/12/29/%E3%80%90%E7%BE%8E%E8%A1%93%E3%80%91%E5%BD%A9%E7%B9%AA%E7%8E%BB%E7%92%83%E8%B2%BCdiy/" "Mozilla/5.0 (Windows NT 10.0; Win64; x64) AppleWebKit/537.36 (KHTML, like Gecko) Chrome/151.0.0.0 Safari/537.36"
2001:b011:4011:3918:2422:cf2c:9250:10b2 - - [22/Aug/2026:12:22:11 +0800] "GET /lovetogether/wp-content/cache/2blog.ilc.edu.tw/wpfc-minified/2zp8pkga/602td.css HTTP/1.1" 200 20774 "https://2blog.ilc.edu.tw/lovetogether/2020/12/29/%E3%80%90%E7%BE%8E%E8%A1%93%E3%80%91%E5%BD%A9%E7%B9%AA%E7%8E%BB%E7%92%83%E8%B2%BCdiy/" "Mozilla/5.0 (Windows NT 10.0; Win64; x64) AppleWebKit/537.36 (KHTML, like Gecko) Chrome/151.0.0.0 Safari/537.36"
125.231.138.206 - - [22/Aug/2026:12:22:11 +0800] "POST /1003/wp-json/ilc-summary/v1/popular-posts HTTP/1.1" 201 1454 "https://2blog.ilc.edu.tw/1003/2026/07/30/%e5%b0%8f%e5%a3%81%e8%99%8e%e8%80%81%e5%b8%ab%e7%9a%84%e5%b7%a5%e5%85%b7%e7%ab%99%e3%80%90ai%e5%8d%94%e4%bd%9c%e4%bd%9c%e5%93%81%e3%80%91/" "Mozilla/5.0 (Windows NT 10.0; Win64; x64) AppleWebKit/537.36 (KHTML, like Gecko) Chrome/151.0.0.0 Safari/537.36"
2001:b011:4011:3918:2422:cf2c:9250:10b2 - - [22/Aug/2026:12:22:11 +0800] "GET /lovetogether/wp-content/cache/2blog.ilc.edu.tw/wpfc-minified/1bs8h9vl/602td.css HTTP/1.1" 200 11065 "https://2blog.ilc.edu.tw/lovetogether/2020/12/29/%E3%80%90%E7%BE%8E%E8%A1%93%E3%80%91%E5%BD%A9%E7%B9%AA%E7%8E%BB%E7%92%83%E8%B2%BCdiy/" "Mozilla/5.0 (Windows NT 10.0; Win64; x64) AppleWebKit/537.36 (KHTML, like Gecko) Chrome/151.0.0.0 Safari/537.36"
2001:b011:4011:3918:2422:cf2c:9250:10b2 - - [22/Aug/2026:12:22:11 +0800] "GET /lovetogether/wp-content/cache/2blog.ilc.edu.tw/wpfc-minified/g0e6ycr1/602td.css HTTP/1.1" 200 17811 "https://2blog.ilc.edu.tw/lovetogether/2020/12/29/%E3%80%90%E7%BE%8E%E8%A1%93%E3%80%91%E5%BD%A9%E7%B9%AA%E7%8E%BB%E7%92%83%E8%B2%BCdiy/" "Mozilla/5.0 (Windows NT 10.0; Win64; x64) AppleWebKit/537.36 (KHTML, like Gecko) Chrome/151.0.0.0 Safari/537.36"
2001:b011:4011:3918:2422:cf2c:9250:10b2 - - [22/Aug/2026:12:22:11 +0800] "GET /lovetogether/wp-content/cache/2blog.ilc.edu.tw/wpfc-minified/kb3ew9hb/602td.js HTTP/1.1" 200 35569 "https://2blog.ilc.edu.tw/lovetogether/2020/12/29/%E3%80%90%E7%BE%8E%E8%A1%93%E3%80%91%E5%BD%A9%E7%B9%AA%E7%8E%BB%E7%92%83%E8%B2%BCdiy/" "Mozilla/5.0 (Windows NT 10.0; Win64; x64) AppleWebKit/537.36 (KHTML, like Gecko) Chrome/151.0.0.0 Safari/537.36"
2001:b011:4011:3918:2422:cf2c:9250:10b2 - - [22/Aug/2026:12:22:11 +0800] "GET /lovetogether/wp-content/cache/2blog.ilc.edu.tw/wpfc-minified/9h2fpry1/6136d.js HTTP/1.1" 200 1645 "https://2blog.ilc.edu.tw/lovetogether/2020/12/29/%E3%80%90%E7%BE%8E%E8%A1%93%E3%80%91%E5%BD%A9%E7%B9%AA%E7%8E%BB%E7%92%83%E8%B2%BCdiy/" "Mozilla/5.0 (Windows NT 10.0; Win64; x64) AppleWebKit/537.36 (KHTML, like Gecko) Chrome/151.0.0.0 Safari/537.36"
2001:b011:4011:3918:2422:cf2c:9250:10b2 - - [22/Aug/2026:12:22:11 +0800] "GET /lovetogether/wp-content/uploads/sites/2730/2020/12/010d988f81a6082ae7d88dbc2b6ff11a902fe17aab-e1609227815173-1024x768.jpg HTTP/1.1" 200 175952 "https://2blog.ilc.edu.tw/lovetogether/2020/12/29/%E3%80%90%E7%BE%8E%E8%A1%93%E3%80%91%E5%BD%A9%E7%B9%AA%E7%8E%BB%E7%92%83%E8%B2%BCdiy/" "Mozilla/5.0 (Windows NT 10.0; Win64; x64) AppleWebKit/537.36 (KHTML, like Gecko) Chrome/151.0.0.0 Safari/537.36"
2001:b011:4011:3918:2422:cf2c:9250:10b2 - - [22/Aug/2026:12:22:11 +0800] "GET /lovetogether/wp-content/uploads/sites/2730/2020/12/011d0116825d6d090235628cef60ffedadf1b76971-e1609227805907-1024x768.jpg HTTP/1.1" 200 139638 "https://2blog.ilc.edu.tw/lovetogether/2020/12/29/%E3%80%90%E7%BE%8E%E8%A1%93%E3%80%91%E5%BD%A9%E7%B9%AA%E7%8E%BB%E7%92%83%E8%B2%BCdiy/" "Mozilla/5.0 (Windows NT 10.0; Win64; x64) AppleWebKit/537.36 (KHTML, like Gecko) Chrome/151.0.0.0 Safari/537.36"
2001:b011:4011:3918:2422:cf2c:9250:10b2 - - [22/Aug/2026:12:22:11 +0800] "GET /lovetogether/wp-includes/js/hoverintent-js.min.js HTTP/1.1" 200 1597 "https://2blog.ilc.edu.tw/lovetogether/2020/12/29/%E3%80%90%E7%BE%8E%E8%A1%93%E3%80%91%E5%BD%A9%E7%B9%AA%E7%8E%BB%E7%92%83%E8%B2%BCdiy/" "Mozilla/5.0 (Windows NT 10.0; Win64; x64) AppleWebKit/537.36 (KHTML, like Gecko) Chrome/151.0.0.0 Safari/537.36"
2001:b011:4011:3918:2422:cf2c:9250:10b2 - - [22/Aug/2026:12:22:11 +0800] "GET /lovetogether/wp-includes/js/admin-bar.min.js HTTP/1.1" 200 2576 "https://2blog.ilc.edu.tw/lovetogether/2020/12/29/%E3%80%90%E7%BE%8E%E8%A1%93%E3%80%91%E5%BD%A9%E7%B9%AA%E7%8E%BB%E7%92%83%E8%B2%BCdiy/" "Mozilla/5.0 (Windows NT 10.0; Win64; x64) AppleWebKit/537.36 (KHTML, like Gecko) Chrome/151.0.0.0 Safari/537.36"
2001:b011:4011:3918:2422:cf2c:9250:10b2 - - [22/Aug/2026:12:22:11 +0800] "GET /lovetogether/wp-content/themes/ixion/assets/js/navigation.js HTTP/1.1" 200 2038 "https://2blog.ilc.edu.tw/lovetogether/2020/12/29/%E3%80%90%E7%BE%8E%E8%A1%93%E3%80%91%E5%BD%A9%E7%B9%AA%E7%8E%BB%E7%92%83%E8%B2%BCdiy/" "Mozilla/5.0 (Windows NT 10.0; Win64; x64) AppleWebKit/537.36 (KHTML, like Gecko) Chrome/151.0.0.0 Safari/537.36"
2001:b011:4011:3918:2422:cf2c:9250:10b2 - - [22/Aug/2026:12:22:11 +0800] "GET /lovetogether/wp-content/themes/ixion/assets/js/skip-link-focus-fix.js HTTP/1.1" 200 1351 "https://2blog.ilc.edu.tw/lovetogether/2020/12/29/%E3%80%90%E7%BE%8E%E8%A1%93%E3%80%91%E5%BD%A9%E7%B9%AA%E7%8E%BB%E7%92%83%E8%B2%BCdiy/" "Mozilla/5.0 (Windows NT 10.0; Win64; x64) AppleWebKit/537.36 (KHTML, like Gecko) Chrome/151.0.0.0 Safari/537.36"
2001:b011:4011:3918:2422:cf2c:9250:10b2 - - [22/Aug/2026:12:22:11 +0800] "GET /lovetogether/wp-content/uploads/sites/2730/2020/12/012a5e41b6d03fb3d8e062f0e699f4350942541e8c-e1609227795770-1024x768.jpg HTTP/1.1" 200 143500 "https://2blog.ilc.edu.tw/lovetogether/2020/12/29/%E3%80%90%E7%BE%8E%E8%A1%93%E3%80%91%E5%BD%A9%E7%B9%AA%E7%8E%BB%E7%92%83%E8%B2%BCdiy/" "Mozilla/5.0 (Windows NT 10.0; Win64; x64) AppleWebKit/537.36 (KHTML, like Gecko) Chrome/151.0.0.0 Safari/537.36"
2001:b011:4011:3918:2422:cf2c:9250:10b2 - - [22/Aug/2026:12:22:11 +0800] "POST /lovetogether/wp-json/ilc-summary/v1/popular-posts HTTP/1.1" 201 1408 "https://2blog.ilc.edu.tw/lovetogether/2020/12/29/%E3%80%90%E7%BE%8E%E8%A1%93%E3%80%91%E5%BD%A9%E7%B9%AA%E7%8E%BB%E7%92%83%E8%B2%BCdiy/" "Mozilla/5.0 (Windows NT 10.0; Win64; x64) AppleWebKit/537.36 (KHTML, like Gecko) Chrome/151.0.0.0 Safari/537.36"
3.221.222.168 - - [22/Aug/2026:12:22:12 +0800] "GET /6554/wp-json/wp/v2/posts/16672/revisions HTTP/1.1" 401 6197 "-" "Mozilla/5.0 AppleWebKit/537.36 (KHTML, like Gecko; compatible; Amazonbot/0.1; +https://developer.amazon.com/support/amazonbot) Chrome/119.0.6045.214 Safari/537.36"
2001:b011:4011:3918:2422:cf2c:9250:10b2 - - [22/Aug/2026:12:22:12 +0800] "GET /favicon.ico HTTP/1.1" 302 901 "https://2blog.ilc.edu.tw/lovetogether/2020/12/29/%E3%80%90%E7%BE%8E%E8%A1%93%E3%80%91%E5%BD%A9%E7%B9%AA%E7%8E%BB%E7%92%83%E8%B2%BCdiy/" "Mozilla/5.0 (Windows NT 10.0; Win64; x64) AppleWebKit/537.36 (KHTML, like Gecko) Chrome/151.0.0.0 Safari/537.36"
2001:b011:4011:3918:2422:cf2c:9250:10b2 - - [22/Aug/2026:12:22:12 +0800] "GET /wp-includes/images/w-logo-blue-white-bg.png HTTP/1.1" 200 4946 "https://2blog.ilc.edu.tw/lovetogether/2020/12/29/%E3%80%90%E7%BE%8E%E8%A1%93%E3%80%91%E5%BD%A9%E7%B9%AA%E7%8E%BB%E7%92%83%E8%B2%BCdiy/" "Mozilla/5.0 (Windows NT 10.0; Win64; x64) AppleWebKit/537.36 (KHTML, like Gecko) Chrome/151.0.0.0 Safari/537.36"
::1 - - [22/Aug/2026:12:22:12 +0800] "OPTIONS * HTTP/1.0" 200 110 "-" "Apache/2.4.68 (Ubuntu) OpenSSL/3.0.19 (internal dummy connection)"
23.230.213.15 - - [22/Aug/2026:12:22:12 +0800] "GET /sara12315/wp-content/uploads/sites/2957/2021/05/1100512%E6%96%B0%E5%86%A0%E5%AE%A3%E5%B0%8E_210528_6-300x225.jpg HTTP/1.1" 200 25240 "-" "Mozilla/5.0 (compatible; crawler)"
74.7.242.54 - - [22/Aug/2026:12:22:11 +0800] "GET /26150/?p=5136 HTTP/1.1" 301 984 "https://2blog.ilc.edu.tw/26150/2020/12/09/109%e5%b9%b4%e5%ba%a6%e5%b9%b8%e7%a6%8f%e5%ae%b6%e5%ba%ad%e7%a9%ba%e4%b8%ad%e8%ac%9b%e5%a0%82%e7%ac%ac47%e9%9b%86_%e5%a4%aa%e5%a4%aa%e5%a6%82%e4%bd%95%e5%bf%8d%e4%bd%8f%e4%b8%8d%e8%b8%b9%e5%85%88/" "Mozilla/5.0 AppleWebKit/537.36 (KHTML, like Gecko; compatible; GPTBot/1.4; +https://openai.com/gptbot)"
2001:288:a201::66:125 - - [22/Aug/2026:12:22:13 +0800] "GET /blog/active.php HTTP/1.1" 301 1026 "-" "-"
2001:288:a201::66:125 - - [22/Aug/2026:12:22:13 +0800] "GET /blog/active.php HTTP/1.1" 404 1084 "-" "-"
2001:b400:e2db:b1a4:5162:dc1f:7640:987e - - [22/Aug/2026:12:22:13 +0800] "GET /wp-content/uploads/sites/890/2026/05/IMG_20260526_140626-scaled.jpg HTTP/1.1" 304 1129 "https://www.yeses.ilc.edu.tw/" "Mozilla/5.0 (Windows NT 10.0; Win64; x64) AppleWebKit/537.36 (KHTML, like Gecko) Chrome/151.0.0.0 Safari/537.36"
2001:b400:e2db:b1a4:5162:dc1f:7640:987e - - [22/Aug/2026:12:22:13 +0800] "GET /wp-content/uploads/sites/890/2026/05/20260519%E4%BA%8C%E5%BF%A0%E4%BA%8C%E5%AD%9D%E5%AE%A2%E8%AA%9E%E8%AA%AA%E6%95%85%E4%BA%8B%E7%B8%AE%E5%9C%96.jpg HTTP/1.1" 304 1129 "https://www.yeses.ilc.edu.tw/" "Mozilla/5.0 (Windows NT 10.0; Win64; x64) AppleWebKit/537.36 (KHTML, like Gecko) Chrome/151.0.0.0 Safari/537.36"
2001:b400:e2db:b1a4:5162:dc1f:7640:987e - - [22/Aug/2026:12:22:13 +0800] "GET /wp-content/uploads/sites/890/2021/03/%E5%93%A1%E5%B1%B1%E5%9C%8B%E5%B0%8F%E9%98%B2%E7%96%AB%E5%B0%88%E5%8D%80icon-1.jpg HTTP/1.1" 200 10516 "https://www.yeses.ilc.edu.tw/" "Mozilla/5.0 (Windows NT 10.0; Win64; x64) AppleWebKit/537.36 (KHTML, like Gecko) Chrome/151.0.0.0 Safari/537.36"
2001:b400:e2db:b1a4:5162:dc1f:7640:987e - - [22/Aug/2026:12:22:13 +0800] "GET /wp-content/uploads/sites/890/2021/03/%E5%93%A1%E5%B1%B1%E5%9C%8B%E5%B0%8F%E5%81%9C%E8%AA%B2%E4%B8%8D%E5%81%9C%E5%AD%B8icon.jpg HTTP/1.1" 200 16670 "https://www.yeses.ilc.edu.tw/" "Mozilla/5.0 (Windows NT 10.0; Win64; x64) AppleWebKit/537.36 (KHTML, like Gecko) Chrome/151.0.0.0 Safari/537.36"
2001:b400:e2db:b1a4:5162:dc1f:7640:987e - - [22/Aug/2026:12:22:13 +0800] "GET /wp-content/uploads/sites/890/2021/06/%E5%93%A1%E5%B1%B1%E5%9C%8B%E5%B0%8F%E7%B7%9A%E4%B8%8A%E8%AA%B2%E7%A8%8BIMEET%E8%99%9B%E6%93%AC%E6%95%99%E5%AE%A4new%E6%8C%89%E9%88%95.png HTTP/1.1" 200 59777 "https://www.yeses.ilc.edu.tw/" "Mozilla/5.0 (Windows NT 10.0; Win64; x64) AppleWebKit/537.36 (KHTML, like Gecko) Chrome/151.0.0.0 Safari/537.36"
2001:b400:e2db:b1a4:5162:dc1f:7640:987e - - [22/Aug/2026:12:22:13 +0800] "GET /wp-content/uploads/sites/890/2026/05/20260508%E6%AF%8D%E8%A6%AA%E7%AF%80%E6%B4%BB%E5%8B%95%E7%B8%AE%E5%9C%96.jpg HTTP/1.1" 200 427669 "https://www.yeses.ilc.edu.tw/" "Mozilla/5.0 (Windows NT 10.0; Win64; x64) AppleWebKit/537.36 (KHTML, like Gecko) Chrome/151.0.0.0 Safari/537.36"
2001:b400:e2db:b1a4:5162:dc1f:7640:987e - - [22/Aug/2026:12:22:13 +0800] "GET /wp-content/uploads/sites/890/2021/09/%E5%93%A1%E5%B1%B1%E5%9C%8B%E5%B0%8F%E7%B7%9A%E4%B8%8A%E8%AA%B2%E7%A8%8B%E6%8C%89%E9%88%95.png HTTP/1.1" 200 26170 "https://www.yeses.ilc.edu.tw/" "Mozilla/5.0 (Windows NT 10.0; Win64; x64) AppleWebKit/537.36 (KHTML, like Gecko) Chrome/151.0.0.0 Safari/537.36"
2001:b400:e2db:b1a4:5162:dc1f:7640:987e - - [22/Aug/2026:12:22:13 +0800] "GET /wp-content/uploads/sites/890/2026/05/20260506_5%E6%9C%88%E4%BB%BD%E5%AD%B8%E7%94%9F%E9%9B%86%E6%9C%83%E7%B8%AE%E5%9C%96-scaled.jpg HTTP/1.1" 200 501877 "https://www.yeses.ilc.edu.tw/" "Mozilla/5.0 (Windows NT 10.0; Win64; x64) AppleWebKit/537.36 (KHTML, like Gecko) Chrome/151.0.0.0 Safari/537.36"
2001:b400:e2db:b1a4:5162:dc1f:7640:987e - - [22/Aug/2026:12:22:13 +0800] "GET /wp-content/uploads/sites/890/2020/11/%E5%93%A1%E5%B1%B1%E5%9C%8B%E5%B0%8F-%E5%A4%9A%E5%85%83%E7%B6%B2%E8%B7%AF%E6%95%99%E6%9D%90.png HTTP/1.1" 200 37814 "https://www.yeses.ilc.edu.tw/" "Mozilla/5.0 (Windows NT 10.0; Win64; x64) AppleWebKit/537.36 (KHTML, like Gecko) Chrome/151.0.0.0 Safari/537.36"
2001:b400:e2db:b1a4:5162:dc1f:7640:987e - - [22/Aug/2026:12:22:13 +0800] "GET /wp-content/uploads/sites/890/2022/11/%E5%AD%B8%E7%BF%92%E6%89%B6%E5%8A%A9%E8%A9%95%E9%87%8F%E7%B3%BB%E7%B5%B1_icon.jpg HTTP/1.1" 200 32007 "https://www.yeses.ilc.edu.tw/" "Mozilla/5.0 (Windows NT 10.0; Win64; x64) AppleWebKit/537.36 (KHTML, like Gecko) Chrome/151.0.0.0 Safari/537.36"
74.7.242.54 - - [22/Aug/2026:12:22:13 +0800] "GET /1003/?p=27039 HTTP/1.1" 301 903 "https://2blog.ilc.edu.tw/1003/2016/06/27/%e4%b8%89%e4%b8%8b%e7%ac%ac20%e9%80%b1%e8%a8%88%e7%95%ab-%e5%9f%b7%e8%a1%8c-%e6%aa%a2%e8%a6%96-%e4%bf%ae%e6%ad%a3-%e5%86%8d%e5%9f%b7%e8%a1%8c/" "Mozilla/5.0 AppleWebKit/537.36 (KHTML, like Gecko; compatible; GPTBot/1.4; +https://openai.com/gptbot)"
2001:b400:e2db:b1a4:5162:dc1f:7640:987e - - [22/Aug/2026:12:22:13 +0800] "GET /wp-content/uploads/sites/890/2026/05/20260428%E4%BA%94%E5%B9%B4%E7%B4%9A%E6%88%B6%E5%A4%96%E6%95%99%E8%82%B2%E7%B6%A0%E8%89%B2%E5%8D%9A%E8%A6%BD%E6%9C%83%E7%B8%AE%E5%9C%96.jpg HTTP/1.1" 200 631717 "https://www.yeses.ilc.edu.tw/" "Mozilla/5.0 (Windows NT 10.0; Win64; x64) AppleWebKit/537.36 (KHTML, like Gecko) Chrome/151.0.0.0 Safari/537.36"
2001:b400:e2db:b1a4:5162:dc1f:7640:987e - - [22/Aug/2026:12:22:13 +0800] "GET /wp-content/uploads/sites/890/2020/05/%E6%A0%A1%E5%9C%92%E9%98%B2%E7%81%BD%E5%9C%B0%E5%9C%96-300x55.jpg HTTP/1.1" 200 8029 "https://www.yeses.ilc.edu.tw/" "Mozilla/5.0 (Windows NT 10.0; Win64; x64) AppleWebKit/537.36 (KHTML, like Gecko) Chrome/151.0.0.0 Safari/537.36"
2001:b400:e2db:b1a4:5162:dc1f:7640:987e - - [22/Aug/2026:12:22:13 +0800] "GET /wp-content/uploads/sites/890/2022/05/%E5%93%A1%E5%B1%B1%E5%9C%8B%E5%B0%8F%E6%95%99%E5%B8%AB%E6%9C%83%E8%AD%B0%E6%8C%89%E9%88%95.png HTTP/1.1" 200 48801 "https://www.yeses.ilc.edu.tw/" "Mozilla/5.0 (Windows NT 10.0; Win64; x64) AppleWebKit/537.36 (KHTML, like Gecko) Chrome/151.0.0.0 Safari/537.36"
2001:b400:e2db:b1a4:5162:dc1f:7640:987e - - [22/Aug/2026:12:22:13 +0800] "GET /wp-content/uploads/sites/890/2026/04/20260428%E4%BA%8C%E5%B9%B4%E7%B4%9A%E6%88%B6%E5%A4%96%E6%95%99%E8%82%B2%E7%B6%A0%E8%89%B2%E5%8D%9A%E8%A6%BD%E6%9C%83.jpg HTTP/1.1" 200 495544 "https://www.yeses.ilc.edu.tw/" "Mozilla/5.0 (Windows NT 10.0; Win64; x64) AppleWebKit/537.36 (KHTML, like Gecko) Chrome/151.0.0.0 Safari/537.36"
2001:b400:e2db:b1a4:5162:dc1f:7640:987e - - [22/Aug/2026:12:22:13 +0800] "GET /21744/wp-content/uploads/sites/890/2019/07/%E5%93%A1%E5%B1%B1%E5%9C%8B%E5%B0%8F%E5%9C%96%E6%9B%B8%E9%A4%A8.png HTTP/1.1" 200 36181 "https://www.yeses.ilc.edu.tw/" "Mozilla/5.0 (Windows NT 10.0; Win64; x64) AppleWebKit/537.36 (KHTML, like Gecko) Chrome/151.0.0.0 Safari/537.36"
2001:b400:e2db:b1a4:5162:dc1f:7640:987e - - [22/Aug/2026:12:22:13 +0800] "GET /wp-content/uploads/sites/890/2020/11/%E9%A3%9F%E8%BE%B2%E6%95%99%E8%82%B2%E6%95%99%E5%AD%B8%E8%B3%87%E6%BA%90%E5%B9%B3%E5%8F%B0.png HTTP/1.1" 200 14043 "https://www.yeses.ilc.edu.tw/" "Mozilla/5.0 (Windows NT 10.0; Win64; x64) AppleWebKit/537.36 (KHTML, like Gecko) Chrome/151.0.0.0 Safari/537.36"
2001:b400:e2db:b1a4:5162:dc1f:7640:987e - - [22/Aug/2026:12:22:13 +0800] "GET /wp-content/uploads/sites/890/2020/12/108%E8%AA%B2%E7%B6%B1%E8%B3%87%E8%A8%8A%E7%B6%B2.png HTTP/1.1" 200 5752 "https://www.yeses.ilc.edu.tw/" "Mozilla/5.0 (Windows NT 10.0; Win64; x64) AppleWebKit/537.36 (KHTML, like Gecko) Chrome/151.0.0.0 Safari/537.36"
2001:b400:e2db:b1a4:5162:dc1f:7640:987e - - [22/Aug/2026:12:22:13 +0800] "GET /wp-content/uploads/sites/890/2025/11/%E4%B8%8D%E8%BF%B7%E5%B0%8F%E7%B4%85%E6%9B%B8%EF%BC%8C%E9%9D%92%E6%98%A5%E4%B8%8D%E8%BF%B7%E9%80%94icon.jpg HTTP/1.1" 200 8569 "https://www.yeses.ilc.edu.tw/" "Mozilla/5.0 (Windows NT 10.0; Win64; x64) AppleWebKit/537.36 (KHTML, like Gecko) Chrome/151.0.0.0 Safari/537.36"
2001:b400:e2db:b1a4:5162:dc1f:7640:987e - - [22/Aug/2026:12:22:13 +0800] "GET /21744/wp-content/uploads/sites/890/2020/05/%E6%95%99%E5%AD%B8%E9%80%B2%E5%BA%A6%E8%A9%95%E9%87%8F%E8%A6%8F%E5%8A%83%E5%B9%B3%E5%8F%B0.jpg HTTP/1.1" 200 11335 "https://www.yeses.ilc.edu.tw/" "Mozilla/5.0 (Windows NT 10.0; Win64; x64) AppleWebKit/537.36 (KHTML, like Gecko) Chrome/151.0.0.0 Safari/537.36"
2001:b400:e2db:b1a4:5162:dc1f:7640:987e - - [22/Aug/2026:12:22:13 +0800] "GET /21744/wp-content/uploads/sites/890/2020/07/%E7%B4%AB%E9%8C%90%E8%8A%B1%E9%81%8B%E5%8B%95.jpg HTTP/1.1" 200 14597 "https://www.yeses.ilc.edu.tw/" "Mozilla/5.0 (Windows NT 10.0; Win64; x64) AppleWebKit/537.36 (KHTML, like Gecko) Chrome/151.0.0.0 Safari/537.36"
2001:b400:e2db:b1a4:5162:dc1f:7640:987e - - [22/Aug/2026:12:22:13 +0800] "GET /wp-content/uploads/sites/890/2022/06/%E5%93%A1%E5%B1%B1%E5%9C%8B%E5%B0%8F%E8%A1%8C%E6%94%BF%E4%B8%AD%E7%AB%8B%E5%B0%88%E5%8D%80.jpg HTTP/1.1" 200 13936 "https://www.yeses.ilc.edu.tw/" "Mozilla/5.0 (Windows NT 10.0; Win64; x64) AppleWebKit/537.36 (KHTML, like Gecko) Chrome/151.0.0.0 Safari/537.36"
2001:b400:e2db:b1a4:5162:dc1f:7640:987e - - [22/Aug/2026:12:22:13 +0800] "GET /21744/wp-content/uploads/sites/890/2020/07/CIRN.png HTTP/1.1" 200 12916 "https://www.yeses.ilc.edu.tw/" "Mozilla/5.0 (Windows NT 10.0; Win64; x64) AppleWebKit/537.36 (KHTML, like Gecko) Chrome/151.0.0.0 Safari/537.36"
140.111.67.10 - - [22/Aug/2026:12:22:14 +0800] "GET /" 301 273 "-" "-"
66.249.71.163 - - [22/Aug/2026:12:22:14 +0800] "GET /robots.txt HTTP/1.1" 200 778 "-" "Mozilla/5.0 (compatible; Googlebot/2.1; +http://www.google.com/bot.html)"
66.249.79.37 - - [22/Aug/2026:12:22:14 +0800] "GET /favicon.ico HTTP/1.1" 302 1095 "-" "Googlebot-Image/1.0"
74.7.242.54 - - [22/Aug/2026:12:22:13 +0800] "GET /26150/?p=6621 HTTP/1.1" 301 918 "https://2blog.ilc.edu.tw/26150/2022/08/01/111%e5%b9%b4%e3%80%8c%e6%96%b0%e4%bd%8f%e6%b0%91%e6%95%b8%e4%bd%8d%e6%87%89%e7%94%a8%e8%b3%87%e8%a8%8a%e8%a8%88%e7%95%ab%e3%80%8d/" "Mozilla/5.0 AppleWebKit/537.36 (KHTML, like Gecko; compatible; GPTBot/1.4; +https://openai.com/gptbot)"
2a12:da87:8323:ed2a:aed6:8a55:358c:ce80 - - [22/Aug/2026:12:22:15 +0800] "GET /2014/01/16/%E3%80%90%E4%BB%A3%E8%BD%89%E8%A8%8A%E6%81%AF%E3%80%91%E5%AE%9C%E8%98%AD%E5%A4%A7%E5%AD%B8%E5%A4%96%E5%9C%8B%E8%AA%9E%E6%96%87%E5%AD%B8%E7%B3%BB%E7%A2%A9%E5%A3%AB%E7%8F%AD%E6%8B%9B%E7%94%9F/ HTTP/1.1" 200 18091 "-" "Mozilla/5.0 (Macintosh; Intel Mac OS X 10.15; rv:147.0) Gecko/20100101 Firefox/147.0"
2001:4860:7:b10::fa - - [22/Aug/2026:12:22:16 +0800] "GET /2018/02/21/%E8%8B%B1%E8%AA%9E%E5%96%AE%E5%AD%97%E7%8E%8B%E5%9B%9B%E5%B9%B4%E7%B4%9A100%E5%AD%97/ HTTP/1.1" 200 32160 "https://www.google.com/" "Mozilla/5.0 (Linux; Android 10; K) AppleWebKit/537.36 (KHTML, like Gecko) Chrome/151.0.0.0 Mobile Safari/537.36"
2001:b011:4011:3918:2422:cf2c:9250:10b2 - - [22/Aug/2026:12:22:16 +0800] "GET /lovetogether/wp-content/uploads/sites/2730/2020/12/012d8742f4cd3a8cbf34fdd0f8e576ad162a29e682-e1609227784180-1080x1440.jpg HTTP/1.1" 200 172936 "https://2blog.ilc.edu.tw/lovetogether/2020/12/29/%E3%80%90%E7%BE%8E%E8%A1%93%E3%80%91%E5%BD%A9%E7%B9%AA%E7%8E%BB%E7%92%83%E8%B2%BCdiy/" "Mozilla/5.0 (Windows NT 10.0; Win64; x64) AppleWebKit/537.36 (KHTML, like Gecko) Chrome/151.0.0.0 Safari/537.36"
66.249.82.68 - - [22/Aug/2026:12:22:16 +0800] "GET /.well-known/traffic-advice HTTP/1.1" 404 131624 "-" "Chrome Privacy Preserving Prefetch Proxy"
3.208.156.9 - - [22/Aug/2026:12:22:16 +0800] "GET /32745/wp-json/oembed/1.0/embed?format=xml&url=https://2blog.ilc.edu.tw/32745/2024/07/20/%25e6%258f%25a3%25e7%2584%25a1%25e5%25bf%2583%25e6%2584%259b%25e4%25be%2586%25e5%2581%259a%25e4%25bc%25b4/ HTTP/1.1" 200 7320 "-" "Mozilla/5.0 AppleWebKit/537.36 (KHTML, like Gecko; compatible; Amazonbot/0.1; +https://developer.amazon.com/support/amazonbot) Chrome/119.0.6045.214 Safari/537.36"
2001:b011:4011:3918:2422:cf2c:9250:10b2 - - [22/Aug/2026:12:22:17 +0800] "GET /lovetogether/wp-content/uploads/sites/2730/2020/12/012eac4f46eefb152b0d5c27fb773ed3e193d1d217-e1609227771220-1024x768.jpg HTTP/1.1" 200 180685 "https://2blog.ilc.edu.tw/lovetogether/2020/12/29/%E3%80%90%E7%BE%8E%E8%A1%93%E3%80%91%E5%BD%A9%E7%B9%AA%E7%8E%BB%E7%92%83%E8%B2%BCdiy/" "Mozilla/5.0 (Windows NT 10.0; Win64; x64) AppleWebKit/537.36 (KHTML, like Gecko) Chrome/151.0.0.0 Safari/537.36"
66.249.71.162 - - [22/Aug/2026:12:22:18 +0800] "GET /wp-content/uploads/sites/1395/2025/08/cropped-%E6%A0%A1%E5%BE%BD%E9%87%8D%E7%B9%AAv4-1-32x32.jpg HTTP/1.1" 200 6685 "-" "Googlebot-Image/1.0"
2001:288:a201::66:125 - - [22/Aug/2026:12:22:18 +0800] "GET /blog/active.php HTTP/1.1" 301 1026 "-" "-"
2001:288:a201::66:125 - - [22/Aug/2026:12:22:18 +0800] "GET /blog/active.php HTTP/1.1" 404 1084 "-" "-"
74.7.242.54 - - [22/Aug/2026:12:22:15 +0800] "GET /26150/?p=3121 HTTP/1.1" 301 981 "https://2blog.ilc.edu.tw/26150/2015/05/14/%e5%87%bd%e8%bd%89%e8%b2%a1%e5%9c%98%e6%b3%95%e4%ba%ba%e5%be%ae%e9%be%8d%e6%95%99%e8%82%b2%e5%9f%ba%e9%87%91%e6%9c%83%e8%be%a6%e7%90%86104%e5%b9%b4%e5%ba%a6%e3%80%8c%e7%9c%9f%e6%84%9b%e8%a1%8c/" "Mozilla/5.0 AppleWebKit/537.36 (KHTML, like Gecko; compatible; GPTBot/1.4; +https://openai.com/gptbot)"
::1 - - [22/Aug/2026:12:22:18 +0800] "OPTIONS * HTTP/1.0" 200 110 "-" "Apache/2.4.68 (Ubuntu) OpenSSL/3.0.19 (internal dummy connection)"
36.229.221.184 - - [22/Aug/2026:12:22:18 +0800] "GET / HTTP/1.1" 200 25122 "-" "Mozilla/5.0 (Windows NT 10.0; Win64; x64) AppleWebKit/537.36 (KHTML, like Gecko) Chrome/151.0.0.0 Safari/537.36"
36.229.221.184 - - [22/Aug/2026:12:22:18 +0800] "GET /wp-content/uploads/sites/888/elementor/css/post-64.css HTTP/1.1" 304 790 "https://www.tkjh.ilc.edu.tw/" "Mozilla/5.0 (Windows NT 10.0; Win64; x64) AppleWebKit/537.36 (KHTML, like Gecko) Chrome/151.0.0.0 Safari/537.36"
36.229.221.184 - - [22/Aug/2026:12:22:18 +0800] "GET /wp-content/uploads/sites/888/2026/08/115%E6%A6%AE%E8%AD%BD%E6%A6%9C%E6%A8%A1%E6%9D%BF-%E7%99%BC%E6%98%8E%E5%B1%95.png HTTP/1.1" 304 790 "https://www.tkjh.ilc.edu.tw/wp-content/uploads/sites/888/elementor/css/post-64.css" "Mozilla/5.0 (Windows NT 10.0; Win64; x64) AppleWebKit/537.36 (KHTML, like Gecko) Chrome/151.0.0.0 Safari/537.36"
36.229.221.184 - - [22/Aug/2026:12:22:18 +0800] "GET /wp-content/uploads/sites/888/2026/07/115%E7%89%B9%E6%AE%8A%E5%84%AA%E8%89%AF%E6%95%99%E5%B8%AB.png HTTP/1.1" 304 790 "https://www.tkjh.ilc.edu.tw/wp-content/uploads/sites/888/elementor/css/post-64.css" "Mozilla/5.0 (Windows NT 10.0; Win64; x64) AppleWebKit/537.36 (KHTML, like Gecko) Chrome/151.0.0.0 Safari/537.36"
36.229.221.184 - - [22/Aug/2026:12:22:18 +0800] "GET /wp-content/uploads/sites/888/2026/04/114%E8%AE%80%E8%80%85%E5%8A%87%E5%A0%B4.png HTTP/1.1" 304 1129 "https://www.tkjh.ilc.edu.tw/wp-content/uploads/sites/888/elementor/css/post-64.css" "Mozilla/5.0 (Windows NT 10.0; Win64; x64) AppleWebKit/537.36 (KHTML, like Gecko) Chrome/151.0.0.0 Safari/537.36"
36.229.221.184 - - [22/Aug/2026:12:22:18 +0800] "GET /wp-content/uploads/sites/888/2026/05/114%E9%96%B1%E8%AE%80%E7%8D%8E.png HTTP/1.1" 304 5593 "https://www.tkjh.ilc.edu.tw/wp-content/uploads/sites/888/elementor/css/post-64.css" "Mozilla/5.0 (Windows NT 10.0; Win64; x64) AppleWebKit/537.36 (KHTML, like Gecko) Chrome/151.0.0.0 Safari/537.36"
