::1 - - [22/Aug/2026:12:28:11 +0800] "OPTIONS * HTTP/1.0" 200 110 "-" "Apache/2.4.68 (Ubuntu) OpenSSL/3.0.19 (internal dummy connection)"
3.210.223.61 - - [22/Aug/2026:12:28:11 +0800] "GET /wp-content/uploads/sites/847/6483/previews/6483-2380392.gif HTTP/1.1" 200 1335 "-" "Mozilla/5.0 AppleWebKit/537.36 (KHTML, like Gecko; compatible; Amazonbot/0.1; +https://developer.amazon.com/support/amazonbot) Chrome/119.0.6045.214 Safari/537.36"
::1 - - [22/Aug/2026:12:28:12 +0800] "OPTIONS * HTTP/1.0" 200 110 "-" "Apache/2.4.68 (Ubuntu) OpenSSL/3.0.19 (internal dummy connection)"
::1 - - [22/Aug/2026:12:28:13 +0800] "OPTIONS * HTTP/1.0" 200 110 "-" "Apache/2.4.68 (Ubuntu) OpenSSL/3.0.19 (internal dummy connection)"
2001:288:a201::66:125 - - [22/Aug/2026:12:28:13 +0800] "GET /blog/active.php HTTP/1.1" 301 1026 "-" "-"
2001:288:a201::66:125 - - [22/Aug/2026:12:28:13 +0800] "GET /blog/active.php HTTP/1.1" 404 1084 "-" "-"
74.7.242.54 - - [22/Aug/2026:12:28:11 +0800] "GET /26150/category/c-11220/page/84/ HTTP/1.1" 200 19014 "https://2blog.ilc.edu.tw/26150/category/c-11220/page/86/" "Mozilla/5.0 AppleWebKit/537.36 (KHTML, like Gecko; compatible; GPTBot/1.4; +https://openai.com/gptbot)"
85.208.96.204 - - [22/Aug/2026:12:28:13 +0800] "GET /6509/2015/11/02/104%E5%B9%B4%E7%92%B0%E5%A2%83%E6%95%99%E8%82%B2%E5%9F%B7%E8%A1%8C%E6%88%90%E6%9E%9C/ HTTP/1.1" 200 15998 "-" "Mozilla/5.0 (compatible; SemrushBot/7~bl; +http://www.semrush.com/bot.html)"
85.208.96.197 - - [22/Aug/2026:12:28:13 +0800] "GET /Resource/Neturl/Sub-Going.asp?url=https%3A%2F%2Fbaomuabannhadat.com%2Fnha-dat%2Fmua-ban-nha-dat%2Fban-dat%2Fban-dat-15-trieu-phuong-11-quan-11_i59372%3FpcomSession%3DOK HTTP/1.1" 404 90755 "-" "Mozilla/5.0 (compatible; SemrushBot/7~bl; +http://www.semrush.com/bot.html)"
::1 - - [22/Aug/2026:12:28:14 +0800] "OPTIONS * HTTP/1.0" 200 110 "-" "Apache/2.4.68 (Ubuntu) OpenSSL/3.0.19 (internal dummy connection)"
140.111.67.10 - - [22/Aug/2026:12:28:14 +0800] "GET /" 301 273 "-" "-"
136.119.35.120 - - [22/Aug/2026:12:28:14 +0800] "GET /6455/2011/11/22/%E5%AD%9D%E5%A8%81%E5%9C%8B%E5%B0%8F%E5%AD%B8%E7%94%9F%E7%92%B0%E4%BF%9D%E6%9C%8D%E5%8B%99%E9%9A%8A/ HTTP/1.1" 200 31324 "-" "Mozilla/5.0 (Macintosh; Intel Mac OS X 10_15_7) AppleWebKit/537.36 (KHTML, like Gecko) Chrome/120.0.0.0 Safari/537.36"
::1 - - [22/Aug/2026:12:28:15 +0800] "OPTIONS * HTTP/1.0" 200 110 "-" "Apache/2.4.68 (Ubuntu) OpenSSL/3.0.19 (internal dummy connection)"
34.10.180.98 - - [22/Aug/2026:12:28:15 +0800] "GET /2023/07/05/%E5%9C%8B%E6%B0%91%E4%B8%AD%E5%B0%8F%E5%AD%B8%E8%AA%B2%E7%A8%8B%E8%88%87%E6%95%99%E5%AD%B8%E8%B3%87%E6%BA%90%E6%95%B4%E5%90%88%E5%B9%B3%E8%87%BAcirn%EF%BC%8C%E6%AD%A1%E8%BF%8E%E8%80%81%E5%B8%AB/ HTTP/1.1" 200 23869 "-" "Mozilla/5.0 (Macintosh; Intel Mac OS X 10_15_7) AppleWebKit/537.36 (KHTML, like Gecko) Chrome/120.0.0.0 Safari/537.36"
18.214.238.178 - - [22/Aug/2026:12:28:14 +0800] "GET /wp-content/uploads/sites/2808/6543/6543-3722208.jpg HTTP/1.1" 200 11588 "-" "Mozilla/5.0 AppleWebKit/537.36 (KHTML, like Gecko; compatible; Amazonbot/0.1; +https://developer.amazon.com/support/amazonbot) Chrome/119.0.6045.214 Safari/537.36"
74.7.242.54 - - [22/Aug/2026:12:28:13 +0800] "GET /26150/category/c-11220/page/8/ HTTP/1.1" 200 19520 "https://2blog.ilc.edu.tw/26150/category/c-11220/page/5/" "Mozilla/5.0 AppleWebKit/537.36 (KHTML, like Gecko; compatible; GPTBot/1.4; +https://openai.com/gptbot)"
::1 - - [22/Aug/2026:12:28:16 +0800] "OPTIONS * HTTP/1.0" 200 110 "-" "Apache/2.4.68 (Ubuntu) OpenSSL/3.0.19 (internal dummy connection)"
74.7.242.54 - - [22/Aug/2026:12:28:16 +0800] "GET /daes501/2025/10/02/%e5%8e%9f%e4%bd%8f%e6%b0%91%e5%af%a6%e9%a9%97%e6%95%99%e8%82%b2%e5%88%86%e4%ba%ab%e6%9c%83/ HTTP/1.1" 200 14030 "https://2blog.ilc.edu.tw/daes501/2025/06/13/2105/" "Mozilla/5.0 AppleWebKit/537.36 (KHTML, like Gecko; compatible; GPTBot/1.4; +https://openai.com/gptbot)"
54.85.126.86 - - [22/Aug/2026:12:28:16 +0800] "GET /6030/2013/05/14/1-3%E5%85%A8%E6%A0%A1%E5%8F%A3%E8%85%94%E6%AA%A2%E6%B8%AC%E5%8F%8A%E7%9F%AF%E6%B2%BB/ HTTP/1.1" 200 15352 "-" "Mozilla/5.0 AppleWebKit/537.36 (KHTML, like Gecko; compatible; Amazonbot/0.1; +https://developer.amazon.com/support/amazonbot) Chrome/119.0.6045.214 Safari/537.36"
::1 - - [22/Aug/2026:12:28:17 +0800] "OPTIONS * HTTP/1.0" 200 110 "-" "Apache/2.4.68 (Ubuntu) OpenSSL/3.0.19 (internal dummy connection)"
185.216.104.26 - - [22/Aug/2026:12:28:14 +0800] "GET /wp-content/uploads/sites/1249/17160/17160-3995732.jpg HTTP/1.1" 200 112113 "https://2blog.ilc.edu.tw/17160/2017/12/04/%E3%80%90%E4%B8%89%E5%B9%B4%E7%B4%9A%E3%80%91%E8%B6%A3%E5%91%B3%E6%95%B8%E5%AD%B8-%E7%A5%9E%E5%A5%87%E4%BA%94%E9%A8%8E%E5%A3%AB/" "Mozilla/5.0 (Macintosh; Intel Mac OS X 10_15_7) AppleWebKit/537.36 (KHTML, like Gecko) Chrome/131.0.0.0 Safari/537.36"
2001:4860:7:810::db - - [22/Aug/2026:12:28:17 +0800] "GET / HTTP/1.1" 200 29749 "https://www.google.com/" "Mozilla/5.0 (Windows NT 10.0; Win64; x64) AppleWebKit/537.36 (KHTML, like Gecko) Chrome/151.0.0.0 Safari/537.36"
2001:288:a201::66:125 - - [22/Aug/2026:12:28:18 +0800] "GET /blog/active.php HTTP/1.1" 301 1026 "-" "-"
2001:288:a201::66:125 - - [22/Aug/2026:12:28:18 +0800] "GET /blog/active.php HTTP/1.1" 404 1084 "-" "-"
74.7.242.54 - - [22/Aug/2026:12:28:16 +0800] "GET /26150/category/c-11220/page/9/ HTTP/1.1" 200 19222 "https://2blog.ilc.edu.tw/26150/category/c-11220/page/6/" "Mozilla/5.0 AppleWebKit/537.36 (KHTML, like Gecko; compatible; GPTBot/1.4; +https://openai.com/gptbot)"
18.211.148.239 - - [22/Aug/2026:12:28:18 +0800] "GET /6043/wp-json/wp/v2/%22https:/2blog.ilc.edu.tw/wp-content/uploads/sites/207/6043/6043-1674883.jpg/%22 HTTP/1.1" 404 6131 "-" "Mozilla/5.0 AppleWebKit/537.36 (KHTML, like Gecko; compatible; Amazonbot/0.1; +https://developer.amazon.com/support/amazonbot) Chrome/119.0.6045.214 Safari/537.36"
66.249.68.99 - - [22/Aug/2026:12:28:18 +0800] "GET /comments/feed/ HTTP/1.1" 200 5724 "-" "Mozilla/5.0 (Linux; Android 6.0.1; Nexus 5X Build/MMB29P) AppleWebKit/537.36 (KHTML, like Gecko) Chrome/151.0.7922.137 Mobile Safari/537.36 (compatible; Googlebot/2.1; +http://www.google.com/bot.html)"
66.249.68.167 - - [22/Aug/2026:12:28:19 +0800] "GET /2019/12/26/%E6%95%99%E8%82%B2%E9%83%A8%E9%81%A9%E6%80%A7%E6%95%99%E5%AD%B8%E5%85%A8%E5%9C%8B%E6%8E%A8%E5%8B%95%E8%A8%88%E7%95%AB-%E9%81%A9%E6%80%A7%E6%95%99%E5%AD%B8%E7%B8%A3%E5%B8%82%E5%B0%88%E6%A5%AD%E8%AC%9B/ HTTP/1.1" 200 52251 "-" "Mozilla/5.0 (Linux; Android 6.0.1; Nexus 5X Build/MMB29P) AppleWebKit/537.36 (KHTML, like Gecko) Chrome/151.0.7922.137 Mobile Safari/537.36 (compatible; Googlebot/2.1; +http://www.google.com/bot.html)"
140.111.67.10 - - [22/Aug/2026:12:28:19 +0800] "GET /" 301 273 "-" "-"
44.205.120.22 - - [22/Aug/2026:12:28:19 +0800] "GET /wp-content/uploads/sites/2431/2025/?C=M;O%3DA HTTP/1.1" 200 1279 "-" "Mozilla/5.0 AppleWebKit/537.36 (KHTML, like Gecko; compatible; Amazonbot/0.1; +https://developer.amazon.com/support/amazonbot) Chrome/119.0.6045.214 Safari/537.36"
34.123.149.87 - - [22/Aug/2026:12:28:19 +0800] "GET /yleerc/wp-json/wp/v2/categories/93 HTTP/1.1" 200 6555 "-" "Mozilla/5.0 (Macintosh; Intel Mac OS X 10_15_7) AppleWebKit/537.36 (KHTML, like Gecko) Chrome/120.0.0.0 Safari/537.36"
54.84.93.8 - - [22/Aug/2026:12:28:20 +0800] "GET /6492/wp-json/oembed/1.0/embed?format=xml&url=https://2blog.ilc.edu.tw/6492/2016/10/25/105-4-3-5%25e7%25a9%25ba%25e6%25b0%25a3%25e5%2593%2581%25e8%25b3%25aa%25e7%259b%25a3%25e6%25b8%25ac%25e8%259e%258d%25e5%2585%25a5%25e8%2587%25aa%25e7%2584%25b6%25e8%2588%2587%25e7%2594%259f%25e6%25b4%25bb%25e7%25a7%2591%25e6%258a%2580%25e6%2595%2599%25e5%25ad%25b8/ HTTP/1.1" 200 7380 "-" "Mozilla/5.0 AppleWebKit/537.36 (KHTML, like Gecko; compatible; Amazonbot/0.1; +https://developer.amazon.com/support/amazonbot) Chrome/119.0.6045.214 Safari/537.36"
74.7.242.54 - - [22/Aug/2026:12:28:18 +0800] "GET /26150/category/c-11220/page/10/ HTTP/1.1" 200 19453 "https://2blog.ilc.edu.tw/26150/category/c-11220/page/7/" "Mozilla/5.0 AppleWebKit/537.36 (KHTML, like Gecko; compatible; GPTBot/1.4; +https://openai.com/gptbot)"
74.7.242.54 - - [22/Aug/2026:12:28:21 +0800] "GET /daes501/2022/09/20/%e4%b8%bb%e9%a1%8c%e9%96%b1%e8%ae%80%e6%b3%b0%e9%9b%85%e5%b0%91%e5%b9%b4%e5%b7%b4%e9%9a%86/ HTTP/1.1" 200 13178 "https://2blog.ilc.edu.tw/daes501/category/%e6%88%91%e6%84%9b%e9%96%b1%e8%ae%80/" "Mozilla/5.0 AppleWebKit/537.36 (KHTML, like Gecko; compatible; GPTBot/1.4; +https://openai.com/gptbot)"
162.142.67.129 - - [22/Aug/2026:12:28:21 +0800] "GET /wp-content/uploads/sites/1962/4719/4719-916532.doc HTTP/1.1" 200 66609 "-" "Mozilla/5.0 (Macintosh; Intel Mac OS X 10_15_7) AppleWebKit/537.36 (KHTML, like Gecko) Chrome/148.0.0.0 Safari/537.36"
52.200.58.199 - - [22/Aug/2026:12:28:22 +0800] "GET /32745/wp-content/uploads/sites/1271/2022/11/1656452032785275216-500x245.jpeg HTTP/1.1" 200 43914 "-" "Mozilla/5.0 AppleWebKit/537.36 (KHTML, like Gecko; compatible; Amazonbot/0.1; +https://developer.amazon.com/support/amazonbot) Chrome/119.0.6045.214 Safari/537.36"
::1 - - [22/Aug/2026:12:28:23 +0800] "OPTIONS * HTTP/1.0" 200 110 "-" "Apache/2.4.68 (Ubuntu) OpenSSL/3.0.19 (internal dummy connection)"
2001:288:a201::66:125 - - [22/Aug/2026:12:28:23 +0800] "GET /blog/active.php HTTP/1.1" 301 1026 "-" "-"
2001:288:a201::66:125 - - [22/Aug/2026:12:28:23 +0800] "GET /blog/active.php HTTP/1.1" 404 1084 "-" "-"
74.7.242.54 - - [22/Aug/2026:12:28:21 +0800] "GET /26150/wp-json/oembed/1.0/embed?format=xml&url=https%3A%2F%2F2blog.ilc.edu.tw%2F26150%2F2022%2F05%2F17%2F%25e8%25bd%2589%25e7%259f%25a5%25e5%259c%258b%25e7%25ab%258b%25e5%25ae%259c%25e8%2598%25ad%25e9%25ab%2598%25e7%25b4%259a%25e5%2595%2586%25e6%25a5%25ad%25e8%2581%25b7%25e6%25a5%25ad%25e5%25ad%25b8%25e6%25a0%25a1%25e6%2596%25bc111%25e5%25b9%25b46-%25e6%259c%258818-19%25e6%2597%25a5%25e8%25be%25a6%25e7%2590%2586%25e3%2580%258c%2F HTTP/1.1" 200 2417 "https://2blog.ilc.edu.tw/26150/2022/05/17/%e8%bd%89%e7%9f%a5%e5%9c%8b%e7%ab%8b%e5%ae%9c%e8%98%ad%e9%ab%98%e7%b4%9a%e5%95%86%e6%a5%ad%e8%81%b7%e6%a5%ad%e5%ad%b8%e6%a0%a1%e6%96%bc111%e5%b9%b46-%e6%9c%8818-19%e6%97%a5%e8%be%a6%e7%90%86%e3%80%8c/" "Mozilla/5.0 AppleWebKit/537.36 (KHTML, like Gecko; compatible; GPTBot/1.4; +https://openai.com/gptbot)"
40.77.167.130 - - [22/Aug/2026:12:28:23 +0800] "GET /1003/?s=%E9%96%8B%E5%8F%A3%E9%96%89%E5%8F%A3+%E5%8F%B0%E8%AA%9E HTTP/1.1" 200 13787 "-" "Mozilla/5.0 AppleWebKit/537.36 (KHTML, like Gecko; compatible; bingbot/2.0; +http://www.bing.com/bingbot.htm) Chrome/116.0.1938.76 Safari/537.36"
140.111.67.10 - - [22/Aug/2026:12:28:24 +0800] "GET /" 301 273 "-" "-"
34.205.170.13 - - [22/Aug/2026:12:28:24 +0800] "GET /6460/wp-json/oembed/1.0/embed?url=https://2blog.ilc.edu.tw/6460/2019/11/13/108_3-2-7%25e5%25ae%25a4%25e5%2585%25a7%25e9%25ab%2594%25e8%2582%25b2%25e7%25a9%25ba%25e9%2596%2593%25e8%25b3%2587%25e6%25ba%2590%25e9%2581%258b%25e7%2594%25a8%25e5%258f%258a%25e5%25ae%2589%25e6%258e%2592/ HTTP/1.1" 200 8702 "-" "Mozilla/5.0 AppleWebKit/537.36 (KHTML, like Gecko; compatible; Amazonbot/0.1; +https://developer.amazon.com/support/amazonbot) Chrome/119.0.6045.214 Safari/537.36"
34.171.68.95 - - [22/Aug/2026:12:28:24 +0800] "GET /wp-json/oembed/1.0/embed?format=xml&url=https://www.jwps.ilc.edu.tw/%25e8%2587%25aa%25e6%2588%2591%25e5%25af%25a6%25e7%258f%25be%25e7%259a%2584%25e8%25a6%25aa%25e5%25b8%25ab%25e7%2594%259f%25e5%259c%2596%25e5%2583%258f/ HTTP/1.1" 200 7196 "-" "Mozilla/5.0 (Macintosh; Intel Mac OS X 10_15_7) AppleWebKit/537.36 (KHTML, like Gecko) Chrome/120.0.0.0 Safari/537.36"
74.7.242.54 - - [22/Aug/2026:12:28:23 +0800] "GET /26150/wp-json/wp/v2/posts/6543 HTTP/1.1" 200 7428 "https://2blog.ilc.edu.tw/26150/2022/05/17/%e8%bd%89%e7%9f%a5%e5%9c%8b%e7%ab%8b%e5%ae%9c%e8%98%ad%e9%ab%98%e7%b4%9a%e5%95%86%e6%a5%ad%e8%81%b7%e6%a5%ad%e5%ad%b8%e6%a0%a1%e6%96%bc111%e5%b9%b46-%e6%9c%8818-19%e6%97%a5%e8%be%a6%e7%90%86%e3%80%8c/" "Mozilla/5.0 AppleWebKit/537.36 (KHTML, like Gecko; compatible; GPTBot/1.4; +https://openai.com/gptbot)"
2a03:2880:f802:27:: - - [22/Aug/2026:12:28:23 +0800] "GET /wp-login.php?key=no4w5375&_wpnonce=&action=ilc_logout&redirect_to=https%3A%2F%2Fmushroom.joynetgame.com HTTP/1.1" 302 8260 "-" "Mozilla/5.0 (X11; Linux x86_64) AppleWebKit/537.36 (KHTML, like Gecko) Chrome/145.0.0.0 Safari/537.36 (compatible; meta-externalagent/1.1 (+https://developers.facebook.com/docs/sharing/webmasters/crawler))"
74.7.242.54 - - [22/Aug/2026:12:28:26 +0800] "GET /daes501/2025/12/12/%e9%a0%90%e7%b4%84%e4%b8%80%e5%a0%82%e6%95%99%e5%ae%a4%e8%a3%a1%e7%9a%84%e6%ba%bc%e5%9c%b0%e8%aa%b2/ HTTP/1.1" 200 13031 "https://2blog.ilc.edu.tw/daes501/2025/06/13/2105/" "Mozilla/5.0 AppleWebKit/537.36 (KHTML, like Gecko; compatible; GPTBot/1.4; +https://openai.com/gptbot)"
17.241.75.123 - - [22/Aug/2026:12:28:26 +0800] "GET /32632/2026/05/17/5-14%E6%AD%8C%E4%BB%94%E6%88%B2%E5%85%A5%E6%A0%A1diy%E9%AB%94%E9%A9%97%E6%B4%BB%E5%8B%95/ HTTP/1.1" 200 14965 "-" "Mozilla/5.0 (Macintosh; Intel Mac OS X 10_15_7) AppleWebKit/605.1.15 (KHTML, like Gecko) Version/17.4 Safari/605.1.15 (Applebot/0.1; +http://www.apple.com/go/applebot)"
52.204.37.237 - - [22/Aug/2026:12:28:26 +0800] "GET /wp-content/uploads/sites/2808/6543/6543-3722238.jpg HTTP/1.1" 200 11330 "-" "Mozilla/5.0 AppleWebKit/537.36 (KHTML, like Gecko; compatible; Amazonbot/0.1; +https://developer.amazon.com/support/amazonbot) Chrome/119.0.6045.214 Safari/537.36"
2409:40e4:4b:9232:31b4:fc0c:319c:2a99 - - [22/Aug/2026:12:28:27 +0800] "GET /868/44565/ HTTP/1.1" 200 25742 "https://2blog.ilc.edu.tw" "Mozilla/5.0 (Windows NT 10.0; Win64; x64) AppleWebKit/537.36 (KHTML, like Gecko) Chrome/142.0.0.0 Safari/537.36"
17.241.75.123 - - [22/Aug/2026:12:28:27 +0800] "GET /32632/wp-content/cache/2blog.ilc.edu.tw/wpfc-minified/qwjkkc26/9wupu.css HTTP/1.1" 200 15980 "https://2blog.ilc.edu.tw/32632/2026/05/17/5-14%e6%ad%8c%e4%bb%94%e6%88%b2%e5%85%a5%e6%a0%a1diy%e9%ab%94%e9%a9%97%e6%b4%bb%e5%8b%95/" "Mozilla/5.0 (Macintosh; Intel Mac OS X 10_15_7) AppleWebKit/605.1.15 (KHTML, like Gecko) Version/17.4 Safari/605.1.15 (Applebot/0.1; +http://www.apple.com/go/applebot)"
34.239.85.139 - - [22/Aug/2026:12:28:27 +0800] "GET /wp-content/uploads/sites/2193/6030/6030-2495367.jpg HTTP/1.1" 200 56764 "-" "Mozilla/5.0 AppleWebKit/537.36 (KHTML, like Gecko; compatible; Amazonbot/0.1; +https://developer.amazon.com/support/amazonbot) Chrome/119.0.6045.214 Safari/537.36"
2001:288:a201::66:125 - - [22/Aug/2026:12:28:28 +0800] "GET /blog/active.php HTTP/1.1" 404 1084 "-" "-"
2001:288:a201::66:125 - - [22/Aug/2026:12:28:28 +0800] "GET /blog/active.php HTTP/1.1" 301 1026 "-" "-"
74.7.242.54 - - [22/Aug/2026:12:28:26 +0800] "GET /26150/category/c-11220/page/82/ HTTP/1.1" 200 19251 "https://2blog.ilc.edu.tw/26150/category/c-11220/page/83/" "Mozilla/5.0 AppleWebKit/537.36 (KHTML, like Gecko; compatible; GPTBot/1.4; +https://openai.com/gptbot)"
52.167.144.173 - - [22/Aug/2026:12:28:28 +0800] "GET /1003/?s=%E3%83%8F%E3%82%A4%E3%82%AD%E3%83%A5%E3%83%BC%E3%81%AC%E3%82%8A%E3%81%88 HTTP/1.1" 200 13781 "-" "Mozilla/5.0 AppleWebKit/537.36 (KHTML, like Gecko; compatible; bingbot/2.0; +http://www.bing.com/bingbot.htm) Chrome/116.0.1938.76 Safari/537.36"
17.241.75.123 - - [22/Aug/2026:12:28:29 +0800] "GET /32632/wp-content/cache/2blog.ilc.edu.tw/wpfc-minified/qlc3cd35/9wupu.css HTTP/1.1" 200 40888 "https://2blog.ilc.edu.tw/32632/2026/05/17/5-14%e6%ad%8c%e4%bb%94%e6%88%b2%e5%85%a5%e6%a0%a1diy%e9%ab%94%e9%a9%97%e6%b4%bb%e5%8b%95/" "Mozilla/5.0 (Macintosh; Intel Mac OS X 10_15_7) AppleWebKit/605.1.15 (KHTML, like Gecko) Version/17.4 Safari/605.1.15 (Applebot/0.1; +http://www.apple.com/go/applebot)"
140.111.67.10 - - [22/Aug/2026:12:28:29 +0800] "GET /" 301 273 "-" "-"
2409:8c54:3810:d:203::39 - - [22/Aug/2026:12:28:29 +0800] "GET /5057 HTTP/1.1" 301 5755 "-" "Mozilla/5.0 (Windows NT 10.0; Win64; x64) AppleWebKit/537.36 (KHTML, like Gecko) Chrome/144.0.0.0 Safari/537.36"
66.249.68.166 - - [22/Aug/2026:12:28:30 +0800] "POST /wp-json/ilc-summary/v1/popular-posts HTTP/1.1" 201 6185 "https://www.najh.ilc.edu.tw/2019/12/26/%E6%95%99%E8%82%B2%E9%83%A8%E9%81%A9%E6%80%A7%E6%95%99%E5%AD%B8%E5%85%A8%E5%9C%8B%E6%8E%A8%E5%8B%95%E8%A8%88%E7%95%AB-%E9%81%A9%E6%80%A7%E6%95%99%E5%AD%B8%E7%B8%A3%E5%B8%82%E5%B0%88%E6%A5%AD%E8%AC%9B/" "Mozilla/5.0 (Linux; Android 6.0.1; Nexus 5X Build/MMB29P) AppleWebKit/537.36 (KHTML, like Gecko) Chrome/151.0.7922.137 Mobile Safari/537.36 (compatible; Googlebot/2.1; +http://www.google.com/bot.html)"
17.241.75.123 - - [22/Aug/2026:12:28:30 +0800] "GET /32632/wp-content/cache/2blog.ilc.edu.tw/wpfc-minified/oa9yl5y/9wupu.js HTTP/1.1" 200 35565 "https://2blog.ilc.edu.tw/32632/2026/05/17/5-14%e6%ad%8c%e4%bb%94%e6%88%b2%e5%85%a5%e6%a0%a1diy%e9%ab%94%e9%a9%97%e6%b4%bb%e5%8b%95/" "Mozilla/5.0 (Macintosh; Intel Mac OS X 10_15_7) AppleWebKit/605.1.15 (KHTML, like Gecko) Version/17.4 Safari/605.1.15 (Applebot/0.1; +http://www.apple.com/go/applebot)"
74.7.242.54 - - [22/Aug/2026:12:28:28 +0800] "GET /26150/category/c-11220/page/81/ HTTP/1.1" 200 19154 "https://2blog.ilc.edu.tw/26150/category/c-11220/page/83/" "Mozilla/5.0 AppleWebKit/537.36 (KHTML, like Gecko; compatible; GPTBot/1.4; +https://openai.com/gptbot)"
34.123.149.87 - - [22/Aug/2026:12:28:31 +0800] "GET /wp-json/wp/v2/posts/1198 HTTP/1.1" 200 8434 "-" "Mozilla/5.0 (Macintosh; Intel Mac OS X 10_15_7) AppleWebKit/537.36 (KHTML, like Gecko) Chrome/120.0.0.0 Safari/537.36"
2001:288:a201::67:82 - - [22/Aug/2026:12:28:30 +0800] "POST /26150/category/c-11220/page/81/?fsm_edd_37394=dd740a13461d47283ef8d1a24293dfb8 HTTP/1.1" 200 13008 "-" "WordPress/6.6.7; https://2blog.ilc.edu.tw/26150"
17.241.75.123 - - [22/Aug/2026:12:28:32 +0800] "GET /32632/wp-content/cache/2blog.ilc.edu.tw/wpfc-minified/jy5t24px/9wupu.css HTTP/1.1" 200 8832 "https://2blog.ilc.edu.tw/32632/2026/05/17/5-14%e6%ad%8c%e4%bb%94%e6%88%b2%e5%85%a5%e6%a0%a1diy%e9%ab%94%e9%a9%97%e6%b4%bb%e5%8b%95/" "Mozilla/5.0 (Macintosh; Intel Mac OS X 10_15_7) AppleWebKit/605.1.15 (KHTML, like Gecko) Version/17.4 Safari/605.1.15 (Applebot/0.1; +http://www.apple.com/go/applebot)"
240e:95a:300:1:be06:333a:7cc8:11 - - [22/Aug/2026:12:28:32 +0800] "GET /amy6998/wp-content/cache/2blog.ilc.edu.tw/wpfc-minified/kl5cpbrr/5woi5.css HTTP/1.1" 200 20774 "https://2blog.ilc.edu.tw/amy6998/author/ningerh36/" "Mozilla/5.0 (Windows NT 10.0; Win64; x64) AppleWebKit/537.36 (KHTML, like Gecko) Chrome/144.0.0.0 Safari/537.36"
240e:95a:300:1:be06:333a:7cc8:11 - - [22/Aug/2026:12:28:32 +0800] "GET /amy6998/wp-content/cache/2blog.ilc.edu.tw/wpfc-minified/dt4ne1cd/5woi5.css HTTP/1.1" 200 23807 "https://2blog.ilc.edu.tw/amy6998/author/ningerh36/" "Mozilla/5.0 (Windows NT 10.0; Win64; x64) AppleWebKit/537.36 (KHTML, like Gecko) Chrome/144.0.0.0 Safari/537.36"
240e:95a:300:1:be06:333a:7cc8:11 - - [22/Aug/2026:12:28:32 +0800] "GET /amy6998/wp-content/cache/2blog.ilc.edu.tw/wpfc-minified/duwu2tg8/5wslx.css HTTP/1.1" 200 18851 "https://2blog.ilc.edu.tw/amy6998/author/ningerh36/" "Mozilla/5.0 (Windows NT 10.0; Win64; x64) AppleWebKit/537.36 (KHTML, like Gecko) Chrome/144.0.0.0 Safari/537.36"
240e:95a:300:1:be06:333a:7cc8:11 - - [22/Aug/2026:12:28:32 +0800] "GET /amy6998/wp-content/cache/2blog.ilc.edu.tw/wpfc-minified/kptx27zr/5woi5.js HTTP/1.1" 200 40364 "https://2blog.ilc.edu.tw/amy6998/author/ningerh36/" "Mozilla/5.0 (Windows NT 10.0; Win64; x64) AppleWebKit/537.36 (KHTML, like Gecko) Chrome/144.0.0.0 Safari/537.36"
240e:95a:300:1:be06:333a:7cc8:11 - - [22/Aug/2026:12:28:32 +0800] "GET /amy6998/wp-content/cache/2blog.ilc.edu.tw/wpfc-minified/9l9oa73z/5woi5.js HTTP/1.1" 200 8253 "https://2blog.ilc.edu.tw/amy6998/author/ningerh36/" "Mozilla/5.0 (Windows NT 10.0; Win64; x64) AppleWebKit/537.36 (KHTML, like Gecko) Chrome/144.0.0.0 Safari/537.36"
2409:8c54:3810:d:203::39 - - [22/Aug/2026:12:28:33 +0800] "GET /5057/ HTTP/1.1" 200 8901 "-" "Mozilla/5.0 (Windows NT 10.0; Win64; x64) AppleWebKit/537.36 (KHTML, like Gecko) Chrome/144.0.0.0 Safari/537.36"
40.77.167.65 - - [22/Aug/2026:12:28:32 +0800] "GET /?s=%E6%9C%83%E8%A8%88%E7%A0%94%E7%A9%B6%E6%89%80+%E6%95%99%E5%AD%B8%E8%B3%87%E6%BA%90 HTTP/1.1" 200 20514 "-" "Mozilla/5.0 AppleWebKit/537.36 (KHTML, like Gecko; compatible; bingbot/2.0; +http://www.bing.com/bingbot.htm) Chrome/116.0.1938.76 Safari/537.36"
2409:8c28:5460:902::40 - - [22/Aug/2026:12:28:33 +0800] "GET /wp-content/cache/www.daes.ilc.edu.tw/wpfc-minified/fde0jnib/73ws.css HTTP/1.1" 200 5959 "https://www.daes.ilc.edu.tw/2016/page/2/" "Mozilla/5.0 (Windows NT 10.0; Win64; x64) AppleWebKit/537.36 (KHTML, like Gecko) Chrome/144.0.0.0 Safari/537.36"
2409:8c28:5460:902::40 - - [22/Aug/2026:12:28:33 +0800] "GET /wp-content/cache/www.daes.ilc.edu.tw/wpfc-minified/1pa6d9is/73ws.css HTTP/1.1" 200 66106 "https://www.daes.ilc.edu.tw/2016/page/2/" "Mozilla/5.0 (Windows NT 10.0; Win64; x64) AppleWebKit/537.36 (KHTML, like Gecko) Chrome/144.0.0.0 Safari/537.36"
240e:95a:300:1:be06:333a:7cc8:11 - - [22/Aug/2026:12:28:33 +0800] "GET /amy6998/wp-content/themes/hueman/assets/front/webfonts/fa-regular-400.woff2?v=5.15.2 HTTP/1.1" 200 14439 "https://2blog.ilc.edu.tw/amy6998/author/ningerh36/" "Mozilla/5.0 (Windows NT 10.0; Win64; x64) AppleWebKit/537.36 (KHTML, like Gecko) Chrome/144.0.0.0 Safari/537.36"
240e:95a:300:1:be06:333a:7cc8:11 - - [22/Aug/2026:12:28:33 +0800] "GET /amy6998/wp-content/themes/hueman/assets/front/fonts/titillium-light-webfont.woff HTTP/1.1" 200 25606 "https://2blog.ilc.edu.tw/amy6998/author/ningerh36/" "Mozilla/5.0 (Windows NT 10.0; Win64; x64) AppleWebKit/537.36 (KHTML, like Gecko) Chrome/144.0.0.0 Safari/537.36"
2409:8c54:3810:d:203::39 - - [22/Aug/2026:12:28:33 +0800] "GET /5057/wp-content/cache/2blog.ilc.edu.tw/wpfc-minified/224o5m8u/83jsf.css HTTP/1.1" 200 40886 "https://2blog.ilc.edu.tw/5057/" "Mozilla/5.0 (Windows NT 10.0; Win64; x64) AppleWebKit/537.36 (KHTML, like Gecko) Chrome/144.0.0.0 Safari/537.36"
2409:8c28:5460:902::40 - - [22/Aug/2026:12:28:33 +0800] "GET /wp-includes/js/hoverintent-js.min.js HTTP/1.1" 200 6399 "https://www.daes.ilc.edu.tw/2016/page/2/" "Mozilla/5.0 (Windows NT 10.0; Win64; x64) AppleWebKit/537.36 (KHTML, like Gecko) Chrome/144.0.0.0 Safari/537.36"
40.77.167.65 - - [22/Aug/2026:12:28:33 +0800] "GET /?s=%E9%BD%81%E7%94%B2+%E7%BE%85%E9%A6%AC%E6%8B%BC%E9%9F%B3 HTTP/1.1" 200 15608 "-" "Mozilla/5.0 AppleWebKit/537.36 (KHTML, like Gecko; compatible; bingbot/2.0; +http://www.bing.com/bingbot.htm) Chrome/116.0.1938.76 Safari/537.36"
2409:8c28:5460:902::40 - - [22/Aug/2026:12:28:33 +0800] "GET /wp-includes/js/admin-bar.min.js HTTP/1.1" 200 2237 "https://www.daes.ilc.edu.tw/2016/page/2/" "Mozilla/5.0 (Windows NT 10.0; Win64; x64) AppleWebKit/537.36 (KHTML, like Gecko) Chrome/144.0.0.0 Safari/537.36"
17.241.75.123 - - [22/Aug/2026:12:28:33 +0800] "GET /32632/wp-includes/js/admin-bar.min.js HTTP/1.1" 200 2237 "https://2blog.ilc.edu.tw/32632/2026/05/17/5-14%e6%ad%8c%e4%bb%94%e6%88%b2%e5%85%a5%e6%a0%a1diy%e9%ab%94%e9%a9%97%e6%b4%bb%e5%8b%95/" "Mozilla/5.0 (Macintosh; Intel Mac OS X 10_15_7) AppleWebKit/605.1.15 (KHTML, like Gecko) Version/17.4 Safari/605.1.15 (Applebot/0.1; +http://www.apple.com/go/applebot)"
240e:95a:300:1:be06:333a:7cc8:11 - - [22/Aug/2026:12:28:33 +0800] "GET /amy6998/wp-content/themes/hueman/assets/front/fonts/titillium-lightitalic-webfont.woff HTTP/1.1" 200 27654 "https://2blog.ilc.edu.tw/amy6998/author/ningerh36/" "Mozilla/5.0 (Windows NT 10.0; Win64; x64) AppleWebKit/537.36 (KHTML, like Gecko) Chrome/144.0.0.0 Safari/537.36"
240e:95a:300:1:be06:333a:7cc8:11 - - [22/Aug/2026:12:28:33 +0800] "GET /amy6998/wp-content/themes/hueman/assets/front/fonts/titillium-regular-webfont.woff HTTP/1.1" 200 25590 "https://2blog.ilc.edu.tw/amy6998/author/ningerh36/" "Mozilla/5.0 (Windows NT 10.0; Win64; x64) AppleWebKit/537.36 (KHTML, like Gecko) Chrome/144.0.0.0 Safari/537.36"
240e:95a:300:1:be06:333a:7cc8:11 - - [22/Aug/2026:12:28:33 +0800] "GET /amy6998/wp-content/themes/hueman/assets/front/fonts/titillium-regularitalic-webfont.woff HTTP/1.1" 200 27482 "https://2blog.ilc.edu.tw/amy6998/author/ningerh36/" "Mozilla/5.0 (Windows NT 10.0; Win64; x64) AppleWebKit/537.36 (KHTML, like Gecko) Chrome/144.0.0.0 Safari/537.36"
2409:8c54:3810:d:203::39 - - [22/Aug/2026:12:28:33 +0800] "GET /5057/wp-content/cache/2blog.ilc.edu.tw/wpfc-minified/keg0pnzi/83jsf.css HTTP/1.1" 200 15782 "https://2blog.ilc.edu.tw/5057/" "Mozilla/5.0 (Windows NT 10.0; Win64; x64) AppleWebKit/537.36 (KHTML, like Gecko) Chrome/144.0.0.0 Safari/537.36"
74.7.242.54 - - [22/Aug/2026:12:28:32 +0800] "GET /26150/category/c-11220/page/80/ HTTP/1.1" 200 19294 "https://2blog.ilc.edu.tw/26150/category/c-11220/page/83/" "Mozilla/5.0 AppleWebKit/537.36 (KHTML, like Gecko; compatible; GPTBot/1.4; +https://openai.com/gptbot)"
2409:8c28:5460:902::40 - - [22/Aug/2026:12:28:33 +0800] "GET /wp-includes/js/imagesloaded.min.js HTTP/1.1" 200 2683 "https://www.daes.ilc.edu.tw/2016/page/2/" "Mozilla/5.0 (Windows NT 10.0; Win64; x64) AppleWebKit/537.36 (KHTML, like Gecko) Chrome/144.0.0.0 Safari/537.36"
2409:8c28:5460:902::40 - - [22/Aug/2026:12:28:33 +0800] "GET /wp-content/themes/oceanwp/assets/js/theme.min.js HTTP/1.1" 200 5130 "https://www.daes.ilc.edu.tw/2016/page/2/" "Mozilla/5.0 (Windows NT 10.0; Win64; x64) AppleWebKit/537.36 (KHTML, like Gecko) Chrome/144.0.0.0 Safari/537.36"
2409:8c28:5460:902::40 - - [22/Aug/2026:12:28:33 +0800] "GET /wp-content/themes/oceanwp/assets/js/drop-down-mobile-menu.min.js HTTP/1.1" 200 4663 "https://www.daes.ilc.edu.tw/2016/page/2/" "Mozilla/5.0 (Windows NT 10.0; Win64; x64) AppleWebKit/537.36 (KHTML, like Gecko) Chrome/144.0.0.0 Safari/537.36"
240e:95a:300:1:be06:333a:7cc8:11 - - [22/Aug/2026:12:28:33 +0800] "GET /amy6998/wp-content/themes/hueman/assets/front/fonts/titillium-semibold-webfont.woff HTTP/1.1" 200 25626 "https://2blog.ilc.edu.tw/amy6998/author/ningerh36/" "Mozilla/5.0 (Windows NT 10.0; Win64; x64) AppleWebKit/537.36 (KHTML, like Gecko) Chrome/144.0.0.0 Safari/537.36"
2409:8c54:3810:d:203::39 - - [22/Aug/2026:12:28:33 +0800] "GET /5057/wp-content/cache/2blog.ilc.edu.tw/wpfc-minified/fomobnds/83jsf.css HTTP/1.1" 200 1157 "https://2blog.ilc.edu.tw/5057/" "Mozilla/5.0 (Windows NT 10.0; Win64; x64) AppleWebKit/537.36 (KHTML, like Gecko) Chrome/144.0.0.0 Safari/537.36"
2409:8c28:5460:902::40 - - [22/Aug/2026:12:28:34 +0800] "GET /wp-content/themes/oceanwp/assets/fonts/simple-line-icons/Simple-Line-Icons.woff2?v=2.4.0 HTTP/1.1" 200 30959 "https://www.daes.ilc.edu.tw/wp-content/cache/www.daes.ilc.edu.tw/wpfc-minified/1pa6d9is/73ws.css" "Mozilla/5.0 (Windows NT 10.0; Win64; x64) AppleWebKit/537.36 (KHTML, like Gecko) Chrome/144.0.0.0 Safari/537.36"
2409:8c28:5460:902::40 - - [22/Aug/2026:12:28:34 +0800] "GET /wp-content/themes/oceanwp/assets/js/vendors/magnific-popup.min.js HTTP/1.1" 200 8270 "https://www.daes.ilc.edu.tw/2016/page/2/" "Mozilla/5.0 (Windows NT 10.0; Win64; x64) AppleWebKit/537.36 (KHTML, like Gecko) Chrome/144.0.0.0 Safari/537.36"
2409:8c28:5460:902::40 - - [22/Aug/2026:12:28:34 +0800] "GET /wp-content/themes/oceanwp/assets/js/ow-lightbox.min.js HTTP/1.1" 200 2321 "https://www.daes.ilc.edu.tw/2016/page/2/" "Mozilla/5.0 (Windows NT 10.0; Win64; x64) AppleWebKit/537.36 (KHTML, like Gecko) Chrome/144.0.0.0 Safari/537.36"
2409:8c54:3810:d:203::39 - - [22/Aug/2026:12:28:34 +0800] "GET /5057/wp-content/cache/2blog.ilc.edu.tw/wpfc-minified/1fwbr6xn/83jsf.css HTTP/1.1" 200 54289 "https://2blog.ilc.edu.tw/5057/" "Mozilla/5.0 (Windows NT 10.0; Win64; x64) AppleWebKit/537.36 (KHTML, like Gecko) Chrome/144.0.0.0 Safari/537.36"
240e:95a:300:1:be06:333a:7cc8:11 - - [22/Aug/2026:12:28:34 +0800] "GET /amy6998/wp-includes/js/hoverintent-js.min.js HTTP/1.1" 200 1597 "https://2blog.ilc.edu.tw/amy6998/author/ningerh36/" "Mozilla/5.0 (Windows NT 10.0; Win64; x64) AppleWebKit/537.36 (KHTML, like Gecko) Chrome/144.0.0.0 Safari/537.36"
2409:8c28:5460:902::40 - - [22/Aug/2026:12:28:34 +0800] "GET /wp-content/themes/oceanwp/assets/js/vendors/flickity.pkgd.min.js HTTP/1.1" 200 19850 "https://www.daes.ilc.edu.tw/2016/page/2/" "Mozilla/5.0 (Windows NT 10.0; Win64; x64) AppleWebKit/537.36 (KHTML, like Gecko) Chrome/144.0.0.0 Safari/537.36"
2409:8c28:5460:902::40 - - [22/Aug/2026:12:28:34 +0800] "GET /wp-content/themes/oceanwp/assets/js/ow-slider.min.js HTTP/1.1" 200 6563 "https://www.daes.ilc.edu.tw/2016/page/2/" "Mozilla/5.0 (Windows NT 10.0; Win64; x64) AppleWebKit/537.36 (KHTML, like Gecko) Chrome/144.0.0.0 Safari/537.36"
2409:8c28:5460:902::40 - - [22/Aug/2026:12:28:34 +0800] "GET /wp-content/themes/oceanwp/assets/js/scroll-effect.min.js HTTP/1.1" 200 4127 "https://www.daes.ilc.edu.tw/2016/page/2/" "Mozilla/5.0 (Windows NT 10.0; Win64; x64) AppleWebKit/537.36 (KHTML, like Gecko) Chrome/144.0.0.0 Safari/537.36"
2409:8c28:5460:902::40 - - [22/Aug/2026:12:28:34 +0800] "GET /wp-content/themes/oceanwp/assets/js/scroll-top.min.js HTTP/1.1" 200 3202 "https://www.daes.ilc.edu.tw/2016/page/2/" "Mozilla/5.0 (Windows NT 10.0; Win64; x64) AppleWebKit/537.36 (KHTML, like Gecko) Chrome/144.0.0.0 Safari/537.36"
2409:8c54:3810:d:203::39 - - [22/Aug/2026:12:28:34 +0800] "GET /5057/wp-content/cache/2blog.ilc.edu.tw/wpfc-minified/fdzq411/83jsf.js HTTP/1.1" 200 35562 "https://2blog.ilc.edu.tw/5057/" "Mozilla/5.0 (Windows NT 10.0; Win64; x64) AppleWebKit/537.36 (KHTML, like Gecko) Chrome/144.0.0.0 Safari/537.36"
2409:8c28:5460:902::40 - - [22/Aug/2026:12:28:34 +0800] "GET /wp-content/themes/oceanwp/assets/js/select.min.js HTTP/1.1" 200 2408 "https://www.daes.ilc.edu.tw/2016/page/2/" "Mozilla/5.0 (Windows NT 10.0; Win64; x64) AppleWebKit/537.36 (KHTML, like Gecko) Chrome/144.0.0.0 Safari/537.36"
240e:95a:300:1:be06:333a:7cc8:11 - - [22/Aug/2026:12:28:34 +0800] "GET /amy6998/wp-includes/js/admin-bar.min.js HTTP/1.1" 200 2237 "https://2blog.ilc.edu.tw/amy6998/author/ningerh36/" "Mozilla/5.0 (Windows NT 10.0; Win64; x64) AppleWebKit/537.36 (KHTML, like Gecko) Chrome/144.0.0.0 Safari/537.36"
240e:95a:300:1:be06:333a:7cc8:11 - - [22/Aug/2026:12:28:33 +0800] "GET /amy6998/wp-content/themes/hueman/assets/front/webfonts/fa-brands-400.woff2?v=5.15.2 HTTP/1.1" 200 79499 "https://2blog.ilc.edu.tw/amy6998/author/ningerh36/" "Mozilla/5.0 (Windows NT 10.0; Win64; x64) AppleWebKit/537.36 (KHTML, like Gecko) Chrome/144.0.0.0 Safari/537.36"
2409:8c28:5460:902::40 - - [22/Aug/2026:12:28:34 +0800] "GET /wp-content/plugins/ocean-extra/includes/widgets/js/flickr.min.js HTTP/1.1" 200 1319 "https://www.daes.ilc.edu.tw/2016/page/2/" "Mozilla/5.0 (Windows NT 10.0; Win64; x64) AppleWebKit/537.36 (KHTML, like Gecko) Chrome/144.0.0.0 Safari/537.36"
2409:8c54:3810:d:203::39 - - [22/Aug/2026:12:28:34 +0800] "GET /5057/wp-includes/js/hoverintent-js.min.js HTTP/1.1" 200 1597 "https://2blog.ilc.edu.tw/5057/" "Mozilla/5.0 (Windows NT 10.0; Win64; x64) AppleWebKit/537.36 (KHTML, like Gecko) Chrome/144.0.0.0 Safari/537.36"
2409:8c54:3810:d:203::39 - - [22/Aug/2026:12:28:34 +0800] "GET /5057/wp-includes/js/admin-bar.min.js HTTP/1.1" 200 2237 "https://2blog.ilc.edu.tw/5057/" "Mozilla/5.0 (Windows NT 10.0; Win64; x64) AppleWebKit/537.36 (KHTML, like Gecko) Chrome/144.0.0.0 Safari/537.36"
2409:8c28:5460:902::40 - - [22/Aug/2026:12:28:34 +0800] "GET /wp-content/uploads/sites/1603/2020/04/%E6%9D%B1%E6%BE%B3.png HTTP/1.1" 200 5454 "https://www.daes.ilc.edu.tw/2016/page/2/" "Mozilla/5.0 (Windows NT 10.0; Win64; x64) AppleWebKit/537.36 (KHTML, like Gecko) Chrome/144.0.0.0 Safari/537.36"
240e:95a:300:1:be06:333a:7cc8:11 - - [22/Aug/2026:12:28:34 +0800] "GET /amy6998/wp-includes/js/underscore.min.js HTTP/1.1" 200 8191 "https://2blog.ilc.edu.tw/amy6998/author/ningerh36/" "Mozilla/5.0 (Windows NT 10.0; Win64; x64) AppleWebKit/537.36 (KHTML, like Gecko) Chrome/144.0.0.0 Safari/537.36"
240e:95a:300:1:be06:333a:7cc8:11 - - [22/Aug/2026:12:28:34 +0800] "GET /amy6998/wp-content/themes/hueman/assets/front/js/scripts.min.js HTTP/1.1" 200 22643 "https://2blog.ilc.edu.tw/amy6998/author/ningerh36/" "Mozilla/5.0 (Windows NT 10.0; Win64; x64) AppleWebKit/537.36 (KHTML, like Gecko) Chrome/144.0.0.0 Safari/537.36"
2409:8c54:3810:d:203::39 - - [22/Aug/2026:12:28:35 +0800] "GET /5057/wp-content/themes/oceanwp/assets/fonts/simple-line-icons/Simple-Line-Icons.woff2?v=2.4.0 HTTP/1.1" 200 30959 "https://2blog.ilc.edu.tw/5057/wp-content/cache/2blog.ilc.edu.tw/wpfc-minified/1fwbr6xn/83jsf.css" "Mozilla/5.0 (Windows NT 10.0; Win64; x64) AppleWebKit/537.36 (KHTML, like Gecko) Chrome/144.0.0.0 Safari/537.36"
17.241.75.123 - - [22/Aug/2026:12:28:35 +0800] "GET /32632/wp-includes/js/hoverintent-js.min.js HTTP/1.1" 200 1597 "https://2blog.ilc.edu.tw/32632/2026/05/17/5-14%e6%ad%8c%e4%bb%94%e6%88%b2%e5%85%a5%e6%a0%a1diy%e9%ab%94%e9%a9%97%e6%b4%bb%e5%8b%95/" "Mozilla/5.0 (Macintosh; Intel Mac OS X 10_15_7) AppleWebKit/605.1.15 (KHTML, like Gecko) Version/17.4 Safari/605.1.15 (Applebot/0.1; +http://www.apple.com/go/applebot)"
2001:288:a201::66:125 - - [22/Aug/2026:12:28:35 +0800] "GET /blog/active.php HTTP/1.1" 404 1084 "-" "-"
2001:288:a201::66:125 - - [22/Aug/2026:12:28:35 +0800] "GET /blog/active.php HTTP/1.1" 301 1026 "-" "-"
2409:8c54:3810:d:203::39 - - [22/Aug/2026:12:28:35 +0800] "GET /5057/wp-content/themes/oceanwp/assets/fonts/fontawesome/webfonts/fa-solid-900.woff2 HTTP/1.1" 200 151246 "https://2blog.ilc.edu.tw/5057/wp-content/cache/2blog.ilc.edu.tw/wpfc-minified/1fwbr6xn/83jsf.css" "Mozilla/5.0 (Windows NT 10.0; Win64; x64) AppleWebKit/537.36 (KHTML, like Gecko) Chrome/144.0.0.0 Safari/537.36"
2409:8c54:3810:d:203::39 - - [22/Aug/2026:12:28:35 +0800] "GET /5057/wp-includes/js/imagesloaded.min.js HTTP/1.1" 200 3022 "https://2blog.ilc.edu.tw/5057/" "Mozilla/5.0 (Windows NT 10.0; Win64; x64) AppleWebKit/537.36 (KHTML, like Gecko) Chrome/144.0.0.0 Safari/537.36"
2409:8c54:3810:d:203::39 - - [22/Aug/2026:12:28:35 +0800] "GET /5057/wp-content/themes/oceanwp/assets/js/drop-down-mobile-menu.min.js HTTP/1.1" 200 5002 "https://2blog.ilc.edu.tw/5057/" "Mozilla/5.0 (Windows NT 10.0; Win64; x64) AppleWebKit/537.36 (KHTML, like Gecko) Chrome/144.0.0.0 Safari/537.36"
2409:8c54:3810:d:203::39 - - [22/Aug/2026:12:28:35 +0800] "GET /5057/wp-content/themes/oceanwp/assets/js/drop-down-search.min.js HTTP/1.1" 200 7762 "https://2blog.ilc.edu.tw/5057/" "Mozilla/5.0 (Windows NT 10.0; Win64; x64) AppleWebKit/537.36 (KHTML, like Gecko) Chrome/144.0.0.0 Safari/537.36"
2409:8c54:3810:d:203::39 - - [22/Aug/2026:12:28:35 +0800] "GET /5057/wp-content/themes/oceanwp/assets/js/theme.min.js HTTP/1.1" 200 9924 "https://2blog.ilc.edu.tw/5057/" "Mozilla/5.0 (Windows NT 10.0; Win64; x64) AppleWebKit/537.36 (KHTML, like Gecko) Chrome/144.0.0.0 Safari/537.36"
140.111.67.10 - - [22/Aug/2026:12:28:35 +0800] "GET /" 301 273 "-" "-"
2409:8c54:3810:d:203::39 - - [22/Aug/2026:12:28:35 +0800] "GET /5057/wp-content/themes/oceanwp/assets/js/vendors/magnific-popup.min.js HTTP/1.1" 200 8270 "https://2blog.ilc.edu.tw/5057/" "Mozilla/5.0 (Windows NT 10.0; Win64; x64) AppleWebKit/537.36 (KHTML, like Gecko) Chrome/144.0.0.0 Safari/537.36"
2409:8c54:3810:d:203::39 - - [22/Aug/2026:12:28:35 +0800] "GET /5057/wp-content/themes/oceanwp/assets/js/ow-lightbox.min.js HTTP/1.1" 200 2321 "https://2blog.ilc.edu.tw/5057/" "Mozilla/5.0 (Windows NT 10.0; Win64; x64) AppleWebKit/537.36 (KHTML, like Gecko) Chrome/144.0.0.0 Safari/537.36"
2409:8c54:3810:d:203::39 - - [22/Aug/2026:12:28:35 +0800] "GET /5057/wp-content/themes/oceanwp/assets/js/ow-slider.min.js HTTP/1.1" 200 1761 "https://2blog.ilc.edu.tw/5057/" "Mozilla/5.0 (Windows NT 10.0; Win64; x64) AppleWebKit/537.36 (KHTML, like Gecko) Chrome/144.0.0.0 Safari/537.36"
2409:8c54:3810:d:203::39 - - [22/Aug/2026:12:28:35 +0800] "GET /5057/wp-content/themes/oceanwp/assets/js/vendors/flickity.pkgd.min.js HTTP/1.1" 200 15048 "https://2blog.ilc.edu.tw/5057/" "Mozilla/5.0 (Windows NT 10.0; Win64; x64) AppleWebKit/537.36 (KHTML, like Gecko) Chrome/144.0.0.0 Safari/537.36"
2409:8c54:3810:d:203::39 - - [22/Aug/2026:12:28:35 +0800] "GET /5057/wp-content/themes/oceanwp/assets/js/scroll-effect.min.js HTTP/1.1" 200 8921 "https://2blog.ilc.edu.tw/5057/" "Mozilla/5.0 (Windows NT 10.0; Win64; x64) AppleWebKit/537.36 (KHTML, like Gecko) Chrome/144.0.0.0 Safari/537.36"
2409:8c54:3810:d:203::39 - - [22/Aug/2026:12:28:35 +0800] "GET /5057/wp-content/themes/oceanwp/assets/js/scroll-top.min.js HTTP/1.1" 200 3202 "https://2blog.ilc.edu.tw/5057/" "Mozilla/5.0 (Windows NT 10.0; Win64; x64) AppleWebKit/537.36 (KHTML, like Gecko) Chrome/144.0.0.0 Safari/537.36"
2409:8c54:3810:d:203::39 - - [22/Aug/2026:12:28:35 +0800] "GET /5057/wp-content/themes/oceanwp/assets/js/select.min.js HTTP/1.1" 200 2408 "https://2blog.ilc.edu.tw/5057/" "Mozilla/5.0 (Windows NT 10.0; Win64; x64) AppleWebKit/537.36 (KHTML, like Gecko) Chrome/144.0.0.0 Safari/537.36"
66.249.71.167 - - [22/Aug/2026:12:28:35 +0800] "GET /efesbetegir.com/starzbetxresmi/?paged=23 HTTP/1.1" 200 28964 "-" "Mozilla/5.0 (Linux; Android 6.0.1; Nexus 5X Build/MMB29P) AppleWebKit/537.36 (KHTML, like Gecko) Chrome/151.0.7922.137 Mobile Safari/537.36 (compatible; Googlebot/2.1; +http://www.google.com/bot.html)"
2409:8c54:3810:d:203::39 - - [22/Aug/2026:12:28:35 +0800] "GET /favicon.ico HTTP/1.1" 302 901 "https://2blog.ilc.edu.tw/5057/" "Mozilla/5.0 (Windows NT 10.0; Win64; x64) AppleWebKit/537.36 (KHTML, like Gecko) Chrome/144.0.0.0 Safari/537.36"
74.7.242.54 - - [22/Aug/2026:12:28:34 +0800] "GET /26150/category/c-11220/page/11/ HTTP/1.1" 200 19465 "https://2blog.ilc.edu.tw/26150/category/c-11220/page/8/" "Mozilla/5.0 AppleWebKit/537.36 (KHTML, like Gecko; compatible; GPTBot/1.4; +https://openai.com/gptbot)"
104.248.51.26 - - [22/Aug/2026:12:28:36 +0800] "GET /blog/blog/868/resource/11550/download/123635 HTTP/1.1" 301 1084 "https://2blog.ilc.edu.tw/" "Mozilla/5.0 (Windows NT 10.0; Win64; x64) AppleWebKit/537.36 (KHTML, like Gecko) Chrome/109.0.0.0 Safari/537.36"
157.230.2.63 - - [22/Aug/2026:12:28:36 +0800] "GET /blog/gallery/4024/previews/4024-3767210.jpg HTTP/1.1" 301 1082 "http://blog.ilc.edu.tw/" "Mozilla/5.0 (Windows NT 10.0; Win64; x64) AppleWebKit/537.36 (KHTML, like Gecko) Chrome/108.0.0.0 Safari/537.36"
54.145.82.217 - - [22/Aug/2026:12:28:36 +0800] "GET /wp-content/uploads/sites/156/?C=D;O%3DD HTTP/1.1" 200 1274 "-" "Mozilla/5.0 AppleWebKit/537.36 (KHTML, like Gecko; compatible; Amazonbot/0.1; +https://developer.amazon.com/support/amazonbot) Chrome/119.0.6045.214 Safari/537.36"
2409:8c54:3810:d:203::39 - - [22/Aug/2026:12:28:36 +0800] "GET /wp-includes/images/w-logo-blue-white-bg.png HTTP/1.1" 200 4946 "https://2blog.ilc.edu.tw/5057/" "Mozilla/5.0 (Windows NT 10.0; Win64; x64) AppleWebKit/537.36 (KHTML, like Gecko) Chrome/144.0.0.0 Safari/537.36"
143.198.183.127 - - [22/Aug/2026:12:28:36 +0800] "GET /blog/gallery/19900/19900-3602306.jpg HTTP/1.1" 301 1068 "http://blog.ilc.edu.tw/" "Mozilla/5.0 (Windows NT 10.0; Win64; x64) AppleWebKit/537.36 (KHTML, like Gecko) Chrome/117.0.0.0 Safari/537.36"
34.30.223.149 - - [22/Aug/2026:12:28:36 +0800] "GET /6574/wp-json/oembed/1.0/embed?format=xml&url=https://2blog.ilc.edu.tw/6574/2016/11/06/%25e5%259f%25ba%25e6%259c%25ac%25e8%25b3%2587%25e6%2596%2599-2/ HTTP/1.1" 200 7065 "-" "Mozilla/5.0 (Macintosh; Intel Mac OS X 10_15_7) AppleWebKit/537.36 (KHTML, like Gecko) Chrome/120.0.0.0 Safari/537.36"
34.56.53.225 - - [22/Aug/2026:12:28:36 +0800] "GET /blog/gallery/40020/previews/40020-4248267.pdf HTTP/1.1" 404 25293 "-" "Mozilla/5.0 (Macintosh; Intel Mac OS X 10_15_7) AppleWebKit/537.36 (KHTML, like Gecko) Chrome/120.0.0.0 Safari/537.36"
17.241.75.123 - - [22/Aug/2026:12:28:36 +0800] "POST /32632/wp-json/ilc-summary/v1/popular-posts HTTP/1.1" 201 1402 "https://2blog.ilc.edu.tw/32632/2026/05/17/5-14%e6%ad%8c%e4%bb%94%e6%88%b2%e5%85%a5%e6%a0%a1diy%e9%ab%94%e9%a9%97%e6%b4%bb%e5%8b%95/" "Mozilla/5.0 (Macintosh; Intel Mac OS X 10_15_7) AppleWebKit/605.1.15 (KHTML, like Gecko) Version/17.4 Safari/605.1.15 (Applebot/0.1; +http://www.apple.com/go/applebot)"
74.7.242.54 - - [22/Aug/2026:12:28:36 +0800] "GET /daes501/wp-json/oembed/1.0/embed?format=xml&url=https%3A%2F%2F2blog.ilc.edu.tw%2Fdaes501%2F2025%2F10%2F02%2F%25e5%258e%259f%25e4%25bd%258f%25e6%25b0%2591%25e5%25af%25a6%25e9%25a9%2597%25e6%2595%2599%25e8%2582%25b2%25e5%2588%2586%25e4%25ba%25ab%25e6%259c%2583%2F HTTP/1.1" 200 2282 "https://2blog.ilc.edu.tw/daes501/2025/10/02/%e5%8e%9f%e4%bd%8f%e6%b0%91%e5%af%a6%e9%a9%97%e6%95%99%e8%82%b2%e5%88%86%e4%ba%ab%e6%9c%83/" "Mozilla/5.0 AppleWebKit/537.36 (KHTML, like Gecko; compatible; GPTBot/1.4; +https://openai.com/gptbot)"
143.244.175.88 - - [22/Aug/2026:12:28:37 +0800] "GET /blog/gallery/36232/previews-med/36232-3979377.jpg HTTP/1.1" 404 25426 "http://blog.ilc.edu.tw/" "Mozilla/5.0 (Windows NT 10.0; Win64; x64) AppleWebKit/537.36 (KHTML, like Gecko) Chrome/117.0.0.0 Safari/537.36"
192.241.150.135 - - [22/Aug/2026:12:28:37 +0800] "GET /blog/gallery/19900/19900-3602306.jpg HTTP/1.1" 404 25426 "http://blog.ilc.edu.tw/" "Mozilla/5.0 (Windows NT 10.0; Win64; x64) AppleWebKit/537.36 (KHTML, like Gecko) Chrome/117.0.0.0 Safari/537.36"
2001:288:a201::66:125 - - [22/Aug/2026:12:28:38 +0800] "GET /blog/active.php HTTP/1.1" 301 1026 "-" "-"
2001:288:a201::66:125 - - [22/Aug/2026:12:28:38 +0800] "GET /blog/active.php HTTP/1.1" 404 1084 "-" "-"
134.122.28.114 - - [22/Aug/2026:12:28:38 +0800] "GET /blog/gallery/1125/previews/1125-407091.jpg HTTP/1.1" 404 25426 "http://blog.ilc.edu.tw/" "Mozilla/5.0 (Windows NT 10.0; Win64; x64) AppleWebKit/537.36 (KHTML, like Gecko) Chrome/116.0.0.0 Safari/537.36"
66.249.71.166 - - [22/Aug/2026:12:28:38 +0800] "GET /test.com/onlinecryptocasino.org/sultanbet-casino.com/mikibet.org/?paged=25 HTTP/1.1" 200 28986 "-" "Mozilla/5.0 (Linux; Android 6.0.1; Nexus 5X Build/MMB29P) AppleWebKit/537.36 (KHTML, like Gecko) Chrome/151.0.7922.137 Mobile Safari/537.36 (compatible; Googlebot/2.1; +http://www.google.com/bot.html)"
52.167.144.216 - - [22/Aug/2026:12:28:38 +0800] "GET / HTTP/1.1" 200 28258 "-" "Mozilla/5.0 AppleWebKit/537.36 (KHTML, like Gecko; compatible; bingbot/2.0; +http://www.bing.com/bingbot.htm) Chrome/116.0.1938.76 Safari/537.36"
2a03:2880:f802:43:: - - [22/Aug/2026:12:28:36 +0800] "GET /wp-login.php?key=ds3eo378&_wpnonce=&action=ilc_logout&redirect_to=https%3A%2F%2Fgame.edu.kg HTTP/1.1" 302 8248 "-" "Mozilla/5.0 (Windows NT 10.0; Win64; x64) AppleWebKit/537.36 (KHTML, like Gecko) Chrome/145.0.0.0 Safari/537.36 (compatible; meta-externalagent/1.1 (+https://developers.facebook.com/docs/sharing/webmasters/crawler))"
74.7.242.54 - - [22/Aug/2026:12:28:37 +0800] "GET /26150/category/c-11220/page/12/ HTTP/1.1" 200 19381 "https://2blog.ilc.edu.tw/26150/category/c-11220/page/9/" "Mozilla/5.0 AppleWebKit/537.36 (KHTML, like Gecko; compatible; GPTBot/1.4; +https://openai.com/gptbot)"
::1 - - [22/Aug/2026:12:28:39 +0800] "OPTIONS * HTTP/1.0" 200 110 "-" "Apache/2.4.68 (Ubuntu) OpenSSL/3.0.19 (internal dummy connection)"
140.111.67.10 - - [22/Aug/2026:12:28:39 +0800] "GET /" 301 273 "-" "-"
17.241.75.28 - - [22/Aug/2026:12:28:39 +0800] "GET /robots.txt HTTP/1.1" 200 5545 "-" "Mozilla/5.0 (Macintosh; Intel Mac OS X 10_15_7) AppleWebKit/605.1.15 (KHTML, like Gecko) Version/17.4 Safari/605.1.15 (Applebot/0.1; +http://www.apple.com/go/applebot)"
34.56.53.225 - - [22/Aug/2026:12:28:39 +0800] "GET /526/2024/11/20/%E5%AE%9C%E8%98%AD%E7%B8%A3%E5%9C%8B%E6%95%99%E8%BC%94%E5%B0%8E%E5%9C%98113%E5%AD%B8%E5%B9%B4%E5%BA%A6%E7%AC%AC%E4%B8%80%E5%AD%B8%E6%9C%9F%E5%9C%8B%E5%B0%8F%E8%87%AA%E7%84%B6%E7%A7%91%E5%AD%B8-8/ HTTP/1.1" 200 32004 "-" "Mozilla/5.0 (Macintosh; Intel Mac OS X 10_15_7) AppleWebKit/537.36 (KHTML, like Gecko) Chrome/120.0.0.0 Safari/537.36"
3.89.170.186 - - [22/Aug/2026:12:28:39 +0800] "GET /wp-content/uploads/sites/678/2020/10/?C=N;O%3DD HTTP/1.1" 200 1112 "-" "Mozilla/5.0 AppleWebKit/537.36 (KHTML, like Gecko; compatible; Amazonbot/0.1; +https://developer.amazon.com/support/amazonbot) Chrome/119.0.6045.214 Safari/537.36"
17.241.75.28 - - [22/Aug/2026:12:28:39 +0800] "GET /wp-includes/css/admin-bar.min.css HTTP/1.1" 200 4685 "http://www.ltjh.ilc.edu.tw/?p=824" "Mozilla/5.0 (Macintosh; Intel Mac OS X 10_15_7) AppleWebKit/605.1.15 (KHTML, like Gecko) Version/17.4 Safari/605.1.15 (Applebot/0.1; +http://www.apple.com/go/applebot)"
::1 - - [22/Aug/2026:12:28:40 +0800] "OPTIONS * HTTP/1.0" 200 110 "-" "Apache/2.4.68 (Ubuntu) OpenSSL/3.0.19 (internal dummy connection)"
216.244.66.226 - - [22/Aug/2026:12:28:39 +0800] "GET /Resource/Neturl/Sub-Going.asp?url=webcamtoy.net HTTP/1.1" 404 85748 "-" "Mozilla/5.0 (compatible; DotBot/1.2; +https://opensiteexplorer.org/dotbot; help@moz.com)"
17.241.75.28 - - [22/Aug/2026:12:28:40 +0800] "GET /robots.txt HTTP/1.1" 200 744 "-" "Mozilla/5.0 (Macintosh; Intel Mac OS X 10_15_7) AppleWebKit/605.1.15 (KHTML, like Gecko) Version/17.4 Safari/605.1.15 (Applebot/0.1; +http://www.apple.com/go/applebot)"
::1 - - [22/Aug/2026:12:28:41 +0800] "OPTIONS * HTTP/1.0" 200 110 "-" "Apache/2.4.68 (Ubuntu) OpenSSL/3.0.19 (internal dummy connection)"
74.7.242.54 - - [22/Aug/2026:12:28:39 +0800] "GET /26150/category/c-11220/page/13/ HTTP/1.1" 200 19574 "https://2blog.ilc.edu.tw/26150/category/c-11220/page/10/" "Mozilla/5.0 AppleWebKit/537.36 (KHTML, like Gecko; compatible; GPTBot/1.4; +https://openai.com/gptbot)"
17.241.75.28 - - [22/Aug/2026:12:28:41 +0800] "GET /wp-includes/js/jquery/jquery.min.js HTTP/1.1" 200 31359 "http://www.ltjh.ilc.edu.tw/?p=824" "Mozilla/5.0 (Macintosh; Intel Mac OS X 10_15_7) AppleWebKit/605.1.15 (KHTML, like Gecko) Version/17.4 Safari/605.1.15 (Applebot/0.1; +http://www.apple.com/go/applebot)"
17.241.75.28 - - [22/Aug/2026:12:28:41 +0800] "GET /robots.txt HTTP/1.1" 200 744 "-" "Mozilla/5.0 (Macintosh; Intel Mac OS X 10_15_7) AppleWebKit/605.1.15 (KHTML, like Gecko) Version/17.4 Safari/605.1.15 (Applebot/0.1; +http://www.apple.com/go/applebot)"
74.7.242.54 - - [22/Aug/2026:12:28:41 +0800] "GET /daes501/wp-json/wp/v2/posts/25 HTTP/1.1" 200 16118 "https://2blog.ilc.edu.tw/daes501/2022/09/20/%e4%b8%bb%e9%a1%8c%e9%96%b1%e8%ae%80%e6%b3%b0%e9%9b%85%e5%b0%91%e5%b9%b4%e5%b7%b4%e9%9a%86/" "Mozilla/5.0 AppleWebKit/537.36 (KHTML, like Gecko; compatible; GPTBot/1.4; +https://openai.com/gptbot)"
::1 - - [22/Aug/2026:12:28:42 +0800] "OPTIONS * HTTP/1.0" 200 110 "-" "Apache/2.4.68 (Ubuntu) OpenSSL/3.0.19 (internal dummy connection)"
74.7.242.54 - - [22/Aug/2026:12:28:42 +0800] "GET /daes501/?p=2280 HTTP/1.1" 301 855 "https://2blog.ilc.edu.tw/daes501/2025/10/02/%e5%8e%9f%e4%bd%8f%e6%b0%91%e5%af%a6%e9%a9%97%e6%95%99%e8%82%b2%e5%88%86%e4%ba%ab%e6%9c%83/" "Mozilla/5.0 AppleWebKit/537.36 (KHTML, like Gecko; compatible; GPTBot/1.4; +https://openai.com/gptbot)"
17.241.75.28 - - [22/Aug/2026:12:28:42 +0800] "GET /wp-includes/js/jquery/jquery-migrate.min.js HTTP/1.1" 200 5752 "http://www.ltjh.ilc.edu.tw/?p=824" "Mozilla/5.0 (Macintosh; Intel Mac OS X 10_15_7) AppleWebKit/605.1.15 (KHTML, like Gecko) Version/17.4 Safari/605.1.15 (Applebot/0.1; +http://www.apple.com/go/applebot)"
74.7.242.54 - - [22/Aug/2026:12:28:43 +0800] "GET /daes501/?p=1630 HTTP/1.1" 301 855 "https://2blog.ilc.edu.tw/daes501/2024/09/16/%e4%b8%bb%e9%a1%8c%e5%b1%b1%e6%b5%b7%e5%a4%a7%e6%a8%b9%e6%95%99%e6%88%91%e7%9a%84%e4%ba%8b/" "Mozilla/5.0 AppleWebKit/537.36 (KHTML, like Gecko; compatible; GPTBot/1.4; +https://openai.com/gptbot)"
2001:288:a201::66:125 - - [22/Aug/2026:12:28:43 +0800] "GET /blog/active.php HTTP/1.1" 301 1026 "-" "-"
2001:288:a201::66:125 - - [22/Aug/2026:12:28:43 +0800] "GET /blog/active.php HTTP/1.1" 404 1084 "-" "-"
::1 - - [22/Aug/2026:12:28:43 +0800] "OPTIONS * HTTP/1.0" 200 110 "-" "Apache/2.4.68 (Ubuntu) OpenSSL/3.0.19 (internal dummy connection)"
185.191.171.12 - - [22/Aug/2026:12:28:43 +0800] "GET /amy6998/2023/12/28/112%E5%B9%B412%E6%9C%8823%E6%97%A5%E5%9C%8B%E6%A8%82%E5%9C%98%E8%A6%AA%E5%AD%90%E9%9F%B3%E6%A8%82%E6%9C%83%EF%BC%88%E4%BA%8C%EF%BC%89/ HTTP/1.1" 200 18846 "-" "Mozilla/5.0 (compatible; SemrushBot/7~bl; +http://www.semrush.com/bot.html)"
74.7.242.54 - - [22/Aug/2026:12:28:43 +0800] "GET /daes501/wp-json/oembed/1.0/embed?format=xml&url=https%3A%2F%2F2blog.ilc.edu.tw%2Fdaes501%2F2025%2F12%2F12%2F%25e9%25a0%2590%25e7%25b4%2584%25e4%25b8%2580%25e5%25a0%2582%25e6%2595%2599%25e5%25ae%25a4%25e8%25a3%25a1%25e7%259a%2584%25e6%25ba%25bc%25e5%259c%25b0%25e8%25aa%25b2%2F HTTP/1.1" 200 2288 "https://2blog.ilc.edu.tw/daes501/2025/12/12/%e9%a0%90%e7%b4%84%e4%b8%80%e5%a0%82%e6%95%99%e5%ae%a4%e8%a3%a1%e7%9a%84%e6%ba%bc%e5%9c%b0%e8%aa%b2/" "Mozilla/5.0 AppleWebKit/537.36 (KHTML, like Gecko; compatible; GPTBot/1.4; +https://openai.com/gptbot)"
::1 - - [22/Aug/2026:12:28:44 +0800] "OPTIONS * HTTP/1.0" 200 110 "-" "Apache/2.4.68 (Ubuntu) OpenSSL/3.0.19 (internal dummy connection)"
140.111.67.10 - - [22/Aug/2026:12:28:44 +0800] "GET /" 301 273 "-" "-"
17.241.75.28 - - [22/Aug/2026:12:28:44 +0800] "GET /wp-includes/css/dashicons.min.css HTTP/1.1" 200 36736 "http://www.ltjh.ilc.edu.tw/?p=824" "Mozilla/5.0 (Macintosh; Intel Mac OS X 10_15_7) AppleWebKit/605.1.15 (KHTML, like Gecko) Version/17.4 Safari/605.1.15 (Applebot/0.1; +http://www.apple.com/go/applebot)"
34.42.229.145 - - [22/Aug/2026:12:28:43 +0800] "GET /category/%E6%9C%80%E6%96%B0%E6%B6%88%E6%81%AF/page/3/ HTTP/1.1" 200 24905 "-" "Mozilla/5.0 (Macintosh; Intel Mac OS X 10_15_7) AppleWebKit/537.36 (KHTML, like Gecko) Chrome/120.0.0.0 Safari/537.36"
17.241.75.28 - - [22/Aug/2026:12:28:44 +0800] "GET /robots.txt HTTP/1.1" 200 744 "-" "Mozilla/5.0 (Macintosh; Intel Mac OS X 10_15_7) AppleWebKit/605.1.15 (KHTML, like Gecko) Version/17.4 Safari/605.1.15 (Applebot/0.1; +http://www.apple.com/go/applebot)"
34.205.170.13 - - [22/Aug/2026:12:28:44 +0800] "GET /wp-content/uploads/sites/847/6483/previews-med/6483-2411421.gif HTTP/1.1" 200 25532 "-" "Mozilla/5.0 AppleWebKit/537.36 (KHTML, like Gecko; compatible; Amazonbot/0.1; +https://developer.amazon.com/support/amazonbot) Chrome/119.0.6045.214 Safari/537.36"
::1 - - [22/Aug/2026:12:28:45 +0800] "OPTIONS * HTTP/1.0" 200 110 "-" "Apache/2.4.68 (Ubuntu) OpenSSL/3.0.19 (internal dummy connection)"
