216.73.216.20 - - [22/Aug/2026:12:21:28 +0800] "GET /2019/02/20/%e7%a0%94%e7%bf%92%e5%9c%8b%e5%b0%8f%e5%81%a5%e5%ba%b7%e8%88%87%e9%ab%94%e8%82%b2%e9%a0%98%e5%9f%9f%e8%bc%94%e5%b0%8e%e5%b0%8f%e7%b5%84%e8%be%a6%e7%90%86107%e5%ad%b8%e5%b9%b4%e5%ba%a6%e3%80%8c/ HTTP/1.1" 200 18408 "https://www.ytes.ilc.edu.tw/?p=383" "Mozilla/5.0 AppleWebKit/537.36 (KHTML, like Gecko; compatible; ClaudeBot/1.0; +claudebot@anthropic.com)"
216.73.216.20 - - [22/Aug/2026:12:21:28 +0800] "GET /author/ideger/ HTTP/1.1" 200 15805 "https://www.ytes.ilc.edu.tw/author/ideger/page/1/" "Mozilla/5.0 AppleWebKit/537.36 (KHTML, like Gecko; compatible; ClaudeBot/1.0; +claudebot@anthropic.com)"
2001:288:a201::66:125 - - [22/Aug/2026:12:21:28 +0800] "GET /blog/active.php HTTP/1.1" 404 1084 "-" "-"
216.73.216.20 - - [22/Aug/2026:12:21:28 +0800] "GET /2017/03/09/%e7%b4%99%e9%a2%a8%e8%bb%8a%e6%96%87%e6%95%99%e5%9f%ba%e9%87%91%e6%9c%83%e8%87%b3%e4%b8%89%e6%98%9f%e5%9c%8b%e6%b0%91%e5%b0%8f%e5%ad%b8%e6%bc%94%e5%87%ba%e5%85%92%e7%ab%a5%ef%bc%8c%e5%8a%87%e9%bc%93/ HTTP/1.1" 200 18417 "https://www.ytes.ilc.edu.tw/?p=118" "Mozilla/5.0 AppleWebKit/537.36 (KHTML, like Gecko; compatible; ClaudeBot/1.0; +claudebot@anthropic.com)"
2409:8728:a2ff:b::166 - - [22/Aug/2026:12:21:28 +0800] "GET /wp-content/plugins/google-drive-embedder/css/gdm-blocks.css HTTP/1.1" 200 1160 "https://www.utaes.ilc.edu.tw/?cat=32&paged=2" "Mozilla/5.0 (Windows NT 10.0; Win64; x64) AppleWebKit/537.36 (KHTML, like Gecko) Chrome/144.0.0.0 Safari/537.36"
2001:288:a201::66:125 - - [22/Aug/2026:12:21:28 +0800] "GET /blog/active.php HTTP/1.1" 301 1026 "-" "-"
216.73.216.20 - - [22/Aug/2026:12:21:28 +0800] "GET /2016/10/ HTTP/1.1" 200 16230 "https://www.ytes.ilc.edu.tw/2016/10/page/1/" "Mozilla/5.0 AppleWebKit/537.36 (KHTML, like Gecko; compatible; ClaudeBot/1.0; +claudebot@anthropic.com)"
216.73.216.20 - - [22/Aug/2026:12:21:28 +0800] "GET /2017/10/17/%e3%80%8c%e5%ae%9c%e8%98%ad%e7%b8%a3106%e5%b9%b4%e5%ba%a6%e9%81%8b%e7%94%a8%e9%81%8a%e6%88%b2%e6%b2%bb%e7%99%82%e6%8a%80%e8%a1%93%e8%88%87%e5%ad%a9%e5%ad%90%e4%ba%92%e5%8b%95%e5%b7%a5%e4%bd%9c/ HTTP/1.1" 200 18471 "https://www.ytes.ilc.edu.tw/?p=242" "Mozilla/5.0 AppleWebKit/537.36 (KHTML, like Gecko; compatible; ClaudeBot/1.0; +claudebot@anthropic.com)"
2409:8728:a2ff:b::166 - - [22/Aug/2026:12:21:28 +0800] "GET /wp-content/plugins/super-rss-reader/public/css/style.min.css HTTP/1.1" 200 1979 "https://www.utaes.ilc.edu.tw/?cat=32&paged=2" "Mozilla/5.0 (Windows NT 10.0; Win64; x64) AppleWebKit/537.36 (KHTML, like Gecko) Chrome/144.0.0.0 Safari/537.36"
2409:8728:a2ff:b::166 - - [22/Aug/2026:12:21:28 +0800] "GET /wp-content/themes/oceanwp/assets/css/style.min.css HTTP/1.1" 200 33007 "https://www.utaes.ilc.edu.tw/?cat=32&paged=2" "Mozilla/5.0 (Windows NT 10.0; Win64; x64) AppleWebKit/537.36 (KHTML, like Gecko) Chrome/144.0.0.0 Safari/537.36"
74.7.242.54 - - [22/Aug/2026:12:21:26 +0800] "GET /26150/?p=9606 HTTP/1.1" 301 982 "https://2blog.ilc.edu.tw/26150/2026/07/31/%e8%bd%89%e7%9f%a5%e5%9c%8b%e5%ae%b6%e9%80%9a%e8%a8%8a%e5%82%b3%e6%92%ad%e5%a7%94%e5%93%a1%e6%9c%83%e8%be%a6%e7%90%86%e3%80%8c2026%e5%9f%8e%e9%8e%ae%e9%9f%8c%e6%80%a7%ef%bc%88%e9%98%b2%e7%a9%ba/" "Mozilla/5.0 AppleWebKit/537.36 (KHTML, like Gecko; compatible; GPTBot/1.4; +https://openai.com/gptbot)"
34.61.96.6 - - [22/Aug/2026:12:21:28 +0800] "GET /6529/2017/10/30/3-2-1%E7%A9%BA%E6%B0%A3%E5%93%81%E8%B3%AA%E8%AD%A6%E7%A4%BA%E6%96%B9%E5%BC%8F%E3%80%81%E5%B0%88%E4%BA%BA%E6%9F%A5%E8%A9%A2%E5%8F%8A%E7%B6%B2%E7%AB%99%E9%80%A3%E7%B5%90/ HTTP/1.1" 200 30696 "-" "Mozilla/5.0 (Macintosh; Intel Mac OS X 10_15_7) AppleWebKit/537.36 (KHTML, like Gecko) Chrome/120.0.0.0 Safari/537.36"
2409:8728:a2ff:b::166 - - [22/Aug/2026:12:21:28 +0800] "GET /wp-content/themes/oceanwp-child-theme-master2/style.css HTTP/1.1" 200 1376 "https://www.utaes.ilc.edu.tw/?cat=32&paged=2" "Mozilla/5.0 (Windows NT 10.0; Win64; x64) AppleWebKit/537.36 (KHTML, like Gecko) Chrome/144.0.0.0 Safari/537.36"
2409:8728:a2ff:b::166 - - [22/Aug/2026:12:21:29 +0800] "GET /wp-content/themes/oceanwp/assets/css/third/simple-line-icons.min.css HTTP/1.1" 200 8128 "https://www.utaes.ilc.edu.tw/?cat=32&paged=2" "Mozilla/5.0 (Windows NT 10.0; Win64; x64) AppleWebKit/537.36 (KHTML, like Gecko) Chrome/144.0.0.0 Safari/537.36"
2409:8728:a2ff:b::166 - - [22/Aug/2026:12:21:29 +0800] "GET /wp-content/plugins/elementor/assets/lib/eicons/css/elementor-icons.min.css HTTP/1.1" 200 4949 "https://www.utaes.ilc.edu.tw/?cat=32&paged=2" "Mozilla/5.0 (Windows NT 10.0; Win64; x64) AppleWebKit/537.36 (KHTML, like Gecko) Chrome/144.0.0.0 Safari/537.36"
140.111.67.10 - - [22/Aug/2026:12:21:29 +0800] "GET /" 301 273 "-" "-"
2409:8728:a2ff:b::166 - - [22/Aug/2026:12:21:29 +0800] "GET /wp-content/plugins/elementor/assets/css/frontend.min.css HTTP/1.1" 200 25091 "https://www.utaes.ilc.edu.tw/?cat=32&paged=2" "Mozilla/5.0 (Windows NT 10.0; Win64; x64) AppleWebKit/537.36 (KHTML, like Gecko) Chrome/144.0.0.0 Safari/537.36"
216.73.216.20 - - [22/Aug/2026:12:21:29 +0800] "GET /rainbow123/?p=23330 HTTP/1.1" 301 5764 "-" "Mozilla/5.0 AppleWebKit/537.36 (KHTML, like Gecko; compatible; ClaudeBot/1.0; +claudebot@anthropic.com)"
216.73.216.20 - - [22/Aug/2026:12:21:29 +0800] "GET /ytes1234/?p=170 HTTP/1.1" 301 5908 "-" "Mozilla/5.0 AppleWebKit/537.36 (KHTML, like Gecko; compatible; ClaudeBot/1.0; +claudebot@anthropic.com)"
2409:8728:a2ff:b::166 - - [22/Aug/2026:12:21:29 +0800] "GET /wp-content/plugins/elementor/assets/lib/swiper/v8/css/swiper.min.css HTTP/1.1" 200 5456 "https://www.utaes.ilc.edu.tw/?cat=32&paged=2" "Mozilla/5.0 (Windows NT 10.0; Win64; x64) AppleWebKit/537.36 (KHTML, like Gecko) Chrome/144.0.0.0 Safari/537.36"
216.73.216.20 - - [22/Aug/2026:12:21:29 +0800] "GET /6448/2015/10/23/page/2/ HTTP/1.1" 200 15869 "-" "Mozilla/5.0 AppleWebKit/537.36 (KHTML, like Gecko; compatible; ClaudeBot/1.0; +claudebot@anthropic.com)"
216.73.216.20 - - [22/Aug/2026:12:21:29 +0800] "GET /ytes1234/?p=322 HTTP/1.1" 301 1058 "-" "Mozilla/5.0 AppleWebKit/537.36 (KHTML, like Gecko; compatible; ClaudeBot/1.0; +claudebot@anthropic.com)"
2409:8728:a2ff:b::166 - - [22/Aug/2026:12:21:29 +0800] "GET /wp-content/plugins/elementor-pro/assets/css/frontend.min.css HTTP/1.1" 200 44543 "https://www.utaes.ilc.edu.tw/?cat=32&paged=2" "Mozilla/5.0 (Windows NT 10.0; Win64; x64) AppleWebKit/537.36 (KHTML, like Gecko) Chrome/144.0.0.0 Safari/537.36"
216.73.216.20 - - [22/Aug/2026:12:21:29 +0800] "GET /6448/2019/11/page/9/ HTTP/1.1" 200 16434 "-" "Mozilla/5.0 AppleWebKit/537.36 (KHTML, like Gecko; compatible; ClaudeBot/1.0; +claudebot@anthropic.com)"
216.73.216.20 - - [22/Aug/2026:12:21:29 +0800] "GET /rainbow123/?p=21262 HTTP/1.1" 301 958 "-" "Mozilla/5.0 AppleWebKit/537.36 (KHTML, like Gecko; compatible; ClaudeBot/1.0; +claudebot@anthropic.com)"
216.73.216.20 - - [22/Aug/2026:12:21:29 +0800] "GET /ytes1234/?p=196 HTTP/1.1" 301 5853 "-" "Mozilla/5.0 AppleWebKit/537.36 (KHTML, like Gecko; compatible; ClaudeBot/1.0; +claudebot@anthropic.com)"
216.73.216.20 - - [22/Aug/2026:12:21:29 +0800] "GET /57/author/sintzuon/page/4/ HTTP/1.1" 200 10150 "-" "Mozilla/5.0 AppleWebKit/537.36 (KHTML, like Gecko; compatible; ClaudeBot/1.0; +claudebot@anthropic.com)"
44.223.193.255 - - [22/Aug/2026:12:21:29 +0800] "GET /8162/wp-content/uploads/sites/2313/2021/11/248786-1568x882.jpg HTTP/1.1" 200 213694 "-" "Mozilla/5.0 AppleWebKit/537.36 (KHTML, like Gecko; compatible; Amazonbot/0.1; +https://developer.amazon.com/support/amazonbot) Chrome/119.0.6045.214 Safari/537.36"
216.73.216.20 - - [22/Aug/2026:12:21:29 +0800] "GET /rainbow123/2024/12/21/114-12-09-114-12-20%e7%8e%a9%e5%85%b7%e5%ba%97%e5%b0%8f%e5%81%b5%e6%8e%a2/ HTTP/1.1" 200 21582 "https://2blog.ilc.edu.tw/rainbow123/?p=23330" "Mozilla/5.0 AppleWebKit/537.36 (KHTML, like Gecko; compatible; ClaudeBot/1.0; +claudebot@anthropic.com)"
216.73.216.20 - - [22/Aug/2026:12:21:29 +0800] "GET /ytes1234/?p=385 HTTP/1.1" 301 985 "-" "Mozilla/5.0 AppleWebKit/537.36 (KHTML, like Gecko; compatible; ClaudeBot/1.0; +claudebot@anthropic.com)"
216.73.216.20 - - [22/Aug/2026:12:21:29 +0800] "GET /ytes1234/2023/08/30/2023%e3%80%8c%e9%97%9c%e7%88%ba%e7%88%ba%e6%84%9b%e8%aa%aa%e5%ad%9d%e3%80%8d%e9%97%9c%e5%85%ac%e7%b2%be%e7%a5%9e%e6%96%87%e5%8c%96%e8%aa%aa%e5%bf%a0%e5%ad%9d%e7%af%80%e7%be%a9%e6%95%85%e4%ba%8b/ HTTP/1.1" 200 14157 "https://2blog.ilc.edu.tw/ytes1234/?p=170" "Mozilla/5.0 AppleWebKit/537.36 (KHTML, like Gecko; compatible; ClaudeBot/1.0; +claudebot@anthropic.com)"
216.73.216.20 - - [22/Aug/2026:12:21:29 +0800] "GET /ytes1234/2023/11/29/1121129-112%e5%ad%b8%e5%b9%b4%e5%ba%a6%e9%96%a9%e5%8d%97%e8%aa%9e%e8%aa%8d%e8%ad%89%e6%95%99%e5%b8%ab%e5%a2%9e%e8%83%bd%e7%a0%94%e7%bf%92/ HTTP/1.1" 200 14057 "https://2blog.ilc.edu.tw/ytes1234/?p=322" "Mozilla/5.0 AppleWebKit/537.36 (KHTML, like Gecko; compatible; ClaudeBot/1.0; +claudebot@anthropic.com)"
216.73.216.20 - - [22/Aug/2026:12:21:29 +0800] "GET /ytes1234/2023/09/11/ HTTP/1.1" 200 11554 "-" "Mozilla/5.0 AppleWebKit/537.36 (KHTML, like Gecko; compatible; ClaudeBot/1.0; +claudebot@anthropic.com)"
2409:8728:a2ff:b::166 - - [22/Aug/2026:12:21:29 +0800] "GET /wp-content/plugins/elementor/assets/lib/font-awesome/css/all.min.css HTTP/1.1" 200 13809 "https://www.utaes.ilc.edu.tw/?cat=32&paged=2" "Mozilla/5.0 (Windows NT 10.0; Win64; x64) AppleWebKit/537.36 (KHTML, like Gecko) Chrome/144.0.0.0 Safari/537.36"
216.73.216.20 - - [22/Aug/2026:12:21:29 +0800] "GET /ytes1234/?p=255 HTTP/1.1" 301 1268 "-" "Mozilla/5.0 AppleWebKit/537.36 (KHTML, like Gecko; compatible; ClaudeBot/1.0; +claudebot@anthropic.com)"
216.73.216.20 - - [22/Aug/2026:12:21:30 +0800] "GET /rainbow123/2024/11/24/113-11-11-11-22%e5%b0%8f%e5%b0%8f%e8%a8%ad%e8%a8%88%e5%b8%ab2/ HTTP/1.1" 200 24664 "https://2blog.ilc.edu.tw/rainbow123/?p=21262" "Mozilla/5.0 AppleWebKit/537.36 (KHTML, like Gecko; compatible; ClaudeBot/1.0; +claudebot@anthropic.com)"
216.73.216.20 - - [22/Aug/2026:12:21:30 +0800] "GET /ytes1234/2023/09/13/%e6%af%8f%e9%80%b1%e4%b8%80%e5%8f%a5%e5%8f%b0%e8%aa%9e%e4%bf%97%e8%ab%ba2023-09-13-%e4%b8%80%e6%9e%9d%e8%8d%89-%e4%b8%80%e9%bb%9e%e9%9c%b2/ HTTP/1.1" 200 13492 "https://2blog.ilc.edu.tw/ytes1234/?p=196" "Mozilla/5.0 AppleWebKit/537.36 (KHTML, like Gecko; compatible; ClaudeBot/1.0; +claudebot@anthropic.com)"
34.58.22.12 - - [22/Aug/2026:12:21:26 +0800] "GET /private.pem HTTP/1.1" 404 60341 "-" "Mozilla/5.0 (iPhone; CPU iPhone OS 26_0 like Mac OS X) AppleWebKit/605.1.15 (KHTML, like Gecko) Version/26.0 Mobile/15E148 Safari/604.1"
216.73.216.20 - - [22/Aug/2026:12:21:30 +0800] "GET /6448/category/c-114990/feed/ HTTP/1.1" 200 2324 "-" "Mozilla/5.0 AppleWebKit/537.36 (KHTML, like Gecko; compatible; ClaudeBot/1.0; +claudebot@anthropic.com)"
216.73.216.20 - - [22/Aug/2026:12:21:29 +0800] "GET /6448/author/alean/page/48/ HTTP/1.1" 200 11736 "-" "Mozilla/5.0 AppleWebKit/537.36 (KHTML, like Gecko; compatible; ClaudeBot/1.0; +claudebot@anthropic.com)"
216.73.216.20 - - [22/Aug/2026:12:21:30 +0800] "GET /ytes1234/2024/02/02/112%e5%ad%b8%e5%b9%b4%e5%ba%a6%e7%ac%ac%e4%b8%80%e5%ad%b8%e6%9c%9f%e6%9c%ac%e5%9c%9f%e8%aa%9e%e8%a8%80%e6%95%99%e5%ad%b8%e6%88%90%e6%9e%9c-%e9%96%a9%e5%8d%97%e8%aa%9e%e8%aa%9e%e8%a9%9e%e7%8c%9c/ HTTP/1.1" 200 14524 "https://2blog.ilc.edu.tw/ytes1234/?p=385" "Mozilla/5.0 AppleWebKit/537.36 (KHTML, like Gecko; compatible; ClaudeBot/1.0; +claudebot@anthropic.com)"
216.73.216.20 - - [22/Aug/2026:12:21:30 +0800] "GET /ytes1234/2024/02/27/ HTTP/1.1" 200 11799 "-" "Mozilla/5.0 AppleWebKit/537.36 (KHTML, like Gecko; compatible; ClaudeBot/1.0; +claudebot@anthropic.com)"
216.73.216.20 - - [22/Aug/2026:12:21:30 +0800] "GET /ytes1234/2023/10/31/2023-09-27%e6%95%99%e5%b8%ab%e7%af%80%e6%95%ac%e5%b8%ab%e6%b4%bb%e5%8b%95-%e7%94%a8%e5%8f%b0%e8%aa%9e%e8%a1%a8%e9%81%94%e6%84%9f%e8%ac%9d/ HTTP/1.1" 200 13899 "https://2blog.ilc.edu.tw/ytes1234/?p=255" "Mozilla/5.0 AppleWebKit/537.36 (KHTML, like Gecko; compatible; ClaudeBot/1.0; +claudebot@anthropic.com)"
216.73.216.20 - - [22/Aug/2026:12:21:30 +0800] "GET /6448/2019/11/page/8/ HTTP/1.1" 200 11428 "-" "Mozilla/5.0 AppleWebKit/537.36 (KHTML, like Gecko; compatible; ClaudeBot/1.0; +claudebot@anthropic.com)"
216.73.216.20 - - [22/Aug/2026:12:21:30 +0800] "GET /6448/2017/11/14/page/2/ HTTP/1.1" 200 10444 "-" "Mozilla/5.0 AppleWebKit/537.36 (KHTML, like Gecko; compatible; ClaudeBot/1.0; +claudebot@anthropic.com)"
216.73.216.20 - - [22/Aug/2026:12:21:30 +0800] "GET /ytes1234/2024/07/22/ HTTP/1.1" 200 11855 "-" "Mozilla/5.0 AppleWebKit/537.36 (KHTML, like Gecko; compatible; ClaudeBot/1.0; +claudebot@anthropic.com)"
100.28.133.214 - - [22/Aug/2026:12:21:30 +0800] "GET /12/wp-json/wp/v2/posts/%22https:/2blog.ilc.edu.tw/12/wp-content/uploads/sites/1321/2020/04/u672a/u547d/u540d-300x226.png/%22 HTTP/1.1" 404 6129 "-" "Mozilla/5.0 AppleWebKit/537.36 (KHTML, like Gecko; compatible; Amazonbot/0.1; +https://developer.amazon.com/support/amazonbot) Chrome/119.0.6045.214 Safari/537.36"
216.73.216.20 - - [22/Aug/2026:12:21:30 +0800] "GET /6325/wp-json/wp/v2/posts/18701 HTTP/1.1" 200 5335 "-" "Mozilla/5.0 AppleWebKit/537.36 (KHTML, like Gecko; compatible; ClaudeBot/1.0; +claudebot@anthropic.com)"
216.73.216.20 - - [22/Aug/2026:12:21:30 +0800] "GET /6325/2014/11/15/page/2/ HTTP/1.1" 200 10580 "-" "Mozilla/5.0 AppleWebKit/537.36 (KHTML, like Gecko; compatible; ClaudeBot/1.0; +claudebot@anthropic.com)"
216.73.216.20 - - [22/Aug/2026:12:21:30 +0800] "GET /6448/2017/11/17/page/2/ HTTP/1.1" 200 10487 "-" "Mozilla/5.0 AppleWebKit/537.36 (KHTML, like Gecko; compatible; ClaudeBot/1.0; +claudebot@anthropic.com)"
74.7.242.54 - - [22/Aug/2026:12:21:29 +0800] "GET /26150/?p=3312 HTTP/1.1" 301 985 "https://2blog.ilc.edu.tw/26150/2016/09/05/105%e5%b9%b4%e5%ba%a6%e7%ac%ac35%e6%ac%a1%e5%b9%b8%e7%a6%8f%e5%ae%b6%e5%ba%ad%e7%a9%ba%e4%b8%ad%e8%ac%9b%e5%a0%82-%e6%84%9b%e7%9a%84%e7%95%99%e8%81%b2%e6%a9%9f-%e7%a5%96%e5%ad%ab%e5%bb%a3%e6%92%ad/" "Mozilla/5.0 AppleWebKit/537.36 (KHTML, like Gecko; compatible; GPTBot/1.4; +https://openai.com/gptbot)"
216.73.216.20 - - [22/Aug/2026:12:21:30 +0800] "GET /5315/?author=1515 HTTP/1.1" 200 12152 "-" "Mozilla/5.0 AppleWebKit/537.36 (KHTML, like Gecko; compatible; ClaudeBot/1.0; +claudebot@anthropic.com)"
216.73.216.20 - - [22/Aug/2026:12:21:30 +0800] "GET /2569/category/c-56638/feed/ HTTP/1.1" 200 7560 "-" "Mozilla/5.0 AppleWebKit/537.36 (KHTML, like Gecko; compatible; ClaudeBot/1.0; +claudebot@anthropic.com)"
216.73.216.20 - - [22/Aug/2026:12:21:31 +0800] "GET /6448/2011/12/06/page/3/ HTTP/1.1" 200 10432 "-" "Mozilla/5.0 AppleWebKit/537.36 (KHTML, like Gecko; compatible; ClaudeBot/1.0; +claudebot@anthropic.com)"
2409:8728:a2ff:b::166 - - [22/Aug/2026:12:21:31 +0800] "GET /wp-content/plugins/elementor/assets/lib/font-awesome/css/v4-shims.min.css HTTP/1.1" 200 5102 "https://www.utaes.ilc.edu.tw/?cat=32&paged=2" "Mozilla/5.0 (Windows NT 10.0; Win64; x64) AppleWebKit/537.36 (KHTML, like Gecko) Chrome/144.0.0.0 Safari/537.36"
34.58.22.12 - - [22/Aug/2026:12:21:28 +0800] "GET /.env.dist HTTP/1.1" 404 60341 "-" "Mozilla/5.0 (iPhone; CPU iPhone OS 26_0 like Mac OS X) AppleWebKit/605.1.15 (KHTML, like Gecko) Version/26.0 Mobile/15E148 Safari/604.1"
216.73.216.20 - - [22/Aug/2026:12:21:31 +0800] "GET /2569/category/c-56640/feed/ HTTP/1.1" 200 16140 "-" "Mozilla/5.0 AppleWebKit/537.36 (KHTML, like Gecko; compatible; ClaudeBot/1.0; +claudebot@anthropic.com)"
216.73.216.20 - - [22/Aug/2026:12:21:31 +0800] "GET /2569/category/c-30631/feed/ HTTP/1.1" 200 8095 "-" "Mozilla/5.0 AppleWebKit/537.36 (KHTML, like Gecko; compatible; ClaudeBot/1.0; +claudebot@anthropic.com)"
216.73.216.20 - - [22/Aug/2026:12:21:31 +0800] "GET /2569/category/c-56642/feed/ HTTP/1.1" 200 7118 "-" "Mozilla/5.0 AppleWebKit/537.36 (KHTML, like Gecko; compatible; ClaudeBot/1.0; +claudebot@anthropic.com)"
34.123.149.87 - - [22/Aug/2026:12:21:31 +0800] "GET /6415/wp-json/oembed/1.0/embed?url=https://2blog.ilc.edu.tw/6415/2010/09/15/%25e6%2581%25ad%25e5%2596%259c%25ef%25bc%2581/ HTTP/1.1" 200 8089 "-" "Mozilla/5.0 (Macintosh; Intel Mac OS X 10_15_7) AppleWebKit/537.36 (KHTML, like Gecko) Chrome/120.0.0.0 Safari/537.36"
216.73.216.20 - - [22/Aug/2026:12:21:31 +0800] "GET /5315/index.php?rest_route=%2Fwp%2Fv2%2Fposts%2F4460 HTTP/1.1" 200 7521 "-" "Mozilla/5.0 AppleWebKit/537.36 (KHTML, like Gecko; compatible; ClaudeBot/1.0; +claudebot@anthropic.com)"
216.73.216.20 - - [22/Aug/2026:12:21:31 +0800] "GET /5315/index.php?rest_route=%2Fwp%2Fv2%2Fposts%2F4443 HTTP/1.1" 200 5654 "-" "Mozilla/5.0 AppleWebKit/537.36 (KHTML, like Gecko; compatible; ClaudeBot/1.0; +claudebot@anthropic.com)"
216.73.216.20 - - [22/Aug/2026:12:21:31 +0800] "GET /5315/index.php?rest_route=%2Fwp%2Fv2%2Fposts%2F4463 HTTP/1.1" 200 7557 "-" "Mozilla/5.0 AppleWebKit/537.36 (KHTML, like Gecko; compatible; ClaudeBot/1.0; +claudebot@anthropic.com)"
206.189.178.132 - - [22/Aug/2026:12:21:31 +0800] "GET /blog/gallery/2282/previews-med/2282-809490.jpg HTTP/1.1" 301 1088 "http://blog.ilc.edu.tw/" "Mozilla/5.0 (Windows NT 10.0; Win64; x64) AppleWebKit/537.36 (KHTML, like Gecko) Chrome/103.0.0.0 Safari/537.36"
216.73.216.20 - - [22/Aug/2026:12:21:31 +0800] "GET /5315/index.php?rest_route=%2Fwp%2Fv2%2Fposts%2F4455 HTTP/1.1" 200 6201 "-" "Mozilla/5.0 AppleWebKit/537.36 (KHTML, like Gecko; compatible; ClaudeBot/1.0; +claudebot@anthropic.com)"
146.190.65.110 - - [22/Aug/2026:12:21:31 +0800] "GET /blog/gallery/2281/previews-med/2281-155587.jpg HTTP/1.1" 301 1088 "http://blog.ilc.edu.tw/" "Mozilla/5.0 (Windows NT 10.0; Win64; x64) AppleWebKit/537.36 (KHTML, like Gecko) Chrome/133.0.0.0 Safari/537.36"
146.190.65.110 - - [22/Aug/2026:12:21:31 +0800] "GET /blog/gallery/4024/previews-med/4024-4008749.jpg HTTP/1.1" 301 1090 "http://blog.ilc.edu.tw/" "Mozilla/5.0 (Windows NT 10.0; Win64; x64) AppleWebKit/537.36 (KHTML, like Gecko) Chrome/105.0.0.0 Safari/537.3"
143.198.168.5 - - [22/Aug/2026:12:21:31 +0800] "GET /blog/gallery/8176/previews-med/8176-3731618.jpg HTTP/1.1" 301 1090 "http://blog.ilc.edu.tw/" "Mozilla/5.0 (Windows NT 10.0; Win64; x64) AppleWebKit/537.36 (KHTML, like Gecko) Chrome/133.0.0.0 Safari/537.36"
67.207.89.28 - - [22/Aug/2026:12:21:32 +0800] "GET /blog/gallery/2282/previews-med/2282-1987079.jpg HTTP/1.1" 301 1090 "http://blog.ilc.edu.tw/" "Mozilla/5.0 (Windows NT 10.0; Win64; x64) AppleWebKit/537.36 (KHTML, like Gecko) Chrome/107.0.0.0 Safari/537.36"
216.73.216.20 - - [22/Aug/2026:12:21:31 +0800] "GET /6448/2011/12/06/page/2/ HTTP/1.1" 200 12074 "-" "Mozilla/5.0 AppleWebKit/537.36 (KHTML, like Gecko; compatible; ClaudeBot/1.0; +claudebot@anthropic.com)"
3.220.148.166 - - [22/Aug/2026:12:21:31 +0800] "GET /6460/2010/10/30/%E5%BE%9E%E6%96%B0%E7%9C%8B%E5%8F%B0%E7%81%A3%EF%BC%8C%E6%96%B0%E4%B8%96%E4%BB%A3%E7%92%B0%E5%A2%83%E7%99%BC%E5%B1%95%E8%88%87%E8%A7%80%E5%AF%9F%E8%A1%8C%E5%8B%95%E6%96%B9%E6%A1%88%E8%A8%88/ HTTP/1.1" 200 16835 "-" "Mozilla/5.0 AppleWebKit/537.36 (KHTML, like Gecko; compatible; Amazonbot/0.1; +https://developer.amazon.com/support/amazonbot) Chrome/119.0.6045.214 Safari/537.36"
216.73.216.20 - - [22/Aug/2026:12:21:31 +0800] "GET /6325/2011/12/07/page/1/ HTTP/1.1" 301 787 "-" "Mozilla/5.0 AppleWebKit/537.36 (KHTML, like Gecko; compatible; ClaudeBot/1.0; +claudebot@anthropic.com)"
216.73.216.20 - - [22/Aug/2026:12:21:32 +0800] "GET /5315/index.php?rest_route=%2Fwp%2Fv2%2Fposts%2F4449 HTTP/1.1" 200 6780 "-" "Mozilla/5.0 AppleWebKit/537.36 (KHTML, like Gecko; compatible; ClaudeBot/1.0; +claudebot@anthropic.com)"
216.73.216.20 - - [22/Aug/2026:12:21:32 +0800] "GET /2569/category/c-30634/feed/ HTTP/1.1" 200 7590 "-" "Mozilla/5.0 AppleWebKit/537.36 (KHTML, like Gecko; compatible; ClaudeBot/1.0; +claudebot@anthropic.com)"
216.73.216.20 - - [22/Aug/2026:12:21:32 +0800] "GET /6325/2011/12/07/ HTTP/1.1" 200 11786 "https://2blog.ilc.edu.tw/6325/2011/12/07/page/1/" "Mozilla/5.0 AppleWebKit/537.36 (KHTML, like Gecko; compatible; ClaudeBot/1.0; +claudebot@anthropic.com)"
34.58.22.12 - - [22/Aug/2026:12:21:29 +0800] "GET /server/.env HTTP/1.1" 404 60341 "-" "Mozilla/5.0 (iPhone; CPU iPhone OS 26_0 like Mac OS X) AppleWebKit/605.1.15 (KHTML, like Gecko) Version/26.0 Mobile/15E148 Safari/604.1"
34.42.229.145 - - [22/Aug/2026:12:21:32 +0800] "GET /6519/2013/11/12/%E9%BD%8A%E6%9F%8F%E6%9E%97%E3%80%82%E5%8F%B0%E7%81%A3%E7%A9%BA%E6%8B%8D%E5%AE%B6%E5%9C%92720p%E5%AD%97%E5%B9%95/ HTTP/1.1" 200 15491 "-" "Mozilla/5.0 (Macintosh; Intel Mac OS X 10_15_7) AppleWebKit/537.36 (KHTML, like Gecko) Chrome/120.0.0.0 Safari/537.36"
34.58.22.12 - - [22/Aug/2026:12:21:29 +0800] "GET /config/database.yml HTTP/1.1" 404 60341 "-" "Mozilla/5.0 (iPhone; CPU iPhone OS 26_0 like Mac OS X) AppleWebKit/605.1.15 (KHTML, like Gecko) Version/26.0 Mobile/15E148 Safari/604.1"
34.58.22.12 - - [22/Aug/2026:12:21:29 +0800] "GET /.config/gcloud/credentials.json HTTP/1.1" 404 60341 "-" "Mozilla/5.0 (iPhone; CPU iPhone OS 26_0 like Mac OS X) AppleWebKit/605.1.15 (KHTML, like Gecko) Version/26.0 Mobile/15E148 Safari/604.1"
216.73.216.20 - - [22/Aug/2026:12:21:32 +0800] "GET /5315/index.php?rest_route=%2Fwp%2Fv2%2Fposts%2F4440 HTTP/1.1" 200 5993 "-" "Mozilla/5.0 AppleWebKit/537.36 (KHTML, like Gecko; compatible; ClaudeBot/1.0; +claudebot@anthropic.com)"
216.73.216.20 - - [22/Aug/2026:12:21:32 +0800] "GET /2569/category/c-30630/feed/ HTTP/1.1" 200 7758 "-" "Mozilla/5.0 AppleWebKit/537.36 (KHTML, like Gecko; compatible; ClaudeBot/1.0; +claudebot@anthropic.com)"
2409:8728:a2ff:b::166 - - [22/Aug/2026:12:21:32 +0800] "GET /wp-content/uploads/sites/885/elementor/css/post-19607.css HTTP/1.1" 200 1868 "https://www.utaes.ilc.edu.tw/?cat=32&paged=2" "Mozilla/5.0 (Windows NT 10.0; Win64; x64) AppleWebKit/537.36 (KHTML, like Gecko) Chrome/144.0.0.0 Safari/537.36"
216.73.216.20 - - [22/Aug/2026:12:21:32 +0800] "GET /5315/index.php?rest_route=%2Fwp%2Fv2%2Fposts%2F4465 HTTP/1.1" 200 4780 "-" "Mozilla/5.0 AppleWebKit/537.36 (KHTML, like Gecko; compatible; ClaudeBot/1.0; +claudebot@anthropic.com)"
216.73.216.20 - - [22/Aug/2026:12:21:32 +0800] "GET /6448/author/alean/page/49/ HTTP/1.1" 200 12196 "-" "Mozilla/5.0 AppleWebKit/537.36 (KHTML, like Gecko; compatible; ClaudeBot/1.0; +claudebot@anthropic.com)"
101.3.58.81 - - [22/Aug/2026:12:21:32 +0800] "GET /35/wp-content/uploads/sites/1161/2022/09/96213-rotated.jpg HTTP/1.1" 200 214175 "https://2blog.ilc.edu.tw/35/2022/09/06/%E5%B0%8F%E4%B8%80%E5%B0%8E%E5%B8%AB%E7%9A%84%E4%BA%94%E5%9B%9B%E4%B8%89%E5%BF%83%E5%BE%97%E5%88%86%E4%BA%AB/" "Mozilla/5.0 (Windows NT 10.0; Win64; x64) AppleWebKit/537.36 (KHTML, like Gecko) Chrome/151.0.0.0 Safari/537.36"
216.73.216.20 - - [22/Aug/2026:12:21:32 +0800] "GET /5315/?p=4291 HTTP/1.1" 200 12165 "-" "Mozilla/5.0 AppleWebKit/537.36 (KHTML, like Gecko; compatible; ClaudeBot/1.0; +claudebot@anthropic.com)"
216.73.216.20 - - [22/Aug/2026:12:21:32 +0800] "GET /6325/2012/12/05/page/1/ HTTP/1.1" 301 787 "-" "Mozilla/5.0 AppleWebKit/537.36 (KHTML, like Gecko; compatible; ClaudeBot/1.0; +claudebot@anthropic.com)"
216.73.216.20 - - [22/Aug/2026:12:21:32 +0800] "GET /6325/author/chalyce/page/11/ HTTP/1.1" 200 11729 "-" "Mozilla/5.0 AppleWebKit/537.36 (KHTML, like Gecko; compatible; ClaudeBot/1.0; +claudebot@anthropic.com)"
2001:288:a201::66:125 - - [22/Aug/2026:12:21:33 +0800] "GET /blog/active.php HTTP/1.1" 301 1026 "-" "-"
216.73.216.20 - - [22/Aug/2026:12:21:33 +0800] "GET /6325/2012/12/05/ HTTP/1.1" 200 11395 "https://2blog.ilc.edu.tw/6325/2012/12/05/page/1/" "Mozilla/5.0 AppleWebKit/537.36 (KHTML, like Gecko; compatible; ClaudeBot/1.0; +claudebot@anthropic.com)"
2001:288:a201::66:125 - - [22/Aug/2026:12:21:33 +0800] "GET /blog/active.php HTTP/1.1" 404 1084 "-" "-"
216.73.216.20 - - [22/Aug/2026:12:21:33 +0800] "GET /5315/index.php?rest_route=%2Fwp%2Fv2%2Fposts%2F4471 HTTP/1.1" 200 9688 "-" "Mozilla/5.0 AppleWebKit/537.36 (KHTML, like Gecko; compatible; ClaudeBot/1.0; +claudebot@anthropic.com)"
::1 - - [22/Aug/2026:12:21:33 +0800] "OPTIONS * HTTP/1.0" 200 110 "-" "Apache/2.4.68 (Ubuntu) OpenSSL/3.0.19 (internal dummy connection)"
44.207.207.36 - - [22/Aug/2026:12:21:33 +0800] "GET /wp-content/uploads/sites/2727/2021/01/?C=M;O%3DD HTTP/1.1" 200 1112 "-" "Mozilla/5.0 AppleWebKit/537.36 (KHTML, like Gecko; compatible; Amazonbot/0.1; +https://developer.amazon.com/support/amazonbot) Chrome/119.0.6045.214 Safari/537.36"
2409:8728:a2ff:b::166 - - [22/Aug/2026:12:21:33 +0800] "GET /wp-content/uploads/sites/885/elementor/css/post-19796.css HTTP/1.1" 200 3497 "https://www.utaes.ilc.edu.tw/?cat=32&paged=2" "Mozilla/5.0 (Windows NT 10.0; Win64; x64) AppleWebKit/537.36 (KHTML, like Gecko) Chrome/144.0.0.0 Safari/537.36"
216.73.216.20 - - [22/Aug/2026:12:21:33 +0800] "GET /2373/author/binlin/page/26/ HTTP/1.1" 200 17407 "-" "Mozilla/5.0 AppleWebKit/537.36 (KHTML, like Gecko; compatible; ClaudeBot/1.0; +claudebot@anthropic.com)"
137.184.97.159 - - [22/Aug/2026:12:21:33 +0800] "GET /blog/gallery/2282/previews-med/2282-1987079.jpg HTTP/1.1" 404 25426 "http://blog.ilc.edu.tw/" "Mozilla/5.0 (Windows NT 10.0; Win64; x64) AppleWebKit/537.36 (KHTML, like Gecko) Chrome/107.0.0.0 Safari/537.36"
2409:8728:a2ff:b::166 - - [22/Aug/2026:12:21:33 +0800] "GET /wp-content/plugins/ocean-extra/includes/admin-bar/assets/css/admin-bar.css HTTP/1.1" 200 1278 "https://www.utaes.ilc.edu.tw/?cat=32&paged=2" "Mozilla/5.0 (Windows NT 10.0; Win64; x64) AppleWebKit/537.36 (KHTML, like Gecko) Chrome/144.0.0.0 Safari/537.36"
74.7.242.54 - - [22/Aug/2026:12:21:31 +0800] "GET /26150/?p=5959 HTTP/1.1" 301 984 "https://2blog.ilc.edu.tw/26150/2021/07/02/110%e5%b9%b4%e5%ba%a6%e5%b9%b8%e7%a6%8f%e5%ae%b6%e5%ba%ad%e7%a9%ba%e4%b8%ad%e8%ac%9b%e5%a0%82%e7%ac%ac14%e9%9b%86_%e5%be%9e%e5%ae%b6%e5%ba%ad%e6%9c%83%e8%ad%b0%e7%9a%84%e8%a6%aa%e5%ad%90%e6%ba%9d/" "Mozilla/5.0 AppleWebKit/537.36 (KHTML, like Gecko; compatible; GPTBot/1.4; +https://openai.com/gptbot)"
2409:8728:a2ff:b::166 - - [22/Aug/2026:12:21:33 +0800] "GET /wp-content/plugins/elementor/assets/lib/font-awesome/css/fontawesome.min.css HTTP/1.1" 200 13557 "https://www.utaes.ilc.edu.tw/?cat=32&paged=2" "Mozilla/5.0 (Windows NT 10.0; Win64; x64) AppleWebKit/537.36 (KHTML, like Gecko) Chrome/144.0.0.0 Safari/537.36"
140.111.67.10 - - [22/Aug/2026:12:21:34 +0800] "GET /" 301 273 "-" "-"
2a12:f541:dfec:86fc:2791:df48:8c0b:fc89 - - [22/Aug/2026:12:21:34 +0800] "GET /2010/09/25/%E3%80%90%E6%B4%BB%E5%8B%95%E5%89%AA%E5%BD%B1%E3%80%9199%E5%B9%B4%E6%95%99%E5%B8%AB%E7%AF%80%E6%85%B6%E7%A5%9D%E6%B4%BB%E5%8B%95%EF%BC%81/ HTTP/1.1" 200 17134 "-" "Mozilla/5.0 (Macintosh; Intel Mac OS X 10.15; rv:133.0) Gecko/20100101 Firefox/133.0"
2a13:f40:ab70:9c48:ebb9:f520:48dd:c0a0 - - [22/Aug/2026:12:21:34 +0800] "GET /2014/11/04/ HTTP/1.1" 200 15655 "-" "Mozilla/5.0 (Macintosh; Intel Mac OS X 10.15; rv:144.0) Gecko/20100101 Firefox/144.0"
::1 - - [22/Aug/2026:12:21:34 +0800] "OPTIONS * HTTP/1.0" 200 110 "-" "Apache/2.4.68 (Ubuntu) OpenSSL/3.0.19 (internal dummy connection)"
2409:8728:a2ff:b::166 - - [22/Aug/2026:12:21:34 +0800] "GET /wp-content/plugins/elementor/assets/lib/font-awesome/css/solid.min.css HTTP/1.1" 200 1181 "https://www.utaes.ilc.edu.tw/?cat=32&paged=2" "Mozilla/5.0 (Windows NT 10.0; Win64; x64) AppleWebKit/537.36 (KHTML, like Gecko) Chrome/144.0.0.0 Safari/537.36"
34.58.22.12 - - [22/Aug/2026:12:21:31 +0800] "GET /key.pem HTTP/1.1" 404 60341 "-" "Mozilla/5.0 (iPhone; CPU iPhone OS 26_0 like Mac OS X) AppleWebKit/605.1.15 (KHTML, like Gecko) Version/26.0 Mobile/15E148 Safari/604.1"
2409:8728:a2ff:b::166 - - [22/Aug/2026:12:21:34 +0800] "GET /wp-content/plugins/wp-dtree-30/wp-dtree.min.css HTTP/1.1" 200 1103 "https://www.utaes.ilc.edu.tw/?cat=32&paged=2" "Mozilla/5.0 (Windows NT 10.0; Win64; x64) AppleWebKit/537.36 (KHTML, like Gecko) Chrome/144.0.0.0 Safari/537.36"
2409:8728:a2ff:b::166 - - [22/Aug/2026:12:21:34 +0800] "GET /wp-includes/js/jquery/jquery.min.js HTTP/1.1" 200 31359 "https://www.utaes.ilc.edu.tw/?cat=32&paged=2" "Mozilla/5.0 (Windows NT 10.0; Win64; x64) AppleWebKit/537.36 (KHTML, like Gecko) Chrome/144.0.0.0 Safari/537.36"
::1 - - [22/Aug/2026:12:21:35 +0800] "OPTIONS * HTTP/1.0" 200 110 "-" "Apache/2.4.68 (Ubuntu) OpenSSL/3.0.19 (internal dummy connection)"
85.208.96.195 - - [22/Aug/2026:12:21:34 +0800] "GET /Resource/Neturl/Sub-Going.asp?url=https%3A%2F%2Fbaomuabannhadat.com%2Fnha-dat%2Fmua-ban-nha-dat%2Fban-nha-rieng%2Fban-nha-gia-1-38-ty-phuong-15-quan-tan-binh_i65907 HTTP/1.1" 404 90755 "-" "Mozilla/5.0 (compatible; SemrushBot/7~bl; +http://www.semrush.com/bot.html)"
2409:8728:a2ff:b::166 - - [22/Aug/2026:12:21:35 +0800] "GET /wp-includes/js/jquery/jquery-migrate.min.js HTTP/1.1" 200 5752 "https://www.utaes.ilc.edu.tw/?cat=32&paged=2" "Mozilla/5.0 (Windows NT 10.0; Win64; x64) AppleWebKit/537.36 (KHTML, like Gecko) Chrome/144.0.0.0 Safari/537.36"
2001:4860:7:b10::fe - - [22/Aug/2026:12:21:35 +0800] "GET /lovetogether/2020/12/29/%E3%80%90%E7%BE%8E%E8%A1%93%E3%80%91%E5%BD%A9%E7%B9%AA%E7%8E%BB%E7%92%83%E8%B2%BCdiy/ HTTP/1.1" 200 15551 "https://www.google.com/" "Mozilla/5.0 (Windows NT 10.0; Win64; x64) AppleWebKit/537.36 (KHTML, like Gecko) Chrome/151.0.0.0 Safari/537.36"
74.7.242.54 - - [22/Aug/2026:12:21:34 +0800] "GET /26150/?p=8660 HTTP/1.1" 301 983 "https://2blog.ilc.edu.tw/26150/2025/09/22/%e8%bd%89%e7%9f%a5%e5%ae%9c%e8%98%ad%e7%b8%a3%e6%94%bf%e5%ba%9c%e8%be%a6%e7%90%86%e3%80%8c2025%e5%ae%9c%e8%98%ad%e4%ba%ba%e5%b8%82%e9%9b%86x%e7%87%92%e7%87%92%e8%b6%b3%e8%88%92%e6%ba%aa%e3%80%8d/" "Mozilla/5.0 AppleWebKit/537.36 (KHTML, like Gecko; compatible; GPTBot/1.4; +https://openai.com/gptbot)"
::1 - - [22/Aug/2026:12:21:36 +0800] "OPTIONS * HTTP/1.0" 200 110 "-" "Apache/2.4.68 (Ubuntu) OpenSSL/3.0.19 (internal dummy connection)"
101.3.58.81 - - [22/Aug/2026:12:21:36 +0800] "GET /35/wp-content/uploads/sites/1161/2022/09/302330649_1813340612349903_2805520446238995097_n-1-552x1024.jpg HTTP/1.1" 200 85290 "https://2blog.ilc.edu.tw/35/2022/09/06/%E5%B0%8F%E4%B8%80%E5%B0%8E%E5%B8%AB%E7%9A%84%E4%BA%94%E5%9B%9B%E4%B8%89%E5%BF%83%E5%BE%97%E5%88%86%E4%BA%AB/" "Mozilla/5.0 (Windows NT 10.0; Win64; x64) AppleWebKit/537.36 (KHTML, like Gecko) Chrome/151.0.0.0 Safari/537.36"
::1 - - [22/Aug/2026:12:21:37 +0800] "OPTIONS * HTTP/1.0" 200 110 "-" "Apache/2.4.68 (Ubuntu) OpenSSL/3.0.19 (internal dummy connection)"
216.73.216.20 - - [22/Aug/2026:12:21:37 +0800] "GET /6325/category/c-20802/page/9/ HTTP/1.1" 200 17126 "-" "Mozilla/5.0 AppleWebKit/537.36 (KHTML, like Gecko; compatible; ClaudeBot/1.0; +claudebot@anthropic.com)"
74.7.242.54 - - [22/Aug/2026:12:21:36 +0800] "GET /26150/?p=9002 HTTP/1.1" 301 983 "https://2blog.ilc.edu.tw/26150/2026/05/14/%e8%bd%89%e7%9f%a5%e5%9c%8b%e7%ab%8b%e8%87%ba%e7%81%a3%e5%b8%ab%e7%af%84%e5%a4%a7%e5%ad%b8%e8%be%a6%e7%90%862026%e5%b9%b4%e7%ac%ac%e5%8d%81%e5%b1%86%e3%80%8c%e9%87%91%e5%a1%91%e7%8d%8e-%e6%88%91/" "Mozilla/5.0 AppleWebKit/537.36 (KHTML, like Gecko; compatible; GPTBot/1.4; +https://openai.com/gptbot)"
2001:288:a201::66:125 - - [22/Aug/2026:12:21:38 +0800] "GET /blog/active.php HTTP/1.1" 301 1026 "-" "-"
216.73.216.20 - - [22/Aug/2026:12:21:38 +0800] "GET /6325/category/c-20775/page/1/ HTTP/1.1" 301 922 "-" "Mozilla/5.0 AppleWebKit/537.36 (KHTML, like Gecko; compatible; ClaudeBot/1.0; +claudebot@anthropic.com)"
2001:288:a201::66:125 - - [22/Aug/2026:12:21:38 +0800] "GET /blog/active.php HTTP/1.1" 404 1084 "-" "-"
::1 - - [22/Aug/2026:12:21:38 +0800] "OPTIONS * HTTP/1.0" 200 110 "-" "Apache/2.4.68 (Ubuntu) OpenSSL/3.0.19 (internal dummy connection)"
216.73.216.20 - - [22/Aug/2026:12:21:38 +0800] "GET /24659/author/ckoo/page/31/ HTTP/1.1" 200 24709 "-" "Mozilla/5.0 AppleWebKit/537.36 (KHTML, like Gecko; compatible; ClaudeBot/1.0; +claudebot@anthropic.com)"
216.73.216.20 - - [22/Aug/2026:12:21:38 +0800] "GET /57/category/c-140/page/9/ HTTP/1.1" 200 12107 "-" "Mozilla/5.0 AppleWebKit/537.36 (KHTML, like Gecko; compatible; ClaudeBot/1.0; +claudebot@anthropic.com)"
216.73.216.20 - - [22/Aug/2026:12:21:38 +0800] "GET /5415/author/gucci/page/11/ HTTP/1.1" 200 36610 "-" "Mozilla/5.0 AppleWebKit/537.36 (KHTML, like Gecko; compatible; ClaudeBot/1.0; +claudebot@anthropic.com)"
216.73.216.20 - - [22/Aug/2026:12:21:38 +0800] "GET /6325/category/c-20775/page/6/ HTTP/1.1" 200 16442 "-" "Mozilla/5.0 AppleWebKit/537.36 (KHTML, like Gecko; compatible; ClaudeBot/1.0; +claudebot@anthropic.com)"
3.221.244.28 - - [22/Aug/2026:12:21:38 +0800] "GET /41795/wp-json/wp/v2/%22https:/2blog.ilc.edu.tw/41795/wp-content/uploads/sites/138/2026/01/S__35307659-300x251.png/%22 HTTP/1.1" 404 6132 "-" "Mozilla/5.0 AppleWebKit/537.36 (KHTML, like Gecko; compatible; Amazonbot/0.1; +https://developer.amazon.com/support/amazonbot) Chrome/119.0.6045.214 Safari/537.36"
216.73.216.20 - - [22/Aug/2026:12:21:38 +0800] "GET /6439/category/c-21183/page/14/ HTTP/1.1" 200 38474 "-" "Mozilla/5.0 AppleWebKit/537.36 (KHTML, like Gecko; compatible; ClaudeBot/1.0; +claudebot@anthropic.com)"
216.73.216.20 - - [22/Aug/2026:12:21:38 +0800] "GET /6325/category/c-20775/ HTTP/1.1" 200 11800 "https://2blog.ilc.edu.tw/6325/category/c-20775/page/1/" "Mozilla/5.0 AppleWebKit/537.36 (KHTML, like Gecko; compatible; ClaudeBot/1.0; +claudebot@anthropic.com)"
216.73.216.20 - - [22/Aug/2026:12:21:38 +0800] "GET /ytes1234/?p=267 HTTP/1.1" 301 5668 "-" "Mozilla/5.0 AppleWebKit/537.36 (KHTML, like Gecko; compatible; ClaudeBot/1.0; +claudebot@anthropic.com)"
216.73.216.20 - - [22/Aug/2026:12:21:38 +0800] "GET /6325/category/c-20802/page/8/ HTTP/1.1" 200 16827 "-" "Mozilla/5.0 AppleWebKit/537.36 (KHTML, like Gecko; compatible; ClaudeBot/1.0; +claudebot@anthropic.com)"
216.73.216.20 - - [22/Aug/2026:12:21:38 +0800] "GET /24973/category/c-16007/page/2/ HTTP/1.1" 200 11449 "-" "Mozilla/5.0 AppleWebKit/537.36 (KHTML, like Gecko; compatible; ClaudeBot/1.0; +claudebot@anthropic.com)"
216.73.216.20 - - [22/Aug/2026:12:21:38 +0800] "GET /6325/category/c-20775/page/8/ HTTP/1.1" 200 16909 "-" "Mozilla/5.0 AppleWebKit/537.36 (KHTML, like Gecko; compatible; ClaudeBot/1.0; +claudebot@anthropic.com)"
216.73.216.20 - - [22/Aug/2026:12:21:38 +0800] "GET /6325/2013/11/29/page/1/ HTTP/1.1" 301 1126 "-" "Mozilla/5.0 AppleWebKit/537.36 (KHTML, like Gecko; compatible; ClaudeBot/1.0; +claudebot@anthropic.com)"
216.73.216.20 - - [22/Aug/2026:12:21:38 +0800] "GET /ytes1234/?p=223 HTTP/1.1" 301 928 "-" "Mozilla/5.0 AppleWebKit/537.36 (KHTML, like Gecko; compatible; ClaudeBot/1.0; +claudebot@anthropic.com)"
216.73.216.20 - - [22/Aug/2026:12:21:38 +0800] "GET /ytes1234/2024/10/30/ HTTP/1.1" 200 16139 "-" "Mozilla/5.0 AppleWebKit/537.36 (KHTML, like Gecko; compatible; ClaudeBot/1.0; +claudebot@anthropic.com)"
216.73.216.20 - - [22/Aug/2026:12:21:38 +0800] "GET /ytes1234/2023/10/31/2023-10-30%e5%8f%b0%e8%aa%9e%e6%95%99%e5%ad%b8%e5%bd%b1%e7%89%87%e6%ac%a3%e8%b3%9e/ HTTP/1.1" 200 13746 "https://2blog.ilc.edu.tw/ytes1234/?p=267" "Mozilla/5.0 AppleWebKit/537.36 (KHTML, like Gecko; compatible; ClaudeBot/1.0; +claudebot@anthropic.com)"
101.3.58.81 - - [22/Aug/2026:12:21:38 +0800] "GET /35/wp-content/uploads/sites/1161/2022/09/2022-09-06_083038-768x941.png HTTP/1.1" 200 447781 "https://2blog.ilc.edu.tw/35/2022/09/06/%E5%B0%8F%E4%B8%80%E5%B0%8E%E5%B8%AB%E7%9A%84%E4%BA%94%E5%9B%9B%E4%B8%89%E5%BF%83%E5%BE%97%E5%88%86%E4%BA%AB/" "Mozilla/5.0 (Windows NT 10.0; Win64; x64) AppleWebKit/537.36 (KHTML, like Gecko) Chrome/151.0.0.0 Safari/537.36"
216.73.216.20 - - [22/Aug/2026:12:21:39 +0800] "GET /6448/2019/11/page/10/ HTTP/1.1" 200 11406 "-" "Mozilla/5.0 AppleWebKit/537.36 (KHTML, like Gecko; compatible; ClaudeBot/1.0; +claudebot@anthropic.com)"
216.73.216.20 - - [22/Aug/2026:12:21:39 +0800] "GET /6325/2013/11/29/ HTTP/1.1" 200 11258 "https://2blog.ilc.edu.tw/6325/2013/11/29/page/1/" "Mozilla/5.0 AppleWebKit/537.36 (KHTML, like Gecko; compatible; ClaudeBot/1.0; +claudebot@anthropic.com)"
216.73.216.20 - - [22/Aug/2026:12:21:39 +0800] "GET /ytes1234/2023/10/24/1121021%e7%8e%89%e7%94%b0%e5%9c%8b%e5%b0%8f75%e9%80%b1%e5%b9%b4%e6%a0%a1%e6%85%b6%e9%81%8b%e5%8b%95%e6%9c%83-%e7%9b%b8%e8%a4%92%e6%ad%8c/ HTTP/1.1" 200 13669 "https://2blog.ilc.edu.tw/ytes1234/?p=223" "Mozilla/5.0 AppleWebKit/537.36 (KHTML, like Gecko; compatible; ClaudeBot/1.0; +claudebot@anthropic.com)"
216.73.216.20 - - [22/Aug/2026:12:21:39 +0800] "GET /6030/author/loya/page/32/ HTTP/1.1" 200 10177 "-" "Mozilla/5.0 AppleWebKit/537.36 (KHTML, like Gecko; compatible; ClaudeBot/1.0; +claudebot@anthropic.com)"
140.111.67.10 - - [22/Aug/2026:12:21:39 +0800] "GET /" 301 273 "-" "-"
2a13:f40:1bbc:39c:af2e:2519:1505:efeb - - [22/Aug/2026:12:21:39 +0800] "GET /2021/08/12/%E3%80%90%E7%A6%8F%E5%88%A9%E5%A5%BD%E5%BA%B7%E3%80%91%E5%AE%9C%E8%98%AD%E7%B8%A3%E7%89%B9%E7%B4%84%E5%95%86%E5%BA%97%E4%B8%80%E8%A6%BD%E8%A1%A8-3/ HTTP/1.1" 200 16559 "-" "Mozilla/5.0 (Windows NT 10.0; Win64; x64) AppleWebKit/537.36 (KHTML, like Gecko) Chrome/101.0.4951.67 Safari/537.36"
216.73.216.20 - - [22/Aug/2026:12:21:39 +0800] "GET /6448/category/c-21374/page/13/ HTTP/1.1" 200 12430 "-" "Mozilla/5.0 AppleWebKit/537.36 (KHTML, like Gecko; compatible; ClaudeBot/1.0; +claudebot@anthropic.com)"
::1 - - [22/Aug/2026:12:21:39 +0800] "OPTIONS * HTTP/1.0" 200 110 "-" "Apache/2.4.68 (Ubuntu) OpenSSL/3.0.19 (internal dummy connection)"
101.3.58.81 - - [22/Aug/2026:12:21:39 +0800] "GET /35/wp-content/uploads/sites/1161/2022/09/304818749_1813305189020112_4750884330200597205_n-1536x1063.jpg HTTP/1.1" 200 200651 "https://2blog.ilc.edu.tw/35/2022/09/06/%E5%B0%8F%E4%B8%80%E5%B0%8E%E5%B8%AB%E7%9A%84%E4%BA%94%E5%9B%9B%E4%B8%89%E5%BF%83%E5%BE%97%E5%88%86%E4%BA%AB/" "Mozilla/5.0 (Windows NT 10.0; Win64; x64) AppleWebKit/537.36 (KHTML, like Gecko) Chrome/151.0.0.0 Safari/537.36"
216.73.216.20 - - [22/Aug/2026:12:21:39 +0800] "GET /amy6998/category/uncategorized/page/27/ HTTP/1.1" 200 15750 "-" "Mozilla/5.0 AppleWebKit/537.36 (KHTML, like Gecko; compatible; ClaudeBot/1.0; +claudebot@anthropic.com)"
216.73.216.20 - - [22/Aug/2026:12:21:39 +0800] "GET /ytes1234/?p=535 HTTP/1.1" 301 978 "-" "Mozilla/5.0 AppleWebKit/537.36 (KHTML, like Gecko; compatible; ClaudeBot/1.0; +claudebot@anthropic.com)"
216.73.216.20 - - [22/Aug/2026:12:21:39 +0800] "GET /6325/category/c-20775/page/7/ HTTP/1.1" 200 11503 "-" "Mozilla/5.0 AppleWebKit/537.36 (KHTML, like Gecko; compatible; ClaudeBot/1.0; +claudebot@anthropic.com)"
216.73.216.20 - - [22/Aug/2026:12:21:39 +0800] "GET /ytes1234/2024/07/22/113%e5%b9%b4%e6%88%b2%e5%8a%87%e5%a4%a2%e5%b7%a5%e5%bb%a0-%e7%8e%89%e7%94%b0%e5%9c%8b%e5%b0%8f%e7%ac%ac76%e5%b1%86%e7%95%a2%e6%a5%ad%e7%94%9f%e6%ad%8c%e4%bb%94%e6%88%b2%e5%b1%95%e6%bc%94/ HTTP/1.1" 200 14514 "https://2blog.ilc.edu.tw/ytes1234/?p=535" "Mozilla/5.0 AppleWebKit/537.36 (KHTML, like Gecko; compatible; ClaudeBot/1.0; +claudebot@anthropic.com)"
216.73.216.20 - - [22/Aug/2026:12:21:39 +0800] "GET /5415/author/gucci/page/30/ HTTP/1.1" 200 42257 "-" "Mozilla/5.0 AppleWebKit/537.36 (KHTML, like Gecko; compatible; ClaudeBot/1.0; +claudebot@anthropic.com)"
216.73.216.20 - - [22/Aug/2026:12:21:39 +0800] "GET /ytes1234/2023/11/29/ HTTP/1.1" 200 11487 "-" "Mozilla/5.0 AppleWebKit/537.36 (KHTML, like Gecko; compatible; ClaudeBot/1.0; +claudebot@anthropic.com)"
216.73.216.20 - - [22/Aug/2026:12:21:39 +0800] "GET /6448/author/t850484/page/2/ HTTP/1.1" 200 10965 "-" "Mozilla/5.0 AppleWebKit/537.36 (KHTML, like Gecko; compatible; ClaudeBot/1.0; +claudebot@anthropic.com)"
216.73.216.20 - - [22/Aug/2026:12:21:40 +0800] "GET /6448/2018/11/11/page/2/ HTTP/1.1" 200 11127 "-" "Mozilla/5.0 AppleWebKit/537.36 (KHTML, like Gecko; compatible; ClaudeBot/1.0; +claudebot@anthropic.com)"
::1 - - [22/Aug/2026:12:21:40 +0800] "OPTIONS * HTTP/1.0" 200 110 "-" "Apache/2.4.68 (Ubuntu) OpenSSL/3.0.19 (internal dummy connection)"
216.73.216.20 - - [22/Aug/2026:12:21:40 +0800] "GET /6325/category/c-20775/page/4/ HTTP/1.1" 200 11411 "-" "Mozilla/5.0 AppleWebKit/537.36 (KHTML, like Gecko; compatible; ClaudeBot/1.0; +claudebot@anthropic.com)"
216.73.216.20 - - [22/Aug/2026:12:21:40 +0800] "GET /rainbow123/?p=24278 HTTP/1.1" 301 832 "-" "Mozilla/5.0 AppleWebKit/537.36 (KHTML, like Gecko; compatible; ClaudeBot/1.0; +claudebot@anthropic.com)"
74.7.242.54 - - [22/Aug/2026:12:21:38 +0800] "GET /26150/?p=9210 HTTP/1.1" 301 904 "https://2blog.ilc.edu.tw/26150/2023/10/25/%e5%b9%b8%e7%a6%8f%e5%ae%b6%e5%ba%ad%e7%a9%ba%e4%b8%ad%e8%ac%9b%e5%a0%82%ef%bc%9a112%e5%b9%b410%e6%9c%8822%e6%97%a5/" "Mozilla/5.0 AppleWebKit/537.36 (KHTML, like Gecko; compatible; GPTBot/1.4; +https://openai.com/gptbot)"
216.73.216.20 - - [22/Aug/2026:12:21:40 +0800] "GET /6448/2010/10/page/8/ HTTP/1.1" 200 11623 "-" "Mozilla/5.0 AppleWebKit/537.36 (KHTML, like Gecko; compatible; ClaudeBot/1.0; +claudebot@anthropic.com)"
216.73.216.20 - - [22/Aug/2026:12:21:40 +0800] "GET /rainbow123/2025/01/17/113-12-23-114-01-10%e7%8e%a9%e5%85%b7%e5%8d%9a%e8%a6%bd%e6%9c%83/ HTTP/1.1" 200 30097 "https://2blog.ilc.edu.tw/rainbow123/?p=24278" "Mozilla/5.0 AppleWebKit/537.36 (KHTML, like Gecko; compatible; ClaudeBot/1.0; +claudebot@anthropic.com)"
216.73.216.20 - - [22/Aug/2026:12:21:40 +0800] "GET /6325/category/c-20775/page/3/ HTTP/1.1" 200 11619 "-" "Mozilla/5.0 AppleWebKit/537.36 (KHTML, like Gecko; compatible; ClaudeBot/1.0; +claudebot@anthropic.com)"
216.73.216.20 - - [22/Aug/2026:12:21:40 +0800] "GET /ytes1234/?p=217 HTTP/1.1" 301 948 "-" "Mozilla/5.0 AppleWebKit/537.36 (KHTML, like Gecko; compatible; ClaudeBot/1.0; +claudebot@anthropic.com)"
216.73.216.20 - - [22/Aug/2026:12:21:39 +0800] "GET /babybaby/wp-json/wp/v2/posts/10069 HTTP/1.1" 200 576870 "-" "Mozilla/5.0 AppleWebKit/537.36 (KHTML, like Gecko; compatible; ClaudeBot/1.0; +claudebot@anthropic.com)"
216.73.216.20 - - [22/Aug/2026:12:21:40 +0800] "GET /6325/category/c-20801/page/7/ HTTP/1.1" 200 11313 "-" "Mozilla/5.0 AppleWebKit/537.36 (KHTML, like Gecko; compatible; ClaudeBot/1.0; +claudebot@anthropic.com)"
216.73.216.20 - - [22/Aug/2026:12:21:40 +0800] "GET /ytes1234/2023/11/22/ HTTP/1.1" 200 11434 "-" "Mozilla/5.0 AppleWebKit/537.36 (KHTML, like Gecko; compatible; ClaudeBot/1.0; +claudebot@anthropic.com)"
216.73.216.20 - - [22/Aug/2026:12:21:40 +0800] "GET /ytes1234/2023/09/21/%e6%af%8f%e9%80%b1%e4%b8%80%e5%8f%a5%e5%8f%b0%e8%aa%9e%e4%bf%97%e8%ab%ba2023-09-20-%e4%b8%80%e6%a8%a3%e7%b1%b3%ef%bc%8c-%e9%a3%bc%e7%99%be%e6%a8%a3%e4%ba%ba/ HTTP/1.1" 200 13584 "https://2blog.ilc.edu.tw/ytes1234/?p=217" "Mozilla/5.0 AppleWebKit/537.36 (KHTML, like Gecko; compatible; ClaudeBot/1.0; +claudebot@anthropic.com)"
101.3.58.81 - - [22/Aug/2026:12:21:40 +0800] "GET /35/wp-content/uploads/sites/1161/2022/09/302298379_1813305265686771_3870015214123548869_n-1536x1152.jpg HTTP/1.1" 200 433836 "https://2blog.ilc.edu.tw/35/2022/09/06/%E5%B0%8F%E4%B8%80%E5%B0%8E%E5%B8%AB%E7%9A%84%E4%BA%94%E5%9B%9B%E4%B8%89%E5%BF%83%E5%BE%97%E5%88%86%E4%BA%AB/" "Mozilla/5.0 (Windows NT 10.0; Win64; x64) AppleWebKit/537.36 (KHTML, like Gecko) Chrome/151.0.0.0 Safari/537.36"
216.73.216.20 - - [22/Aug/2026:12:21:40 +0800] "GET /6448/author/tobe/page/50/ HTTP/1.1" 200 11500 "-" "Mozilla/5.0 AppleWebKit/537.36 (KHTML, like Gecko; compatible; ClaudeBot/1.0; +claudebot@anthropic.com)"
216.73.216.20 - - [22/Aug/2026:12:21:40 +0800] "GET /6325/category/c-20778/page/2/ HTTP/1.1" 200 11446 "-" "Mozilla/5.0 AppleWebKit/537.36 (KHTML, like Gecko; compatible; ClaudeBot/1.0; +claudebot@anthropic.com)"
216.73.216.20 - - [22/Aug/2026:12:21:41 +0800] "GET /ytes1234/?p=182 HTTP/1.1" 301 874 "-" "Mozilla/5.0 AppleWebKit/537.36 (KHTML, like Gecko; compatible; ClaudeBot/1.0; +claudebot@anthropic.com)"
::1 - - [22/Aug/2026:12:21:41 +0800] "OPTIONS * HTTP/1.0" 200 110 "-" "Apache/2.4.68 (Ubuntu) OpenSSL/3.0.19 (internal dummy connection)"
216.73.216.20 - - [22/Aug/2026:12:21:41 +0800] "GET /6448/2015/10/27/page/2/ HTTP/1.1" 200 10566 "-" "Mozilla/5.0 AppleWebKit/537.36 (KHTML, like Gecko; compatible; ClaudeBot/1.0; +claudebot@anthropic.com)"
216.73.216.20 - - [22/Aug/2026:12:21:41 +0800] "GET /ytes1234/2023/09/11/%e6%af%8f%e9%80%b1%e4%b8%80%e5%8f%a5%e5%8f%b0%e8%aa%9e%e4%bf%97%e8%ab%ba2023-09-06/ HTTP/1.1" 200 13820 "https://2blog.ilc.edu.tw/ytes1234/?p=182" "Mozilla/5.0 AppleWebKit/537.36 (KHTML, like Gecko; compatible; ClaudeBot/1.0; +claudebot@anthropic.com)"
216.73.216.20 - - [22/Aug/2026:12:21:41 +0800] "GET /ytes1234/2023/10/30/ HTTP/1.1" 200 11449 "-" "Mozilla/5.0 AppleWebKit/537.36 (KHTML, like Gecko; compatible; ClaudeBot/1.0; +claudebot@anthropic.com)"
216.73.216.20 - - [22/Aug/2026:12:21:41 +0800] "GET /ytes1234/?p=308 HTTP/1.1" 301 920 "-" "Mozilla/5.0 AppleWebKit/537.36 (KHTML, like Gecko; compatible; ClaudeBot/1.0; +claudebot@anthropic.com)"
216.73.216.20 - - [22/Aug/2026:12:21:41 +0800] "GET /6325/2014/11/27/page/1/ HTTP/1.1" 301 787 "-" "Mozilla/5.0 AppleWebKit/537.36 (KHTML, like Gecko; compatible; ClaudeBot/1.0; +claudebot@anthropic.com)"
216.73.216.20 - - [22/Aug/2026:12:21:41 +0800] "GET /ytes1234/2023/11/22/%e6%af%8f%e9%80%b1%e4%b8%80%e5%8f%a5%e5%8f%b0%e8%aa%9e%e4%bf%97%e8%ab%ba2023-11-22-%e8%a5%bf%e7%93%9c%e5%81%8e%e5%a4%a7%e9%82%8a/ HTTP/1.1" 200 13725 "https://2blog.ilc.edu.tw/ytes1234/?p=308" "Mozilla/5.0 AppleWebKit/537.36 (KHTML, like Gecko; compatible; ClaudeBot/1.0; +claudebot@anthropic.com)"
216.73.216.20 - - [22/Aug/2026:12:21:41 +0800] "GET /ytes1234/?p=472 HTTP/1.1" 301 963 "-" "Mozilla/5.0 AppleWebKit/537.36 (KHTML, like Gecko; compatible; ClaudeBot/1.0; +claudebot@anthropic.com)"
216.73.216.20 - - [22/Aug/2026:12:21:41 +0800] "GET /ytes1234/?p=437 HTTP/1.1" 301 921 "-" "Mozilla/5.0 AppleWebKit/537.36 (KHTML, like Gecko; compatible; ClaudeBot/1.0; +claudebot@anthropic.com)"
216.73.216.20 - - [22/Aug/2026:12:21:42 +0800] "GET /6325/2014/11/27/ HTTP/1.1" 200 10981 "https://2blog.ilc.edu.tw/6325/2014/11/27/page/1/" "Mozilla/5.0 AppleWebKit/537.36 (KHTML, like Gecko; compatible; ClaudeBot/1.0; +claudebot@anthropic.com)"
216.73.216.20 - - [22/Aug/2026:12:21:42 +0800] "GET /ytes1234/?p=25 HTTP/1.1" 301 873 "-" "Mozilla/5.0 AppleWebKit/537.36 (KHTML, like Gecko; compatible; ClaudeBot/1.0; +claudebot@anthropic.com)"
216.73.216.20 - - [22/Aug/2026:12:21:42 +0800] "GET /ytes1234/2024/02/15/%e8%b3%bc%e7%bd%ae%e6%af%8d%e8%aa%9e%e5%9c%96%e6%9b%b8%e3%80%81%e6%af%8d%e8%aa%9e%e8%aa%9e%e9%9f%b3%e7%ad%89%e6%95%99%e6%9d%90%e4%be%9b%e5%b8%ab%e7%94%9f%e4%bd%bf%e7%94%a8/ HTTP/1.1" 200 14200 "https://2blog.ilc.edu.tw/ytes1234/?p=472" "Mozilla/5.0 AppleWebKit/537.36 (KHTML, like Gecko; compatible; ClaudeBot/1.0; +claudebot@anthropic.com)"
216.73.216.20 - - [22/Aug/2026:12:21:41 +0800] "GET /babybaby/wp-json/wp/v2/posts/9591 HTTP/1.1" 200 257730 "-" "Mozilla/5.0 AppleWebKit/537.36 (KHTML, like Gecko; compatible; ClaudeBot/1.0; +claudebot@anthropic.com)"
216.73.216.20 - - [22/Aug/2026:12:21:41 +0800] "GET /babybaby/wp-json/wp/v2/posts/5256 HTTP/1.1" 200 327772 "-" "Mozilla/5.0 AppleWebKit/537.36 (KHTML, like Gecko; compatible; ClaudeBot/1.0; +claudebot@anthropic.com)"
216.73.216.20 - - [22/Aug/2026:12:21:42 +0800] "GET /ytes1234/?p=541 HTTP/1.1" 301 985 "-" "Mozilla/5.0 AppleWebKit/537.36 (KHTML, like Gecko; compatible; ClaudeBot/1.0; +claudebot@anthropic.com)"
136.119.35.120 - - [22/Aug/2026:12:21:41 +0800] "GET /6452/2020/11/13/109-4-3-1-%E6%B0%B8%E6%A8%82%E5%9C%8B%E5%B0%8F%E6%B0%B8%E7%BA%8C%E5%BE%AA%E7%92%B0%E6%A0%A1%E5%9C%92%E6%8E%A2%E7%B4%A2%E5%8F%8A%E7%A4%BA%E7%AF%84%E8%A8%88%E7%95%AB/ HTTP/1.1" 200 15212 "-" "Mozilla/5.0 (Macintosh; Intel Mac OS X 10_15_7) AppleWebKit/537.36 (KHTML, like Gecko) Chrome/120.0.0.0 Safari/537.36"
216.73.216.20 - - [22/Aug/2026:12:21:42 +0800] "GET /ytes1234/2024/02/15/112%e5%ad%b8%e5%b9%b4%e5%ba%a6%e5%8e%9f%e6%b0%91%e8%aa%9e%e7%9b%b4%e6%92%ad%e5%85%b1%e5%ad%b8%e4%b8%8a%e8%aa%b2%e6%83%85%e5%bd%a2/ HTTP/1.1" 200 13447 "https://2blog.ilc.edu.tw/ytes1234/?p=437" "Mozilla/5.0 AppleWebKit/537.36 (KHTML, like Gecko; compatible; ClaudeBot/1.0; +claudebot@anthropic.com)"
::1 - - [22/Aug/2026:12:21:42 +0800] "OPTIONS * HTTP/1.0" 200 110 "-" "Apache/2.4.68 (Ubuntu) OpenSSL/3.0.19 (internal dummy connection)"
216.73.216.20 - - [22/Aug/2026:12:21:42 +0800] "GET /ytes1234/2024/09/11/ HTTP/1.1" 200 11442 "-" "Mozilla/5.0 AppleWebKit/537.36 (KHTML, like Gecko; compatible; ClaudeBot/1.0; +claudebot@anthropic.com)"
216.73.216.20 - - [22/Aug/2026:12:21:42 +0800] "GET /ytes1234/2020/11/13/%e8%87%ba%e7%81%a3%e6%af%8d%e8%aa%9e%e6%97%a5%e5%af%a6%e6%96%bd%e8%a8%88%e7%95%ab/ HTTP/1.1" 200 13405 "https://2blog.ilc.edu.tw/ytes1234/?p=25" "Mozilla/5.0 AppleWebKit/537.36 (KHTML, like Gecko; compatible; ClaudeBot/1.0; +claudebot@anthropic.com)"
216.73.216.20 - - [22/Aug/2026:12:21:42 +0800] "GET /6439/category/c-21183/page/9/ HTTP/1.1" 200 27424 "-" "Mozilla/5.0 AppleWebKit/537.36 (KHTML, like Gecko; compatible; ClaudeBot/1.0; +claudebot@anthropic.com)"
34.58.22.12 - - [22/Aug/2026:12:21:39 +0800] "GET /certs/server.key HTTP/1.1" 404 60341 "-" "Mozilla/5.0 (iPhone; CPU iPhone OS 26_0 like Mac OS X) AppleWebKit/605.1.15 (KHTML, like Gecko) Version/26.0 Mobile/15E148 Safari/604.1"
216.73.216.20 - - [22/Aug/2026:12:21:42 +0800] "GET /ytes1234/2024/07/22/%e8%b3%80-%e6%9c%ac%e6%a0%a1%e5%9b%9b%e5%b9%b4%e5%bf%a0%e7%8f%ad%e6%9d%8e%e6%98%95%e8%8a%b8%e6%a6%ae%e7%8d%b2113%e5%b9%b4%e5%ba%a6%e7%a4%81%e6%ba%aa%e9%84%89%e5%9c%8b%e8%aa%9e%e6%96%87%e7%ab%b6/ HTTP/1.1" 200 13939 "https://2blog.ilc.edu.tw/ytes1234/?p=541" "Mozilla/5.0 AppleWebKit/537.36 (KHTML, like Gecko; compatible; ClaudeBot/1.0; +claudebot@anthropic.com)"
216.73.216.20 - - [22/Aug/2026:12:21:42 +0800] "GET /43042/?p=171 HTTP/1.1" 301 961 "-" "Mozilla/5.0 AppleWebKit/537.36 (KHTML, like Gecko; compatible; ClaudeBot/1.0; +claudebot@anthropic.com)"
216.73.216.20 - - [22/Aug/2026:12:21:42 +0800] "GET /43042/2023/12/04/%e8%bd%89%e7%9f%a5%e7%b8%a3%e5%ba%9c%e8%be%a6%e7%90%86%e3%80%8c%e3%80%8e%e5%8e%9f%e7%b9%aa%e7%b6%bb%e6%94%be%e3%80%8f%e5%8e%9f%e4%bd%8f%e6%b0%91%e6%97%8f%e8%aa%9e%e6%96%87%e5%8c%96%e7%b9%aa%e6%9c%ac/ HTTP/1.1" 200 10944 "https://2blog.ilc.edu.tw/43042/?p=171" "Mozilla/5.0 AppleWebKit/537.36 (KHTML, like Gecko; compatible; ClaudeBot/1.0; +claudebot@anthropic.com)"
99.95.61.47 - - [22/Aug/2026:12:21:42 +0800] "GET /26065/ HTTP/1.1" 200 18602 "-" "Mozilla/5.0 (Macintosh; Intel Mac OS X 10_15_7) AppleWebKit/605.1.15 (KHTML, like Gecko) Version/26.0 Safari/605.1.15"
