216.73.216.20 - - [22/Aug/2026:12:26:13 +0800] "GET /6448/wp-json/wp/v2/posts/686 HTTP/1.1" 200 4074 "-" "Mozilla/5.0 AppleWebKit/537.36 (KHTML, like Gecko; compatible; ClaudeBot/1.0; +claudebot@anthropic.com)"
216.73.216.20 - - [22/Aug/2026:12:26:13 +0800] "GET /6448/wp-json/wp/v2/posts/588 HTTP/1.1" 200 11071 "-" "Mozilla/5.0 AppleWebKit/537.36 (KHTML, like Gecko; compatible; ClaudeBot/1.0; +claudebot@anthropic.com)"
216.73.216.20 - - [22/Aug/2026:12:26:13 +0800] "GET /6448/wp-json/wp/v2/posts/401 HTTP/1.1" 200 3755 "-" "Mozilla/5.0 AppleWebKit/537.36 (KHTML, like Gecko; compatible; ClaudeBot/1.0; +claudebot@anthropic.com)"
198.89.122.237 - - [22/Aug/2026:12:26:12 +0800] "GET /wp-content/uploads/sites/304/6047/previews/6047-525164.jpg HTTP/1.1" 200 17126 "https://www.gfes.ilc.edu.tw/category/c-20202/" "Mozilla/5.0 (Macintosh; Intel Mac OS X 10_15_7) AppleWebKit/537.36 (KHTML, like Gecko) Chrome/131.0.0.0 Safari/537.36"
216.73.216.20 - - [22/Aug/2026:12:26:13 +0800] "GET /6325/wp-json/wp/v2/posts/18042 HTTP/1.1" 200 93129 "-" "Mozilla/5.0 AppleWebKit/537.36 (KHTML, like Gecko; compatible; ClaudeBot/1.0; +claudebot@anthropic.com)"
216.73.216.20 - - [22/Aug/2026:12:26:13 +0800] "GET /6325/wp-json/wp/v2/posts/18031 HTTP/1.1" 200 3895 "-" "Mozilla/5.0 AppleWebKit/537.36 (KHTML, like Gecko; compatible; ClaudeBot/1.0; +claudebot@anthropic.com)"
50.114.116.200 - - [22/Aug/2026:12:26:12 +0800] "GET /wp-content/uploads/sites/304/6047/6047-525162.jpg HTTP/1.1" 200 159948 "https://www.gfes.ilc.edu.tw/category/c-20202/" "Mozilla/5.0 (Macintosh; Intel Mac OS X 10_15_7) AppleWebKit/537.36 (KHTML, like Gecko) Chrome/131.0.0.0 Safari/537.36"
216.73.216.20 - - [22/Aug/2026:12:26:13 +0800] "GET /6448/wp-json/wp/v2/posts/592 HTTP/1.1" 200 8671 "-" "Mozilla/5.0 AppleWebKit/537.36 (KHTML, like Gecko; compatible; ClaudeBot/1.0; +claudebot@anthropic.com)"
132.232.209.153 - - [22/Aug/2026:12:26:08 +0800] "GET /2373/wp-content/uploads/sites/1282/2023/07/IMG_0469.jpg HTTP/1.1" 200 135457 "https://2blog.ilc.edu.tw/" "Mozilla/5.0 (Windows NT 10.0; Win64; x64) AppleWebKit/537.36 (KHTML, like Gecko) Chrome/117.0.0.0 Safari/537.36"
2001:288:a201::66:125 - - [22/Aug/2026:12:26:13 +0800] "GET /blog/active.php HTTP/1.1" 404 1084 "-" "-"
216.73.216.20 - - [22/Aug/2026:12:26:13 +0800] "GET /6448/wp-json/wp/v2/posts/706 HTTP/1.1" 200 11543 "-" "Mozilla/5.0 AppleWebKit/537.36 (KHTML, like Gecko; compatible; ClaudeBot/1.0; +claudebot@anthropic.com)"
216.73.216.20 - - [22/Aug/2026:12:26:13 +0800] "GET /6448/wp-json/wp/v2/posts/322 HTTP/1.1" 200 13126 "-" "Mozilla/5.0 AppleWebKit/537.36 (KHTML, like Gecko; compatible; ClaudeBot/1.0; +claudebot@anthropic.com)"
216.73.216.20 - - [22/Aug/2026:12:26:13 +0800] "GET /6325/wp-json/wp/v2/posts/18784 HTTP/1.1" 200 6191 "-" "Mozilla/5.0 AppleWebKit/537.36 (KHTML, like Gecko; compatible; ClaudeBot/1.0; +claudebot@anthropic.com)"
52.167.144.236 - - [22/Aug/2026:12:26:13 +0800] "GET /Form/Teacher/ListTeacher.asp?ID=245&Back=/NineOne/List.asp?FD=%BC%C6%BE%C7 HTTP/1.1" 404 85748 "-" "Mozilla/5.0 AppleWebKit/537.36 (KHTML, like Gecko; compatible; bingbot/2.0; +http://www.bing.com/bingbot.htm) Chrome/116.0.1938.76 Safari/537.36"
216.73.216.20 - - [22/Aug/2026:12:26:13 +0800] "GET /6448/wp-json/wp/v2/posts/94 HTTP/1.1" 200 4270 "-" "Mozilla/5.0 AppleWebKit/537.36 (KHTML, like Gecko; compatible; ClaudeBot/1.0; +claudebot@anthropic.com)"
140.111.67.10 - - [22/Aug/2026:12:26:14 +0800] "GET /" 301 273 "-" "-"
216.73.216.20 - - [22/Aug/2026:12:26:14 +0800] "GET /6448/wp-json/wp/v2/posts/356 HTTP/1.1" 200 72049 "-" "Mozilla/5.0 AppleWebKit/537.36 (KHTML, like Gecko; compatible; ClaudeBot/1.0; +claudebot@anthropic.com)"
216.73.216.20 - - [22/Aug/2026:12:26:14 +0800] "GET /6448/wp-json/wp/v2/posts/256 HTTP/1.1" 200 8458 "-" "Mozilla/5.0 AppleWebKit/537.36 (KHTML, like Gecko; compatible; ClaudeBot/1.0; +claudebot@anthropic.com)"
216.73.216.20 - - [22/Aug/2026:12:26:14 +0800] "GET /6325/wp-json/wp/v2/posts/18503 HTTP/1.1" 200 4373 "-" "Mozilla/5.0 AppleWebKit/537.36 (KHTML, like Gecko; compatible; ClaudeBot/1.0; +claudebot@anthropic.com)"
216.73.216.20 - - [22/Aug/2026:12:26:14 +0800] "GET /6448/wp-json/wp/v2/posts/23 HTTP/1.1" 200 10142 "-" "Mozilla/5.0 AppleWebKit/537.36 (KHTML, like Gecko; compatible; ClaudeBot/1.0; +claudebot@anthropic.com)"
216.73.216.20 - - [22/Aug/2026:12:26:14 +0800] "GET /6448/wp-json/wp/v2/posts/253 HTTP/1.1" 200 17650 "-" "Mozilla/5.0 AppleWebKit/537.36 (KHTML, like Gecko; compatible; ClaudeBot/1.0; +claudebot@anthropic.com)"
216.73.216.20 - - [22/Aug/2026:12:26:14 +0800] "GET /6325/wp-json/wp/v2/posts/17874 HTTP/1.1" 200 4189 "-" "Mozilla/5.0 AppleWebKit/537.36 (KHTML, like Gecko; compatible; ClaudeBot/1.0; +claudebot@anthropic.com)"
216.73.216.20 - - [22/Aug/2026:12:26:14 +0800] "GET /6448/wp-json/wp/v2/posts/581 HTTP/1.1" 200 3743 "-" "Mozilla/5.0 AppleWebKit/537.36 (KHTML, like Gecko; compatible; ClaudeBot/1.0; +claudebot@anthropic.com)"
216.73.216.20 - - [22/Aug/2026:12:26:14 +0800] "GET /6448/wp-json/wp/v2/posts/893 HTTP/1.1" 200 7819 "-" "Mozilla/5.0 AppleWebKit/537.36 (KHTML, like Gecko; compatible; ClaudeBot/1.0; +claudebot@anthropic.com)"
216.73.216.20 - - [22/Aug/2026:12:26:14 +0800] "GET /6325/wp-json/wp/v2/posts/18263 HTTP/1.1" 200 12931 "-" "Mozilla/5.0 AppleWebKit/537.36 (KHTML, like Gecko; compatible; ClaudeBot/1.0; +claudebot@anthropic.com)"
52.167.144.236 - - [22/Aug/2026:12:26:14 +0800] "GET /Form/Teacher/ListTeacher.asp?ID=368&Back=/NineOne/List.asp?FD=%BC%C6%BE%C7 HTTP/1.1" 404 85748 "-" "Mozilla/5.0 AppleWebKit/537.36 (KHTML, like Gecko; compatible; bingbot/2.0; +http://www.bing.com/bingbot.htm) Chrome/116.0.1938.76 Safari/537.36"
216.73.216.20 - - [22/Aug/2026:12:26:14 +0800] "GET /6325/wp-json/wp/v2/posts/18488 HTTP/1.1" 200 4507 "-" "Mozilla/5.0 AppleWebKit/537.36 (KHTML, like Gecko; compatible; ClaudeBot/1.0; +claudebot@anthropic.com)"
216.73.216.20 - - [22/Aug/2026:12:26:14 +0800] "GET /6448/wp-json/wp/v2/posts/404 HTTP/1.1" 200 3755 "-" "Mozilla/5.0 AppleWebKit/537.36 (KHTML, like Gecko; compatible; ClaudeBot/1.0; +claudebot@anthropic.com)"
216.73.216.20 - - [22/Aug/2026:12:26:15 +0800] "GET /6325/wp-json/wp/v2/posts/18399 HTTP/1.1" 200 4133 "-" "Mozilla/5.0 AppleWebKit/537.36 (KHTML, like Gecko; compatible; ClaudeBot/1.0; +claudebot@anthropic.com)"
216.73.216.20 - - [22/Aug/2026:12:26:15 +0800] "GET /6448/wp-json/wp/v2/posts/37 HTTP/1.1" 200 14364 "-" "Mozilla/5.0 AppleWebKit/537.36 (KHTML, like Gecko; compatible; ClaudeBot/1.0; +claudebot@anthropic.com)"
216.73.216.20 - - [22/Aug/2026:12:26:15 +0800] "GET /6448/wp-json/wp/v2/posts/810 HTTP/1.1" 200 3635 "-" "Mozilla/5.0 AppleWebKit/537.36 (KHTML, like Gecko; compatible; ClaudeBot/1.0; +claudebot@anthropic.com)"
74.7.242.54 - - [22/Aug/2026:12:26:13 +0800] "GET /26150/?p=3337 HTTP/1.1" 301 986 "https://2blog.ilc.edu.tw/26150/2016/11/09/2016%e5%ae%9c%e8%98%ad%e5%a5%b3%e6%80%a7%e5%bd%b1%e5%b1%9511-7%e8%b5%b7%e9%96%8b%e8%b7%91%e4%ba%86%ef%bc%8c%e6%ad%a1%e8%bf%8e%e6%9c%89%e8%88%88%e8%b6%a3%e7%9a%84%e6%b0%91%e7%9c%be%e8%b8%b4%e8%ba%8d/" "Mozilla/5.0 AppleWebKit/537.36 (KHTML, like Gecko; compatible; GPTBot/1.4; +https://openai.com/gptbot)"
216.73.216.20 - - [22/Aug/2026:12:26:15 +0800] "GET /6448/wp-json/wp/v2/posts/441 HTTP/1.1" 200 3827 "-" "Mozilla/5.0 AppleWebKit/537.36 (KHTML, like Gecko; compatible; ClaudeBot/1.0; +claudebot@anthropic.com)"
216.73.216.20 - - [22/Aug/2026:12:26:15 +0800] "GET /sun520/wp-json/wp/v2/posts/19571 HTTP/1.1" 200 160552 "-" "Mozilla/5.0 AppleWebKit/537.36 (KHTML, like Gecko; compatible; ClaudeBot/1.0; +claudebot@anthropic.com)"
216.73.216.20 - - [22/Aug/2026:12:26:15 +0800] "GET /6448/wp-json/wp/v2/posts/587 HTTP/1.1" 200 6269 "-" "Mozilla/5.0 AppleWebKit/537.36 (KHTML, like Gecko; compatible; ClaudeBot/1.0; +claudebot@anthropic.com)"
216.73.216.20 - - [22/Aug/2026:12:26:15 +0800] "GET /6448/wp-json/wp/v2/posts/412 HTTP/1.1" 200 3805 "-" "Mozilla/5.0 AppleWebKit/537.36 (KHTML, like Gecko; compatible; ClaudeBot/1.0; +claudebot@anthropic.com)"
52.167.144.236 - - [22/Aug/2026:12:26:15 +0800] "GET /form/icon/icon_dir.gif HTTP/1.1" 404 85748 "-" "Mozilla/5.0 AppleWebKit/537.36 (KHTML, like Gecko; compatible; bingbot/2.0; +http://www.bing.com/bingbot.htm) Chrome/116.0.1938.76 Safari/537.36"
216.73.216.20 - - [22/Aug/2026:12:26:15 +0800] "GET /6448/wp-json/wp/v2/posts/754 HTTP/1.1" 200 24394 "-" "Mozilla/5.0 AppleWebKit/537.36 (KHTML, like Gecko; compatible; ClaudeBot/1.0; +claudebot@anthropic.com)"
216.73.216.20 - - [22/Aug/2026:12:26:15 +0800] "GET /6448/wp-json/wp/v2/posts/53 HTTP/1.1" 200 5291 "-" "Mozilla/5.0 AppleWebKit/537.36 (KHTML, like Gecko; compatible; ClaudeBot/1.0; +claudebot@anthropic.com)"
216.73.216.20 - - [22/Aug/2026:12:26:15 +0800] "GET /6325/wp-json/wp/v2/posts/17875 HTTP/1.1" 200 4496 "-" "Mozilla/5.0 AppleWebKit/537.36 (KHTML, like Gecko; compatible; ClaudeBot/1.0; +claudebot@anthropic.com)"
216.73.216.20 - - [22/Aug/2026:12:26:15 +0800] "GET /6325/wp-json/wp/v2/posts/17656 HTTP/1.1" 200 4310 "-" "Mozilla/5.0 AppleWebKit/537.36 (KHTML, like Gecko; compatible; ClaudeBot/1.0; +claudebot@anthropic.com)"
216.73.216.20 - - [22/Aug/2026:12:26:16 +0800] "GET /6448/wp-json/wp/v2/posts/899 HTTP/1.1" 200 11643 "-" "Mozilla/5.0 AppleWebKit/537.36 (KHTML, like Gecko; compatible; ClaudeBot/1.0; +claudebot@anthropic.com)"
52.167.144.236 - - [22/Aug/2026:12:26:16 +0800] "GET /form/icon/icon_hp.gif HTTP/1.1" 404 85748 "-" "Mozilla/5.0 AppleWebKit/537.36 (KHTML, like Gecko; compatible; bingbot/2.0; +http://www.bing.com/bingbot.htm) Chrome/116.0.1938.76 Safari/537.36"
2a03:2880:f802:27:: - - [22/Aug/2026:12:26:14 +0800] "GET /wp-login.php?key=jw8xj374&_wpnonce=&action=ilc_logout&redirect_to=https%3A%2F%2Fgame.edu.kg HTTP/1.1" 302 8248 "-" "Mozilla/5.0 (Windows NT 10.0; Win64; x64) AppleWebKit/537.36 (KHTML, like Gecko) Chrome/145.0.0.0 Safari/537.36 (compatible; meta-externalagent/1.1 (+https://developers.facebook.com/docs/sharing/webmasters/crawler))"
52.167.144.236 - - [22/Aug/2026:12:26:17 +0800] "GET /Form/Teacher/ListTeacher.asp?ID=337&Back=/NineOne/List.asp?FD=%BC%C6%BE%C7 HTTP/1.1" 404 85748 "-" "Mozilla/5.0 AppleWebKit/537.36 (KHTML, like Gecko; compatible; bingbot/2.0; +http://www.bing.com/bingbot.htm) Chrome/116.0.1938.76 Safari/537.36"
74.7.242.54 - - [22/Aug/2026:12:26:15 +0800] "GET /26150/?p=3444 HTTP/1.1" 301 975 "https://2blog.ilc.edu.tw/26150/2017/08/11/106%e5%b9%b4%e5%ba%a6%e7%ac%ac32%e6%ac%a1%e5%b9%b8%e7%a6%8f%e5%ae%b6%e5%ba%ad%e7%a9%ba%e4%b8%ad%e8%ac%9b%e5%a0%82-%e6%9c%80%e6%a3%92%e7%9a%84%e7%88%b6%e8%a6%aa%e7%af%80%e7%a6%ae%e7%89%a9/" "Mozilla/5.0 AppleWebKit/537.36 (KHTML, like Gecko; compatible; GPTBot/1.4; +https://openai.com/gptbot)"
118.232.34.87 - - [22/Aug/2026:12:26:17 +0800] "GET /blog/blog/29301/post/88631/690303 HTTP/1.1" 301 1099 "-" "Mozilla/5.0 (Windows NT 10.0; Win64; x64) AppleWebKit/537.36 (KHTML, like Gecko) Chrome/151.0.0.0 Safari/537.36"
2001:288:a201::66:125 - - [22/Aug/2026:12:26:18 +0800] "GET /blog/active.php HTTP/1.1" 404 1084 "-" "-"
2001:288:a201::66:125 - - [22/Aug/2026:12:26:18 +0800] "GET /blog/active.php HTTP/1.1" 301 1026 "-" "-"
52.167.144.236 - - [22/Aug/2026:12:26:17 +0800] "GET /Form/Teacher/ListTeacher.asp?ID=758&Back=/NineOne/List.asp?FD=%BC%C6%BE%C7 HTTP/1.1" 404 85748 "-" "Mozilla/5.0 AppleWebKit/537.36 (KHTML, like Gecko; compatible; bingbot/2.0; +http://www.bing.com/bingbot.htm) Chrome/116.0.1938.76 Safari/537.36"
73.251.54.24 - - [22/Aug/2026:12:26:17 +0800] "GET /17160/2014/04/24/%E3%80%90%E4%BA%94%E5%B9%B4%E7%B4%9A%E3%80%91%E6%95%B8%E5%AD%B8%E8%AA%B2%E7%A8%8B-%E5%92%8C%E5%80%8D%E3%80%81%E5%B7%AE%E5%80%8D%E5%95%8F%E9%A1%8C/ HTTP/1.1" 200 19169 "-" "Mozilla/5.0 (Macintosh; Intel Mac OS X 10_15_7) AppleWebKit/537.36 (KHTML, like Gecko) Chrome/145.0.0.0 Safari/537.36"
35.174.253.85 - - [22/Aug/2026:12:26:18 +0800] "GET /30967/wp-json/wp/v2/%22https:/2blog.ilc.edu.tw/30967/wp-content/uploads/sites/1690/2026/03/u5c0f/u6c34/u6bcd/u4ea4/u670b/u53cb/u6797/u79b9/u5bb8_0-300x214.jpg/%22 HTTP/1.1" 404 6132 "-" "Mozilla/5.0 AppleWebKit/537.36 (KHTML, like Gecko; compatible; Amazonbot/0.1; +https://developer.amazon.com/support/amazonbot) Chrome/119.0.6045.214 Safari/537.36"
52.167.144.236 - - [22/Aug/2026:12:26:18 +0800] "GET /Form/Teacher/ListTeacher.asp?ID=304&Back=/NineOne/List.asp?FD=%BC%C6%BE%C7 HTTP/1.1" 404 85748 "-" "Mozilla/5.0 AppleWebKit/537.36 (KHTML, like Gecko; compatible; bingbot/2.0; +http://www.bing.com/bingbot.htm) Chrome/116.0.1938.76 Safari/537.36"
140.111.67.10 - - [22/Aug/2026:12:26:19 +0800] "GET /" 301 273 "-" "-"
216.73.216.20 - - [22/Aug/2026:12:26:19 +0800] "GET /25138/author/binlin/ HTTP/1.1" 200 19285 "-" "Mozilla/5.0 AppleWebKit/537.36 (KHTML, like Gecko; compatible; ClaudeBot/1.0; +claudebot@anthropic.com)"
216.73.216.20 - - [22/Aug/2026:12:26:19 +0800] "GET /6325/wp-json/wp/v2/posts/17476 HTTP/1.1" 200 6968 "-" "Mozilla/5.0 AppleWebKit/537.36 (KHTML, like Gecko; compatible; ClaudeBot/1.0; +claudebot@anthropic.com)"
34.123.149.87 - - [22/Aug/2026:12:26:19 +0800] "GET /wp-json/oembed/1.0/embed?format=xml&url=https://www.kyes.ilc.edu.tw/2020/03/27/%25e9%2587%2591%25e6%25b4%258b%25e5%259c%258b%25e5%25b0%258f108%25e8%2597%259d%25e6%2596%2587%25e6%25b7%25b1%25e8%2580%2595%25e8%25a8%2588%25e7%2595%25ab/ HTTP/1.1" 200 7185 "-" "Mozilla/5.0 (Macintosh; Intel Mac OS X 10_15_7) AppleWebKit/537.36 (KHTML, like Gecko) Chrome/120.0.0.0 Safari/537.36"
216.73.216.20 - - [22/Aug/2026:12:26:19 +0800] "GET /6325/wp-json/wp/v2/posts/17744 HTTP/1.1" 200 11750 "-" "Mozilla/5.0 AppleWebKit/537.36 (KHTML, like Gecko; compatible; ClaudeBot/1.0; +claudebot@anthropic.com)"
34.227.156.153 - - [22/Aug/2026:12:26:19 +0800] "GET /6488/wp-json/oembed/1.0/embed?format=xml&url=https://2blog.ilc.edu.tw/6488/2019/11/18/108%25e5%25b9%25b4%25e7%2592%25b0%25e5%25a2%2583%25e6%2595%2599%25e8%2582%25b2%25e7%259b%25b8%25e9%2597%259c%25e5%2585%25ac%25e5%2591%258a/ HTTP/1.1" 200 7243 "-" "Mozilla/5.0 AppleWebKit/537.36 (KHTML, like Gecko; compatible; Amazonbot/0.1; +https://developer.amazon.com/support/amazonbot) Chrome/119.0.6045.214 Safari/537.36"
74.7.242.54 - - [22/Aug/2026:12:26:18 +0800] "GET /26150/wp-json/oembed/1.0/embed?format=xml&url=https%3A%2F%2F2blog.ilc.edu.tw%2F26150%2F2021%2F01%2F27%2F%25e3%2580%258c%25e6%2589%25be%25e5%25b0%258b%25e6%2584%259b%25e6%2588%2580%25e5%2588%259d%25e5%25bf%2583%25e3%2580%258d%25e5%25a9%259a%25e5%2589%258d%25e6%2595%2599%25e8%2582%25b2%25e6%2588%2590%25e9%2595%25b7%25e5%259c%2598%25e9%25ab%2594%25e6%2596%25bc3%25e6%259c%25889%25e6%2597%25a5%25e8%25b5%25b7%25e6%25af%258f%2F HTTP/1.1" 200 2496 "https://2blog.ilc.edu.tw/26150/2021/01/27/%e3%80%8c%e6%89%be%e5%b0%8b%e6%84%9b%e6%88%80%e5%88%9d%e5%bf%83%e3%80%8d%e5%a9%9a%e5%89%8d%e6%95%99%e8%82%b2%e6%88%90%e9%95%b7%e5%9c%98%e9%ab%94%e6%96%bc3%e6%9c%889%e6%97%a5%e8%b5%b7%e6%af%8f/" "Mozilla/5.0 AppleWebKit/537.36 (KHTML, like Gecko; compatible; GPTBot/1.4; +https://openai.com/gptbot)"
216.73.216.20 - - [22/Aug/2026:12:26:19 +0800] "GET /6325/wp-json/wp/v2/posts/17648 HTTP/1.1" 200 47926 "-" "Mozilla/5.0 AppleWebKit/537.36 (KHTML, like Gecko; compatible; ClaudeBot/1.0; +claudebot@anthropic.com)"
216.73.216.20 - - [22/Aug/2026:12:26:19 +0800] "GET /6448/wp-json/wp/v2/posts/749 HTTP/1.1" 200 8458 "-" "Mozilla/5.0 AppleWebKit/537.36 (KHTML, like Gecko; compatible; ClaudeBot/1.0; +claudebot@anthropic.com)"
216.73.216.20 - - [22/Aug/2026:12:26:19 +0800] "GET /6448/wp-json/wp/v2/posts/898 HTTP/1.1" 200 11707 "-" "Mozilla/5.0 AppleWebKit/537.36 (KHTML, like Gecko; compatible; ClaudeBot/1.0; +claudebot@anthropic.com)"
216.73.216.20 - - [22/Aug/2026:12:26:20 +0800] "GET /6325/wp-json/wp/v2/posts/18519 HTTP/1.1" 200 9950 "-" "Mozilla/5.0 AppleWebKit/537.36 (KHTML, like Gecko; compatible; ClaudeBot/1.0; +claudebot@anthropic.com)"
216.73.216.20 - - [22/Aug/2026:12:26:20 +0800] "GET /6325/wp-json/wp/v2/posts/18513 HTTP/1.1" 200 8950 "-" "Mozilla/5.0 AppleWebKit/537.36 (KHTML, like Gecko; compatible; ClaudeBot/1.0; +claudebot@anthropic.com)"
216.73.216.20 - - [22/Aug/2026:12:26:20 +0800] "GET /6325/wp-json/wp/v2/posts/18560 HTTP/1.1" 200 15140 "-" "Mozilla/5.0 AppleWebKit/537.36 (KHTML, like Gecko; compatible; ClaudeBot/1.0; +claudebot@anthropic.com)"
216.73.216.20 - - [22/Aug/2026:12:26:20 +0800] "GET /6448/wp-json/wp/v2/posts/4237 HTTP/1.1" 200 8757 "-" "Mozilla/5.0 AppleWebKit/537.36 (KHTML, like Gecko; compatible; ClaudeBot/1.0; +claudebot@anthropic.com)"
216.73.216.20 - - [22/Aug/2026:12:26:20 +0800] "GET /6325/wp-json/wp/v2/posts/18557 HTTP/1.1" 200 23577 "-" "Mozilla/5.0 AppleWebKit/537.36 (KHTML, like Gecko; compatible; ClaudeBot/1.0; +claudebot@anthropic.com)"
216.73.216.20 - - [22/Aug/2026:12:26:20 +0800] "GET /6448/wp-json/wp/v2/posts/841 HTTP/1.1" 200 4093 "-" "Mozilla/5.0 AppleWebKit/537.36 (KHTML, like Gecko; compatible; ClaudeBot/1.0; +claudebot@anthropic.com)"
216.73.216.20 - - [22/Aug/2026:12:26:20 +0800] "GET /6448/wp-json/wp/v2/posts/844 HTTP/1.1" 200 10943 "-" "Mozilla/5.0 AppleWebKit/537.36 (KHTML, like Gecko; compatible; ClaudeBot/1.0; +claudebot@anthropic.com)"
216.73.216.20 - - [22/Aug/2026:12:26:20 +0800] "GET /6325/wp-json/wp/v2/posts/17649 HTTP/1.1" 200 9863 "-" "Mozilla/5.0 AppleWebKit/537.36 (KHTML, like Gecko; compatible; ClaudeBot/1.0; +claudebot@anthropic.com)"
216.73.216.20 - - [22/Aug/2026:12:26:20 +0800] "GET /6325/wp-json/wp/v2/posts/17480 HTTP/1.1" 200 5923 "-" "Mozilla/5.0 AppleWebKit/537.36 (KHTML, like Gecko; compatible; ClaudeBot/1.0; +claudebot@anthropic.com)"
216.73.216.20 - - [22/Aug/2026:12:26:20 +0800] "GET /6325/wp-json/wp/v2/posts/18561 HTTP/1.1" 200 9424 "-" "Mozilla/5.0 AppleWebKit/537.36 (KHTML, like Gecko; compatible; ClaudeBot/1.0; +claudebot@anthropic.com)"
216.73.216.20 - - [22/Aug/2026:12:26:20 +0800] "GET /6448/wp-json/wp/v2/posts/416 HTTP/1.1" 200 3780 "-" "Mozilla/5.0 AppleWebKit/537.36 (KHTML, like Gecko; compatible; ClaudeBot/1.0; +claudebot@anthropic.com)"
216.73.216.20 - - [22/Aug/2026:12:26:20 +0800] "GET /6448/wp-json/wp/v2/posts/333 HTTP/1.1" 200 4671 "-" "Mozilla/5.0 AppleWebKit/537.36 (KHTML, like Gecko; compatible; ClaudeBot/1.0; +claudebot@anthropic.com)"
216.73.216.20 - - [22/Aug/2026:12:26:20 +0800] "GET /6325/2016/09/20/ HTTP/1.1" 200 9913 "-" "Mozilla/5.0 AppleWebKit/537.36 (KHTML, like Gecko; compatible; ClaudeBot/1.0; +claudebot@anthropic.com)"
216.73.216.20 - - [22/Aug/2026:12:26:20 +0800] "GET /6448/wp-json/wp/v2/posts/478 HTTP/1.1" 200 3821 "-" "Mozilla/5.0 AppleWebKit/537.36 (KHTML, like Gecko; compatible; ClaudeBot/1.0; +claudebot@anthropic.com)"
216.73.216.20 - - [22/Aug/2026:12:26:20 +0800] "GET /25138/wp-json/wp/v2/posts/52 HTTP/1.1" 200 9681 "-" "Mozilla/5.0 AppleWebKit/537.36 (KHTML, like Gecko; compatible; ClaudeBot/1.0; +claudebot@anthropic.com)"
216.73.216.20 - - [22/Aug/2026:12:26:21 +0800] "GET /6448/wp-json/wp/v2/posts/803 HTTP/1.1" 200 11452 "-" "Mozilla/5.0 AppleWebKit/537.36 (KHTML, like Gecko; compatible; ClaudeBot/1.0; +claudebot@anthropic.com)"
216.73.216.20 - - [22/Aug/2026:12:26:21 +0800] "GET /6448/wp-json/wp/v2/posts/4113 HTTP/1.1" 200 3824 "-" "Mozilla/5.0 AppleWebKit/537.36 (KHTML, like Gecko; compatible; ClaudeBot/1.0; +claudebot@anthropic.com)"
216.73.216.20 - - [22/Aug/2026:12:26:21 +0800] "GET /6448/wp-json/wp/v2/posts/131 HTTP/1.1" 200 19556 "-" "Mozilla/5.0 AppleWebKit/537.36 (KHTML, like Gecko; compatible; ClaudeBot/1.0; +claudebot@anthropic.com)"
216.73.216.20 - - [22/Aug/2026:12:26:21 +0800] "GET /6448/wp-json/wp/v2/posts/119 HTTP/1.1" 200 4159 "-" "Mozilla/5.0 AppleWebKit/537.36 (KHTML, like Gecko; compatible; ClaudeBot/1.0; +claudebot@anthropic.com)"
216.73.216.20 - - [22/Aug/2026:12:26:21 +0800] "GET /6448/wp-json/wp/v2/posts/576 HTTP/1.1" 200 3635 "-" "Mozilla/5.0 AppleWebKit/537.36 (KHTML, like Gecko; compatible; ClaudeBot/1.0; +claudebot@anthropic.com)"
216.73.216.20 - - [22/Aug/2026:12:26:21 +0800] "GET /6325/wp-json/wp/v2/posts/17672 HTTP/1.1" 200 7545 "-" "Mozilla/5.0 AppleWebKit/537.36 (KHTML, like Gecko; compatible; ClaudeBot/1.0; +claudebot@anthropic.com)"
216.73.216.20 - - [22/Aug/2026:12:26:21 +0800] "GET /6448/?p=596 HTTP/1.1" 301 931 "-" "Mozilla/5.0 AppleWebKit/537.36 (KHTML, like Gecko; compatible; ClaudeBot/1.0; +claudebot@anthropic.com)"
216.73.216.20 - - [22/Aug/2026:12:26:21 +0800] "GET /6448/wp-json/wp/v2/posts/514 HTTP/1.1" 200 3830 "-" "Mozilla/5.0 AppleWebKit/537.36 (KHTML, like Gecko; compatible; ClaudeBot/1.0; +claudebot@anthropic.com)"
216.73.216.20 - - [22/Aug/2026:12:26:21 +0800] "GET /6325/wp-json/wp/v2/posts/18218 HTTP/1.1" 200 5118 "-" "Mozilla/5.0 AppleWebKit/537.36 (KHTML, like Gecko; compatible; ClaudeBot/1.0; +claudebot@anthropic.com)"
216.73.216.20 - - [22/Aug/2026:12:26:21 +0800] "GET /6448/2017/11/16/106_2-3_%e6%95%99%e8%82%b2%e9%83%a8%e7%b6%a0%e8%89%b2%e5%ad%b8%e6%a0%a1%e5%a4%a5%e4%bc%b4%e7%b6%b2%e8%b7%af%e6%8f%90%e5%a0%b1%e6%83%85%e5%bd%a2/ HTTP/1.1" 200 10897 "https://2blog.ilc.edu.tw/6448/?p=596" "Mozilla/5.0 AppleWebKit/537.36 (KHTML, like Gecko; compatible; ClaudeBot/1.0; +claudebot@anthropic.com)"
216.73.216.20 - - [22/Aug/2026:12:26:21 +0800] "GET /6448/wp-json/wp/v2/posts/771 HTTP/1.1" 200 4123 "-" "Mozilla/5.0 AppleWebKit/537.36 (KHTML, like Gecko; compatible; ClaudeBot/1.0; +claudebot@anthropic.com)"
216.73.216.20 - - [22/Aug/2026:12:26:21 +0800] "GET /6448/wp-json/wp/v2/posts/414 HTTP/1.1" 200 3696 "-" "Mozilla/5.0 AppleWebKit/537.36 (KHTML, like Gecko; compatible; ClaudeBot/1.0; +claudebot@anthropic.com)"
34.30.223.149 - - [22/Aug/2026:12:26:21 +0800] "GET /3860/2025/02/02/%E5%90%8C%E6%A8%82%E5%9C%8B%E5%B0%8F%E6%94%9D%E5%BD%B1%E5%90%8C%E6%A8%82100%E5%BC%B5%E7%9B%B8%E7%89%87%E4%B8%83%E5%AD%97%E4%BB%94%E5%9B%9B%E5%8F%A5%E8%81%AF/attachment/96/ HTTP/1.1" 200 28861 "-" "Mozilla/5.0 (Macintosh; Intel Mac OS X 10_15_7) AppleWebKit/537.36 (KHTML, like Gecko) Chrome/120.0.0.0 Safari/537.36"
216.73.216.20 - - [22/Aug/2026:12:26:22 +0800] "GET /6448/wp-json/wp/v2/posts/741 HTTP/1.1" 200 15122 "-" "Mozilla/5.0 AppleWebKit/537.36 (KHTML, like Gecko; compatible; ClaudeBot/1.0; +claudebot@anthropic.com)"
216.73.216.20 - - [22/Aug/2026:12:26:22 +0800] "GET /6325/wp-json/wp/v2/posts/18562 HTTP/1.1" 200 8066 "-" "Mozilla/5.0 AppleWebKit/537.36 (KHTML, like Gecko; compatible; ClaudeBot/1.0; +claudebot@anthropic.com)"
2001:b400:e254:77b4:b99a:4c1:586a:3c25 - - [22/Aug/2026:12:26:21 +0800] "POST /wp-json/wp-statistics/v2/online HTTP/1.1" 200 5883 "https://www.npes.ilc.edu.tw/" "Mozilla/5.0 (iPhone; CPU iPhone OS 18_7 like Mac OS X) AppleWebKit/605.1.15 (KHTML, like Gecko) Version/26.6 Mobile/15E148 Safari/604.1"
216.73.216.20 - - [22/Aug/2026:12:26:22 +0800] "GET /6325/wp-json/wp/v2/posts/18685 HTTP/1.1" 200 14703 "-" "Mozilla/5.0 AppleWebKit/537.36 (KHTML, like Gecko; compatible; ClaudeBot/1.0; +claudebot@anthropic.com)"
216.73.216.20 - - [22/Aug/2026:12:26:22 +0800] "GET /6448/wp-json/wp/v2/posts/419 HTTP/1.1" 200 4562 "-" "Mozilla/5.0 AppleWebKit/537.36 (KHTML, like Gecko; compatible; ClaudeBot/1.0; +claudebot@anthropic.com)"
216.73.216.20 - - [22/Aug/2026:12:26:22 +0800] "GET /6325/wp-json/wp/v2/posts/17786 HTTP/1.1" 200 5150 "-" "Mozilla/5.0 AppleWebKit/537.36 (KHTML, like Gecko; compatible; ClaudeBot/1.0; +claudebot@anthropic.com)"
85.208.96.203 - - [22/Aug/2026:12:26:22 +0800] "GET /28/2023/02/03/daisy%E8%80%81%E5%B8%AB-%E4%BB%8B%E7%B4%B9-canva/ HTTP/1.1" 200 15289 "-" "Mozilla/5.0 (compatible; SemrushBot/7~bl; +http://www.semrush.com/bot.html)"
216.73.216.20 - - [22/Aug/2026:12:26:22 +0800] "GET /6325/wp-json/wp/v2/posts/17563 HTTP/1.1" 200 69288 "-" "Mozilla/5.0 AppleWebKit/537.36 (KHTML, like Gecko; compatible; ClaudeBot/1.0; +claudebot@anthropic.com)"
216.73.216.20 - - [22/Aug/2026:12:26:22 +0800] "GET /6325/wp-json/wp/v2/posts/18665 HTTP/1.1" 200 5101 "-" "Mozilla/5.0 AppleWebKit/537.36 (KHTML, like Gecko; compatible; ClaudeBot/1.0; +claudebot@anthropic.com)"
31.57.195.94 - - [22/Aug/2026:12:26:14 +0800] "GET /wp-content/uploads/sites/304/6047/6047-2619900.jpg HTTP/1.1" 200 299657 "https://www.gfes.ilc.edu.tw/category/c-20202/" "Mozilla/5.0 (Macintosh; Intel Mac OS X 10_15_7) AppleWebKit/537.36 (KHTML, like Gecko) Chrome/131.0.0.0 Safari/537.36"
216.73.216.20 - - [22/Aug/2026:12:26:22 +0800] "GET /sun520/wp-json/wp/v2/posts/21107 HTTP/1.1" 200 181425 "-" "Mozilla/5.0 AppleWebKit/537.36 (KHTML, like Gecko; compatible; ClaudeBot/1.0; +claudebot@anthropic.com)"
216.73.216.20 - - [22/Aug/2026:12:26:22 +0800] "GET /6448/wp-json/wp/v2/posts/897 HTTP/1.1" 200 8112 "-" "Mozilla/5.0 AppleWebKit/537.36 (KHTML, like Gecko; compatible; ClaudeBot/1.0; +claudebot@anthropic.com)"
2001:288:a201::66:125 - - [22/Aug/2026:12:26:23 +0800] "GET /blog/active.php HTTP/1.1" 301 1026 "-" "-"
216.73.216.20 - - [22/Aug/2026:12:26:22 +0800] "GET /6325/wp-json/wp/v2/posts/18532 HTTP/1.1" 200 11756 "-" "Mozilla/5.0 AppleWebKit/537.36 (KHTML, like Gecko; compatible; ClaudeBot/1.0; +claudebot@anthropic.com)"
40.77.167.65 - - [22/Aug/2026:12:26:22 +0800] "GET /?s=%E7%94%9F%E6%88%90%E5%BC%8F%E4%BA%BA%E5%B7%A5%E6%99%BA%E6%85%A7%E8%88%87%E6%A9%9F%E5%99%A8%E5%AD%B8%E7%BF%92%E5%B0%8E%E8%AB%962025 HTTP/1.1" 200 20567 "-" "Mozilla/5.0 AppleWebKit/537.36 (KHTML, like Gecko; compatible; bingbot/2.0; +http://www.bing.com/bingbot.htm) Chrome/116.0.1938.76 Safari/537.36"
2001:288:a201::66:125 - - [22/Aug/2026:12:26:23 +0800] "GET /blog/active.php HTTP/1.1" 404 1084 "-" "-"
3.216.86.144 - - [22/Aug/2026:12:26:22 +0800] "GET /wp-content/uploads/sites/2808/6543/6543-3722216.jpg HTTP/1.1" 200 11297 "-" "Mozilla/5.0 AppleWebKit/537.36 (KHTML, like Gecko; compatible; Amazonbot/0.1; +https://developer.amazon.com/support/amazonbot) Chrome/119.0.6045.214 Safari/537.36"
40.77.167.130 - - [22/Aug/2026:12:26:22 +0800] "POST /2528/wp-json/ilc-summary/v1/popular-posts HTTP/1.1" 201 6228 "https://2blog.ilc.edu.tw/2528/2024/04/17/%e8%98%ad%e9%99%bd%e5%b9%b3%e5%8e%9f%e7%9a%84%e6%a9%8b/" "Mozilla/5.0 AppleWebKit/537.36 (KHTML, like Gecko; compatible; bingbot/2.0; +http://www.bing.com/bingbot.htm) Chrome/136.0.0.0 Safari/537.36 AppleWebKit/537.36 (KHTML, like Gecko; compatible; bingbot/2.0; +http://www.bing.com/bingbot.htm) Chrome/116.0.1938.76 Safari/537.36"
74.7.242.54 - - [22/Aug/2026:12:26:20 +0800] "GET /26150/2024/02/26/%e5%b9%b8%e7%a6%8f%e5%ae%b6%e5%ba%ad%e7%a9%ba%e4%b8%ad%e8%ac%9b%e5%a0%821130225%e7%b6%b2%e8%b7%af%e8%a9%90%e9%a8%99%e8%88%87ai%e7%99%bc%e5%b1%95%e8%b6%a8%e5%8b%a2%e4%bf%9e%e8%aa%8c%e5%87%b1/ HTTP/1.1" 200 18201 "https://2blog.ilc.edu.tw/26150/2017/02/20/106%e5%b9%b4%e5%ba%a6%e7%ac%ac07%e6%ac%a1%e5%b9%b8%e7%a6%8f%e5%ae%b6%e5%ba%ad%e7%a9%ba%e4%b8%ad%e8%ac%9b%e5%a0%82-%e8%ac%b9%e9%98%b2%e6%83%85%e4%ba%ba%e7%af%80%e6%ae%ba%e6%89%8b-%e5%89%b5%e9%80%a0/" "Mozilla/5.0 AppleWebKit/537.36 (KHTML, like Gecko; compatible; GPTBot/1.4; +https://openai.com/gptbot)"
::1 - - [22/Aug/2026:12:26:23 +0800] "OPTIONS * HTTP/1.0" 200 110 "-" "Apache/2.4.68 (Ubuntu) OpenSSL/3.0.19 (internal dummy connection)"
140.111.67.10 - - [22/Aug/2026:12:26:24 +0800] "GET /" 301 273 "-" "-"
2001:288:a201::67:82 - - [22/Aug/2026:12:26:22 +0800] "POST /26150/2024/02/26/%E5%B9%B8%E7%A6%8F%E5%AE%B6%E5%BA%AD%E7%A9%BA%E4%B8%AD%E8%AC%9B%E5%A0%821130225%E7%B6%B2%E8%B7%AF%E8%A9%90%E9%A8%99%E8%88%87ai%E7%99%BC%E5%B1%95%E8%B6%A8%E5%8B%A2%E4%BF%9E%E8%AA%8C%E5%87%B1/?fsm_edd_37394=0ab06108bbaa41a30b4c9b4277dc32a2 HTTP/1.1" 200 13008 "-" "WordPress/6.6.7; https://2blog.ilc.edu.tw/26150"
::1 - - [22/Aug/2026:12:26:24 +0800] "OPTIONS * HTTP/1.0" 200 110 "-" "Apache/2.4.68 (Ubuntu) OpenSSL/3.0.19 (internal dummy connection)"
2001:4860:7:b10::f6 - - [22/Aug/2026:12:26:25 +0800] "GET / HTTP/1.1" 200 20973 "https://www.google.com/" "Mozilla/5.0 (Windows NT 10.0; Win64; x64) AppleWebKit/537.36 (KHTML, like Gecko) Chrome/151.0.0.0 Safari/537.36"
::1 - - [22/Aug/2026:12:26:25 +0800] "OPTIONS * HTTP/1.0" 200 110 "-" "Apache/2.4.68 (Ubuntu) OpenSSL/3.0.19 (internal dummy connection)"
74.7.242.54 - - [22/Aug/2026:12:26:24 +0800] "GET /26150/2026/05/29/%e6%88%91%e5%92%8c%e6%88%91%e7%9a%84%e5%ae%b6%e4%ba%ba_%e9%ab%98%e9%bd%a1%e4%b8%96%e4%bb%a3/ HTTP/1.1" 200 17510 "https://2blog.ilc.edu.tw/26150/category/%e4%be%bf%e6%b0%91%e6%9c%8d%e5%8b%99/" "Mozilla/5.0 AppleWebKit/537.36 (KHTML, like Gecko; compatible; GPTBot/1.4; +https://openai.com/gptbot)"
52.5.242.243 - - [22/Aug/2026:12:26:26 +0800] "GET /wp-content/uploads/sites/2808/6543/6543-3722230.jpg HTTP/1.1" 200 11924 "-" "Mozilla/5.0 AppleWebKit/537.36 (KHTML, like Gecko; compatible; Amazonbot/0.1; +https://developer.amazon.com/support/amazonbot) Chrome/119.0.6045.214 Safari/537.36"
74.7.242.54 - - [22/Aug/2026:12:26:26 +0800] "GET /44289/2026/02/27/1131020%e6%a0%a1%e5%85%a7%e9%96%a9%e5%8d%97%e8%aa%9e%e6%9c%97%e8%ae%80%e6%b4%bb%e5%8b%95/ HTTP/1.1" 200 10558 "https://2blog.ilc.edu.tw/44289/2026/02/27/page/2/" "Mozilla/5.0 AppleWebKit/537.36 (KHTML, like Gecko; compatible; GPTBot/1.4; +https://openai.com/gptbot)"
::1 - - [22/Aug/2026:12:26:26 +0800] "OPTIONS * HTTP/1.0" 200 110 "-" "Apache/2.4.68 (Ubuntu) OpenSSL/3.0.19 (internal dummy connection)"
74.7.242.54 - - [22/Aug/2026:12:26:27 +0800] "GET /26150/wp-content/uploads/sites/67/2025/09/%E3%80%90%E6%B3%B0%E9%9B%85%E6%97%8F%E5%8F%A3%E7%B0%A7%E7%90%B4%E9%AB%94%E9%A9%97%E5%B7%A5%E4%BD%9C%E5%9D%8A%E3%80%91%E6%B4%BB%E5%8B%95%E7%B0%A1%E7%AB%A0.pdf HTTP/1.1" 200 144425 "https://2blog.ilc.edu.tw/26150/2025/09/22/%e8%bd%89%e7%9f%a5%e5%ae%9c%e8%98%ad%e7%b8%a3%e6%94%bf%e5%ba%9c%e6%96%87%e5%8c%96%e5%b1%80%e8%be%a6%e7%90%86114-115%e5%b9%b4%e5%ae%9c%e8%98%ad%e7%b8%a3%e7%84%a1%e5%bd%a2%e6%96%87%e5%8c%96%e8%b3%87/" "Mozilla/5.0 AppleWebKit/537.36 (KHTML, like Gecko; compatible; GPTBot/1.4; +https://openai.com/gptbot)"
::1 - - [22/Aug/2026:12:26:27 +0800] "OPTIONS * HTTP/1.0" 200 110 "-" "Apache/2.4.68 (Ubuntu) OpenSSL/3.0.19 (internal dummy connection)"
2001:288:a201::66:125 - - [22/Aug/2026:12:26:28 +0800] "GET /blog/active.php HTTP/1.1" 301 1026 "-" "-"
2001:288:a201::66:125 - - [22/Aug/2026:12:26:28 +0800] "GET /blog/active.php HTTP/1.1" 404 1084 "-" "-"
74.7.242.54 - - [22/Aug/2026:12:26:28 +0800] "GET /26150/wp-content/uploads/sites/67/2022/01/111%E5%B9%B4%E3%80%8C%E8%B7%9F%E8%96%A9%E6%8F%90%E7%88%BE%E5%AD%B8%E8%A6%AA%E5%AD%90%E6%BA%9D%E9%80%9A%E3%80%8D%E5%AE%B6%E9%95%B7%E6%88%90%E9%95%B7%E5%9C%98%E9%AB%94%E5%B7%A5%E4%BD%9C%E5%9D%8A.pdf HTTP/1.1" 200 585999 "https://2blog.ilc.edu.tw/26150/2022/01/28/%e8%bd%89%e7%9f%a5%e5%9c%8b%e7%ab%8b%e5%ae%9c%e8%98%ad%e9%ab%98%e7%b4%9a%e5%95%86%e6%a5%ad%e8%81%b7%e6%a5%ad%e5%ad%b8%e6%a0%a170%e5%91%a8%e5%b9%b4%e6%a0%a1%e6%85%b6%e7%b3%bb%e5%88%97%e6%b4%bb%e5%8b%95/" "Mozilla/5.0 AppleWebKit/537.36 (KHTML, like Gecko; compatible; GPTBot/1.4; +https://openai.com/gptbot)"
74.7.242.54 - - [22/Aug/2026:12:26:28 +0800] "GET /daes501/wp-content/uploads/sites/3620/2024/09/LINE_ALBUM_20240418%E8%8B%A7%E9%BA%BB_240902_21-225x300.jpg HTTP/1.1" 200 28610 "https://2blog.ilc.edu.tw/daes501/category/%e6%96%87%e5%8c%96%e8%aa%b2%e7%a8%8b/" "Mozilla/5.0 AppleWebKit/537.36 (KHTML, like Gecko; compatible; GPTBot/1.4; +https://openai.com/gptbot)"
::1 - - [22/Aug/2026:12:26:28 +0800] "OPTIONS * HTTP/1.0" 200 110 "-" "Apache/2.4.68 (Ubuntu) OpenSSL/3.0.19 (internal dummy connection)"
140.111.67.10 - - [22/Aug/2026:12:26:29 +0800] "GET /" 301 273 "-" "-"
2a10:4a01:799e:f3f2:2ebe:a036:f64:63d5 - - [22/Aug/2026:12:26:29 +0800] "GET /32745/category/%e7%8e%8b%e7%be%bd%e6%99%b4/ HTTP/1.1" 200 90096 "-" "Mozilla/5.0 (Macintosh; Intel Mac OS X 10.15; rv:144.0) Gecko/20100101 Firefox/144.0"
74.7.242.54 - - [22/Aug/2026:12:26:29 +0800] "GET /daes113201/wp-content/plugins/google-apps-login/img/google.svg HTTP/1.1" 200 4642 "https://2blog.ilc.edu.tw/daes113201/wp-login.php" "Mozilla/5.0 AppleWebKit/537.36 (KHTML, like Gecko; compatible; GPTBot/1.4; +https://openai.com/gptbot)"
::1 - - [22/Aug/2026:12:26:29 +0800] "OPTIONS * HTTP/1.0" 200 110 "-" "Apache/2.4.68 (Ubuntu) OpenSSL/3.0.19 (internal dummy connection)"
74.7.242.54 - - [22/Aug/2026:12:26:29 +0800] "GET /44289/category/%e6%9c%ac%e5%9c%9f%e8%aa%9e%e8%aa%b2%e7%a8%8b%e8%a8%88%e7%95%ab%e9%80%b2%e5%ba%a6%e8%a1%a8/feed/ HTTP/1.1" 200 2837 "https://2blog.ilc.edu.tw/44289/category/%e6%9c%ac%e5%9c%9f%e8%aa%9e%e8%aa%b2%e7%a8%8b%e8%a8%88%e7%95%ab%e9%80%b2%e5%ba%a6%e8%a1%a8/" "Mozilla/5.0 AppleWebKit/537.36 (KHTML, like Gecko; compatible; GPTBot/1.4; +https://openai.com/gptbot)"
3.222.190.107 - - [22/Aug/2026:12:26:30 +0800] "GET /wp-content/uploads/sites/2808/6543/6543-3722234.jpg HTTP/1.1" 200 12397 "-" "Mozilla/5.0 AppleWebKit/537.36 (KHTML, like Gecko; compatible; Amazonbot/0.1; +https://developer.amazon.com/support/amazonbot) Chrome/119.0.6045.214 Safari/537.36"
74.7.242.54 - - [22/Aug/2026:12:26:30 +0800] "GET /26150/wp-content/uploads/sites/67/2020/10/%E5%9C%8B%E7%AB%8B%E7%BE%85%E6%9D%B1%E9%AB%98%E4%B8%AD%E7%AC%AC25%E6%9C%9F%E5%AE%B6%E9%95%B7%E5%AD%B8%E8%8B%91%E7%B0%A1%E7%AB%A0-1.pdf HTTP/1.1" 200 404023 "https://2blog.ilc.edu.tw/26150/2020/10/21/%e8%bd%89%e7%9f%a5%e5%9c%8b%e7%ab%8b%e7%be%85%e6%9d%b1%e9%ab%98%e4%b8%ad109%e5%ad%b8%e5%b9%b4%e5%ba%a6%e7%ac%ac25%e6%9c%9f%e5%ae%b6%e9%95%b7%e5%ad%b8%e8%8b%91%e6%b4%bb%e5%8b%95/" "Mozilla/5.0 AppleWebKit/537.36 (KHTML, like Gecko; compatible; GPTBot/1.4; +https://openai.com/gptbot)"
::1 - - [22/Aug/2026:12:26:30 +0800] "OPTIONS * HTTP/1.0" 200 110 "-" "Apache/2.4.68 (Ubuntu) OpenSSL/3.0.19 (internal dummy connection)"
2a03:2880:f802:b:: - - [22/Aug/2026:12:26:29 +0800] "GET /wp-login.php?key=is4e7374&_wpnonce=&action=ilc_logout&redirect_to=https%3A%2F%2Fmushroom.joynetgame.com HTTP/1.1" 302 8260 "-" "Mozilla/5.0 (Windows NT 10.0; Win64; x64) AppleWebKit/537.36 (KHTML, like Gecko) Chrome/145.0.0.0 Safari/537.36 (compatible; meta-externalagent/1.1 (+https://developers.facebook.com/docs/sharing/webmasters/crawler))"
74.7.242.54 - - [22/Aug/2026:12:26:31 +0800] "GET /18998/wp-json/oembed/1.0/embed?format=xml&url=https%3A%2F%2F2blog.ilc.edu.tw%2F18998%2F2018%2F05%2F21%2F107%25e5%25ad%25b8%25e5%25b9%25b4%25e5%25ba%25a6%25e5%25b9%25bc%25e5%2585%2592%25e5%259c%2592%25e6%2596%25b0%25e7%2594%259f%25e9%258c%2584%25e5%258f%2596%25e5%2590%258d%25e5%2596%25ae%2F HTTP/1.1" 200 2339 "https://2blog.ilc.edu.tw/18998/2018/05/21/107%e5%ad%b8%e5%b9%b4%e5%ba%a6%e5%b9%bc%e5%85%92%e5%9c%92%e6%96%b0%e7%94%9f%e9%8c%84%e5%8f%96%e5%90%8d%e5%96%ae/" "Mozilla/5.0 AppleWebKit/537.36 (KHTML, like Gecko; compatible; GPTBot/1.4; +https://openai.com/gptbot)"
::1 - - [22/Aug/2026:12:26:31 +0800] "OPTIONS * HTTP/1.0" 200 110 "-" "Apache/2.4.68 (Ubuntu) OpenSSL/3.0.19 (internal dummy connection)"
34.206.193.60 - - [22/Aug/2026:12:26:31 +0800] "GET /32745/2022/02/02/%E6%B8%85%E6%B6%BC/ HTTP/1.1" 200 92062 "-" "Mozilla/5.0 AppleWebKit/537.36 (KHTML, like Gecko; compatible; Amazonbot/0.1; +https://developer.amazon.com/support/amazonbot) Chrome/119.0.6045.214 Safari/537.36"
::1 - - [22/Aug/2026:12:26:32 +0800] "OPTIONS * HTTP/1.0" 200 110 "-" "Apache/2.4.68 (Ubuntu) OpenSSL/3.0.19 (internal dummy connection)"
2001:288:a201::66:125 - - [22/Aug/2026:12:26:33 +0800] "GET /blog/active.php HTTP/1.1" 301 1026 "-" "-"
2001:288:a201::66:125 - - [22/Aug/2026:12:26:33 +0800] "GET /blog/active.php HTTP/1.1" 404 1084 "-" "-"
74.7.242.54 - - [22/Aug/2026:12:26:31 +0800] "GET /26150/2017/08/03/106%e5%b9%b4%e5%ba%a6%e5%a9%9a%e5%89%8d%e6%95%99%e8%82%b2%e7%b3%bb%e5%88%97%e3%80%8c2017%e6%88%80%e5%9c%a8%e8%98%ad%e9%99%bd%e7%a7%8b%e5%ad%a3%e5%bf%83%e5%bf%83%e7%9b%b8%e9%81%87%e6%88%90%e9%95%b7/ HTTP/1.1" 200 19272 "https://2blog.ilc.edu.tw/26150/2022/04/16/%e3%80%8c%e6%84%9b%e7%9b%b8%e9%9a%a8%ef%bd%9e%e4%bc%b4%e4%be%b6%e9%97%9c%e4%bf%82%e3%80%8d%e5%b7%a5%e4%bd%9c%e5%9d%8a%e6%96%bc6%e6%9c%8818%e6%97%a5%e5%8f%8a6%e6%9c%8825%e6%97%a5%e6%af%8f%e9%80%b1/" "Mozilla/5.0 AppleWebKit/537.36 (KHTML, like Gecko; compatible; GPTBot/1.4; +https://openai.com/gptbot)"
3.235.215.92 - - [22/Aug/2026:12:26:32 +0800] "GET /wp-content/uploads/sites/842/4620/?C=D;O%3DA HTTP/1.1" 200 20276 "-" "Mozilla/5.0 AppleWebKit/537.36 (KHTML, like Gecko; compatible; Amazonbot/0.1; +https://developer.amazon.com/support/amazonbot) Chrome/119.0.6045.214 Safari/537.36"
66.249.68.101 - - [22/Aug/2026:12:26:33 +0800] "GET /robots.txt HTTP/1.1" 200 5587 "-" "Mozilla/5.0 (compatible; Googlebot/2.1; +http://www.google.com/bot.html)"
::1 - - [22/Aug/2026:12:26:33 +0800] "OPTIONS * HTTP/1.0" 200 110 "-" "Apache/2.4.68 (Ubuntu) OpenSSL/3.0.19 (internal dummy connection)"
140.111.67.10 - - [22/Aug/2026:12:26:34 +0800] "GET /" 301 273 "-" "-"
167.172.154.241 - - [22/Aug/2026:12:26:34 +0800] "GET /blog/gallery/28341/previews-med/28341-3432317.jpg HTTP/1.1" 301 1094 "http://blog.ilc.edu.tw/" "Mozilla/5.0 (Windows NT 10.0; Win64; x64) AppleWebKit/537.36 (KHTML, like Gecko) Chrome/104.0.5112.81 Safari/537.36"
146.190.74.75 - - [22/Aug/2026:12:26:34 +0800] "GET /blog/gallery/3860/3860-652566.jpg HTTP/1.1" 301 1062 "http://blog.ilc.edu.tw/" "Mozilla/5.0 (Windows NT 10.0; Win64; x64) AppleWebKit/537.36 (KHTML, like Gecko) Chrome/117.0.0.0 Safari/537.36"
::1 - - [22/Aug/2026:12:26:34 +0800] "OPTIONS * HTTP/1.0" 200 110 "-" "Apache/2.4.68 (Ubuntu) OpenSSL/3.0.19 (internal dummy connection)"
74.7.242.54 - - [22/Aug/2026:12:26:33 +0800] "GET /26150/2024/02/26/ HTTP/1.1" 200 16550 "https://2blog.ilc.edu.tw/26150/2024/02/26/%e5%b9%b8%e7%a6%8f%e5%ae%b6%e5%ba%ad%e7%a9%ba%e4%b8%ad%e8%ac%9b%e5%a0%821130225%e7%b6%b2%e8%b7%af%e8%a9%90%e9%a8%99%e8%88%87ai%e7%99%bc%e5%b1%95%e8%b6%a8%e5%8b%a2%e4%bf%9e%e8%aa%8c%e5%87%b1/" "Mozilla/5.0 AppleWebKit/537.36 (KHTML, like Gecko; compatible; GPTBot/1.4; +https://openai.com/gptbot)"
::1 - - [22/Aug/2026:12:26:35 +0800] "OPTIONS * HTTP/1.0" 200 110 "-" "Apache/2.4.68 (Ubuntu) OpenSSL/3.0.19 (internal dummy connection)"
::1 - - [22/Aug/2026:12:26:36 +0800] "OPTIONS * HTTP/1.0" 200 110 "-" "Apache/2.4.68 (Ubuntu) OpenSSL/3.0.19 (internal dummy connection)"
74.7.242.54 - - [22/Aug/2026:12:26:35 +0800] "GET /26150/wp-json/wp/v2/posts/9253 HTTP/1.1" 200 9898 "https://2blog.ilc.edu.tw/26150/2024/02/26/%e5%b9%b8%e7%a6%8f%e5%ae%b6%e5%ba%ad%e7%a9%ba%e4%b8%ad%e8%ac%9b%e5%a0%821130225%e7%b6%b2%e8%b7%af%e8%a9%90%e9%a8%99%e8%88%87ai%e7%99%bc%e5%b1%95%e8%b6%a8%e5%8b%a2%e4%bf%9e%e8%aa%8c%e5%87%b1/" "Mozilla/5.0 AppleWebKit/537.36 (KHTML, like Gecko; compatible; GPTBot/1.4; +https://openai.com/gptbot)"
::1 - - [22/Aug/2026:12:26:37 +0800] "OPTIONS * HTTP/1.0" 200 110 "-" "Apache/2.4.68 (Ubuntu) OpenSSL/3.0.19 (internal dummy connection)"
2001:288:a201::66:125 - - [22/Aug/2026:12:26:38 +0800] "GET /blog/active.php HTTP/1.1" 301 1026 "-" "-"
2001:288:a201::66:125 - - [22/Aug/2026:12:26:38 +0800] "GET /blog/active.php HTTP/1.1" 404 1084 "-" "-"
74.7.242.54 - - [22/Aug/2026:12:26:37 +0800] "GET /44289/wp-json/oembed/1.0/embed?url=https%3A%2F%2F2blog.ilc.edu.tw%2F44289%2F2026%2F02%2F27%2F1131020%25e6%25a0%25a1%25e5%2585%25a7%25e9%2596%25a9%25e5%258d%2597%25e8%25aa%259e%25e6%259c%2597%25e8%25ae%2580%25e6%25b4%25bb%25e5%258b%2595%2F HTTP/1.1" 200 3534 "https://2blog.ilc.edu.tw/44289/2026/02/27/1131020%e6%a0%a1%e5%85%a7%e9%96%a9%e5%8d%97%e8%aa%9e%e6%9c%97%e8%ae%80%e6%b4%bb%e5%8b%95/" "Mozilla/5.0 AppleWebKit/537.36 (KHTML, like Gecko; compatible; GPTBot/1.4; +https://openai.com/gptbot)"
::1 - - [22/Aug/2026:12:26:38 +0800] "OPTIONS * HTTP/1.0" 200 110 "-" "Apache/2.4.68 (Ubuntu) OpenSSL/3.0.19 (internal dummy connection)"
140.111.67.10 - - [22/Aug/2026:12:26:39 +0800] "GET /" 301 273 "-" "-"
23.26.84.104 - - [22/Aug/2026:12:26:39 +0800] "GET /history/ HTTP/1.1" 200 24371 "-" "Mozilla/5.0 (Macintosh; Intel Mac OS X 10_15_7) AppleWebKit/537.36 (KHTML, like Gecko) Chrome/142.0.0.0 Safari/537.36"
::1 - - [22/Aug/2026:12:26:39 +0800] "OPTIONS * HTTP/1.0" 200 110 "-" "Apache/2.4.68 (Ubuntu) OpenSSL/3.0.19 (internal dummy connection)"
52.4.238.8 - - [22/Aug/2026:12:26:39 +0800] "GET /wp-content/uploads/sites/2003/2022/12/?C=M;O%3DA HTTP/1.1" 200 1111 "-" "Mozilla/5.0 AppleWebKit/537.36 (KHTML, like Gecko; compatible; Amazonbot/0.1; +https://developer.amazon.com/support/amazonbot) Chrome/119.0.6045.214 Safari/537.36"
74.7.242.54 - - [22/Aug/2026:12:26:38 +0800] "GET /26150/wp-json/wp/v2/posts/9110 HTTP/1.1" 200 8354 "https://2blog.ilc.edu.tw/26150/2026/05/29/%e6%88%91%e5%92%8c%e6%88%91%e7%9a%84%e5%ae%b6%e4%ba%ba_%e9%ab%98%e9%bd%a1%e4%b8%96%e4%bb%a3/" "Mozilla/5.0 AppleWebKit/537.36 (KHTML, like Gecko; compatible; GPTBot/1.4; +https://openai.com/gptbot)"
85.208.96.207 - - [22/Aug/2026:12:26:40 +0800] "GET /shjeseg112/2023/09/08/%E9%9B%99%E8%AA%9E%E6%95%99%E8%82%B2%E7%A0%94%E7%BF%92%E8%A9%95%E9%87%8F%E7%AF%87/ HTTP/1.1" 200 13297 "-" "Mozilla/5.0 (compatible; SemrushBot/7~bl; +http://www.semrush.com/bot.html)"
54.235.158.162 - - [22/Aug/2026:12:26:40 +0800] "GET /kkessa/wp-json/oembed/1.0/embed?format=xml&url=https://2blog.ilc.edu.tw/kkessa/2022/12/28/%25e7%25a4%25be%25e5%259c%2598%25e6%2588%2590%25e6%259e%259c%25e7%2599%25bc%25e8%25a1%25a8/ HTTP/1.1" 200 7242 "-" "Mozilla/5.0 AppleWebKit/537.36 (KHTML, like Gecko; compatible; Amazonbot/0.1; +https://developer.amazon.com/support/amazonbot) Chrome/119.0.6045.214 Safari/537.36"
74.7.242.54 - - [22/Aug/2026:12:26:40 +0800] "GET /44289/?p=812 HTTP/1.1" 301 877 "https://2blog.ilc.edu.tw/44289/2026/02/27/1131020%e6%a0%a1%e5%85%a7%e9%96%a9%e5%8d%97%e8%aa%9e%e6%9c%97%e8%ae%80%e6%b4%bb%e5%8b%95/" "Mozilla/5.0 AppleWebKit/537.36 (KHTML, like Gecko; compatible; GPTBot/1.4; +https://openai.com/gptbot)"
::1 - - [22/Aug/2026:12:26:40 +0800] "OPTIONS * HTTP/1.0" 200 110 "-" "Apache/2.4.68 (Ubuntu) OpenSSL/3.0.19 (internal dummy connection)"
::1 - - [22/Aug/2026:12:26:41 +0800] "OPTIONS * HTTP/1.0" 200 110 "-" "Apache/2.4.68 (Ubuntu) OpenSSL/3.0.19 (internal dummy connection)"
23.21.204.95 - - [22/Aug/2026:12:26:42 +0800] "GET /30967/wp-json/wp/v2/%22https:/2blog.ilc.edu.tw/30967/wp-content/uploads/sites/1690/2026/03/u6d77/u5e95/u4e16/u754c-/u4e8c/u5fe0/u9673/u6615/u55ac_0-300x209.jpg/%22 HTTP/1.1" 404 6132 "-" "Mozilla/5.0 AppleWebKit/537.36 (KHTML, like Gecko; compatible; Amazonbot/0.1; +https://developer.amazon.com/support/amazonbot) Chrome/119.0.6045.214 Safari/537.36"
::1 - - [22/Aug/2026:12:26:42 +0800] "OPTIONS * HTTP/1.0" 200 110 "-" "Apache/2.4.68 (Ubuntu) OpenSSL/3.0.19 (internal dummy connection)"
74.7.242.54 - - [22/Aug/2026:12:26:41 +0800] "GET /26150/wp-json/oembed/1.0/embed?format=xml&url=https%3A%2F%2F2blog.ilc.edu.tw%2F26150%2F2024%2F02%2F26%2F%25e5%25b9%25b8%25e7%25a6%258f%25e5%25ae%25b6%25e5%25ba%25ad%25e7%25a9%25ba%25e4%25b8%25ad%25e8%25ac%259b%25e5%25a0%25821130225%25e7%25b6%25b2%25e8%25b7%25af%25e8%25a9%2590%25e9%25a8%2599%25e8%2588%2587ai%25e7%2599%25bc%25e5%25b1%2595%25e8%25b6%25a8%25e5%258b%25a2%25e4%25bf%259e%25e8%25aa%258c%25e5%2587%25b1%2F HTTP/1.1" 200 2357 "https://2blog.ilc.edu.tw/26150/2024/02/26/%e5%b9%b8%e7%a6%8f%e5%ae%b6%e5%ba%ad%e7%a9%ba%e4%b8%ad%e8%ac%9b%e5%a0%821130225%e7%b6%b2%e8%b7%af%e8%a9%90%e9%a8%99%e8%88%87ai%e7%99%bc%e5%b1%95%e8%b6%a8%e5%8b%a2%e4%bf%9e%e8%aa%8c%e5%87%b1/" "Mozilla/5.0 AppleWebKit/537.36 (KHTML, like Gecko; compatible; GPTBot/1.4; +https://openai.com/gptbot)"
2001:288:a201::66:125 - - [22/Aug/2026:12:26:43 +0800] "GET /blog/active.php HTTP/1.1" 301 1026 "-" "-"
2001:288:a201::66:125 - - [22/Aug/2026:12:26:43 +0800] "GET /blog/active.php HTTP/1.1" 404 1084 "-" "-"
74.7.242.54 - - [22/Aug/2026:12:26:43 +0800] "GET /44289/wp-json/wp/v2/posts/812 HTTP/1.1" 200 3731 "https://2blog.ilc.edu.tw/44289/2026/02/27/1131020%e6%a0%a1%e5%85%a7%e9%96%a9%e5%8d%97%e8%aa%9e%e6%9c%97%e8%ae%80%e6%b4%bb%e5%8b%95/" "Mozilla/5.0 AppleWebKit/537.36 (KHTML, like Gecko; compatible; GPTBot/1.4; +https://openai.com/gptbot)"
::1 - - [22/Aug/2026:12:26:43 +0800] "OPTIONS * HTTP/1.0" 200 110 "-" "Apache/2.4.68 (Ubuntu) OpenSSL/3.0.19 (internal dummy connection)"
18.232.11.247 - - [22/Aug/2026:12:26:43 +0800] "GET /32745/wp-json/wp/v2/media/37241 HTTP/1.1" 200 9553 "-" "Mozilla/5.0 AppleWebKit/537.36 (KHTML, like Gecko; compatible; Amazonbot/0.1; +https://developer.amazon.com/support/amazonbot) Chrome/119.0.6045.214 Safari/537.36"
140.111.67.10 - - [22/Aug/2026:12:26:44 +0800] "GET /" 301 273 "-" "-"
::1 - - [22/Aug/2026:12:26:44 +0800] "OPTIONS * HTTP/1.0" 200 110 "-" "Apache/2.4.68 (Ubuntu) OpenSSL/3.0.19 (internal dummy connection)"
34.171.68.95 - - [22/Aug/2026:12:26:45 +0800] "GET /44289/xmlrpc.php?rsd= HTTP/1.1" 403 5714 "-" "Mozilla/5.0 (Macintosh; Intel Mac OS X 10_15_7) AppleWebKit/537.36 (KHTML, like Gecko) Chrome/120.0.0.0 Safari/537.36"
216.73.216.20 - - [22/Aug/2026:12:26:45 +0800] "GET /6325/wp-json/wp/v2/posts/18574 HTTP/1.1" 200 9811 "-" "Mozilla/5.0 AppleWebKit/537.36 (KHTML, like Gecko; compatible; ClaudeBot/1.0; +claudebot@anthropic.com)"
74.7.242.54 - - [22/Aug/2026:12:26:43 +0800] "GET /26150/wp-content/uploads/sites/67/2026/05/%E6%88%91%E5%92%8C%E6%88%91%E7%9A%84%E5%AE%B6%E4%BA%BA_%E9%AB%98%E9%BD%A1%E4%B8%96%E4%BB%A3.pdf HTTP/1.1" 200 7247644 "https://2blog.ilc.edu.tw/26150/2026/05/29/%e6%88%91%e5%92%8c%e6%88%91%e7%9a%84%e5%ae%b6%e4%ba%ba_%e9%ab%98%e9%bd%a1%e4%b8%96%e4%bb%a3/" "Mozilla/5.0 AppleWebKit/537.36 (KHTML, like Gecko; compatible; GPTBot/1.4; +https://openai.com/gptbot)"
34.42.229.145 - - [22/Aug/2026:12:26:45 +0800] "GET /6535/2015/11/02/%E4%BA%8C-6-%E4%BA%94-7-%E7%B6%A0%E8%89%B2%E5%A4%A5%E4%BC%B4%E5%AD%B8%E6%A0%A1%E6%8F%90%E6%A1%88/ HTTP/1.1" 200 14785 "-" "Mozilla/5.0 (Macintosh; Intel Mac OS X 10_15_7) AppleWebKit/537.36 (KHTML, like Gecko) Chrome/120.0.0.0 Safari/537.36"
216.73.216.20 - - [22/Aug/2026:12:26:45 +0800] "GET /6448/wp-json/wp/v2/posts/4175 HTTP/1.1" 200 8553 "-" "Mozilla/5.0 AppleWebKit/537.36 (KHTML, like Gecko; compatible; ClaudeBot/1.0; +claudebot@anthropic.com)"
216.73.216.20 - - [22/Aug/2026:12:26:45 +0800] "GET /6325/wp-json/wp/v2/posts/18418 HTTP/1.1" 200 9262 "-" "Mozilla/5.0 AppleWebKit/537.36 (KHTML, like Gecko; compatible; ClaudeBot/1.0; +claudebot@anthropic.com)"
216.73.216.20 - - [22/Aug/2026:12:26:45 +0800] "GET /6448/wp-json/wp/v2/posts/793 HTTP/1.1" 200 11429 "-" "Mozilla/5.0 AppleWebKit/537.36 (KHTML, like Gecko; compatible; ClaudeBot/1.0; +claudebot@anthropic.com)"
216.73.216.20 - - [22/Aug/2026:12:26:45 +0800] "GET /6448/wp-json/wp/v2/posts/861 HTTP/1.1" 200 4965 "-" "Mozilla/5.0 AppleWebKit/537.36 (KHTML, like Gecko; compatible; ClaudeBot/1.0; +claudebot@anthropic.com)"
216.73.216.20 - - [22/Aug/2026:12:26:45 +0800] "GET /6325/wp-json/wp/v2/posts/18710 HTTP/1.1" 200 11230 "-" "Mozilla/5.0 AppleWebKit/537.36 (KHTML, like Gecko; compatible; ClaudeBot/1.0; +claudebot@anthropic.com)"
216.73.216.20 - - [22/Aug/2026:12:26:45 +0800] "GET /6448/wp-json/wp/v2/posts/4017 HTTP/1.1" 200 4506 "-" "Mozilla/5.0 AppleWebKit/537.36 (KHTML, like Gecko; compatible; ClaudeBot/1.0; +claudebot@anthropic.com)"
216.73.216.20 - - [22/Aug/2026:12:26:45 +0800] "GET /6325/wp-json/wp/v2/posts/18518 HTTP/1.1" 200 10352 "-" "Mozilla/5.0 AppleWebKit/537.36 (KHTML, like Gecko; compatible; ClaudeBot/1.0; +claudebot@anthropic.com)"
216.73.216.20 - - [22/Aug/2026:12:26:45 +0800] "GET /6448/wp-json/wp/v2/posts/823 HTTP/1.1" 200 8795 "-" "Mozilla/5.0 AppleWebKit/537.36 (KHTML, like Gecko; compatible; ClaudeBot/1.0; +claudebot@anthropic.com)"
216.73.216.20 - - [22/Aug/2026:12:26:45 +0800] "GET /6448/wp-json/wp/v2/posts/4450 HTTP/1.1" 200 8746 "-" "Mozilla/5.0 AppleWebKit/537.36 (KHTML, like Gecko; compatible; ClaudeBot/1.0; +claudebot@anthropic.com)"
216.73.216.20 - - [22/Aug/2026:12:26:45 +0800] "GET /6448/wp-json/wp/v2/posts/543 HTTP/1.1" 200 9006 "-" "Mozilla/5.0 AppleWebKit/537.36 (KHTML, like Gecko; compatible; ClaudeBot/1.0; +claudebot@anthropic.com)"
216.73.216.20 - - [22/Aug/2026:12:26:45 +0800] "GET /6448/wp-json/wp/v2/posts/818 HTTP/1.1" 200 3821 "-" "Mozilla/5.0 AppleWebKit/537.36 (KHTML, like Gecko; compatible; ClaudeBot/1.0; +claudebot@anthropic.com)"
216.73.216.20 - - [22/Aug/2026:12:26:45 +0800] "GET /6325/wp-json/wp/v2/posts/18500 HTTP/1.1" 200 13243 "-" "Mozilla/5.0 AppleWebKit/537.36 (KHTML, like Gecko; compatible; ClaudeBot/1.0; +claudebot@anthropic.com)"
216.73.216.20 - - [22/Aug/2026:12:26:45 +0800] "GET /6448/wp-json/wp/v2/posts/880 HTTP/1.1" 200 9969 "-" "Mozilla/5.0 AppleWebKit/537.36 (KHTML, like Gecko; compatible; ClaudeBot/1.0; +claudebot@anthropic.com)"
216.73.216.20 - - [22/Aug/2026:12:26:46 +0800] "GET /6325/wp-json/wp/v2/posts/18024 HTTP/1.1" 200 7332 "-" "Mozilla/5.0 AppleWebKit/537.36 (KHTML, like Gecko; compatible; ClaudeBot/1.0; +claudebot@anthropic.com)"
216.73.216.20 - - [22/Aug/2026:12:26:46 +0800] "GET /6472/wp-json/wp/v2/posts/15435 HTTP/1.1" 200 5713 "-" "Mozilla/5.0 AppleWebKit/537.36 (KHTML, like Gecko; compatible; ClaudeBot/1.0; +claudebot@anthropic.com)"
216.73.216.20 - - [22/Aug/2026:12:26:46 +0800] "GET /6325/wp-json/wp/v2/posts/17984 HTTP/1.1" 200 18387 "-" "Mozilla/5.0 AppleWebKit/537.36 (KHTML, like Gecko; compatible; ClaudeBot/1.0; +claudebot@anthropic.com)"
216.73.216.20 - - [22/Aug/2026:12:26:46 +0800] "GET /6325/wp-json/wp/v2/posts/18020 HTTP/1.1" 200 5574 "-" "Mozilla/5.0 AppleWebKit/537.36 (KHTML, like Gecko; compatible; ClaudeBot/1.0; +claudebot@anthropic.com)"
216.73.216.20 - - [22/Aug/2026:12:26:46 +0800] "GET /6448/wp-json/wp/v2/posts/4252 HTTP/1.1" 200 3715 "-" "Mozilla/5.0 AppleWebKit/537.36 (KHTML, like Gecko; compatible; ClaudeBot/1.0; +claudebot@anthropic.com)"
216.73.216.20 - - [22/Aug/2026:12:26:46 +0800] "GET /6325/wp-json/wp/v2/posts/18438 HTTP/1.1" 200 3786 "-" "Mozilla/5.0 AppleWebKit/537.36 (KHTML, like Gecko; compatible; ClaudeBot/1.0; +claudebot@anthropic.com)"
216.73.216.20 - - [22/Aug/2026:12:26:46 +0800] "GET /6448/wp-json/wp/v2/posts/4013 HTTP/1.1" 200 3768 "-" "Mozilla/5.0 AppleWebKit/537.36 (KHTML, like Gecko; compatible; ClaudeBot/1.0; +claudebot@anthropic.com)"
216.73.216.20 - - [22/Aug/2026:12:26:46 +0800] "GET /6448/wp-json/wp/v2/posts/4669 HTTP/1.1" 200 3943 "-" "Mozilla/5.0 AppleWebKit/537.36 (KHTML, like Gecko; compatible; ClaudeBot/1.0; +claudebot@anthropic.com)"
216.73.216.20 - - [22/Aug/2026:12:26:46 +0800] "GET /6325/wp-json/wp/v2/posts/17738 HTTP/1.1" 200 6889 "-" "Mozilla/5.0 AppleWebKit/537.36 (KHTML, like Gecko; compatible; ClaudeBot/1.0; +claudebot@anthropic.com)"
