118.169.133.38 - - [22/Aug/2026:12:24:16 +0800] "GET /wp-content/uploads/sites/1482/2024/04/%E6%A6%9C%E5%96%AE1-1024x724.png HTTP/1.1" 200 206501 "https://www.chjh.ilc.edu.tw/" "Mozilla/5.0 (iPhone; CPU iPhone OS 26_6_0 like Mac OS X) AppleWebKit/605.1.15 (KHTML, like Gecko) GSA/433.5.957829776 Mobile/15E148 Safari/604.1"
42.79.180.180 - - [22/Aug/2026:12:24:16 +0800] "GET /wp-content/uploads/sites/1984/2023/09/IMG_8926-5-1-scaled.jpg HTTP/1.1" 200 488369 "https://www.dses.ilc.edu.tw/" "Mozilla/5.0 (iPhone; CPU iPhone OS 26_5_0 like Mac OS X) AppleWebKit/605.1.15 (KHTML, like Gecko) GSA/434.2.961627397 Mobile/15E148 Safari/604.1"
118.169.133.38 - - [22/Aug/2026:12:24:16 +0800] "GET /wp-content/uploads/sites/1482/2026/05/114%E5%AD%B8%E5%B9%B4%E5%BA%A6%E8%81%AF%E8%B3%BD%E6%88%90%E7%B8%BE.jpg HTTP/1.1" 200 123683 "https://www.chjh.ilc.edu.tw/" "Mozilla/5.0 (iPhone; CPU iPhone OS 26_6_0 like Mac OS X) AppleWebKit/605.1.15 (KHTML, like Gecko) GSA/433.5.957829776 Mobile/15E148 Safari/604.1"
118.169.133.38 - - [22/Aug/2026:12:24:16 +0800] "GET /wp-content/uploads/sites/1482/2024/08/42-1-1024x724.png HTTP/1.1" 200 224086 "https://www.chjh.ilc.edu.tw/" "Mozilla/5.0 (iPhone; CPU iPhone OS 26_6_0 like Mac OS X) AppleWebKit/605.1.15 (KHTML, like Gecko) GSA/433.5.957829776 Mobile/15E148 Safari/604.1"
118.169.133.38 - - [22/Aug/2026:12:24:16 +0800] "GET /wp-content/uploads/sites/1482/2024/07/U13.%E6%9D%8E%E5%B0%9A%E6%BE%A4-%E5%AE%89%E6%9B%BC.%E9%98%BF%E6%8B%89%E6%9C%A8%E5%9C%96.jpg HTTP/1.1" 200 127219 "https://www.chjh.ilc.edu.tw/" "Mozilla/5.0 (iPhone; CPU iPhone OS 26_6_0 like Mac OS X) AppleWebKit/605.1.15 (KHTML, like Gecko) GSA/433.5.957829776 Mobile/15E148 Safari/604.1"
118.169.133.38 - - [22/Aug/2026:12:24:16 +0800] "GET /wp-content/uploads/sites/1482/2025/03/33-1024x724.png HTTP/1.1" 200 549165 "https://www.chjh.ilc.edu.tw/" "Mozilla/5.0 (iPhone; CPU iPhone OS 26_6_0 like Mac OS X) AppleWebKit/605.1.15 (KHTML, like Gecko) GSA/433.5.957829776 Mobile/15E148 Safari/604.1"
118.169.133.38 - - [22/Aug/2026:12:24:16 +0800] "GET /wp-content/uploads/sites/1482/2023/12/112%E4%B8%AD%E5%B0%8F%E5%AD%B8%E7%BE%BD%E7%90%83%E6%88%90%E7%B8%BE.jpg HTTP/1.1" 200 149114 "https://www.chjh.ilc.edu.tw/" "Mozilla/5.0 (iPhone; CPU iPhone OS 26_6_0 like Mac OS X) AppleWebKit/605.1.15 (KHTML, like Gecko) GSA/433.5.957829776 Mobile/15E148 Safari/604.1"
42.79.180.180 - - [22/Aug/2026:12:24:16 +0800] "GET /wp-content/uploads/sites/1984/2023/09/IMG_8865-5-1-scaled.jpg HTTP/1.1" 200 298832 "https://www.dses.ilc.edu.tw/" "Mozilla/5.0 (iPhone; CPU iPhone OS 26_5_0 like Mac OS X) AppleWebKit/605.1.15 (KHTML, like Gecko) GSA/434.2.961627397 Mobile/15E148 Safari/604.1"
118.169.133.38 - - [22/Aug/2026:12:24:16 +0800] "GET /wp-content/uploads/sites/1482/2024/09/112%E5%AD%B8%E5%B9%B4%E5%BA%A6%E7%B8%BE%E5%84%AA%E5%AE%B6%E9%95%B7%E6%9C%83-1024x576.jpg HTTP/1.1" 200 92294 "https://www.chjh.ilc.edu.tw/" "Mozilla/5.0 (iPhone; CPU iPhone OS 26_6_0 like Mac OS X) AppleWebKit/605.1.15 (KHTML, like Gecko) GSA/433.5.957829776 Mobile/15E148 Safari/604.1"
118.169.133.38 - - [22/Aug/2026:12:24:16 +0800] "GET /wp-content/uploads/sites/1482/2024/12/21-1024x647.png HTTP/1.1" 200 347177 "https://www.chjh.ilc.edu.tw/" "Mozilla/5.0 (iPhone; CPU iPhone OS 26_6_0 like Mac OS X) AppleWebKit/605.1.15 (KHTML, like Gecko) GSA/433.5.957829776 Mobile/15E148 Safari/604.1"
118.169.133.38 - - [22/Aug/2026:12:24:17 +0800] "GET /wp-content/uploads/sites/1482/2024/11/22-1024x576.jpg HTTP/1.1" 200 87947 "https://www.chjh.ilc.edu.tw/" "Mozilla/5.0 (iPhone; CPU iPhone OS 26_6_0 like Mac OS X) AppleWebKit/605.1.15 (KHTML, like Gecko) GSA/433.5.957829776 Mobile/15E148 Safari/604.1"
118.169.133.38 - - [22/Aug/2026:12:24:17 +0800] "GET /wp-content/uploads/sites/1482/2023/12/112%E4%B8%AD%E5%B0%8F%E5%AD%B8%E6%A1%8C%E7%90%83%E6%88%90%E7%B8%BE.jpg HTTP/1.1" 200 168319 "https://www.chjh.ilc.edu.tw/" "Mozilla/5.0 (iPhone; CPU iPhone OS 26_6_0 like Mac OS X) AppleWebKit/605.1.15 (KHTML, like Gecko) GSA/433.5.957829776 Mobile/15E148 Safari/604.1"
74.7.242.54 - - [22/Aug/2026:12:24:15 +0800] "GET /26150/?p=3033 HTTP/1.1" 301 963 "https://2blog.ilc.edu.tw/26150/2014/09/28/103%e5%b9%b4%e8%92%b2%e5%85%ac%e8%8b%b1%e5%b8%8c%e6%9c%9b%e7%a8%ae%e5%ad%90%e6%9c%8d%e5%8b%99%e9%ab%94%e9%a9%97%e7%87%9f%e4%ba%8c%e5%a0%b1%e5%90%8d%e9%96%8b%e5%a7%8b%e5%9b%89/" "Mozilla/5.0 AppleWebKit/537.36 (KHTML, like Gecko; compatible; GPTBot/1.4; +https://openai.com/gptbot)"
118.169.133.38 - - [22/Aug/2026:12:24:17 +0800] "GET /wp-content/uploads/sites/1482/2024/12/31-1024x647.png HTTP/1.1" 200 328814 "https://www.chjh.ilc.edu.tw/" "Mozilla/5.0 (iPhone; CPU iPhone OS 26_6_0 like Mac OS X) AppleWebKit/605.1.15 (KHTML, like Gecko) GSA/433.5.957829776 Mobile/15E148 Safari/604.1"
118.169.133.38 - - [22/Aug/2026:12:24:17 +0800] "GET /wp-content/uploads/sites/1482/2024/09/11-1024x576.jpg HTTP/1.1" 200 109667 "https://www.chjh.ilc.edu.tw/" "Mozilla/5.0 (iPhone; CPU iPhone OS 26_6_0 like Mac OS X) AppleWebKit/605.1.15 (KHTML, like Gecko) GSA/433.5.957829776 Mobile/15E148 Safari/604.1"
118.169.133.38 - - [22/Aug/2026:12:24:17 +0800] "GET /wp-content/uploads/sites/1482/2024/12/Light-blue-playful-santas-nice-list-certificate-1024x724.png HTTP/1.1" 200 415738 "https://www.chjh.ilc.edu.tw/" "Mozilla/5.0 (iPhone; CPU iPhone OS 26_6_0 like Mac OS X) AppleWebKit/605.1.15 (KHTML, like Gecko) GSA/433.5.957829776 Mobile/15E148 Safari/604.1"
118.169.133.38 - - [22/Aug/2026:12:24:17 +0800] "GET /wp-content/uploads/sites/1482/2024/03/%E7%B5%B2%E7%AB%B9%E7%89%B9%E5%84%AA-1024x576.jpg HTTP/1.1" 200 89021 "https://www.chjh.ilc.edu.tw/" "Mozilla/5.0 (iPhone; CPU iPhone OS 26_6_0 like Mac OS X) AppleWebKit/605.1.15 (KHTML, like Gecko) GSA/433.5.957829776 Mobile/15E148 Safari/604.1"
118.169.133.38 - - [22/Aug/2026:12:24:17 +0800] "GET /wp-content/uploads/sites/1482/2024/09/%E4%B8%AD%E8%8F%AF%E5%9C%8B%E4%B8%AD113%E5%B9%B4%E7%89%B9%E6%AE%8A%E5%84%AA%E8%89%AF%E6%95%99%E5%B8%AB%E6%A9%AB1-1024x576.jpg HTTP/1.1" 200 119919 "https://www.chjh.ilc.edu.tw/" "Mozilla/5.0 (iPhone; CPU iPhone OS 26_6_0 like Mac OS X) AppleWebKit/605.1.15 (KHTML, like Gecko) GSA/433.5.957829776 Mobile/15E148 Safari/604.1"
118.169.133.38 - - [22/Aug/2026:12:24:17 +0800] "GET /wp-content/uploads/sites/1482/2024/04/1-1024x576.png HTTP/1.1" 200 352712 "https://www.chjh.ilc.edu.tw/" "Mozilla/5.0 (iPhone; CPU iPhone OS 26_6_0 like Mac OS X) AppleWebKit/605.1.15 (KHTML, like Gecko) GSA/433.5.957829776 Mobile/15E148 Safari/604.1"
118.169.133.38 - - [22/Aug/2026:12:24:17 +0800] "GET /wp-content/uploads/sites/1482/2024/11/messageImage_1732610199011-1024x576.jpg HTTP/1.1" 200 160539 "https://www.chjh.ilc.edu.tw/" "Mozilla/5.0 (iPhone; CPU iPhone OS 26_6_0 like Mac OS X) AppleWebKit/605.1.15 (KHTML, like Gecko) GSA/433.5.957829776 Mobile/15E148 Safari/604.1"
118.169.133.38 - - [22/Aug/2026:12:24:17 +0800] "GET /wp-content/uploads/sites/1482/2025/12/114%E5%AD%B8%E5%B9%B4%E7%B0%A1%E5%A0%B1%E9%81%94%E4%BA%BA%E5%85%AC%E5%91%8A.jpg HTTP/1.1" 200 104018 "https://www.chjh.ilc.edu.tw/" "Mozilla/5.0 (iPhone; CPU iPhone OS 26_6_0 like Mac OS X) AppleWebKit/605.1.15 (KHTML, like Gecko) GSA/433.5.957829776 Mobile/15E148 Safari/604.1"
118.169.133.38 - - [22/Aug/2026:12:24:17 +0800] "GET /wp-content/uploads/sites/1482/2024/09/5_0-1024x576.jpg HTTP/1.1" 200 112387 "https://www.chjh.ilc.edu.tw/" "Mozilla/5.0 (iPhone; CPU iPhone OS 26_6_0 like Mac OS X) AppleWebKit/605.1.15 (KHTML, like Gecko) GSA/433.5.957829776 Mobile/15E148 Safari/604.1"
118.169.133.38 - - [22/Aug/2026:12:24:17 +0800] "GET /wp-content/uploads/sites/1482/2024/03/%E7%8F%BE%E4%BB%A3%E8%88%9E-1024x576.jpg HTTP/1.1" 200 79157 "https://www.chjh.ilc.edu.tw/" "Mozilla/5.0 (iPhone; CPU iPhone OS 26_6_0 like Mac OS X) AppleWebKit/605.1.15 (KHTML, like Gecko) GSA/433.5.957829776 Mobile/15E148 Safari/604.1"
118.169.133.38 - - [22/Aug/2026:12:24:17 +0800] "GET /wp-content/uploads/sites/1482/2025/04/113%E5%AD%B8%E5%B9%B4%E7%B0%A1%E5%A0%B1%E9%81%94%E4%BA%BA%E5%85%AC%E5%91%8A.png HTTP/1.1" 200 255245 "https://www.chjh.ilc.edu.tw/" "Mozilla/5.0 (iPhone; CPU iPhone OS 26_6_0 like Mac OS X) AppleWebKit/605.1.15 (KHTML, like Gecko) GSA/433.5.957829776 Mobile/15E148 Safari/604.1"
118.169.133.38 - - [22/Aug/2026:12:24:17 +0800] "GET /wp-content/uploads/sites/1482/2024/01/U15.%E6%9E%97%E5%AD%9F%E5%B8%86.jpg HTTP/1.1" 200 106388 "https://www.chjh.ilc.edu.tw/" "Mozilla/5.0 (iPhone; CPU iPhone OS 26_6_0 like Mac OS X) AppleWebKit/605.1.15 (KHTML, like Gecko) GSA/433.5.957829776 Mobile/15E148 Safari/604.1"
118.169.133.38 - - [22/Aug/2026:12:24:17 +0800] "GET /wp-content/uploads/sites/1482/2024/09/%E6%84%9B%E5%BF%83%E5%BF%97%E5%B7%A5%E7%8D%B2%E7%8D%8E-1024x576.jpg HTTP/1.1" 200 107730 "https://www.chjh.ilc.edu.tw/" "Mozilla/5.0 (iPhone; CPU iPhone OS 26_6_0 like Mac OS X) AppleWebKit/605.1.15 (KHTML, like Gecko) GSA/433.5.957829776 Mobile/15E148 Safari/604.1"
118.169.133.38 - - [22/Aug/2026:12:24:17 +0800] "GET /wp-content/uploads/sites/1482/2025/04/Yellow-Black-and-White-Modern-Congratulations-A4-1024x724.png HTTP/1.1" 200 313832 "https://www.chjh.ilc.edu.tw/" "Mozilla/5.0 (iPhone; CPU iPhone OS 26_6_0 like Mac OS X) AppleWebKit/605.1.15 (KHTML, like Gecko) GSA/433.5.957829776 Mobile/15E148 Safari/604.1"
118.169.133.38 - - [22/Aug/2026:12:24:17 +0800] "GET /wp-content/uploads/sites/1482/2026/03/%E3%80%8C114%E5%AD%B8%E5%B9%B4%E5%BA%A6%E5%85%A8%E5%9C%8B%E5%AD%B8%E7%94%9F%E9%9F%B3%E6%A8%82%E6%AF%94%E8%B3%BD%E3%80%8D%E5%80%8B%E4%BA%BA%E9%A0%85%E7%9B%AE%E5%85%A8%E5%8D%80%E6%B1%BA%E8%B3%BD-%E6%88%90%E7%B8%BE%E5%85%AC%E5%91%8A-%E5%80%8B%E4%BA%BA-1024x576.jpg HTTP/1.1" 200 105028 "https://www.chjh.ilc.edu.tw/" "Mozilla/5.0 (iPhone; CPU iPhone OS 26_6_0 like Mac OS X) AppleWebKit/605.1.15 (KHTML, like Gecko) GSA/433.5.957829776 Mobile/15E148 Safari/604.1"
118.169.133.38 - - [22/Aug/2026:12:24:17 +0800] "GET /wp-content/uploads/sites/1482/2024/11/4-1024x576.jpg HTTP/1.1" 200 88028 "https://www.chjh.ilc.edu.tw/" "Mozilla/5.0 (iPhone; CPU iPhone OS 26_6_0 like Mac OS X) AppleWebKit/605.1.15 (KHTML, like Gecko) GSA/433.5.957829776 Mobile/15E148 Safari/604.1"
118.169.133.38 - - [22/Aug/2026:12:24:17 +0800] "GET /wp-content/uploads/sites/1482/2025/08/6-1024x724.png HTTP/1.1" 200 283705 "https://www.chjh.ilc.edu.tw/" "Mozilla/5.0 (iPhone; CPU iPhone OS 26_6_0 like Mac OS X) AppleWebKit/605.1.15 (KHTML, like Gecko) GSA/433.5.957829776 Mobile/15E148 Safari/604.1"
118.169.133.38 - - [22/Aug/2026:12:24:18 +0800] "GET /wp-content/uploads/sites/1482/2026/03/%E9%87%91%E9%A0%AD%E8%85%A6-1024x571.png HTTP/1.1" 200 925785 "https://www.chjh.ilc.edu.tw/" "Mozilla/5.0 (iPhone; CPU iPhone OS 26_6_0 like Mac OS X) AppleWebKit/605.1.15 (KHTML, like Gecko) GSA/433.5.957829776 Mobile/15E148 Safari/604.1"
118.169.133.38 - - [22/Aug/2026:12:24:18 +0800] "GET /wp-content/uploads/sites/1482/2024/10/4A3AFCFD-4705-4649-A6BD-0E07373961C8_0.jpg HTTP/1.1" 200 147173 "https://www.chjh.ilc.edu.tw/" "Mozilla/5.0 (iPhone; CPU iPhone OS 26_6_0 like Mac OS X) AppleWebKit/605.1.15 (KHTML, like Gecko) GSA/433.5.957829776 Mobile/15E148 Safari/604.1"
118.169.133.38 - - [22/Aug/2026:12:24:18 +0800] "GET /wp-content/uploads/sites/1482/2024/09/6_0-1024x576.jpg HTTP/1.1" 200 107138 "https://www.chjh.ilc.edu.tw/" "Mozilla/5.0 (iPhone; CPU iPhone OS 26_6_0 like Mac OS X) AppleWebKit/605.1.15 (KHTML, like Gecko) GSA/433.5.957829776 Mobile/15E148 Safari/604.1"
2001:288:a201::66:125 - - [22/Aug/2026:12:24:18 +0800] "GET /blog/active.php HTTP/1.1" 404 1084 "-" "-"
2001:288:a201::66:125 - - [22/Aug/2026:12:24:18 +0800] "GET /blog/active.php HTTP/1.1" 301 1026 "-" "-"
118.169.133.38 - - [22/Aug/2026:12:24:18 +0800] "GET /wp-content/uploads/sites/1482/2024/01/1706524854228-1024x574.jpg HTTP/1.1" 200 91046 "https://www.chjh.ilc.edu.tw/" "Mozilla/5.0 (iPhone; CPU iPhone OS 26_6_0 like Mac OS X) AppleWebKit/605.1.15 (KHTML, like Gecko) GSA/433.5.957829776 Mobile/15E148 Safari/604.1"
118.169.133.38 - - [22/Aug/2026:12:24:18 +0800] "GET /wp-content/uploads/sites/1482/2024/10/113%E5%AD%B8%E5%B9%B4%E5%BA%A6%E5%AE%9C%E8%98%AD%E7%B8%A3%E5%AD%B8%E7%94%9F%E7%BE%8E%E8%A1%93%E6%AF%94%E8%B3%BD%E5%BE%97%E7%8D%8E%E5%90%8D%E5%96%AE-1-1024x576.jpg HTTP/1.1" 200 118326 "https://www.chjh.ilc.edu.tw/" "Mozilla/5.0 (iPhone; CPU iPhone OS 26_6_0 like Mac OS X) AppleWebKit/605.1.15 (KHTML, like Gecko) GSA/433.5.957829776 Mobile/15E148 Safari/604.1"
118.169.133.38 - - [22/Aug/2026:12:24:18 +0800] "GET /wp-content/uploads/sites/1482/2025/09/13-1024x576.jpg HTTP/1.1" 200 89010 "https://www.chjh.ilc.edu.tw/" "Mozilla/5.0 (iPhone; CPU iPhone OS 26_6_0 like Mac OS X) AppleWebKit/605.1.15 (KHTML, like Gecko) GSA/433.5.957829776 Mobile/15E148 Safari/604.1"
118.169.133.38 - - [22/Aug/2026:12:24:18 +0800] "GET /wp-content/uploads/sites/1482/2025/05/4_3-1024x724.png HTTP/1.1" 200 396610 "https://www.chjh.ilc.edu.tw/" "Mozilla/5.0 (iPhone; CPU iPhone OS 26_6_0 like Mac OS X) AppleWebKit/605.1.15 (KHTML, like Gecko) GSA/433.5.957829776 Mobile/15E148 Safari/604.1"
118.169.133.38 - - [22/Aug/2026:12:24:18 +0800] "GET /wp-content/uploads/sites/1482/2025/10/%E7%8D%B2%E7%8D%8E%E5%85%AC%E5%91%8A114%E7%BE%8E%E8%A1%93%E6%AF%94%E8%B3%BD.jpg HTTP/1.1" 200 178023 "https://www.chjh.ilc.edu.tw/" "Mozilla/5.0 (iPhone; CPU iPhone OS 26_6_0 like Mac OS X) AppleWebKit/605.1.15 (KHTML, like Gecko) GSA/433.5.957829776 Mobile/15E148 Safari/604.1"
118.169.133.38 - - [22/Aug/2026:12:24:18 +0800] "GET /wp-content/uploads/sites/1482/2026/04/%E6%AD%8C%E5%94%B1%E6%AF%94%E8%B3%BD%E7%A5%9D%E8%B3%80%E6%B5%B7%E5%A0%B1_page-0001_0-1024x576.jpg HTTP/1.1" 200 88311 "https://www.chjh.ilc.edu.tw/" "Mozilla/5.0 (iPhone; CPU iPhone OS 26_6_0 like Mac OS X) AppleWebKit/605.1.15 (KHTML, like Gecko) GSA/433.5.957829776 Mobile/15E148 Safari/604.1"
98.82.38.120 - - [22/Aug/2026:12:24:18 +0800] "GET /6043/wp-json/wp/v2/%22https:/2blog.ilc.edu.tw/wp-content/uploads/sites/207/6043/6043-1674859.jpg/%22 HTTP/1.1" 404 6131 "-" "Mozilla/5.0 AppleWebKit/537.36 (KHTML, like Gecko; compatible; Amazonbot/0.1; +https://developer.amazon.com/support/amazonbot) Chrome/119.0.6045.214 Safari/537.36"
118.169.133.38 - - [22/Aug/2026:12:24:18 +0800] "GET /wp-content/uploads/sites/1482/2025/02/Blue-and-White-Simple-Congratulations-Card-3-1024x683.png HTTP/1.1" 200 281534 "https://www.chjh.ilc.edu.tw/" "Mozilla/5.0 (iPhone; CPU iPhone OS 26_6_0 like Mac OS X) AppleWebKit/605.1.15 (KHTML, like Gecko) GSA/433.5.957829776 Mobile/15E148 Safari/604.1"
118.169.133.38 - - [22/Aug/2026:12:24:18 +0800] "GET /wp-content/uploads/sites/1482/2024/05/113%E5%85%A8%E4%B8%AD%E9%81%8B%E6%88%90%E7%B8%BE.jpg HTTP/1.1" 200 107339 "https://www.chjh.ilc.edu.tw/" "Mozilla/5.0 (iPhone; CPU iPhone OS 26_6_0 like Mac OS X) AppleWebKit/605.1.15 (KHTML, like Gecko) GSA/433.5.957829776 Mobile/15E148 Safari/604.1"
118.169.133.38 - - [22/Aug/2026:12:24:18 +0800] "GET /wp-content/uploads/sites/1482/2023/12/112%E7%94%B0%E5%BE%91%E6%88%90%E7%B8%BE.jpg HTTP/1.1" 200 146710 "https://www.chjh.ilc.edu.tw/" "Mozilla/5.0 (iPhone; CPU iPhone OS 26_6_0 like Mac OS X) AppleWebKit/605.1.15 (KHTML, like Gecko) GSA/433.5.957829776 Mobile/15E148 Safari/604.1"
118.169.133.38 - - [22/Aug/2026:12:24:18 +0800] "GET /wp-content/uploads/sites/1482/2025/08/5-1024x724.png HTTP/1.1" 200 276868 "https://www.chjh.ilc.edu.tw/" "Mozilla/5.0 (iPhone; CPU iPhone OS 26_6_0 like Mac OS X) AppleWebKit/605.1.15 (KHTML, like Gecko) GSA/433.5.957829776 Mobile/15E148 Safari/604.1"
42.79.180.180 - - [22/Aug/2026:12:24:18 +0800] "GET /wp-content/uploads/sites/1984/2023/09/IMG_9004-5-scaled.jpg HTTP/1.1" 200 554557 "https://www.dses.ilc.edu.tw/" "Mozilla/5.0 (iPhone; CPU iPhone OS 26_5_0 like Mac OS X) AppleWebKit/605.1.15 (KHTML, like Gecko) GSA/434.2.961627397 Mobile/15E148 Safari/604.1"
118.169.133.38 - - [22/Aug/2026:12:24:18 +0800] "GET /wp-content/uploads/sites/1482/2026/04/%E8%AE%80%E8%80%85%E5%8A%87%E5%A0%B4%E7%A5%9D%E8%B3%80%E6%B5%B7%E5%A0%B1_page-0001_0-1024x576.jpg HTTP/1.1" 200 87594 "https://www.chjh.ilc.edu.tw/" "Mozilla/5.0 (iPhone; CPU iPhone OS 26_6_0 like Mac OS X) AppleWebKit/605.1.15 (KHTML, like Gecko) GSA/433.5.957829776 Mobile/15E148 Safari/604.1"
118.169.133.38 - - [22/Aug/2026:12:24:18 +0800] "GET /wp-content/uploads/sites/1482/2025/08/4-1024x724.png HTTP/1.1" 200 273492 "https://www.chjh.ilc.edu.tw/" "Mozilla/5.0 (iPhone; CPU iPhone OS 26_6_0 like Mac OS X) AppleWebKit/605.1.15 (KHTML, like Gecko) GSA/433.5.957829776 Mobile/15E148 Safari/604.1"
74.7.242.54 - - [22/Aug/2026:12:24:17 +0800] "GET /26150/?p=3151 HTTP/1.1" 301 984 "https://2blog.ilc.edu.tw/26150/2015/07/22/104%e5%b9%b4%e5%ba%a6%e7%ac%ac29%e6%ac%a1%e5%b9%b8%e7%a6%8f%e5%ae%b6%e5%ba%ad%e7%a9%ba%e4%b8%ad%e8%ac%9b%e5%a0%82-%e8%92%b2%e5%85%ac%e8%8b%b1%e5%b8%8c%e6%9c%9b%e7%a8%ae%e5%ad%90%e6%9c%8d%e5%8b%99/" "Mozilla/5.0 AppleWebKit/537.36 (KHTML, like Gecko; compatible; GPTBot/1.4; +https://openai.com/gptbot)"
118.169.133.38 - - [22/Aug/2026:12:24:18 +0800] "GET /wp-content/uploads/sites/1482/2025/08/7-1024x724.png HTTP/1.1" 200 274608 "https://www.chjh.ilc.edu.tw/" "Mozilla/5.0 (iPhone; CPU iPhone OS 26_6_0 like Mac OS X) AppleWebKit/605.1.15 (KHTML, like Gecko) GSA/433.5.957829776 Mobile/15E148 Safari/604.1"
118.169.133.38 - - [22/Aug/2026:12:24:18 +0800] "GET /wp-content/uploads/sites/1482/2026/01/%E7%A7%91%E6%8A%80%E7%AB%B6%E8%B3%BD%E6%B5%B7%E5%A0%B1.png HTTP/1.1" 200 872970 "https://www.chjh.ilc.edu.tw/" "Mozilla/5.0 (iPhone; CPU iPhone OS 26_6_0 like Mac OS X) AppleWebKit/605.1.15 (KHTML, like Gecko) GSA/433.5.957829776 Mobile/15E148 Safari/604.1"
118.169.133.38 - - [22/Aug/2026:12:24:18 +0800] "GET /wp-content/uploads/sites/1482/2025/02/%E6%9E%97%E7%87%88%E7%9B%83%E7%A7%91%E5%AD%B8%E7%AB%B6%E8%B3%BD-1024x683.png HTTP/1.1" 200 323756 "https://www.chjh.ilc.edu.tw/" "Mozilla/5.0 (iPhone; CPU iPhone OS 26_6_0 like Mac OS X) AppleWebKit/605.1.15 (KHTML, like Gecko) GSA/433.5.957829776 Mobile/15E148 Safari/604.1"
42.79.180.180 - - [22/Aug/2026:12:24:18 +0800] "GET /wp-content/uploads/sites/1984/2023/09/IMG_8998-5-scaled.jpg HTTP/1.1" 200 564037 "https://www.dses.ilc.edu.tw/" "Mozilla/5.0 (iPhone; CPU iPhone OS 26_5_0 like Mac OS X) AppleWebKit/605.1.15 (KHTML, like Gecko) GSA/434.2.961627397 Mobile/15E148 Safari/604.1"
118.169.133.38 - - [22/Aug/2026:12:24:18 +0800] "GET /wp-content/uploads/sites/1482/2025/02/%E5%9C%8B%E4%B8%ADAPP%E6%95%B8%E7%90%86%E8%A7%A3%E9%A1%8C%E7%B5%84.png HTTP/1.1" 200 432973 "https://www.chjh.ilc.edu.tw/" "Mozilla/5.0 (iPhone; CPU iPhone OS 26_6_0 like Mac OS X) AppleWebKit/605.1.15 (KHTML, like Gecko) GSA/433.5.957829776 Mobile/15E148 Safari/604.1"
118.169.133.38 - - [22/Aug/2026:12:24:18 +0800] "GET /wp-content/uploads/sites/1482/2025/02/%E5%9C%8B%E4%B8%ADScratch%E7%94%9F%E6%B4%BB%E6%87%89%E7%94%A8%E7%B5%84.png HTTP/1.1" 200 475327 "https://www.chjh.ilc.edu.tw/" "Mozilla/5.0 (iPhone; CPU iPhone OS 26_6_0 like Mac OS X) AppleWebKit/605.1.15 (KHTML, like Gecko) GSA/433.5.957829776 Mobile/15E148 Safari/604.1"
118.169.133.38 - - [22/Aug/2026:12:24:18 +0800] "GET /wp-content/uploads/sites/1482/2025/05/35-1-1024x724.png HTTP/1.1" 200 395898 "https://www.chjh.ilc.edu.tw/" "Mozilla/5.0 (iPhone; CPU iPhone OS 26_6_0 like Mac OS X) AppleWebKit/605.1.15 (KHTML, like Gecko) GSA/433.5.957829776 Mobile/15E148 Safari/604.1"
140.111.67.10 - - [22/Aug/2026:12:24:19 +0800] "GET /" 301 273 "-" "-"
118.169.133.38 - - [22/Aug/2026:12:24:19 +0800] "GET /wp-content/uploads/sites/1482/2024/09/21-1024x576.jpg HTTP/1.1" 200 110653 "https://www.chjh.ilc.edu.tw/" "Mozilla/5.0 (iPhone; CPU iPhone OS 26_6_0 like Mac OS X) AppleWebKit/605.1.15 (KHTML, like Gecko) GSA/433.5.957829776 Mobile/15E148 Safari/604.1"
118.169.133.38 - - [22/Aug/2026:12:24:19 +0800] "GET /wp-content/uploads/sites/1482/2024/09/7_0-1024x576.jpg HTTP/1.1" 200 112262 "https://www.chjh.ilc.edu.tw/" "Mozilla/5.0 (iPhone; CPU iPhone OS 26_6_0 like Mac OS X) AppleWebKit/605.1.15 (KHTML, like Gecko) GSA/433.5.957829776 Mobile/15E148 Safari/604.1"
118.169.133.38 - - [22/Aug/2026:12:24:19 +0800] "GET /wp-content/uploads/sites/1482/2024/04/%E7%B0%A1%E5%A0%B1%E9%81%94%E4%BA%BA%E7%AB%B6%E8%B3%BD%E6%A6%9C%E5%96%AE-1024x724.png HTTP/1.1" 200 208408 "https://www.chjh.ilc.edu.tw/" "Mozilla/5.0 (iPhone; CPU iPhone OS 26_6_0 like Mac OS X) AppleWebKit/605.1.15 (KHTML, like Gecko) GSA/433.5.957829776 Mobile/15E148 Safari/604.1"
118.169.133.38 - - [22/Aug/2026:12:24:19 +0800] "GET /wp-content/uploads/sites/1482/2024/10/6B7BC776-21DF-4913-A28E-9B3F623A6260_0.jpg HTTP/1.1" 200 169132 "https://www.chjh.ilc.edu.tw/" "Mozilla/5.0 (iPhone; CPU iPhone OS 26_6_0 like Mac OS X) AppleWebKit/605.1.15 (KHTML, like Gecko) GSA/433.5.957829776 Mobile/15E148 Safari/604.1"
118.169.133.38 - - [22/Aug/2026:12:24:19 +0800] "GET /wp-content/uploads/sites/1482/2024/11/113%E5%AD%B8%E5%B9%B4%E5%BA%A6%E5%AE%9C%E8%98%AD%E7%B8%A3%E9%9F%B3%E6%A8%82%E6%AF%94%E8%B3%BD%E6%A6%9C%E5%96%AE-1024x576.jpg HTTP/1.1" 200 139607 "https://www.chjh.ilc.edu.tw/" "Mozilla/5.0 (iPhone; CPU iPhone OS 26_6_0 like Mac OS X) AppleWebKit/605.1.15 (KHTML, like Gecko) GSA/433.5.957829776 Mobile/15E148 Safari/604.1"
118.169.133.38 - - [22/Aug/2026:12:24:19 +0800] "GET /wp-content/uploads/sites/1482/2025/02/%E5%9C%8B%E4%B8%AD%E6%A9%9F%E6%A7%8B%E7%B5%90%E6%A7%8B%E7%B5%84.png HTTP/1.1" 200 412516 "https://www.chjh.ilc.edu.tw/" "Mozilla/5.0 (iPhone; CPU iPhone OS 26_6_0 like Mac OS X) AppleWebKit/605.1.15 (KHTML, like Gecko) GSA/433.5.957829776 Mobile/15E148 Safari/604.1"
118.169.133.38 - - [22/Aug/2026:12:24:19 +0800] "GET /wp-content/uploads/sites/1482/2025/11/%E7%A5%9D%E8%B3%80%E6%B5%B7%E5%A0%B1_712%E8%91%89%E5%AE%87%E7%BF%94-1024x576.jpg HTTP/1.1" 200 77480 "https://www.chjh.ilc.edu.tw/" "Mozilla/5.0 (iPhone; CPU iPhone OS 26_6_0 like Mac OS X) AppleWebKit/605.1.15 (KHTML, like Gecko) GSA/433.5.957829776 Mobile/15E148 Safari/604.1"
118.169.133.38 - - [22/Aug/2026:12:24:19 +0800] "GET /wp-content/uploads/sites/1482/2024/04/2-1024x576.png HTTP/1.1" 200 331850 "https://www.chjh.ilc.edu.tw/" "Mozilla/5.0 (iPhone; CPU iPhone OS 26_6_0 like Mac OS X) AppleWebKit/605.1.15 (KHTML, like Gecko) GSA/433.5.957829776 Mobile/15E148 Safari/604.1"
118.169.133.38 - - [22/Aug/2026:12:24:19 +0800] "GET /wp-content/uploads/sites/1482/2024/04/%E5%96%AE%E5%AD%97%E7%8E%8B-1024x724.jpg HTTP/1.1" 200 154840 "https://www.chjh.ilc.edu.tw/" "Mozilla/5.0 (iPhone; CPU iPhone OS 26_6_0 like Mac OS X) AppleWebKit/605.1.15 (KHTML, like Gecko) GSA/433.5.957829776 Mobile/15E148 Safari/604.1"
118.169.133.38 - - [22/Aug/2026:12:24:19 +0800] "GET /wp-content/uploads/sites/1482/2024/01/1706524861030-1024x579.jpg HTTP/1.1" 200 96830 "https://www.chjh.ilc.edu.tw/" "Mozilla/5.0 (iPhone; CPU iPhone OS 26_6_0 like Mac OS X) AppleWebKit/605.1.15 (KHTML, like Gecko) GSA/433.5.957829776 Mobile/15E148 Safari/604.1"
118.169.133.38 - - [22/Aug/2026:12:24:19 +0800] "GET /wp-content/uploads/sites/1482/2024/11/113%E5%AD%B8%E5%B9%B4%E5%BA%A6%E5%AE%9C%E8%98%AD%E7%B8%A3%E9%9F%B3%E6%A8%82%E6%AF%94%E8%B3%BD%E5%80%8B%E4%BA%BA%E8%B3%BD%E6%A6%9C%E5%96%AE-1024x576.png HTTP/1.1" 200 680770 "https://www.chjh.ilc.edu.tw/" "Mozilla/5.0 (iPhone; CPU iPhone OS 26_6_0 like Mac OS X) AppleWebKit/605.1.15 (KHTML, like Gecko) GSA/433.5.957829776 Mobile/15E148 Safari/604.1"
118.169.133.38 - - [22/Aug/2026:12:24:19 +0800] "GET /wp-content/uploads/sites/1482/2024/09/4_0-1024x576.jpg HTTP/1.1" 200 107126 "https://www.chjh.ilc.edu.tw/" "Mozilla/5.0 (iPhone; CPU iPhone OS 26_6_0 like Mac OS X) AppleWebKit/605.1.15 (KHTML, like Gecko) GSA/433.5.957829776 Mobile/15E148 Safari/604.1"
118.169.133.38 - - [22/Aug/2026:12:24:19 +0800] "GET /wp-content/uploads/sites/1482/2025/08/14-1024x724.png HTTP/1.1" 200 163205 "https://www.chjh.ilc.edu.tw/" "Mozilla/5.0 (iPhone; CPU iPhone OS 26_6_0 like Mac OS X) AppleWebKit/605.1.15 (KHTML, like Gecko) GSA/433.5.957829776 Mobile/15E148 Safari/604.1"
118.169.133.38 - - [22/Aug/2026:12:24:20 +0800] "GET /wp-content/uploads/sites/1482/2025/04/4_2-1024x724.png HTTP/1.1" 200 622434 "https://www.chjh.ilc.edu.tw/" "Mozilla/5.0 (iPhone; CPU iPhone OS 26_6_0 like Mac OS X) AppleWebKit/605.1.15 (KHTML, like Gecko) GSA/433.5.957829776 Mobile/15E148 Safari/604.1"
118.169.133.38 - - [22/Aug/2026:12:24:20 +0800] "GET /wp-content/uploads/sites/1482/2025/08/36-1024x724.png HTTP/1.1" 200 171953 "https://www.chjh.ilc.edu.tw/" "Mozilla/5.0 (iPhone; CPU iPhone OS 26_6_0 like Mac OS X) AppleWebKit/605.1.15 (KHTML, like Gecko) GSA/433.5.957829776 Mobile/15E148 Safari/604.1"
118.169.133.38 - - [22/Aug/2026:12:24:20 +0800] "GET /wp-content/uploads/sites/1482/2024/11/12-1024x576.jpg HTTP/1.1" 200 88002 "https://www.chjh.ilc.edu.tw/" "Mozilla/5.0 (iPhone; CPU iPhone OS 26_6_0 like Mac OS X) AppleWebKit/605.1.15 (KHTML, like Gecko) GSA/433.5.957829776 Mobile/15E148 Safari/604.1"
34.171.68.95 - - [22/Aug/2026:12:24:20 +0800] "GET /44370/2020/02/21/%E9%98%B2%E7%96%AB%E5%A4%A7%E4%BD%9C%E6%88%B0%E5%8F%A3%E7%BD%A9%E6%AD%A3%E7%A2%BA%E6%88%B4%E6%B3%95/ HTTP/1.1" 200 14135 "-" "Mozilla/5.0 (Macintosh; Intel Mac OS X 10_15_7) AppleWebKit/537.36 (KHTML, like Gecko) Chrome/120.0.0.0 Safari/537.36"
118.169.133.38 - - [22/Aug/2026:12:24:20 +0800] "GET /wp-content/uploads/sites/1482/2025/09/33-1024x576.jpg HTTP/1.1" 200 87435 "https://www.chjh.ilc.edu.tw/" "Mozilla/5.0 (iPhone; CPU iPhone OS 26_6_0 like Mac OS X) AppleWebKit/605.1.15 (KHTML, like Gecko) GSA/433.5.957829776 Mobile/15E148 Safari/604.1"
118.169.133.38 - - [22/Aug/2026:12:24:20 +0800] "GET /wp-content/uploads/sites/1482/2026/05/115%E5%85%A8%E4%B8%AD%E9%81%8B%E6%88%90%E7%B8%BE.jpg HTTP/1.1" 200 125380 "https://www.chjh.ilc.edu.tw/" "Mozilla/5.0 (iPhone; CPU iPhone OS 26_6_0 like Mac OS X) AppleWebKit/605.1.15 (KHTML, like Gecko) GSA/433.5.957829776 Mobile/15E148 Safari/604.1"
118.169.133.38 - - [22/Aug/2026:12:24:20 +0800] "GET /wp-content/uploads/sites/1482/2024/03/%E9%99%B3%E6%98%B1%E7%91%8B%E5%85%A8%E5%9C%8B-%E9%AB%98%E8%83%A1-1024x576.jpg HTTP/1.1" 200 102800 "https://www.chjh.ilc.edu.tw/" "Mozilla/5.0 (iPhone; CPU iPhone OS 26_6_0 like Mac OS X) AppleWebKit/605.1.15 (KHTML, like Gecko) GSA/433.5.957829776 Mobile/15E148 Safari/604.1"
118.169.133.38 - - [22/Aug/2026:12:24:20 +0800] "GET /wp-content/uploads/sites/1482/2025/11/Hanover-and-Tyke-High-School-Present-724x1024.png HTTP/1.1" 200 267038 "https://www.chjh.ilc.edu.tw/" "Mozilla/5.0 (iPhone; CPU iPhone OS 26_6_0 like Mac OS X) AppleWebKit/605.1.15 (KHTML, like Gecko) GSA/433.5.957829776 Mobile/15E148 Safari/604.1"
118.169.133.38 - - [22/Aug/2026:12:24:20 +0800] "GET /wp-content/uploads/sites/1482/2024/12/11-1024x647.png HTTP/1.1" 200 352051 "https://www.chjh.ilc.edu.tw/" "Mozilla/5.0 (iPhone; CPU iPhone OS 26_6_0 like Mac OS X) AppleWebKit/605.1.15 (KHTML, like Gecko) GSA/433.5.957829776 Mobile/15E148 Safari/604.1"
118.169.133.38 - - [22/Aug/2026:12:24:20 +0800] "GET /wp-content/uploads/sites/1482/2024/11/special-offer-1-1024x819.png HTTP/1.1" 200 1303147 "https://www.chjh.ilc.edu.tw/" "Mozilla/5.0 (iPhone; CPU iPhone OS 26_6_0 like Mac OS X) AppleWebKit/605.1.15 (KHTML, like Gecko) GSA/433.5.957829776 Mobile/15E148 Safari/604.1"
118.169.133.38 - - [22/Aug/2026:12:24:20 +0800] "GET /wp-content/uploads/sites/1482/2025/05/25-1024x724.png HTTP/1.1" 200 399654 "https://www.chjh.ilc.edu.tw/" "Mozilla/5.0 (iPhone; CPU iPhone OS 26_6_0 like Mac OS X) AppleWebKit/605.1.15 (KHTML, like Gecko) GSA/433.5.957829776 Mobile/15E148 Safari/604.1"
118.169.133.38 - - [22/Aug/2026:12:24:20 +0800] "GET /wp-content/uploads/sites/1482/2025/04/911%E4%BD%B3%E4%BD%9C-1024x724.jpg HTTP/1.1" 200 134650 "https://www.chjh.ilc.edu.tw/" "Mozilla/5.0 (iPhone; CPU iPhone OS 26_6_0 like Mac OS X) AppleWebKit/605.1.15 (KHTML, like Gecko) GSA/433.5.957829776 Mobile/15E148 Safari/604.1"
118.169.133.38 - - [22/Aug/2026:12:24:20 +0800] "GET /wp-content/uploads/sites/1482/2025/04/13-1024x724.png HTTP/1.1" 200 586132 "https://www.chjh.ilc.edu.tw/" "Mozilla/5.0 (iPhone; CPU iPhone OS 26_6_0 like Mac OS X) AppleWebKit/605.1.15 (KHTML, like Gecko) GSA/433.5.957829776 Mobile/15E148 Safari/604.1"
118.169.133.38 - - [22/Aug/2026:12:24:20 +0800] "GET /wp-content/uploads/sites/1482/2024/04/1-1024x724.jpg HTTP/1.1" 200 153314 "https://www.chjh.ilc.edu.tw/" "Mozilla/5.0 (iPhone; CPU iPhone OS 26_6_0 like Mac OS X) AppleWebKit/605.1.15 (KHTML, like Gecko) GSA/433.5.957829776 Mobile/15E148 Safari/604.1"
118.169.133.38 - - [22/Aug/2026:12:24:20 +0800] "GET /wp-content/uploads/sites/1482/2024/10/113%E7%B8%A3%E9%95%B7%E7%9B%83%E6%88%90%E7%B8%BE.jpg HTTP/1.1" 200 132560 "https://www.chjh.ilc.edu.tw/" "Mozilla/5.0 (iPhone; CPU iPhone OS 26_6_0 like Mac OS X) AppleWebKit/605.1.15 (KHTML, like Gecko) GSA/433.5.957829776 Mobile/15E148 Safari/604.1"
118.169.133.38 - - [22/Aug/2026:12:24:20 +0800] "GET /wp-content/uploads/sites/1482/2025/08/26-1024x724.png HTTP/1.1" 200 164697 "https://www.chjh.ilc.edu.tw/" "Mozilla/5.0 (iPhone; CPU iPhone OS 26_6_0 like Mac OS X) AppleWebKit/605.1.15 (KHTML, like Gecko) GSA/433.5.957829776 Mobile/15E148 Safari/604.1"
42.79.180.180 - - [22/Aug/2026:12:24:20 +0800] "GET /wp-content/uploads/sites/1984/2023/09/IMG_8951-5-scaled.jpg HTTP/1.1" 200 638372 "https://www.dses.ilc.edu.tw/" "Mozilla/5.0 (iPhone; CPU iPhone OS 26_5_0 like Mac OS X) AppleWebKit/605.1.15 (KHTML, like Gecko) GSA/434.2.961627397 Mobile/15E148 Safari/604.1"
118.169.133.38 - - [22/Aug/2026:12:24:21 +0800] "GET /wp-content/uploads/sites/1482/2024/10/19F91BED-BADA-4B34-952C-7B19F9B13D83_0.jpg HTTP/1.1" 200 155029 "https://www.chjh.ilc.edu.tw/" "Mozilla/5.0 (iPhone; CPU iPhone OS 26_6_0 like Mac OS X) AppleWebKit/605.1.15 (KHTML, like Gecko) GSA/433.5.957829776 Mobile/15E148 Safari/604.1"
118.169.133.38 - - [22/Aug/2026:12:24:21 +0800] "GET /wp-content/uploads/sites/1482/2025/04/24-1024x724.png HTTP/1.1" 200 635836 "https://www.chjh.ilc.edu.tw/" "Mozilla/5.0 (iPhone; CPU iPhone OS 26_6_0 like Mac OS X) AppleWebKit/605.1.15 (KHTML, like Gecko) GSA/433.5.957829776 Mobile/15E148 Safari/604.1"
118.169.133.38 - - [22/Aug/2026:12:24:21 +0800] "GET /wp-content/uploads/sites/1482/2024/12/Blue-and-Gold-Simple-Congratulations-Instagram-Post-1.png HTTP/1.1" 200 445623 "https://www.chjh.ilc.edu.tw/" "Mozilla/5.0 (iPhone; CPU iPhone OS 26_6_0 like Mac OS X) AppleWebKit/605.1.15 (KHTML, like Gecko) GSA/433.5.957829776 Mobile/15E148 Safari/604.1"
118.169.133.38 - - [22/Aug/2026:12:24:21 +0800] "GET /wp-content/plugins/elementor/assets/js/image-carousel.4455c6362492d9067512.bundle.min.js HTTP/1.1" 200 1176 "https://www.chjh.ilc.edu.tw/" "Mozilla/5.0 (iPhone; CPU iPhone OS 26_6_0 like Mac OS X) AppleWebKit/605.1.15 (KHTML, like Gecko) GSA/433.5.957829776 Mobile/15E148 Safari/604.1"
118.169.133.38 - - [22/Aug/2026:12:24:21 +0800] "GET /wp-content/plugins/elementor/assets/lib/swiper/v8/swiper.min.js?ver=8.4.5 HTTP/1.1" 200 40708 "https://www.chjh.ilc.edu.tw/" "Mozilla/5.0 (iPhone; CPU iPhone OS 26_6_0 like Mac OS X) AppleWebKit/605.1.15 (KHTML, like Gecko) GSA/433.5.957829776 Mobile/15E148 Safari/604.1"
118.169.133.38 - - [22/Aug/2026:12:24:21 +0800] "GET /wp-content/uploads/sites/1482/2022/07/%E6%96%B0%E7%94%9F%E6%AD%A3%E5%BC%8F%E7%B7%A8%E7%8F%AD%E5%90%8D%E5%96%AE.jpg HTTP/1.1" 200 25321 "https://www.chjh.ilc.edu.tw/" "Mozilla/5.0 (iPhone; CPU iPhone OS 26_6_0 like Mac OS X) AppleWebKit/605.1.15 (KHTML, like Gecko) GSA/433.5.957829776 Mobile/15E148 Safari/604.1"
74.7.242.54 - - [22/Aug/2026:12:24:19 +0800] "GET /26150/?p=2951 HTTP/1.1" 301 982 "https://2blog.ilc.edu.tw/26150/2014/04/07/%e3%80%8c%e7%b6%a0%e6%b0%b4%e5%9c%93%e7%b7%a3%ef%bc%8d103%e5%b9%b4%e6%9c%aa%e5%a9%9a%e8%81%af%e8%aa%bc%e6%b4%bb%e5%8b%95%e3%80%8d-%e6%95%ac%e9%82%80%e6%9c%aa%e5%a9%9a%e6%b0%91%e7%9c%be%e8%b8%b4/" "Mozilla/5.0 AppleWebKit/537.36 (KHTML, like Gecko; compatible; GPTBot/1.4; +https://openai.com/gptbot)"
44.223.116.180 - - [22/Aug/2026:12:24:22 +0800] "GET /6043/wp-json/wp/v2/%22https:/2blog.ilc.edu.tw/wp-content/uploads/sites/207/6043/6043-1674853.jpg/%22 HTTP/1.1" 404 6131 "-" "Mozilla/5.0 AppleWebKit/537.36 (KHTML, like Gecko; compatible; Amazonbot/0.1; +https://developer.amazon.com/support/amazonbot) Chrome/119.0.6045.214 Safari/537.36"
2001:288:a201::67:82 - - [22/Aug/2026:12:24:20 +0800] "POST /26150/?p=2951&fsm_edd_37394=9dfdf6e8d960ff1bcaa3e838764f8420 HTTP/1.1" 200 13008 "-" "WordPress/6.6.7; https://2blog.ilc.edu.tw/26150"
2001:288:a201::66:125 - - [22/Aug/2026:12:24:23 +0800] "GET /blog/active.php HTTP/1.1" 301 1026 "-" "-"
2001:288:a201::66:125 - - [22/Aug/2026:12:24:23 +0800] "GET /blog/active.php HTTP/1.1" 404 1084 "-" "-"
20.125.101.194 - - [22/Aug/2026:12:24:23 +0800] "GET /wp-content/uploads/sites/1148/2022/09/111%E5%AD%B8%E5%B9%B4%E5%BA%A6%E7%AC%AC2%E5%AD%B8%E6%9C%9F%E9%AB%98%E7%B4%9A%E4%B8%AD%E7%AD%89%E4%BB%A5%E4%B8%8B%E6%95%99%E8%82%B2%E9%9A%8E%E6%AE%B5%E9%9D%9E%E5%AD%B8%E6%A0%A1%E5%9E%8B%E6%85%8B%E5%AF%A6%E9%A9%97%E6%95%99%E8%82%B2%E7%94%B3%E8%AB%8B1.pdf HTTP/1.1" 200 81505 "-" "Mozilla/5.0 (compatible; MSR-Financial-PDF-Scorer/1.0)"
42.79.180.180 - - [22/Aug/2026:12:24:23 +0800] "GET /wp-content/uploads/sites/1984/2023/09/IMG_8900-5-scaled.jpg HTTP/1.1" 200 683277 "https://www.dses.ilc.edu.tw/" "Mozilla/5.0 (iPhone; CPU iPhone OS 26_5_0 like Mac OS X) AppleWebKit/605.1.15 (KHTML, like Gecko) GSA/434.2.961627397 Mobile/15E148 Safari/604.1"
216.73.216.20 - - [22/Aug/2026:12:24:23 +0800] "GET /2569/category/c-56641/page/2/ HTTP/1.1" 200 17033 "-" "Mozilla/5.0 AppleWebKit/537.36 (KHTML, like Gecko; compatible; ClaudeBot/1.0; +claudebot@anthropic.com)"
216.73.216.20 - - [22/Aug/2026:12:24:23 +0800] "GET /2569/category/c-30633/page/2/ HTTP/1.1" 200 17113 "-" "Mozilla/5.0 AppleWebKit/537.36 (KHTML, like Gecko; compatible; ClaudeBot/1.0; +claudebot@anthropic.com)"
216.73.216.20 - - [22/Aug/2026:12:24:23 +0800] "GET /6325/?p=18473 HTTP/1.1" 301 5778 "-" "Mozilla/5.0 AppleWebKit/537.36 (KHTML, like Gecko; compatible; ClaudeBot/1.0; +claudebot@anthropic.com)"
216.73.216.20 - - [22/Aug/2026:12:24:23 +0800] "GET /6448/?p=4006 HTTP/1.1" 301 5769 "-" "Mozilla/5.0 AppleWebKit/537.36 (KHTML, like Gecko; compatible; ClaudeBot/1.0; +claudebot@anthropic.com)"
216.73.216.20 - - [22/Aug/2026:12:24:23 +0800] "GET /6325/?p=17881 HTTP/1.1" 301 5772 "-" "Mozilla/5.0 AppleWebKit/537.36 (KHTML, like Gecko; compatible; ClaudeBot/1.0; +claudebot@anthropic.com)"
216.73.216.20 - - [22/Aug/2026:12:24:23 +0800] "GET /5315/?p=3521 HTTP/1.1" 200 16133 "-" "Mozilla/5.0 AppleWebKit/537.36 (KHTML, like Gecko; compatible; ClaudeBot/1.0; +claudebot@anthropic.com)"
216.73.216.20 - - [22/Aug/2026:12:24:24 +0800] "GET /2569/category/c-30632/feed/ HTTP/1.1" 200 18238 "-" "Mozilla/5.0 AppleWebKit/537.36 (KHTML, like Gecko; compatible; ClaudeBot/1.0; +claudebot@anthropic.com)"
74.7.242.54 - - [22/Aug/2026:12:24:21 +0800] "GET /26150/?p=3522 HTTP/1.1" 301 972 "https://2blog.ilc.edu.tw/26150/2018/03/21/%e8%bd%89%e7%9f%a5%e6%95%99%e8%82%b2%e9%83%a8107%e5%b9%b4%e8%87%ba%e7%81%a3%e9%96%a9%e5%8d%97%e8%aa%9e%e8%a8%80%e8%83%bd%e5%8a%9b%e8%aa%8d%e8%ad%89%e8%80%83%e8%a9%a6%e8%a8%8a%e6%81%af/" "Mozilla/5.0 AppleWebKit/537.36 (KHTML, like Gecko; compatible; GPTBot/1.4; +https://openai.com/gptbot)"
216.73.216.20 - - [22/Aug/2026:12:24:24 +0800] "GET /6325/?p=17884 HTTP/1.1" 301 978 "-" "Mozilla/5.0 AppleWebKit/537.36 (KHTML, like Gecko; compatible; ClaudeBot/1.0; +claudebot@anthropic.com)"
216.73.216.20 - - [22/Aug/2026:12:24:24 +0800] "GET /5315/?p=3416 HTTP/1.1" 200 11572 "-" "Mozilla/5.0 AppleWebKit/537.36 (KHTML, like Gecko; compatible; ClaudeBot/1.0; +claudebot@anthropic.com)"
216.73.216.20 - - [22/Aug/2026:12:24:24 +0800] "GET /6325/2015/10/07/104_%e6%a0%a1%e5%9c%92%e7%94%9f%e6%85%8b%e5%b0%8e%e8%a6%bd%e9%99%b8/ HTTP/1.1" 200 10428 "https://2blog.ilc.edu.tw/6325/?p=18473" "Mozilla/5.0 AppleWebKit/537.36 (KHTML, like Gecko; compatible; ClaudeBot/1.0; +claudebot@anthropic.com)"
216.73.216.20 - - [22/Aug/2026:12:24:24 +0800] "GET /2569/category/c-8290/feed/ HTTP/1.1" 200 6092 "-" "Mozilla/5.0 AppleWebKit/537.36 (KHTML, like Gecko; compatible; ClaudeBot/1.0; +claudebot@anthropic.com)"
216.73.216.20 - - [22/Aug/2026:12:24:24 +0800] "GET /6325/?p=17777 HTTP/1.1" 301 5645 "-" "Mozilla/5.0 AppleWebKit/537.36 (KHTML, like Gecko; compatible; ClaudeBot/1.0; +claudebot@anthropic.com)"
216.73.216.20 - - [22/Aug/2026:12:24:24 +0800] "GET /6448/2020/11/18/109_%e4%b8%80_1_109-%e5%85%ac%e5%91%8a%e5%85%a7%e5%ae%b9-2/ HTTP/1.1" 200 10634 "https://2blog.ilc.edu.tw/6448/?p=4006" "Mozilla/5.0 AppleWebKit/537.36 (KHTML, like Gecko; compatible; ClaudeBot/1.0; +claudebot@anthropic.com)"
216.73.216.20 - - [22/Aug/2026:12:24:24 +0800] "GET /5315/?p=4400 HTTP/1.1" 200 12945 "-" "Mozilla/5.0 AppleWebKit/537.36 (KHTML, like Gecko; compatible; ClaudeBot/1.0; +claudebot@anthropic.com)"
216.73.216.20 - - [22/Aug/2026:12:24:24 +0800] "GET /6325/2013/10/17/102_%e6%a0%a1%e5%9c%92%e7%92%b0%e4%bf%9d%e5%af%a6%e5%8b%995-3/ HTTP/1.1" 200 10590 "https://2blog.ilc.edu.tw/6325/?p=17881" "Mozilla/5.0 AppleWebKit/537.36 (KHTML, like Gecko; compatible; ClaudeBot/1.0; +claudebot@anthropic.com)"
216.73.216.20 - - [22/Aug/2026:12:24:24 +0800] "GET /rainbow123/?p=6789 HTTP/1.1" 301 840 "-" "Mozilla/5.0 AppleWebKit/537.36 (KHTML, like Gecko; compatible; ClaudeBot/1.0; +claudebot@anthropic.com)"
140.111.67.10 - - [22/Aug/2026:12:24:24 +0800] "GET /" 301 273 "-" "-"
216.73.216.20 - - [22/Aug/2026:12:24:24 +0800] "GET /2569/category/c-97192/feed/ HTTP/1.1" 200 4631 "-" "Mozilla/5.0 AppleWebKit/537.36 (KHTML, like Gecko; compatible; ClaudeBot/1.0; +claudebot@anthropic.com)"
216.73.216.20 - - [22/Aug/2026:12:24:24 +0800] "GET /6325/2013/10/18/102_%e6%a0%a1%e5%9c%92%e7%92%b0%e4%bf%9d%e5%af%a6%e5%8b%997-7/ HTTP/1.1" 200 10615 "https://2blog.ilc.edu.tw/6325/?p=17884" "Mozilla/5.0 AppleWebKit/537.36 (KHTML, like Gecko; compatible; ClaudeBot/1.0; +claudebot@anthropic.com)"
216.73.216.20 - - [22/Aug/2026:12:24:24 +0800] "GET /6325/2013/06/26/102-_-%e6%a0%a1%e5%9c%92%e7%92%b0%e4%bf%9d%e5%af%a6%e5%8b%99-11/ HTTP/1.1" 200 10677 "https://2blog.ilc.edu.tw/6325/?p=17777" "Mozilla/5.0 AppleWebKit/537.36 (KHTML, like Gecko; compatible; ClaudeBot/1.0; +claudebot@anthropic.com)"
216.73.216.20 - - [22/Aug/2026:12:24:24 +0800] "GET /2569/category/c-30633/feed/ HTTP/1.1" 200 10252 "-" "Mozilla/5.0 AppleWebKit/537.36 (KHTML, like Gecko; compatible; ClaudeBot/1.0; +claudebot@anthropic.com)"
216.73.216.20 - - [22/Aug/2026:12:24:24 +0800] "GET /5315/?p=3104 HTTP/1.1" 200 11418 "-" "Mozilla/5.0 AppleWebKit/537.36 (KHTML, like Gecko; compatible; ClaudeBot/1.0; +claudebot@anthropic.com)"
216.73.216.20 - - [22/Aug/2026:12:24:24 +0800] "GET /rainbow123/2024/01/19/%e4%be%bf%e7%95%b6%e4%ba%94%e6%9a%a8%e6%9c%9f%e6%9c%ab%e6%b4%bb%e5%8b%95/ HTTP/1.1" 200 27556 "https://2blog.ilc.edu.tw/rainbow123/?p=6789" "Mozilla/5.0 AppleWebKit/537.36 (KHTML, like Gecko; compatible; ClaudeBot/1.0; +claudebot@anthropic.com)"
216.73.216.20 - - [22/Aug/2026:12:24:24 +0800] "GET /2569/category/c-56641/feed/ HTTP/1.1" 200 8008 "-" "Mozilla/5.0 AppleWebKit/537.36 (KHTML, like Gecko; compatible; ClaudeBot/1.0; +claudebot@anthropic.com)"
216.73.216.20 - - [22/Aug/2026:12:24:24 +0800] "GET /5315/?p=4049 HTTP/1.1" 200 14297 "-" "Mozilla/5.0 AppleWebKit/537.36 (KHTML, like Gecko; compatible; ClaudeBot/1.0; +claudebot@anthropic.com)"
216.73.216.20 - - [22/Aug/2026:12:24:24 +0800] "GET /6325/?p=17729 HTTP/1.1" 301 883 "-" "Mozilla/5.0 AppleWebKit/537.36 (KHTML, like Gecko; compatible; ClaudeBot/1.0; +claudebot@anthropic.com)"
216.73.216.20 - - [22/Aug/2026:12:24:24 +0800] "GET /5315/?p=3969 HTTP/1.1" 200 12307 "-" "Mozilla/5.0 AppleWebKit/537.36 (KHTML, like Gecko; compatible; ClaudeBot/1.0; +claudebot@anthropic.com)"
2a03:2880:f802:11:: - - [22/Aug/2026:12:24:22 +0800] "GET /wp-login.php?key=ka7ls378&_wpnonce=&action=ilc_logout&redirect_to=https%3A%2F%2Fgame.edu.kg HTTP/1.1" 302 8248 "-" "Mozilla/5.0 (Macintosh; Intel Mac OS X 10_15_7) AppleWebKit/537.36 (KHTML, like Gecko) Chrome/145.0.0.0 Safari/537.36 (compatible; meta-externalagent/1.1 (+https://developers.facebook.com/docs/sharing/webmasters/crawler))"
216.73.216.20 - - [22/Aug/2026:12:24:24 +0800] "GET /6448/?p=859 HTTP/1.1" 301 858 "-" "Mozilla/5.0 AppleWebKit/537.36 (KHTML, like Gecko; compatible; ClaudeBot/1.0; +claudebot@anthropic.com)"
44.209.187.99 - - [22/Aug/2026:12:24:25 +0800] "GET /wp-content/uploads/sites/1310/2021/01/ HTTP/1.1" 200 1112 "-" "Mozilla/5.0 AppleWebKit/537.36 (KHTML, like Gecko; compatible; Amazonbot/0.1; +https://developer.amazon.com/support/amazonbot) Chrome/119.0.6045.214 Safari/537.36"
216.73.216.20 - - [22/Aug/2026:12:24:25 +0800] "GET /5315/?p=4029 HTTP/1.1" 200 14156 "-" "Mozilla/5.0 AppleWebKit/537.36 (KHTML, like Gecko; compatible; ClaudeBot/1.0; +claudebot@anthropic.com)"
216.73.216.20 - - [22/Aug/2026:12:24:25 +0800] "GET /6325/2012/12/04/101_%e5%85%b6%e4%bb%96%e9%85%8d%e5%90%88%e6%8e%aa%e6%96%bd%e8%be%a6%e7%90%86%e6%83%85%e5%bd%a26/ HTTP/1.1" 200 10755 "https://2blog.ilc.edu.tw/6325/?p=17729" "Mozilla/5.0 AppleWebKit/537.36 (KHTML, like Gecko; compatible; ClaudeBot/1.0; +claudebot@anthropic.com)"
216.73.216.20 - - [22/Aug/2026:12:24:25 +0800] "GET /2569/?p=2685 HTTP/1.1" 301 846 "-" "Mozilla/5.0 AppleWebKit/537.36 (KHTML, like Gecko; compatible; ClaudeBot/1.0; +claudebot@anthropic.com)"
216.73.216.20 - - [22/Aug/2026:12:24:25 +0800] "GET /6448/2019/11/15/108_%e4%b8%89_2_%e6%a0%a1%e5%9c%92%e6%8b%92%e8%8f%b8%e5%ae%a3%e5%b0%8e/ HTTP/1.1" 200 12119 "https://2blog.ilc.edu.tw/6448/?p=859" "Mozilla/5.0 AppleWebKit/537.36 (KHTML, like Gecko; compatible; ClaudeBot/1.0; +claudebot@anthropic.com)"
216.73.216.20 - - [22/Aug/2026:12:24:25 +0800] "GET /5315/?p=4047 HTTP/1.1" 200 14205 "-" "Mozilla/5.0 AppleWebKit/537.36 (KHTML, like Gecko; compatible; ClaudeBot/1.0; +claudebot@anthropic.com)"
216.73.216.20 - - [22/Aug/2026:12:24:25 +0800] "GET /6325/?p=17905 HTTP/1.1" 301 841 "-" "Mozilla/5.0 AppleWebKit/537.36 (KHTML, like Gecko; compatible; ClaudeBot/1.0; +claudebot@anthropic.com)"
216.73.216.20 - - [22/Aug/2026:12:24:25 +0800] "GET /2569/2025/04/15/113%e5%ad%b8%e5%b9%b4%e5%ba%a6%e6%ad%a3%e7%a2%ba%e7%94%a8%e8%97%a5%e5%ae%a3%e5%b0%8e/ HTTP/1.1" 200 14609 "https://2blog.ilc.edu.tw/2569/?p=2685" "Mozilla/5.0 AppleWebKit/537.36 (KHTML, like Gecko; compatible; ClaudeBot/1.0; +claudebot@anthropic.com)"
216.73.216.20 - - [22/Aug/2026:12:24:25 +0800] "GET /25138/wp-json/wp/v2/categories/11 HTTP/1.1" 200 1886 "-" "Mozilla/5.0 AppleWebKit/537.36 (KHTML, like Gecko; compatible; ClaudeBot/1.0; +claudebot@anthropic.com)"
216.73.216.20 - - [22/Aug/2026:12:24:25 +0800] "GET /6325/2013/10/28/102_%e8%a1%8c%e6%94%bf%e8%88%87%e7%ae%a1%e7%90%86-6-2/ HTTP/1.1" 200 10737 "https://2blog.ilc.edu.tw/6325/?p=17905" "Mozilla/5.0 AppleWebKit/537.36 (KHTML, like Gecko; compatible; ClaudeBot/1.0; +claudebot@anthropic.com)"
216.73.216.20 - - [22/Aug/2026:12:24:25 +0800] "GET /6448/category/uncategorized/page/11/ HTTP/1.1" 200 11611 "-" "Mozilla/5.0 AppleWebKit/537.36 (KHTML, like Gecko; compatible; ClaudeBot/1.0; +claudebot@anthropic.com)"
216.73.216.20 - - [22/Aug/2026:12:24:25 +0800] "GET /6325/?p=17910 HTTP/1.1" 301 1198 "-" "Mozilla/5.0 AppleWebKit/537.36 (KHTML, like Gecko; compatible; ClaudeBot/1.0; +claudebot@anthropic.com)"
216.73.216.20 - - [22/Aug/2026:12:24:25 +0800] "GET /5315/?p=3433 HTTP/1.1" 200 11797 "-" "Mozilla/5.0 AppleWebKit/537.36 (KHTML, like Gecko; compatible; ClaudeBot/1.0; +claudebot@anthropic.com)"
216.73.216.20 - - [22/Aug/2026:12:24:25 +0800] "GET /6325/?p=17919 HTTP/1.1" 301 848 "-" "Mozilla/5.0 AppleWebKit/537.36 (KHTML, like Gecko; compatible; ClaudeBot/1.0; +claudebot@anthropic.com)"
216.73.216.20 - - [22/Aug/2026:12:24:25 +0800] "GET /6325/2013/11/01/102-_-%e6%95%99%e5%ad%b8%e8%88%87%e5%ae%a3%e5%b0%8e%e6%b4%bb%e5%8b%95-2/ HTTP/1.1" 200 10929 "https://2blog.ilc.edu.tw/6325/?p=17910" "Mozilla/5.0 AppleWebKit/537.36 (KHTML, like Gecko; compatible; ClaudeBot/1.0; +claudebot@anthropic.com)"
216.73.216.20 - - [22/Aug/2026:12:24:25 +0800] "GET /5315/?p=3535 HTTP/1.1" 200 15726 "-" "Mozilla/5.0 AppleWebKit/537.36 (KHTML, like Gecko; compatible; ClaudeBot/1.0; +claudebot@anthropic.com)"
216.73.216.20 - - [22/Aug/2026:12:24:25 +0800] "GET /6325/?p=17886 HTTP/1.1" 301 5633 "-" "Mozilla/5.0 AppleWebKit/537.36 (KHTML, like Gecko; compatible; ClaudeBot/1.0; +claudebot@anthropic.com)"
216.73.216.20 - - [22/Aug/2026:12:24:26 +0800] "GET /6325/2013/11/08/102_%e7%92%b0%e5%a2%83%e6%95%99%e8%82%b2%e6%95%99%e6%9d%9015/ HTTP/1.1" 200 10586 "https://2blog.ilc.edu.tw/6325/?p=17919" "Mozilla/5.0 AppleWebKit/537.36 (KHTML, like Gecko; compatible; ClaudeBot/1.0; +claudebot@anthropic.com)"
216.73.216.20 - - [22/Aug/2026:12:24:26 +0800] "GET /6325/?p=18420 HTTP/1.1" 301 847 "-" "Mozilla/5.0 AppleWebKit/537.36 (KHTML, like Gecko; compatible; ClaudeBot/1.0; +claudebot@anthropic.com)"
216.73.216.20 - - [22/Aug/2026:12:24:26 +0800] "GET /6325/?p=17936 HTTP/1.1" 301 5652 "-" "Mozilla/5.0 AppleWebKit/537.36 (KHTML, like Gecko; compatible; ClaudeBot/1.0; +claudebot@anthropic.com)"
216.73.216.20 - - [22/Aug/2026:12:24:26 +0800] "GET /6325/2013/10/20/102_%e8%a1%8c%e6%94%bf%e8%88%87%e7%ae%a1%e7%90%86-6/ HTTP/1.1" 200 10704 "https://2blog.ilc.edu.tw/6325/?p=17886" "Mozilla/5.0 AppleWebKit/537.36 (KHTML, like Gecko; compatible; ClaudeBot/1.0; +claudebot@anthropic.com)"
216.73.216.20 - - [22/Aug/2026:12:24:26 +0800] "GET /6325/?p=18234 HTTP/1.1" 301 859 "-" "Mozilla/5.0 AppleWebKit/537.36 (KHTML, like Gecko; compatible; ClaudeBot/1.0; +claudebot@anthropic.com)"
216.73.216.20 - - [22/Aug/2026:12:24:26 +0800] "GET /6325/2015/09/04/104_%e6%a0%a1%e5%9c%92%e7%92%b0%e5%a2%83%e7%ae%a1%e7%90%862/ HTTP/1.1" 200 10756 "https://2blog.ilc.edu.tw/6325/?p=18420" "Mozilla/5.0 AppleWebKit/537.36 (KHTML, like Gecko; compatible; ClaudeBot/1.0; +claudebot@anthropic.com)"
216.73.216.20 - - [22/Aug/2026:12:24:26 +0800] "GET /6325/2013/11/20/102_%e6%95%99%e5%ad%b8%e8%88%87%e5%ae%a3%e5%b0%8e%e6%b4%bb%e5%8b%952-3/ HTTP/1.1" 200 10967 "https://2blog.ilc.edu.tw/6325/?p=17936" "Mozilla/5.0 AppleWebKit/537.36 (KHTML, like Gecko; compatible; ClaudeBot/1.0; +claudebot@anthropic.com)"
216.73.216.20 - - [22/Aug/2026:12:24:26 +0800] "GET /2569/author/9582651/ HTTP/1.1" 200 17870 "-" "Mozilla/5.0 AppleWebKit/537.36 (KHTML, like Gecko; compatible; ClaudeBot/1.0; +claudebot@anthropic.com)"
216.73.216.20 - - [22/Aug/2026:12:24:26 +0800] "GET /6325/2014/11/15/103_%e6%95%99%e5%ad%b8%e8%88%87%e5%ae%a3%e5%b0%8e%e6%b4%bb%e5%8b%951-12/ HTTP/1.1" 200 13572 "https://2blog.ilc.edu.tw/6325/?p=18234" "Mozilla/5.0 AppleWebKit/537.36 (KHTML, like Gecko; compatible; ClaudeBot/1.0; +claudebot@anthropic.com)"
74.7.242.54 - - [22/Aug/2026:12:24:24 +0800] "GET /26150/?p=3650 HTTP/1.1" 301 953 "https://2blog.ilc.edu.tw/26150/2019/03/19/%e5%85%ac%e5%91%8a%e6%9c%ac%e4%b8%ad%e5%bf%83%e7%b5%84%e5%93%a1%e7%b4%84%e5%83%b1%e8%81%b7%e5%8b%99%e4%bb%a3%e7%90%86%e4%ba%ba%e9%8c%84%e5%8f%96%e5%90%8d%e5%96%ae-4/" "Mozilla/5.0 AppleWebKit/537.36 (KHTML, like Gecko; compatible; GPTBot/1.4; +https://openai.com/gptbot)"
42.79.180.180 - - [22/Aug/2026:12:24:26 +0800] "GET /wp-content/uploads/sites/1984/2023/09/IMG_8832-5-scaled.jpg HTTP/1.1" 200 441861 "https://www.dses.ilc.edu.tw/" "Mozilla/5.0 (iPhone; CPU iPhone OS 26_5_0 like Mac OS X) AppleWebKit/605.1.15 (KHTML, like Gecko) GSA/434.2.961627397 Mobile/15E148 Safari/604.1"
42.79.180.180 - - [22/Aug/2026:12:24:27 +0800] "GET /wp-content/uploads/sites/1984/2023/10/%E7%B2%89%E7%B5%B2%E5%B0%88%E9%A0%81.png HTTP/1.1" 200 14657 "https://www.dses.ilc.edu.tw/" "Mozilla/5.0 (iPhone; CPU iPhone OS 26_5_0 like Mac OS X) AppleWebKit/605.1.15 (KHTML, like Gecko) GSA/434.2.961627397 Mobile/15E148 Safari/604.1"
42.79.180.180 - - [22/Aug/2026:12:24:27 +0800] "GET /wp-content/uploads/sites/1984/2023/10/%E5%A4%A7%E6%BA%AA%E6%98%A0%E8%B1%A1.png HTTP/1.1" 200 14622 "https://www.dses.ilc.edu.tw/" "Mozilla/5.0 (iPhone; CPU iPhone OS 26_5_0 like Mac OS X) AppleWebKit/605.1.15 (KHTML, like Gecko) GSA/434.2.961627397 Mobile/15E148 Safari/604.1"
2001:288:a201::66:125 - - [22/Aug/2026:12:24:28 +0800] "GET /blog/active.php HTTP/1.1" 404 1084 "-" "-"
2001:288:a201::66:125 - - [22/Aug/2026:12:24:28 +0800] "GET /blog/active.php HTTP/1.1" 301 1026 "-" "-"
::1 - - [22/Aug/2026:12:24:28 +0800] "OPTIONS * HTTP/1.0" 200 110 "-" "Apache/2.4.68 (Ubuntu) OpenSSL/3.0.19 (internal dummy connection)"
74.7.242.54 - - [22/Aug/2026:12:24:26 +0800] "GET /26150/?p=3166 HTTP/1.1" 301 978 "https://2blog.ilc.edu.tw/26150/2015/08/11/%e6%88%b2%e8%aa%aa%e5%b9%b8%e7%a6%8f%e5%a9%9a%e5%a7%bb%e8%88%87%e5%ae%b6%e5%ba%ad%e5%bd%b1%e7%89%87%e8%a8%8e%e8%ab%96%e6%88%90%e9%95%b7%e5%9c%98%e9%ab%94%e7%ac%ac%e5%9b%9b%e5%a0%b4%e6%ac%a1/" "Mozilla/5.0 AppleWebKit/537.36 (KHTML, like Gecko; compatible; GPTBot/1.4; +https://openai.com/gptbot)"
140.111.67.10 - - [22/Aug/2026:12:24:29 +0800] "GET /" 301 273 "-" "-"
::1 - - [22/Aug/2026:12:24:29 +0800] "OPTIONS * HTTP/1.0" 200 110 "-" "Apache/2.4.68 (Ubuntu) OpenSSL/3.0.19 (internal dummy connection)"
::1 - - [22/Aug/2026:12:24:30 +0800] "OPTIONS * HTTP/1.0" 200 110 "-" "Apache/2.4.68 (Ubuntu) OpenSSL/3.0.19 (internal dummy connection)"
74.7.242.54 - - [22/Aug/2026:12:24:29 +0800] "GET /26150/?p=6132 HTTP/1.1" 301 984 "https://2blog.ilc.edu.tw/26150/2021/07/28/%e3%80%8c%e7%89%bd%e6%89%8b50%ef%bc%8c%e5%b0%b1%e5%9c%a8%e9%80%99%e8%a3%a1-%e7%86%9f%e9%bd%a1%e8%80%85%e6%83%85%e6%84%9f%e5%b7%a5%e4%bd%9c%e5%9d%8a%e3%80%8d%ef%bc%8c%e6%96%bc9-5%e6%97%a5%e6%96%bc/" "Mozilla/5.0 AppleWebKit/537.36 (KHTML, like Gecko; compatible; GPTBot/1.4; +https://openai.com/gptbot)"
::1 - - [22/Aug/2026:12:24:31 +0800] "OPTIONS * HTTP/1.0" 200 110 "-" "Apache/2.4.68 (Ubuntu) OpenSSL/3.0.19 (internal dummy connection)"
34.192.67.98 - - [22/Aug/2026:12:24:32 +0800] "GET /wp-content/uploads/sites/1769/2021/12/?C=N;O%3DD HTTP/1.1" 200 1114 "-" "Mozilla/5.0 AppleWebKit/537.36 (KHTML, like Gecko; compatible; Amazonbot/0.1; +https://developer.amazon.com/support/amazonbot) Chrome/119.0.6045.214 Safari/537.36"
::1 - - [22/Aug/2026:12:24:32 +0800] "OPTIONS * HTTP/1.0" 200 110 "-" "Apache/2.4.68 (Ubuntu) OpenSSL/3.0.19 (internal dummy connection)"
