2001:b011:7807:fb8e:8b5:cb08:af49:e051 - - [22/Aug/2026:12:27:48 +0800] "GET /wp-includes/js/mediaelement/wp-mediaelement.min.js HTTP/1.1" 200 1417 "https://www.lotes.ilc.edu.tw/" "Mozilla/5.0 (iPhone; CPU iPhone OS 26_6_0 like Mac OS X) AppleWebKit/605.1.15 (KHTML, like Gecko) GSA/434.2.961627397 Mobile/15E148 Safari/604.1"
2001:b011:7807:fb8e:8b5:cb08:af49:e051 - - [22/Aug/2026:12:27:48 +0800] "GET /wp-includes/js/mediaelement/renderers/vimeo.min.js HTTP/1.1" 200 3164 "https://www.lotes.ilc.edu.tw/" "Mozilla/5.0 (iPhone; CPU iPhone OS 26_6_0 like Mac OS X) AppleWebKit/605.1.15 (KHTML, like Gecko) GSA/434.2.961627397 Mobile/15E148 Safari/604.1"
2001:b011:7807:fb8e:8b5:cb08:af49:e051 - - [22/Aug/2026:12:27:48 +0800] "GET /wp-content/plugins/elementor-pro/assets/js/webpack-pro.runtime.min.js HTTP/1.1" 200 3562 "https://www.lotes.ilc.edu.tw/" "Mozilla/5.0 (iPhone; CPU iPhone OS 26_6_0 like Mac OS X) AppleWebKit/605.1.15 (KHTML, like Gecko) GSA/434.2.961627397 Mobile/15E148 Safari/604.1"
2001:b011:7807:fb8e:8b5:cb08:af49:e051 - - [22/Aug/2026:12:27:48 +0800] "GET /wp-content/plugins/elementor/assets/js/webpack.runtime.min.js HTTP/1.1" 200 3095 "https://www.lotes.ilc.edu.tw/" "Mozilla/5.0 (iPhone; CPU iPhone OS 26_6_0 like Mac OS X) AppleWebKit/605.1.15 (KHTML, like Gecko) GSA/434.2.961627397 Mobile/15E148 Safari/604.1"
2001:b011:7807:fb8e:8b5:cb08:af49:e051 - - [22/Aug/2026:12:27:48 +0800] "GET /wp-includes/js/dist/hooks.min.js HTTP/1.1" 200 2421 "https://www.lotes.ilc.edu.tw/" "Mozilla/5.0 (iPhone; CPU iPhone OS 26_6_0 like Mac OS X) AppleWebKit/605.1.15 (KHTML, like Gecko) GSA/434.2.961627397 Mobile/15E148 Safari/604.1"
2001:b011:7807:fb8e:8b5:cb08:af49:e051 - - [22/Aug/2026:12:27:48 +0800] "GET /wp-content/plugins/elementor/assets/js/frontend-modules.min.js HTTP/1.1" 200 19416 "https://www.lotes.ilc.edu.tw/" "Mozilla/5.0 (iPhone; CPU iPhone OS 26_6_0 like Mac OS X) AppleWebKit/605.1.15 (KHTML, like Gecko) GSA/434.2.961627397 Mobile/15E148 Safari/604.1"
2001:b011:7807:fb8e:8b5:cb08:af49:e051 - - [22/Aug/2026:12:27:48 +0800] "GET /wp-includes/js/dist/i18n.min.js HTTP/1.1" 200 4547 "https://www.lotes.ilc.edu.tw/" "Mozilla/5.0 (iPhone; CPU iPhone OS 26_6_0 like Mac OS X) AppleWebKit/605.1.15 (KHTML, like Gecko) GSA/434.2.961627397 Mobile/15E148 Safari/604.1"
2001:b011:7807:fb8e:8b5:cb08:af49:e051 - - [22/Aug/2026:12:27:48 +0800] "GET /wp-content/plugins/elementor-pro/assets/js/frontend.min.js HTTP/1.1" 200 7574 "https://www.lotes.ilc.edu.tw/" "Mozilla/5.0 (iPhone; CPU iPhone OS 26_6_0 like Mac OS X) AppleWebKit/605.1.15 (KHTML, like Gecko) GSA/434.2.961627397 Mobile/15E148 Safari/604.1"
2001:b011:7807:fb8e:8b5:cb08:af49:e051 - - [22/Aug/2026:12:27:48 +0800] "GET /wp-content/plugins/elementor/assets/lib/waypoints/waypoints.min.js HTTP/1.1" 200 3873 "https://www.lotes.ilc.edu.tw/" "Mozilla/5.0 (iPhone; CPU iPhone OS 26_6_0 like Mac OS X) AppleWebKit/605.1.15 (KHTML, like Gecko) GSA/434.2.961627397 Mobile/15E148 Safari/604.1"
2001:b011:7807:fb8e:8b5:cb08:af49:e051 - - [22/Aug/2026:12:27:48 +0800] "GET /wp-includes/js/jquery/ui/core.min.js HTTP/1.1" 200 7986 "https://www.lotes.ilc.edu.tw/" "Mozilla/5.0 (iPhone; CPU iPhone OS 26_6_0 like Mac OS X) AppleWebKit/605.1.15 (KHTML, like Gecko) GSA/434.2.961627397 Mobile/15E148 Safari/604.1"
2001:b011:7807:fb8e:8b5:cb08:af49:e051 - - [22/Aug/2026:12:27:48 +0800] "GET /wp-content/plugins/elementor/assets/js/frontend.min.js HTTP/1.1" 200 13169 "https://www.lotes.ilc.edu.tw/" "Mozilla/5.0 (iPhone; CPU iPhone OS 26_6_0 like Mac OS X) AppleWebKit/605.1.15 (KHTML, like Gecko) GSA/434.2.961627397 Mobile/15E148 Safari/604.1"
2001:b011:7807:fb8e:8b5:cb08:af49:e051 - - [22/Aug/2026:12:27:48 +0800] "GET /wp-content/plugins/elementor-pro/assets/js/elements-handlers.min.js HTTP/1.1" 200 10882 "https://www.lotes.ilc.edu.tw/" "Mozilla/5.0 (iPhone; CPU iPhone OS 26_6_0 like Mac OS X) AppleWebKit/605.1.15 (KHTML, like Gecko) GSA/434.2.961627397 Mobile/15E148 Safari/604.1"
2001:b011:7807:fb8e:8b5:cb08:af49:e051 - - [22/Aug/2026:12:27:48 +0800] "GET /wp-content/themes/oceanwp/assets/fonts/simple-line-icons/Simple-Line-Icons.woff2?v=2.4.0 HTTP/1.1" 200 30959 "https://www.lotes.ilc.edu.tw/" "Mozilla/5.0 (iPhone; CPU iPhone OS 26_6_0 like Mac OS X) AppleWebKit/605.1.15 (KHTML, like Gecko) GSA/434.2.961627397 Mobile/15E148 Safari/604.1"
2001:b011:7807:fb8e:8b5:cb08:af49:e051 - - [22/Aug/2026:12:27:48 +0800] "GET /wp-content/themes/oceanwp/assets/fonts/fontawesome/webfonts/fa-solid-900.woff2 HTTP/1.1" 200 151246 "https://www.lotes.ilc.edu.tw/" "Mozilla/5.0 (iPhone; CPU iPhone OS 26_6_0 like Mac OS X) AppleWebKit/605.1.15 (KHTML, like Gecko) GSA/434.2.961627397 Mobile/15E148 Safari/604.1"
2001:b011:7807:fb8e:8b5:cb08:af49:e051 - - [22/Aug/2026:12:27:48 +0800] "GET /wp-content/uploads/sites/1640/2020/04/yilan_%E9%98%B2%E7%96%AB%E5%B0%88%E5%8D%80.png HTTP/1.1" 200 107901 "https://www.lotes.ilc.edu.tw/" "Mozilla/5.0 (iPhone; CPU iPhone OS 26_6_0 like Mac OS X) AppleWebKit/605.1.15 (KHTML, like Gecko) GSA/434.2.961627397 Mobile/15E148 Safari/604.1"
2001:b011:7807:fb8e:8b5:cb08:af49:e051 - - [22/Aug/2026:12:27:48 +0800] "GET /wp-content/uploads/sites/1640/2024/05/20240520-%E7%BE%85%E6%9D%B1%E5%9C%8B%E5%B0%8F%E5%AD%B8%E6%A0%A1%E9%A1%98%E6%99%AF%E5%8F%8A%E8%AA%B2%E7%A8%8B%E7%99%BC%E5%B1%95.jpg HTTP/1.1" 200 663297 "https://www.lotes.ilc.edu.tw/" "Mozilla/5.0 (iPhone; CPU iPhone OS 26_6_0 like Mac OS X) AppleWebKit/605.1.15 (KHTML, like Gecko) GSA/434.2.961627397 Mobile/15E148 Safari/604.1"
2001:b011:7807:fb8e:8b5:cb08:af49:e051 - - [22/Aug/2026:12:27:48 +0800] "GET /wp-content/plugins/elementor/assets/lib/eicons/fonts/eicons.woff2?5.30.0 HTTP/1.1" 200 98225 "https://www.lotes.ilc.edu.tw/" "Mozilla/5.0 (iPhone; CPU iPhone OS 26_6_0 like Mac OS X) AppleWebKit/605.1.15 (KHTML, like Gecko) GSA/434.2.961627397 Mobile/15E148 Safari/604.1"
87.249.134.132 - - [22/Aug/2026:12:27:48 +0800] "GET /1003/wp-content/cache/2blog.ilc.edu.tw/wpfc-minified/q8iljgfz/5woub.js HTTP/1.1" 200 3455 "https://2blog.ilc.edu.tw/1003/2016/01/07/%E9%96%B1%E8%AE%80%E5%AF%AB%E4%BD%9C%E4%B8%89%E5%B9%B4%E7%B4%9A%E8%A8%98%E6%95%98%E6%96%87vs%E8%AA%AA%E6%98%8E%E6%96%87/" "Mozilla/5.0 (Macintosh; Intel Mac OS X 10_15_7) AppleWebKit/537.36 (KHTML, like Gecko) Chrome/149.0.0.0 Safari/537.36"
2001:b011:7807:fb8e:8b5:cb08:af49:e051 - - [22/Aug/2026:12:27:48 +0800] "GET /wp-content/plugins/elementor-pro/assets/js/animated-headline.3efc6517c2a055f6c242.bundle.min.js HTTP/1.1" 200 3602 "https://www.lotes.ilc.edu.tw/" "Mozilla/5.0 (iPhone; CPU iPhone OS 26_6_0 like Mac OS X) AppleWebKit/605.1.15 (KHTML, like Gecko) GSA/434.2.961627397 Mobile/15E148 Safari/604.1"
2001:b011:7807:fb8e:8b5:cb08:af49:e051 - - [22/Aug/2026:12:27:48 +0800] "GET /wp-content/plugins/elementor-pro/assets/js/slides.fb6b9afd278bb9c5e75b.bundle.min.js HTTP/1.1" 200 2348 "https://www.lotes.ilc.edu.tw/" "Mozilla/5.0 (iPhone; CPU iPhone OS 26_6_0 like Mac OS X) AppleWebKit/605.1.15 (KHTML, like Gecko) GSA/434.2.961627397 Mobile/15E148 Safari/604.1"
2001:b011:7807:fb8e:8b5:cb08:af49:e051 - - [22/Aug/2026:12:27:48 +0800] "GET /wp-content/uploads/sites/1640/2020/04/LINE_ALBUM_1130913_%E9%98%B2%E7%81%BD%E6%BC%94%E7%B7%B4%E9%A0%90%E6%BC%94_240916_1.jpg HTTP/1.1" 200 1392466 "https://www.lotes.ilc.edu.tw/" "Mozilla/5.0 (iPhone; CPU iPhone OS 26_6_0 like Mac OS X) AppleWebKit/605.1.15 (KHTML, like Gecko) GSA/434.2.961627397 Mobile/15E148 Safari/604.1"
2001:b011:7807:fb8e:8b5:cb08:af49:e051 - - [22/Aug/2026:12:27:48 +0800] "GET /wp-content/plugins/elementor/assets/lib/swiper/v8/swiper.min.js?ver=8.4.5 HTTP/1.1" 200 40708 "https://www.lotes.ilc.edu.tw/" "Mozilla/5.0 (iPhone; CPU iPhone OS 26_6_0 like Mac OS X) AppleWebKit/605.1.15 (KHTML, like Gecko) GSA/434.2.961627397 Mobile/15E148 Safari/604.1"
2001:b011:7807:fb8e:8b5:cb08:af49:e051 - - [22/Aug/2026:12:27:48 +0800] "GET /wp-content/uploads/sites/1640/2020/04/LINE_ALBUM__240916_14.jpg HTTP/1.1" 200 1818535 "https://www.lotes.ilc.edu.tw/" "Mozilla/5.0 (iPhone; CPU iPhone OS 26_6_0 like Mac OS X) AppleWebKit/605.1.15 (KHTML, like Gecko) GSA/434.2.961627397 Mobile/15E148 Safari/604.1"
2001:b011:7807:fb8e:8b5:cb08:af49:e051 - - [22/Aug/2026:12:27:48 +0800] "GET /wp-content/uploads/sites/1640/2020/04/LINE_ALBUM__240916_16.jpg HTTP/1.1" 200 559739 "https://www.lotes.ilc.edu.tw/" "Mozilla/5.0 (iPhone; CPU iPhone OS 26_6_0 like Mac OS X) AppleWebKit/605.1.15 (KHTML, like Gecko) GSA/434.2.961627397 Mobile/15E148 Safari/604.1"
2001:b011:7807:fb8e:8b5:cb08:af49:e051 - - [22/Aug/2026:12:27:48 +0800] "GET /wp-content/uploads/sites/1640/2020/04/LINE_ALBUM__240916_17.jpg HTTP/1.1" 200 483577 "https://www.lotes.ilc.edu.tw/" "Mozilla/5.0 (iPhone; CPU iPhone OS 26_6_0 like Mac OS X) AppleWebKit/605.1.15 (KHTML, like Gecko) GSA/434.2.961627397 Mobile/15E148 Safari/604.1"
2001:b011:7807:fb8e:8b5:cb08:af49:e051 - - [22/Aug/2026:12:27:48 +0800] "GET /wp-content/uploads/sites/1640/2020/04/LINE_ALBUM__240916_11.jpg HTTP/1.1" 200 1228124 "https://www.lotes.ilc.edu.tw/" "Mozilla/5.0 (iPhone; CPU iPhone OS 26_6_0 like Mac OS X) AppleWebKit/605.1.15 (KHTML, like Gecko) GSA/434.2.961627397 Mobile/15E148 Safari/604.1"
2001:b011:7807:fb8e:8b5:cb08:af49:e051 - - [22/Aug/2026:12:27:48 +0800] "GET /wp-content/uploads/sites/1640/2020/04/LINE_ALBUM__240916_5.jpg HTTP/1.1" 200 1160260 "https://www.lotes.ilc.edu.tw/" "Mozilla/5.0 (iPhone; CPU iPhone OS 26_6_0 like Mac OS X) AppleWebKit/605.1.15 (KHTML, like Gecko) GSA/434.2.961627397 Mobile/15E148 Safari/604.1"
87.249.134.132 - - [22/Aug/2026:12:27:48 +0800] "GET /wp-content/uploads/sites/233/1003/1003-3413109.jpg HTTP/1.1" 200 102252 "https://2blog.ilc.edu.tw/1003/2016/01/07/%E9%96%B1%E8%AE%80%E5%AF%AB%E4%BD%9C%E4%B8%89%E5%B9%B4%E7%B4%9A%E8%A8%98%E6%95%98%E6%96%87vs%E8%AA%AA%E6%98%8E%E6%96%87/" "Mozilla/5.0 (Macintosh; Intel Mac OS X 10_15_7) AppleWebKit/537.36 (KHTML, like Gecko) Chrome/149.0.0.0 Safari/537.36"
2001:b011:7807:fb8e:8b5:cb08:af49:e051 - - [22/Aug/2026:12:27:48 +0800] "GET /wp-content/uploads/sites/1640/2020/04/LINE_ALBUM__240916_8.jpg HTTP/1.1" 200 1446930 "https://www.lotes.ilc.edu.tw/" "Mozilla/5.0 (iPhone; CPU iPhone OS 26_6_0 like Mac OS X) AppleWebKit/605.1.15 (KHTML, like Gecko) GSA/434.2.961627397 Mobile/15E148 Safari/604.1"
2001:b011:7807:fb8e:8b5:cb08:af49:e051 - - [22/Aug/2026:12:27:48 +0800] "GET /wp-content/uploads/sites/1640/2020/04/LINE_ALBUM__240916_6.jpg HTTP/1.1" 200 1678884 "https://www.lotes.ilc.edu.tw/" "Mozilla/5.0 (iPhone; CPU iPhone OS 26_6_0 like Mac OS X) AppleWebKit/605.1.15 (KHTML, like Gecko) GSA/434.2.961627397 Mobile/15E148 Safari/604.1"
2001:b011:7807:fb8e:8b5:cb08:af49:e051 - - [22/Aug/2026:12:27:48 +0800] "GET /wp-content/uploads/sites/1640/2020/04/LINE_ALBUM__240916_7.jpg HTTP/1.1" 200 1720961 "https://www.lotes.ilc.edu.tw/" "Mozilla/5.0 (iPhone; CPU iPhone OS 26_6_0 like Mac OS X) AppleWebKit/605.1.15 (KHTML, like Gecko) GSA/434.2.961627397 Mobile/15E148 Safari/604.1"
2001:b011:7807:fb8e:8b5:cb08:af49:e051 - - [22/Aug/2026:12:27:49 +0800] "GET /wp-includes/js/mediaelement/mejs-controls.svg HTTP/1.1" 200 5429 "https://www.lotes.ilc.edu.tw/" "Mozilla/5.0 (iPhone; CPU iPhone OS 26_6_0 like Mac OS X) AppleWebKit/605.1.15 (KHTML, like Gecko) GSA/434.2.961627397 Mobile/15E148 Safari/604.1"
87.249.134.132 - - [22/Aug/2026:12:27:48 +0800] "GET /wp-content/uploads/sites/233/1003/1003-3413108.jpg HTTP/1.1" 200 100354 "https://2blog.ilc.edu.tw/1003/2016/01/07/%E9%96%B1%E8%AE%80%E5%AF%AB%E4%BD%9C%E4%B8%89%E5%B9%B4%E7%B4%9A%E8%A8%98%E6%95%98%E6%96%87vs%E8%AA%AA%E6%98%8E%E6%96%87/" "Mozilla/5.0 (Macintosh; Intel Mac OS X 10_15_7) AppleWebKit/537.36 (KHTML, like Gecko) Chrome/149.0.0.0 Safari/537.36"
2001:b011:7807:fb8e:8b5:cb08:af49:e051 - - [22/Aug/2026:12:27:48 +0800] "GET /wp-content/uploads/sites/1640/2020/04/LINE_ALBUM_1130913_%E9%98%B2%E7%81%BD%E6%BC%94%E7%B7%B4%E9%A0%90%E6%BC%94_240916_2.jpg HTTP/1.1" 200 1448116 "https://www.lotes.ilc.edu.tw/" "Mozilla/5.0 (iPhone; CPU iPhone OS 26_6_0 like Mac OS X) AppleWebKit/605.1.15 (KHTML, like Gecko) GSA/434.2.961627397 Mobile/15E148 Safari/604.1"
140.111.67.10 - - [22/Aug/2026:12:27:49 +0800] "GET /" 301 273 "-" "-"
87.249.134.132 - - [22/Aug/2026:12:27:49 +0800] "GET /wp-content/uploads/sites/233/1003/1003-3413110.jpg HTTP/1.1" 200 59606 "https://2blog.ilc.edu.tw/1003/2016/01/07/%E9%96%B1%E8%AE%80%E5%AF%AB%E4%BD%9C%E4%B8%89%E5%B9%B4%E7%B4%9A%E8%A8%98%E6%95%98%E6%96%87vs%E8%AA%AA%E6%98%8E%E6%96%87/" "Mozilla/5.0 (Macintosh; Intel Mac OS X 10_15_7) AppleWebKit/537.36 (KHTML, like Gecko) Chrome/149.0.0.0 Safari/537.36"
87.249.134.132 - - [22/Aug/2026:12:27:49 +0800] "POST /1003/wp-json/ilc-summary/v1/popular-posts HTTP/1.1" 201 1401 "https://2blog.ilc.edu.tw/1003/2016/01/07/%E9%96%B1%E8%AE%80%E5%AF%AB%E4%BD%9C%E4%B8%89%E5%B9%B4%E7%B4%9A%E8%A8%98%E6%95%98%E6%96%87vs%E8%AA%AA%E6%98%8E%E6%96%87/" "Mozilla/5.0 (Macintosh; Intel Mac OS X 10_15_7) AppleWebKit/537.36 (KHTML, like Gecko) Chrome/149.0.0.0 Safari/537.36"
87.249.134.132 - - [22/Aug/2026:12:27:49 +0800] "GET /1003/wp-content/uploads/sites/233/2023/04/338250713_886939739267121_7258247398763374813_n.jpg HTTP/1.1" 200 101554 "https://2blog.ilc.edu.tw/1003/2016/01/07/%E9%96%B1%E8%AE%80%E5%AF%AB%E4%BD%9C%E4%B8%89%E5%B9%B4%E7%B4%9A%E8%A8%98%E6%95%98%E6%96%87vs%E8%AA%AA%E6%98%8E%E6%96%87/" "Mozilla/5.0 (Macintosh; Intel Mac OS X 10_15_7) AppleWebKit/537.36 (KHTML, like Gecko) Chrome/149.0.0.0 Safari/537.36"
140.111.67.195 - - [22/Aug/2026:12:27:49 +0800] "GET /wp-admin/admin-post.php?action=steps_ad HTTP/1.1" 200 1973 "-" "node-fetch/1.0 (+https://github.com/bitinn/node-fetch)"
74.7.242.54 - - [22/Aug/2026:12:27:47 +0800] "GET /26150/category/c-11216/page/5/ HTTP/1.1" 200 17862 "https://2blog.ilc.edu.tw/26150/category/c-11216/" "Mozilla/5.0 AppleWebKit/537.36 (KHTML, like Gecko; compatible; GPTBot/1.4; +https://openai.com/gptbot)"
87.249.134.132 - - [22/Aug/2026:12:27:49 +0800] "GET /1003/wp-content/uploads/sites/233/2024/03/Snipaste_2024-03-11_23-36-51-768x536.png HTTP/1.1" 200 435058 "https://2blog.ilc.edu.tw/1003/2016/01/07/%E9%96%B1%E8%AE%80%E5%AF%AB%E4%BD%9C%E4%B8%89%E5%B9%B4%E7%B4%9A%E8%A8%98%E6%95%98%E6%96%87vs%E8%AA%AA%E6%98%8E%E6%96%87/" "Mozilla/5.0 (Macintosh; Intel Mac OS X 10_15_7) AppleWebKit/537.36 (KHTML, like Gecko) Chrome/149.0.0.0 Safari/537.36"
87.249.134.132 - - [22/Aug/2026:12:27:49 +0800] "GET /1003/wp-includes/js/hoverintent-js.min.js HTTP/1.1" 200 1597 "https://2blog.ilc.edu.tw/1003/2016/01/07/%E9%96%B1%E8%AE%80%E5%AF%AB%E4%BD%9C%E4%B8%89%E5%B9%B4%E7%B4%9A%E8%A8%98%E6%95%98%E6%96%87vs%E8%AA%AA%E6%98%8E%E6%96%87/" "Mozilla/5.0 (Macintosh; Intel Mac OS X 10_15_7) AppleWebKit/537.36 (KHTML, like Gecko) Chrome/149.0.0.0 Safari/537.36"
240e:958:1200:402:be06:333a:7cc8:2 - - [22/Aug/2026:12:27:49 +0800] "GET /%E5%B0%8B%E6%89%BE%E6%95%99%E8%82%B2%E5%AE%B6%E5%90%88%E5%A4%A5%E4%BA%BA HTTP/1.1" 301 5833 "-" "Mozilla/5.0 (Windows NT 10.0; Win64; x64) AppleWebKit/537.36 (KHTML, like Gecko) Chrome/144.0.0.0 Safari/537.36"
87.249.134.132 - - [22/Aug/2026:12:27:49 +0800] "GET /1003/wp-includes/js/admin-bar.min.js HTTP/1.1" 200 2237 "https://2blog.ilc.edu.tw/1003/2016/01/07/%E9%96%B1%E8%AE%80%E5%AF%AB%E4%BD%9C%E4%B8%89%E5%B9%B4%E7%B4%9A%E8%A8%98%E6%95%98%E6%96%87vs%E8%AA%AA%E6%98%8E%E6%96%87/" "Mozilla/5.0 (Macintosh; Intel Mac OS X 10_15_7) AppleWebKit/537.36 (KHTML, like Gecko) Chrome/149.0.0.0 Safari/537.36"
87.249.134.132 - - [22/Aug/2026:12:27:50 +0800] "GET /1003/wp-content/themes/textbook/assets/js/jquery.flexslider.js HTTP/1.1" 200 12801 "https://2blog.ilc.edu.tw/1003/2016/01/07/%E9%96%B1%E8%AE%80%E5%AF%AB%E4%BD%9C%E4%B8%89%E5%B9%B4%E7%B4%9A%E8%A8%98%E6%95%98%E6%96%87vs%E8%AA%AA%E6%98%8E%E6%96%87/" "Mozilla/5.0 (Macintosh; Intel Mac OS X 10_15_7) AppleWebKit/537.36 (KHTML, like Gecko) Chrome/149.0.0.0 Safari/537.36"
87.249.134.132 - - [22/Aug/2026:12:27:50 +0800] "GET /1003/wp-content/themes/textbook/assets/js/functions.js HTTP/1.1" 200 1934 "https://2blog.ilc.edu.tw/1003/2016/01/07/%E9%96%B1%E8%AE%80%E5%AF%AB%E4%BD%9C%E4%B8%89%E5%B9%B4%E7%B4%9A%E8%A8%98%E6%95%98%E6%96%87vs%E8%AA%AA%E6%98%8E%E6%96%87/" "Mozilla/5.0 (Macintosh; Intel Mac OS X 10_15_7) AppleWebKit/537.36 (KHTML, like Gecko) Chrome/149.0.0.0 Safari/537.36"
87.249.134.132 - - [22/Aug/2026:12:27:50 +0800] "GET /1003/wp-content/themes/textbook/assets/js/navigation.js HTTP/1.1" 200 2931 "https://2blog.ilc.edu.tw/1003/2016/01/07/%E9%96%B1%E8%AE%80%E5%AF%AB%E4%BD%9C%E4%B8%89%E5%B9%B4%E7%B4%9A%E8%A8%98%E6%95%98%E6%96%87vs%E8%AA%AA%E6%98%8E%E6%96%87/" "Mozilla/5.0 (Macintosh; Intel Mac OS X 10_15_7) AppleWebKit/537.36 (KHTML, like Gecko) Chrome/149.0.0.0 Safari/537.36"
87.249.134.132 - - [22/Aug/2026:12:27:50 +0800] "GET /1003/wp-content/themes/textbook/assets/js/skip-link-focus-fix.js HTTP/1.1" 200 1351 "https://2blog.ilc.edu.tw/1003/2016/01/07/%E9%96%B1%E8%AE%80%E5%AF%AB%E4%BD%9C%E4%B8%89%E5%B9%B4%E7%B4%9A%E8%A8%98%E6%95%98%E6%96%87vs%E8%AA%AA%E6%98%8E%E6%96%87/" "Mozilla/5.0 (Macintosh; Intel Mac OS X 10_15_7) AppleWebKit/537.36 (KHTML, like Gecko) Chrome/149.0.0.0 Safari/537.36"
240e:958:1200:402:be06:333a:7cc8:2 - - [22/Aug/2026:12:27:50 +0800] "GET /%E5%B0%8B%E6%89%BE%E6%95%99%E8%82%B2%E5%AE%B6%E5%90%88%E5%A4%A5%E4%BA%BA/ HTTP/1.1" 200 17787 "-" "Mozilla/5.0 (Windows NT 10.0; Win64; x64) AppleWebKit/537.36 (KHTML, like Gecko) Chrome/144.0.0.0 Safari/537.36"
87.249.134.132 - - [22/Aug/2026:12:27:50 +0800] "GET /1003/wp-content/uploads/sites/233/2019/05/84-768x768.png HTTP/1.1" 200 143126 "https://2blog.ilc.edu.tw/1003/2016/01/07/%E9%96%B1%E8%AE%80%E5%AF%AB%E4%BD%9C%E4%B8%89%E5%B9%B4%E7%B4%9A%E8%A8%98%E6%95%98%E6%96%87vs%E8%AA%AA%E6%98%8E%E6%96%87/" "Mozilla/5.0 (Macintosh; Intel Mac OS X 10_15_7) AppleWebKit/537.36 (KHTML, like Gecko) Chrome/149.0.0.0 Safari/537.36"
87.249.134.132 - - [22/Aug/2026:12:27:50 +0800] "GET /1003/wp-content/uploads/sites/233/2023/04/sp230410_141707.png HTTP/1.1" 200 109778 "https://2blog.ilc.edu.tw/1003/2016/01/07/%E9%96%B1%E8%AE%80%E5%AF%AB%E4%BD%9C%E4%B8%89%E5%B9%B4%E7%B4%9A%E8%A8%98%E6%95%98%E6%96%87vs%E8%AA%AA%E6%98%8E%E6%96%87/" "Mozilla/5.0 (Macintosh; Intel Mac OS X 10_15_7) AppleWebKit/537.36 (KHTML, like Gecko) Chrome/149.0.0.0 Safari/537.36"
87.249.134.132 - - [22/Aug/2026:12:27:50 +0800] "GET /1003/wp-content/uploads/sites/233/2019/08/Snipaste_2019-08-25_21-24-17-1-768x381.jpg HTTP/1.1" 200 41004 "https://2blog.ilc.edu.tw/1003/2016/01/07/%E9%96%B1%E8%AE%80%E5%AF%AB%E4%BD%9C%E4%B8%89%E5%B9%B4%E7%B4%9A%E8%A8%98%E6%95%98%E6%96%87vs%E8%AA%AA%E6%98%8E%E6%96%87/" "Mozilla/5.0 (Macintosh; Intel Mac OS X 10_15_7) AppleWebKit/537.36 (KHTML, like Gecko) Chrome/149.0.0.0 Safari/537.36"
34.56.53.225 - - [22/Aug/2026:12:27:50 +0800] "GET /2022/12/page/1/ HTTP/1.1" 301 5701 "-" "Mozilla/5.0 (Macintosh; Intel Mac OS X 10_15_7) AppleWebKit/537.36 (KHTML, like Gecko) Chrome/120.0.0.0 Safari/537.36"
240e:958:1200:402:be06:333a:7cc8:2 - - [22/Aug/2026:12:27:51 +0800] "GET /wp-content/cache/www.jwps.ilc.edu.tw/wpfc-minified/8x4lju50/7gcs.css HTTP/1.1" 200 40884 "https://www.jwps.ilc.edu.tw/%E5%B0%8B%E6%89%BE%E6%95%99%E8%82%B2%E5%AE%B6%E5%90%88%E5%A4%A5%E4%BA%BA/" "Mozilla/5.0 (Windows NT 10.0; Win64; x64) AppleWebKit/537.36 (KHTML, like Gecko) Chrome/144.0.0.0 Safari/537.36"
3.94.157.25 - - [22/Aug/2026:12:27:51 +0800] "GET /3149/wp-json/oembed/1.0/embed?format=xml&url=https://2blog.ilc.edu.tw/3149/2024/01/03/112%25e4%25b8%258a%25e7%25ac%25ac%25e5%259b%259b%25e6%25ac%25a1%25e6%259c%2583%25e8%25ad%25b0%25e7%25b4%2580%25e9%258c%2584/ HTTP/1.1" 200 7231 "-" "Mozilla/5.0 AppleWebKit/537.36 (KHTML, like Gecko; compatible; Amazonbot/0.1; +https://developer.amazon.com/support/amazonbot) Chrome/119.0.6045.214 Safari/537.36"
87.249.134.132 - - [22/Aug/2026:12:27:51 +0800] "GET /1003/wp-content/uploads/sites/233/2019/05/cropped-1-32x32.png HTTP/1.1" 200 2822 "https://2blog.ilc.edu.tw/1003/2016/01/07/%E9%96%B1%E8%AE%80%E5%AF%AB%E4%BD%9C%E4%B8%89%E5%B9%B4%E7%B4%9A%E8%A8%98%E6%95%98%E6%96%87vs%E8%AA%AA%E6%98%8E%E6%96%87/" "Mozilla/5.0 (Macintosh; Intel Mac OS X 10_15_7) AppleWebKit/537.36 (KHTML, like Gecko) Chrome/149.0.0.0 Safari/537.36"
140.111.67.195 - - [22/Aug/2026:12:27:51 +0800] "GET /wp-admin/admin-post.php?action=steps_ad HTTP/1.1" 200 1649 "-" "node-fetch/1.0 (+https://github.com/bitinn/node-fetch)"
74.7.242.54 - - [22/Aug/2026:12:27:49 +0800] "GET /26150/category/c-11220/page/3/ HTTP/1.1" 200 19658 "https://2blog.ilc.edu.tw/26150/category/c-11220/" "Mozilla/5.0 AppleWebKit/537.36 (KHTML, like Gecko; compatible; GPTBot/1.4; +https://openai.com/gptbot)"
185.191.171.17 - - [22/Aug/2026:12:27:51 +0800] "GET /kses1093a/2021/04/22/%E5%AD%97%E9%9F%B3%E5%AD%97%E5%BD%A2%E5%A4%A7%E6%8C%91%E6%88%B0%E4%B8%AD%E5%B9%B4%E7%B4%9A17/ HTTP/1.1" 200 19093 "-" "Mozilla/5.0 (compatible; SemrushBot/7~bl; +http://www.semrush.com/bot.html)"
44.194.134.53 - - [22/Aug/2026:12:27:52 +0800] "GET /12/?p=1422 HTTP/1.1" 301 5945 "-" "Mozilla/5.0 AppleWebKit/537.36 (KHTML, like Gecko; compatible; Amazonbot/0.1; +https://developer.amazon.com/support/amazonbot) Chrome/119.0.6045.214 Safari/537.36"
240e:958:1200:402:be06:333a:7cc8:2 - - [22/Aug/2026:12:27:52 +0800] "GET /wp-content/cache/www.jwps.ilc.edu.tw/wpfc-minified/31kvfges/7gcs.css HTTP/1.1" 200 1496 "https://www.jwps.ilc.edu.tw/%E5%B0%8B%E6%89%BE%E6%95%99%E8%82%B2%E5%AE%B6%E5%90%88%E5%A4%A5%E4%BA%BA/" "Mozilla/5.0 (Windows NT 10.0; Win64; x64) AppleWebKit/537.36 (KHTML, like Gecko) Chrome/144.0.0.0 Safari/537.36"
240e:958:1200:402:be06:333a:7cc8:2 - - [22/Aug/2026:12:27:52 +0800] "GET /wp-content/uploads/sites/1426/elementor/css/post-1139.css HTTP/1.1" 200 1270 "https://www.jwps.ilc.edu.tw/%E5%B0%8B%E6%89%BE%E6%95%99%E8%82%B2%E5%AE%B6%E5%90%88%E5%A4%A5%E4%BA%BA/" "Mozilla/5.0 (Windows NT 10.0; Win64; x64) AppleWebKit/537.36 (KHTML, like Gecko) Chrome/144.0.0.0 Safari/537.36"
2a03:2880:f802:5:: - - [22/Aug/2026:12:27:50 +0800] "GET /wp-login.php?key=onhl4375&_wpnonce=&action=ilc_logout&redirect_to=https%3A%2F%2Fgame.edu.kg HTTP/1.1" 302 8248 "-" "Mozilla/5.0 (Windows NT 10.0; Win64; x64) AppleWebKit/537.36 (KHTML, like Gecko) Chrome/145.0.0.0 Safari/537.36 (compatible; meta-externalagent/1.1 (+https://developers.facebook.com/docs/sharing/webmasters/crawler))"
240e:958:1200:402:be06:333a:7cc8:2 - - [22/Aug/2026:12:27:52 +0800] "GET /wp-content/cache/www.jwps.ilc.edu.tw/wpfc-minified/fdgmqvix/avhx.css HTTP/1.1" 200 52088 "https://www.jwps.ilc.edu.tw/%E5%B0%8B%E6%89%BE%E6%95%99%E8%82%B2%E5%AE%B6%E5%90%88%E5%A4%A5%E4%BA%BA/" "Mozilla/5.0 (Windows NT 10.0; Win64; x64) AppleWebKit/537.36 (KHTML, like Gecko) Chrome/144.0.0.0 Safari/537.36"
240e:958:1200:402:be06:333a:7cc8:2 - - [22/Aug/2026:12:27:52 +0800] "GET /wp-content/uploads/sites/1426/elementor/css/post-1540.css HTTP/1.1" 200 1134 "https://www.jwps.ilc.edu.tw/%E5%B0%8B%E6%89%BE%E6%95%99%E8%82%B2%E5%AE%B6%E5%90%88%E5%A4%A5%E4%BA%BA/" "Mozilla/5.0 (Windows NT 10.0; Win64; x64) AppleWebKit/537.36 (KHTML, like Gecko) Chrome/144.0.0.0 Safari/537.36"
2001:288:a201::66:125 - - [22/Aug/2026:12:27:53 +0800] "GET /blog/active.php HTTP/1.1" 404 1084 "-" "-"
2001:288:a201::66:125 - - [22/Aug/2026:12:27:53 +0800] "GET /blog/active.php HTTP/1.1" 301 1026 "-" "-"
240e:958:1200:402:be06:333a:7cc8:2 - - [22/Aug/2026:12:27:53 +0800] "GET /wp-content/cache/www.jwps.ilc.edu.tw/wpfc-minified/m8ff8a7k/avhx.css HTTP/1.1" 200 8643 "https://www.jwps.ilc.edu.tw/%E5%B0%8B%E6%89%BE%E6%95%99%E8%82%B2%E5%AE%B6%E5%90%88%E5%A4%A5%E4%BA%BA/" "Mozilla/5.0 (Windows NT 10.0; Win64; x64) AppleWebKit/537.36 (KHTML, like Gecko) Chrome/144.0.0.0 Safari/537.36"
240e:958:1200:402:be06:333a:7cc8:2 - - [22/Aug/2026:12:27:53 +0800] "GET /wp-content/cache/www.jwps.ilc.edu.tw/wpfc-minified/6w8rjdxj/7gcs.js HTTP/1.1" 200 35558 "https://www.jwps.ilc.edu.tw/%E5%B0%8B%E6%89%BE%E6%95%99%E8%82%B2%E5%AE%B6%E5%90%88%E5%A4%A5%E4%BA%BA/" "Mozilla/5.0 (Windows NT 10.0; Win64; x64) AppleWebKit/537.36 (KHTML, like Gecko) Chrome/144.0.0.0 Safari/537.36"
240e:958:1200:402:be06:333a:7cc8:2 - - [22/Aug/2026:12:27:52 +0800] "GET /wp-content/cache/www.jwps.ilc.edu.tw/wpfc-minified/jqghtj1e/8av0.css HTTP/1.1" 200 92670 "https://www.jwps.ilc.edu.tw/%E5%B0%8B%E6%89%BE%E6%95%99%E8%82%B2%E5%AE%B6%E5%90%88%E5%A4%A5%E4%BA%BA/" "Mozilla/5.0 (Windows NT 10.0; Win64; x64) AppleWebKit/537.36 (KHTML, like Gecko) Chrome/144.0.0.0 Safari/537.36"
240e:958:1200:402:be06:333a:7cc8:2 - - [22/Aug/2026:12:27:53 +0800] "GET /wp-includes/js/hoverintent-js.min.js HTTP/1.1" 200 1597 "https://www.jwps.ilc.edu.tw/%E5%B0%8B%E6%89%BE%E6%95%99%E8%82%B2%E5%AE%B6%E5%90%88%E5%A4%A5%E4%BA%BA/" "Mozilla/5.0 (Windows NT 10.0; Win64; x64) AppleWebKit/537.36 (KHTML, like Gecko) Chrome/144.0.0.0 Safari/537.36"
36.229.228.159 - - [22/Aug/2026:12:27:53 +0800] "GET / HTTP/1.1" 200 32483 "-" "Mozilla/5.0 (iPhone; CPU iPhone OS 18_7 like Mac OS X) AppleWebKit/605.1.15 (KHTML, like Gecko) Version/26.6 Mobile/15E148 Safari/604.1"
44.212.145.46 - - [22/Aug/2026:12:27:53 +0800] "GET /12/2020/12/20/2020-1021-%E6%AD%B7%E5%9C%B0%E5%85%AC%E5%AF%A6%E8%B8%90%E7%9F%A5%E8%AD%98_%E7%AD%A0%E6%BD%94%E5%B8%AB%E3%80%81%E8%A9%A9%E6%95%8F%E5%B8%AB%E3%80%81%E9%9D%96%E9%9B%AF%E5%B8%AB/ HTTP/1.1" 200 15990 "-" "Mozilla/5.0 AppleWebKit/537.36 (KHTML, like Gecko; compatible; Amazonbot/0.1; +https://developer.amazon.com/support/amazonbot) Chrome/119.0.6045.214 Safari/537.36"
240e:958:1200:402:be06:333a:7cc8:2 - - [22/Aug/2026:12:27:53 +0800] "GET /wp-includes/js/admin-bar.min.js HTTP/1.1" 200 2237 "https://www.jwps.ilc.edu.tw/%E5%B0%8B%E6%89%BE%E6%95%99%E8%82%B2%E5%AE%B6%E5%90%88%E5%A4%A5%E4%BA%BA/" "Mozilla/5.0 (Windows NT 10.0; Win64; x64) AppleWebKit/537.36 (KHTML, like Gecko) Chrome/144.0.0.0 Safari/537.36"
240e:958:1200:402:be06:333a:7cc8:2 - - [22/Aug/2026:12:27:54 +0800] "GET /wp-includes/js/imagesloaded.min.js HTTP/1.1" 200 2683 "https://www.jwps.ilc.edu.tw/%E5%B0%8B%E6%89%BE%E6%95%99%E8%82%B2%E5%AE%B6%E5%90%88%E5%A4%A5%E4%BA%BA/" "Mozilla/5.0 (Windows NT 10.0; Win64; x64) AppleWebKit/537.36 (KHTML, like Gecko) Chrome/144.0.0.0 Safari/537.36"
240e:958:1200:402:be06:333a:7cc8:2 - - [22/Aug/2026:12:27:54 +0800] "GET /wp-content/themes/oceanwp/assets/js/theme.min.js HTTP/1.1" 200 5130 "https://www.jwps.ilc.edu.tw/%E5%B0%8B%E6%89%BE%E6%95%99%E8%82%B2%E5%AE%B6%E5%90%88%E5%A4%A5%E4%BA%BA/" "Mozilla/5.0 (Windows NT 10.0; Win64; x64) AppleWebKit/537.36 (KHTML, like Gecko) Chrome/144.0.0.0 Safari/537.36"
::1 - - [22/Aug/2026:12:27:54 +0800] "OPTIONS * HTTP/1.0" 200 110 "-" "Apache/2.4.68 (Ubuntu) OpenSSL/3.0.19 (internal dummy connection)"
140.111.67.10 - - [22/Aug/2026:12:27:54 +0800] "GET /" 301 273 "-" "-"
74.7.242.54 - - [22/Aug/2026:12:27:52 +0800] "GET /26150/category/c-11216/page/2/ HTTP/1.1" 200 18169 "https://2blog.ilc.edu.tw/26150/category/c-11216/" "Mozilla/5.0 AppleWebKit/537.36 (KHTML, like Gecko; compatible; GPTBot/1.4; +https://openai.com/gptbot)"
87.249.134.132 - - [22/Aug/2026:12:27:54 +0800] "GET /1003/wp-content/uploads/sites/233/2022/07/Snipaste_2019-03-09_23-19-59.jpg HTTP/1.1" 200 19704 "https://2blog.ilc.edu.tw/1003/2016/01/07/%E9%96%B1%E8%AE%80%E5%AF%AB%E4%BD%9C%E4%B8%89%E5%B9%B4%E7%B4%9A%E8%A8%98%E6%95%98%E6%96%87vs%E8%AA%AA%E6%98%8E%E6%96%87/" "Mozilla/5.0 (Macintosh; Intel Mac OS X 10_15_7) AppleWebKit/537.36 (KHTML, like Gecko) Chrome/149.0.0.0 Safari/537.36"
240e:958:1200:402:be06:333a:7cc8:2 - - [22/Aug/2026:12:27:54 +0800] "GET /wp-content/themes/oceanwp/assets/js/drop-down-mobile-menu.min.js HTTP/1.1" 200 4663 "https://www.jwps.ilc.edu.tw/%E5%B0%8B%E6%89%BE%E6%95%99%E8%82%B2%E5%AE%B6%E5%90%88%E5%A4%A5%E4%BA%BA/" "Mozilla/5.0 (Windows NT 10.0; Win64; x64) AppleWebKit/537.36 (KHTML, like Gecko) Chrome/144.0.0.0 Safari/537.36"
240e:958:1200:402:be06:333a:7cc8:2 - - [22/Aug/2026:12:27:54 +0800] "GET /wp-content/themes/oceanwp/assets/js/drop-down-search.min.js HTTP/1.1" 200 2968 "https://www.jwps.ilc.edu.tw/%E5%B0%8B%E6%89%BE%E6%95%99%E8%82%B2%E5%AE%B6%E5%90%88%E5%A4%A5%E4%BA%BA/" "Mozilla/5.0 (Windows NT 10.0; Win64; x64) AppleWebKit/537.36 (KHTML, like Gecko) Chrome/144.0.0.0 Safari/537.36"
34.123.149.87 - - [22/Aug/2026:12:27:54 +0800] "GET /28926/2015/07/01/104%E5%AD%B8%E5%B9%B4%E5%BA%A6%E4%B8%8A%E6%94%B6%E9%80%80%E8%B2%BB%E5%9F%BA%E6%BA%96%E8%A1%A8%E5%8F%8A%E6%B8%9B%E5%85%8D%E6%94%B6%E8%B2%BB%E8%A6%8F%E5%AE%9A/ HTTP/1.1" 200 30825 "-" "Mozilla/5.0 (Macintosh; Intel Mac OS X 10_15_7) AppleWebKit/537.36 (KHTML, like Gecko) Chrome/120.0.0.0 Safari/537.36"
240e:958:1200:402:be06:333a:7cc8:2 - - [22/Aug/2026:12:27:54 +0800] "GET /wp-content/themes/oceanwp/assets/js/vendors/magnific-popup.min.js HTTP/1.1" 200 8270 "https://www.jwps.ilc.edu.tw/%E5%B0%8B%E6%89%BE%E6%95%99%E8%82%B2%E5%AE%B6%E5%90%88%E5%A4%A5%E4%BA%BA/" "Mozilla/5.0 (Windows NT 10.0; Win64; x64) AppleWebKit/537.36 (KHTML, like Gecko) Chrome/144.0.0.0 Safari/537.36"
240e:958:1200:402:be06:333a:7cc8:2 - - [22/Aug/2026:12:27:54 +0800] "GET /wp-content/themes/oceanwp/assets/js/ow-lightbox.min.js HTTP/1.1" 200 2321 "https://www.jwps.ilc.edu.tw/%E5%B0%8B%E6%89%BE%E6%95%99%E8%82%B2%E5%AE%B6%E5%90%88%E5%A4%A5%E4%BA%BA/" "Mozilla/5.0 (Windows NT 10.0; Win64; x64) AppleWebKit/537.36 (KHTML, like Gecko) Chrome/144.0.0.0 Safari/537.36"
240e:958:1200:402:be06:333a:7cc8:2 - - [22/Aug/2026:12:27:54 +0800] "GET /wp-content/themes/oceanwp/assets/js/vendors/flickity.pkgd.min.js HTTP/1.1" 200 15048 "https://www.jwps.ilc.edu.tw/%E5%B0%8B%E6%89%BE%E6%95%99%E8%82%B2%E5%AE%B6%E5%90%88%E5%A4%A5%E4%BA%BA/" "Mozilla/5.0 (Windows NT 10.0; Win64; x64) AppleWebKit/537.36 (KHTML, like Gecko) Chrome/144.0.0.0 Safari/537.36"
240e:958:1200:402:be06:333a:7cc8:2 - - [22/Aug/2026:12:27:54 +0800] "GET /wp-content/themes/oceanwp/assets/js/ow-slider.min.js HTTP/1.1" 200 1761 "https://www.jwps.ilc.edu.tw/%E5%B0%8B%E6%89%BE%E6%95%99%E8%82%B2%E5%AE%B6%E5%90%88%E5%A4%A5%E4%BA%BA/" "Mozilla/5.0 (Windows NT 10.0; Win64; x64) AppleWebKit/537.36 (KHTML, like Gecko) Chrome/144.0.0.0 Safari/537.36"
74.7.242.54 - - [22/Aug/2026:12:27:54 +0800] "GET /18998/wp-json/oembed/1.0/embed?url=https%3A%2F%2F2blog.ilc.edu.tw%2F18998%2F2020%2F10%2F07%2F109%25e5%25b9%25b410%25e6%259c%2588%25e4%25bb%25bd%25e9%25a4%2590%25e9%25bb%259e%25e8%25a1%25a8%2F HTTP/1.1" 200 3547 "https://2blog.ilc.edu.tw/18998/2020/10/07/109%e5%b9%b410%e6%9c%88%e4%bb%bd%e9%a4%90%e9%bb%9e%e8%a1%a8/" "Mozilla/5.0 AppleWebKit/537.36 (KHTML, like Gecko; compatible; GPTBot/1.4; +https://openai.com/gptbot)"
240e:958:1200:402:be06:333a:7cc8:2 - - [22/Aug/2026:12:27:54 +0800] "GET /wp-content/themes/oceanwp/assets/js/scroll-effect.min.js HTTP/1.1" 200 4127 "https://www.jwps.ilc.edu.tw/%E5%B0%8B%E6%89%BE%E6%95%99%E8%82%B2%E5%AE%B6%E5%90%88%E5%A4%A5%E4%BA%BA/" "Mozilla/5.0 (Windows NT 10.0; Win64; x64) AppleWebKit/537.36 (KHTML, like Gecko) Chrome/144.0.0.0 Safari/537.36"
240e:958:1200:402:be06:333a:7cc8:2 - - [22/Aug/2026:12:27:55 +0800] "GET /wp-content/themes/oceanwp/assets/js/scroll-top.min.js HTTP/1.1" 200 3202 "https://www.jwps.ilc.edu.tw/%E5%B0%8B%E6%89%BE%E6%95%99%E8%82%B2%E5%AE%B6%E5%90%88%E5%A4%A5%E4%BA%BA/" "Mozilla/5.0 (Windows NT 10.0; Win64; x64) AppleWebKit/537.36 (KHTML, like Gecko) Chrome/144.0.0.0 Safari/537.36"
::1 - - [22/Aug/2026:12:27:55 +0800] "OPTIONS * HTTP/1.0" 200 110 "-" "Apache/2.4.68 (Ubuntu) OpenSSL/3.0.19 (internal dummy connection)"
240e:958:1200:402:be06:333a:7cc8:2 - - [22/Aug/2026:12:27:55 +0800] "GET /wp-content/themes/oceanwp/assets/js/select.min.js HTTP/1.1" 200 2408 "https://www.jwps.ilc.edu.tw/%E5%B0%8B%E6%89%BE%E6%95%99%E8%82%B2%E5%AE%B6%E5%90%88%E5%A4%A5%E4%BA%BA/" "Mozilla/5.0 (Windows NT 10.0; Win64; x64) AppleWebKit/537.36 (KHTML, like Gecko) Chrome/144.0.0.0 Safari/537.36"
240e:958:1200:402:be06:333a:7cc8:2 - - [22/Aug/2026:12:27:55 +0800] "GET /wp-content/plugins/ocean-extra/includes/widgets/js/flickr.min.js HTTP/1.1" 200 1319 "https://www.jwps.ilc.edu.tw/%E5%B0%8B%E6%89%BE%E6%95%99%E8%82%B2%E5%AE%B6%E5%90%88%E5%A4%A5%E4%BA%BA/" "Mozilla/5.0 (Windows NT 10.0; Win64; x64) AppleWebKit/537.36 (KHTML, like Gecko) Chrome/144.0.0.0 Safari/537.36"
240e:958:1200:402:be06:333a:7cc8:2 - - [22/Aug/2026:12:27:55 +0800] "GET /wp-content/plugins/elementor-pro/assets/js/webpack-pro.runtime.min.js HTTP/1.1" 200 3562 "https://www.jwps.ilc.edu.tw/%E5%B0%8B%E6%89%BE%E6%95%99%E8%82%B2%E5%AE%B6%E5%90%88%E5%A4%A5%E4%BA%BA/" "Mozilla/5.0 (Windows NT 10.0; Win64; x64) AppleWebKit/537.36 (KHTML, like Gecko) Chrome/144.0.0.0 Safari/537.36"
74.7.242.54 - - [22/Aug/2026:12:27:55 +0800] "GET /18998/wp-json/wp/v2/posts/445 HTTP/1.1" 200 3485 "https://2blog.ilc.edu.tw/18998/2020/10/07/109%e5%b9%b410%e6%9c%88%e4%bb%bd%e9%a4%90%e9%bb%9e%e8%a1%a8/" "Mozilla/5.0 AppleWebKit/537.36 (KHTML, like Gecko; compatible; GPTBot/1.4; +https://openai.com/gptbot)"
17.22.237.24 - - [22/Aug/2026:12:27:55 +0800] "GET /wp-content/plugins/elementor/assets/js/video.d11c91c1b2b642a34601.bundle.min.js HTTP/1.1" 200 6963 "https://www.yies.ilc.edu.tw/" "Mozilla/5.0 (Macintosh; Intel Mac OS X 10_15_7) AppleWebKit/605.1.15 (KHTML, like Gecko) Version/17.4 Safari/605.1.15 (Applebot/0.1; +http://www.apple.com/go/applebot)"
240e:958:1200:402:be06:333a:7cc8:2 - - [22/Aug/2026:12:27:55 +0800] "GET /wp-content/plugins/elementor/assets/js/frontend-modules.min.js HTTP/1.1" 200 19416 "https://www.jwps.ilc.edu.tw/%E5%B0%8B%E6%89%BE%E6%95%99%E8%82%B2%E5%AE%B6%E5%90%88%E5%A4%A5%E4%BA%BA/" "Mozilla/5.0 (Windows NT 10.0; Win64; x64) AppleWebKit/537.36 (KHTML, like Gecko) Chrome/144.0.0.0 Safari/537.36"
240e:958:1200:402:be06:333a:7cc8:2 - - [22/Aug/2026:12:27:55 +0800] "GET /wp-includes/js/dist/hooks.min.js HTTP/1.1" 200 2421 "https://www.jwps.ilc.edu.tw/%E5%B0%8B%E6%89%BE%E6%95%99%E8%82%B2%E5%AE%B6%E5%90%88%E5%A4%A5%E4%BA%BA/" "Mozilla/5.0 (Windows NT 10.0; Win64; x64) AppleWebKit/537.36 (KHTML, like Gecko) Chrome/144.0.0.0 Safari/537.36"
3.226.106.93 - - [22/Aug/2026:12:27:55 +0800] "GET /wp-content/uploads/sites/75/2019/01/?C=D;O%3DA HTTP/1.1" 200 1110 "-" "Mozilla/5.0 AppleWebKit/537.36 (KHTML, like Gecko; compatible; Amazonbot/0.1; +https://developer.amazon.com/support/amazonbot) Chrome/119.0.6045.214 Safari/537.36"
240e:958:1200:402:be06:333a:7cc8:2 - - [22/Aug/2026:12:27:55 +0800] "GET /wp-includes/js/dist/i18n.min.js HTTP/1.1" 200 4547 "https://www.jwps.ilc.edu.tw/%E5%B0%8B%E6%89%BE%E6%95%99%E8%82%B2%E5%AE%B6%E5%90%88%E5%A4%A5%E4%BA%BA/" "Mozilla/5.0 (Windows NT 10.0; Win64; x64) AppleWebKit/537.36 (KHTML, like Gecko) Chrome/144.0.0.0 Safari/537.36"
240e:958:1200:402:be06:333a:7cc8:2 - - [22/Aug/2026:12:27:55 +0800] "GET /wp-content/plugins/elementor-pro/assets/js/frontend.min.js HTTP/1.1" 200 7574 "https://www.jwps.ilc.edu.tw/%E5%B0%8B%E6%89%BE%E6%95%99%E8%82%B2%E5%AE%B6%E5%90%88%E5%A4%A5%E4%BA%BA/" "Mozilla/5.0 (Windows NT 10.0; Win64; x64) AppleWebKit/537.36 (KHTML, like Gecko) Chrome/144.0.0.0 Safari/537.36"
240e:958:1200:402:be06:333a:7cc8:2 - - [22/Aug/2026:12:27:55 +0800] "GET /wp-content/plugins/elementor/assets/lib/waypoints/waypoints.min.js HTTP/1.1" 200 3873 "https://www.jwps.ilc.edu.tw/%E5%B0%8B%E6%89%BE%E6%95%99%E8%82%B2%E5%AE%B6%E5%90%88%E5%A4%A5%E4%BA%BA/" "Mozilla/5.0 (Windows NT 10.0; Win64; x64) AppleWebKit/537.36 (KHTML, like Gecko) Chrome/144.0.0.0 Safari/537.36"
::1 - - [22/Aug/2026:12:27:56 +0800] "OPTIONS * HTTP/1.0" 200 110 "-" "Apache/2.4.68 (Ubuntu) OpenSSL/3.0.19 (internal dummy connection)"
240e:958:1200:402:be06:333a:7cc8:2 - - [22/Aug/2026:12:27:56 +0800] "GET /wp-includes/js/jquery/ui/core.min.js HTTP/1.1" 200 7986 "https://www.jwps.ilc.edu.tw/%E5%B0%8B%E6%89%BE%E6%95%99%E8%82%B2%E5%AE%B6%E5%90%88%E5%A4%A5%E4%BA%BA/" "Mozilla/5.0 (Windows NT 10.0; Win64; x64) AppleWebKit/537.36 (KHTML, like Gecko) Chrome/144.0.0.0 Safari/537.36"
216.73.216.20 - - [22/Aug/2026:12:27:55 +0800] "GET /tag/%E8%99%9B%E6%93%AC%E6%95%99%E5%AE%A4/page/5/ HTTP/1.1" 404 82732 "-" "Mozilla/5.0 AppleWebKit/537.36 (KHTML, like Gecko; compatible; ClaudeBot/1.0; +claudebot@anthropic.com)"
240e:958:1200:402:be06:333a:7cc8:2 - - [22/Aug/2026:12:27:56 +0800] "GET /wp-content/plugins/elementor/assets/js/frontend.min.js HTTP/1.1" 200 13169 "https://www.jwps.ilc.edu.tw/%E5%B0%8B%E6%89%BE%E6%95%99%E8%82%B2%E5%AE%B6%E5%90%88%E5%A4%A5%E4%BA%BA/" "Mozilla/5.0 (Windows NT 10.0; Win64; x64) AppleWebKit/537.36 (KHTML, like Gecko) Chrome/144.0.0.0 Safari/537.36"
216.73.216.20 - - [22/Aug/2026:12:27:56 +0800] "GET /tag/%E8%99%9B%E6%93%AC%E6%95%99%E5%AE%A4/page/4/ HTTP/1.1" 404 82732 "-" "Mozilla/5.0 AppleWebKit/537.36 (KHTML, like Gecko; compatible; ClaudeBot/1.0; +claudebot@anthropic.com)"
240e:958:1200:402:be06:333a:7cc8:2 - - [22/Aug/2026:12:27:56 +0800] "GET /wp-content/plugins/elementor-pro/assets/js/elements-handlers.min.js HTTP/1.1" 200 10882 "https://www.jwps.ilc.edu.tw/%E5%B0%8B%E6%89%BE%E6%95%99%E8%82%B2%E5%AE%B6%E5%90%88%E5%A4%A5%E4%BA%BA/" "Mozilla/5.0 (Windows NT 10.0; Win64; x64) AppleWebKit/537.36 (KHTML, like Gecko) Chrome/144.0.0.0 Safari/537.36"
216.73.216.20 - - [22/Aug/2026:12:27:56 +0800] "GET /tag/%e8%99%9b%e6%93%ac%e6%95%99%e5%ae%a4/feed/ HTTP/1.1" 200 8827 "-" "Mozilla/5.0 AppleWebKit/537.36 (KHTML, like Gecko; compatible; ClaudeBot/1.0; +claudebot@anthropic.com)"
216.73.216.20 - - [22/Aug/2026:12:27:56 +0800] "GET /tag/%E8%99%9B%E6%93%AC%E6%95%99%E5%AE%A4/page/3/ HTTP/1.1" 404 78268 "-" "Mozilla/5.0 AppleWebKit/537.36 (KHTML, like Gecko; compatible; ClaudeBot/1.0; +claudebot@anthropic.com)"
216.73.216.20 - - [22/Aug/2026:12:27:56 +0800] "GET /tag/%E8%99%9B%E6%93%AC%E6%95%99%E5%AE%A4/page/2/ HTTP/1.1" 404 78268 "-" "Mozilla/5.0 AppleWebKit/537.36 (KHTML, like Gecko; compatible; ClaudeBot/1.0; +claudebot@anthropic.com)"
::1 - - [22/Aug/2026:12:27:57 +0800] "OPTIONS * HTTP/1.0" 200 110 "-" "Apache/2.4.68 (Ubuntu) OpenSSL/3.0.19 (internal dummy connection)"
74.7.242.54 - - [22/Aug/2026:12:27:55 +0800] "GET /26150/category/c-11220/page/86/ HTTP/1.1" 200 19386 "https://2blog.ilc.edu.tw/26150/category/c-11220/" "Mozilla/5.0 AppleWebKit/537.36 (KHTML, like Gecko; compatible; GPTBot/1.4; +https://openai.com/gptbot)"
240e:958:1200:402:be06:333a:7cc8:2 - - [22/Aug/2026:12:27:57 +0800] "GET /wp-content/plugins/elementor/assets/js/text-editor.2c35aafbe5bf0e127950.bundle.min.js HTTP/1.1" 200 1545 "https://www.jwps.ilc.edu.tw/%E5%B0%8B%E6%89%BE%E6%95%99%E8%82%B2%E5%AE%B6%E5%90%88%E5%A4%A5%E4%BA%BA/" "Mozilla/5.0 (Windows NT 10.0; Win64; x64) AppleWebKit/537.36 (KHTML, like Gecko) Chrome/144.0.0.0 Safari/537.36"
::1 - - [22/Aug/2026:12:27:58 +0800] "OPTIONS * HTTP/1.0" 200 110 "-" "Apache/2.4.68 (Ubuntu) OpenSSL/3.0.19 (internal dummy connection)"
2001:288:a201::66:125 - - [22/Aug/2026:12:27:58 +0800] "GET /blog/active.php HTTP/1.1" 301 1026 "-" "-"
2001:288:a201::66:125 - - [22/Aug/2026:12:27:58 +0800] "GET /blog/active.php HTTP/1.1" 404 1084 "-" "-"
140.111.67.195 - - [22/Aug/2026:12:27:58 +0800] "GET /wp-admin/admin-post.php?action=steps_ad HTTP/1.1" 200 1973 "-" "node-fetch/1.0 (+https://github.com/bitinn/node-fetch)"
74.7.242.54 - - [22/Aug/2026:12:27:58 +0800] "GET /1003/wp-json/oembed/1.0/embed?format=xml&url=https%3A%2F%2F2blog.ilc.edu.tw%2F1003%2F2009%2F02%2F27%2F%25e4%25ba%2594%25e6%2598%259f%25e7%25b4%259a%25e9%25ab%2598%25e7%25b4%259a%25e4%25ba%25ab%25e5%258f%2597%25e6%2596%25b0%25e7%259a%2584%25e5%25bb%2581%25e6%2589%2580%2F HTTP/1.1" 200 2284 "https://2blog.ilc.edu.tw/1003/2009/02/27/%e4%ba%94%e6%98%9f%e7%b4%9a%e9%ab%98%e7%b4%9a%e4%ba%ab%e5%8f%97%e6%96%b0%e7%9a%84%e5%bb%81%e6%89%80/" "Mozilla/5.0 AppleWebKit/537.36 (KHTML, like Gecko; compatible; GPTBot/1.4; +https://openai.com/gptbot)"
54.87.62.248 - - [22/Aug/2026:12:27:58 +0800] "GET /6450/wp-json/wp/v2/posts/%22https:/2blog.ilc.edu.tw/wp-content/uploads/sites/2724/6450/6450-4214197.jpg/%22 HTTP/1.1" 404 6131 "-" "Mozilla/5.0 AppleWebKit/537.36 (KHTML, like Gecko; compatible; Amazonbot/0.1; +https://developer.amazon.com/support/amazonbot) Chrome/119.0.6045.214 Safari/537.36"
240e:958:1200:402:be06:333a:7cc8:2 - - [22/Aug/2026:12:27:56 +0800] "GET /wp-content/themes/oceanwp/assets/fonts/fontawesome/webfonts/fa-brands-400.woff2 HTTP/1.1" 200 110924 "https://www.jwps.ilc.edu.tw/wp-content/cache/www.jwps.ilc.edu.tw/wpfc-minified/jqghtj1e/8av0.css" "Mozilla/5.0 (Windows NT 10.0; Win64; x64) AppleWebKit/537.36 (KHTML, like Gecko) Chrome/144.0.0.0 Safari/537.36"
::1 - - [22/Aug/2026:12:27:59 +0800] "OPTIONS * HTTP/1.0" 200 110 "-" "Apache/2.4.68 (Ubuntu) OpenSSL/3.0.19 (internal dummy connection)"
140.111.67.10 - - [22/Aug/2026:12:27:59 +0800] "GET /" 301 273 "-" "-"
::1 - - [22/Aug/2026:12:28:00 +0800] "OPTIONS * HTTP/1.0" 200 110 "-" "Apache/2.4.68 (Ubuntu) OpenSSL/3.0.19 (internal dummy connection)"
74.7.242.54 - - [22/Aug/2026:12:27:58 +0800] "GET /26150/category/c-11220/page/1/ HTTP/1.1" 301 794 "https://2blog.ilc.edu.tw/26150/category/c-11220/page/2/" "Mozilla/5.0 AppleWebKit/537.36 (KHTML, like Gecko; compatible; GPTBot/1.4; +https://openai.com/gptbot)"
74.7.242.54 - - [22/Aug/2026:12:28:00 +0800] "GET /26150/category/c-11220/page/5/ HTTP/1.1" 200 19302 "https://2blog.ilc.edu.tw/26150/category/c-11220/page/2/" "Mozilla/5.0 AppleWebKit/537.36 (KHTML, like Gecko; compatible; GPTBot/1.4; +https://openai.com/gptbot)"
::1 - - [22/Aug/2026:12:28:01 +0800] "OPTIONS * HTTP/1.0" 200 110 "-" "Apache/2.4.68 (Ubuntu) OpenSSL/3.0.19 (internal dummy connection)"
2001:288:a201::67:82 - - [22/Aug/2026:12:28:01 +0800] "GET / HTTP/1.1" 200 56291 "-" "curl/7.81.0"
140.111.67.86 - - [22/Aug/2026:12:28:01 +0800] "GET / HTTP/1.1" 200 56291 "-" "curl/7.81.0"
74.7.242.54 - - [22/Aug/2026:12:28:01 +0800] "GET /44289/wp-json/oembed/1.0/embed?format=xml&url=https%3A%2F%2F2blog.ilc.edu.tw%2F44289%2F2023%2F03%2F05%2F08-%25e5%25ad%25b8%25e6%25a0%25a1%25e6%2583%2585%25e5%25a2%2583%25e5%25b8%2583%25e7%25bd%25ae%25e5%25ad%25b8%25e7%2594%259f%25e4%25bd%259c%25e5%2593%2581%2F HTTP/1.1" 200 2265 "https://2blog.ilc.edu.tw/44289/2023/03/05/08-%e5%ad%b8%e6%a0%a1%e6%83%85%e5%a2%83%e5%b8%83%e7%bd%ae%e5%ad%b8%e7%94%9f%e4%bd%9c%e5%93%81/" "Mozilla/5.0 AppleWebKit/537.36 (KHTML, like Gecko; compatible; GPTBot/1.4; +https://openai.com/gptbot)"
74.7.242.54 - - [22/Aug/2026:12:28:01 +0800] "GET /26150/category/c-11220/page/6/ HTTP/1.1" 200 19289 "https://2blog.ilc.edu.tw/26150/category/c-11220/page/4/" "Mozilla/5.0 AppleWebKit/537.36 (KHTML, like Gecko; compatible; GPTBot/1.4; +https://openai.com/gptbot)"
2001:288:a201::67:84 - - [22/Aug/2026:12:28:02 +0800] "GET / HTTP/1.1" 200 56291 "-" "curl/7.81.0"
::1 - - [22/Aug/2026:12:28:02 +0800] "OPTIONS * HTTP/1.0" 200 110 "-" "Apache/2.4.68 (Ubuntu) OpenSSL/3.0.19 (internal dummy connection)"
54.92.171.106 - - [22/Aug/2026:12:28:02 +0800] "GET /wp-content/uploads/sites/2808/6543/6543-3722212.jpg HTTP/1.1" 200 9959 "-" "Mozilla/5.0 AppleWebKit/537.36 (KHTML, like Gecko; compatible; Amazonbot/0.1; +https://developer.amazon.com/support/amazonbot) Chrome/119.0.6045.214 Safari/537.36"
44.221.105.234 - - [22/Aug/2026:12:28:02 +0800] "GET /kkes603/wp-json/oembed/1.0/embed?url=https://2blog.ilc.edu.tw/kkes603/2022/01/20/%25e7%25b6%259c%25e5%2590%2588%25e5%25a4%25a7%25e9%259b%25bb%25e8%25a6%2596%25e8%25a7%25b8%25e7%25a2%25b0%25e8%259e%25a2%25e5%25b9%2595/ HTTP/1.1" 200 8454 "-" "Mozilla/5.0 AppleWebKit/537.36 (KHTML, like Gecko; compatible; Amazonbot/0.1; +https://developer.amazon.com/support/amazonbot) Chrome/119.0.6045.214 Safari/537.36"
2409:8a4c:c605:e557:409f:18d0:9812:d344 - - [22/Aug/2026:12:28:02 +0800] "-" 408 339 "-" "-"
2409:8a4c:c605:e557:409f:18d0:9812:d344 - - [22/Aug/2026:12:28:02 +0800] "-" 408 339 "-" "-"
::1 - - [22/Aug/2026:12:28:03 +0800] "OPTIONS * HTTP/1.0" 200 110 "-" "Apache/2.4.68 (Ubuntu) OpenSSL/3.0.19 (internal dummy connection)"
2001:288:a201::66:125 - - [22/Aug/2026:12:28:03 +0800] "GET /blog/active.php HTTP/1.1" 301 1026 "-" "-"
2001:288:a201::66:125 - - [22/Aug/2026:12:28:03 +0800] "GET /blog/active.php HTTP/1.1" 404 1084 "-" "-"
::1 - - [22/Aug/2026:12:28:04 +0800] "OPTIONS * HTTP/1.0" 200 110 "-" "Apache/2.4.68 (Ubuntu) OpenSSL/3.0.19 (internal dummy connection)"
54.159.18.27 - - [22/Aug/2026:12:28:03 +0800] "GET /6543/wp-json/oembed/1.0/embed?format=xml&url=https://2blog.ilc.edu.tw/6543/2013/11/20/102%25e5%2585%25a8%25e9%259d%25a2%25e4%25bd%25bf%25e7%2594%25a8%25e5%2586%258d%25e7%2594%259f%25e7%25b4%2599%25e5%258f%258a%25e9%259b%2599%25e9%259d%25a2%25e5%25bd%25b1%25e5%258d%25b0%25e5%258f%258a%25e9%2580%2590%25e6%25ad%25a5%25e9%2599%258d%25e4%25bd%258e%25e7%25b4%2599%25e5%25bc%25b5%25e4%25bd%25bf%25e7%2594%25a8/ HTTP/1.1" 200 7331 "-" "Mozilla/5.0 AppleWebKit/537.36 (KHTML, like Gecko; compatible; Amazonbot/0.1; +https://developer.amazon.com/support/amazonbot) Chrome/119.0.6045.214 Safari/537.36"
140.111.67.10 - - [22/Aug/2026:12:28:04 +0800] "GET /" 301 273 "-" "-"
74.7.242.54 - - [22/Aug/2026:12:28:02 +0800] "GET /26150/category/c-11220/page/7/ HTTP/1.1" 200 19448 "https://2blog.ilc.edu.tw/26150/category/c-11220/page/4/" "Mozilla/5.0 AppleWebKit/537.36 (KHTML, like Gecko; compatible; GPTBot/1.4; +https://openai.com/gptbot)"
74.7.242.54 - - [22/Aug/2026:12:28:04 +0800] "GET /26150/wp-content/themes/oceanwp/assets/fonts/fontawesome/webfonts/fa-regular-400.woff2 HTTP/1.1" 200 25339 "https://2blog.ilc.edu.tw/26150/wp-content/cache/2blog.ilc.edu.tw/wpfc-minified/kc6fgvop/5wols.css" "Mozilla/5.0 AppleWebKit/537.36 (KHTML, like Gecko; compatible; GPTBot/1.4; +https://openai.com/gptbot)"
::1 - - [22/Aug/2026:12:28:05 +0800] "OPTIONS * HTTP/1.0" 200 110 "-" "Apache/2.4.68 (Ubuntu) OpenSSL/3.0.19 (internal dummy connection)"
185.191.171.12 - - [22/Aug/2026:12:28:05 +0800] "GET /Resource/Neturl/Sub-Going.asp?url=https%3A%2F%2Fbaomuabannhadat.com%2Fnha-dat%2Fmua-ban-nha-dat%2Fban-can-ho-chung-cu%2Fban-can-ho-chung-cu-5-25-ty-phuong-12-quan-4_i42436 HTTP/1.1" 404 90755 "-" "Mozilla/5.0 (compatible; SemrushBot/7~bl; +http://www.semrush.com/bot.html)"
::1 - - [22/Aug/2026:12:28:06 +0800] "OPTIONS * HTTP/1.0" 200 110 "-" "Apache/2.4.68 (Ubuntu) OpenSSL/3.0.19 (internal dummy connection)"
34.10.180.98 - - [22/Aug/2026:12:28:06 +0800] "GET /9665/wp-json/oembed/1.0/embed?url=https://2blog.ilc.edu.tw/9665/2011/02/21/%25e6%25ad%25b7%25e4%25bb%25bb%25e6%259c%2583%25e9%2595%25b7/ HTTP/1.1" 200 8127 "-" "Mozilla/5.0 (Macintosh; Intel Mac OS X 10_15_7) AppleWebKit/537.36 (KHTML, like Gecko) Chrome/120.0.0.0 Safari/537.36"
::1 - - [22/Aug/2026:12:28:07 +0800] "OPTIONS * HTTP/1.0" 200 110 "-" "Apache/2.4.68 (Ubuntu) OpenSSL/3.0.19 (internal dummy connection)"
74.7.242.54 - - [22/Aug/2026:12:28:05 +0800] "GET /26150/2022/05/17/%e8%bd%89%e7%9f%a5%e5%9c%8b%e7%ab%8b%e5%ae%9c%e8%98%ad%e9%ab%98%e7%b4%9a%e5%95%86%e6%a5%ad%e8%81%b7%e6%a5%ad%e5%ad%b8%e6%a0%a1%e6%96%bc111%e5%b9%b46-%e6%9c%8818-19%e6%97%a5%e8%be%a6%e7%90%86%e3%80%8c/ HTTP/1.1" 200 18310 "https://2blog.ilc.edu.tw/26150/2021/11/26/%e3%80%8c110%e5%b9%b4%e5%9c%8b%e9%9a%9b%e7%a7%bb%e6%b0%91%e5%98%89%e5%b9%b4%e8%8f%af%ef%bc%8d%e6%96%b0%e9%80%a3%e5%bf%83-%e6%84%9b%e5%ae%9c%e8%b5%b7%e3%80%8d%e6%ad%a1%e8%bf%8e%e5%a4%a7%e5%ae%b6/" "Mozilla/5.0 AppleWebKit/537.36 (KHTML, like Gecko; compatible; GPTBot/1.4; +https://openai.com/gptbot)"
2a03:2880:f802:18:: - - [22/Aug/2026:12:28:05 +0800] "GET /wp-login.php?key=fvh9b375&_wpnonce=&action=ilc_logout&redirect_to=https%3A%2F%2Fgame.edu.kg HTTP/1.1" 302 8248 "-" "Mozilla/5.0 (Windows NT 10.0; Win64; x64) AppleWebKit/537.36 (KHTML, like Gecko) Chrome/145.0.0.0 Safari/537.36 Edg/145.0.0.0 (compatible; meta-externalagent/1.1 (+https://developers.facebook.com/docs/sharing/webmasters/crawler))"
::1 - - [22/Aug/2026:12:28:08 +0800] "OPTIONS * HTTP/1.0" 200 110 "-" "Apache/2.4.68 (Ubuntu) OpenSSL/3.0.19 (internal dummy connection)"
2001:288:a201::66:125 - - [22/Aug/2026:12:28:08 +0800] "GET /blog/active.php HTTP/1.1" 301 1026 "-" "-"
2001:288:a201::66:125 - - [22/Aug/2026:12:28:08 +0800] "GET /blog/active.php HTTP/1.1" 404 1084 "-" "-"
::1 - - [22/Aug/2026:12:28:09 +0800] "OPTIONS * HTTP/1.0" 200 110 "-" "Apache/2.4.68 (Ubuntu) OpenSSL/3.0.19 (internal dummy connection)"
140.111.67.10 - - [22/Aug/2026:12:28:09 +0800] "GET /" 301 273 "-" "-"
74.7.242.54 - - [22/Aug/2026:12:28:07 +0800] "GET /26150/wp-json/oembed/1.0/embed?format=xml&url=https%3A%2F%2F2blog.ilc.edu.tw%2F26150%2F2017%2F05%2F16%2F%25e6%259c%25ac%25e4%25b8%25ad%25e5%25bf%2583106%25e5%25b9%25b4%25e3%2580%258e%25e6%259a%2591%25e6%259c%259f%25e5%2585%2592%25e7%25ab%25a5%25e5%25ae%25b6%25e5%25ba%25ad%25e5%2580%25ab%25e7%2590%2586%25e6%2595%2599%25e8%2582%25b2%25e8%25ae%2580%25e6%259b%25b8%25e6%259c%2583%25e3%2580%258f%25e6%25b4%25bb%25e5%258b%2595%2F HTTP/1.1" 200 2413 "https://2blog.ilc.edu.tw/26150/2017/05/16/%e6%9c%ac%e4%b8%ad%e5%bf%83106%e5%b9%b4%e3%80%8e%e6%9a%91%e6%9c%9f%e5%85%92%e7%ab%a5%e5%ae%b6%e5%ba%ad%e5%80%ab%e7%90%86%e6%95%99%e8%82%b2%e8%ae%80%e6%9b%b8%e6%9c%83%e3%80%8f%e6%b4%bb%e5%8b%95/" "Mozilla/5.0 AppleWebKit/537.36 (KHTML, like Gecko; compatible; GPTBot/1.4; +https://openai.com/gptbot)"
18.215.112.101 - - [22/Aug/2026:12:28:09 +0800] "GET /wp-content/uploads/sites/315/2020/ HTTP/1.1" 200 1246 "-" "Mozilla/5.0 AppleWebKit/537.36 (KHTML, like Gecko; compatible; Amazonbot/0.1; +https://developer.amazon.com/support/amazonbot) Chrome/119.0.6045.214 Safari/537.36"
74.7.242.54 - - [22/Aug/2026:12:28:09 +0800] "GET /daes501/2024/09/16/%e4%b8%bb%e9%a1%8c%e5%b1%b1%e6%b5%b7%e5%a4%a7%e6%a8%b9%e6%95%99%e6%88%91%e7%9a%84%e4%ba%8b/ HTTP/1.1" 200 14210 "https://2blog.ilc.edu.tw/daes501/category/%e4%b8%bb%e9%a1%8c%e8%aa%b2%e7%a8%8b/page/2/" "Mozilla/5.0 AppleWebKit/537.36 (KHTML, like Gecko; compatible; GPTBot/1.4; +https://openai.com/gptbot)"
::1 - - [22/Aug/2026:12:28:10 +0800] "OPTIONS * HTTP/1.0" 200 110 "-" "Apache/2.4.68 (Ubuntu) OpenSSL/3.0.19 (internal dummy connection)"
74.7.242.54 - - [22/Aug/2026:12:28:10 +0800] "GET /26150/category/c-11220/page/83/ HTTP/1.1" 200 18873 "https://2blog.ilc.edu.tw/26150/category/c-11220/page/86/" "Mozilla/5.0 AppleWebKit/537.36 (KHTML, like Gecko; compatible; GPTBot/1.4; +https://openai.com/gptbot)"
74.7.242.54 - - [22/Aug/2026:12:28:11 +0800] "GET /26150/category/c-11220/page/85/ HTTP/1.1" 200 19201 "https://2blog.ilc.edu.tw/26150/category/c-11220/page/86/" "Mozilla/5.0 AppleWebKit/537.36 (KHTML, like Gecko; compatible; GPTBot/1.4; +https://openai.com/gptbot)"
