::1 - - [22/Aug/2026:12:23:51 +0800] "OPTIONS * HTTP/1.0" 200 110 "-" "Apache/2.4.68 (Ubuntu) OpenSSL/3.0.19 (internal dummy connection)"
74.7.242.54 - - [22/Aug/2026:12:23:50 +0800] "GET /26150/?p=2925 HTTP/1.1" 301 979 "https://2blog.ilc.edu.tw/26150/2014/01/28/%e5%a4%a7%e5%90%8c%e9%84%89103%e5%b9%b4%e5%ba%a6%e6%ab%bb%e8%8a%b1%e5%ad%a3%e6%b4%bb%e5%8b%95%e8%a8%82%e6%96%bc2-8%e5%8f%8a2-9%e6%98%9f%e6%9c%9f%e5%85%ad-%e6%97%a5%e8%88%89%e8%a1%8c%ef%bc%8c/" "Mozilla/5.0 AppleWebKit/537.36 (KHTML, like Gecko; compatible; GPTBot/1.4; +https://openai.com/gptbot)"
17.241.227.207 - - [22/Aug/2026:12:23:51 +0800] "GET /wp-content/cache/www.ltes.ilc.edu.tw/wpfc-minified/fokbtyh8/6w65.js HTTP/1.1" 200 6440 "https://www.ltes.ilc.edu.tw/2016/03/04/%e5%bc%b7%e5%8c%96%e5%ad%b8%e7%94%9f%e5%8f%8d%e8%a9%90%e9%a8%99%e6%84%8f%e8%ad%98%e6%a1%88%e4%be%8b%e5%ae%a3%e5%b0%8e/" "Mozilla/5.0 (Macintosh; Intel Mac OS X 10_15_7) AppleWebKit/605.1.15 (KHTML, like Gecko) Version/17.4 Safari/605.1.15 (Applebot/0.1; +http://www.apple.com/go/applebot)"
40.77.167.123 - - [22/Aug/2026:12:23:52 +0800] "GET /?s=%E8%8F%AF%E8%AA%9E%E6%B5%81%E8%A1%8C%E9%9F%B3%E6%A8%82 HTTP/1.1" 200 20484 "-" "Mozilla/5.0 AppleWebKit/537.36 (KHTML, like Gecko; compatible; bingbot/2.0; +http://www.bing.com/bingbot.htm) Chrome/116.0.1938.76 Safari/537.36"
17.241.227.207 - - [22/Aug/2026:12:23:53 +0800] "GET /wp-content/cache/www.ltes.ilc.edu.tw/wpfc-minified/2rj3ecjb/6w65.css HTTP/1.1" 200 61302 "https://www.ltes.ilc.edu.tw/2016/03/04/%e5%bc%b7%e5%8c%96%e5%ad%b8%e7%94%9f%e5%8f%8d%e8%a9%90%e9%a8%99%e6%84%8f%e8%ad%98%e6%a1%88%e4%be%8b%e5%ae%a3%e5%b0%8e/" "Mozilla/5.0 (Macintosh; Intel Mac OS X 10_15_7) AppleWebKit/605.1.15 (KHTML, like Gecko) Version/17.4 Safari/605.1.15 (Applebot/0.1; +http://www.apple.com/go/applebot)"
2001:288:a201::66:125 - - [22/Aug/2026:12:23:53 +0800] "GET /blog/active.php HTTP/1.1" 301 1026 "-" "-"
2001:288:a201::66:125 - - [22/Aug/2026:12:23:53 +0800] "GET /blog/active.php HTTP/1.1" 404 1084 "-" "-"
2a03:2880:f802:47:: - - [22/Aug/2026:12:23:50 +0800] "GET /wp-login.php?key=j5xm3375&_wpnonce=&action=ilc_logout&redirect_to=https%3A%2F%2Fgame.edu.kg HTTP/1.1" 302 8248 "-" "Mozilla/5.0 (Windows NT 10.0; Win64; x64) AppleWebKit/537.36 (KHTML, like Gecko) Chrome/145.0.0.0 Safari/537.36 (compatible; meta-externalagent/1.1 (+https://developers.facebook.com/docs/sharing/webmasters/crawler))"
23.23.104.107 - - [22/Aug/2026:12:23:52 +0800] "GET /wp-content/uploads/sites/847/6483/previews-med/6483-1058723.gif HTTP/1.1" 200 37926 "-" "Mozilla/5.0 AppleWebKit/537.36 (KHTML, like Gecko; compatible; Amazonbot/0.1; +https://developer.amazon.com/support/amazonbot) Chrome/119.0.6045.214 Safari/537.36"
34.171.68.95 - - [22/Aug/2026:12:23:53 +0800] "GET /112/wp-json/oembed/1.0/embed?url=https://2blog.ilc.edu.tw/112/2023/08/25/112%25e5%25b9%25b4%25ef%25bd%259e%25e6%2588%2591%25e5%2580%2591%25e9%2596%258b%25e5%25a7%258b%25e8%2588%2587%25ef%25bd%2581%25ef%25bd%2589%25e5%2585%25b1%25e5%2582%2599/ HTTP/1.1" 200 8483 "-" "Mozilla/5.0 (Macintosh; Intel Mac OS X 10_15_7) AppleWebKit/537.36 (KHTML, like Gecko) Chrome/120.0.0.0 Safari/537.36"
74.7.242.54 - - [22/Aug/2026:12:23:52 +0800] "GET /26150/?p=8566 HTTP/1.1" 301 970 "https://2blog.ilc.edu.tw/26150/2025/07/05/%e7%ac%ac%e4%ba%8c%e6%a2%af%e7%b7%9a%e4%b8%8a%e8%aa%b2%e7%a8%8b%e3%80%8c%e4%b8%80%e8%b5%b7%e7%9c%8b%e5%8a%87%e5%ad%b8%e5%ae%b6%e5%ba%ad-%e5%be%9e%e6%88%b2%e5%8a%87%e9%ab%94%e6%9c%83/" "Mozilla/5.0 AppleWebKit/537.36 (KHTML, like Gecko; compatible; GPTBot/1.4; +https://openai.com/gptbot)"
140.111.67.10 - - [22/Aug/2026:12:23:54 +0800] "GET /" 301 273 "-" "-"
34.10.180.98 - - [22/Aug/2026:12:23:54 +0800] "GET /6439/2011/12/05/%E9%85%8D%E5%90%88%E6%96%BC%E6%AF%8F%E6%9C%885%E6%97%A5%E5%89%8D%E6%8F%90%E4%BE%9B%E4%B8%8A%E5%80%8B%E6%9C%88%E8%B3%87%E6%BA%90%E5%9B%9E%E6%94%B6%E9%87%8F%E6%95%B8%E6%93%9A%E5%90%AB%E6%86%91%E8%AD%89/ HTTP/1.1" 200 30596 "-" "Mozilla/5.0 (Macintosh; Intel Mac OS X 10_15_7) AppleWebKit/537.36 (KHTML, like Gecko) Chrome/120.0.0.0 Safari/537.36"
::1 - - [22/Aug/2026:12:23:54 +0800] "OPTIONS * HTTP/1.0" 200 110 "-" "Apache/2.4.68 (Ubuntu) OpenSSL/3.0.19 (internal dummy connection)"
17.241.227.207 - - [22/Aug/2026:12:23:54 +0800] "GET /wp-content/cache/www.ltes.ilc.edu.tw/wpfc-minified/7cak74k2/6w60.css HTTP/1.1" 200 1157 "https://www.ltes.ilc.edu.tw/2016/03/04/%e5%bc%b7%e5%8c%96%e5%ad%b8%e7%94%9f%e5%8f%8d%e8%a9%90%e9%a8%99%e6%84%8f%e8%ad%98%e6%a1%88%e4%be%8b%e5%ae%a3%e5%b0%8e/" "Mozilla/5.0 (Macintosh; Intel Mac OS X 10_15_7) AppleWebKit/605.1.15 (KHTML, like Gecko) Version/17.4 Safari/605.1.15 (Applebot/0.1; +http://www.apple.com/go/applebot)"
34.30.223.149 - - [22/Aug/2026:12:23:54 +0800] "GET /5765/2016/06/16/%E5%AE%9C%E8%98%AD%E7%B8%A3%E7%AB%8B%E5%9C%8B%E8%8F%AF%E5%9C%8B%E4%B8%AD104%E5%AD%B8%E5%B9%B4%E5%BA%A6%E7%AC%AC%E4%BA%8C%E5%AD%B8%E6%9C%9F-5%E6%9C%8816%E6%97%A5-%E6%AF%8D%E8%AA%9E%E6%97%A5%E6%B3%B0/ HTTP/1.1" 200 14493 "-" "Mozilla/5.0 (Macintosh; Intel Mac OS X 10_15_7) AppleWebKit/537.36 (KHTML, like Gecko) Chrome/120.0.0.0 Safari/537.36"
74.7.242.54 - - [22/Aug/2026:12:23:54 +0800] "GET /26150/?p=3516 HTTP/1.1" 301 985 "https://2blog.ilc.edu.tw/26150/2018/02/22/107%e5%b9%b4%e5%ba%a6%e7%ac%ac06%e6%ac%a1%e5%b9%b8%e7%a6%8f%e5%ae%b6%e5%ba%ad%e7%a9%ba%e4%b8%ad%e8%ac%9b%e5%a0%82-%e5%a4%9a%e5%85%83%e7%94%9f%e6%b4%bb%e6%bc%ab%e8%ab%87-%e6%96%b0%e4%bd%8f%e6%b0%91/" "Mozilla/5.0 AppleWebKit/537.36 (KHTML, like Gecko; compatible; GPTBot/1.4; +https://openai.com/gptbot)"
17.241.227.207 - - [22/Aug/2026:12:23:56 +0800] "GET /wp-content/cache/www.ltes.ilc.edu.tw/wpfc-minified/8xtsiq89/6w65.css HTTP/1.1" 200 15777 "https://www.ltes.ilc.edu.tw/2016/03/04/%e5%bc%b7%e5%8c%96%e5%ad%b8%e7%94%9f%e5%8f%8d%e8%a9%90%e9%a8%99%e6%84%8f%e8%ad%98%e6%a1%88%e4%be%8b%e5%ae%a3%e5%b0%8e/" "Mozilla/5.0 (Macintosh; Intel Mac OS X 10_15_7) AppleWebKit/605.1.15 (KHTML, like Gecko) Version/17.4 Safari/605.1.15 (Applebot/0.1; +http://www.apple.com/go/applebot)"
42.79.180.180 - - [22/Aug/2026:12:23:56 +0800] "GET /wp-content/uploads/sites/1984/2025/09/%E9%9C%B2%E7%87%9F.png HTTP/1.1" 200 879320 "https://www.dses.ilc.edu.tw/" "Mozilla/5.0 (iPhone; CPU iPhone OS 26_5_0 like Mac OS X) AppleWebKit/605.1.15 (KHTML, like Gecko) GSA/434.2.961627397 Mobile/15E148 Safari/604.1"
3.230.224.6 - - [22/Aug/2026:12:23:56 +0800] "GET /wp-content/uploads/sites/174/2019/09/?C=S;O%3DA HTTP/1.1" 200 2306 "-" "Mozilla/5.0 AppleWebKit/537.36 (KHTML, like Gecko; compatible; Amazonbot/0.1; +https://developer.amazon.com/support/amazonbot) Chrome/119.0.6045.214 Safari/537.36"
34.56.53.225 - - [22/Aug/2026:12:23:56 +0800] "GET /2020/07/27/20200725%E6%A0%A1%E5%8F%8B%E7%9B%83%E4%B8%89%E5%B0%8D%E4%B8%89%E7%B1%83%E7%90%83%E8%B3%BD/dsc_3496/ HTTP/1.1" 200 18929 "-" "Mozilla/5.0 (Macintosh; Intel Mac OS X 10_15_7) AppleWebKit/537.36 (KHTML, like Gecko) Chrome/120.0.0.0 Safari/537.36"
42.79.180.180 - - [22/Aug/2026:12:23:57 +0800] "GET /wp-content/uploads/sites/1984/2025/09/%E8%8F%AF%E8%A6%96%E6%96%B0%E8%81%9E%E9%9B%9C%E8%AA%8C.png HTTP/1.1" 200 548542 "https://www.dses.ilc.edu.tw/" "Mozilla/5.0 (iPhone; CPU iPhone OS 26_5_0 like Mac OS X) AppleWebKit/605.1.15 (KHTML, like Gecko) GSA/434.2.961627397 Mobile/15E148 Safari/604.1"
17.241.227.207 - - [22/Aug/2026:12:23:57 +0800] "GET /wp-content/cache/www.ltes.ilc.edu.tw/wpfc-minified/e59oocir/6w60.js HTTP/1.1" 200 35557 "https://www.ltes.ilc.edu.tw/2016/03/04/%e5%bc%b7%e5%8c%96%e5%ad%b8%e7%94%9f%e5%8f%8d%e8%a9%90%e9%a8%99%e6%84%8f%e8%ad%98%e6%a1%88%e4%be%8b%e5%ae%a3%e5%b0%8e/" "Mozilla/5.0 (Macintosh; Intel Mac OS X 10_15_7) AppleWebKit/605.1.15 (KHTML, like Gecko) Version/17.4 Safari/605.1.15 (Applebot/0.1; +http://www.apple.com/go/applebot)"
34.234.206.30 - - [22/Aug/2026:12:23:56 +0800] "GET /englishvillage/wp-content/uploads/sites/3106/2025/06/IMG_1408-scaled.jpeg HTTP/1.1" 200 680938 "-" "Mozilla/5.0 AppleWebKit/537.36 (KHTML, like Gecko; compatible; Amazonbot/0.1; +https://developer.amazon.com/support/amazonbot) Chrome/119.0.6045.214 Safari/537.36"
2001:288:a201::66:125 - - [22/Aug/2026:12:23:58 +0800] "GET /blog/active.php HTTP/1.1" 301 1026 "-" "-"
74.7.242.54 - - [22/Aug/2026:12:23:56 +0800] "GET /26150/?p=6919 HTTP/1.1" 301 894 "https://2blog.ilc.edu.tw/26150/2023/04/21/112%e5%b9%b4%e5%b9%b8%e7%a6%8f%e5%ae%b6%e5%ba%ad%e7%a9%ba%e4%b8%ad%e8%ac%9b%e5%a0%82-%e7%ac%ac04%e9%9b%86/" "Mozilla/5.0 AppleWebKit/537.36 (KHTML, like Gecko; compatible; GPTBot/1.4; +https://openai.com/gptbot)"
2001:288:a201::66:125 - - [22/Aug/2026:12:23:58 +0800] "GET /blog/active.php HTTP/1.1" 404 1084 "-" "-"
42.79.180.180 - - [22/Aug/2026:12:23:33 +0800] "GET /wp-content/uploads/sites/1984/2024/04/2024-04-09_214515.png HTTP/1.1" 200 2849525 "https://www.dses.ilc.edu.tw/" "Mozilla/5.0 (iPhone; CPU iPhone OS 26_5_0 like Mac OS X) AppleWebKit/605.1.15 (KHTML, like Gecko) GSA/434.2.961627397 Mobile/15E148 Safari/604.1"
17.241.227.207 - - [22/Aug/2026:12:23:59 +0800] "GET /wp-includes/js/imagesloaded.min.js HTTP/1.1" 200 2683 "https://www.ltes.ilc.edu.tw/2016/03/04/%e5%bc%b7%e5%8c%96%e5%ad%b8%e7%94%9f%e5%8f%8d%e8%a9%90%e9%a8%99%e6%84%8f%e8%ad%98%e6%a1%88%e4%be%8b%e5%ae%a3%e5%b0%8e/" "Mozilla/5.0 (Macintosh; Intel Mac OS X 10_15_7) AppleWebKit/605.1.15 (KHTML, like Gecko) Version/17.4 Safari/605.1.15 (Applebot/0.1; +http://www.apple.com/go/applebot)"
140.111.67.10 - - [22/Aug/2026:12:23:59 +0800] "GET /" 301 273 "-" "-"
34.171.68.95 - - [22/Aug/2026:12:23:59 +0800] "GET /6569/wp-json/oembed/1.0/embed?url=https://2blog.ilc.edu.tw/6569/2020/11/19/109_3-2_%25e7%25a9%25ba%25e6%25b0%25a3%25e5%2593%2581%25e8%25b3%25aa%25e8%25ad%25a6%25e7%25a4%25ba%25e6%2596%25b9%25e5%25bc%258f/ HTTP/1.1" 200 8319 "-" "Mozilla/5.0 (Macintosh; Intel Mac OS X 10_15_7) AppleWebKit/537.36 (KHTML, like Gecko) Chrome/120.0.0.0 Safari/537.36"
42.79.180.180 - - [22/Aug/2026:12:24:00 +0800] "GET /wp-content/uploads/sites/1984/2024/04/112%E6%A8%82%E6%A8%82%E6%A3%92%E5%86%A0%E8%BB%8D.png HTTP/1.1" 200 631074 "https://www.dses.ilc.edu.tw/" "Mozilla/5.0 (iPhone; CPU iPhone OS 26_5_0 like Mac OS X) AppleWebKit/605.1.15 (KHTML, like Gecko) GSA/434.2.961627397 Mobile/15E148 Safari/604.1"
17.241.227.207 - - [22/Aug/2026:12:24:00 +0800] "GET /wp-includes/js/hoverintent-js.min.js HTTP/1.1" 200 1597 "https://www.ltes.ilc.edu.tw/2016/03/04/%e5%bc%b7%e5%8c%96%e5%ad%b8%e7%94%9f%e5%8f%8d%e8%a9%90%e9%a8%99%e6%84%8f%e8%ad%98%e6%a1%88%e4%be%8b%e5%ae%a3%e5%b0%8e/" "Mozilla/5.0 (Macintosh; Intel Mac OS X 10_15_7) AppleWebKit/605.1.15 (KHTML, like Gecko) Version/17.4 Safari/605.1.15 (Applebot/0.1; +http://www.apple.com/go/applebot)"
74.7.242.54 - - [22/Aug/2026:12:23:58 +0800] "GET /26150/?p=7257 HTTP/1.1" 301 987 "https://2blog.ilc.edu.tw/26150/2024/03/12/%e8%bd%89%e7%9f%a5%e5%ae%9c%e8%98%ad%e7%b8%a3%e7%89%b9%e6%ae%8a%e6%95%99%e8%82%b2%e5%ad%b8%e6%a0%a1%e8%be%a6%e7%90%86%e8%a6%aa%e8%81%b7%e6%95%99%e8%82%b2%e5%b7%a5%e4%bd%9c%e7%b3%bb%e5%88%97%e8%ac%9b/" "Mozilla/5.0 AppleWebKit/537.36 (KHTML, like Gecko; compatible; GPTBot/1.4; +https://openai.com/gptbot)"
18.207.79.144 - - [22/Aug/2026:12:24:00 +0800] "GET /6043/wp-json/wp/v2/posts?categories=58 HTTP/1.1" 200 112563 "-" "Mozilla/5.0 AppleWebKit/537.36 (KHTML, like Gecko; compatible; Amazonbot/0.1; +https://developer.amazon.com/support/amazonbot) Chrome/119.0.6045.214 Safari/537.36"
42.79.180.180 - - [22/Aug/2026:12:24:01 +0800] "GET /wp-content/uploads/sites/1984/2024/03/%E4%B8%89%E5%95%86%E7%BE%8E%E9%82%A6%E6%A8%82%E6%A8%82%E6%A3%92-.png HTTP/1.1" 200 957348 "https://www.dses.ilc.edu.tw/" "Mozilla/5.0 (iPhone; CPU iPhone OS 26_5_0 like Mac OS X) AppleWebKit/605.1.15 (KHTML, like Gecko) GSA/434.2.961627397 Mobile/15E148 Safari/604.1"
140.111.67.86 - - [22/Aug/2026:12:24:01 +0800] "GET / HTTP/1.1" 200 56291 "-" "curl/7.81.0"
17.241.227.207 - - [22/Aug/2026:12:24:02 +0800] "GET /wp-content/themes/oceanwp/assets/js/drop-down-mobile-menu.min.js HTTP/1.1" 200 4663 "https://www.ltes.ilc.edu.tw/2016/03/04/%e5%bc%b7%e5%8c%96%e5%ad%b8%e7%94%9f%e5%8f%8d%e8%a9%90%e9%a8%99%e6%84%8f%e8%ad%98%e6%a1%88%e4%be%8b%e5%ae%a3%e5%b0%8e/" "Mozilla/5.0 (Macintosh; Intel Mac OS X 10_15_7) AppleWebKit/605.1.15 (KHTML, like Gecko) Version/17.4 Safari/605.1.15 (Applebot/0.1; +http://www.apple.com/go/applebot)"
2001:288:a201::67:82 - - [22/Aug/2026:12:24:02 +0800] "GET / HTTP/1.1" 200 56291 "-" "curl/7.81.0"
74.7.228.185 - - [22/Aug/2026:12:24:00 +0800] "GET /wp-content/uploads/sites/1413/5027/5027-4172264.pdf HTTP/1.1" 200 2198537 "-" "Mozilla/5.0 (Macintosh; Intel Mac OS X 10_15_7) AppleWebKit/537.36 (KHTML, like Gecko) Chrome/131.0.0.0 Safari/537.36; compatible; OAI-SearchBot/1.4; +https://openai.com/searchbot"
54.159.18.27 - - [22/Aug/2026:12:24:02 +0800] "GET /6450/wp-json/wp/v2/posts/%22https:/2blog.ilc.edu.tw/wp-content/uploads/sites/2724/6450/6450-4214193.jpg/%22 HTTP/1.1" 404 6131 "-" "Mozilla/5.0 AppleWebKit/537.36 (KHTML, like Gecko; compatible; Amazonbot/0.1; +https://developer.amazon.com/support/amazonbot) Chrome/119.0.6045.214 Safari/537.36"
74.7.242.54 - - [22/Aug/2026:12:24:00 +0800] "GET /26150/?p=5633 HTTP/1.1" 301 989 "https://2blog.ilc.edu.tw/26150/2021/03/25/%e3%80%8e%e5%82%be%e8%81%bd%e8%88%87%e9%97%9c%e6%84%9b%e3%80%8f%ef%bd%9e%e5%a9%9a%e5%a7%bb%e8%88%87%e8%a6%aa%e8%81%b7%e6%95%99%e8%82%b2%e6%88%90%e9%95%b7%e5%9c%98%e9%ab%94%e6%96%bc5%e6%9c%882%e6%97%a5/" "Mozilla/5.0 AppleWebKit/537.36 (KHTML, like Gecko; compatible; GPTBot/1.4; +https://openai.com/gptbot)"
42.79.180.180 - - [22/Aug/2026:12:24:03 +0800] "GET /wp-content/uploads/sites/1984/2023/12/%E8%B2%9D%E8%B2%9D%E5%B0%8F%E6%8F%90%E7%90%B4.png HTTP/1.1" 200 504254 "https://www.dses.ilc.edu.tw/" "Mozilla/5.0 (iPhone; CPU iPhone OS 26_5_0 like Mac OS X) AppleWebKit/605.1.15 (KHTML, like Gecko) GSA/434.2.961627397 Mobile/15E148 Safari/604.1"
2001:288:a201::66:125 - - [22/Aug/2026:12:24:03 +0800] "GET /blog/active.php HTTP/1.1" 301 1026 "-" "-"
2001:288:a201::66:125 - - [22/Aug/2026:12:24:03 +0800] "GET /blog/active.php HTTP/1.1" 404 1084 "-" "-"
17.241.227.207 - - [22/Aug/2026:12:24:03 +0800] "GET /wp-includes/js/admin-bar.min.js HTTP/1.1" 200 2237 "https://www.ltes.ilc.edu.tw/2016/03/04/%e5%bc%b7%e5%8c%96%e5%ad%b8%e7%94%9f%e5%8f%8d%e8%a9%90%e9%a8%99%e6%84%8f%e8%ad%98%e6%a1%88%e4%be%8b%e5%ae%a3%e5%b0%8e/" "Mozilla/5.0 (Macintosh; Intel Mac OS X 10_15_7) AppleWebKit/605.1.15 (KHTML, like Gecko) Version/17.4 Safari/605.1.15 (Applebot/0.1; +http://www.apple.com/go/applebot)"
82.119.201.54 - - [22/Aug/2026:12:24:03 +0800] "GET /englishvillage/wp-content/uploads/sites/3106/2024/06/S__122552390_0-300x225.jpg HTTP/1.1" 200 25099 "https://2blog.ilc.edu.tw/englishvillage/2024/06/07/20240607%E3%80%90%E5%8D%97%E5%B1%8F%E2%96%AA%E5%8A%9B%E8%A1%8C%E2%96%AA%E8%93%AC%E8%90%8A-%E3%80%91%E9%80%B2%E6%9D%91%E4%BA%86%EF%BC%81/" "Mozilla/5.0 (Macintosh; Intel Mac OS X 10_15_7) AppleWebKit/537.36 (KHTML, like Gecko) Chrome/131.0.0.0 Safari/537.36"
100.29.128.75 - - [22/Aug/2026:12:24:03 +0800] "GET /wp-content/uploads/sites/1585/staatic/resources/8/21651fa733a782621debf0c539781a19f0fe9e2 HTTP/1.1" 200 2776 "-" "Mozilla/5.0 AppleWebKit/537.36 (KHTML, like Gecko; compatible; Amazonbot/0.1; +https://developer.amazon.com/support/amazonbot) Chrome/119.0.6045.214 Safari/537.36"
82.119.201.54 - - [22/Aug/2026:12:24:04 +0800] "GET /englishvillage/wp-content/uploads/sites/3106/2024/06/S__122552357_0-300x225.jpg HTTP/1.1" 200 18381 "https://2blog.ilc.edu.tw/englishvillage/2024/06/07/20240607%E3%80%90%E5%8D%97%E5%B1%8F%E2%96%AA%E5%8A%9B%E8%A1%8C%E2%96%AA%E8%93%AC%E8%90%8A-%E3%80%91%E9%80%B2%E6%9D%91%E4%BA%86%EF%BC%81/" "Mozilla/5.0 (Macintosh; Intel Mac OS X 10_15_7) AppleWebKit/537.36 (KHTML, like Gecko) Chrome/131.0.0.0 Safari/537.36"
140.111.67.10 - - [22/Aug/2026:12:24:04 +0800] "GET /" 301 273 "-" "-"
42.79.180.180 - - [22/Aug/2026:12:24:04 +0800] "GET /wp-content/uploads/sites/1984/2023/12/112%E9%99%B6%E7%AC%9B%E6%AF%94%E8%B3%BD%E5%84%AA%E7%AD%89.png HTTP/1.1" 200 328550 "https://www.dses.ilc.edu.tw/" "Mozilla/5.0 (iPhone; CPU iPhone OS 26_5_0 like Mac OS X) AppleWebKit/605.1.15 (KHTML, like Gecko) GSA/434.2.961627397 Mobile/15E148 Safari/604.1"
17.241.227.207 - - [22/Aug/2026:12:24:05 +0800] "GET /wp-content/themes/oceanwp/assets/js/drop-down-search.min.js HTTP/1.1" 200 2968 "https://www.ltes.ilc.edu.tw/2016/03/04/%e5%bc%b7%e5%8c%96%e5%ad%b8%e7%94%9f%e5%8f%8d%e8%a9%90%e9%a8%99%e6%84%8f%e8%ad%98%e6%a1%88%e4%be%8b%e5%ae%a3%e5%b0%8e/" "Mozilla/5.0 (Macintosh; Intel Mac OS X 10_15_7) AppleWebKit/605.1.15 (KHTML, like Gecko) Version/17.4 Safari/605.1.15 (Applebot/0.1; +http://www.apple.com/go/applebot)"
166.88.138.156 - - [22/Aug/2026:12:24:04 +0800] "GET /englishvillage/wp-content/uploads/sites/3106/2024/06/S__16687113_0.jpg HTTP/1.1" 200 748839 "https://2blog.ilc.edu.tw/englishvillage/2024/06/07/20240607%E3%80%90%E5%8D%97%E5%B1%8F%E2%96%AA%E5%8A%9B%E8%A1%8C%E2%96%AA%E8%93%AC%E8%90%8A-%E3%80%91%E9%80%B2%E6%9D%91%E4%BA%86%EF%BC%81/" "Mozilla/5.0 (Macintosh; Intel Mac OS X 10_15_7) AppleWebKit/537.36 (KHTML, like Gecko) Chrome/131.0.0.0 Safari/537.36"
74.7.242.54 - - [22/Aug/2026:12:24:03 +0800] "GET /26150/?p=3252 HTTP/1.1" 301 967 "https://2blog.ilc.edu.tw/26150/2016/03/22/105%e5%b9%b4%e5%ba%a61-6%e6%9c%88%e6%b4%bb%e5%8b%95%e4%b8%80%e8%a6%bd%e8%a1%a8-%e6%ad%a1%e8%bf%8e%e6%b0%91%e7%9c%be%e8%b8%b4%e8%ba%8d%e5%a0%b1%e5%90%8d%e5%8f%83%e8%88%87%e3%80%82/" "Mozilla/5.0 AppleWebKit/537.36 (KHTML, like Gecko; compatible; GPTBot/1.4; +https://openai.com/gptbot)"
166.88.138.156 - - [22/Aug/2026:12:24:04 +0800] "GET /englishvillage/wp-content/uploads/sites/3106/2024/06/S__122552384_0.jpg HTTP/1.1" 200 379772 "https://2blog.ilc.edu.tw/englishvillage/2024/06/07/20240607%E3%80%90%E5%8D%97%E5%B1%8F%E2%96%AA%E5%8A%9B%E8%A1%8C%E2%96%AA%E8%93%AC%E8%90%8A-%E3%80%91%E9%80%B2%E6%9D%91%E4%BA%86%EF%BC%81/" "Mozilla/5.0 (Macintosh; Intel Mac OS X 10_15_7) AppleWebKit/537.36 (KHTML, like Gecko) Chrome/131.0.0.0 Safari/537.36"
181.177.111.118 - - [22/Aug/2026:12:24:05 +0800] "GET /wp-login.php?action=ilc_logout&_wpnonce=020ea612b9&redirect_to=https://skechersstore.us/ HTTP/1.1" 302 8230 "-" "Mozilla/5.0 (Windows NT 10.0; Win64; x64) AppleWebKit/537.36 (KHTML, like Gecko) Chrome/134.0.0.0 Safari/537.36"
23.229.107.107 - - [22/Aug/2026:12:24:05 +0800] "GET /englishvillage/wp-content/uploads/sites/3106/2024/06/S__122552352_0-768x576.jpg HTTP/1.1" 200 91176 "https://2blog.ilc.edu.tw/englishvillage/2024/06/07/20240607%E3%80%90%E5%8D%97%E5%B1%8F%E2%96%AA%E5%8A%9B%E8%A1%8C%E2%96%AA%E8%93%AC%E8%90%8A-%E3%80%91%E9%80%B2%E6%9D%91%E4%BA%86%EF%BC%81/" "Mozilla/5.0 (Macintosh; Intel Mac OS X 10_15_7) AppleWebKit/537.36 (KHTML, like Gecko) Chrome/131.0.0.0 Safari/537.36"
166.88.138.156 - - [22/Aug/2026:12:24:05 +0800] "GET /englishvillage/wp-content/uploads/sites/3106/2024/06/S__16687109_0-768x576.jpg HTTP/1.1" 200 153597 "https://2blog.ilc.edu.tw/englishvillage/2024/06/07/20240607%E3%80%90%E5%8D%97%E5%B1%8F%E2%96%AA%E5%8A%9B%E8%A1%8C%E2%96%AA%E8%93%AC%E8%90%8A-%E3%80%91%E9%80%B2%E6%9D%91%E4%BA%86%EF%BC%81/" "Mozilla/5.0 (Macintosh; Intel Mac OS X 10_15_7) AppleWebKit/537.36 (KHTML, like Gecko) Chrome/131.0.0.0 Safari/537.36"
23.27.68.70 - - [22/Aug/2026:12:24:06 +0800] "GET /englishvillage/wp-content/uploads/sites/3106/2024/06/S__16687123_0-300x225.jpg HTTP/1.1" 200 30305 "https://2blog.ilc.edu.tw/englishvillage/2024/06/07/20240607%E3%80%90%E5%8D%97%E5%B1%8F%E2%96%AA%E5%8A%9B%E8%A1%8C%E2%96%AA%E8%93%AC%E8%90%8A-%E3%80%91%E9%80%B2%E6%9D%91%E4%BA%86%EF%BC%81/" "Mozilla/5.0 (Macintosh; Intel Mac OS X 10_15_7) AppleWebKit/537.36 (KHTML, like Gecko) Chrome/131.0.0.0 Safari/537.36"
23.27.68.70 - - [22/Aug/2026:12:24:06 +0800] "GET /englishvillage/wp-content/uploads/sites/3106/2024/06/S__122552368_0-300x225.jpg HTTP/1.1" 200 22736 "https://2blog.ilc.edu.tw/englishvillage/2024/06/07/20240607%E3%80%90%E5%8D%97%E5%B1%8F%E2%96%AA%E5%8A%9B%E8%A1%8C%E2%96%AA%E8%93%AC%E8%90%8A-%E3%80%91%E9%80%B2%E6%9D%91%E4%BA%86%EF%BC%81/" "Mozilla/5.0 (Macintosh; Intel Mac OS X 10_15_7) AppleWebKit/537.36 (KHTML, like Gecko) Chrome/131.0.0.0 Safari/537.36"
166.88.138.156 - - [22/Aug/2026:12:24:04 +0800] "GET /englishvillage/wp-content/uploads/sites/3106/2024/06/S__122552392_0-1024x768.jpg HTTP/1.1" 200 139716 "https://2blog.ilc.edu.tw/englishvillage/2024/06/07/20240607%E3%80%90%E5%8D%97%E5%B1%8F%E2%96%AA%E5%8A%9B%E8%A1%8C%E2%96%AA%E8%93%AC%E8%90%8A-%E3%80%91%E9%80%B2%E6%9D%91%E4%BA%86%EF%BC%81/" "Mozilla/5.0 (Macintosh; Intel Mac OS X 10_15_7) AppleWebKit/537.36 (KHTML, like Gecko) Chrome/131.0.0.0 Safari/537.36"
23.27.68.70 - - [22/Aug/2026:12:24:06 +0800] "GET /englishvillage/wp-content/uploads/sites/3106/2024/06/S__122552380_0-300x225.jpg HTTP/1.1" 200 18430 "https://2blog.ilc.edu.tw/englishvillage/2024/06/07/20240607%E3%80%90%E5%8D%97%E5%B1%8F%E2%96%AA%E5%8A%9B%E8%A1%8C%E2%96%AA%E8%93%AC%E8%90%8A-%E3%80%91%E9%80%B2%E6%9D%91%E4%BA%86%EF%BC%81/" "Mozilla/5.0 (Macintosh; Intel Mac OS X 10_15_7) AppleWebKit/537.36 (KHTML, like Gecko) Chrome/131.0.0.0 Safari/537.36"
23.27.68.70 - - [22/Aug/2026:12:24:06 +0800] "GET /englishvillage/wp-content/uploads/sites/3106/2024/06/S__122552349_0-1024x768.jpg HTTP/1.1" 200 72117 "https://2blog.ilc.edu.tw/englishvillage/2024/06/07/20240607%E3%80%90%E5%8D%97%E5%B1%8F%E2%96%AA%E5%8A%9B%E8%A1%8C%E2%96%AA%E8%93%AC%E8%90%8A-%E3%80%91%E9%80%B2%E6%9D%91%E4%BA%86%EF%BC%81/" "Mozilla/5.0 (Macintosh; Intel Mac OS X 10_15_7) AppleWebKit/537.36 (KHTML, like Gecko) Chrome/131.0.0.0 Safari/537.36"
17.241.227.207 - - [22/Aug/2026:12:24:06 +0800] "GET /wp-content/themes/oceanwp/assets/js/ow-lightbox.min.js HTTP/1.1" 200 2321 "https://www.ltes.ilc.edu.tw/2016/03/04/%e5%bc%b7%e5%8c%96%e5%ad%b8%e7%94%9f%e5%8f%8d%e8%a9%90%e9%a8%99%e6%84%8f%e8%ad%98%e6%a1%88%e4%be%8b%e5%ae%a3%e5%b0%8e/" "Mozilla/5.0 (Macintosh; Intel Mac OS X 10_15_7) AppleWebKit/605.1.15 (KHTML, like Gecko) Version/17.4 Safari/605.1.15 (Applebot/0.1; +http://www.apple.com/go/applebot)"
23.27.68.70 - - [22/Aug/2026:12:24:05 +0800] "GET /englishvillage/wp-content/uploads/sites/3106/2024/06/S__122552342_0-1024x768.jpg HTTP/1.1" 200 113944 "https://2blog.ilc.edu.tw/englishvillage/2024/06/07/20240607%E3%80%90%E5%8D%97%E5%B1%8F%E2%96%AA%E5%8A%9B%E8%A1%8C%E2%96%AA%E8%93%AC%E8%90%8A-%E3%80%91%E9%80%B2%E6%9D%91%E4%BA%86%EF%BC%81/" "Mozilla/5.0 (Macintosh; Intel Mac OS X 10_15_7) AppleWebKit/537.36 (KHTML, like Gecko) Chrome/131.0.0.0 Safari/537.36"
23.229.107.107 - - [22/Aug/2026:12:24:06 +0800] "GET /englishvillage/wp-content/uploads/sites/3106/2024/06/S__122552363_0-1024x768.jpg HTTP/1.1" 200 99327 "https://2blog.ilc.edu.tw/englishvillage/2024/06/07/20240607%E3%80%90%E5%8D%97%E5%B1%8F%E2%96%AA%E5%8A%9B%E8%A1%8C%E2%96%AA%E8%93%AC%E8%90%8A-%E3%80%91%E9%80%B2%E6%9D%91%E4%BA%86%EF%BC%81/" "Mozilla/5.0 (Macintosh; Intel Mac OS X 10_15_7) AppleWebKit/537.36 (KHTML, like Gecko) Chrome/131.0.0.0 Safari/537.36"
42.79.180.180 - - [22/Aug/2026:12:24:06 +0800] "GET /wp-content/uploads/sites/1984/2023/10/%E6%9C%AC%E6%A0%A1%E6%A6%AE%E7%8D%B2%E5%AD%B8%E5%B9%B4%E5%BA%A6%E5%AE%9C%E8%98%AD%E7%B8%A3%E9%99%B6%E7%AC%9B.png HTTP/1.1" 200 327324 "https://www.dses.ilc.edu.tw/" "Mozilla/5.0 (iPhone; CPU iPhone OS 26_5_0 like Mac OS X) AppleWebKit/605.1.15 (KHTML, like Gecko) GSA/434.2.961627397 Mobile/15E148 Safari/604.1"
23.229.107.107 - - [22/Aug/2026:12:24:06 +0800] "GET /englishvillage/wp-content/uploads/sites/3106/2024/06/S__122552362_0.jpg HTTP/1.1" 200 427313 "https://2blog.ilc.edu.tw/englishvillage/2024/06/07/20240607%E3%80%90%E5%8D%97%E5%B1%8F%E2%96%AA%E5%8A%9B%E8%A1%8C%E2%96%AA%E8%93%AC%E8%90%8A-%E3%80%91%E9%80%B2%E6%9D%91%E4%BA%86%EF%BC%81/" "Mozilla/5.0 (Macintosh; Intel Mac OS X 10_15_7) AppleWebKit/537.36 (KHTML, like Gecko) Chrome/131.0.0.0 Safari/537.36"
23.229.107.107 - - [22/Aug/2026:12:24:06 +0800] "GET /englishvillage/wp-content/uploads/sites/3106/2024/06/S__122552360_0-768x576.jpg HTTP/1.1" 200 98583 "https://2blog.ilc.edu.tw/englishvillage/2024/06/07/20240607%E3%80%90%E5%8D%97%E5%B1%8F%E2%96%AA%E5%8A%9B%E8%A1%8C%E2%96%AA%E8%93%AC%E8%90%8A-%E3%80%91%E9%80%B2%E6%9D%91%E4%BA%86%EF%BC%81/" "Mozilla/5.0 (Macintosh; Intel Mac OS X 10_15_7) AppleWebKit/537.36 (KHTML, like Gecko) Chrome/131.0.0.0 Safari/537.36"
23.229.107.107 - - [22/Aug/2026:12:24:07 +0800] "GET /englishvillage/wp-content/uploads/sites/3106/2024/06/S__122552379_0-768x576.jpg HTTP/1.1" 200 54295 "https://2blog.ilc.edu.tw/englishvillage/2024/06/07/20240607%E3%80%90%E5%8D%97%E5%B1%8F%E2%96%AA%E5%8A%9B%E8%A1%8C%E2%96%AA%E8%93%AC%E8%90%8A-%E3%80%91%E9%80%B2%E6%9D%91%E4%BA%86%EF%BC%81/" "Mozilla/5.0 (Macintosh; Intel Mac OS X 10_15_7) AppleWebKit/537.36 (KHTML, like Gecko) Chrome/131.0.0.0 Safari/537.36"
42.79.180.180 - - [22/Aug/2026:12:24:07 +0800] "GET /wp-content/uploads/sites/1984/2023/10/%E6%96%B0%E5%A2%9E%E6%A8%99%E9%A1%8C.png HTTP/1.1" 200 526817 "https://www.dses.ilc.edu.tw/" "Mozilla/5.0 (iPhone; CPU iPhone OS 26_5_0 like Mac OS X) AppleWebKit/605.1.15 (KHTML, like Gecko) GSA/434.2.961627397 Mobile/15E148 Safari/604.1"
74.7.242.54 - - [22/Aug/2026:12:24:05 +0800] "GET /26150/?p=5206 HTTP/1.1" 301 981 "https://2blog.ilc.edu.tw/26150/2021/02/06/%e5%87%bd%e8%bd%89%e5%85%a7%e6%94%bf%e9%83%a8%e8%be%a6%e7%90%86%e4%b9%8b%e3%80%8c110%e5%b9%b4%e5%85%a8%e5%9c%8b%e5%ad%9d%e8%a1%8c%e7%8d%8e%e6%b4%bb%e5%8b%95%e5%af%a6%e6%96%bd%e8%a8%88%e7%95%ab/" "Mozilla/5.0 AppleWebKit/537.36 (KHTML, like Gecko; compatible; GPTBot/1.4; +https://openai.com/gptbot)"
42.79.180.180 - - [22/Aug/2026:12:24:07 +0800] "GET /wp-content/uploads/sites/1984/2023/10/%E6%9C%AC%E6%A0%A1%E8%94%A1O%E9%9C%93%E5%90%8C%E5%AD%B8-1.png HTTP/1.1" 200 457320 "https://www.dses.ilc.edu.tw/" "Mozilla/5.0 (iPhone; CPU iPhone OS 26_5_0 like Mac OS X) AppleWebKit/605.1.15 (KHTML, like Gecko) GSA/434.2.961627397 Mobile/15E148 Safari/604.1"
54.235.191.179 - - [22/Aug/2026:12:24:07 +0800] "GET /wp-content/uploads/sites/2813/6488/6488-3322498.jpg HTTP/1.1" 200 24549 "-" "Mozilla/5.0 AppleWebKit/537.36 (KHTML, like Gecko; compatible; Amazonbot/0.1; +https://developer.amazon.com/support/amazonbot) Chrome/119.0.6045.214 Safari/537.36"
52.0.41.164 - - [22/Aug/2026:12:24:07 +0800] "GET /wp-content/uploads/sites/138/2021/11/?C=S;O%3DA HTTP/1.1" 200 1112 "-" "Mozilla/5.0 AppleWebKit/537.36 (KHTML, like Gecko; compatible; Amazonbot/0.1; +https://developer.amazon.com/support/amazonbot) Chrome/119.0.6045.214 Safari/537.36"
17.241.227.207 - - [22/Aug/2026:12:24:07 +0800] "GET /wp-content/plugins/ocean-extra/includes/widgets/js/flickr.min.js HTTP/1.1" 200 1319 "https://www.ltes.ilc.edu.tw/2016/03/04/%e5%bc%b7%e5%8c%96%e5%ad%b8%e7%94%9f%e5%8f%8d%e8%a9%90%e9%a8%99%e6%84%8f%e8%ad%98%e6%a1%88%e4%be%8b%e5%ae%a3%e5%b0%8e/" "Mozilla/5.0 (Macintosh; Intel Mac OS X 10_15_7) AppleWebKit/605.1.15 (KHTML, like Gecko) Version/17.4 Safari/605.1.15 (Applebot/0.1; +http://www.apple.com/go/applebot)"
2001:288:a201::66:125 - - [22/Aug/2026:12:24:08 +0800] "GET /blog/active.php HTTP/1.1" 301 1026 "-" "-"
2001:288:a201::66:125 - - [22/Aug/2026:12:24:08 +0800] "GET /blog/active.php HTTP/1.1" 404 1084 "-" "-"
23.229.107.107 - - [22/Aug/2026:12:24:07 +0800] "GET /englishvillage/wp-content/uploads/sites/3106/2024/06/S__122552373_0-768x576.jpg HTTP/1.1" 200 102087 "https://2blog.ilc.edu.tw/englishvillage/2024/06/07/20240607%E3%80%90%E5%8D%97%E5%B1%8F%E2%96%AA%E5%8A%9B%E8%A1%8C%E2%96%AA%E8%93%AC%E8%90%8A-%E3%80%91%E9%80%B2%E6%9D%91%E4%BA%86%EF%BC%81/" "Mozilla/5.0 (Macintosh; Intel Mac OS X 10_15_7) AppleWebKit/537.36 (KHTML, like Gecko) Chrome/131.0.0.0 Safari/537.36"
::1 - - [22/Aug/2026:12:24:08 +0800] "OPTIONS * HTTP/1.0" 200 110 "-" "Apache/2.4.68 (Ubuntu) OpenSSL/3.0.19 (internal dummy connection)"
140.111.67.10 - - [22/Aug/2026:12:24:09 +0800] "GET /" 301 273 "-" "-"
74.7.242.54 - - [22/Aug/2026:12:24:07 +0800] "GET /26150/?p=3503 HTTP/1.1" 301 946 "https://2blog.ilc.edu.tw/26150/2018/01/23/106%e5%b9%b4%e5%ba%a6%e5%ae%9c%e8%98%ad%e7%b8%a3%e5%ae%b6%e6%95%99%e8%82%b2%e5%8a%87%e5%9c%98-%e5%ad%9d%e5%ad%90%e4%b8%8d%e5%ad%9d%e3%80%8c%e9%a0%86%e3%80%8d/" "Mozilla/5.0 AppleWebKit/537.36 (KHTML, like Gecko; compatible; GPTBot/1.4; +https://openai.com/gptbot)"
::1 - - [22/Aug/2026:12:24:09 +0800] "OPTIONS * HTTP/1.0" 200 110 "-" "Apache/2.4.68 (Ubuntu) OpenSSL/3.0.19 (internal dummy connection)"
42.79.180.180 - - [22/Aug/2026:12:24:09 +0800] "GET /wp-content/uploads/sites/1984/2023/10/%E5%B0%96%E9%BE%9C%E8%9C%9C%E5%A5%BD%E6%AD%A1%E5%96%9C-760-%C3%97-480-%E5%83%8F%E7%B4%A0-2.png HTTP/1.1" 200 647379 "https://www.dses.ilc.edu.tw/" "Mozilla/5.0 (iPhone; CPU iPhone OS 26_5_0 like Mac OS X) AppleWebKit/605.1.15 (KHTML, like Gecko) GSA/434.2.961627397 Mobile/15E148 Safari/604.1"
42.79.180.180 - - [22/Aug/2026:12:24:10 +0800] "GET /wp-content/uploads/sites/1984/2023/10/%E5%B0%96%E9%BE%9C%E8%9C%9C%E5%A5%BD%E6%AD%A1%E5%96%9C-760-%C3%97-480-%E5%83%8F%E7%B4%A0-1.png HTTP/1.1" 200 554494 "https://www.dses.ilc.edu.tw/" "Mozilla/5.0 (iPhone; CPU iPhone OS 26_5_0 like Mac OS X) AppleWebKit/605.1.15 (KHTML, like Gecko) GSA/434.2.961627397 Mobile/15E148 Safari/604.1"
74.7.242.54 - - [22/Aug/2026:12:24:09 +0800] "GET /26150/?p=6851 HTTP/1.1" 301 981 "https://2blog.ilc.edu.tw/26150/2023/03/23/112%e5%b9%b4%e5%ba%a6%e3%80%8e%e7%89%bd%e6%89%8b%ef%bc%8c%e5%82%be%e8%81%bd%e8%88%87%e9%97%9c%e6%84%9b%e3%80%8f%e5%a9%9a%e5%a7%bb%e8%88%87%e8%a6%aa%e8%81%b7%e6%95%99%e8%82%b2%e6%88%90%e9%95%b7/" "Mozilla/5.0 AppleWebKit/537.36 (KHTML, like Gecko; compatible; GPTBot/1.4; +https://openai.com/gptbot)"
20.125.101.194 - - [22/Aug/2026:12:24:11 +0800] "GET /26064/wp-content/uploads/sites/1066/2018/12/06-%E5%AE%9A%E6%A1%88112%E5%AD%B8%E5%B9%B4%E5%BA%A6%E5%AE%9C%E8%98%AD%E7%B8%A3%E5%9C%8B%E6%B0%91%E4%B8%AD%E5%AD%B8%E5%AD%B8%E5%8D%80%E5%8A%83%E5%88%86%E4%B8%80%E8%A6%BD%E8%A1%A8.pdf HTTP/1.1" 200 241046 "-" "Mozilla/5.0 (compatible; MSR-Financial-PDF-Scorer/1.0)"
34.10.180.98 - - [22/Aug/2026:12:24:12 +0800] "GET /2017/03/18/106%E5%B9%B403%E6%9C%8818%E6%97%A5-%E7%9B%B4%E6%8E%92%E8%BC%AA%E7%B7%B4%E7%BF%92/ HTTP/1.1" 200 27689 "-" "Mozilla/5.0 (Macintosh; Intel Mac OS X 10_15_7) AppleWebKit/537.36 (KHTML, like Gecko) Chrome/120.0.0.0 Safari/537.36"
74.7.242.54 - - [22/Aug/2026:12:24:11 +0800] "GET /26150/?p=5775 HTTP/1.1" 301 984 "https://2blog.ilc.edu.tw/26150/2021/05/14/%e3%80%90%e6%b4%bb%e5%8b%95%e5%bb%b6%e6%9c%9f%e3%80%91%e5%9b%a0%e6%87%89%e7%96%ab%e6%83%85%e8%ad%a6%e6%88%92%e5%8d%87%e7%b4%9a%ef%bc%8c%e5%8e%9f%e5%ae%9a110%e5%b9%b45%e6%9c%8824%e6%97%a5%e6%98%9f/" "Mozilla/5.0 AppleWebKit/537.36 (KHTML, like Gecko; compatible; GPTBot/1.4; +https://openai.com/gptbot)"
2001:288:a201::66:125 - - [22/Aug/2026:12:24:13 +0800] "GET /blog/active.php HTTP/1.1" 301 1026 "-" "-"
2001:288:a201::66:125 - - [22/Aug/2026:12:24:13 +0800] "GET /blog/active.php HTTP/1.1" 404 1084 "-" "-"
::1 - - [22/Aug/2026:12:24:13 +0800] "OPTIONS * HTTP/1.0" 200 110 "-" "Apache/2.4.68 (Ubuntu) OpenSSL/3.0.19 (internal dummy connection)"
140.111.67.10 - - [22/Aug/2026:12:24:14 +0800] "GET /" 301 273 "-" "-"
118.169.133.38 - - [22/Aug/2026:12:24:14 +0800] "GET / HTTP/1.1" 200 32483 "https://www.google.com/url?q=https://www.chjh.ilc.edu.tw/&sa=U&sqi=2&ved=2ahUKEwiH-YD-sbOWAxXzh68BHZ7mEJkQFnoECBwQAQ&usg=AOvVaw28vzmL2-Ru1gOY3rI2iYlE" "Mozilla/5.0 (iPhone; CPU iPhone OS 26_6_0 like Mac OS X) AppleWebKit/605.1.15 (KHTML, like Gecko) GSA/433.5.957829776 Mobile/15E148 Safari/604.1"
42.79.180.180 - - [22/Aug/2026:12:24:14 +0800] "GET /wp-content/uploads/sites/1984/2023/09/IMG_7433-5-1-scaled.jpg HTTP/1.1" 200 1296712 "https://www.dses.ilc.edu.tw/" "Mozilla/5.0 (iPhone; CPU iPhone OS 26_5_0 like Mac OS X) AppleWebKit/605.1.15 (KHTML, like Gecko) GSA/434.2.961627397 Mobile/15E148 Safari/604.1"
54.147.238.89 - - [22/Aug/2026:12:24:14 +0800] "GET /6043/wp-json/wp/v2/%22https:/2blog.ilc.edu.tw/wp-content/uploads/sites/207/6043/6043-1674867.jpg/%22 HTTP/1.1" 404 6131 "-" "Mozilla/5.0 AppleWebKit/537.36 (KHTML, like Gecko; compatible; Amazonbot/0.1; +https://developer.amazon.com/support/amazonbot) Chrome/119.0.6045.214 Safari/537.36"
118.169.133.38 - - [22/Aug/2026:12:24:14 +0800] "GET /wp-content/cache/www.chjh.ilc.edu.tw/wpfc-minified/ee8a0dvs/6vy4.css HTTP/1.1" 200 45684 "https://www.chjh.ilc.edu.tw/" "Mozilla/5.0 (iPhone; CPU iPhone OS 26_6_0 like Mac OS X) AppleWebKit/605.1.15 (KHTML, like Gecko) GSA/433.5.957829776 Mobile/15E148 Safari/604.1"
118.169.133.38 - - [22/Aug/2026:12:24:14 +0800] "GET /wp-content/cache/www.chjh.ilc.edu.tw/wpfc-minified/4uxh7t9/6vy4.css HTTP/1.1" 200 1711 "https://www.chjh.ilc.edu.tw/" "Mozilla/5.0 (iPhone; CPU iPhone OS 26_6_0 like Mac OS X) AppleWebKit/605.1.15 (KHTML, like Gecko) GSA/433.5.957829776 Mobile/15E148 Safari/604.1"
118.169.133.38 - - [22/Aug/2026:12:24:14 +0800] "GET /wp-content/uploads/sites/1482/elementor/css/post-2.css HTTP/1.1" 200 1150 "https://www.chjh.ilc.edu.tw/" "Mozilla/5.0 (iPhone; CPU iPhone OS 26_6_0 like Mac OS X) AppleWebKit/605.1.15 (KHTML, like Gecko) GSA/433.5.957829776 Mobile/15E148 Safari/604.1"
118.169.133.38 - - [22/Aug/2026:12:24:14 +0800] "GET /wp-content/cache/www.chjh.ilc.edu.tw/wpfc-minified/78jy2wn7/6vy4.css HTTP/1.1" 200 5957 "https://www.chjh.ilc.edu.tw/" "Mozilla/5.0 (iPhone; CPU iPhone OS 26_6_0 like Mac OS X) AppleWebKit/605.1.15 (KHTML, like Gecko) GSA/433.5.957829776 Mobile/15E148 Safari/604.1"
118.169.133.38 - - [22/Aug/2026:12:24:14 +0800] "GET /wp-content/cache/www.chjh.ilc.edu.tw/wpfc-minified/mc2crcdt/6vy4.js HTTP/1.1" 200 35559 "https://www.chjh.ilc.edu.tw/" "Mozilla/5.0 (iPhone; CPU iPhone OS 26_6_0 like Mac OS X) AppleWebKit/605.1.15 (KHTML, like Gecko) GSA/433.5.957829776 Mobile/15E148 Safari/604.1"
118.169.133.38 - - [22/Aug/2026:12:24:14 +0800] "GET /wp-content/cache/www.chjh.ilc.edu.tw/wpfc-minified/9iyqo13s/6vy4.css HTTP/1.1" 200 23339 "https://www.chjh.ilc.edu.tw/" "Mozilla/5.0 (iPhone; CPU iPhone OS 26_6_0 like Mac OS X) AppleWebKit/605.1.15 (KHTML, like Gecko) GSA/433.5.957829776 Mobile/15E148 Safari/604.1"
118.169.133.38 - - [22/Aug/2026:12:24:14 +0800] "GET /wp-includes/js/hoverintent-js.min.js HTTP/1.1" 200 1597 "https://www.chjh.ilc.edu.tw/" "Mozilla/5.0 (iPhone; CPU iPhone OS 26_6_0 like Mac OS X) AppleWebKit/605.1.15 (KHTML, like Gecko) GSA/433.5.957829776 Mobile/15E148 Safari/604.1"
118.169.133.38 - - [22/Aug/2026:12:24:14 +0800] "GET /wp-content/cache/www.chjh.ilc.edu.tw/wpfc-minified/e1voqedy/6vy4.css HTTP/1.1" 200 50093 "https://www.chjh.ilc.edu.tw/" "Mozilla/5.0 (iPhone; CPU iPhone OS 26_6_0 like Mac OS X) AppleWebKit/605.1.15 (KHTML, like Gecko) GSA/433.5.957829776 Mobile/15E148 Safari/604.1"
118.169.133.38 - - [22/Aug/2026:12:24:14 +0800] "GET /wp-content/uploads/sites/1482/elementor/css/post-309.css HTTP/1.1" 200 6092 "https://www.chjh.ilc.edu.tw/" "Mozilla/5.0 (iPhone; CPU iPhone OS 26_6_0 like Mac OS X) AppleWebKit/605.1.15 (KHTML, like Gecko) GSA/433.5.957829776 Mobile/15E148 Safari/604.1"
118.169.133.38 - - [22/Aug/2026:12:24:14 +0800] "GET /wp-includes/js/admin-bar.min.js HTTP/1.1" 200 2237 "https://www.chjh.ilc.edu.tw/" "Mozilla/5.0 (iPhone; CPU iPhone OS 26_6_0 like Mac OS X) AppleWebKit/605.1.15 (KHTML, like Gecko) GSA/433.5.957829776 Mobile/15E148 Safari/604.1"
118.169.133.38 - - [22/Aug/2026:12:24:14 +0800] "GET /wp-includes/js/underscore.min.js HTTP/1.1" 200 8191 "https://www.chjh.ilc.edu.tw/" "Mozilla/5.0 (iPhone; CPU iPhone OS 26_6_0 like Mac OS X) AppleWebKit/605.1.15 (KHTML, like Gecko) GSA/433.5.957829776 Mobile/15E148 Safari/604.1"
118.169.133.38 - - [22/Aug/2026:12:24:14 +0800] "GET /wp-content/themes/huemanilc/assets/front/js/scripts.min.js HTTP/1.1" 200 27001 "https://www.chjh.ilc.edu.tw/" "Mozilla/5.0 (iPhone; CPU iPhone OS 26_6_0 like Mac OS X) AppleWebKit/605.1.15 (KHTML, like Gecko) GSA/433.5.957829776 Mobile/15E148 Safari/604.1"
118.169.133.38 - - [22/Aug/2026:12:24:14 +0800] "GET /wp-content/plugins/elementor/assets/js/webpack.runtime.min.js HTTP/1.1" 200 3095 "https://www.chjh.ilc.edu.tw/" "Mozilla/5.0 (iPhone; CPU iPhone OS 26_6_0 like Mac OS X) AppleWebKit/605.1.15 (KHTML, like Gecko) GSA/433.5.957829776 Mobile/15E148 Safari/604.1"
118.169.133.38 - - [22/Aug/2026:12:24:14 +0800] "GET /wp-content/plugins/elementor/assets/lib/waypoints/waypoints.min.js HTTP/1.1" 200 3873 "https://www.chjh.ilc.edu.tw/" "Mozilla/5.0 (iPhone; CPU iPhone OS 26_6_0 like Mac OS X) AppleWebKit/605.1.15 (KHTML, like Gecko) GSA/433.5.957829776 Mobile/15E148 Safari/604.1"
118.169.133.38 - - [22/Aug/2026:12:24:14 +0800] "GET /wp-content/plugins/elementor/assets/js/frontend-modules.min.js HTTP/1.1" 200 19416 "https://www.chjh.ilc.edu.tw/" "Mozilla/5.0 (iPhone; CPU iPhone OS 26_6_0 like Mac OS X) AppleWebKit/605.1.15 (KHTML, like Gecko) GSA/433.5.957829776 Mobile/15E148 Safari/604.1"
74.7.242.54 - - [22/Aug/2026:12:24:13 +0800] "GET /26150/?p=3606 HTTP/1.1" 301 985 "https://2blog.ilc.edu.tw/26150/2018/10/17/107%e5%b9%b4%e5%ba%a6%e7%ac%ac39%e6%ac%a1%e5%b9%b8%e7%a6%8f%e5%ae%b6%e5%ba%ad%e7%a9%ba%e4%b8%ad%e8%ac%9b%e5%a0%82-%e7%a5%96%e7%88%b6%e6%af%8d%e7%af%80%e5%bb%a3%e6%92%ad%e7%89%b9%e8%bc%af-%e7%a5%96/" "Mozilla/5.0 AppleWebKit/537.36 (KHTML, like Gecko; compatible; GPTBot/1.4; +https://openai.com/gptbot)"
118.169.133.38 - - [22/Aug/2026:12:24:14 +0800] "GET /chjh2/wp-content/uploads/sites/1482/2020/02/cropped-Image2.png HTTP/1.1" 200 346217 "https://www.chjh.ilc.edu.tw/" "Mozilla/5.0 (iPhone; CPU iPhone OS 26_6_0 like Mac OS X) AppleWebKit/605.1.15 (KHTML, like Gecko) GSA/433.5.957829776 Mobile/15E148 Safari/604.1"
118.169.133.38 - - [22/Aug/2026:12:24:14 +0800] "GET /wp-includes/js/jquery/ui/core.min.js HTTP/1.1" 200 7986 "https://www.chjh.ilc.edu.tw/" "Mozilla/5.0 (iPhone; CPU iPhone OS 26_6_0 like Mac OS X) AppleWebKit/605.1.15 (KHTML, like Gecko) GSA/433.5.957829776 Mobile/15E148 Safari/604.1"
118.169.133.38 - - [22/Aug/2026:12:24:14 +0800] "GET /wp-content/plugins/elementor/assets/js/frontend.min.js HTTP/1.1" 200 13169 "https://www.chjh.ilc.edu.tw/" "Mozilla/5.0 (iPhone; CPU iPhone OS 26_6_0 like Mac OS X) AppleWebKit/605.1.15 (KHTML, like Gecko) GSA/433.5.957829776 Mobile/15E148 Safari/604.1"
100.28.44.58 - - [22/Aug/2026:12:24:14 +0800] "GET /afterschool/wp-content/uploads/sites/1669/2020/08/1648266_109D081568_109D2034915-284x400.jpg HTTP/1.1" 200 31329 "-" "Mozilla/5.0 AppleWebKit/537.36 (KHTML, like Gecko; compatible; Amazonbot/0.1; +https://developer.amazon.com/support/amazonbot) Chrome/119.0.6045.214 Safari/537.36"
118.169.133.38 - - [22/Aug/2026:12:24:14 +0800] "GET /wp-content/uploads/sites/1482/2026/06/115%E6%9C%83%E8%80%83.jpg HTTP/1.1" 200 103282 "https://www.chjh.ilc.edu.tw/" "Mozilla/5.0 (iPhone; CPU iPhone OS 26_6_0 like Mac OS X) AppleWebKit/605.1.15 (KHTML, like Gecko) GSA/433.5.957829776 Mobile/15E148 Safari/604.1"
118.169.133.38 - - [22/Aug/2026:12:24:14 +0800] "GET /wp-content/uploads/sites/1482/2024/12/White-Minimalist-Library-Open-Hours-Instagram-Story-576x1024.png HTTP/1.1" 200 493801 "https://www.chjh.ilc.edu.tw/" "Mozilla/5.0 (iPhone; CPU iPhone OS 26_6_0 like Mac OS X) AppleWebKit/605.1.15 (KHTML, like Gecko) GSA/433.5.957829776 Mobile/15E148 Safari/604.1"
118.169.133.38 - - [22/Aug/2026:12:24:14 +0800] "GET /wp-content/plugins/elementor/assets/lib/eicons/fonts/eicons.woff2?5.30.0 HTTP/1.1" 200 98225 "https://www.chjh.ilc.edu.tw/" "Mozilla/5.0 (iPhone; CPU iPhone OS 26_6_0 like Mac OS X) AppleWebKit/605.1.15 (KHTML, like Gecko) GSA/433.5.957829776 Mobile/15E148 Safari/604.1"
118.169.133.38 - - [22/Aug/2026:12:24:15 +0800] "GET /wp-content/themes/huemanilc/assets/front/webfonts/fa-solid-900.woff2?v=5.5.0 HTTP/1.1" 200 74879 "https://www.chjh.ilc.edu.tw/" "Mozilla/5.0 (iPhone; CPU iPhone OS 26_6_0 like Mac OS X) AppleWebKit/605.1.15 (KHTML, like Gecko) GSA/433.5.957829776 Mobile/15E148 Safari/604.1"
118.169.133.38 - - [22/Aug/2026:12:24:15 +0800] "GET /wp-content/uploads/sites/1482/2023/07/%E8%B3%87%E5%AE%89%E7%A0%94%E7%BF%92.png HTTP/1.1" 200 7369 "https://www.chjh.ilc.edu.tw/" "Mozilla/5.0 (iPhone; CPU iPhone OS 26_6_0 like Mac OS X) AppleWebKit/605.1.15 (KHTML, like Gecko) GSA/433.5.957829776 Mobile/15E148 Safari/604.1"
118.169.133.38 - - [22/Aug/2026:12:24:15 +0800] "GET /wp-content/plugins/elementor/assets/js/lightbox.94b920846d1e37cafb78.bundle.min.js HTTP/1.1" 200 10857 "https://www.chjh.ilc.edu.tw/" "Mozilla/5.0 (iPhone; CPU iPhone OS 26_6_0 like Mac OS X) AppleWebKit/605.1.15 (KHTML, like Gecko) GSA/433.5.957829776 Mobile/15E148 Safari/604.1"
118.169.133.38 - - [22/Aug/2026:12:24:15 +0800] "GET /wp-content/plugins/elementor/assets/lib/dialog/dialog.min.js?ver=4.9.0 HTTP/1.1" 200 4368 "https://www.chjh.ilc.edu.tw/" "Mozilla/5.0 (iPhone; CPU iPhone OS 26_6_0 like Mac OS X) AppleWebKit/605.1.15 (KHTML, like Gecko) GSA/433.5.957829776 Mobile/15E148 Safari/604.1"
118.169.133.38 - - [22/Aug/2026:12:24:15 +0800] "GET /wp-content/plugins/elementor/assets/lib/share-link/share-link.min.js?ver=3.22.3 HTTP/1.1" 200 2049 "https://www.chjh.ilc.edu.tw/" "Mozilla/5.0 (iPhone; CPU iPhone OS 26_6_0 like Mac OS X) AppleWebKit/605.1.15 (KHTML, like Gecko) GSA/433.5.957829776 Mobile/15E148 Safari/604.1"
118.169.133.38 - - [22/Aug/2026:12:24:15 +0800] "GET /wp-content/uploads/sites/1482/2025/03/23-1024x724.png HTTP/1.1" 200 548809 "https://www.chjh.ilc.edu.tw/" "Mozilla/5.0 (iPhone; CPU iPhone OS 26_6_0 like Mac OS X) AppleWebKit/605.1.15 (KHTML, like Gecko) GSA/433.5.957829776 Mobile/15E148 Safari/604.1"
118.169.133.38 - - [22/Aug/2026:12:24:15 +0800] "GET /wp-content/uploads/sites/1482/2024/08/51-1024x724.png HTTP/1.1" 200 262375 "https://www.chjh.ilc.edu.tw/" "Mozilla/5.0 (iPhone; CPU iPhone OS 26_6_0 like Mac OS X) AppleWebKit/605.1.15 (KHTML, like Gecko) GSA/433.5.957829776 Mobile/15E148 Safari/604.1"
118.169.133.38 - - [22/Aug/2026:12:24:15 +0800] "GET /wp-content/uploads/sites/1482/2024/12/4_1-1024x647.png HTTP/1.1" 200 309706 "https://www.chjh.ilc.edu.tw/" "Mozilla/5.0 (iPhone; CPU iPhone OS 26_6_0 like Mac OS X) AppleWebKit/605.1.15 (KHTML, like Gecko) GSA/433.5.957829776 Mobile/15E148 Safari/604.1"
118.169.133.38 - - [22/Aug/2026:12:24:15 +0800] "GET /wp-content/uploads/sites/1482/2024/09/31-1024x576.jpg HTTP/1.1" 200 105049 "https://www.chjh.ilc.edu.tw/" "Mozilla/5.0 (iPhone; CPU iPhone OS 26_6_0 like Mac OS X) AppleWebKit/605.1.15 (KHTML, like Gecko) GSA/433.5.957829776 Mobile/15E148 Safari/604.1"
118.169.133.38 - - [22/Aug/2026:12:24:15 +0800] "GET /wp-content/uploads/sites/1482/2023/12/112%E5%AE%9C%E8%98%AD%E5%8D%80%E9%A0%90%E8%B3%BD%E6%88%90%E7%B8%BE.jpg HTTP/1.1" 200 124410 "https://www.chjh.ilc.edu.tw/" "Mozilla/5.0 (iPhone; CPU iPhone OS 26_6_0 like Mac OS X) AppleWebKit/605.1.15 (KHTML, like Gecko) GSA/433.5.957829776 Mobile/15E148 Safari/604.1"
42.79.180.180 - - [22/Aug/2026:12:24:15 +0800] "GET /wp-content/uploads/sites/1984/2023/09/IMG_8920-5-1-scaled.jpg HTTP/1.1" 200 644320 "https://www.dses.ilc.edu.tw/" "Mozilla/5.0 (iPhone; CPU iPhone OS 26_5_0 like Mac OS X) AppleWebKit/605.1.15 (KHTML, like Gecko) GSA/434.2.961627397 Mobile/15E148 Safari/604.1"
118.169.133.38 - - [22/Aug/2026:12:24:15 +0800] "GET /wp-content/uploads/sites/1482/2023/12/112%E4%B8%AD%E5%B0%8F%E5%AD%B8%E8%B7%86%E6%8B%B3%E9%81%93%E6%88%90%E7%B8%BE.jpg HTTP/1.1" 200 124638 "https://www.chjh.ilc.edu.tw/" "Mozilla/5.0 (iPhone; CPU iPhone OS 26_6_0 like Mac OS X) AppleWebKit/605.1.15 (KHTML, like Gecko) GSA/433.5.957829776 Mobile/15E148 Safari/604.1"
118.169.133.38 - - [22/Aug/2026:12:24:15 +0800] "GET /wp-content/uploads/sites/1482/2025/09/23-1024x576.jpg HTTP/1.1" 200 96415 "https://www.chjh.ilc.edu.tw/" "Mozilla/5.0 (iPhone; CPU iPhone OS 26_6_0 like Mac OS X) AppleWebKit/605.1.15 (KHTML, like Gecko) GSA/433.5.957829776 Mobile/15E148 Safari/604.1"
118.169.133.38 - - [22/Aug/2026:12:24:15 +0800] "GET /wp-content/uploads/sites/1482/2026/04/%E7%A7%91%E5%B1%95%E7%AB%B6%E8%B3%BD%E6%B5%B7%E5%A0%B1-1024x572.png HTTP/1.1" 200 727375 "https://www.chjh.ilc.edu.tw/" "Mozilla/5.0 (iPhone; CPU iPhone OS 26_6_0 like Mac OS X) AppleWebKit/605.1.15 (KHTML, like Gecko) GSA/433.5.957829776 Mobile/15E148 Safari/604.1"
42.79.180.180 - - [22/Aug/2026:12:24:15 +0800] "GET /wp-content/uploads/sites/1984/2023/09/IMG_8795-5-1-scaled.jpg HTTP/1.1" 200 613491 "https://www.dses.ilc.edu.tw/" "Mozilla/5.0 (iPhone; CPU iPhone OS 26_5_0 like Mac OS X) AppleWebKit/605.1.15 (KHTML, like Gecko) GSA/434.2.961627397 Mobile/15E148 Safari/604.1"
118.169.133.38 - - [22/Aug/2026:12:24:15 +0800] "GET /wp-content/uploads/sites/1482/2024/08/113-%E5%AF%A6%E9%A9%97%E7%8F%AD%E6%A6%9C%E5%96%AE_0-1-1024x724.png HTTP/1.1" 200 259428 "https://www.chjh.ilc.edu.tw/" "Mozilla/5.0 (iPhone; CPU iPhone OS 26_6_0 like Mac OS X) AppleWebKit/605.1.15 (KHTML, like Gecko) GSA/433.5.957829776 Mobile/15E148 Safari/604.1"
118.169.133.38 - - [22/Aug/2026:12:24:15 +0800] "GET /wp-content/uploads/sites/1482/2024/07/messageImage_1720946569567.jpg HTTP/1.1" 200 114602 "https://www.chjh.ilc.edu.tw/" "Mozilla/5.0 (iPhone; CPU iPhone OS 26_6_0 like Mac OS X) AppleWebKit/605.1.15 (KHTML, like Gecko) GSA/433.5.957829776 Mobile/15E148 Safari/604.1"
118.169.133.38 - - [22/Aug/2026:12:24:15 +0800] "GET /wp-content/uploads/sites/1482/2024/01/112%E5%AD%B8%E5%B9%B4%E5%BA%A6%E7%A7%91%E6%8A%80%E7%AB%B6%E8%B3%BD-1024x576.jpg HTTP/1.1" 200 139408 "https://www.chjh.ilc.edu.tw/" "Mozilla/5.0 (iPhone; CPU iPhone OS 26_6_0 like Mac OS X) AppleWebKit/605.1.15 (KHTML, like Gecko) GSA/433.5.957829776 Mobile/15E148 Safari/604.1"
118.169.133.38 - - [22/Aug/2026:12:24:15 +0800] "GET /wp-content/uploads/sites/1482/2025/04/34-1024x724.png HTTP/1.1" 200 626196 "https://www.chjh.ilc.edu.tw/" "Mozilla/5.0 (iPhone; CPU iPhone OS 26_6_0 like Mac OS X) AppleWebKit/605.1.15 (KHTML, like Gecko) GSA/433.5.957829776 Mobile/15E148 Safari/604.1"
118.169.133.38 - - [22/Aug/2026:12:24:15 +0800] "GET /wp-content/uploads/sites/1482/2024/10/C0CC2755-4AFC-4F12-947D-FF0EDD733123_0.jpg HTTP/1.1" 200 174535 "https://www.chjh.ilc.edu.tw/" "Mozilla/5.0 (iPhone; CPU iPhone OS 26_6_0 like Mac OS X) AppleWebKit/605.1.15 (KHTML, like Gecko) GSA/433.5.957829776 Mobile/15E148 Safari/604.1"
125.231.138.206 - - [22/Aug/2026:12:24:15 +0800] "-" 408 339 "-" "-"
118.169.133.38 - - [22/Aug/2026:12:24:15 +0800] "GET /wp-content/uploads/sites/1482/2025/11/114%E5%AD%B8%E5%B9%B4%E5%BA%A6%E5%AE%9C%E8%98%AD%E7%B8%A3%E5%AD%B8%E7%94%9F%E9%9F%B3%E6%A8%82%E6%9A%A8%E5%B8%AB%E7%94%9F%E9%84%89%E5%9C%9F%E6%AD%8C%E8%AC%A0%E6%AF%94%E8%B3%BD-%E6%88%90%E7%B8%BE%E5%85%AC%E5%91%8A%E5%9C%98%E9%AB%94_0-1024x576.jpg HTTP/1.1" 200 92532 "https://www.chjh.ilc.edu.tw/" "Mozilla/5.0 (iPhone; CPU iPhone OS 26_6_0 like Mac OS X) AppleWebKit/605.1.15 (KHTML, like Gecko) GSA/433.5.957829776 Mobile/15E148 Safari/604.1"
118.169.133.38 - - [22/Aug/2026:12:24:15 +0800] "GET /wp-content/uploads/sites/1482/2024/11/messageImage_1732607904017-1024x578.jpg HTTP/1.1" 200 107824 "https://www.chjh.ilc.edu.tw/" "Mozilla/5.0 (iPhone; CPU iPhone OS 26_6_0 like Mac OS X) AppleWebKit/605.1.15 (KHTML, like Gecko) GSA/433.5.957829776 Mobile/15E148 Safari/604.1"
118.169.133.38 - - [22/Aug/2026:12:24:16 +0800] "GET /wp-content/uploads/sites/1482/2024/05/113%E5%9C%8B%E4%B8%AD%E7%B1%83%E7%90%83%E8%81%AF%E8%B3%BD%E6%88%90%E7%B8%BE.jpg HTTP/1.1" 200 109608 "https://www.chjh.ilc.edu.tw/" "Mozilla/5.0 (iPhone; CPU iPhone OS 26_6_0 like Mac OS X) AppleWebKit/605.1.15 (KHTML, like Gecko) GSA/433.5.957829776 Mobile/15E148 Safari/604.1"
118.169.133.38 - - [22/Aug/2026:12:24:16 +0800] "GET /wp-content/uploads/sites/1482/2024/05/U13.%E6%9D%8E%E5%B0%9A%E6%BE%A4.jpg HTTP/1.1" 200 112278 "https://www.chjh.ilc.edu.tw/" "Mozilla/5.0 (iPhone; CPU iPhone OS 26_6_0 like Mac OS X) AppleWebKit/605.1.15 (KHTML, like Gecko) GSA/433.5.957829776 Mobile/15E148 Safari/604.1"
118.169.133.38 - - [22/Aug/2026:12:24:16 +0800] "GET /wp-content/uploads/sites/1482/2024/11/32-1024x576.jpg HTTP/1.1" 200 87986 "https://www.chjh.ilc.edu.tw/" "Mozilla/5.0 (iPhone; CPU iPhone OS 26_6_0 like Mac OS X) AppleWebKit/605.1.15 (KHTML, like Gecko) GSA/433.5.957829776 Mobile/15E148 Safari/604.1"
118.169.133.38 - - [22/Aug/2026:12:24:16 +0800] "GET /wp-content/uploads/sites/1482/2024/09/%E5%85%A8%E5%9C%8B%E7%A7%91%E5%B1%95%E6%81%AD%E8%B3%80%E6%B5%B7%E5%A0%B1-1024x724.jpg HTTP/1.1" 200 121729 "https://www.chjh.ilc.edu.tw/" "Mozilla/5.0 (iPhone; CPU iPhone OS 26_6_0 like Mac OS X) AppleWebKit/605.1.15 (KHTML, like Gecko) GSA/433.5.957829776 Mobile/15E148 Safari/604.1"
118.169.133.38 - - [22/Aug/2026:12:24:16 +0800] "GET /wp-content/uploads/sites/1482/2026/04/%E5%96%AE%E5%AD%97%E7%8E%8B%E7%A5%9D%E8%B3%80%E6%B5%B7%E5%A0%B1_page-0001_0-1024x576.jpg HTTP/1.1" 200 105740 "https://www.chjh.ilc.edu.tw/" "Mozilla/5.0 (iPhone; CPU iPhone OS 26_6_0 like Mac OS X) AppleWebKit/605.1.15 (KHTML, like Gecko) GSA/433.5.957829776 Mobile/15E148 Safari/604.1"
118.169.133.38 - - [22/Aug/2026:12:24:16 +0800] "GET /wp-content/uploads/sites/1482/2025/03/12-1024x724.png HTTP/1.1" 200 569352 "https://www.chjh.ilc.edu.tw/" "Mozilla/5.0 (iPhone; CPU iPhone OS 26_6_0 like Mac OS X) AppleWebKit/605.1.15 (KHTML, like Gecko) GSA/433.5.957829776 Mobile/15E148 Safari/604.1"
35.168.238.50 - - [22/Aug/2026:12:24:16 +0800] "GET /kkes101/?p=486 HTTP/1.1" 301 5831 "-" "Mozilla/5.0 AppleWebKit/537.36 (KHTML, like Gecko; compatible; Amazonbot/0.1; +https://developer.amazon.com/support/amazonbot) Chrome/119.0.6045.214 Safari/537.36"
118.169.133.38 - - [22/Aug/2026:12:24:16 +0800] "GET /wp-content/uploads/sites/1482/2024/04/2-1024x724.jpg HTTP/1.1" 200 153494 "https://www.chjh.ilc.edu.tw/" "Mozilla/5.0 (iPhone; CPU iPhone OS 26_6_0 like Mac OS X) AppleWebKit/605.1.15 (KHTML, like Gecko) GSA/433.5.957829776 Mobile/15E148 Safari/604.1"
118.169.133.38 - - [22/Aug/2026:12:24:16 +0800] "GET /wp-content/uploads/sites/1482/2025/11/114%E5%AD%B8%E5%B9%B4%E5%BA%A6%E5%AE%9C%E8%98%AD%E7%B8%A3%E5%AD%B8%E7%94%9F%E9%9F%B3%E6%A8%82%E6%9A%A8%E5%B8%AB%E7%94%9F%E9%84%89%E5%9C%9F%E6%AD%8C%E8%AC%A0%E6%AF%94%E8%B3%BD-%E6%88%90%E7%B8%BE%E5%85%AC%E5%91%8A-%E5%80%8B%E4%BA%BA_0-1024x576.jpg HTTP/1.1" 200 128004 "https://www.chjh.ilc.edu.tw/" "Mozilla/5.0 (iPhone; CPU iPhone OS 26_6_0 like Mac OS X) AppleWebKit/605.1.15 (KHTML, like Gecko) GSA/433.5.957829776 Mobile/15E148 Safari/604.1"
