2001:288:a201::67:82 - - [22/Aug/2026:12:22:17 +0800] "POST /26150/?p=3121&fsm_edd_37394=11e18b12be37e8c44c517f7a0ccb568b HTTP/1.1" 200 13008 "-" "WordPress/6.6.7; https://2blog.ilc.edu.tw/26150"
140.111.67.10 - - [22/Aug/2026:12:22:19 +0800] "GET /" 301 273 "-" "-"
2a12:f541:2047:80f7:e5ec:6572:1456:5f28 - - [22/Aug/2026:12:22:19 +0800] "GET /2013/02/01/ HTTP/1.1" 200 15260 "-" "Mozilla/5.0 (Macintosh; Intel Mac OS X 10_15_7) AppleWebKit/537.36 (KHTML, like Gecko) Chrome/119.0.0.0 Safari/537.36"
74.7.242.54 - - [22/Aug/2026:12:22:18 +0800] "GET /26150/?p=3235 HTTP/1.1" 301 936 "https://2blog.ilc.edu.tw/26150/2016/02/03/105%e5%b9%b4%e5%ba%a6%e5%85%a8%e5%9c%8b%e5%ae%b6%e5%ba%ad%e6%95%99%e8%82%b2%e8%ab%ae%e8%a9%a2%e5%b0%88%e7%b7%9a%e5%81%9c%e7%b7%9a%e6%83%85%e5%bd%a2/" "Mozilla/5.0 AppleWebKit/537.36 (KHTML, like Gecko; compatible; GPTBot/1.4; +https://openai.com/gptbot)"
3.212.205.90 - - [22/Aug/2026:12:22:19 +0800] "GET /wp-content/uploads/sites/1405/2021/10/?C=M;O%3DD HTTP/1.1" 200 1112 "-" "Mozilla/5.0 AppleWebKit/537.36 (KHTML, like Gecko; compatible; Amazonbot/0.1; +https://developer.amazon.com/support/amazonbot) Chrome/119.0.6045.214 Safari/537.36"
44.208.193.63 - - [22/Aug/2026:12:22:20 +0800] "GET /6460/wp-json/wp/v2/categories?post=361 HTTP/1.1" 200 10612 "-" "Mozilla/5.0 AppleWebKit/537.36 (KHTML, like Gecko; compatible; Amazonbot/0.1; +https://developer.amazon.com/support/amazonbot) Chrome/119.0.6045.214 Safari/537.36"
::1 - - [22/Aug/2026:12:22:21 +0800] "OPTIONS * HTTP/1.0" 200 110 "-" "Apache/2.4.68 (Ubuntu) OpenSSL/3.0.19 (internal dummy connection)"
20.125.101.194 - - [22/Aug/2026:12:22:20 +0800] "GET /26064/wp-content/uploads/sites/1066/2018/12/06-%E5%AE%9A%E6%A1%88112%E5%AD%B8%E5%B9%B4%E5%BA%A6%E5%AE%9C%E8%98%AD%E7%B8%A3%E5%9C%8B%E6%B0%91%E4%B8%AD%E5%AD%B8%E5%AD%B8%E5%8D%80%E5%8A%83%E5%88%86%E4%B8%80%E8%A6%BD%E8%A1%A8.pdf HTTP/1.1" 200 241046 "-" "Mozilla/5.0 (compatible; MSR-Financial-PDF-Scorer/1.0)"
216.73.216.20 - - [22/Aug/2026:12:22:21 +0800] "GET /6325/2013/11/08/102_%e7%92%b0%e5%a2%83%e6%95%99%e8%82%b2%e6%b4%bb%e5%8b%95__-%e6%9c%a8%e5%b1%90%e8%a3%bd%e4%bd%9c/ HTTP/1.1" 200 15965 "-" "Mozilla/5.0 AppleWebKit/537.36 (KHTML, like Gecko; compatible; ClaudeBot/1.0; +claudebot@anthropic.com)"
216.73.216.20 - - [22/Aug/2026:12:22:21 +0800] "GET /2569/2025/03/28/%e6%ad%a3%e7%a2%ba%e7%94%a8%e8%97%a5-%e6%bc%ab%e7%95%ab%e6%af%94%e8%b3%bd/ HTTP/1.1" 200 18388 "-" "Mozilla/5.0 AppleWebKit/537.36 (KHTML, like Gecko; compatible; ClaudeBot/1.0; +claudebot@anthropic.com)"
74.7.242.54 - - [22/Aug/2026:12:22:20 +0800] "GET /26150/?p=5950 HTTP/1.1" 301 984 "https://2blog.ilc.edu.tw/26150/2021/07/02/110%e5%b9%b4%e5%ba%a6%e5%b9%b8%e7%a6%8f%e5%ae%b6%e5%ba%ad%e7%a9%ba%e4%b8%ad%e8%ac%9b%e5%a0%82%e7%ac%ac10%e9%9b%86_%e5%ae%b6%e5%ba%ad%e6%95%99%e8%82%b2%e8%88%87%e7%a4%be%e5%8d%80%e7%87%9f%e9%80%a0/" "Mozilla/5.0 AppleWebKit/537.36 (KHTML, like Gecko; compatible; GPTBot/1.4; +https://openai.com/gptbot)"
216.73.216.20 - - [22/Aug/2026:12:22:21 +0800] "GET /6325/wp-json/oembed/1.0/embed?url=https%3A%2F%2F2blog.ilc.edu.tw%2F6325%2F2014%2F10%2F24%2F103_%25e8%25a1%258c%25e6%2594%25bf%25e8%2588%2587%25e7%25ae%25a1%25e7%2590%25864-2%2F HTTP/1.1" 200 3425 "-" "Mozilla/5.0 AppleWebKit/537.36 (KHTML, like Gecko; compatible; ClaudeBot/1.0; +claudebot@anthropic.com)"
74.7.242.54 - - [22/Aug/2026:12:22:22 +0800] "GET /1003/?p=26639 HTTP/1.1" 301 907 "https://2blog.ilc.edu.tw/1003/2009/10/13/%e8%aa%9e%e6%96%87%e6%95%99%e5%ae%a4%e7%b4%ab%e8%8a%b1%e5%9c%b0%e4%b8%81%e8%88%87%e8%9e%9e%e8%9f%bb%e4%b9%8b1%e5%85%8b%e6%9c%8d%e5%9b%b0%e9%9b%a3/" "Mozilla/5.0 AppleWebKit/537.36 (KHTML, like Gecko; compatible; GPTBot/1.4; +https://openai.com/gptbot)"
216.73.216.20 - - [22/Aug/2026:12:22:21 +0800] "GET /2569/2018/06/17/%e6%b8%85%e6%bd%94%e9%9a%8a%e5%88%b0%e6%a0%a1%e5%91%a8%e5%9c%8d%e6%b6%88%e6%af%92/ HTTP/1.1" 200 12507 "-" "Mozilla/5.0 AppleWebKit/537.36 (KHTML, like Gecko; compatible; ClaudeBot/1.0; +claudebot@anthropic.com)"
::1 - - [22/Aug/2026:12:22:22 +0800] "OPTIONS * HTTP/1.0" 200 110 "-" "Apache/2.4.68 (Ubuntu) OpenSSL/3.0.19 (internal dummy connection)"
216.73.216.20 - - [22/Aug/2026:12:22:22 +0800] "GET /6325/wp-json/oembed/1.0/embed?format=xml&url=https%3A%2F%2F2blog.ilc.edu.tw%2F6325%2F2013%2F11%2F23%2F102_%25e8%25a1%258c%25e6%2594%25bf%25e8%2588%2587%25e7%25ae%25a1%25e7%2590%25866-2%2F HTTP/1.1" 200 2323 "-" "Mozilla/5.0 AppleWebKit/537.36 (KHTML, like Gecko; compatible; ClaudeBot/1.0; +claudebot@anthropic.com)"
216.73.216.20 - - [22/Aug/2026:12:22:22 +0800] "GET /25138/2025/08/30/%e6%9c%ac%e5%9c%9f%e8%aa%9e%e8%a8%80%e6%95%99%e5%ad%b8%e4%bd%88%e7%bd%ae/ HTTP/1.1" 200 13145 "-" "Mozilla/5.0 AppleWebKit/537.36 (KHTML, like Gecko; compatible; ClaudeBot/1.0; +claudebot@anthropic.com)"
216.73.216.20 - - [22/Aug/2026:12:22:22 +0800] "GET /6325/wp-json/oembed/1.0/embed?url=https%3A%2F%2F2blog.ilc.edu.tw%2F6325%2F2014%2F10%2F29%2F103_%25e8%25a1%258c%25e6%2594%25bf%25e8%2588%2587%25e7%25ae%25a1%25e7%2590%25863%2F HTTP/1.1" 200 3421 "-" "Mozilla/5.0 AppleWebKit/537.36 (KHTML, like Gecko; compatible; ClaudeBot/1.0; +claudebot@anthropic.com)"
216.73.216.20 - - [22/Aug/2026:12:22:22 +0800] "GET /6325/wp-json/oembed/1.0/embed?url=https%3A%2F%2F2blog.ilc.edu.tw%2F6325%2F2012%2F11%2F24%2F101_%25e8%25a1%258c%25e6%2594%25bf%25e8%2588%2587%25e7%25ae%25a1%25e7%2590%2586%2F HTTP/1.1" 200 3416 "-" "Mozilla/5.0 AppleWebKit/537.36 (KHTML, like Gecko; compatible; ClaudeBot/1.0; +claudebot@anthropic.com)"
2001:288:a201::66:125 - - [22/Aug/2026:12:22:23 +0800] "GET /blog/active.php HTTP/1.1" 301 1026 "-" "-"
2001:288:a201::66:125 - - [22/Aug/2026:12:22:23 +0800] "GET /blog/active.php HTTP/1.1" 404 1084 "-" "-"
2001:b011:e003:275:97f0:fb88:9aac:398b - - [22/Aug/2026:12:22:23 +0800] "GET /blog/blog/29985/post/85045/580986 HTTP/1.1" 404 25422 "http://blog.ilc.edu.tw/blog/blog/29985/post/85045/580986" "Mozilla/5.0 (Windows NT 10.0; Win64; x64) AppleWebKit/537.36 (KHTML, like Gecko) Chrome/69.0.3497.81 Safari/537.36"
216.73.216.20 - - [22/Aug/2026:12:22:23 +0800] "GET /2569/2025/04/02/%e6%88%90%e9%95%b7%e6%9b%b2%e7%b7%9a%e4%ba%92%e5%8b%95%e5%8a%87%e5%a0%b4/ HTTP/1.1" 200 14756 "-" "Mozilla/5.0 AppleWebKit/537.36 (KHTML, like Gecko; compatible; ClaudeBot/1.0; +claudebot@anthropic.com)"
216.73.216.20 - - [22/Aug/2026:12:22:23 +0800] "GET /6325/wp-json/oembed/1.0/embed?format=xml&url=https%3A%2F%2F2blog.ilc.edu.tw%2F6325%2F2012%2F11%2F29%2F101_%25e8%25a1%258c%25e6%2594%25bf%25e8%2588%2587%25e7%25ae%25a1%25e7%2590%2586-3-1%2F HTTP/1.1" 200 2327 "-" "Mozilla/5.0 AppleWebKit/537.36 (KHTML, like Gecko; compatible; ClaudeBot/1.0; +claudebot@anthropic.com)"
::1 - - [22/Aug/2026:12:22:23 +0800] "OPTIONS * HTTP/1.0" 200 110 "-" "Apache/2.4.68 (Ubuntu) OpenSSL/3.0.19 (internal dummy connection)"
66.249.68.166 - - [22/Aug/2026:12:22:23 +0800] "POST /wp-json/ilc-summary/v1/popular-posts HTTP/1.1" 201 6186 "https://www.najh.ilc.edu.tw/2024/07/23/%E5%8D%97%E5%AE%89%E5%9C%8B%E4%B8%AD113%E5%AD%B8%E5%B9%B4%E5%BA%A6%E7%AC%AC1%E6%AC%A1%E4%BB%A3%E7%90%86%E8%AA%B2%E6%95%99%E5%B8%AB-a%E8%B3%87%E6%A0%BC%E8%80%85%E9%8C%84%E5%8F%96%E5%85%AC%E5%91%8A/" "Mozilla/5.0 (Linux; Android 6.0.1; Nexus 5X Build/MMB29P) AppleWebKit/537.36 (KHTML, like Gecko) Chrome/151.0.7922.137 Mobile Safari/537.36 (compatible; Googlebot/2.1; +http://www.google.com/bot.html)"
216.73.216.20 - - [22/Aug/2026:12:22:23 +0800] "GET /6325/2013/06/26/102-_-%e6%a0%a1%e5%9c%92%e7%92%b0%e4%bf%9d%e5%af%a6%e5%8b%99-11/ HTTP/1.1" 200 15471 "-" "Mozilla/5.0 AppleWebKit/537.36 (KHTML, like Gecko; compatible; ClaudeBot/1.0; +claudebot@anthropic.com)"
216.73.216.20 - - [22/Aug/2026:12:22:23 +0800] "GET /6325/wp-json/oembed/1.0/embed?format=xml&url=https%3A%2F%2F2blog.ilc.edu.tw%2F6325%2F2013%2F11%2F22%2F102_%25e8%25a1%258c%25e6%2594%25bf%25e8%2588%2587%25e7%25ae%25a1%25e7%2590%25865-2%2F HTTP/1.1" 200 6987 "-" "Mozilla/5.0 AppleWebKit/537.36 (KHTML, like Gecko; compatible; ClaudeBot/1.0; +claudebot@anthropic.com)"
216.73.216.20 - - [22/Aug/2026:12:22:23 +0800] "GET /6325/wp-json/oembed/1.0/embed?format=xml&url=https%3A%2F%2F2blog.ilc.edu.tw%2F6325%2F2013%2F09%2F27%2F102_%25e8%25a1%258c%25e6%2594%25bf%25e8%2588%2587%25e7%25ae%25a1%25e7%2590%25863%2F HTTP/1.1" 200 2192 "-" "Mozilla/5.0 AppleWebKit/537.36 (KHTML, like Gecko; compatible; ClaudeBot/1.0; +claudebot@anthropic.com)"
216.73.216.20 - - [22/Aug/2026:12:22:23 +0800] "GET /6325/wp-json/oembed/1.0/embed?format=xml&url=https%3A%2F%2F2blog.ilc.edu.tw%2F6325%2F2012%2F11%2F30%2F101_%25e8%25a1%258c%25e6%2594%25bf%25e8%2588%2587%25e7%25ae%25a1%25e7%2590%2586-7%2F HTTP/1.1" 200 6989 "-" "Mozilla/5.0 AppleWebKit/537.36 (KHTML, like Gecko; compatible; ClaudeBot/1.0; +claudebot@anthropic.com)"
216.73.216.20 - - [22/Aug/2026:12:22:23 +0800] "GET /6325/wp-json/oembed/1.0/embed?format=xml&url=https%3A%2F%2F2blog.ilc.edu.tw%2F6325%2F2014%2F11%2F26%2F103_%25e8%25a1%258c%25e6%2594%25bf%25e8%2588%2587%25e7%25ae%25a1%25e7%2590%25868-8%2F HTTP/1.1" 200 2193 "-" "Mozilla/5.0 AppleWebKit/537.36 (KHTML, like Gecko; compatible; ClaudeBot/1.0; +claudebot@anthropic.com)"
216.73.216.20 - - [22/Aug/2026:12:22:23 +0800] "GET /6325/wp-json/oembed/1.0/embed?format=xml&url=https%3A%2F%2F2blog.ilc.edu.tw%2F6325%2F2014%2F10%2F15%2F103_%25e8%25a1%258c%25e6%2594%25bf%25e8%2588%2587%25e7%25ae%25a1%25e7%2590%25865-4%2F HTTP/1.1" 200 6988 "-" "Mozilla/5.0 AppleWebKit/537.36 (KHTML, like Gecko; compatible; ClaudeBot/1.0; +claudebot@anthropic.com)"
216.73.216.20 - - [22/Aug/2026:12:22:23 +0800] "GET /6325/2012/12/03/101_%e6%a0%a1%e5%9c%92%e7%92%b0%e5%a2%83%e7%94%9f%e6%85%8b%e5%b0%8e%e8%a6%bd%e4%b8%80/ HTTP/1.1" 200 10713 "-" "Mozilla/5.0 AppleWebKit/537.36 (KHTML, like Gecko; compatible; ClaudeBot/1.0; +claudebot@anthropic.com)"
216.73.216.20 - - [22/Aug/2026:12:22:23 +0800] "GET /6325/wp-json/oembed/1.0/embed?format=xml&url=https%3A%2F%2F2blog.ilc.edu.tw%2F6325%2F2012%2F11%2F29%2F101_%25e8%25a1%258c%25e6%2594%25bf%25e8%2588%2587%25e7%25ae%25a1%25e7%2590%2586-6%2F HTTP/1.1" 200 6987 "-" "Mozilla/5.0 AppleWebKit/537.36 (KHTML, like Gecko; compatible; ClaudeBot/1.0; +claudebot@anthropic.com)"
216.73.216.20 - - [22/Aug/2026:12:22:23 +0800] "GET /6325/wp-json/oembed/1.0/embed?url=https%3A%2F%2F2blog.ilc.edu.tw%2F6325%2F2011%2F12%2F04%2F%25e8%25a4%2590%25e6%25a0%25b9%25e7%2597%2585%25e6%2595%2599%25e6%259d%2590%2F HTTP/1.1" 200 3267 "-" "Mozilla/5.0 AppleWebKit/537.36 (KHTML, like Gecko; compatible; ClaudeBot/1.0; +claudebot@anthropic.com)"
140.111.67.10 - - [22/Aug/2026:12:22:24 +0800] "GET /" 301 273 "-" "-"
216.73.216.20 - - [22/Aug/2026:12:22:23 +0800] "GET /6325/wp-json/oembed/1.0/embed?format=xml&url=https%3A%2F%2F2blog.ilc.edu.tw%2F6325%2F2014%2F10%2F29%2F103_%25e8%25a1%258c%25e6%2594%25bf%25e8%2588%2587%25e7%25ae%25a1%25e7%2590%25868-5%2F HTTP/1.1" 200 2192 "-" "Mozilla/5.0 AppleWebKit/537.36 (KHTML, like Gecko; compatible; ClaudeBot/1.0; +claudebot@anthropic.com)"
216.73.216.20 - - [22/Aug/2026:12:22:24 +0800] "GET /6325/2012/12/03/101_%e6%a0%a1%e5%9c%92%e7%92%b0%e5%a2%83%e7%94%9f%e6%85%8b%e5%b0%8e%e8%a6%bd%e5%9b%9b/ HTTP/1.1" 200 11208 "-" "Mozilla/5.0 AppleWebKit/537.36 (KHTML, like Gecko; compatible; ClaudeBot/1.0; +claudebot@anthropic.com)"
::1 - - [22/Aug/2026:12:22:24 +0800] "OPTIONS * HTTP/1.0" 200 110 "-" "Apache/2.4.68 (Ubuntu) OpenSSL/3.0.19 (internal dummy connection)"
2a03:2880:f802:3b:: - - [22/Aug/2026:12:22:21 +0800] "GET /wp-login.php?key=clexk378&_wpnonce=&action=ilc_logout&redirect_to=https%3A%2F%2Fplay.google.com%2Fstore%2Fapps%2Fdetails%3Fid%3Dcom.us.dyjycbt.google HTTP/1.1" 302 8296 "-" "Mozilla/5.0 (Macintosh; Intel Mac OS X 10_15_7) AppleWebKit/537.36 (KHTML, like Gecko) Chrome/145.0.0.0 Safari/537.36 (compatible; meta-externalagent/1.1 (+https://developers.facebook.com/docs/sharing/webmasters/crawler))"
216.73.216.20 - - [22/Aug/2026:12:22:24 +0800] "GET /sun520/wp-json/oembed/1.0/embed?url=https%3A%2F%2F2blog.ilc.edu.tw%2Fsun520%2F2024%2F02%2F17%2F113-02-16-02-17%25e9%2596%258b%25e5%25ad%25b8%25e5%2598%258d%2F HTTP/1.1" 200 3318 "-" "Mozilla/5.0 AppleWebKit/537.36 (KHTML, like Gecko; compatible; ClaudeBot/1.0; +claudebot@anthropic.com)"
216.73.216.20 - - [22/Aug/2026:12:22:24 +0800] "GET /6325/2014/10/16/103_%e6%a0%a1%e5%9c%92%e7%92%b0%e5%a2%83%e7%ae%a1%e7%90%867-6/ HTTP/1.1" 200 11072 "-" "Mozilla/5.0 AppleWebKit/537.36 (KHTML, like Gecko; compatible; ClaudeBot/1.0; +claudebot@anthropic.com)"
216.73.216.20 - - [22/Aug/2026:12:22:24 +0800] "GET /2569/2017/06/16/%e8%a6%96%e5%8a%9b%e4%bf%9d%e5%81%a5%e8%bc%94%e5%b0%8e%e8%a8%aa%e8%a6%96%e6%b4%bb%e5%8b%95/ HTTP/1.1" 200 13228 "-" "Mozilla/5.0 AppleWebKit/537.36 (KHTML, like Gecko; compatible; ClaudeBot/1.0; +claudebot@anthropic.com)"
216.73.216.20 - - [22/Aug/2026:12:22:24 +0800] "GET /6325/wp-json/oembed/1.0/embed?format=xml&url=https%3A%2F%2F2blog.ilc.edu.tw%2F6325%2F2014%2F10%2F24%2F103_%25e8%25a1%258c%25e6%2594%25bf%25e8%2588%2587%25e7%25ae%25a1%25e7%2590%25864-2%2F HTTP/1.1" 200 2194 "-" "Mozilla/5.0 AppleWebKit/537.36 (KHTML, like Gecko; compatible; ClaudeBot/1.0; +claudebot@anthropic.com)"
216.73.216.20 - - [22/Aug/2026:12:22:24 +0800] "GET /6325/2014/10/18/103_%e6%a0%a1%e5%9c%92%e7%92%b0%e5%a2%83%e7%ae%a1%e7%90%867-9/ HTTP/1.1" 200 11111 "-" "Mozilla/5.0 AppleWebKit/537.36 (KHTML, like Gecko; compatible; ClaudeBot/1.0; +claudebot@anthropic.com)"
216.73.216.20 - - [22/Aug/2026:12:22:24 +0800] "GET /6325/2014/11/21/103_%e5%85%b6%e4%bb%96%e9%85%8d%e5%90%88%e6%8e%aa%e6%96%bd%e8%be%a6%e7%90%86%e6%83%85%e5%bd%a21/ HTTP/1.1" 200 10910 "-" "Mozilla/5.0 AppleWebKit/537.36 (KHTML, like Gecko; compatible; ClaudeBot/1.0; +claudebot@anthropic.com)"
216.73.216.20 - - [22/Aug/2026:12:22:24 +0800] "GET /6325/wp-json/oembed/1.0/embed?format=xml&url=https%3A%2F%2F2blog.ilc.edu.tw%2F6325%2F2012%2F11%2F24%2F101_%25e8%25a1%258c%25e6%2594%25bf%25e8%2588%2587%25e7%25ae%25a1%25e7%2590%2586%2F HTTP/1.1" 200 2189 "-" "Mozilla/5.0 AppleWebKit/537.36 (KHTML, like Gecko; compatible; ClaudeBot/1.0; +claudebot@anthropic.com)"
216.73.216.20 - - [22/Aug/2026:12:22:24 +0800] "GET /6325/2014/10/16/103_%e6%a0%a1%e5%9c%92%e7%92%b0%e5%a2%83%e7%ae%a1%e7%90%865-9/ HTTP/1.1" 200 10716 "-" "Mozilla/5.0 AppleWebKit/537.36 (KHTML, like Gecko; compatible; ClaudeBot/1.0; +claudebot@anthropic.com)"
74.7.242.54 - - [22/Aug/2026:12:22:22 +0800] "GET /26150/?p=3201 HTTP/1.1" 301 984 "https://2blog.ilc.edu.tw/26150/2015/11/06/104%e5%b9%b4%e5%ba%a6%e7%ac%ac44%e6%ac%a1%e5%b9%b8%e7%a6%8f%e5%ae%b6%e5%ba%ad%e7%a9%ba%e4%b8%ad%e8%ac%9b%e5%a0%82-%e8%aa%8d%e8%ad%98%e6%88%80%e6%84%9b%e4%b8%ad%e7%9a%84%e8%a6%aa%e5%af%86%e9%97%9c/" "Mozilla/5.0 AppleWebKit/537.36 (KHTML, like Gecko; compatible; GPTBot/1.4; +https://openai.com/gptbot)"
216.73.216.20 - - [22/Aug/2026:12:22:25 +0800] "GET /6325/2014/04/21/103_%e6%b8%9b%e5%b0%91%e4%bd%bf%e7%94%a8%e5%a1%91%e8%86%a0%e6%9d%af%e5%85%ac%e5%91%8a/ HTTP/1.1" 200 13360 "-" "Mozilla/5.0 AppleWebKit/537.36 (KHTML, like Gecko; compatible; ClaudeBot/1.0; +claudebot@anthropic.com)"
216.73.216.20 - - [22/Aug/2026:12:22:25 +0800] "GET /6325/2015/10/07/104_%e6%a0%a1%e5%9c%92%e7%94%9f%e6%85%8b%e5%b0%8e%e8%a6%bd%e8%82%86/ HTTP/1.1" 200 10705 "-" "Mozilla/5.0 AppleWebKit/537.36 (KHTML, like Gecko; compatible; ClaudeBot/1.0; +claudebot@anthropic.com)"
216.73.216.20 - - [22/Aug/2026:12:22:25 +0800] "GET /6325/2014/10/07/103_%e6%a0%a1%e5%9c%92%e7%92%b0%e5%a2%83%e7%ae%a1%e7%90%864/ HTTP/1.1" 200 10749 "-" "Mozilla/5.0 AppleWebKit/537.36 (KHTML, like Gecko; compatible; ClaudeBot/1.0; +claudebot@anthropic.com)"
::1 - - [22/Aug/2026:12:22:25 +0800] "OPTIONS * HTTP/1.0" 200 110 "-" "Apache/2.4.68 (Ubuntu) OpenSSL/3.0.19 (internal dummy connection)"
216.73.216.20 - - [22/Aug/2026:12:22:25 +0800] "GET /6325/wp-json/oembed/1.0/embed?format=xml&url=https%3A%2F%2F2blog.ilc.edu.tw%2F6325%2F2014%2F02%2F20%2F103_%25e8%25a1%258c%25e6%2594%25bf%25e8%2588%2587%25e7%25ae%25a1%25e7%2590%25868%2F HTTP/1.1" 200 2190 "-" "Mozilla/5.0 AppleWebKit/537.36 (KHTML, like Gecko; compatible; ClaudeBot/1.0; +claudebot@anthropic.com)"
216.73.216.20 - - [22/Aug/2026:12:22:25 +0800] "GET /6325/2013/11/20/102_%e6%a0%a1%e5%9c%92%e7%92%b0%e4%bf%9d%e5%af%a6%e5%8b%999/ HTTP/1.1" 200 10857 "-" "Mozilla/5.0 AppleWebKit/537.36 (KHTML, like Gecko; compatible; ClaudeBot/1.0; +claudebot@anthropic.com)"
216.73.216.20 - - [22/Aug/2026:12:22:25 +0800] "GET /6325/2014/10/03/103_%e6%a0%a1%e5%9c%92%e7%92%b0%e5%a2%83%e7%ae%a1%e7%90%866-3/ HTTP/1.1" 200 10893 "-" "Mozilla/5.0 AppleWebKit/537.36 (KHTML, like Gecko; compatible; ClaudeBot/1.0; +claudebot@anthropic.com)"
216.73.216.20 - - [22/Aug/2026:12:22:25 +0800] "GET /2569/2018/06/17/%e8%97%a5%e7%89%a9%e6%bf%ab%e7%94%a8%e6%95%99%e8%82%b2%e5%ae%a3%e5%b0%8e/ HTTP/1.1" 200 12283 "-" "Mozilla/5.0 AppleWebKit/537.36 (KHTML, like Gecko; compatible; ClaudeBot/1.0; +claudebot@anthropic.com)"
216.73.216.20 - - [22/Aug/2026:12:22:25 +0800] "GET /6325/2015/10/07/104_%e6%a0%a1%e5%9c%92%e7%94%9f%e6%85%8b%e5%b0%8e%e8%a6%bd%e9%99%b8/ HTTP/1.1" 200 15222 "-" "Mozilla/5.0 AppleWebKit/537.36 (KHTML, like Gecko; compatible; ClaudeBot/1.0; +claudebot@anthropic.com)"
216.73.216.20 - - [22/Aug/2026:12:22:25 +0800] "GET /2569/2024/09/13/%e7%b4%85%e5%9c%9f%e8%b7%91%e9%81%93%e7%b6%ad%e8%ad%b7/ HTTP/1.1" 200 17587 "-" "Mozilla/5.0 AppleWebKit/537.36 (KHTML, like Gecko; compatible; ClaudeBot/1.0; +claudebot@anthropic.com)"
216.73.216.20 - - [22/Aug/2026:12:22:25 +0800] "GET /6325/wp-json/oembed/1.0/embed?format=xml&url=https%3A%2F%2F2blog.ilc.edu.tw%2F6325%2F2011%2F12%2F04%2F%25e8%25a4%2590%25e6%25a0%25b9%25e7%2597%2585%25e6%2595%2599%25e6%259d%2590%2F HTTP/1.1" 200 6971 "-" "Mozilla/5.0 AppleWebKit/537.36 (KHTML, like Gecko; compatible; ClaudeBot/1.0; +claudebot@anthropic.com)"
216.73.216.20 - - [22/Aug/2026:12:22:26 +0800] "GET /6325/2013/10/17/102_%e6%95%99%e5%ad%b8%e8%88%87%e5%ae%a3%e5%b0%8e%e6%b4%bb%e5%8b%956/ HTTP/1.1" 200 10668 "-" "Mozilla/5.0 AppleWebKit/537.36 (KHTML, like Gecko; compatible; ClaudeBot/1.0; +claudebot@anthropic.com)"
216.73.216.20 - - [22/Aug/2026:12:22:26 +0800] "GET /6325/2014/09/27/103_%e6%a0%a1%e5%9c%92%e7%92%b0%e5%a2%83%e7%ae%a1%e7%90%8610/ HTTP/1.1" 200 10942 "-" "Mozilla/5.0 AppleWebKit/537.36 (KHTML, like Gecko; compatible; ClaudeBot/1.0; +claudebot@anthropic.com)"
216.73.216.20 - - [22/Aug/2026:12:22:26 +0800] "GET /6325/2014/11/19/103_%e6%95%99%e5%ad%b8%e8%88%87%e5%ae%a3%e5%b0%8e%e6%b4%bb%e5%8b%956-5/ HTTP/1.1" 200 11625 "-" "Mozilla/5.0 AppleWebKit/537.36 (KHTML, like Gecko; compatible; ClaudeBot/1.0; +claudebot@anthropic.com)"
216.73.216.20 - - [22/Aug/2026:12:22:26 +0800] "GET /6325/2014/10/28/103_%e6%a0%a1%e5%9c%92%e7%92%b0%e5%a2%83%e7%ae%a1%e7%90%862-7/ HTTP/1.1" 200 11372 "-" "Mozilla/5.0 AppleWebKit/537.36 (KHTML, like Gecko; compatible; ClaudeBot/1.0; +claudebot@anthropic.com)"
216.73.216.20 - - [22/Aug/2026:12:22:26 +0800] "GET /sun520/wp-json/oembed/1.0/embed?format=xml&url=https%3A%2F%2F2blog.ilc.edu.tw%2Fsun520%2F2024%2F02%2F17%2F113-02-16-02-17%25e9%2596%258b%25e5%25ad%25b8%25e5%2598%258d%2F HTTP/1.1" 200 2213 "-" "Mozilla/5.0 AppleWebKit/537.36 (KHTML, like Gecko; compatible; ClaudeBot/1.0; +claudebot@anthropic.com)"
216.73.216.20 - - [22/Aug/2026:12:22:26 +0800] "GET /6325/2014/11/16/103_%e6%95%99%e5%ad%b8%e8%88%87%e5%ae%a3%e5%b0%8e%e6%b4%bb%e5%8b%951-14/ HTTP/1.1" 200 11291 "-" "Mozilla/5.0 AppleWebKit/537.36 (KHTML, like Gecko; compatible; ClaudeBot/1.0; +claudebot@anthropic.com)"
216.73.216.20 - - [22/Aug/2026:12:22:26 +0800] "GET /6325/2013/10/01/102_%e6%95%99%e5%ad%b8%e8%88%87%e5%ae%a3%e5%b0%8e%e6%b4%bb%e5%8b%953-3/ HTTP/1.1" 200 11177 "-" "Mozilla/5.0 AppleWebKit/537.36 (KHTML, like Gecko; compatible; ClaudeBot/1.0; +claudebot@anthropic.com)"
2402:800:638a:12d9:78c1:4a4c:f678:4b0f - - [22/Aug/2026:12:22:26 +0800] "GET /2011/01/25/%E3%80%90%E6%95%99%E8%82%B2%E6%96%87%E7%AB%A0%E3%80%91%E5%8E%9F%E4%BD%8F%E6%B0%91%E6%97%8F%E5%B8%AB%E8%B3%87%E6%96%B7%E5%B1%A4%E5%95%8F%E9%A1%8C/ HTTP/1.1" 200 18159 "-" "Mozilla/5.0 (Windows NT 10.0; Win64; x64) AppleWebKit/537.36 (KHTML, like Gecko) Chrome/100.0.4896.75 Safari/537.36"
34.10.180.98 - - [22/Aug/2026:12:22:26 +0800] "GET /6580/2013/11/30/103%E8%87%AA%E8%A9%95%E8%A1%A8-%E6%A0%A1%E5%9C%92%E7%92%B0%E5%A2%83%E7%AE%A1%E7%90%86/ HTTP/1.1" 200 15900 "-" "Mozilla/5.0 (Macintosh; Intel Mac OS X 10_15_7) AppleWebKit/537.36 (KHTML, like Gecko) Chrome/120.0.0.0 Safari/537.36"
216.73.216.20 - - [22/Aug/2026:12:22:26 +0800] "GET /6325/2015/09/19/104_%e6%a0%a1%e5%9c%92%e7%94%9f%e6%85%8b%e5%b0%8e%e8%a6%bd%e7%8e%96/ HTTP/1.1" 200 10928 "-" "Mozilla/5.0 AppleWebKit/537.36 (KHTML, like Gecko; compatible; ClaudeBot/1.0; +claudebot@anthropic.com)"
216.73.216.20 - - [22/Aug/2026:12:22:26 +0800] "GET /6325/2014/10/15/103_%e6%95%99%e5%ad%b8%e8%88%87%e5%ae%a3%e5%b0%8e%e6%b4%bb%e5%8b%951-2/ HTTP/1.1" 200 10979 "-" "Mozilla/5.0 AppleWebKit/537.36 (KHTML, like Gecko; compatible; ClaudeBot/1.0; +claudebot@anthropic.com)"
216.73.216.20 - - [22/Aug/2026:12:22:26 +0800] "GET /6325/2013/10/05/102_%e6%a0%a1%e5%9c%92%e7%94%9f%e6%85%8b%e5%b0%8e%e8%a6%bd-1/ HTTP/1.1" 200 10663 "-" "Mozilla/5.0 AppleWebKit/537.36 (KHTML, like Gecko; compatible; ClaudeBot/1.0; +claudebot@anthropic.com)"
216.73.216.20 - - [22/Aug/2026:12:22:26 +0800] "GET /6325/2012/12/03/101_%e6%95%99%e5%ad%b8%e8%88%87%e5%ae%a3%e5%b0%8e%e6%b4%bb%e5%8b%95-3-3/ HTTP/1.1" 200 10961 "-" "Mozilla/5.0 AppleWebKit/537.36 (KHTML, like Gecko; compatible; ClaudeBot/1.0; +claudebot@anthropic.com)"
74.7.242.54 - - [22/Aug/2026:12:22:25 +0800] "GET /26150/?p=6285 HTTP/1.1" 301 988 "https://2blog.ilc.edu.tw/26150/2021/11/03/%e5%87%bd%e8%bd%89%e5%ae%9c%e8%98%ad%e7%b8%a3%e6%94%bf%e5%ba%9c%e6%96%bc111%e5%b9%b44%e6%9c%8823%e6%97%a5%e8%be%a6%e7%90%86%e3%80%8c2022%e6%9d%8f%e8%bc%9d%e5%ae%9c%e8%98%ad%e6%b0%b8%e7%ba%8c%e5%9f%8e/" "Mozilla/5.0 AppleWebKit/537.36 (KHTML, like Gecko; compatible; GPTBot/1.4; +https://openai.com/gptbot)"
54.163.136.244 - - [22/Aug/2026:12:22:27 +0800] "GET /wp-content/uploads/sites/2243/2024/?C=S;O%3DA HTTP/1.1" 200 1199 "-" "Mozilla/5.0 AppleWebKit/537.36 (KHTML, like Gecko; compatible; Amazonbot/0.1; +https://developer.amazon.com/support/amazonbot) Chrome/119.0.6045.214 Safari/537.36"
2001:288:a201::66:125 - - [22/Aug/2026:12:22:28 +0800] "GET /blog/active.php HTTP/1.1" 301 1026 "-" "-"
2001:288:a201::66:125 - - [22/Aug/2026:12:22:28 +0800] "GET /blog/active.php HTTP/1.1" 404 1084 "-" "-"
2409:8738:816:120::88 - - [22/Aug/2026:12:22:28 +0800] "GET /category/system/ HTTP/1.1" 200 20627 "-" "Mozilla/5.0 (Windows NT 10.0; Win64; x64) AppleWebKit/537.36 (KHTML, like Gecko) Chrome/144.0.0.0 Safari/537.36"
2409:8738:816:120::88 - - [22/Aug/2026:12:22:29 +0800] "GET /wp-content/cache/isupport.ilc.edu.tw/wpfc-minified/fhgiw72a/ks8w.css HTTP/1.1" 200 40883 "https://isupport.ilc.edu.tw/category/system/" "Mozilla/5.0 (Windows NT 10.0; Win64; x64) AppleWebKit/537.36 (KHTML, like Gecko) Chrome/144.0.0.0 Safari/537.36"
140.111.67.10 - - [22/Aug/2026:12:22:29 +0800] "GET /" 301 273 "-" "-"
74.7.242.54 - - [22/Aug/2026:12:22:27 +0800] "GET /26150/?p=3552 HTTP/1.1" 301 942 "https://2blog.ilc.edu.tw/26150/2018/06/08/%e5%85%ac%e5%91%8a%e6%9c%ac%e4%b8%ad%e5%bf%83%e8%87%a8%e6%99%82%e4%ba%ba%e5%93%a1%e8%a1%8c%e6%94%bf%e5%8a%a9%e7%90%86%e9%8c%84%e5%8f%96%e5%90%8d%e5%96%ae/" "Mozilla/5.0 AppleWebKit/537.36 (KHTML, like Gecko; compatible; GPTBot/1.4; +https://openai.com/gptbot)"
::1 - - [22/Aug/2026:12:22:29 +0800] "OPTIONS * HTTP/1.0" 200 110 "-" "Apache/2.4.68 (Ubuntu) OpenSSL/3.0.19 (internal dummy connection)"
2409:8738:816:120::88 - - [22/Aug/2026:12:22:29 +0800] "GET /wp-content/cache/isupport.ilc.edu.tw/wpfc-minified/lm3tg73t/kzol.css HTTP/1.1" 200 15782 "https://isupport.ilc.edu.tw/category/system/" "Mozilla/5.0 (Windows NT 10.0; Win64; x64) AppleWebKit/537.36 (KHTML, like Gecko) Chrome/144.0.0.0 Safari/537.36"
2409:8738:816:120::88 - - [22/Aug/2026:12:22:29 +0800] "GET /wp-content/cache/isupport.ilc.edu.tw/wpfc-minified/jpyo1yc2/ks8w.css HTTP/1.1" 200 1157 "https://isupport.ilc.edu.tw/category/system/" "Mozilla/5.0 (Windows NT 10.0; Win64; x64) AppleWebKit/537.36 (KHTML, like Gecko) Chrome/144.0.0.0 Safari/537.36"
2409:8738:816:120::88 - - [22/Aug/2026:12:22:29 +0800] "GET /wp-content/cache/isupport.ilc.edu.tw/wpfc-minified/8jq1rsi9/ks8w.css HTTP/1.1" 200 53283 "https://isupport.ilc.edu.tw/category/system/" "Mozilla/5.0 (Windows NT 10.0; Win64; x64) AppleWebKit/537.36 (KHTML, like Gecko) Chrome/144.0.0.0 Safari/537.36"
74.7.242.138 - - [22/Aug/2026:12:22:29 +0800] "GET /dafu/wp-content/themes/oceanwp/assets/fonts/fontawesome/webfonts/fa-solid-900.ttf HTTP/1.1" 200 401324 "https://2blog.ilc.edu.tw/dafu/category/%E6%9C%AC%E5%9C%9F%E8%AA%9E%E4%B9%8B%E7%9B%B8%E9%97%9C%E6%B4%BB%E5%8B%95%E6%88%90%E6%9E%9C%E7%99%BC%E8%A1%A8/" "Mozilla/5.0 (Macintosh; Intel Mac OS X 10_15_7) AppleWebKit/537.36 (KHTML, like Gecko) Chrome/131.0.0.0 Safari/537.36; compatible; OAI-SearchBot/1.4; +https://openai.com/searchbot"
2001:b011:4011:3918:2422:cf2c:9250:10b2 - - [22/Aug/2026:12:22:30 +0800] "GET /lovetogether/wp-content/uploads/sites/2730/2020/12/013aff3c1d51f7a95fcf33aed83b99777f310237a2-e1609227762267-1024x768.jpg HTTP/1.1" 200 137978 "https://2blog.ilc.edu.tw/lovetogether/2020/12/29/%E3%80%90%E7%BE%8E%E8%A1%93%E3%80%91%E5%BD%A9%E7%B9%AA%E7%8E%BB%E7%92%83%E8%B2%BCdiy/" "Mozilla/5.0 (Windows NT 10.0; Win64; x64) AppleWebKit/537.36 (KHTML, like Gecko) Chrome/151.0.0.0 Safari/537.36"
2409:8738:816:120::88 - - [22/Aug/2026:12:22:30 +0800] "GET /wp-content/themes/oceanwp/assets/js/vendors/magnific-popup.min.js HTTP/1.1" 200 8270 "https://isupport.ilc.edu.tw/category/system/" "Mozilla/5.0 (Windows NT 10.0; Win64; x64) AppleWebKit/537.36 (KHTML, like Gecko) Chrome/144.0.0.0 Safari/537.36"
140.111.67.195 - - [22/Aug/2026:12:22:30 +0800] "GET /wp-admin/admin-post.php?action=steps_ad HTTP/1.1" 200 1973 "-" "node-fetch/1.0 (+https://github.com/bitinn/node-fetch)"
2409:8738:816:120::88 - - [22/Aug/2026:12:22:31 +0800] "GET /wp-content/themes/oceanwp/assets/js/select.min.js HTTP/1.1" 200 2408 "https://isupport.ilc.edu.tw/category/system/" "Mozilla/5.0 (Windows NT 10.0; Win64; x64) AppleWebKit/537.36 (KHTML, like Gecko) Chrome/144.0.0.0 Safari/537.36"
125.231.138.206 - - [22/Aug/2026:12:22:31 +0800] "-" 408 339 "-" "-"
74.7.242.54 - - [22/Aug/2026:12:22:29 +0800] "GET /26150/?p=2959 HTTP/1.1" 301 984 "https://2blog.ilc.edu.tw/26150/2014/04/11/%e5%8e%9f%e8%a8%82103%e5%b9%b44%e6%9c%8826%e6%97%a5%e6%98%9f%e6%9c%9f%e5%85%ad%e6%96%bc%e5%85%a7%e5%9f%8e%e5%9c%8b%e4%b8%ad%e5%b0%8f%e8%88%89%e8%be%a6%e3%80%8c%e6%89%be%e5%9b%9e%e7%88%b6%e6%af%8d/" "Mozilla/5.0 AppleWebKit/537.36 (KHTML, like Gecko; compatible; GPTBot/1.4; +https://openai.com/gptbot)"
::1 - - [22/Aug/2026:12:22:31 +0800] "OPTIONS * HTTP/1.0" 200 110 "-" "Apache/2.4.68 (Ubuntu) OpenSSL/3.0.19 (internal dummy connection)"
2409:8738:816:120::88 - - [22/Aug/2026:12:22:31 +0800] "GET /wp-content/plugins/ocean-extra/includes/widgets/js/flickr.min.js HTTP/1.1" 200 1319 "https://isupport.ilc.edu.tw/category/system/" "Mozilla/5.0 (Windows NT 10.0; Win64; x64) AppleWebKit/537.36 (KHTML, like Gecko) Chrome/144.0.0.0 Safari/537.36"
2001:b011:4011:3918:2422:cf2c:9250:10b2 - - [22/Aug/2026:12:22:31 +0800] "GET /lovetogether/wp-content/uploads/sites/2730/2020/12/013b930a39444dd26467757574d3872fc32dabc67f-e1609227751840-1024x768.jpg HTTP/1.1" 200 157720 "https://2blog.ilc.edu.tw/lovetogether/2020/12/29/%E3%80%90%E7%BE%8E%E8%A1%93%E3%80%91%E5%BD%A9%E7%B9%AA%E7%8E%BB%E7%92%83%E8%B2%BCdiy/" "Mozilla/5.0 (Windows NT 10.0; Win64; x64) AppleWebKit/537.36 (KHTML, like Gecko) Chrome/151.0.0.0 Safari/537.36"
74.7.228.199 - - [22/Aug/2026:12:22:31 +0800] "GET /dafu/wp-content/themes/oceanwp/assets/fonts/fontawesome/webfonts/fa-solid-900.woff2 HTTP/1.1" 200 155996 "https://2blog.ilc.edu.tw/dafu/category/%E6%9C%AC%E5%9C%9F%E8%AA%9E%E4%B9%8B%E7%9B%B8%E9%97%9C%E6%B4%BB%E5%8B%95%E6%88%90%E6%9E%9C%E7%99%BC%E8%A1%A8/" "Mozilla/5.0 (Macintosh; Intel Mac OS X 10_15_7) AppleWebKit/537.36 (KHTML, like Gecko) Chrome/131.0.0.0 Safari/537.36; compatible; OAI-SearchBot/1.4; +https://openai.com/searchbot"
192.177.29.73 - - [22/Aug/2026:12:22:31 +0800] "GET /daes501/wp-content/uploads/sites/3620/2023/07/LINE_ALBUM_%E4%BA%94%E4%B8%8B%E9%A3%9F%E8%BE%B2%EF%BC%88%E7%8E%89%E7%B1%B3%EF%BC%89_230727_11-300x225.jpg HTTP/1.1" 200 23836 "-" "Mozilla/5.0 (compatible; crawler)"
2409:8738:816:120::88 - - [22/Aug/2026:12:22:31 +0800] "GET /wp-content/themes/oceanwp/assets/fonts/fontawesome/webfonts/fa-regular-400.woff2 HTTP/1.1" 200 25383 "https://isupport.ilc.edu.tw/wp-content/cache/isupport.ilc.edu.tw/wpfc-minified/8jq1rsi9/ks8w.css" "Mozilla/5.0 (Windows NT 10.0; Win64; x64) AppleWebKit/537.36 (KHTML, like Gecko) Chrome/144.0.0.0 Safari/537.36"
2001:b011:4011:3918:2422:cf2c:9250:10b2 - - [22/Aug/2026:12:22:31 +0800] "GET /lovetogether/wp-content/uploads/sites/2730/2020/12/014a89c7c2626d2f7b77174faec58149f7230b2be5-1080x1440.jpg HTTP/1.1" 200 269542 "https://2blog.ilc.edu.tw/lovetogether/2020/12/29/%E3%80%90%E7%BE%8E%E8%A1%93%E3%80%91%E5%BD%A9%E7%B9%AA%E7%8E%BB%E7%92%83%E8%B2%BCdiy/" "Mozilla/5.0 (Windows NT 10.0; Win64; x64) AppleWebKit/537.36 (KHTML, like Gecko) Chrome/151.0.0.0 Safari/537.36"
74.7.242.138 - - [22/Aug/2026:12:22:31 +0800] "GET /dafu/wp-content/themes/oceanwp/assets/fonts/simple-line-icons/Simple-Line-Icons.woff?v=2.4.0 HTTP/1.1" 200 82336 "https://2blog.ilc.edu.tw/dafu/category/%E6%9C%AC%E5%9C%9F%E8%AA%9E%E4%B9%8B%E7%9B%B8%E9%97%9C%E6%B4%BB%E5%8B%95%E6%88%90%E6%9E%9C%E7%99%BC%E8%A1%A8/" "Mozilla/5.0 (Macintosh; Intel Mac OS X 10_15_7) AppleWebKit/537.36 (KHTML, like Gecko) Chrome/131.0.0.0 Safari/537.36; compatible; OAI-SearchBot/1.4; +https://openai.com/searchbot"
::1 - - [22/Aug/2026:12:22:32 +0800] "OPTIONS * HTTP/1.0" 200 110 "-" "Apache/2.4.68 (Ubuntu) OpenSSL/3.0.19 (internal dummy connection)"
74.7.242.138 - - [22/Aug/2026:12:22:32 +0800] "GET /dafu/wp-content/themes/oceanwp/assets/fonts/simple-line-icons/Simple-Line-Icons.woff2?v=2.4.0 HTTP/1.1" 200 30915 "https://2blog.ilc.edu.tw/dafu/category/%E6%9C%AC%E5%9C%9F%E8%AA%9E%E4%B9%8B%E7%9B%B8%E9%97%9C%E6%B4%BB%E5%8B%95%E6%88%90%E6%9E%9C%E7%99%BC%E8%A1%A8/" "Mozilla/5.0 (Macintosh; Intel Mac OS X 10_15_7) AppleWebKit/537.36 (KHTML, like Gecko) Chrome/131.0.0.0 Safari/537.36; compatible; OAI-SearchBot/1.4; +https://openai.com/searchbot"
207.180.11.49 - - [22/Aug/2026:12:22:32 +0800] "GET /blog/gallery/697/previews/697-1179296.jpg HTTP/1.1" 301 1078 "-" "-"
2001:b011:4011:3918:2422:cf2c:9250:10b2 - - [22/Aug/2026:12:22:33 +0800] "GET /lovetogether/wp-content/uploads/sites/2730/2020/12/014dade1f0b00e12a9876e53a9eb70ededac3dfa35-e1609227741453-1024x768.jpg HTTP/1.1" 200 155063 "https://2blog.ilc.edu.tw/lovetogether/2020/12/29/%E3%80%90%E7%BE%8E%E8%A1%93%E3%80%91%E5%BD%A9%E7%B9%AA%E7%8E%BB%E7%92%83%E8%B2%BCdiy/" "Mozilla/5.0 (Windows NT 10.0; Win64; x64) AppleWebKit/537.36 (KHTML, like Gecko) Chrome/151.0.0.0 Safari/537.36"
2001:288:a201::66:125 - - [22/Aug/2026:12:22:33 +0800] "GET /blog/active.php HTTP/1.1" 301 1026 "-" "-"
2001:288:a201::66:125 - - [22/Aug/2026:12:22:33 +0800] "GET /blog/active.php HTTP/1.1" 404 1084 "-" "-"
207.180.11.54 - - [22/Aug/2026:12:22:33 +0800] "GET /blog/gallery/3149/previews-med/3149-4205591.jpg HTTP/1.1" 301 1090 "-" "-"
207.180.11.54 - - [22/Aug/2026:12:22:33 +0800] "GET /blog/blog/868/resource/3246/download/63627 HTTP/1.1" 301 1080 "-" "-"
74.7.242.54 - - [22/Aug/2026:12:22:31 +0800] "GET /26150/?p=5926 HTTP/1.1" 301 984 "https://2blog.ilc.edu.tw/26150/2021/07/02/109%e5%b9%b4%e5%ba%a6%e5%b9%b8%e7%a6%8f%e5%ae%b6%e5%ba%ad%e7%a9%ba%e4%b8%ad%e8%ac%9b%e5%a0%82%e7%ac%ac51%e9%9b%86_%e5%a4%9a%e5%85%83%e6%96%87%e5%8c%96%e7%9c%8b%e5%a9%9a%e5%a7%bb%e8%88%87%e5%ae%b6/" "Mozilla/5.0 AppleWebKit/537.36 (KHTML, like Gecko; compatible; GPTBot/1.4; +https://openai.com/gptbot)"
::1 - - [22/Aug/2026:12:22:33 +0800] "OPTIONS * HTTP/1.0" 200 110 "-" "Apache/2.4.68 (Ubuntu) OpenSSL/3.0.19 (internal dummy connection)"
2001:b011:4011:3918:2422:cf2c:9250:10b2 - - [22/Aug/2026:12:22:33 +0800] "GET /lovetogether/wp-content/uploads/sites/2730/2020/12/018b73ea871d9e5ba9651dbac1a85632f0c517c77f-e1609227730274-1024x768.jpg HTTP/1.1" 200 109720 "https://2blog.ilc.edu.tw/lovetogether/2020/12/29/%E3%80%90%E7%BE%8E%E8%A1%93%E3%80%91%E5%BD%A9%E7%B9%AA%E7%8E%BB%E7%92%83%E8%B2%BCdiy/" "Mozilla/5.0 (Windows NT 10.0; Win64; x64) AppleWebKit/537.36 (KHTML, like Gecko) Chrome/151.0.0.0 Safari/537.36"
74.7.228.185 - - [22/Aug/2026:12:22:33 +0800] "GET /dafu/wp-content/themes/oceanwp/assets/fonts/simple-line-icons/Simple-Line-Icons.ttf?v=2.4.0 HTTP/1.1" 200 59765 "https://2blog.ilc.edu.tw/dafu/category/%E6%9C%AC%E5%9C%9F%E8%AA%9E%E4%B9%8B%E7%9B%B8%E9%97%9C%E6%B4%BB%E5%8B%95%E6%88%90%E6%9E%9C%E7%99%BC%E8%A1%A8/" "Mozilla/5.0 (Macintosh; Intel Mac OS X 10_15_7) AppleWebKit/537.36 (KHTML, like Gecko) Chrome/131.0.0.0 Safari/537.36; compatible; OAI-SearchBot/1.4; +https://openai.com/searchbot"
2a03:2880:18ff:20:: - - [22/Aug/2026:12:22:33 +0800] "GET /wp-content/uploads/sites/1517/2024/01/49827-2.jpg HTTP/1.1" 200 466520 "-" "facebookexternalhit/1.1 (+http://www.facebook.com/externalhit_uatext.php)"
2001:b011:4011:3918:2422:cf2c:9250:10b2 - - [22/Aug/2026:12:22:34 +0800] "GET /lovetogether/wp-content/uploads/sites/2730/2020/12/019afb414829b89ed18d7492cd843a53626bf9b7f0-e1609227721356-1024x768.jpg HTTP/1.1" 200 175654 "https://2blog.ilc.edu.tw/lovetogether/2020/12/29/%E3%80%90%E7%BE%8E%E8%A1%93%E3%80%91%E5%BD%A9%E7%B9%AA%E7%8E%BB%E7%92%83%E8%B2%BCdiy/" "Mozilla/5.0 (Windows NT 10.0; Win64; x64) AppleWebKit/537.36 (KHTML, like Gecko) Chrome/151.0.0.0 Safari/537.36"
140.111.67.10 - - [22/Aug/2026:12:22:34 +0800] "GET /" 301 273 "-" "-"
2001:b011:4011:3918:2422:cf2c:9250:10b2 - - [22/Aug/2026:12:22:34 +0800] "GET /lovetogether/wp-content/uploads/sites/2730/2020/12/0125dad6bf5b65d872f756fc3716b85d5488eb93b3-e1609227708573-1024x768.jpg HTTP/1.1" 200 166017 "https://2blog.ilc.edu.tw/lovetogether/2020/12/29/%E3%80%90%E7%BE%8E%E8%A1%93%E3%80%91%E5%BD%A9%E7%B9%AA%E7%8E%BB%E7%92%83%E8%B2%BCdiy/" "Mozilla/5.0 (Windows NT 10.0; Win64; x64) AppleWebKit/537.36 (KHTML, like Gecko) Chrome/151.0.0.0 Safari/537.36"
146.190.210.155 - - [22/Aug/2026:12:22:34 +0800] "GET /blog/gallery/697/previews/697-1179296.jpg HTTP/1.1" 404 25426 "http://blog.ilc.edu.tw/" "Mozilla/5.0 (Windows NT 10.0; Win64; x64) AppleWebKit/537.36 (KHTML, like Gecko) Chrome/112.0.0.0 Safari/537.36"
2001:b011:4011:3918:2422:cf2c:9250:10b2 - - [22/Aug/2026:12:22:34 +0800] "GET /lovetogether/wp-content/uploads/sites/2730/2020/12/0131d3162c266ad8bbbeaa941b3809eabb9a63afb9-e1609227696105-1024x768.jpg HTTP/1.1" 200 161335 "https://2blog.ilc.edu.tw/lovetogether/2020/12/29/%E3%80%90%E7%BE%8E%E8%A1%93%E3%80%91%E5%BD%A9%E7%B9%AA%E7%8E%BB%E7%92%83%E8%B2%BCdiy/" "Mozilla/5.0 (Windows NT 10.0; Win64; x64) AppleWebKit/537.36 (KHTML, like Gecko) Chrome/151.0.0.0 Safari/537.36"
134.122.23.82 - - [22/Aug/2026:12:22:34 +0800] "GET /blog/blog/868/resource/3246/download/63627 HTTP/1.1" 404 25426 "https://2blog.ilc.edu.tw/" "Mozilla/5.0 (Windows NT 10.0; Win64; x64) AppleWebKit/537.36 (KHTML, like Gecko) Chrome/107.0.0.0 Safari/537.36"
192.241.156.4 - - [22/Aug/2026:12:22:34 +0800] "GET /blog/gallery/3149/previews-med/3149-4205591.jpg HTTP/1.1" 404 25426 "http://blog.ilc.edu.tw/" "Mozilla/5.0 (Windows NT 10.0; Win64; x64) AppleWebKit/537.36 (KHTML, like Gecko) Chrome/109.0.0.0 Safari/537.36"
2001:b011:4011:3918:2422:cf2c:9250:10b2 - - [22/Aug/2026:12:22:35 +0800] "GET /lovetogether/wp-content/uploads/sites/2730/2020/12/0141e2b4c81204fb5f69d327d5ba5a400c7cb935ae-e1609227686264-1024x768.jpg HTTP/1.1" 200 170572 "https://2blog.ilc.edu.tw/lovetogether/2020/12/29/%E3%80%90%E7%BE%8E%E8%A1%93%E3%80%91%E5%BD%A9%E7%B9%AA%E7%8E%BB%E7%92%83%E8%B2%BCdiy/" "Mozilla/5.0 (Windows NT 10.0; Win64; x64) AppleWebKit/537.36 (KHTML, like Gecko) Chrome/151.0.0.0 Safari/537.36"
::1 - - [22/Aug/2026:12:22:35 +0800] "OPTIONS * HTTP/1.0" 200 110 "-" "Apache/2.4.68 (Ubuntu) OpenSSL/3.0.19 (internal dummy connection)"
74.7.242.54 - - [22/Aug/2026:12:22:33 +0800] "GET /26150/?p=5230 HTTP/1.1" 301 982 "https://2blog.ilc.edu.tw/26150/2021/03/16/%e8%bd%89%e7%9f%a5%e8%b2%a1%e5%9c%98%e6%b3%95%e4%ba%ba%e5%be%ae%e9%be%8d%e6%95%99%e8%82%b2%e5%9f%ba%e9%87%91%e6%9c%83%e3%80%8c2021%e7%b5%a6%e5%ad%a9%e5%ad%90%e4%b8%80%e4%bb%bd%e8%87%aa%e5%9c%a8/" "Mozilla/5.0 AppleWebKit/537.36 (KHTML, like Gecko; compatible; GPTBot/1.4; +https://openai.com/gptbot)"
140.111.67.195 - - [22/Aug/2026:12:22:35 +0800] "GET /wp-admin/admin-post.php?action=steps_ad HTTP/1.1" 200 1649 "-" "node-fetch/1.0 (+https://github.com/bitinn/node-fetch)"
3.208.146.193 - - [22/Aug/2026:12:22:35 +0800] "GET /wp-content/uploads/sites/1397/2024/12/ HTTP/1.1" 200 1114 "-" "Mozilla/5.0 AppleWebKit/537.36 (KHTML, like Gecko; compatible; Amazonbot/0.1; +https://developer.amazon.com/support/amazonbot) Chrome/119.0.6045.214 Safari/537.36"
2001:b011:4011:3918:2422:cf2c:9250:10b2 - - [22/Aug/2026:12:22:35 +0800] "GET /lovetogether/wp-content/uploads/sites/2730/2020/12/01000e4fed6dcb4ea694b17c62e5b63ff4495ff832-e1609227665386-1024x768.jpg HTTP/1.1" 200 161784 "https://2blog.ilc.edu.tw/lovetogether/2020/12/29/%E3%80%90%E7%BE%8E%E8%A1%93%E3%80%91%E5%BD%A9%E7%B9%AA%E7%8E%BB%E7%92%83%E8%B2%BCdiy/" "Mozilla/5.0 (Windows NT 10.0; Win64; x64) AppleWebKit/537.36 (KHTML, like Gecko) Chrome/151.0.0.0 Safari/537.36"
::1 - - [22/Aug/2026:12:22:36 +0800] "OPTIONS * HTTP/1.0" 200 110 "-" "Apache/2.4.68 (Ubuntu) OpenSSL/3.0.19 (internal dummy connection)"
2001:b011:4011:3918:2422:cf2c:9250:10b2 - - [22/Aug/2026:12:22:36 +0800] "GET /lovetogether/wp-content/uploads/sites/2730/2020/12/01319b8602e4b534bbed291d965255213f7d6ece85-e1609227675633-1024x768.jpg HTTP/1.1" 200 171149 "https://2blog.ilc.edu.tw/lovetogether/2020/12/29/%E3%80%90%E7%BE%8E%E8%A1%93%E3%80%91%E5%BD%A9%E7%B9%AA%E7%8E%BB%E7%92%83%E8%B2%BCdiy/" "Mozilla/5.0 (Windows NT 10.0; Win64; x64) AppleWebKit/537.36 (KHTML, like Gecko) Chrome/151.0.0.0 Safari/537.36"
2001:b011:4011:3918:2422:cf2c:9250:10b2 - - [22/Aug/2026:12:22:36 +0800] "GET /lovetogether/wp-content/uploads/sites/2730/2020/12/01631ac05482d491dcd68daf403fae80f711d00501-e1609227656464-1024x768.jpg HTTP/1.1" 200 179307 "https://2blog.ilc.edu.tw/lovetogether/2020/12/29/%E3%80%90%E7%BE%8E%E8%A1%93%E3%80%91%E5%BD%A9%E7%B9%AA%E7%8E%BB%E7%92%83%E8%B2%BCdiy/" "Mozilla/5.0 (Windows NT 10.0; Win64; x64) AppleWebKit/537.36 (KHTML, like Gecko) Chrome/151.0.0.0 Safari/537.36"
34.57.162.91 - - [22/Aug/2026:12:22:36 +0800] "GET /26060/?p=338 HTTP/1.1" 301 5776 "-" "Mozilla/5.0 (Macintosh; Intel Mac OS X 10_15_7) AppleWebKit/537.36 (KHTML, like Gecko) Chrome/120.0.0.0 Safari/537.36"
2001:b011:4011:3918:2422:cf2c:9250:10b2 - - [22/Aug/2026:12:22:37 +0800] "GET /lovetogether/wp-content/uploads/sites/2730/2020/12/012441e517c402c020fa63c56e42685395d3446db0-e1609227647771-1024x768.jpg HTTP/1.1" 200 126992 "https://2blog.ilc.edu.tw/lovetogether/2020/12/29/%E3%80%90%E7%BE%8E%E8%A1%93%E3%80%91%E5%BD%A9%E7%B9%AA%E7%8E%BB%E7%92%83%E8%B2%BCdiy/" "Mozilla/5.0 (Windows NT 10.0; Win64; x64) AppleWebKit/537.36 (KHTML, like Gecko) Chrome/151.0.0.0 Safari/537.36"
2001:b011:4011:3918:2422:cf2c:9250:10b2 - - [22/Aug/2026:12:22:37 +0800] "GET /lovetogether/wp-content/uploads/sites/2730/2020/12/0139321cebff94388998716787901ade09bdca5c21-e1609227639925-1024x768.jpg HTTP/1.1" 200 147027 "https://2blog.ilc.edu.tw/lovetogether/2020/12/29/%E3%80%90%E7%BE%8E%E8%A1%93%E3%80%91%E5%BD%A9%E7%B9%AA%E7%8E%BB%E7%92%83%E8%B2%BCdiy/" "Mozilla/5.0 (Windows NT 10.0; Win64; x64) AppleWebKit/537.36 (KHTML, like Gecko) Chrome/151.0.0.0 Safari/537.36"
::1 - - [22/Aug/2026:12:22:37 +0800] "OPTIONS * HTTP/1.0" 200 110 "-" "Apache/2.4.68 (Ubuntu) OpenSSL/3.0.19 (internal dummy connection)"
2001:b011:4011:3918:2422:cf2c:9250:10b2 - - [22/Aug/2026:12:22:37 +0800] "GET /lovetogether/wp-content/uploads/sites/2730/2020/12/0184838bd40bcc98b7fcc4f90ba61362dd4156aa2b-e1609227626609-1024x768.jpg HTTP/1.1" 200 161195 "https://2blog.ilc.edu.tw/lovetogether/2020/12/29/%E3%80%90%E7%BE%8E%E8%A1%93%E3%80%91%E5%BD%A9%E7%B9%AA%E7%8E%BB%E7%92%83%E8%B2%BCdiy/" "Mozilla/5.0 (Windows NT 10.0; Win64; x64) AppleWebKit/537.36 (KHTML, like Gecko) Chrome/151.0.0.0 Safari/537.36"
74.7.242.54 - - [22/Aug/2026:12:22:35 +0800] "GET /26150/?p=3500 HTTP/1.1" 301 989 "https://2blog.ilc.edu.tw/26150/2018/01/16/%e5%ae%a3%e5%b0%8e%e5%85%a8%e5%9c%8b%e5%ae%b6%e5%ba%ad%e6%95%99%e8%82%b2%e8%ab%ae%e8%a9%a2%e5%b0%88%e7%b7%9a%e5%ae%a3%e5%b0%8e%e3%80%8ci%e7%9c%8b%e5%bd%b1%e7%89%87i%e6%8b%bf%e7%8d%8e%e6%b4%bb%e5%8b%95/" "Mozilla/5.0 AppleWebKit/537.36 (KHTML, like Gecko; compatible; GPTBot/1.4; +https://openai.com/gptbot)"
2001:b011:4011:3918:2422:cf2c:9250:10b2 - - [22/Aug/2026:12:22:37 +0800] "GET /lovetogether/wp-content/uploads/sites/2730/2020/12/01033402f957674189302960ba972d90875a3b6d3e-e1609227617171-1024x768.jpg HTTP/1.1" 200 123455 "https://2blog.ilc.edu.tw/lovetogether/2020/12/29/%E3%80%90%E7%BE%8E%E8%A1%93%E3%80%91%E5%BD%A9%E7%B9%AA%E7%8E%BB%E7%92%83%E8%B2%BCdiy/" "Mozilla/5.0 (Windows NT 10.0; Win64; x64) AppleWebKit/537.36 (KHTML, like Gecko) Chrome/151.0.0.0 Safari/537.36"
2001:288:a201::66:125 - - [22/Aug/2026:12:22:38 +0800] "GET /blog/active.php HTTP/1.1" 301 1026 "-" "-"
2001:b011:4011:3918:2422:cf2c:9250:10b2 - - [22/Aug/2026:12:22:38 +0800] "GET /lovetogether/wp-content/uploads/sites/2730/2020/12/01cbe3254aa66e5960f8eb9e622e7a4dfe5cdd90d8-e1609227606435-1024x768.jpg HTTP/1.1" 200 178493 "https://2blog.ilc.edu.tw/lovetogether/2020/12/29/%E3%80%90%E7%BE%8E%E8%A1%93%E3%80%91%E5%BD%A9%E7%B9%AA%E7%8E%BB%E7%92%83%E8%B2%BCdiy/" "Mozilla/5.0 (Windows NT 10.0; Win64; x64) AppleWebKit/537.36 (KHTML, like Gecko) Chrome/151.0.0.0 Safari/537.36"
2001:288:a201::66:125 - - [22/Aug/2026:12:22:38 +0800] "GET /blog/active.php HTTP/1.1" 404 1084 "-" "-"
::1 - - [22/Aug/2026:12:22:38 +0800] "OPTIONS * HTTP/1.0" 200 110 "-" "Apache/2.4.68 (Ubuntu) OpenSSL/3.0.19 (internal dummy connection)"
2001:b011:4011:3918:2422:cf2c:9250:10b2 - - [22/Aug/2026:12:22:38 +0800] "GET /lovetogether/wp-content/uploads/sites/2730/2020/12/01d98b9e4405dbd2418947cd5f562728cd806083f8-1080x1440.jpg HTTP/1.1" 200 261922 "https://2blog.ilc.edu.tw/lovetogether/2020/12/29/%E3%80%90%E7%BE%8E%E8%A1%93%E3%80%91%E5%BD%A9%E7%B9%AA%E7%8E%BB%E7%92%83%E8%B2%BCdiy/" "Mozilla/5.0 (Windows NT 10.0; Win64; x64) AppleWebKit/537.36 (KHTML, like Gecko) Chrome/151.0.0.0 Safari/537.36"
2001:454e:c010:101::146 - - [22/Aug/2026:12:22:38 +0800] "GET / HTTP/1.1" 301 992 "-" "Mozilla/4.0 (compatible; MSIE 8.0; Windows NT 6.1)"
2001:454e:c010:101::146 - - [22/Aug/2026:12:22:38 +0800] "GET / HTTP/1.1" 301 992 "-" "Mozilla/4.0 (compatible; MSIE 8.0; Windows NT 6.1)"
2001:b011:4011:3918:2422:cf2c:9250:10b2 - - [22/Aug/2026:12:22:38 +0800] "GET /lovetogether/wp-content/uploads/sites/2730/2020/12/01eb7360e45f96b0f6c0897450e7457a4b98f8ad7a-e1609227597692-1024x768.jpg HTTP/1.1" 200 180022 "https://2blog.ilc.edu.tw/lovetogether/2020/12/29/%E3%80%90%E7%BE%8E%E8%A1%93%E3%80%91%E5%BD%A9%E7%B9%AA%E7%8E%BB%E7%92%83%E8%B2%BCdiy/" "Mozilla/5.0 (Windows NT 10.0; Win64; x64) AppleWebKit/537.36 (KHTML, like Gecko) Chrome/151.0.0.0 Safari/537.36"
140.111.67.10 - - [22/Aug/2026:12:22:39 +0800] "GET /" 301 273 "-" "-"
::1 - - [22/Aug/2026:12:22:39 +0800] "OPTIONS * HTTP/1.0" 200 110 "-" "Apache/2.4.68 (Ubuntu) OpenSSL/3.0.19 (internal dummy connection)"
74.7.242.54 - - [22/Aug/2026:12:22:37 +0800] "GET /26150/?p=2906 HTTP/1.1" 301 981 "https://2blog.ilc.edu.tw/26150/2013/12/10/%e6%95%99%e8%82%b2%e9%83%a8101%e5%b9%b4%e5%ba%a6%e8%a3%9c%e5%8a%a9%e5%9c%b0%e6%96%b9%e6%94%bf%e5%ba%9c%e6%8e%a8%e5%b1%95%e5%ae%b6%e5%ba%ad%e6%95%99%e8%82%b2%e8%a8%88%e7%95%ab%e8%aa%aa%e6%98%8e/" "Mozilla/5.0 AppleWebKit/537.36 (KHTML, like Gecko; compatible; GPTBot/1.4; +https://openai.com/gptbot)"
34.10.180.98 - - [22/Aug/2026:12:22:40 +0800] "GET /6543/2017/11/10/106_2-2-10%E7%B5%90%E5%90%88%E5%9C%B0%E6%96%B9%E7%94%A2%E6%A5%AD%E6%8E%A8%E5%8B%95%E9%81%8A%E5%AD%B8%E8%A8%88%E7%95%AB/ HTTP/1.1" 200 15830 "-" "Mozilla/5.0 (Macintosh; Intel Mac OS X 10_15_7) AppleWebKit/537.36 (KHTML, like Gecko) Chrome/120.0.0.0 Safari/537.36"
66.249.79.76 - - [22/Aug/2026:12:22:38 +0800] "GET /page/2/?from=companyhomepages.com HTTP/1.1" 200 30762 "-" "Mozilla/5.0 (Linux; Android 6.0.1; Nexus 5X Build/MMB29P) AppleWebKit/537.36 (KHTML, like Gecko) Chrome/151.0.7922.137 Mobile Safari/537.36 (compatible; Googlebot/2.1; +http://www.google.com/bot.html)"
::1 - - [22/Aug/2026:12:22:41 +0800] "OPTIONS * HTTP/1.0" 200 110 "-" "Apache/2.4.68 (Ubuntu) OpenSSL/3.0.19 (internal dummy connection)"
125.231.138.206 - - [22/Aug/2026:12:22:41 +0800] "GET /1003/category/%e6%9b%bf%e6%9c%aa%e4%be%86%e7%af%80%e7%9c%81%e6%99%82%e9%96%93/ HTTP/1.1" 200 14006 "https://2blog.ilc.edu.tw/1003/2026/07/30/%e5%b0%8f%e5%a3%81%e8%99%8e%e8%80%81%e5%b8%ab%e7%9a%84%e5%b7%a5%e5%85%b7%e7%ab%99%e3%80%90ai%e5%8d%94%e4%bd%9c%e4%bd%9c%e5%93%81%e3%80%91/" "Mozilla/5.0 (Windows NT 10.0; Win64; x64) AppleWebKit/537.36 (KHTML, like Gecko) Chrome/151.0.0.0 Safari/537.36"
125.231.138.206 - - [22/Aug/2026:12:22:41 +0800] "GET /1003/wp-content/uploads/sites/233/2025/09/sp250917_143846-600x600.png HTTP/1.1" 200 152324 "https://2blog.ilc.edu.tw/1003/category/%e6%9b%bf%e6%9c%aa%e4%be%86%e7%af%80%e7%9c%81%e6%99%82%e9%96%93/" "Mozilla/5.0 (Windows NT 10.0; Win64; x64) AppleWebKit/537.36 (KHTML, like Gecko) Chrome/151.0.0.0 Safari/537.36"
74.7.242.54 - - [22/Aug/2026:12:22:39 +0800] "GET /26150/?p=9212 HTTP/1.1" 301 904 "https://2blog.ilc.edu.tw/26150/2023/10/31/%e5%b9%b8%e7%a6%8f%e5%ae%b6%e5%ba%ad%e7%a9%ba%e4%b8%ad%e8%ac%9b%e5%a0%82%ef%bc%9a112%e5%b9%b410%e6%9c%8829%e6%97%a5/" "Mozilla/5.0 AppleWebKit/537.36 (KHTML, like Gecko; compatible; GPTBot/1.4; +https://openai.com/gptbot)"
::1 - - [22/Aug/2026:12:22:42 +0800] "OPTIONS * HTTP/1.0" 200 110 "-" "Apache/2.4.68 (Ubuntu) OpenSSL/3.0.19 (internal dummy connection)"
2001:288:a201::66:125 - - [22/Aug/2026:12:22:43 +0800] "GET /blog/active.php HTTP/1.1" 301 1026 "-" "-"
2001:288:a201::66:125 - - [22/Aug/2026:12:22:43 +0800] "GET /blog/active.php HTTP/1.1" 404 1084 "-" "-"
::1 - - [22/Aug/2026:12:22:43 +0800] "OPTIONS * HTTP/1.0" 200 110 "-" "Apache/2.4.68 (Ubuntu) OpenSSL/3.0.19 (internal dummy connection)"
34.30.223.149 - - [22/Aug/2026:12:22:43 +0800] "GET /18267/2018/02/01/109%E5%AD%B8%E5%B9%B4%E5%BA%A6%E5%AE%9C%E8%98%AD%E7%B8%A3%E5%85%89%E5%BE%A9%E5%9C%8B%E6%B0%91%E5%B0%8F%E5%AD%B8%E5%AD%B8%E5%8D%80%E4%B8%80%E8%A6%BD%E8%A1%A8/ HTTP/1.1" 200 14890 "-" "Mozilla/5.0 (Macintosh; Intel Mac OS X 10_15_7) AppleWebKit/537.36 (KHTML, like Gecko) Chrome/120.0.0.0 Safari/537.36"
34.10.180.98 - - [22/Aug/2026:12:22:43 +0800] "GET /24659/2015/10/22/1041022%E9%A3%9F%E8%BE%B2%E6%95%99%E8%82%B2%E3%80%90%E8%AA%8D%E8%AD%98%E9%87%91%E6%A1%94%E3%80%91/ HTTP/1.1" 200 20228 "-" "Mozilla/5.0 (Macintosh; Intel Mac OS X 10_15_7) AppleWebKit/537.36 (KHTML, like Gecko) Chrome/120.0.0.0 Safari/537.36"
74.7.242.54 - - [22/Aug/2026:12:22:41 +0800] "GET /26150/?p=8686 HTTP/1.1" 301 987 "https://2blog.ilc.edu.tw/26150/2025/10/13/%e8%bd%89%e7%9f%a5%e7%ac%ac%e5%8d%81%e4%b9%9d%e5%b1%86%e5%8f%b0%e7%81%a3%e8%a6%aa%e5%ad%90%e8%ab%96%e5%a3%87%e6%b4%bb%e5%8b%95%e8%a8%8a%e6%81%af%ef%bc%8c%e8%ab%8b%e8%a9%b3%e9%96%b1%e6%b4%bb%e5%8b%95/" "Mozilla/5.0 AppleWebKit/537.36 (KHTML, like Gecko; compatible; GPTBot/1.4; +https://openai.com/gptbot)"
140.111.67.10 - - [22/Aug/2026:12:22:44 +0800] "GET /" 301 273 "-" "-"
40.77.167.116 - - [22/Aug/2026:12:22:42 +0800] "GET /26150/2016/09/23/2016%E6%88%80%E5%9C%A8%E8%98%AD%E9%99%BD%E5%BF%83%E5%BF%83%E7%9B%B8%E9%81%87%E5%85%A9%E6%80%A7%E6%88%90%E9%95%B7%E7%87%9F%E6%B4%BB%E5%8B%95%EF%BC%8C%E4%BA%8C%E6%A2%AF%E6%AC%A110-1-2-10-15-16/ HTTP/1.1" 200 23477 "-" "Mozilla/5.0 AppleWebKit/537.36 (KHTML, like Gecko; compatible; bingbot/2.0; +http://www.bing.com/bingbot.htm) Chrome/116.0.1938.76 Safari/537.36"
31.76.139.130 - - [22/Aug/2026:12:22:45 +0800] "GET /wei759/wp-content/uploads/sites/3931/2024/11/20241004_082202-300x135.jpg HTTP/1.1" 200 18642 "-" "Mozilla/5.0 (compatible; crawler)"
74.7.242.54 - - [22/Aug/2026:12:22:44 +0800] "GET /26150/?p=6922 HTTP/1.1" 301 894 "https://2blog.ilc.edu.tw/26150/2023/04/21/112%e5%b9%b4%e5%b9%b8%e7%a6%8f%e5%ae%b6%e5%ba%ad%e7%a9%ba%e4%b8%ad%e8%ac%9b%e5%a0%82-%e7%ac%ac05%e9%9b%86/" "Mozilla/5.0 AppleWebKit/537.36 (KHTML, like Gecko; compatible; GPTBot/1.4; +https://openai.com/gptbot)"
::1 - - [22/Aug/2026:12:22:46 +0800] "OPTIONS * HTTP/1.0" 200 110 "-" "Apache/2.4.68 (Ubuntu) OpenSSL/3.0.19 (internal dummy connection)"
::1 - - [22/Aug/2026:12:22:47 +0800] "OPTIONS * HTTP/1.0" 200 110 "-" "Apache/2.4.68 (Ubuntu) OpenSSL/3.0.19 (internal dummy connection)"
2001:288:a201::66:125 - - [22/Aug/2026:12:22:48 +0800] "GET /blog/active.php HTTP/1.1" 301 1026 "-" "-"
2001:288:a201::66:125 - - [22/Aug/2026:12:22:48 +0800] "GET /blog/active.php HTTP/1.1" 404 1084 "-" "-"
34.171.68.95 - - [22/Aug/2026:12:22:47 +0800] "GET /17160/2026/02/28/%E3%80%90g6%E3%80%91%E7%8D%A8%E7%AB%8B%E7%A0%94%E7%A9%B6a-%E7%A0%94%E7%A9%B6%E6%8E%A8%E9%80%B2%E8%88%87%E5%88%86%E4%BA%AB/ HTTP/1.1" 200 20971 "-" "Mozilla/5.0 (Macintosh; Intel Mac OS X 10_15_7) AppleWebKit/537.36 (KHTML, like Gecko) Chrome/120.0.0.0 Safari/537.36"
74.7.242.54 - - [22/Aug/2026:12:22:46 +0800] "GET /26150/?p=3601 HTTP/1.1" 301 988 "https://2blog.ilc.edu.tw/26150/2018/10/02/%e3%80%8c%e6%aa%94%e6%a1%88%e6%9c%88-%e8%97%8f%e5%9c%a8%e5%9c%b0%e5%9c%96%e6%aa%94%e6%a1%88%e7%9a%84%e6%95%85%e4%ba%8b%e3%80%8d%e5%b0%88%e9%a1%8c%e8%ac%9b%e5%ba%a7%ef%bc%8c%e6%ad%a1%e8%bf%8e%e6%9c%89/" "Mozilla/5.0 AppleWebKit/537.36 (KHTML, like Gecko; compatible; GPTBot/1.4; +https://openai.com/gptbot)"
54.225.181.161 - - [22/Aug/2026:12:22:47 +0800] "GET /32745/2023/01/20/%E6%94%BE%E8%A2%82%E8%90%BD%E5%BF%83/ HTTP/1.1" 200 92430 "-" "Mozilla/5.0 AppleWebKit/537.36 (KHTML, like Gecko; compatible; Amazonbot/0.1; +https://developer.amazon.com/support/amazonbot) Chrome/119.0.6045.214 Safari/537.36"
