2407:4b00:4c00:7cb1:42a:90c1:9192:807c - - [22/Aug/2026:12:25:06 +0800] "GET / HTTP/1.1" 200 25971 "-" "Mozilla/5.0 (Macintosh; Intel Mac OS X 10_11_1) AppleWebKit/601.2.4 (KHTML, like Gecko) Version/9.0.1 Safari/601.2.4 facebookexternalhit/1.1 Facebot Twitterbot/1.0"
2407:4b00:4c00:7cb1:42a:90c1:9192:807c - - [22/Aug/2026:12:25:07 +0800] "GET /wp-content/uploads/sites/399/2023/08/%E6%A0%A1%E5%BE%BDAI%E6%AA%94-1-150x150.png HTTP/1.1" 200 17459 "-" "NetworkingExtension/8624.4.5.10.5 Network/5812.160.9 iOS/26.6"
2407:4b00:4c00:7cb1:42a:90c1:9192:807c - - [22/Aug/2026:12:25:07 +0800] "GET /apple-touch-icon.png HTTP/1.1" 404 53464 "-" "NetworkingExtension/8624.4.5.10.5 Network/5812.160.9 iOS/26.6"
2407:4b00:4c00:7cb1:42a:90c1:9192:807c - - [22/Aug/2026:12:25:07 +0800] "GET /wp-content/uploads/sites/399/2023/08/%E6%A0%A1%E5%BE%BDAI%E6%AA%94-1-150x150.png HTTP/1.1" 200 22260 "-" "NetworkingExtension/8624.4.5.10.5 Network/5812.160.9 iOS/26.6"
2407:4b00:4c00:7cb1:42a:90c1:9192:807c - - [22/Aug/2026:12:25:07 +0800] "GET /wp-content/uploads/sites/399/2023/08/%E6%A0%A1%E5%BE%BDAI%E6%AA%94-1.png HTTP/1.1" 200 20495 "-" "NetworkingExtension/8624.4.5.10.5 Network/5812.160.9 iOS/26.6"
2407:4b00:4c00:7cb1:42a:90c1:9192:807c - - [22/Aug/2026:12:25:07 +0800] "GET /wp-content/uploads/sites/399/2023/08/%E6%A0%A1%E5%BE%BDAI%E6%AA%94-1.png HTTP/1.1" 200 25296 "-" "NetworkingExtension/8624.4.5.10.5 Network/5812.160.9 iOS/26.6"
2001:288:a201::66:125 - - [22/Aug/2026:12:25:08 +0800] "GET /blog/active.php HTTP/1.1" 301 1026 "-" "-"
2001:288:a201::66:125 - - [22/Aug/2026:12:25:08 +0800] "GET /blog/active.php HTTP/1.1" 404 1084 "-" "-"
74.7.242.54 - - [22/Aug/2026:12:25:05 +0800] "GET /26150/?p=7220 HTTP/1.1" 301 981 "https://2blog.ilc.edu.tw/26150/2024/01/30/113%e5%b9%b4%e5%ba%a6%e3%80%8c%e8%a6%aa%e5%9c%a8%e4%ba%ba%e7%94%9f%e3%80%8d%ef%bd%9e%e6%83%85%e6%84%9f%e6%99%ba%e6%85%a7%e8%88%87%e5%b9%b8%e7%a6%8f%e9%97%9c%e4%bf%82%e7%b7%9a%e4%b8%8a%e8%aa%b2/" "Mozilla/5.0 AppleWebKit/537.36 (KHTML, like Gecko; compatible; GPTBot/1.4; +https://openai.com/gptbot)"
::1 - - [22/Aug/2026:12:25:08 +0800] "OPTIONS * HTTP/1.0" 200 110 "-" "Apache/2.4.68 (Ubuntu) OpenSSL/3.0.19 (internal dummy connection)"
140.111.67.10 - - [22/Aug/2026:12:25:09 +0800] "GET /" 301 273 "-" "-"
::1 - - [22/Aug/2026:12:25:09 +0800] "OPTIONS * HTTP/1.0" 200 110 "-" "Apache/2.4.68 (Ubuntu) OpenSSL/3.0.19 (internal dummy connection)"
66.249.71.162 - - [22/Aug/2026:12:25:09 +0800] "GET /wp-content/uploads/sites/73/2021/07/%C3%A5%20%E2%80%9E%C3%A9%C2%A1%C5%BE%C3%A6%C2%A0%C2%A1%C3%A5%C2%AE%E2%80%B0%C3%A4%C2%BA%E2%80%B9%C3%A4%C2%BB%C2%B6%C3%A5%E2%80%98%C5%A0%C3%A7%C5%B8%C2%A5%C3%A5%E2%80%93%C2%AE%C3%AF%C2%BC%CB%86%C3%A5%20%C6%92%C3%A8%E2%82%AC%C6%92%C3%A6%C2%A0%C2%BC%C3%A5%C2%BC%20%C3%AF%C2%BC%E2%80%B0.pdf HTTP/1.1" 404 5761 "-" "Googlebot/2.1 (+http://www.google.com/bot.html)"
98.83.177.42 - - [22/Aug/2026:12:25:10 +0800] "GET /6554/wp-json/wp/v2/posts/%22https:/2blog.ilc.edu.tw/wp-content/uploads/sites/848/6554/6554-1634761.jpg/%22 HTTP/1.1" 404 6131 "-" "Mozilla/5.0 AppleWebKit/537.36 (KHTML, like Gecko; compatible; Amazonbot/0.1; +https://developer.amazon.com/support/amazonbot) Chrome/119.0.6045.214 Safari/537.36"
::1 - - [22/Aug/2026:12:25:10 +0800] "OPTIONS * HTTP/1.0" 200 110 "-" "Apache/2.4.68 (Ubuntu) OpenSSL/3.0.19 (internal dummy connection)"
74.7.242.54 - - [22/Aug/2026:12:25:08 +0800] "GET /26150/?p=6950 HTTP/1.1" 301 894 "https://2blog.ilc.edu.tw/26150/2023/04/21/112%e5%b9%b4%e5%b9%b8%e7%a6%8f%e5%ae%b6%e5%ba%ad%e7%a9%ba%e4%b8%ad%e8%ac%9b%e5%a0%82-%e7%ac%ac11%e9%9b%86/" "Mozilla/5.0 AppleWebKit/537.36 (KHTML, like Gecko; compatible; GPTBot/1.4; +https://openai.com/gptbot)"
::1 - - [22/Aug/2026:12:25:11 +0800] "OPTIONS * HTTP/1.0" 200 110 "-" "Apache/2.4.68 (Ubuntu) OpenSSL/3.0.19 (internal dummy connection)"
52.71.216.196 - - [22/Aug/2026:12:25:12 +0800] "GET /wp-content/uploads/sites/2101/2022/11/ HTTP/1.1" 200 1111 "-" "Mozilla/5.0 AppleWebKit/537.36 (KHTML, like Gecko; compatible; Amazonbot/0.1; +https://developer.amazon.com/support/amazonbot) Chrome/119.0.6045.214 Safari/537.36"
52.167.144.228 - - [22/Aug/2026:12:25:12 +0800] "GET /wp-content/plugins/elementor/assets/lib/dialog/dialog.min.js?ver=4.9.0 HTTP/1.1" 200 9215 "https://www.ssps.ilc.edu.tw/%e8%8b%b1%e8%aa%9e%e6%95%99%e5%ad%b8%e5%9c%98%e9%9a%8a/" "Mozilla/5.0 AppleWebKit/537.36 (KHTML, like Gecko; compatible; bingbot/2.0; +http://www.bing.com/bingbot.htm) Chrome/136.0.0.0 Safari/537.36 AppleWebKit/537.36 (KHTML, like Gecko; compatible; bingbot/2.0; +http://www.bing.com/bingbot.htm) Chrome/116.0.1938.76 Safari/537.36"
52.167.144.228 - - [22/Aug/2026:12:25:12 +0800] "GET /wp-content/plugins/elementor/assets/js/lightbox.94b920846d1e37cafb78.bundle.min.js HTTP/1.1" 200 10813 "https://www.ssps.ilc.edu.tw/%e8%8b%b1%e8%aa%9e%e6%95%99%e5%ad%b8%e5%9c%98%e9%9a%8a/" "Mozilla/5.0 AppleWebKit/537.36 (KHTML, like Gecko; compatible; bingbot/2.0; +http://www.bing.com/bingbot.htm) Chrome/136.0.0.0 Safari/537.36 AppleWebKit/537.36 (KHTML, like Gecko; compatible; bingbot/2.0; +http://www.bing.com/bingbot.htm) Chrome/116.0.1938.76 Safari/537.36"
2001:288:a201::66:125 - - [22/Aug/2026:12:25:13 +0800] "GET /blog/active.php HTTP/1.1" 301 1026 "-" "-"
2401:e180:8d23:75bb:ba:9a94:46f4:c7f6 - - [22/Aug/2026:12:25:13 +0800] "GET /lovetogether/category/%E7%9F%AD%E6%96%87%E5%AF%AB%E4%BD%9C/ HTTP/1.1" 200 15024 "https://www.google.com/" "Mozilla/5.0 (iPhone; CPU iPhone OS 18_7 like Mac OS X) AppleWebKit/605.1.15 (KHTML, like Gecko) Version/18.7.5 Mobile/15E148 Safari/604.1"
2001:288:a201::66:125 - - [22/Aug/2026:12:25:13 +0800] "GET /blog/active.php HTTP/1.1" 404 1084 "-" "-"
2401:e180:8d23:75bb:ba:9a94:46f4:c7f6 - - [22/Aug/2026:12:25:13 +0800] "GET /lovetogether/wp-content/cache/2blog.ilc.edu.tw/wpfc-minified/e49jghu3/602td.css HTTP/1.1" 200 45693 "https://2blog.ilc.edu.tw/lovetogether/category/%E7%9F%AD%E6%96%87%E5%AF%AB%E4%BD%9C/" "Mozilla/5.0 (iPhone; CPU iPhone OS 18_7 like Mac OS X) AppleWebKit/605.1.15 (KHTML, like Gecko) Version/18.7.5 Mobile/15E148 Safari/604.1"
2401:e180:8d23:75bb:ba:9a94:46f4:c7f6 - - [22/Aug/2026:12:25:13 +0800] "GET /lovetogether/wp-content/cache/2blog.ilc.edu.tw/wpfc-minified/2zp8pkga/602td.css HTTP/1.1" 200 15980 "https://2blog.ilc.edu.tw/lovetogether/category/%E7%9F%AD%E6%96%87%E5%AF%AB%E4%BD%9C/" "Mozilla/5.0 (iPhone; CPU iPhone OS 18_7 like Mac OS X) AppleWebKit/605.1.15 (KHTML, like Gecko) Version/18.7.5 Mobile/15E148 Safari/604.1"
2401:e180:8d23:75bb:ba:9a94:46f4:c7f6 - - [22/Aug/2026:12:25:13 +0800] "GET /lovetogether/wp-includes/js/admin-bar.min.js HTTP/1.1" 200 2237 "https://2blog.ilc.edu.tw/lovetogether/category/%E7%9F%AD%E6%96%87%E5%AF%AB%E4%BD%9C/" "Mozilla/5.0 (iPhone; CPU iPhone OS 18_7 like Mac OS X) AppleWebKit/605.1.15 (KHTML, like Gecko) Version/18.7.5 Mobile/15E148 Safari/604.1"
2401:e180:8d23:75bb:ba:9a94:46f4:c7f6 - - [22/Aug/2026:12:25:13 +0800] "GET /lovetogether/wp-content/themes/ixion/assets/js/navigation.js HTTP/1.1" 200 2038 "https://2blog.ilc.edu.tw/lovetogether/category/%E7%9F%AD%E6%96%87%E5%AF%AB%E4%BD%9C/" "Mozilla/5.0 (iPhone; CPU iPhone OS 18_7 like Mac OS X) AppleWebKit/605.1.15 (KHTML, like Gecko) Version/18.7.5 Mobile/15E148 Safari/604.1"
2401:e180:8d23:75bb:ba:9a94:46f4:c7f6 - - [22/Aug/2026:12:25:13 +0800] "GET /lovetogether/wp-content/themes/ixion/assets/js/skip-link-focus-fix.js HTTP/1.1" 200 1351 "https://2blog.ilc.edu.tw/lovetogether/category/%E7%9F%AD%E6%96%87%E5%AF%AB%E4%BD%9C/" "Mozilla/5.0 (iPhone; CPU iPhone OS 18_7 like Mac OS X) AppleWebKit/605.1.15 (KHTML, like Gecko) Version/18.7.5 Mobile/15E148 Safari/604.1"
2401:e180:8d23:75bb:ba:9a94:46f4:c7f6 - - [22/Aug/2026:12:25:13 +0800] "GET /lovetogether/wp-includes/js/hoverintent-js.min.js HTTP/1.1" 200 6391 "https://2blog.ilc.edu.tw/lovetogether/category/%E7%9F%AD%E6%96%87%E5%AF%AB%E4%BD%9C/" "Mozilla/5.0 (iPhone; CPU iPhone OS 18_7 like Mac OS X) AppleWebKit/605.1.15 (KHTML, like Gecko) Version/18.7.5 Mobile/15E148 Safari/604.1"
2401:e180:8d23:75bb:ba:9a94:46f4:c7f6 - - [22/Aug/2026:12:25:13 +0800] "GET /lovetogether/wp-content/cache/2blog.ilc.edu.tw/wpfc-minified/g0e6ycr1/602td.css HTTP/1.1" 200 22605 "https://2blog.ilc.edu.tw/lovetogether/category/%E7%9F%AD%E6%96%87%E5%AF%AB%E4%BD%9C/" "Mozilla/5.0 (iPhone; CPU iPhone OS 18_7 like Mac OS X) AppleWebKit/605.1.15 (KHTML, like Gecko) Version/18.7.5 Mobile/15E148 Safari/604.1"
2401:e180:8d23:75bb:ba:9a94:46f4:c7f6 - - [22/Aug/2026:12:25:13 +0800] "GET /lovetogether/wp-content/cache/2blog.ilc.edu.tw/wpfc-minified/1bs8h9vl/602td.css HTTP/1.1" 200 15859 "https://2blog.ilc.edu.tw/lovetogether/category/%E7%9F%AD%E6%96%87%E5%AF%AB%E4%BD%9C/" "Mozilla/5.0 (iPhone; CPU iPhone OS 18_7 like Mac OS X) AppleWebKit/605.1.15 (KHTML, like Gecko) Version/18.7.5 Mobile/15E148 Safari/604.1"
2401:e180:8d23:75bb:ba:9a94:46f4:c7f6 - - [22/Aug/2026:12:25:13 +0800] "GET /lovetogether/wp-content/cache/2blog.ilc.edu.tw/wpfc-minified/kb3ew9hb/602td.js HTTP/1.1" 200 40363 "https://2blog.ilc.edu.tw/lovetogether/category/%E7%9F%AD%E6%96%87%E5%AF%AB%E4%BD%9C/" "Mozilla/5.0 (iPhone; CPU iPhone OS 18_7 like Mac OS X) AppleWebKit/605.1.15 (KHTML, like Gecko) Version/18.7.5 Mobile/15E148 Safari/604.1"
2a03:2880:f802:a:: - - [22/Aug/2026:12:25:11 +0800] "GET /wp-login.php?key=pxkhq379&_wpnonce=&action=ilc_logout&redirect_to=https%3A%2F%2Fwww.aayyy.com HTTP/1.1" 302 8250 "-" "Mozilla/5.0 (Macintosh; Intel Mac OS X 10_15_7) AppleWebKit/537.36 (KHTML, like Gecko) Chrome/145.0.0.0 Safari/537.36 (compatible; meta-webindexer/1.1 (+https://developers.facebook.com/docs/sharing/webmasters/crawler))"
74.7.242.54 - - [22/Aug/2026:12:25:11 +0800] "GET /26150/?p=6567 HTTP/1.1" 301 978 "https://2blog.ilc.edu.tw/26150/2022/06/13/%e5%ae%9c%e8%98%ad%e7%b8%a3%e5%ae%b6%e5%ba%ad%e6%95%99%e8%82%b2%e4%b8%ad%e5%bf%83%e8%87%a8%e6%99%82%e4%ba%ba%e5%93%a1%e8%a1%8c%e6%94%bf%e5%8a%a9%e7%90%86%e5%85%ac%e9%96%8b%e5%be%b5%e6%89%8d/" "Mozilla/5.0 AppleWebKit/537.36 (KHTML, like Gecko; compatible; GPTBot/1.4; +https://openai.com/gptbot)"
2401:e180:8d23:75bb:ba:9a94:46f4:c7f6 - - [22/Aug/2026:12:25:13 +0800] "GET /lovetogether/wp-content/themes/ixion/assets/fonts/genericons/genericons/Genericons.svg HTTP/1.1" 200 79304 "https://2blog.ilc.edu.tw/lovetogether/category/%E7%9F%AD%E6%96%87%E5%AF%AB%E4%BD%9C/" "Mozilla/5.0 (iPhone; CPU iPhone OS 18_7 like Mac OS X) AppleWebKit/605.1.15 (KHTML, like Gecko) Version/18.7.5 Mobile/15E148 Safari/604.1"
2401:e180:8d23:75bb:ba:9a94:46f4:c7f6 - - [22/Aug/2026:12:25:14 +0800] "GET /favicon.ico HTTP/1.1" 302 1030 "https://2blog.ilc.edu.tw/lovetogether/category/%E7%9F%AD%E6%96%87%E5%AF%AB%E4%BD%9C/" "Mozilla/5.0 (iPhone; CPU iPhone OS 18_7 like Mac OS X) AppleWebKit/605.1.15 (KHTML, like Gecko) Version/18.7.5 Mobile/15E148 Safari/604.1"
2401:e180:8d23:75bb:ba:9a94:46f4:c7f6 - - [22/Aug/2026:12:25:14 +0800] "GET /wp-includes/images/w-logo-blue-white-bg.png HTTP/1.1" 200 4946 "https://2blog.ilc.edu.tw/lovetogether/category/%E7%9F%AD%E6%96%87%E5%AF%AB%E4%BD%9C/" "Mozilla/5.0 (iPhone; CPU iPhone OS 18_7 like Mac OS X) AppleWebKit/605.1.15 (KHTML, like Gecko) Version/18.7.5 Mobile/15E148 Safari/604.1"
216.73.216.20 - - [22/Aug/2026:12:25:13 +0800] "GET /6325/2014/11/24/103_%e6%95%99%e5%ad%b8%e8%88%87%e5%ae%a3%e5%b0%8e%e6%b4%bb%e5%8b%958-3/ HTTP/1.1" 200 17061 "-" "Mozilla/5.0 AppleWebKit/537.36 (KHTML, like Gecko; compatible; ClaudeBot/1.0; +claudebot@anthropic.com)"
140.111.67.10 - - [22/Aug/2026:12:25:14 +0800] "GET /" 301 273 "-" "-"
54.152.163.42 - - [22/Aug/2026:12:25:14 +0800] "GET /6554/wp-json/wp/v2/posts/%22https:/2blog.ilc.edu.tw/wp-content/uploads/sites/848/6554/6554-1634760.jpg/%22 HTTP/1.1" 404 6131 "-" "Mozilla/5.0 AppleWebKit/537.36 (KHTML, like Gecko; compatible; Amazonbot/0.1; +https://developer.amazon.com/support/amazonbot) Chrome/119.0.6045.214 Safari/537.36"
54.92.171.106 - - [22/Aug/2026:12:25:15 +0800] "GET /31/2012/10/ HTTP/1.1" 200 14415 "-" "Mozilla/5.0 AppleWebKit/537.36 (KHTML, like Gecko; compatible; Amazonbot/0.1; +https://developer.amazon.com/support/amazonbot) Chrome/119.0.6045.214 Safari/537.36"
185.216.104.185 - - [22/Aug/2026:12:25:16 +0800] "GET /wp-content/uploads/sites/2368/5795/5795-2272630.jpg HTTP/1.1" 200 11658 "https://ee.ilc.edu.tw/2013/12/11/102%E5%B9%B4%E7%92%B0%E6%95%99%E8%BC%94%E5%B0%8E%E5%9C%98%E8%BC%94%E5%B0%8E%E8%A8%AA%E8%A6%96%E5%90%84%E6%A0%A1%E7%94%B3%E8%AB%8B103%E5%B9%B4%E6%B0%B8%E7%BA%8C%E8%A8%88%E7%95%AB%E5%9F%B7%E8%A1%8C/" "Mozilla/5.0 (Macintosh; Intel Mac OS X 10_15_7) AppleWebKit/537.36 (KHTML, like Gecko) Chrome/131.0.0.0 Safari/537.36"
185.216.104.185 - - [22/Aug/2026:12:25:16 +0800] "GET /wp-content/uploads/sites/2368/5795/5795-2272634.jpg HTTP/1.1" 200 12202 "https://ee.ilc.edu.tw/2013/12/11/102%E5%B9%B4%E7%92%B0%E6%95%99%E8%BC%94%E5%B0%8E%E5%9C%98%E8%BC%94%E5%B0%8E%E8%A8%AA%E8%A6%96%E5%90%84%E6%A0%A1%E7%94%B3%E8%AB%8B103%E5%B9%B4%E6%B0%B8%E7%BA%8C%E8%A8%88%E7%95%AB%E5%9F%B7%E8%A1%8C/" "Mozilla/5.0 (Macintosh; Intel Mac OS X 10_15_7) AppleWebKit/537.36 (KHTML, like Gecko) Chrome/131.0.0.0 Safari/537.36"
185.216.104.185 - - [22/Aug/2026:12:25:16 +0800] "GET /wp-content/uploads/sites/2368/5795/5795-2272616.jpg HTTP/1.1" 200 10986 "https://ee.ilc.edu.tw/2013/12/11/102%E5%B9%B4%E7%92%B0%E6%95%99%E8%BC%94%E5%B0%8E%E5%9C%98%E8%BC%94%E5%B0%8E%E8%A8%AA%E8%A6%96%E5%90%84%E6%A0%A1%E7%94%B3%E8%AB%8B103%E5%B9%B4%E6%B0%B8%E7%BA%8C%E8%A8%88%E7%95%AB%E5%9F%B7%E8%A1%8C/" "Mozilla/5.0 (Macintosh; Intel Mac OS X 10_15_7) AppleWebKit/537.36 (KHTML, like Gecko) Chrome/131.0.0.0 Safari/537.36"
185.216.104.185 - - [22/Aug/2026:12:25:16 +0800] "GET /wp-content/uploads/sites/2368/5795/5795-2272627.jpg HTTP/1.1" 200 11143 "https://ee.ilc.edu.tw/2013/12/11/102%E5%B9%B4%E7%92%B0%E6%95%99%E8%BC%94%E5%B0%8E%E5%9C%98%E8%BC%94%E5%B0%8E%E8%A8%AA%E8%A6%96%E5%90%84%E6%A0%A1%E7%94%B3%E8%AB%8B103%E5%B9%B4%E6%B0%B8%E7%BA%8C%E8%A8%88%E7%95%AB%E5%9F%B7%E8%A1%8C/" "Mozilla/5.0 (Macintosh; Intel Mac OS X 10_15_7) AppleWebKit/537.36 (KHTML, like Gecko) Chrome/131.0.0.0 Safari/537.36"
2001:4860:7:810::e3 - - [22/Aug/2026:12:25:16 +0800] "GET /3860/2022/10/13/%E8%81%B2%E5%97%BD%E3%80%81%E5%8F%A3%E6%B0%A3%E3%80%81%E6%B0%A3%E5%8F%A3/ HTTP/1.1" 200 29385 "https://www.google.com/" "Mozilla/5.0 (Windows NT 10.0; Win64; x64) AppleWebKit/537.36 (KHTML, like Gecko) Chrome/151.0.0.0 Safari/537.36"
136.119.35.120 - - [22/Aug/2026:12:25:16 +0800] "GET /3288/2017/09/19/%E5%B0%8F%E6%96%87%E6%82%84%E6%82%84%E8%A9%B1-%E5%B7%AE%E7%95%B0%E5%8D%B3%E6%98%AF%E7%8F%8D%E5%AF%B6/ HTTP/1.1" 200 14679 "-" "Mozilla/5.0 (Macintosh; Intel Mac OS X 10_15_7) AppleWebKit/537.36 (KHTML, like Gecko) Chrome/120.0.0.0 Safari/537.36"
74.7.242.54 - - [22/Aug/2026:12:25:13 +0800] "GET /26150/?p=3125 HTTP/1.1" 301 984 "https://2blog.ilc.edu.tw/26150/2015/05/20/%e5%87%bd%e8%bd%89%e5%9c%8b%e7%ab%8b%e8%87%ba%e5%8c%97%e8%97%9d%e8%a1%93%e5%a4%a7%e5%ad%b8%e6%96%bc104%e5%b9%b47%e6%9c%881%e6%97%a5%e8%87%b35%e6%97%a5%e8%88%89%e8%be%a6%e3%80%8c%e5%a5%87%e5%b9%bb/" "Mozilla/5.0 AppleWebKit/537.36 (KHTML, like Gecko; compatible; GPTBot/1.4; +https://openai.com/gptbot)"
35.173.18.61 - - [22/Aug/2026:12:25:16 +0800] "GET /wp-content/uploads/sites/3699/2023/12/ HTTP/1.1" 200 1114 "-" "Mozilla/5.0 AppleWebKit/537.36 (KHTML, like Gecko; compatible; Amazonbot/0.1; +https://developer.amazon.com/support/amazonbot) Chrome/119.0.6045.214 Safari/537.36"
2001:288:a201::66:125 - - [22/Aug/2026:12:25:18 +0800] "GET /blog/active.php HTTP/1.1" 301 1026 "-" "-"
2001:288:a201::66:125 - - [22/Aug/2026:12:25:18 +0800] "GET /blog/active.php HTTP/1.1" 404 1084 "-" "-"
140.111.67.10 - - [22/Aug/2026:12:25:19 +0800] "GET /" 301 273 "-" "-"
74.7.242.54 - - [22/Aug/2026:12:25:16 +0800] "GET /26150/?p=5880 HTTP/1.1" 301 981 "https://2blog.ilc.edu.tw/26150/2021/06/17/%e5%87%bd%e8%bd%89%e5%9c%8b%e7%ab%8b%e8%87%ba%e7%81%a3%e5%b8%ab%e7%af%84%e5%a4%a7%e5%ad%b8%e8%be%a6%e7%90%86%e3%80%8c110%e5%b9%b4%e5%ba%a6%e5%ae%a2%e8%aa%9e%e8%83%bd%e5%8a%9b%e4%b8%ad%e7%b4%9a/" "Mozilla/5.0 AppleWebKit/537.36 (KHTML, like Gecko; compatible; GPTBot/1.4; +https://openai.com/gptbot)"
52.3.104.214 - - [22/Aug/2026:12:25:20 +0800] "GET /cwjh20230913 HTTP/1.1" 301 5744 "-" "Mozilla/5.0 AppleWebKit/537.36 (KHTML, like Gecko; compatible; Amazonbot/0.1; +https://developer.amazon.com/support/amazonbot) Chrome/119.0.6045.214 Safari/537.36"
2001:288:a201::67:82 - - [22/Aug/2026:12:25:20 +0800] "POST /.well-known/traffic-advice?fsm_edd_37394=b95dc68b20d85714ae295e2870641768 HTTP/1.1" 404 43361 "-" "WordPress/6.6.7; https://www.eces.ilc.edu.tw"
66.249.82.101 - - [22/Aug/2026:12:25:20 +0800] "GET /.well-known/traffic-advice HTTP/1.1" 404 43383 "-" "Chrome Privacy Preserving Prefetch Proxy"
44.223.232.55 - - [22/Aug/2026:12:25:21 +0800] "GET /cwjh20230913/ HTTP/1.1" 200 15844 "-" "Mozilla/5.0 AppleWebKit/537.36 (KHTML, like Gecko; compatible; Amazonbot/0.1; +https://developer.amazon.com/support/amazonbot) Chrome/119.0.6045.214 Safari/537.36"
9.142.171.6 - - [22/Aug/2026:12:25:22 +0800] "GET /sun520/wp-content/uploads/sites/3900/2024/10/IMG_6156-300x200.jpg HTTP/1.1" 200 19180 "-" "Mozilla/5.0 (compatible; crawler)"
34.56.53.225 - - [22/Aug/2026:12:25:22 +0800] "GET /5765/wp-json/oembed/1.0/embed?format=xml&url=https://2blog.ilc.edu.tw/5765/2023/03/08/1120301/ HTTP/1.1" 200 7084 "-" "Mozilla/5.0 (Macintosh; Intel Mac OS X 10_15_7) AppleWebKit/537.36 (KHTML, like Gecko) Chrome/120.0.0.0 Safari/537.36"
74.7.242.54 - - [22/Aug/2026:12:25:20 +0800] "GET /26150/?p=3656 HTTP/1.1" 301 985 "https://2blog.ilc.edu.tw/26150/2019/04/01/108%e5%b9%b4%e5%ba%a6%e5%b9%b8%e7%a6%8f%e5%ae%b6%e5%ba%ad%e7%a9%ba%e4%b8%ad%e8%ac%9b%e5%a0%82%e7%ac%ac13%e9%9b%86_%e6%96%b0%e8%88%88%e5%ae%b6%e5%ba%ad%e7%9a%84%e6%88%90%e5%93%a1-%e9%99%b3%e7%8e%ab/" "Mozilla/5.0 AppleWebKit/537.36 (KHTML, like Gecko; compatible; GPTBot/1.4; +https://openai.com/gptbot)"
100.29.160.53 - - [22/Aug/2026:12:25:22 +0800] "GET /6554/wp-json/wp/v2/posts/%22https:/2blog.ilc.edu.tw/wp-content/uploads/sites/848/6554/6554-1634763.png/%22 HTTP/1.1" 404 6131 "-" "Mozilla/5.0 AppleWebKit/537.36 (KHTML, like Gecko; compatible; Amazonbot/0.1; +https://developer.amazon.com/support/amazonbot) Chrome/119.0.6045.214 Safari/537.36"
2001:288:a201::66:125 - - [22/Aug/2026:12:25:23 +0800] "GET /blog/active.php HTTP/1.1" 301 1026 "-" "-"
2001:288:a201::66:125 - - [22/Aug/2026:12:25:23 +0800] "GET /blog/active.php HTTP/1.1" 404 1084 "-" "-"
34.194.233.48 - - [22/Aug/2026:12:25:23 +0800] "GET /home110/wp-content/uploads/sites/3372/2022/09/IMG_20220908_082458-768x576.jpg HTTP/1.1" 200 100092 "-" "Mozilla/5.0 AppleWebKit/537.36 (KHTML, like Gecko; compatible; Amazonbot/0.1; +https://developer.amazon.com/support/amazonbot) Chrome/119.0.6045.214 Safari/537.36"
2001:288:a201::67:82 - - [22/Aug/2026:12:25:21 +0800] "POST /26150/?p=3656&fsm_edd_37394=291263e3bd27482217e363f1c1c66638 HTTP/1.1" 200 13008 "-" "WordPress/6.6.7; https://2blog.ilc.edu.tw/26150"
140.111.67.10 - - [22/Aug/2026:12:25:24 +0800] "GET /" 301 273 "-" "-"
74.7.242.54 - - [22/Aug/2026:12:25:23 +0800] "GET /26150/?p=5128 HTTP/1.1" 301 984 "https://2blog.ilc.edu.tw/26150/2020/12/09/109%e5%b9%b4%e5%ba%a6%e5%b9%b8%e7%a6%8f%e5%ae%b6%e5%ba%ad%e7%a9%ba%e4%b8%ad%e8%ac%9b%e5%a0%82%e7%ac%ac43%e9%9b%86_%e6%af%8f%e5%80%8b%e4%ba%ba%e9%83%bd%e6%98%af%e3%80%8c%e8%80%81%e3%80%8d%e7%9a%84/" "Mozilla/5.0 AppleWebKit/537.36 (KHTML, like Gecko; compatible; GPTBot/1.4; +https://openai.com/gptbot)"
64.204.222.148 - - [22/Aug/2026:12:25:24 +0800] "GET /41336/wp-content/uploads/sites/2863/2018/12/20181204_151857-2048x1536.jpg HTTP/1.1" 200 364818 "https://2blog.ilc.edu.tw/41336/20220912%E5%AF%A6%E7%BF%92%E5%BF%97%E5%B7%A5111%E5%AD%B8%E5%B9%B4%E5%BA%A6%E4%B8%8A%E5%AD%B8%E6%9C%9F%E5%BF%97%E5%B7%A5/" "Mozilla/5.0 (Macintosh; Intel Mac OS X 10_15_7) AppleWebKit/537.36 (KHTML, like Gecko) Chrome/131.0.0.0 Safari/537.36"
54.204.12.115 - - [22/Aug/2026:12:25:26 +0800] "GET /6450/wp-json/wp/v2/posts/%22https:/2blog.ilc.edu.tw/wp-content/uploads/sites/2724/6450/6450-4214203.jpg/%22 HTTP/1.1" 404 6131 "-" "Mozilla/5.0 AppleWebKit/537.36 (KHTML, like Gecko; compatible; Amazonbot/0.1; +https://developer.amazon.com/support/amazonbot) Chrome/119.0.6045.214 Safari/537.36"
74.7.242.54 - - [22/Aug/2026:12:25:25 +0800] "GET /26150/?p=8628 HTTP/1.1" 301 987 "https://2blog.ilc.edu.tw/26150/2025/09/03/%e8%bd%89%e7%9f%a5%e8%a1%9b%e7%94%9f%e7%a6%8f%e5%88%a9%e9%83%a8%e7%a4%be%e6%9c%83%e5%8f%8a%e5%ae%b6%e5%ba%ad%e7%bd%b2%e7%82%ba%e6%8e%a8%e5%bb%a3%e8%ba%ab%e5%bf%83%e9%9a%9c%e7%a4%99%e7%a6%8f%e5%88%a9/" "Mozilla/5.0 AppleWebKit/537.36 (KHTML, like Gecko; compatible; GPTBot/1.4; +https://openai.com/gptbot)"
216.73.216.20 - - [22/Aug/2026:12:25:27 +0800] "GET /6325/wp-json/oembed/1.0/embed?format=xml&url=https%3A%2F%2F2blog.ilc.edu.tw%2F6325%2F2014%2F10%2F29%2F103_%25e8%25a1%258c%25e6%2594%25bf%25e8%2588%2587%25e7%25ae%25a1%25e7%2590%25868-5%2F HTTP/1.1" 200 7117 "-" "Mozilla/5.0 AppleWebKit/537.36 (KHTML, like Gecko; compatible; ClaudeBot/1.0; +claudebot@anthropic.com)"
216.73.216.20 - - [22/Aug/2026:12:25:27 +0800] "GET /6448/2019/11/15/108_%e5%9b%9b_2_%e6%8b%9c%e8%a8%aa%e8%be%b2%e5%a4%ab_%e6%88%90%e6%9e%9c/ HTTP/1.1" 200 16298 "-" "Mozilla/5.0 AppleWebKit/537.36 (KHTML, like Gecko; compatible; ClaudeBot/1.0; +claudebot@anthropic.com)"
216.73.216.20 - - [22/Aug/2026:12:25:27 +0800] "GET /6325/2013/06/26/102-_-%e6%95%99%e5%ad%b8%e8%88%87%e5%ae%a3%e5%b0%8e%e6%b4%bb%e5%8b%95-8/ HTTP/1.1" 200 15597 "-" "Mozilla/5.0 AppleWebKit/537.36 (KHTML, like Gecko; compatible; ClaudeBot/1.0; +claudebot@anthropic.com)"
216.73.216.20 - - [22/Aug/2026:12:25:27 +0800] "GET /6325/2013/10/10/102_%e7%92%b0%e5%a2%83%e6%95%99%e8%82%b2%e6%95%99%e6%9d%905/ HTTP/1.1" 200 15588 "-" "Mozilla/5.0 AppleWebKit/537.36 (KHTML, like Gecko; compatible; ClaudeBot/1.0; +claudebot@anthropic.com)"
216.73.216.20 - - [22/Aug/2026:12:25:27 +0800] "GET /6325/2014/11/26/103_%e6%a0%a1%e5%9c%92%e7%92%b0%e5%a2%83%e7%ae%a1%e7%90%861-6/ HTTP/1.1" 200 16631 "-" "Mozilla/5.0 AppleWebKit/537.36 (KHTML, like Gecko; compatible; ClaudeBot/1.0; +claudebot@anthropic.com)"
216.73.216.20 - - [22/Aug/2026:12:25:27 +0800] "GET /6325/2013/07/07/102-_-%e8%a1%8c%e6%94%bf%e8%88%87%e7%ae%a1%e7%90%86-8/ HTTP/1.1" 200 15942 "-" "Mozilla/5.0 AppleWebKit/537.36 (KHTML, like Gecko; compatible; ClaudeBot/1.0; +claudebot@anthropic.com)"
216.73.216.20 - - [22/Aug/2026:12:25:27 +0800] "GET /6325/2014/10/16/103_%e6%a0%a1%e5%9c%92%e7%92%b0%e5%a2%83%e7%ae%a1%e7%90%865-10/ HTTP/1.1" 200 11303 "-" "Mozilla/5.0 AppleWebKit/537.36 (KHTML, like Gecko; compatible; ClaudeBot/1.0; +claudebot@anthropic.com)"
216.73.216.20 - - [22/Aug/2026:12:25:27 +0800] "GET /6325/2012/04/05/101_%e6%8e%a8%e5%8b%95%e5%bf%83%e9%9d%88%e7%92%b0%e4%bf%9d%e6%b7%a8%e5%bf%83%e6%b4%bb%e5%8b%95/ HTTP/1.1" 200 15940 "-" "Mozilla/5.0 AppleWebKit/537.36 (KHTML, like Gecko; compatible; ClaudeBot/1.0; +claudebot@anthropic.com)"
216.73.216.20 - - [22/Aug/2026:12:25:27 +0800] "GET /6325/2014/10/11/103_%e6%a0%a1%e5%9c%92%e7%92%b0%e5%a2%83%e7%ae%a1%e7%90%8611-3/ HTTP/1.1" 200 11451 "-" "Mozilla/5.0 AppleWebKit/537.36 (KHTML, like Gecko; compatible; ClaudeBot/1.0; +claudebot@anthropic.com)"
216.73.216.20 - - [22/Aug/2026:12:25:27 +0800] "GET /6325/2014/11/27/103_%e6%a0%a1%e5%9c%92%e7%92%b0%e5%a2%83%e7%ae%a1%e7%90%8610-3/ HTTP/1.1" 200 11484 "-" "Mozilla/5.0 AppleWebKit/537.36 (KHTML, like Gecko; compatible; ClaudeBot/1.0; +claudebot@anthropic.com)"
216.73.216.20 - - [22/Aug/2026:12:25:27 +0800] "GET /6325/category/%e7%92%b0%e5%a2%83%e7%ae%a1%e7%90%86%e5%8f%8a%e9%85%8d%e5%90%88%e6%8e%aa%e6%96%bd/page/35/ HTTP/1.1" 200 11612 "-" "Mozilla/5.0 AppleWebKit/537.36 (KHTML, like Gecko; compatible; ClaudeBot/1.0; +claudebot@anthropic.com)"
216.73.216.20 - - [22/Aug/2026:12:25:27 +0800] "GET /6325/wp-json/oembed/1.0/embed?format=xml&url=https%3A%2F%2F2blog.ilc.edu.tw%2F6325%2F2014%2F11%2F05%2F103_%25e8%25a1%258c%25e6%2594%25bf%25e8%2588%2587%25e7%25ae%25a1%25e7%2590%25863-2%2F HTTP/1.1" 200 2532 "-" "Mozilla/5.0 AppleWebKit/537.36 (KHTML, like Gecko; compatible; ClaudeBot/1.0; +claudebot@anthropic.com)"
23.21.119.232 - - [22/Aug/2026:12:25:28 +0800] "GET /wp-content/uploads/sites/84/2021/12/?C=N;O%3DD HTTP/1.1" 200 1110 "-" "Mozilla/5.0 AppleWebKit/537.36 (KHTML, like Gecko; compatible; Amazonbot/0.1; +https://developer.amazon.com/support/amazonbot) Chrome/119.0.6045.214 Safari/537.36"
216.73.216.20 - - [22/Aug/2026:12:25:27 +0800] "GET /6325/2013/09/03/102-_-%e6%95%99%e5%ad%b8%e8%88%87%e5%ae%a3%e5%b0%8e%e6%b4%bb%e5%8b%95-8-2/ HTTP/1.1" 200 11424 "-" "Mozilla/5.0 AppleWebKit/537.36 (KHTML, like Gecko; compatible; ClaudeBot/1.0; +claudebot@anthropic.com)"
216.73.216.20 - - [22/Aug/2026:12:25:27 +0800] "GET /sun520/wp-json/oembed/1.0/embed?url=https%3A%2F%2F2blog.ilc.edu.tw%2Fsun520%2F2024%2F02%2F17%2F113-02-16-02-17%25e9%2596%258b%25e5%25ad%25b8%25e5%2598%258d%2F HTTP/1.1" 200 3318 "-" "Mozilla/5.0 AppleWebKit/537.36 (KHTML, like Gecko; compatible; ClaudeBot/1.0; +claudebot@anthropic.com)"
216.73.216.20 - - [22/Aug/2026:12:25:27 +0800] "GET /6325/2014/11/27/103_%e6%a0%a1%e5%9c%92%e7%92%b0%e5%a2%83%e7%ae%a1%e7%90%869-3/ HTTP/1.1" 200 11438 "-" "Mozilla/5.0 AppleWebKit/537.36 (KHTML, like Gecko; compatible; ClaudeBot/1.0; +claudebot@anthropic.com)"
216.73.216.20 - - [22/Aug/2026:12:25:27 +0800] "GET /6325/wp-json/oembed/1.0/embed?format=xml&url=https%3A%2F%2F2blog.ilc.edu.tw%2F6325%2F2012%2F11%2F29%2F101_%25e8%25a1%258c%25e6%2594%25bf%25e8%2588%2587%25e7%25ae%25a1%25e7%2590%2586-3%2F HTTP/1.1" 200 2192 "-" "Mozilla/5.0 AppleWebKit/537.36 (KHTML, like Gecko; compatible; ClaudeBot/1.0; +claudebot@anthropic.com)"
216.73.216.20 - - [22/Aug/2026:12:25:28 +0800] "GET /6325/category/%e7%92%b0%e5%a2%83%e7%ae%a1%e7%90%86%e5%8f%8a%e9%85%8d%e5%90%88%e6%8e%aa%e6%96%bd/page/12/ HTTP/1.1" 200 11694 "-" "Mozilla/5.0 AppleWebKit/537.36 (KHTML, like Gecko; compatible; ClaudeBot/1.0; +claudebot@anthropic.com)"
44.207.252.58 - - [22/Aug/2026:12:25:27 +0800] "GET /6543/wp-json/oembed/1.0/embed?url=https://2blog.ilc.edu.tw/6543/2016/10/05/105%25e4%25ba%258c-4-3%25e6%25a0%25a1%25e6%2585%25b6%25e5%2589%25b5%25e6%2584%258f%25e7%2592%25b0%25e4%25bf%259d%25e8%25ae%258a%25e8%25a3%259d%25e7%25a7%2580/ HTTP/1.1" 200 8572 "-" "Mozilla/5.0 AppleWebKit/537.36 (KHTML, like Gecko; compatible; Amazonbot/0.1; +https://developer.amazon.com/support/amazonbot) Chrome/119.0.6045.214 Safari/537.36"
216.73.216.20 - - [22/Aug/2026:12:25:28 +0800] "GET /6472/wp-json/oembed/1.0/embed?url=https%3A%2F%2F2blog.ilc.edu.tw%2F6472%2F2012%2F08%2F26%2F101-%25e5%258d%2597%25e5%25b1%25b1%25e8%2587%25aa%25e8%25a9%2595%25e8%25a1%25a8%2F HTTP/1.1" 200 3407 "-" "Mozilla/5.0 AppleWebKit/537.36 (KHTML, like Gecko; compatible; ClaudeBot/1.0; +claudebot@anthropic.com)"
216.73.216.20 - - [22/Aug/2026:12:25:28 +0800] "GET /6325/category/%e7%92%b0%e5%a2%83%e7%ae%a1%e7%90%86%e5%8f%8a%e9%85%8d%e5%90%88%e6%8e%aa%e6%96%bd/page/11/ HTTP/1.1" 200 11483 "-" "Mozilla/5.0 AppleWebKit/537.36 (KHTML, like Gecko; compatible; ClaudeBot/1.0; +claudebot@anthropic.com)"
2001:288:a201::66:125 - - [22/Aug/2026:12:25:28 +0800] "GET /blog/active.php HTTP/1.1" 301 1026 "-" "-"
216.73.216.20 - - [22/Aug/2026:12:25:28 +0800] "GET /6325/category/%e7%92%b0%e5%a2%83%e7%ae%a1%e7%90%86%e5%8f%8a%e9%85%8d%e5%90%88%e6%8e%aa%e6%96%bd/page/34/ HTTP/1.1" 200 11205 "-" "Mozilla/5.0 AppleWebKit/537.36 (KHTML, like Gecko; compatible; ClaudeBot/1.0; +claudebot@anthropic.com)"
216.73.216.20 - - [22/Aug/2026:12:25:28 +0800] "GET /6325/2014/11/26/103_%e6%a0%a1%e5%9c%92%e7%92%b0%e5%a2%83%e7%ae%a1%e7%90%864-2/ HTTP/1.1" 200 11069 "-" "Mozilla/5.0 AppleWebKit/537.36 (KHTML, like Gecko; compatible; ClaudeBot/1.0; +claudebot@anthropic.com)"
216.73.216.20 - - [22/Aug/2026:12:25:28 +0800] "GET /25138/category/c-118201/%e8%aa%8d%e8%ad%89%e4%b9%8b%e6%95%99%e5%b8%ab%e6%af%94%e4%be%8b/feed/ HTTP/1.1" 200 3736 "-" "Mozilla/5.0 AppleWebKit/537.36 (KHTML, like Gecko; compatible; ClaudeBot/1.0; +claudebot@anthropic.com)"
216.73.216.20 - - [22/Aug/2026:12:25:28 +0800] "GET /6448/2013/11/26/102%e5%b9%b4%e4%ba%8c%ef%bd%9e3%e7%a0%94%e7%bf%92%e5%9b%9e%e9%a5%8b%e5%96%ae/ HTTP/1.1" 200 11274 "-" "Mozilla/5.0 AppleWebKit/537.36 (KHTML, like Gecko; compatible; ClaudeBot/1.0; +claudebot@anthropic.com)"
52.167.144.173 - - [22/Aug/2026:12:25:28 +0800] "GET /1003/?s=%E7%80%8B%E9%99%BD%E9%AB%94%E8%82%B2%E5%AD%B8%E9%99%A2%E5%9C%8B%E9%9A%9B%E6%95%99%E8%82%B2%E5%AD%B8%E9%99%A2%E5%AE%98%E7%B6%B2 HTTP/1.1" 200 13838 "-" "Mozilla/5.0 AppleWebKit/537.36 (KHTML, like Gecko; compatible; bingbot/2.0; +http://www.bing.com/bingbot.htm) Chrome/116.0.1938.76 Safari/537.36"
216.73.216.20 - - [22/Aug/2026:12:25:28 +0800] "GET /2569/2025/05/14/113%e5%ad%b8%e5%b9%b4%e5%ba%a6%e8%a6%96%e5%8a%9b%e4%bf%9d%e5%81%a5%e5%ae%a3%e5%b0%8e/ HTTP/1.1" 200 12934 "-" "Mozilla/5.0 AppleWebKit/537.36 (KHTML, like Gecko; compatible; ClaudeBot/1.0; +claudebot@anthropic.com)"
216.73.216.20 - - [22/Aug/2026:12:25:28 +0800] "GET /6325/wp-json/oembed/1.0/embed?format=xml&url=https%3A%2F%2F2blog.ilc.edu.tw%2F6325%2F2014%2F09%2F14%2F103_%25e8%25a1%258c%25e6%2594%25bf%25e8%2588%2587%25e7%25ae%25a1%25e7%2590%25868-4%2F HTTP/1.1" 200 2193 "-" "Mozilla/5.0 AppleWebKit/537.36 (KHTML, like Gecko; compatible; ClaudeBot/1.0; +claudebot@anthropic.com)"
216.73.216.20 - - [22/Aug/2026:12:25:28 +0800] "GET /6325/2013/10/10/102_%e7%92%b0%e5%a2%83%e6%95%99%e8%82%b2%e6%95%99%e6%9d%904/ HTTP/1.1" 200 10671 "-" "Mozilla/5.0 AppleWebKit/537.36 (KHTML, like Gecko; compatible; ClaudeBot/1.0; +claudebot@anthropic.com)"
216.73.216.20 - - [22/Aug/2026:12:25:28 +0800] "GET /6325/2011/12/07/%e7%92%b0%e5%a2%83%e8%a1%9b%e7%94%9f%e7%ae%a1%e7%90%86%e6%83%85%e5%bd%a2-2/ HTTP/1.1" 200 11284 "-" "Mozilla/5.0 AppleWebKit/537.36 (KHTML, like Gecko; compatible; ClaudeBot/1.0; +claudebot@anthropic.com)"
216.73.216.20 - - [22/Aug/2026:12:25:29 +0800] "GET /6325/wp-json/oembed/1.0/embed?url=https%3A%2F%2F2blog.ilc.edu.tw%2F6325%2F2010%2F10%2F01%2F%25e5%25bb%25a2%25e4%25b9%25be%25e9%259b%25bb%25e6%25b1%25a0%25e5%259b%259e%25e6%2594%25b6%2F HTTP/1.1" 200 3642 "-" "Mozilla/5.0 AppleWebKit/537.36 (KHTML, like Gecko; compatible; ClaudeBot/1.0; +claudebot@anthropic.com)"
216.73.216.20 - - [22/Aug/2026:12:25:29 +0800] "GET /6325/2014/10/04/103_%e6%a0%a1%e5%9c%92%e7%92%b0%e5%a2%83%e7%ae%a1%e7%90%865-6/ HTTP/1.1" 200 11016 "-" "Mozilla/5.0 AppleWebKit/537.36 (KHTML, like Gecko; compatible; ClaudeBot/1.0; +claudebot@anthropic.com)"
216.73.216.20 - - [22/Aug/2026:12:25:29 +0800] "GET /2569/2013/05/08/%e6%84%9b%e5%bf%83%e5%95%86%e5%ba%97%e5%af%a6%e6%96%bd%e8%be%a6%e6%b3%95/ HTTP/1.1" 200 13333 "-" "Mozilla/5.0 AppleWebKit/537.36 (KHTML, like Gecko; compatible; ClaudeBot/1.0; +claudebot@anthropic.com)"
216.73.216.20 - - [22/Aug/2026:12:25:29 +0800] "GET /6448/2011/12/06/100%e5%b9%b4%e7%92%b0%e5%a2%83%e6%95%99%e8%82%b2%e5%85%ac%e4%bd%88%e6%ac%84/ HTTP/1.1" 200 11167 "-" "Mozilla/5.0 AppleWebKit/537.36 (KHTML, like Gecko; compatible; ClaudeBot/1.0; +claudebot@anthropic.com)"
216.73.216.20 - - [22/Aug/2026:12:25:29 +0800] "GET /6472/wp-json/oembed/1.0/embed?format=xml&url=https%3A%2F%2F2blog.ilc.edu.tw%2F6472%2F2010%2F10%2F15%2F%25e7%25b6%25a0%25e8%2589%25b2%25e6%258e%25a1%25e8%25b3%25bc%25e9%2581%259495%2F HTTP/1.1" 200 2232 "-" "Mozilla/5.0 AppleWebKit/537.36 (KHTML, like Gecko; compatible; ClaudeBot/1.0; +claudebot@anthropic.com)"
74.7.242.54 - - [22/Aug/2026:12:25:27 +0800] "GET /26150/?p=3115 HTTP/1.1" 301 951 "https://2blog.ilc.edu.tw/26150/2015/05/11/%e5%bb%ba%e6%a7%8b%e6%9c%80%e9%9c%80%e8%a6%81%e9%97%9c%e6%87%b7%e5%ae%b6%e5%ba%ad%e8%bc%94%e5%b0%8e%e7%b6%b2%e7%b5%a1%e8%a8%88%e7%95%ab%e8%88%87%e8%a1%a8%e6%a0%bc/" "Mozilla/5.0 AppleWebKit/537.36 (KHTML, like Gecko; compatible; GPTBot/1.4; +https://openai.com/gptbot)"
216.73.216.20 - - [22/Aug/2026:12:25:29 +0800] "GET /24973/2019/12/05/%e7%99%bc%e7%8f%be%e8%a1%a8%e5%bd%b0%e7%a2%91%e8%a8%98%e8%80%85%e6%9c%83/ HTTP/1.1" 200 12844 "-" "Mozilla/5.0 AppleWebKit/537.36 (KHTML, like Gecko; compatible; ClaudeBot/1.0; +claudebot@anthropic.com)"
2001:288:a201::66:125 - - [22/Aug/2026:12:25:29 +0800] "GET /blog/active.php HTTP/1.1" 404 1084 "-" "-"
140.111.67.10 - - [22/Aug/2026:12:25:29 +0800] "GET /" 301 273 "-" "-"
216.73.216.20 - - [22/Aug/2026:12:25:29 +0800] "GET /sun520/wp-json/oembed/1.0/embed?url=https%3A%2F%2F2blog.ilc.edu.tw%2Fsun520%2F2025%2F06%2F06%2F%25e5%25a4%25a7%25e5%25ae%25b6%25e4%25be%2586%25e9%2587%258e%25e9%25a4%2590%2F HTTP/1.1" 200 3317 "-" "Mozilla/5.0 AppleWebKit/537.36 (KHTML, like Gecko; compatible; ClaudeBot/1.0; +claudebot@anthropic.com)"
216.73.216.20 - - [22/Aug/2026:12:25:29 +0800] "GET /6325/2014/11/27/103_%e6%a0%a1%e5%9c%92%e7%92%b0%e5%a2%83%e7%ae%a1%e7%90%867-13/ HTTP/1.1" 200 11051 "-" "Mozilla/5.0 AppleWebKit/537.36 (KHTML, like Gecko; compatible; ClaudeBot/1.0; +claudebot@anthropic.com)"
216.73.216.20 - - [22/Aug/2026:12:25:29 +0800] "GET /2569/2013/05/08/%e7%8f%ad%e7%b4%9a%e5%81%a5%e5%ba%b7%e7%94%9f%e6%b4%bb%e5%ae%88%e5%89%87/ HTTP/1.1" 200 13214 "-" "Mozilla/5.0 AppleWebKit/537.36 (KHTML, like Gecko; compatible; ClaudeBot/1.0; +claudebot@anthropic.com)"
2408:821b:a518:9ce0:44fd:4be8:afbe:a7c5 - - [22/Aug/2026:12:25:30 +0800] "GET /2023/11/17/%e4%b8%ad%e8%8f%af%e6%b0%91%e5%9c%8b%e5%85%a8%e5%9c%8b%e6%95%99%e5%b8%ab%e6%9c%83%e3%80%8c112%e5%b9%b4super%e6%95%99%e5%b8%ab%e7%b6%93%e9%a9%97%e5%88%86%e4%ba%ab%e7%a0%94%e7%bf%92%e3%80%8d HTTP/1.1" 301 5909 "-" "Mozilla/5.0 (Windows NT 10.0; Win64; x64) AppleWebKit/537.36 (KHTML, like Gecko) Chrome/110.0.0.0 Safari/537.36"
20.125.101.194 - - [22/Aug/2026:12:25:30 +0800] "GET /26064/wp-content/uploads/sites/1066/2018/12/06-%E5%AE%9A%E6%A1%88112%E5%AD%B8%E5%B9%B4%E5%BA%A6%E5%AE%9C%E8%98%AD%E7%B8%A3%E5%9C%8B%E6%B0%91%E4%B8%AD%E5%AD%B8%E5%AD%B8%E5%8D%80%E5%8A%83%E5%88%86%E4%B8%80%E8%A6%BD%E8%A1%A8.pdf HTTP/1.1" 200 241046 "-" "Mozilla/5.0 (compatible; MSR-Financial-PDF-Scorer/1.0)"
74.7.242.54 - - [22/Aug/2026:12:25:29 +0800] "GET /26150/?p=3110 HTTP/1.1" 301 984 "https://2blog.ilc.edu.tw/26150/2015/05/07/104%e5%b9%b4%e5%ba%a6%e7%ac%ac17%e6%ac%a1%e5%b9%b8%e7%a6%8f%e5%ae%b6%e5%ba%ad%e7%a9%ba%e4%b8%ad%e8%ac%9b%e5%a0%82-%e5%b9%bc%e5%85%92%e9%9a%8e%e6%ae%b5%e6%98%af%e5%ad%a9%e5%ad%90%e7%99%bc%e5%b1%95/" "Mozilla/5.0 AppleWebKit/537.36 (KHTML, like Gecko; compatible; GPTBot/1.4; +https://openai.com/gptbot)"
::1 - - [22/Aug/2026:12:25:31 +0800] "OPTIONS * HTTP/1.0" 200 110 "-" "Apache/2.4.68 (Ubuntu) OpenSSL/3.0.19 (internal dummy connection)"
2001:4860:7:b10::ff - - [22/Aug/2026:12:25:32 +0800] "GET / HTTP/1.1" 200 31593 "https://www.google.com/" "Mozilla/5.0 (Windows NT 10.0; Win64; x64) AppleWebKit/537.36 (KHTML, like Gecko) Chrome/151.0.0.0 Safari/537.36"
66.249.82.195 - - [22/Aug/2026:12:25:32 +0800] "GET /.well-known/traffic-advice HTTP/1.1" 404 77252 "-" "Chrome Privacy Preserving Prefetch Proxy"
3.221.222.168 - - [22/Aug/2026:12:25:32 +0800] "GET /wp-content/uploads/sites/2329/2021/07/167739096_245963693932433_6615076590253766101_n-1-496x1024.jpg HTTP/1.1" 200 159728 "-" "Mozilla/5.0 AppleWebKit/537.36 (KHTML, like Gecko; compatible; Amazonbot/0.1; +https://developer.amazon.com/support/amazonbot) Chrome/119.0.6045.214 Safari/537.36"
2001:288:a201::66:125 - - [22/Aug/2026:12:25:33 +0800] "GET /blog/active.php HTTP/1.1" 301 1026 "-" "-"
2001:288:a201::66:125 - - [22/Aug/2026:12:25:33 +0800] "GET /blog/active.php HTTP/1.1" 404 1084 "-" "-"
74.7.242.54 - - [22/Aug/2026:12:25:31 +0800] "GET /26150/?p=3225 HTTP/1.1" 301 966 "https://2blog.ilc.edu.tw/26150/2016/01/19/105%e5%b9%b4%e5%ba%a6%e7%ac%ac03%e6%ac%a1%e5%b9%b8%e7%a6%8f%e5%ae%b6%e5%ba%ad%e7%a9%ba%e4%b8%ad%e8%ac%9b%e5%a0%82-%e5%81%a5%e5%ba%b7%e7%aa%88%e7%aa%95%e6%9b%b4%e5%b9%b4%e6%9c%9f/" "Mozilla/5.0 AppleWebKit/537.36 (KHTML, like Gecko; compatible; GPTBot/1.4; +https://openai.com/gptbot)"
52.203.65.83 - - [22/Aug/2026:12:25:33 +0800] "GET /32745/?p=43569 HTTP/1.1" 301 5794 "-" "Mozilla/5.0 AppleWebKit/537.36 (KHTML, like Gecko; compatible; Amazonbot/0.1; +https://developer.amazon.com/support/amazonbot) Chrome/119.0.6045.214 Safari/537.36"
2408:8220:9714:8d20:703c:3fa4:1d43:ad2e - - [22/Aug/2026:12:25:33 +0800] "GET /%e5%85%ac%e9%96%8b%e6%8e%88%e8%aa%b2 HTTP/1.1" 301 5746 "-" "Mozilla/5.0 (Windows NT 10.0; Win64; x64) AppleWebKit/537.36 (KHTML, like Gecko) Chrome/133.0.0.0 Safari/537.36"
::1 - - [22/Aug/2026:12:25:33 +0800] "OPTIONS * HTTP/1.0" 200 110 "-" "Apache/2.4.68 (Ubuntu) OpenSSL/3.0.19 (internal dummy connection)"
40.77.167.12 - - [22/Aug/2026:12:25:33 +0800] "GET /Form/Teacher/ListTeacher.asp?ID=380&Back=/NineOne/List.asp?FD=%BC%C6%BE%C7 HTTP/1.1" 404 85748 "-" "Mozilla/5.0 AppleWebKit/537.36 (KHTML, like Gecko; compatible; bingbot/2.0; +http://www.bing.com/bingbot.htm) Chrome/116.0.1938.76 Safari/537.36"
140.111.67.10 - - [22/Aug/2026:12:25:34 +0800] "GET /" 301 273 "-" "-"
162.243.165.237 - - [22/Aug/2026:12:25:34 +0800] "GET /blog/gallery/4024/previews-med/4024-4235597.jpg HTTP/1.1" 301 1090 "http://blog.ilc.edu.tw/" "Mozilla/5.0 (Windows NT 10.0; Win64; x64) AppleWebKit/537.36 (KHTML, like Gecko) Chrome/106.0.5249.119 Safari/537.36"
137.184.154.153 - - [22/Aug/2026:12:25:34 +0800] "GET /blog/gallery/41823/previews-med/41823-4127620.jpg HTTP/1.1" 301 1094 "http://blog.ilc.edu.tw/" "Mozilla/5.0 (Windows NT 10.0; Win64; x64) AppleWebKit/537.36 (KHTML, like Gecko) Chrome/116.0.0.0 Safari/537.36"
147.182.173.15 - - [22/Aug/2026:12:25:34 +0800] "GET /blog/gallery/20068/20068-2913505.jpg HTTP/1.1" 301 1068 "http://blog.ilc.edu.tw/" "Mozilla/5.0 (Windows NT 10.0; Win64; x64) AppleWebKit/537.36 (KHTML, like Gecko) Chrome/117.0.0.0 Safari/537.36"
140.111.121.67 - - [22/Aug/2026:12:25:34 +0800] "GET /wp-content/uploads/sites/1366/2024/02/%E8%AA%B2%E7%A8%8B%E8%A8%88%E7%95%AB%E5%B0%88%E5%8D%80-6-300x58.png HTTP/1.1" 200 8794 "https://www.kases.ilc.edu.tw/" "Mozilla/5.0 (Windows NT 10.0; Win64; x64) AppleWebKit/537.36 (KHTML, like Gecko) Chrome/151.0.0.0 Safari/537.36"
140.111.121.67 - - [22/Aug/2026:12:25:34 +0800] "GET /wp-content/uploads/sites/1366/2026/06/%E8%AA%B2%E7%A8%8B%E8%A8%88%E7%95%AB%E5%B0%88%E5%8D%80-300x119.png HTTP/1.1" 200 21111 "https://www.kases.ilc.edu.tw/" "Mozilla/5.0 (Windows NT 10.0; Win64; x64) AppleWebKit/537.36 (KHTML, like Gecko) Chrome/151.0.0.0 Safari/537.36"
140.111.121.67 - - [22/Aug/2026:12:25:34 +0800] "GET /wp-content/uploads/sites/1366/2026/04/%E8%AA%B2%E7%A8%8B%E8%A8%88%E7%95%AB%E5%B0%88%E5%8D%80-19.png HTTP/1.1" 200 114792 "https://www.kases.ilc.edu.tw/" "Mozilla/5.0 (Windows NT 10.0; Win64; x64) AppleWebKit/537.36 (KHTML, like Gecko) Chrome/151.0.0.0 Safari/537.36"
140.111.121.67 - - [22/Aug/2026:12:25:34 +0800] "GET /wp-content/uploads/sites/1366/2026/06/%E8%AA%B2%E7%A8%8B%E8%A8%88%E7%95%AB%E5%B0%88%E5%8D%80-1-300x87.png HTTP/1.1" 200 15050 "https://www.kases.ilc.edu.tw/" "Mozilla/5.0 (Windows NT 10.0; Win64; x64) AppleWebKit/537.36 (KHTML, like Gecko) Chrome/151.0.0.0 Safari/537.36"
40.77.167.12 - - [22/Aug/2026:12:25:34 +0800] "GET /Form/Teacher/ListTeacher.asp?ID=207&Back=/NineOne/List.asp?FD=%BC%C6%BE%C7 HTTP/1.1" 404 85748 "-" "Mozilla/5.0 AppleWebKit/537.36 (KHTML, like Gecko; compatible; bingbot/2.0; +http://www.bing.com/bingbot.htm) Chrome/116.0.1938.76 Safari/537.36"
::1 - - [22/Aug/2026:12:25:34 +0800] "OPTIONS * HTTP/1.0" 200 110 "-" "Apache/2.4.68 (Ubuntu) OpenSSL/3.0.19 (internal dummy connection)"
140.111.121.67 - - [22/Aug/2026:12:25:34 +0800] "GET /wp-content/uploads/sites/1366/2026/06/%E8%AA%B2%E7%A8%8B%E8%A8%88%E7%95%AB%E5%B0%88%E5%8D%80-2-300x87.png HTTP/1.1" 200 15237 "https://www.kases.ilc.edu.tw/" "Mozilla/5.0 (Windows NT 10.0; Win64; x64) AppleWebKit/537.36 (KHTML, like Gecko) Chrome/151.0.0.0 Safari/537.36"
140.111.121.67 - - [22/Aug/2026:12:25:34 +0800] "GET /wp-content/uploads/sites/1366/2024/02/%E8%A8%AA%E5%AE%A2%E5%B0%88%E5%8D%80-7-300x87.png HTTP/1.1" 200 17758 "https://www.kases.ilc.edu.tw/" "Mozilla/5.0 (Windows NT 10.0; Win64; x64) AppleWebKit/537.36 (KHTML, like Gecko) Chrome/151.0.0.0 Safari/537.36"
52.203.65.83 - - [22/Aug/2026:12:25:34 +0800] "GET /32745/2021/07/07/%E6%B5%81%E6%B5%AA%E7%9A%84%E6%A8%82%E5%B8%AB/ HTTP/1.1" 200 92400 "-" "Mozilla/5.0 AppleWebKit/537.36 (KHTML, like Gecko; compatible; Amazonbot/0.1; +https://developer.amazon.com/support/amazonbot) Chrome/119.0.6045.214 Safari/537.36"
100.29.160.53 - - [22/Aug/2026:12:25:35 +0800] "GET /6043/wp-json/wp/v2/%22https:/2blog.ilc.edu.tw/wp-content/uploads/sites/207/6043/6043-1674871.jpg/%22 HTTP/1.1" 404 6131 "-" "Mozilla/5.0 AppleWebKit/537.36 (KHTML, like Gecko; compatible; Amazonbot/0.1; +https://developer.amazon.com/support/amazonbot) Chrome/119.0.6045.214 Safari/537.36"
74.7.242.54 - - [22/Aug/2026:12:25:33 +0800] "GET /26150/?p=6571 HTTP/1.1" 301 987 "https://2blog.ilc.edu.tw/26150/2022/06/14/%e8%bd%89%e7%9f%a5%e6%95%99%e8%82%b2%e9%83%a8%e3%80%8c%e8%b7%9f%e8%b9%a4%e9%a8%b7%e6%93%be%e9%98%b2%e5%88%b6%e3%80%8d%e6%95%99%e8%82%b2%e5%ae%a3%e5%b0%8e%e8%b3%87%e6%ba%90%e4%b8%a6%e5%bb%a3%e7%82%ba/" "Mozilla/5.0 AppleWebKit/537.36 (KHTML, like Gecko; compatible; GPTBot/1.4; +https://openai.com/gptbot)"
40.77.167.12 - - [22/Aug/2026:12:25:35 +0800] "GET /Form/Teacher/ListTeacher.asp?ID=412&Back=/NineOne/List.asp?FD=%BC%C6%BE%C7 HTTP/1.1" 404 85748 "-" "Mozilla/5.0 AppleWebKit/537.36 (KHTML, like Gecko; compatible; bingbot/2.0; +http://www.bing.com/bingbot.htm) Chrome/116.0.1938.76 Safari/537.36"
20.125.101.194 - - [22/Aug/2026:12:25:35 +0800] "GET /wp-content/uploads/sites/1148/2022/09/111%E5%AD%B8%E5%B9%B4%E5%BA%A6%E7%AC%AC2%E5%AD%B8%E6%9C%9F%E9%AB%98%E7%B4%9A%E4%B8%AD%E7%AD%89%E4%BB%A5%E4%B8%8B%E6%95%99%E8%82%B2%E9%9A%8E%E6%AE%B5%E9%9D%9E%E5%AD%B8%E6%A0%A1%E5%9E%8B%E6%85%8B%E5%AF%A6%E9%A9%97%E6%95%99%E8%82%B2%E7%94%B3%E8%AB%8B1.pdf HTTP/1.1" 200 81505 "-" "Mozilla/5.0 (compatible; MSR-Financial-PDF-Scorer/1.0)"
::1 - - [22/Aug/2026:12:25:35 +0800] "OPTIONS * HTTP/1.0" 200 110 "-" "Apache/2.4.68 (Ubuntu) OpenSSL/3.0.19 (internal dummy connection)"
206.189.200.150 - - [22/Aug/2026:12:25:35 +0800] "GET /blog/gallery/4024/previews-med/4024-4235597.jpg HTTP/1.1" 404 25426 "http://blog.ilc.edu.tw/" "Mozilla/5.0 (Windows NT 10.0; Win64; x64) AppleWebKit/537.36 (KHTML, like Gecko) Chrome/106.0.5249.119 Safari/537.36"
165.22.11.162 - - [22/Aug/2026:12:25:35 +0800] "GET /blog/gallery/41823/previews-med/41823-4127620.jpg HTTP/1.1" 404 25426 "http://blog.ilc.edu.tw/" "Mozilla/5.0 (Windows NT 10.0; Win64; x64) AppleWebKit/537.36 (KHTML, like Gecko) Chrome/116.0.0.0 Safari/537.36"
167.99.236.143 - - [22/Aug/2026:12:25:35 +0800] "GET /blog/gallery/20068/20068-2913505.jpg HTTP/1.1" 404 25426 "http://blog.ilc.edu.tw/" "Mozilla/5.0 (Windows NT 10.0; Win64; x64) AppleWebKit/537.36 (KHTML, like Gecko) Chrome/117.0.0.0 Safari/537.36"
157.230.215.29 - - [22/Aug/2026:12:25:35 +0800] "GET /blog/gallery/526/previews-med/526-4013540.png HTTP/1.1" 404 25426 "http://blog.ilc.edu.tw/" "Mozilla/5.0 (Windows NT 10.0; Win64; x64) AppleWebKit/537.36 (KHTML, like Gecko) Chrome/105.0.0.0 Safari/537.3"
140.111.121.67 - - [22/Aug/2026:12:25:36 +0800] "GET /wp-content/uploads/sites/1366/2024/02/%E8%A8%AA%E5%AE%A2%E5%B0%88%E5%8D%80-8-300x87.png HTTP/1.1" 200 16706 "https://www.kases.ilc.edu.tw/" "Mozilla/5.0 (Windows NT 10.0; Win64; x64) AppleWebKit/537.36 (KHTML, like Gecko) Chrome/151.0.0.0 Safari/537.36"
40.77.167.12 - - [22/Aug/2026:12:25:35 +0800] "GET /Form/Teacher/ListTeacher.asp?ID=353&Back=/NineOne/List.asp?FD=%BC%C6%BE%C7 HTTP/1.1" 404 85748 "-" "Mozilla/5.0 AppleWebKit/537.36 (KHTML, like Gecko; compatible; bingbot/2.0; +http://www.bing.com/bingbot.htm) Chrome/116.0.1938.76 Safari/537.36"
85.208.96.196 - - [22/Aug/2026:12:25:36 +0800] "GET /kses1113a/author/su/page/77/ HTTP/1.1" 200 17426 "-" "Mozilla/5.0 (compatible; SemrushBot/7~bl; +http://www.semrush.com/bot.html)"
::1 - - [22/Aug/2026:12:25:36 +0800] "OPTIONS * HTTP/1.0" 200 110 "-" "Apache/2.4.68 (Ubuntu) OpenSSL/3.0.19 (internal dummy connection)"
40.77.167.12 - - [22/Aug/2026:12:25:36 +0800] "GET /Form/Teacher/ListTeacher.asp?ID=147&Back=/NineOne/List.asp?FD=%BC%C6%BE%C7 HTTP/1.1" 404 85748 "-" "Mozilla/5.0 AppleWebKit/537.36 (KHTML, like Gecko; compatible; bingbot/2.0; +http://www.bing.com/bingbot.htm) Chrome/116.0.1938.76 Safari/537.36"
34.171.68.95 - - [22/Aug/2026:12:25:37 +0800] "GET /21/2005/01/18/%E9%AB%94%E8%82%B2%E6%95%99%E5%AD%B8%E7%9A%84%E6%9C%AC%E8%B3%AA/ HTTP/1.1" 200 18659 "-" "Mozilla/5.0 (Macintosh; Intel Mac OS X 10_15_7) AppleWebKit/537.36 (KHTML, like Gecko) Chrome/120.0.0.0 Safari/537.36"
74.7.242.54 - - [22/Aug/2026:12:25:35 +0800] "GET /26150/?p=6440 HTTP/1.1" 301 981 "https://2blog.ilc.edu.tw/26150/2022/03/15/111%e5%b9%b4%e5%ba%a6%e3%80%8c%e7%b7%a3%e8%b5%b7%e5%bd%88%e5%a5%8f%e5%b9%b8%e7%a6%8f%e5%8d%94%e5%a5%8f%e6%9b%b2%e3%80%8d%e6%9c%aa%e5%a9%9a%e7%94%b7%e5%a5%b3%e6%88%90%e9%95%b7%e5%9c%98%e9%ab%94/" "Mozilla/5.0 AppleWebKit/537.36 (KHTML, like Gecko; compatible; GPTBot/1.4; +https://openai.com/gptbot)"
::1 - - [22/Aug/2026:12:25:37 +0800] "OPTIONS * HTTP/1.0" 200 110 "-" "Apache/2.4.68 (Ubuntu) OpenSSL/3.0.19 (internal dummy connection)"
2001:288:a201::66:125 - - [22/Aug/2026:12:25:38 +0800] "GET /blog/active.php HTTP/1.1" 301 1026 "-" "-"
2001:288:a201::66:125 - - [22/Aug/2026:12:25:38 +0800] "GET /blog/active.php HTTP/1.1" 404 1084 "-" "-"
54.166.104.83 - - [22/Aug/2026:12:25:38 +0800] "GET /32745/wp-content/uploads/sites/1271/2021/10/safe_image-9-1-480x245.jpeg HTTP/1.1" 200 26186 "-" "Mozilla/5.0 AppleWebKit/537.36 (KHTML, like Gecko; compatible; Amazonbot/0.1; +https://developer.amazon.com/support/amazonbot) Chrome/119.0.6045.214 Safari/537.36"
52.167.144.236 - - [22/Aug/2026:12:25:37 +0800] "GET /Form/Teacher/ListTeacher.asp?ID=245&Back=/NineOne/List.asp?FD=%BC%C6%BE%C7 HTTP/1.1" 404 85748 "-" "Mozilla/5.0 AppleWebKit/537.36 (KHTML, like Gecko; compatible; bingbot/2.0; +http://www.bing.com/bingbot.htm) Chrome/116.0.1938.76 Safari/537.36"
::1 - - [22/Aug/2026:12:25:38 +0800] "OPTIONS * HTTP/1.0" 200 110 "-" "Apache/2.4.68 (Ubuntu) OpenSSL/3.0.19 (internal dummy connection)"
140.111.67.10 - - [22/Aug/2026:12:25:39 +0800] "GET /" 301 273 "-" "-"
52.167.144.236 - - [22/Aug/2026:12:25:38 +0800] "GET /Form/Teacher/ListTeacher.asp?ID=758&Back=/NineOne/List.asp?FD=%BC%C6%BE%C7 HTTP/1.1" 404 85748 "-" "Mozilla/5.0 AppleWebKit/537.36 (KHTML, like Gecko; compatible; bingbot/2.0; +http://www.bing.com/bingbot.htm) Chrome/116.0.1938.76 Safari/537.36"
49.158.150.109 - - [22/Aug/2026:12:25:39 +0800] "-" 408 4803 "-" "-"
85.208.96.206 - - [22/Aug/2026:12:25:39 +0800] "GET /28/2015/03/ HTTP/1.1" 200 15649 "-" "Mozilla/5.0 (compatible; SemrushBot/7~bl; +http://www.semrush.com/bot.html)"
::1 - - [22/Aug/2026:12:25:39 +0800] "OPTIONS * HTTP/1.0" 200 110 "-" "Apache/2.4.68 (Ubuntu) OpenSSL/3.0.19 (internal dummy connection)"
74.7.242.54 - - [22/Aug/2026:12:25:37 +0800] "GET /26150/?p=7057 HTTP/1.1" 301 981 "https://2blog.ilc.edu.tw/26150/2023/07/05/%e8%bd%89%e7%9f%a5%e5%85%a7%e6%94%bf%e9%83%a8112%e5%b9%b4%e3%80%8c%e6%84%9b%e6%83%85%e5%be%9e%e5%bf%83%e9%96%8b%e5%a7%8b%e3%80%8d%e5%96%ae%e8%ba%ab%e8%81%af%e8%aa%bc%e6%b4%bb%e5%8b%95%ef%bc%8c/" "Mozilla/5.0 AppleWebKit/537.36 (KHTML, like Gecko; compatible; GPTBot/1.4; +https://openai.com/gptbot)"
52.167.144.236 - - [22/Aug/2026:12:25:39 +0800] "GET /Form/Teacher/ListTeacher.asp?ID=368&Back=/NineOne/List.asp?FD=%BC%C6%BE%C7 HTTP/1.1" 404 85748 "-" "Mozilla/5.0 AppleWebKit/537.36 (KHTML, like Gecko; compatible; bingbot/2.0; +http://www.bing.com/bingbot.htm) Chrome/116.0.1938.76 Safari/537.36"
216.73.216.20 - - [22/Aug/2026:12:25:40 +0800] "GET /2017/04/05/106%e5%b9%b4%e5%ba%a6%e8%87%ba%e7%81%a3%e9%96%a9%e5%8d%97%e8%aa%9e%e8%aa%9e%e8%a8%80%e8%83%bd%e5%8a%9b%e8%aa%8d%e8%ad%89%e8%80%83%e8%a9%a6/ HTTP/1.1" 200 23284 "-" "Mozilla/5.0 AppleWebKit/537.36 (KHTML, like Gecko; compatible; ClaudeBot/1.0; +claudebot@anthropic.com)"
52.167.144.236 - - [22/Aug/2026:12:25:40 +0800] "GET /Form/Teacher/ListTeacher.asp?ID=304&Back=/NineOne/List.asp?FD=%BC%C6%BE%C7 HTTP/1.1" 404 85748 "-" "Mozilla/5.0 AppleWebKit/537.36 (KHTML, like Gecko; compatible; bingbot/2.0; +http://www.bing.com/bingbot.htm) Chrome/116.0.1938.76 Safari/537.36"
::1 - - [22/Aug/2026:12:25:40 +0800] "OPTIONS * HTTP/1.0" 200 110 "-" "Apache/2.4.68 (Ubuntu) OpenSSL/3.0.19 (internal dummy connection)"
52.167.144.236 - - [22/Aug/2026:12:25:41 +0800] "GET /Form/Teacher/ListTeacher.asp?ID=337&Back=/NineOne/List.asp?FD=%BC%C6%BE%C7 HTTP/1.1" 404 85748 "-" "Mozilla/5.0 AppleWebKit/537.36 (KHTML, like Gecko; compatible; bingbot/2.0; +http://www.bing.com/bingbot.htm) Chrome/116.0.1938.76 Safari/537.36"
::1 - - [22/Aug/2026:12:25:41 +0800] "OPTIONS * HTTP/1.0" 200 110 "-" "Apache/2.4.68 (Ubuntu) OpenSSL/3.0.19 (internal dummy connection)"
74.7.242.54 - - [22/Aug/2026:12:25:40 +0800] "GET /26150/?p=5006 HTTP/1.1" 301 986 "https://2blog.ilc.edu.tw/26150/2020/08/19/%e5%9b%a0%e6%87%89covid-19%ef%bc%88%e6%ad%a6%e6%bc%a2%e8%82%ba%e7%82%8e%ef%bc%89%e7%96%ab%e6%83%85%ef%bc%8c%e8%ab%8b%e6%83%a0%e4%ba%88%e5%8d%94%e5%8a%a9%e5%8a%a0%e5%bc%b7%e5%ae%a3%e5%b0%8e%e6%97%a5/" "Mozilla/5.0 AppleWebKit/537.36 (KHTML, like Gecko; compatible; GPTBot/1.4; +https://openai.com/gptbot)"
::1 - - [22/Aug/2026:12:25:42 +0800] "OPTIONS * HTTP/1.0" 200 110 "-" "Apache/2.4.68 (Ubuntu) OpenSSL/3.0.19 (internal dummy connection)"
54.225.148.123 - - [22/Aug/2026:12:25:42 +0800] "GET /6043/wp-json/wp/v2/%22https:/2blog.ilc.edu.tw/wp-content/uploads/sites/207/6043/6043-1674869.jpg/%22 HTTP/1.1" 404 6131 "-" "Mozilla/5.0 AppleWebKit/537.36 (KHTML, like Gecko; compatible; Amazonbot/0.1; +https://developer.amazon.com/support/amazonbot) Chrome/119.0.6045.214 Safari/537.36"
2001:288:a201::66:125 - - [22/Aug/2026:12:25:43 +0800] "GET /blog/active.php HTTP/1.1" 301 1026 "-" "-"
2001:288:a201::66:125 - - [22/Aug/2026:12:25:43 +0800] "GET /blog/active.php HTTP/1.1" 404 1084 "-" "-"
52.167.144.140 - - [22/Aug/2026:12:25:43 +0800] "GET /Form/Teacher/ListTeacher.asp?ID=627&Back=/NineOne/List.asp?FD=%BC%C6%BE%C7 HTTP/1.1" 404 85748 "-" "Mozilla/5.0 AppleWebKit/537.36 (KHTML, like Gecko; compatible; bingbot/2.0; +http://www.bing.com/bingbot.htm) Chrome/116.0.1938.76 Safari/537.36"
