[Sat Aug 22 01:11:54.578237 2026] [socache_shmcb:debug] [pid 642666:tid 642666] mod_socache_shmcb.c(530): AH00834: leaving socache_shmcb_store successfully
[Sat Aug 22 01:11:54.578313 2026] [socache_shmcb:debug] [pid 642666:tid 642666] mod_socache_shmcb.c(508): AH00831: socache_shmcb_store (0xa4 -> subcache 4)
[Sat Aug 22 01:11:54.578316 2026] [authz_core:debug] [pid 642678:tid 642678] mod_authz_core.c(815): [client 2001:b400:e297:a3d3:24d1:5fc8:5c92:44de:62485] AH01626: authorization result of Require all granted: granted
[Sat Aug 22 01:11:54.578320 2026] [socache_shmcb:debug] [pid 642666:tid 642666] mod_socache_shmcb.c(860): AH00847: insert happened at idx=32, data=(13387:13419)
[Sat Aug 22 01:11:54.578322 2026] [authz_core:debug] [pid 642678:tid 642678] mod_authz_core.c(815): [client 2001:b400:e297:a3d3:24d1:5fc8:5c92:44de:62485] AH01626: authorization result of : granted
[Sat Aug 22 01:11:54.578331 2026] [socache_shmcb:debug] [pid 642666:tid 642666] mod_socache_shmcb.c(863): AH00848: finished insert, subcache: idx_pos/idx_used=82/39, data_pos/data_used=4926/8690
[Sat Aug 22 01:11:54.578335 2026] [socache_shmcb:debug] [pid 642666:tid 642666] mod_socache_shmcb.c(530): AH00834: leaving socache_shmcb_store successfully
[Sat Aug 22 01:11:54.578450 2026] [authz_core:debug] [pid 642717:tid 642717] mod_authz_core.c(815): [client 2001:b400:e297:a3d3:24d1:5fc8:5c92:44de:62487] AH01626: authorization result of Require all granted: granted
[Sat Aug 22 01:11:54.578458 2026] [authz_core:debug] [pid 642717:tid 642717] mod_authz_core.c(815): [client 2001:b400:e297:a3d3:24d1:5fc8:5c92:44de:62487] AH01626: authorization result of : granted
[Sat Aug 22 01:11:54.579085 2026] [authz_core:debug] [pid 642717:tid 642717] mod_authz_core.c(815): [client 2001:b400:e297:a3d3:24d1:5fc8:5c92:44de:62487] AH01626: authorization result of Require all granted: granted
[Sat Aug 22 01:11:54.579097 2026] [authz_core:debug] [pid 642717:tid 642717] mod_authz_core.c(815): [client 2001:b400:e297:a3d3:24d1:5fc8:5c92:44de:62487] AH01626: authorization result of : granted
[Sat Aug 22 01:11:54.580718 2026] [ssl:debug] [pid 642666:tid 642666] ssl_engine_kernel.c(254): [client 2001:b400:e297:a3d3:24d1:5fc8:5c92:44de:62488] AH02034: Initial (No.1) HTTPS request received for child 20 (server www.sses.ilc.edu.tw:443)
[Sat Aug 22 01:11:54.580929 2026] [authz_core:debug] [pid 642666:tid 642666] mod_authz_core.c(815): [client 2001:b400:e297:a3d3:24d1:5fc8:5c92:44de:62488] AH01626: authorization result of Require all granted: granted
[Sat Aug 22 01:11:54.580939 2026] [authz_core:debug] [pid 642666:tid 642666] mod_authz_core.c(815): [client 2001:b400:e297:a3d3:24d1:5fc8:5c92:44de:62488] AH01626: authorization result of : granted
[Sat Aug 22 01:11:54.581202 2026] [authz_core:debug] [pid 642666:tid 642666] mod_authz_core.c(815): [client 2001:b400:e297:a3d3:24d1:5fc8:5c92:44de:62488] AH01626: authorization result of Require all granted: granted
[Sat Aug 22 01:11:54.581214 2026] [authz_core:debug] [pid 642666:tid 642666] mod_authz_core.c(815): [client 2001:b400:e297:a3d3:24d1:5fc8:5c92:44de:62488] AH01626: authorization result of : granted
[Sat Aug 22 01:11:54.582840 2026] [ssl:debug] [pid 642718:tid 642718] ssl_engine_kernel.c(2082): [client 2001:b400:e297:a3d3:24d1:5fc8:5c92:44de:62489] AH02041: Protocol: TLSv1.3, Cipher: TLS_AES_256_GCM_SHA384 (256/256 bits)
[Sat Aug 22 01:11:54.582914 2026] [socache_shmcb:debug] [pid 642718:tid 642718] mod_socache_shmcb.c(508): AH00831: socache_shmcb_store (0xdc -> subcache 28)
[Sat Aug 22 01:11:54.582939 2026] [socache_shmcb:debug] [pid 642718:tid 642718] mod_socache_shmcb.c(860): AH00847: insert happened at idx=81, data=(5060:5092)
[Sat Aug 22 01:11:54.582942 2026] [socache_shmcb:debug] [pid 642718:tid 642718] mod_socache_shmcb.c(863): AH00848: finished insert, subcache: idx_pos/idx_used=48/34, data_pos/data_used=11604/7549
[Sat Aug 22 01:11:54.582949 2026] [socache_shmcb:debug] [pid 642718:tid 642718] mod_socache_shmcb.c(530): AH00834: leaving socache_shmcb_store successfully
[Sat Aug 22 01:11:54.583006 2026] [socache_shmcb:debug] [pid 642718:tid 642718] mod_socache_shmcb.c(508): AH00831: socache_shmcb_store (0x09 -> subcache 9)
[Sat Aug 22 01:11:54.583014 2026] [socache_shmcb:debug] [pid 642718:tid 642718] mod_socache_shmcb.c(860): AH00847: insert happened at idx=82, data=(5135:5167)
[Sat Aug 22 01:11:54.583016 2026] [socache_shmcb:debug] [pid 642718:tid 642718] mod_socache_shmcb.c(863): AH00848: finished insert, subcache: idx_pos/idx_used=49/34, data_pos/data_used=11693/7534
[Sat Aug 22 01:11:54.583018 2026] [socache_shmcb:debug] [pid 642718:tid 642718] mod_socache_shmcb.c(530): AH00834: leaving socache_shmcb_store successfully
[Sat Aug 22 01:11:54.583264 2026] [ssl:debug] [pid 642718:tid 642718] ssl_engine_kernel.c(254): [client 2001:b400:e297:a3d3:24d1:5fc8:5c92:44de:62489] AH02034: Initial (No.1) HTTPS request received for child 4 (server www.jaes.ilc.edu.tw:443)
[Sat Aug 22 01:11:54.583701 2026] [authz_core:debug] [pid 642718:tid 642718] mod_authz_core.c(815): [client 2001:b400:e297:a3d3:24d1:5fc8:5c92:44de:62489] AH01626: authorization result of Require all granted: granted
[Sat Aug 22 01:11:54.583713 2026] [authz_core:debug] [pid 642718:tid 642718] mod_authz_core.c(815): [client 2001:b400:e297:a3d3:24d1:5fc8:5c92:44de:62489] AH01626: authorization result of : granted
[Sat Aug 22 01:11:54.584442 2026] [authz_core:debug] [pid 642718:tid 642718] mod_authz_core.c(815): [client 2001:b400:e297:a3d3:24d1:5fc8:5c92:44de:62489] AH01626: authorization result of Require all granted: granted
[Sat Aug 22 01:11:54.584451 2026] [authz_core:debug] [pid 642718:tid 642718] mod_authz_core.c(815): [client 2001:b400:e297:a3d3:24d1:5fc8:5c92:44de:62489] AH01626: authorization result of : granted
[Sat Aug 22 01:11:54.723121 2026] [deflate:debug] [pid 642666:tid 642666] mod_deflate.c(909): [client 2001:b400:e297:a3d3:24d1:5fc8:5c92:44de:62488] AH01384: Zlib: Compressed 59219 to 13392 : URL /index.php
[Sat Aug 22 01:11:54.729897 2026] [deflate:debug] [pid 642717:tid 642717] mod_deflate.c(909): [client 2001:b400:e297:a3d3:24d1:5fc8:5c92:44de:62487] AH01384: Zlib: Compressed 46747 to 11547 : URL /index.php
[Sat Aug 22 01:11:54.875893 2026] [ssl:debug] [pid 642666:tid 642666] ssl_engine_kernel.c(254): [client 2001:b400:e297:a3d3:24d1:5fc8:5c92:44de:62488] AH02034: Subsequent (No.2) HTTPS request received for child 20 (server www.sses.ilc.edu.tw:443)
[Sat Aug 22 01:11:54.875893 2026] [ssl:debug] [pid 642664:tid 642664] ssl_engine_kernel.c(254): [client 2001:b400:e297:a3d3:24d1:5fc8:5c92:44de:62483] AH02034: Initial (No.1) HTTPS request received for child 13 (server www.jaes.ilc.edu.tw:443)
[Sat Aug 22 01:11:54.875893 2026] [ssl:debug] [pid 642661:tid 642661] ssl_engine_kernel.c(254): [client 2001:b400:e297:a3d3:24d1:5fc8:5c92:44de:62484] AH02034: Initial (No.1) HTTPS request received for child 9 (server www.sses.ilc.edu.tw:443)
[Sat Aug 22 01:11:54.877098 2026] [authz_core:debug] [pid 642666:tid 642666] mod_authz_core.c(815): [client 2001:b400:e297:a3d3:24d1:5fc8:5c92:44de:62488] AH01626: authorization result of Require all granted: granted
[Sat Aug 22 01:11:54.877108 2026] [authz_core:debug] [pid 642666:tid 642666] mod_authz_core.c(815): [client 2001:b400:e297:a3d3:24d1:5fc8:5c92:44de:62488] AH01626: authorization result of : granted
[Sat Aug 22 01:11:54.877194 2026] [authz_core:debug] [pid 642661:tid 642661] mod_authz_core.c(815): [client 2001:b400:e297:a3d3:24d1:5fc8:5c92:44de:62484] AH01626: authorization result of Require all granted: granted
[Sat Aug 22 01:11:54.877204 2026] [authz_core:debug] [pid 642661:tid 642661] mod_authz_core.c(815): [client 2001:b400:e297:a3d3:24d1:5fc8:5c92:44de:62484] AH01626: authorization result of : granted
[Sat Aug 22 01:11:54.880834 2026] [authz_core:debug] [pid 642664:tid 642664] mod_authz_core.c(815): [client 2001:b400:e297:a3d3:24d1:5fc8:5c92:44de:62483] AH01626: authorization result of Require all granted: granted
[Sat Aug 22 01:11:54.880851 2026] [authz_core:debug] [pid 642664:tid 642664] mod_authz_core.c(815): [client 2001:b400:e297:a3d3:24d1:5fc8:5c92:44de:62483] AH01626: authorization result of : granted
[Sat Aug 22 01:11:55.005154 2026] [ssl:debug] [pid 642687:tid 642687] ssl_engine_io.c(1150): [client 2409:8720:2400:9:::30804] AH02001: Connection closed to child 45 with standard shutdown (server 2blog.ilc.edu.tw:443)
[Sat Aug 22 01:11:55.014161 2026] [ssl:debug] [pid 637824:tid 637824] ssl_engine_io.c(1150): [client 2409:8720:2400:9:::30798] AH02001: Connection closed to child 17 with standard shutdown (server 2blog.ilc.edu.tw:443)
[Sat Aug 22 01:11:55.016990 2026] [ssl:debug] [pid 642676:tid 642676] ssl_engine_io.c(1150): [client 2409:8720:2400:9:::30806] AH02001: Connection closed to child 34 with standard shutdown (server 2blog.ilc.edu.tw:443)
[Sat Aug 22 01:11:55.241827 2026] [ssl:info] [pid 642687:tid 642687] [client 2001:b400:e297:a3d3:24d1:5fc8:5c92:44de:62490] AH01964: Connection to child 45 established (server 2blog.ilc.edu.tw:443)
[Sat Aug 22 01:11:55.242015 2026] [ssl:debug] [pid 642687:tid 642687] ssl_engine_kernel.c(2222): [client 2001:b400:e297:a3d3:24d1:5fc8:5c92:44de:62490] AH02043: SSL virtual host for servername www.jaes.ilc.edu.tw found
[Sat Aug 22 01:11:55.242070 2026] [core:debug] [pid 642687:tid 642687] protocol.c(2460): [client 2001:b400:e297:a3d3:24d1:5fc8:5c92:44de:62490] AH03155: select protocol from , choices=http/1.1 for server www.jaes.ilc.edu.tw
[Sat Aug 22 01:11:55.242107 2026] [ssl:debug] [pid 642687:tid 642687] ssl_util_stapling.c(819): AH01951: stapling_cb: OCSP Stapling callback called
[Sat Aug 22 01:11:55.242112 2026] [ssl:info] [pid 642687:tid 642687] AH01926: stapling_get_certinfo: stapling not supported for certificate
[Sat Aug 22 01:11:55.251084 2026] [ssl:info] [pid 637824:tid 637824] [client 2001:b400:e297:a3d3:24d1:5fc8:5c92:44de:62491] AH01964: Connection to child 17 established (server 2blog.ilc.edu.tw:443)
[Sat Aug 22 01:11:55.251288 2026] [ssl:debug] [pid 637824:tid 637824] ssl_engine_kernel.c(2222): [client 2001:b400:e297:a3d3:24d1:5fc8:5c92:44de:62491] AH02043: SSL virtual host for servername www.sses.ilc.edu.tw found
[Sat Aug 22 01:11:55.251344 2026] [core:debug] [pid 637824:tid 637824] protocol.c(2460): [client 2001:b400:e297:a3d3:24d1:5fc8:5c92:44de:62491] AH03155: select protocol from , choices=http/1.1 for server www.sses.ilc.edu.tw
[Sat Aug 22 01:11:55.251383 2026] [ssl:debug] [pid 637824:tid 637824] ssl_util_stapling.c(819): AH01951: stapling_cb: OCSP Stapling callback called
[Sat Aug 22 01:11:55.251388 2026] [ssl:info] [pid 637824:tid 637824] AH01926: stapling_get_certinfo: stapling not supported for certificate
[Sat Aug 22 01:11:55.257727 2026] [ssl:info] [pid 642676:tid 642676] [client 2001:b400:e297:a3d3:24d1:5fc8:5c92:44de:62492] AH01964: Connection to child 34 established (server 2blog.ilc.edu.tw:443)
[Sat Aug 22 01:11:55.257966 2026] [ssl:debug] [pid 642676:tid 642676] ssl_engine_kernel.c(2222): [client 2001:b400:e297:a3d3:24d1:5fc8:5c92:44de:62492] AH02043: SSL virtual host for servername www.sses.ilc.edu.tw found
[Sat Aug 22 01:11:55.258042 2026] [core:debug] [pid 642676:tid 642676] protocol.c(2460): [client 2001:b400:e297:a3d3:24d1:5fc8:5c92:44de:62492] AH03155: select protocol from , choices=http/1.1 for server www.sses.ilc.edu.tw
[Sat Aug 22 01:11:55.258095 2026] [ssl:debug] [pid 642676:tid 642676] ssl_util_stapling.c(819): AH01951: stapling_cb: OCSP Stapling callback called
[Sat Aug 22 01:11:55.258104 2026] [ssl:info] [pid 642676:tid 642676] AH01926: stapling_get_certinfo: stapling not supported for certificate
[Sat Aug 22 01:11:55.262778 2026] [ssl:debug] [pid 642687:tid 642687] ssl_engine_kernel.c(2082): [client 2001:b400:e297:a3d3:24d1:5fc8:5c92:44de:62490] AH02041: Protocol: TLSv1.3, Cipher: TLS_AES_256_GCM_SHA384 (256/256 bits)
[Sat Aug 22 01:11:55.262836 2026] [socache_shmcb:debug] [pid 642687:tid 642687] mod_socache_shmcb.c(508): AH00831: socache_shmcb_store (0xe7 -> subcache 7)
[Sat Aug 22 01:11:55.262854 2026] [socache_shmcb:debug] [pid 642687:tid 642687] mod_socache_shmcb.c(745): AH00842: expiring 5 and reclaiming 0 removed socache entries
[Sat Aug 22 01:11:55.262858 2026] [socache_shmcb:debug] [pid 642687:tid 642687] mod_socache_shmcb.c(765): AH00843: we now have 34 socache entries
[Sat Aug 22 01:11:55.262861 2026] [socache_shmcb:debug] [pid 642687:tid 642687] mod_socache_shmcb.c(860): AH00847: insert happened at idx=6, data=(7758:7790)
[Sat Aug 22 01:11:55.262864 2026] [socache_shmcb:debug] [pid 642687:tid 642687] mod_socache_shmcb.c(863): AH00848: finished insert, subcache: idx_pos/idx_used=60/35, data_pos/data_used=148/7838
[Sat Aug 22 01:11:55.262867 2026] [socache_shmcb:debug] [pid 642687:tid 642687] mod_socache_shmcb.c(530): AH00834: leaving socache_shmcb_store successfully
[Sat Aug 22 01:11:55.262930 2026] [socache_shmcb:debug] [pid 642687:tid 642687] mod_socache_shmcb.c(508): AH00831: socache_shmcb_store (0xcf -> subcache 15)
[Sat Aug 22 01:11:55.262950 2026] [socache_shmcb:debug] [pid 642687:tid 642687] mod_socache_shmcb.c(860): AH00847: insert happened at idx=50, data=(3923:3955)
[Sat Aug 22 01:11:55.262953 2026] [socache_shmcb:debug] [pid 642687:tid 642687] mod_socache_shmcb.c(863): AH00848: finished insert, subcache: idx_pos/idx_used=10/41, data_pos/data_used=8872/9144
[Sat Aug 22 01:11:55.262956 2026] [socache_shmcb:debug] [pid 642687:tid 642687] mod_socache_shmcb.c(530): AH00834: leaving socache_shmcb_store successfully
[Sat Aug 22 01:11:55.265766 2026] [ssl:debug] [pid 642687:tid 642687] ssl_engine_kernel.c(254): [client 2001:b400:e297:a3d3:24d1:5fc8:5c92:44de:62490] AH02034: Initial (No.1) HTTPS request received for child 45 (server www.jaes.ilc.edu.tw:443)
[Sat Aug 22 01:11:55.265994 2026] [authz_core:debug] [pid 642687:tid 642687] mod_authz_core.c(815): [client 2001:b400:e297:a3d3:24d1:5fc8:5c92:44de:62490] AH01626: authorization result of Require all granted: granted
[Sat Aug 22 01:11:55.266002 2026] [authz_core:debug] [pid 642687:tid 642687] mod_authz_core.c(815): [client 2001:b400:e297:a3d3:24d1:5fc8:5c92:44de:62490] AH01626: authorization result of : granted
[Sat Aug 22 01:11:55.266146 2026] [authz_core:debug] [pid 642687:tid 642687] mod_authz_core.c(815): [client 2001:b400:e297:a3d3:24d1:5fc8:5c92:44de:62490] AH01626: authorization result of Require all granted: granted
[Sat Aug 22 01:11:55.266151 2026] [authz_core:debug] [pid 642687:tid 642687] mod_authz_core.c(815): [client 2001:b400:e297:a3d3:24d1:5fc8:5c92:44de:62490] AH01626: authorization result of : granted
[Sat Aug 22 01:11:55.268189 2026] [ssl:debug] [pid 637824:tid 637824] ssl_engine_kernel.c(2082): [client 2001:b400:e297:a3d3:24d1:5fc8:5c92:44de:62491] AH02041: Protocol: TLSv1.3, Cipher: TLS_AES_256_GCM_SHA384 (256/256 bits)
[Sat Aug 22 01:11:55.268235 2026] [socache_shmcb:debug] [pid 637824:tid 637824] mod_socache_shmcb.c(508): AH00831: socache_shmcb_store (0x35 -> subcache 21)
[Sat Aug 22 01:11:55.268240 2026] [socache_shmcb:debug] [pid 637824:tid 637824] mod_socache_shmcb.c(745): AH00842: expiring 1 and reclaiming 0 removed socache entries
[Sat Aug 22 01:11:55.268243 2026] [socache_shmcb:debug] [pid 637824:tid 637824] mod_socache_shmcb.c(765): AH00843: we now have 22 socache entries
[Sat Aug 22 01:11:55.268245 2026] [socache_shmcb:debug] [pid 637824:tid 637824] mod_socache_shmcb.c(860): AH00847: insert happened at idx=69, data=(2222:2254)
[Sat Aug 22 01:11:55.268247 2026] [socache_shmcb:debug] [pid 637824:tid 637824] mod_socache_shmcb.c(863): AH00848: finished insert, subcache: idx_pos/idx_used=47/23, data_pos/data_used=11199/5115
[Sat Aug 22 01:11:55.268249 2026] [socache_shmcb:debug] [pid 637824:tid 637824] mod_socache_shmcb.c(530): AH00834: leaving socache_shmcb_store successfully
[Sat Aug 22 01:11:55.268300 2026] [socache_shmcb:debug] [pid 637824:tid 637824] mod_socache_shmcb.c(508): AH00831: socache_shmcb_store (0x21 -> subcache 1)
[Sat Aug 22 01:11:55.268304 2026] [socache_shmcb:debug] [pid 637824:tid 637824] mod_socache_shmcb.c(860): AH00847: insert happened at idx=58, data=(13662:13694)
[Sat Aug 22 01:11:55.268306 2026] [socache_shmcb:debug] [pid 637824:tid 637824] mod_socache_shmcb.c(863): AH00848: finished insert, subcache: idx_pos/idx_used=32/27, data_pos/data_used=7862/6028
[Sat Aug 22 01:11:55.268308 2026] [socache_shmcb:debug] [pid 637824:tid 637824] mod_socache_shmcb.c(530): AH00834: leaving socache_shmcb_store successfully
[Sat Aug 22 01:11:55.272880 2026] [ssl:debug] [pid 637824:tid 637824] ssl_engine_kernel.c(254): [client 2001:b400:e297:a3d3:24d1:5fc8:5c92:44de:62491] AH02034: Initial (No.1) HTTPS request received for child 17 (server www.sses.ilc.edu.tw:443)
[Sat Aug 22 01:11:55.273105 2026] [authz_core:debug] [pid 637824:tid 637824] mod_authz_core.c(815): [client 2001:b400:e297:a3d3:24d1:5fc8:5c92:44de:62491] AH01626: authorization result of Require all granted: granted
[Sat Aug 22 01:11:55.273111 2026] [authz_core:debug] [pid 637824:tid 637824] mod_authz_core.c(815): [client 2001:b400:e297:a3d3:24d1:5fc8:5c92:44de:62491] AH01626: authorization result of : granted
[Sat Aug 22 01:11:55.273240 2026] [authz_core:debug] [pid 637824:tid 637824] mod_authz_core.c(815): [client 2001:b400:e297:a3d3:24d1:5fc8:5c92:44de:62491] AH01626: authorization result of Require all granted: granted
[Sat Aug 22 01:11:55.273244 2026] [authz_core:debug] [pid 637824:tid 637824] mod_authz_core.c(815): [client 2001:b400:e297:a3d3:24d1:5fc8:5c92:44de:62491] AH01626: authorization result of : granted
[Sat Aug 22 01:11:55.278162 2026] [ssl:debug] [pid 642676:tid 642676] ssl_engine_kernel.c(2082): [client 2001:b400:e297:a3d3:24d1:5fc8:5c92:44de:62492] AH02041: Protocol: TLSv1.3, Cipher: TLS_AES_256_GCM_SHA384 (256/256 bits)
[Sat Aug 22 01:11:55.278224 2026] [socache_shmcb:debug] [pid 642676:tid 642676] mod_socache_shmcb.c(508): AH00831: socache_shmcb_store (0xe3 -> subcache 3)
[Sat Aug 22 01:11:55.278232 2026] [socache_shmcb:debug] [pid 642676:tid 642676] mod_socache_shmcb.c(860): AH00847: insert happened at idx=87, data=(6255:6287)
[Sat Aug 22 01:11:55.278236 2026] [socache_shmcb:debug] [pid 642676:tid 642676] mod_socache_shmcb.c(863): AH00848: finished insert, subcache: idx_pos/idx_used=49/39, data_pos/data_used=11696/8652
[Sat Aug 22 01:11:55.278239 2026] [socache_shmcb:debug] [pid 642676:tid 642676] mod_socache_shmcb.c(530): AH00834: leaving socache_shmcb_store successfully
[Sat Aug 22 01:11:55.278309 2026] [socache_shmcb:debug] [pid 642676:tid 642676] mod_socache_shmcb.c(508): AH00831: socache_shmcb_store (0x06 -> subcache 6)
[Sat Aug 22 01:11:55.278315 2026] [socache_shmcb:debug] [pid 642676:tid 642676] mod_socache_shmcb.c(745): AH00842: expiring 2 and reclaiming 0 removed socache entries
[Sat Aug 22 01:11:55.278318 2026] [socache_shmcb:debug] [pid 642676:tid 642676] mod_socache_shmcb.c(765): AH00843: we now have 33 socache entries
[Sat Aug 22 01:11:55.278321 2026] [socache_shmcb:debug] [pid 642676:tid 642676] mod_socache_shmcb.c(860): AH00847: insert happened at idx=54, data=(12742:12774)
[Sat Aug 22 01:11:55.278324 2026] [socache_shmcb:debug] [pid 642676:tid 642676] mod_socache_shmcb.c(863): AH00848: finished insert, subcache: idx_pos/idx_used=21/34, data_pos/data_used=5427/7544
[Sat Aug 22 01:11:55.278326 2026] [socache_shmcb:debug] [pid 642676:tid 642676] mod_socache_shmcb.c(530): AH00834: leaving socache_shmcb_store successfully
[Sat Aug 22 01:11:55.282896 2026] [ssl:debug] [pid 642676:tid 642676] ssl_engine_kernel.c(254): [client 2001:b400:e297:a3d3:24d1:5fc8:5c92:44de:62492] AH02034: Initial (No.1) HTTPS request received for child 34 (server www.sses.ilc.edu.tw:443)
[Sat Aug 22 01:11:55.283140 2026] [authz_core:debug] [pid 642676:tid 642676] mod_authz_core.c(815): [client 2001:b400:e297:a3d3:24d1:5fc8:5c92:44de:62492] AH01626: authorization result of Require all granted: granted
[Sat Aug 22 01:11:55.283147 2026] [authz_core:debug] [pid 642676:tid 642676] mod_authz_core.c(815): [client 2001:b400:e297:a3d3:24d1:5fc8:5c92:44de:62492] AH01626: authorization result of : granted
[Sat Aug 22 01:11:55.283321 2026] [authz_core:debug] [pid 642676:tid 642676] mod_authz_core.c(815): [client 2001:b400:e297:a3d3:24d1:5fc8:5c92:44de:62492] AH01626: authorization result of Require all granted: granted
[Sat Aug 22 01:11:55.283331 2026] [authz_core:debug] [pid 642676:tid 642676] mod_authz_core.c(815): [client 2001:b400:e297:a3d3:24d1:5fc8:5c92:44de:62492] AH01626: authorization result of : granted
[Sat Aug 22 01:11:55.375866 2026] [ssl:debug] [pid 642678:tid 642678] ssl_engine_kernel.c(254): [client 2001:b400:e297:a3d3:24d1:5fc8:5c92:44de:62485] AH02034: Subsequent (No.2) HTTPS request received for child 36 (server www.jaes.ilc.edu.tw:443)
[Sat Aug 22 01:11:55.376069 2026] [authz_core:debug] [pid 642678:tid 642678] mod_authz_core.c(815): [client 2001:b400:e297:a3d3:24d1:5fc8:5c92:44de:62485] AH01626: authorization result of Require all granted: granted
[Sat Aug 22 01:11:55.376077 2026] [authz_core:debug] [pid 642678:tid 642678] mod_authz_core.c(815): [client 2001:b400:e297:a3d3:24d1:5fc8:5c92:44de:62485] AH01626: authorization result of : granted
[Sat Aug 22 01:11:55.405788 2026] [ssl:debug] [pid 642716:tid 642716] ssl_engine_kernel.c(254): [client 2001:b400:e297:a3d3:24d1:5fc8:5c92:44de:62486] AH02034: Subsequent (No.2) HTTPS request received for child 2 (server www.sses.ilc.edu.tw:443)
[Sat Aug 22 01:11:55.406112 2026] [authz_core:debug] [pid 642716:tid 642716] mod_authz_core.c(815): [client 2001:b400:e297:a3d3:24d1:5fc8:5c92:44de:62486] AH01626: authorization result of Require all granted: granted
[Sat Aug 22 01:11:55.406124 2026] [authz_core:debug] [pid 642716:tid 642716] mod_authz_core.c(815): [client 2001:b400:e297:a3d3:24d1:5fc8:5c92:44de:62486] AH01626: authorization result of : granted
[Sat Aug 22 01:11:55.422662 2026] [ssl:info] [pid 642678:tid 642678] (104)Connection reset by peer: [client 2001:b400:e297:a3d3:24d1:5fc8:5c92:44de:62485] AH01991: SSL input filter read failed.
[Sat Aug 22 01:11:55.422662 2026] [ssl:info] [pid 642687:tid 642687] (104)Connection reset by peer: [client 2001:b400:e297:a3d3:24d1:5fc8:5c92:44de:62490] AH01991: SSL input filter read failed.
[Sat Aug 22 01:11:55.422726 2026] [ssl:debug] [pid 642678:tid 642678] ssl_engine_io.c(1150): [client 2001:b400:e297:a3d3:24d1:5fc8:5c92:44de:62485] AH02001: Connection closed to child 36 with standard shutdown (server www.jaes.ilc.edu.tw:443)
[Sat Aug 22 01:11:55.422736 2026] [ssl:debug] [pid 642687:tid 642687] ssl_engine_io.c(1150): [client 2001:b400:e297:a3d3:24d1:5fc8:5c92:44de:62490] AH02001: Connection closed to child 45 with standard shutdown (server www.jaes.ilc.edu.tw:443)
[Sat Aug 22 01:11:55.422826 2026] [ssl:info] [pid 642678:tid 642678] [client 2400:e920:0:2:f45d:ddff:fe00:7a:61197] AH01964: Connection to child 36 established (server 2blog.ilc.edu.tw:443)
[Sat Aug 22 01:11:55.422851 2026] [ssl:info] [pid 642687:tid 642687] [client 52.0.105.244:34982] AH01964: Connection to child 45 established (server 2blog.ilc.edu.tw:443)
[Sat Aug 22 01:11:55.422945 2026] [ssl:debug] [pid 642678:tid 642678] ssl_engine_kernel.c(2222): [client 2400:e920:0:2:f45d:ddff:fe00:7a:61197] AH02043: SSL virtual host for servername ilta.ilc.edu.tw found
[Sat Aug 22 01:11:55.422947 2026] [ssl:debug] [pid 642687:tid 642687] ssl_engine_kernel.c(2222): [client 52.0.105.244:34982] AH02043: SSL virtual host for servername 2blog.ilc.edu.tw found
[Sat Aug 22 01:11:55.422992 2026] [core:debug] [pid 642678:tid 642678] protocol.c(2460): [client 2400:e920:0:2:f45d:ddff:fe00:7a:61197] AH03155: select protocol from , choices=http/1.1 for server ilta.ilc.edu.tw
[Sat Aug 22 01:11:55.423105 2026] [ssl:info] [pid 642718:tid 642718] (104)Connection reset by peer: [client 2001:b400:e297:a3d3:24d1:5fc8:5c92:44de:62489] AH01991: SSL input filter read failed.
[Sat Aug 22 01:11:55.423114 2026] [ssl:info] [pid 642717:tid 642717] (104)Connection reset by peer: [client 2001:b400:e297:a3d3:24d1:5fc8:5c92:44de:62487] AH01991: SSL input filter read failed.
[Sat Aug 22 01:11:55.423143 2026] [ssl:debug] [pid 642718:tid 642718] ssl_engine_io.c(1150): [client 2001:b400:e297:a3d3:24d1:5fc8:5c92:44de:62489] AH02001: Connection closed to child 4 with standard shutdown (server www.jaes.ilc.edu.tw:443)
[Sat Aug 22 01:11:55.423157 2026] [ssl:debug] [pid 642717:tid 642717] ssl_engine_io.c(1150): [client 2001:b400:e297:a3d3:24d1:5fc8:5c92:44de:62487] AH02001: Connection closed to child 3 with standard shutdown (server www.jaes.ilc.edu.tw:443)
[Sat Aug 22 01:11:55.423197 2026] [ssl:info] [pid 642664:tid 642664] (104)Connection reset by peer: [client 2001:b400:e297:a3d3:24d1:5fc8:5c92:44de:62483] AH01991: SSL input filter read failed.
[Sat Aug 22 01:11:55.423219 2026] [ssl:debug] [pid 642664:tid 642664] ssl_engine_io.c(1150): [client 2001:b400:e297:a3d3:24d1:5fc8:5c92:44de:62483] AH02001: Connection closed to child 13 with standard shutdown (server www.jaes.ilc.edu.tw:443)
[Sat Aug 22 01:11:55.533011 2026] [ssl:debug] [pid 642678:tid 642678] ssl_engine_kernel.c(2082): [client 2400:e920:0:2:f45d:ddff:fe00:7a:61197] AH02041: Protocol: TLSv1.3, Cipher: TLS_AES_256_GCM_SHA384 (256/256 bits)
[Sat Aug 22 01:11:55.533088 2026] [socache_shmcb:debug] [pid 642678:tid 642678] mod_socache_shmcb.c(508): AH00831: socache_shmcb_store (0x9e -> subcache 30)
[Sat Aug 22 01:11:55.533107 2026] [socache_shmcb:debug] [pid 642678:tid 642678] mod_socache_shmcb.c(745): AH00842: expiring 1 and reclaiming 0 removed socache entries
[Sat Aug 22 01:11:55.533111 2026] [socache_shmcb:debug] [pid 642678:tid 642678] mod_socache_shmcb.c(765): AH00843: we now have 31 socache entries
[Sat Aug 22 01:11:55.533114 2026] [socache_shmcb:debug] [pid 642678:tid 642678] mod_socache_shmcb.c(860): AH00847: insert happened at idx=60, data=(117:149)
[Sat Aug 22 01:11:55.533117 2026] [socache_shmcb:debug] [pid 642678:tid 642678] mod_socache_shmcb.c(863): AH00848: finished insert, subcache: idx_pos/idx_used=29/32, data_pos/data_used=7071/7134
[Sat Aug 22 01:11:55.533120 2026] [socache_shmcb:debug] [pid 642678:tid 642678] mod_socache_shmcb.c(530): AH00834: leaving socache_shmcb_store successfully
[Sat Aug 22 01:11:55.533191 2026] [socache_shmcb:debug] [pid 642678:tid 642678] mod_socache_shmcb.c(508): AH00831: socache_shmcb_store (0x44 -> subcache 4)
[Sat Aug 22 01:11:55.533202 2026] [socache_shmcb:debug] [pid 642678:tid 642678] mod_socache_shmcb.c(860): AH00847: insert happened at idx=33, data=(13616:13648)
[Sat Aug 22 01:11:55.533205 2026] [socache_shmcb:debug] [pid 642678:tid 642678] mod_socache_shmcb.c(863): AH00848: finished insert, subcache: idx_pos/idx_used=82/40, data_pos/data_used=4926/8914
[Sat Aug 22 01:11:55.533208 2026] [socache_shmcb:debug] [pid 642678:tid 642678] mod_socache_shmcb.c(530): AH00834: leaving socache_shmcb_store successfully
[Sat Aug 22 01:11:55.533427 2026] [ssl:debug] [pid 642678:tid 642678] ssl_engine_kernel.c(254): [client 2400:e920:0:2:f45d:ddff:fe00:7a:61197] AH02034: Initial (No.1) HTTPS request received for child 36 (server ilta.ilc.edu.tw:443), referer: http://ilta.ilc.edu.tw
[Sat Aug 22 01:11:55.533607 2026] [authz_core:debug] [pid 642678:tid 642678] mod_authz_core.c(815): [client 2400:e920:0:2:f45d:ddff:fe00:7a:61197] AH01626: authorization result of Require all granted: granted, referer: http://ilta.ilc.edu.tw
[Sat Aug 22 01:11:55.533612 2026] [authz_core:debug] [pid 642678:tid 642678] mod_authz_core.c(815): [client 2400:e920:0:2:f45d:ddff:fe00:7a:61197] AH01626: authorization result of : granted, referer: http://ilta.ilc.edu.tw
[Sat Aug 22 01:11:55.559143 2026] [watchdog:debug] [pid 642719:tid 642719] mod_watchdog.c(559): AH02980: Watchdog: nothing configured?
[Sat Aug 22 01:11:55.561939 2026] [watchdog:debug] [pid 642720:tid 642720] mod_watchdog.c(559): AH02980: Watchdog: nothing configured?
[Sat Aug 22 01:11:55.564665 2026] [watchdog:debug] [pid 642721:tid 642721] mod_watchdog.c(559): AH02980: Watchdog: nothing configured?
[Sat Aug 22 01:11:55.567594 2026] [watchdog:debug] [pid 642722:tid 642722] mod_watchdog.c(559): AH02980: Watchdog: nothing configured?
[Sat Aug 22 01:11:55.598093 2026] [ssl:info] [pid 642716:tid 642716] (104)Connection reset by peer: [client 2001:b400:e297:a3d3:24d1:5fc8:5c92:44de:62486] AH01991: SSL input filter read failed.
[Sat Aug 22 01:11:55.598173 2026] [ssl:debug] [pid 642716:tid 642716] ssl_engine_io.c(1150): [client 2001:b400:e297:a3d3:24d1:5fc8:5c92:44de:62486] AH02001: Connection closed to child 2 with standard shutdown (server www.sses.ilc.edu.tw:443)
[Sat Aug 22 01:11:55.598317 2026] [ssl:info] [pid 637824:tid 637824] (104)Connection reset by peer: [client 2001:b400:e297:a3d3:24d1:5fc8:5c92:44de:62491] AH01991: SSL input filter read failed.
[Sat Aug 22 01:11:55.598348 2026] [ssl:debug] [pid 637824:tid 637824] ssl_engine_io.c(1150): [client 2001:b400:e297:a3d3:24d1:5fc8:5c92:44de:62491] AH02001: Connection closed to child 17 with standard shutdown (server www.sses.ilc.edu.tw:443)
[Sat Aug 22 01:11:55.600674 2026] [ssl:info] [pid 642676:tid 642676] (104)Connection reset by peer: [client 2001:b400:e297:a3d3:24d1:5fc8:5c92:44de:62492] AH01991: SSL input filter read failed.
[Sat Aug 22 01:11:55.600682 2026] [ssl:info] [pid 642666:tid 642666] (104)Connection reset by peer: [client 2001:b400:e297:a3d3:24d1:5fc8:5c92:44de:62488] AH01991: SSL input filter read failed.
[Sat Aug 22 01:11:55.600755 2026] [ssl:debug] [pid 642676:tid 642676] ssl_engine_io.c(1150): [client 2001:b400:e297:a3d3:24d1:5fc8:5c92:44de:62492] AH02001: Connection closed to child 34 with standard shutdown (server www.sses.ilc.edu.tw:443)
[Sat Aug 22 01:11:55.600768 2026] [ssl:debug] [pid 642666:tid 642666] ssl_engine_io.c(1150): [client 2001:b400:e297:a3d3:24d1:5fc8:5c92:44de:62488] AH02001: Connection closed to child 20 with standard shutdown (server www.sses.ilc.edu.tw:443)
[Sat Aug 22 01:11:55.601000 2026] [ssl:info] [pid 642661:tid 642661] (104)Connection reset by peer: [client 2001:b400:e297:a3d3:24d1:5fc8:5c92:44de:62484] AH01991: SSL input filter read failed.
[Sat Aug 22 01:11:55.601044 2026] [ssl:debug] [pid 642661:tid 642661] ssl_engine_io.c(1150): [client 2001:b400:e297:a3d3:24d1:5fc8:5c92:44de:62484] AH02001: Connection closed to child 9 with standard shutdown (server www.sses.ilc.edu.tw:443)
[Sat Aug 22 01:11:55.637163 2026] [ssl:debug] [pid 642687:tid 642687] ssl_engine_kernel.c(2082): [client 52.0.105.244:34982] AH02041: Protocol: TLSv1.3, Cipher: TLS_AES_256_GCM_SHA384 (256/256 bits)
[Sat Aug 22 01:11:55.637213 2026] [socache_shmcb:debug] [pid 642687:tid 642687] mod_socache_shmcb.c(508): AH00831: socache_shmcb_store (0x49 -> subcache 9)
[Sat Aug 22 01:11:55.637218 2026] [socache_shmcb:debug] [pid 642687:tid 642687] mod_socache_shmcb.c(745): AH00842: expiring 1 and reclaiming 0 removed socache entries
[Sat Aug 22 01:11:55.637220 2026] [socache_shmcb:debug] [pid 642687:tid 642687] mod_socache_shmcb.c(765): AH00843: we now have 33 socache entries
[Sat Aug 22 01:11:55.637223 2026] [socache_shmcb:debug] [pid 642687:tid 642687] mod_socache_shmcb.c(860): AH00847: insert happened at idx=83, data=(5363:5395)
[Sat Aug 22 01:11:55.637225 2026] [socache_shmcb:debug] [pid 642687:tid 642687] mod_socache_shmcb.c(863): AH00848: finished insert, subcache: idx_pos/idx_used=50/34, data_pos/data_used=11905/7535
[Sat Aug 22 01:11:55.637227 2026] [socache_shmcb:debug] [pid 642687:tid 642687] mod_socache_shmcb.c(530): AH00834: leaving socache_shmcb_store successfully
[Sat Aug 22 01:11:55.637277 2026] [socache_shmcb:debug] [pid 642687:tid 642687] mod_socache_shmcb.c(508): AH00831: socache_shmcb_store (0x32 -> subcache 18)
[Sat Aug 22 01:11:55.637283 2026] [socache_shmcb:debug] [pid 642687:tid 642687] mod_socache_shmcb.c(745): AH00842: expiring 1 and reclaiming 0 removed socache entries
[Sat Aug 22 01:11:55.637286 2026] [socache_shmcb:debug] [pid 642687:tid 642687] mod_socache_shmcb.c(765): AH00843: we now have 36 socache entries
[Sat Aug 22 01:11:55.637289 2026] [socache_shmcb:debug] [pid 642687:tid 642687] mod_socache_shmcb.c(860): AH00847: insert happened at idx=68, data=(2239:2271)
[Sat Aug 22 01:11:55.637291 2026] [socache_shmcb:debug] [pid 642687:tid 642687] mod_socache_shmcb.c(863): AH00848: finished insert, subcache: idx_pos/idx_used=32/37, data_pos/data_used=8084/8232
[Sat Aug 22 01:11:55.637292 2026] [socache_shmcb:debug] [pid 642687:tid 642687] mod_socache_shmcb.c(530): AH00834: leaving socache_shmcb_store successfully
[Sat Aug 22 01:11:55.637400 2026] [ssl:debug] [pid 642687:tid 642687] ssl_engine_kernel.c(254): [client 52.0.105.244:34982] AH02034: Initial (No.1) HTTPS request received for child 45 (server 2blog.ilc.edu.tw:443)
[Sat Aug 22 01:11:55.637569 2026] [authz_core:debug] [pid 642687:tid 642687] mod_authz_core.c(815): [client 52.0.105.244:34982] AH01626: authorization result of Require all granted: granted
[Sat Aug 22 01:11:55.637573 2026] [authz_core:debug] [pid 642687:tid 642687] mod_authz_core.c(815): [client 52.0.105.244:34982] AH01626: authorization result of : granted
[Sat Aug 22 01:11:55.637676 2026] [authz_core:debug] [pid 642687:tid 642687] mod_authz_core.c(815): [client 52.0.105.244:34982] AH01626: authorization result of Require all granted: granted
[Sat Aug 22 01:11:55.637680 2026] [authz_core:debug] [pid 642687:tid 642687] mod_authz_core.c(815): [client 52.0.105.244:34982] AH01626: authorization result of : granted
[Sat Aug 22 01:11:55.646241 2026] [deflate:debug] [pid 642678:tid 642678] mod_deflate.c(909): [client 2400:e920:0:2:f45d:ddff:fe00:7a:61197] AH01384: Zlib: Compressed 13605 to 5006 : URL /wp-login.php, referer: http://ilta.ilc.edu.tw
[Sat Aug 22 01:11:55.754027 2026] [ssl:info] [pid 642672:tid 642672] (70014)End of file found: [client 2400:e920:0:2:f45d:ddff:fe00:7a:61144] AH01992: SSL library error 6 reading data
[Sat Aug 22 01:11:55.754137 2026] [ssl:debug] [pid 642672:tid 642672] ssl_engine_io.c(1150): [client 2400:e920:0:2:f45d:ddff:fe00:7a:61144] AH02001: Connection closed to child 30 with standard shutdown (server ilta.ilc.edu.tw:443)
[Sat Aug 22 01:11:55.754926 2026] [ssl:info] [pid 642678:tid 642678] (70014)End of file found: [client 2400:e920:0:2:f45d:ddff:fe00:7a:61197] AH01992: SSL library error 6 reading data
[Sat Aug 22 01:11:55.755048 2026] [ssl:debug] [pid 642678:tid 642678] ssl_engine_io.c(1150): [client 2400:e920:0:2:f45d:ddff:fe00:7a:61197] AH02001: Connection closed to child 36 with standard shutdown (server ilta.ilc.edu.tw:443)
[Sat Aug 22 01:11:55.783110 2026] [deflate:debug] [pid 642687:tid 642687] mod_deflate.c(909): [client 52.0.105.244:34982] AH01384: Zlib: Compressed 19920 to 6324 : URL /index.php
[Sat Aug 22 01:11:55.783338 2026] [ssl:debug] [pid 642687:tid 642687] ssl_engine_io.c(1150): [client 52.0.105.244:34982] AH02001: Connection closed to child 45 with standard shutdown (server 2blog.ilc.edu.tw:443)
[Sat Aug 22 01:11:55.982823 2026] [ssl:info] [pid 642718:tid 642718] [client 2408:864e:8000:109::7d:53054] AH01964: Connection to child 4 established (server 2blog.ilc.edu.tw:443)
[Sat Aug 22 01:11:55.983035 2026] [ssl:debug] [pid 642718:tid 642718] ssl_engine_kernel.c(2222): [client 2408:864e:8000:109::7d:53054] AH02043: SSL virtual host for servername www.najh.ilc.edu.tw found
[Sat Aug 22 01:11:55.983087 2026] [core:debug] [pid 642718:tid 642718] protocol.c(2460): [client 2408:864e:8000:109::7d:53054] AH03155: select protocol from , choices=h2,http/1.1 for server www.najh.ilc.edu.tw
[Sat Aug 22 01:11:55.983121 2026] [ssl:debug] [pid 642718:tid 642718] ssl_util_stapling.c(819): AH01951: stapling_cb: OCSP Stapling callback called
[Sat Aug 22 01:11:55.983126 2026] [ssl:info] [pid 642718:tid 642718] AH01926: stapling_get_certinfo: stapling not supported for certificate
[Sat Aug 22 01:11:56.295620 2026] [ssl:info] [pid 642717:tid 642717] [client 216.73.216.122:29166] AH01964: Connection to child 3 established (server 2blog.ilc.edu.tw:443)
[Sat Aug 22 01:11:56.295900 2026] [ssl:debug] [pid 642717:tid 642717] ssl_engine_kernel.c(2222): [client 216.73.216.122:29166] AH02043: SSL virtual host for servername www.tses.ilc.edu.tw found
[Sat Aug 22 01:11:56.295964 2026] [core:debug] [pid 642717:tid 642717] protocol.c(2460): [client 216.73.216.122:29166] AH03155: select protocol from , choices=h2,http/1.1 for server www.tses.ilc.edu.tw
[Sat Aug 22 01:11:56.296013 2026] [ssl:debug] [pid 642717:tid 642717] ssl_util_stapling.c(819): AH01951: stapling_cb: OCSP Stapling callback called
[Sat Aug 22 01:11:56.296021 2026] [ssl:info] [pid 642717:tid 642717] AH01926: stapling_get_certinfo: stapling not supported for certificate
[Sat Aug 22 01:11:56.320640 2026] [ssl:debug] [pid 642718:tid 642718] ssl_engine_kernel.c(2082): [client 2408:864e:8000:109::7d:53054] AH02041: Protocol: TLSv1.3, Cipher: TLS_AES_256_GCM_SHA384 (256/256 bits)
[Sat Aug 22 01:11:56.320700 2026] [socache_shmcb:debug] [pid 642718:tid 642718] mod_socache_shmcb.c(508): AH00831: socache_shmcb_store (0x90 -> subcache 16)
[Sat Aug 22 01:11:56.320719 2026] [socache_shmcb:debug] [pid 642718:tid 642718] mod_socache_shmcb.c(745): AH00842: expiring 3 and reclaiming 0 removed socache entries
[Sat Aug 22 01:11:56.320722 2026] [socache_shmcb:debug] [pid 642718:tid 642718] mod_socache_shmcb.c(765): AH00843: we now have 37 socache entries
[Sat Aug 22 01:11:56.320724 2026] [socache_shmcb:debug] [pid 642718:tid 642718] mod_socache_shmcb.c(860): AH00847: insert happened at idx=19, data=(10745:10777)
[Sat Aug 22 01:11:56.320736 2026] [socache_shmcb:debug] [pid 642718:tid 642718] mod_socache_shmcb.c(863): AH00848: finished insert, subcache: idx_pos/idx_used=70/38, data_pos/data_used=2524/8450
[Sat Aug 22 01:11:56.320738 2026] [socache_shmcb:debug] [pid 642718:tid 642718] mod_socache_shmcb.c(530): AH00834: leaving socache_shmcb_store successfully
[Sat Aug 22 01:11:56.320794 2026] [socache_shmcb:debug] [pid 642718:tid 642718] mod_socache_shmcb.c(508): AH00831: socache_shmcb_store (0xe9 -> subcache 9)
[Sat Aug 22 01:11:56.320800 2026] [socache_shmcb:debug] [pid 642718:tid 642718] mod_socache_shmcb.c(860): AH00847: insert happened at idx=84, data=(5576:5608)
[Sat Aug 22 01:11:56.320801 2026] [socache_shmcb:debug] [pid 642718:tid 642718] mod_socache_shmcb.c(863): AH00848: finished insert, subcache: idx_pos/idx_used=50/35, data_pos/data_used=11905/7763
[Sat Aug 22 01:11:56.320803 2026] [socache_shmcb:debug] [pid 642718:tid 642718] mod_socache_shmcb.c(530): AH00834: leaving socache_shmcb_store successfully
[Sat Aug 22 01:11:56.320919 2026] [ssl:debug] [pid 642718:tid 642718] ssl_engine_kernel.c(254): [client 2408:864e:8000:109::7d:53054] AH02034: Initial (No.1) HTTPS request received for child 4 (server www.najh.ilc.edu.tw:443)
[Sat Aug 22 01:11:56.321101 2026] [authz_core:debug] [pid 642718:tid 642718] mod_authz_core.c(815): [client 2408:864e:8000:109::7d:53054] AH01626: authorization result of Require all granted: granted
[Sat Aug 22 01:11:56.321105 2026] [authz_core:debug] [pid 642718:tid 642718] mod_authz_core.c(815): [client 2408:864e:8000:109::7d:53054] AH01626: authorization result of : granted
[Sat Aug 22 01:11:56.321209 2026] [authz_core:debug] [pid 642718:tid 642718] mod_authz_core.c(815): [client 2408:864e:8000:109::7d:53054] AH01626: authorization result of Require all granted: granted
[Sat Aug 22 01:11:56.321212 2026] [authz_core:debug] [pid 642718:tid 642718] mod_authz_core.c(815): [client 2408:864e:8000:109::7d:53054] AH01626: authorization result of : granted
[Sat Aug 22 01:11:56.529624 2026] [ssl:debug] [pid 642717:tid 642717] ssl_engine_kernel.c(2082): [client 216.73.216.122:29166] AH02041: Protocol: TLSv1.3, Cipher: TLS_AES_256_GCM_SHA384 (256/256 bits)
[Sat Aug 22 01:11:56.529687 2026] [socache_shmcb:debug] [pid 642717:tid 642717] mod_socache_shmcb.c(508): AH00831: socache_shmcb_store (0xdf -> subcache 31)
[Sat Aug 22 01:11:56.529696 2026] [socache_shmcb:debug] [pid 642717:tid 642717] mod_socache_shmcb.c(860): AH00847: insert happened at idx=2, data=(7201:7233)
[Sat Aug 22 01:11:56.529698 2026] [socache_shmcb:debug] [pid 642717:tid 642717] mod_socache_shmcb.c(863): AH00848: finished insert, subcache: idx_pos/idx_used=58/33, data_pos/data_used=4/7426
[Sat Aug 22 01:11:56.529701 2026] [socache_shmcb:debug] [pid 642717:tid 642717] mod_socache_shmcb.c(530): AH00834: leaving socache_shmcb_store successfully
[Sat Aug 22 01:11:56.529783 2026] [socache_shmcb:debug] [pid 642717:tid 642717] mod_socache_shmcb.c(508): AH00831: socache_shmcb_store (0x84 -> subcache 4)
[Sat Aug 22 01:11:56.529800 2026] [socache_shmcb:debug] [pid 642717:tid 642717] mod_socache_shmcb.c(860): AH00847: insert happened at idx=34, data=(13840:8)
[Sat Aug 22 01:11:56.529802 2026] [socache_shmcb:debug] [pid 642717:tid 642717] mod_socache_shmcb.c(863): AH00848: finished insert, subcache: idx_pos/idx_used=82/41, data_pos/data_used=4926/9142
[Sat Aug 22 01:11:56.529804 2026] [socache_shmcb:debug] [pid 642717:tid 642717] mod_socache_shmcb.c(530): AH00834: leaving socache_shmcb_store successfully
[Sat Aug 22 01:11:56.534067 2026] [ssl:debug] [pid 642717:tid 642717] ssl_engine_kernel.c(254): [client 216.73.216.122:29166] AH02034: Initial (No.1) HTTPS request received for child 3 (server www.tses.ilc.edu.tw:443)
[Sat Aug 22 01:11:56.534257 2026] [authz_core:debug] [pid 642717:tid 642717] mod_authz_core.c(815): [client 216.73.216.122:29166] AH01626: authorization result of Require all granted: granted
[Sat Aug 22 01:11:56.534263 2026] [authz_core:debug] [pid 642717:tid 642717] mod_authz_core.c(815): [client 216.73.216.122:29166] AH01626: authorization result of : granted
[Sat Aug 22 01:11:56.534388 2026] [authz_core:debug] [pid 642717:tid 642717] mod_authz_core.c(815): [client 216.73.216.122:29166] AH01626: authorization result of Require all granted: granted
[Sat Aug 22 01:11:56.534393 2026] [authz_core:debug] [pid 642717:tid 642717] mod_authz_core.c(815): [client 216.73.216.122:29166] AH01626: authorization result of : granted
[Sat Aug 22 01:11:56.561425 2026] [ssl:info] [pid 642664:tid 642664] [client 2a03:2880:f802:44:::33192] AH01964: Connection to child 13 established (server 2blog.ilc.edu.tw:443)
[Sat Aug 22 01:11:56.561610 2026] [ssl:debug] [pid 642664:tid 642664] ssl_engine_kernel.c(2222): [client 2a03:2880:f802:44:::33192] AH02043: SSL virtual host for servername www.jwes.ilc.edu.tw found
[Sat Aug 22 01:11:56.561662 2026] [core:debug] [pid 642664:tid 642664] protocol.c(2460): [client 2a03:2880:f802:44:::33192] AH03155: select protocol from , choices=h2,http/1.1 for server www.jwes.ilc.edu.tw
[Sat Aug 22 01:11:56.564716 2026] [deflate:debug] [pid 642717:tid 642717] mod_deflate.c(909): [client 216.73.216.122:29166] AH01384: Zlib: Compressed 74895 to 16647 : URL /index.php
[Sat Aug 22 01:11:56.926857 2026] [ssl:debug] [pid 642664:tid 642664] ssl_engine_kernel.c(2082): [client 2a03:2880:f802:44:::33192] AH02041: Protocol: TLSv1.3, Cipher: TLS_AES_256_GCM_SHA384 (256/256 bits)
[Sat Aug 22 01:11:56.926934 2026] [socache_shmcb:debug] [pid 642664:tid 642664] mod_socache_shmcb.c(508): AH00831: socache_shmcb_store (0x90 -> subcache 16)
[Sat Aug 22 01:11:56.926944 2026] [socache_shmcb:debug] [pid 642664:tid 642664] mod_socache_shmcb.c(860): AH00847: insert happened at idx=20, data=(10974:11006)
[Sat Aug 22 01:11:56.926947 2026] [socache_shmcb:debug] [pid 642664:tid 642664] mod_socache_shmcb.c(863): AH00848: finished insert, subcache: idx_pos/idx_used=70/39, data_pos/data_used=2524/8678
[Sat Aug 22 01:11:56.926950 2026] [socache_shmcb:debug] [pid 642664:tid 642664] mod_socache_shmcb.c(530): AH00834: leaving socache_shmcb_store successfully
[Sat Aug 22 01:11:56.927022 2026] [socache_shmcb:debug] [pid 642664:tid 642664] mod_socache_shmcb.c(508): AH00831: socache_shmcb_store (0x33 -> subcache 19)
[Sat Aug 22 01:11:56.927029 2026] [socache_shmcb:debug] [pid 642664:tid 642664] mod_socache_shmcb.c(745): AH00842: expiring 2 and reclaiming 0 removed socache entries
[Sat Aug 22 01:11:56.927033 2026] [socache_shmcb:debug] [pid 642664:tid 642664] mod_socache_shmcb.c(765): AH00843: we now have 32 socache entries
[Sat Aug 22 01:11:56.927036 2026] [socache_shmcb:debug] [pid 642664:tid 642664] mod_socache_shmcb.c(860): AH00847: insert happened at idx=46, data=(11076:11108)
[Sat Aug 22 01:11:56.927039 2026] [socache_shmcb:debug] [pid 642664:tid 642664] mod_socache_shmcb.c(863): AH00848: finished insert, subcache: idx_pos/idx_used=14/33, data_pos/data_used=3913/7392
[Sat Aug 22 01:11:56.927041 2026] [socache_shmcb:debug] [pid 642664:tid 642664] mod_socache_shmcb.c(530): AH00834: leaving socache_shmcb_store successfully
[Sat Aug 22 01:11:56.927198 2026] [ssl:debug] [pid 642664:tid 642664] ssl_engine_kernel.c(254): [client 2a03:2880:f802:44:::33192] AH02034: Initial (No.1) HTTPS request received for child 13 (server www.jwes.ilc.edu.tw:443)
[Sat Aug 22 01:11:56.927425 2026] [authz_core:debug] [pid 642664:tid 642664] mod_authz_core.c(815): [client 2a03:2880:f802:44:::33192] AH01626: authorization result of Require all granted: granted
[Sat Aug 22 01:11:56.927431 2026] [authz_core:debug] [pid 642664:tid 642664] mod_authz_core.c(815): [client 2a03:2880:f802:44:::33192] AH01626: authorization result of : granted
[Sat Aug 22 01:11:57.325676 2026] [ssl:info] [pid 642720:tid 642720] [client 2a0d:5600:19:42::13:58577] AH01964: Connection to child 6 established (server 2blog.ilc.edu.tw:443)
[Sat Aug 22 01:11:57.326117 2026] [ssl:debug] [pid 642720:tid 642720] ssl_engine_kernel.c(2222): [client 2a0d:5600:19:42::13:58577] AH02043: SSL virtual host for servername 2blog.ilc.edu.tw found
[Sat Aug 22 01:11:57.326253 2026] [core:debug] [pid 642720:tid 642720] protocol.c(2460): [client 2a0d:5600:19:42::13:58577] AH03155: select protocol from , choices=h2,http/1.1 for server 2blog.ilc.edu.tw
[Sat Aug 22 01:11:57.326334 2026] [ssl:debug] [pid 642720:tid 642720] ssl_util_stapling.c(819): AH01951: stapling_cb: OCSP Stapling callback called
[Sat Aug 22 01:11:57.326343 2026] [ssl:info] [pid 642720:tid 642720] AH01926: stapling_get_certinfo: stapling not supported for certificate
[Sat Aug 22 01:11:57.531046 2026] [ssl:debug] [pid 642718:tid 642718] ssl_engine_kernel.c(254): [client 2408:864e:8000:109::7d:53054] AH02034: Subsequent (No.2) HTTPS request received for child 4 (server www.najh.ilc.edu.tw:443)
[Sat Aug 22 01:11:57.531233 2026] [authz_core:debug] [pid 642718:tid 642718] mod_authz_core.c(815): [client 2408:864e:8000:109::7d:53054] AH01626: authorization result of Require all granted: granted
[Sat Aug 22 01:11:57.531238 2026] [authz_core:debug] [pid 642718:tid 642718] mod_authz_core.c(815): [client 2408:864e:8000:109::7d:53054] AH01626: authorization result of : granted
[Sat Aug 22 01:11:57.531346 2026] [authz_core:debug] [pid 642718:tid 642718] mod_authz_core.c(815): [client 2408:864e:8000:109::7d:53054] AH01626: authorization result of Require all granted: granted
[Sat Aug 22 01:11:57.531350 2026] [authz_core:debug] [pid 642718:tid 642718] mod_authz_core.c(815): [client 2408:864e:8000:109::7d:53054] AH01626: authorization result of : granted
[Sat Aug 22 01:11:57.561538 2026] [deflate:debug] [pid 642718:tid 642718] mod_deflate.c(909): [client 2408:864e:8000:109::7d:53054] AH01384: Zlib: Compressed 217218 to 41069 : URL /index.php
[Sat Aug 22 01:11:57.868435 2026] [authz_core:debug] [pid 642722:tid 642722] mod_authz_core.c(815): [client 2400:e920:0:2:f45d:ddff:fe00:7a:61419] AH01626: authorization result of Require all granted: granted, referer: http://ilta.ilc.edu.tw
[Sat Aug 22 01:11:57.868459 2026] [authz_core:debug] [pid 642722:tid 642722] mod_authz_core.c(815): [client 2400:e920:0:2:f45d:ddff:fe00:7a:61419] AH01626: authorization result of : granted, referer: http://ilta.ilc.edu.tw
[Sat Aug 22 01:11:58.100327 2026] [headers:debug] [pid 642716:tid 642716] mod_headers.c(900): AH01503: headers: ap_headers_error_filter()
[Sat Aug 22 01:11:58.140613 2026] [ssl:info] [pid 637824:tid 637824] [client 2001:288:a201::66:125:2229] AH01964: Connection to child 17 established (server 2blog.ilc.edu.tw:443)
[Sat Aug 22 01:11:58.140788 2026] [ssl:debug] [pid 637824:tid 637824] ssl_engine_kernel.c(2252): [client 2001:288:a201::66:125:2229] AH02645: Server name not provided via TLS extension (using default/first virtual host)
[Sat Aug 22 01:11:58.140804 2026] [socache_shmcb:debug] [pid 637824:tid 637824] mod_socache_shmcb.c(545): AH00835: socache_shmcb_retrieve (0x69 -> subcache 9)
[Sat Aug 22 01:11:58.140809 2026] [socache_shmcb:debug] [pid 637824:tid 637824] mod_socache_shmcb.c(896): AH00849: match at idx=71, data=2703
[Sat Aug 22 01:11:58.140811 2026] [socache_shmcb:debug] [pid 637824:tid 637824] mod_socache_shmcb.c(556): AH00836: leaving socache_shmcb_retrieve successfully
[Sat Aug 22 01:11:58.141726 2026] [ssl:debug] [pid 637824:tid 637824] ssl_engine_kernel.c(2082): [client 2001:288:a201::66:125:2229] AH02041: Protocol: TLSv1.2, Cipher: ECDHE-RSA-AES256-GCM-SHA384 (256/256 bits)
[Sat Aug 22 01:11:58.141822 2026] [ssl:debug] [pid 637824:tid 637824] ssl_engine_kernel.c(254): [client 2001:288:a201::66:125:2229] AH02034: Initial (No.1) HTTPS request received for child 17 (server 2blog.ilc.edu.tw:443)
[Sat Aug 22 01:11:58.141992 2026] [authz_core:debug] [pid 637824:tid 637824] mod_authz_core.c(815): [client 2001:288:a201::66:125:2229] AH01626: authorization result of Require all granted: granted
[Sat Aug 22 01:11:58.141997 2026] [authz_core:debug] [pid 637824:tid 637824] mod_authz_core.c(815): [client 2001:288:a201::66:125:2229] AH01626: authorization result of : granted
[Sat Aug 22 01:11:58.142104 2026] [authz_core:debug] [pid 637824:tid 637824] mod_authz_core.c(815): [client 2001:288:a201::66:125:2229] AH01626: authorization result of Require all granted: granted
[Sat Aug 22 01:11:58.142113 2026] [authz_core:debug] [pid 637824:tid 637824] mod_authz_core.c(815): [client 2001:288:a201::66:125:2229] AH01626: authorization result of : granted
[Sat Aug 22 01:11:58.142123 2026] [php7:error] [pid 637824:tid 637824] [client 2001:288:a201::66:125:2229] script '/var/www/html/2blog/active.php' not found or unable to stat
