[Sat Aug 22 01:05:47.845811 2026] [authz_core:debug] [pid 633155:tid 633155] mod_authz_core.c(815): [client 136.108.66.146:39422] AH01626: authorization result of Require all granted: granted
[Sat Aug 22 01:05:47.845821 2026] [authz_core:debug] [pid 633155:tid 633155] mod_authz_core.c(815): [client 136.108.66.146:39422] AH01626: authorization result of : granted
[Sat Aug 22 01:05:47.894854 2026] [deflate:debug] [pid 637743:tid 637743] mod_deflate.c(909): [client 107.23.62.75:17797] AH01384: Zlib: Compressed 2802 to 1215 : URL /index.php
[Sat Aug 22 01:05:47.895093 2026] [ssl:debug] [pid 637743:tid 637743] ssl_engine_io.c(1150): [client 107.23.62.75:17797] AH02001: Connection closed to child 27 with standard shutdown (server 2blog.ilc.edu.tw:443)
[Sat Aug 22 01:05:47.906028 2026] [ssl:debug] [pid 635617:tid 635617] ssl_engine_kernel.c(254): [client 136.108.66.146:39476] AH02034: Subsequent (No.11) HTTPS request received for child 2 (server 2blog.ilc.edu.tw:443)
[Sat Aug 22 01:05:47.906209 2026] [authz_core:debug] [pid 635617:tid 635617] mod_authz_core.c(815): [client 136.108.66.146:39476] AH01626: authorization result of Require all granted: granted
[Sat Aug 22 01:05:47.906215 2026] [authz_core:debug] [pid 635617:tid 635617] mod_authz_core.c(815): [client 136.108.66.146:39476] AH01626: authorization result of : granted
[Sat Aug 22 01:05:47.906320 2026] [authz_core:debug] [pid 635617:tid 635617] mod_authz_core.c(815): [client 136.108.66.146:39476] AH01626: authorization result of Require all granted: granted
[Sat Aug 22 01:05:47.906335 2026] [authz_core:debug] [pid 635617:tid 635617] mod_authz_core.c(815): [client 136.108.66.146:39476] AH01626: authorization result of : granted
[Sat Aug 22 01:05:47.909280 2026] [ssl:debug] [pid 637733:tid 637733] ssl_engine_kernel.c(254): [client 136.108.66.146:39406] AH02034: Subsequent (No.12) HTTPS request received for child 16 (server 2blog.ilc.edu.tw:443)
[Sat Aug 22 01:05:47.909451 2026] [authz_core:debug] [pid 637733:tid 637733] mod_authz_core.c(815): [client 136.108.66.146:39406] AH01626: authorization result of Require all granted: granted
[Sat Aug 22 01:05:47.909456 2026] [authz_core:debug] [pid 637733:tid 637733] mod_authz_core.c(815): [client 136.108.66.146:39406] AH01626: authorization result of : granted
[Sat Aug 22 01:05:47.909560 2026] [authz_core:debug] [pid 637733:tid 637733] mod_authz_core.c(815): [client 136.108.66.146:39406] AH01626: authorization result of Require all granted: granted
[Sat Aug 22 01:05:47.909563 2026] [authz_core:debug] [pid 637733:tid 637733] mod_authz_core.c(815): [client 136.108.66.146:39406] AH01626: authorization result of : granted
[Sat Aug 22 01:05:47.916204 2026] [ssl:debug] [pid 637729:tid 637729] ssl_engine_kernel.c(254): [client 136.108.66.146:39408] AH02034: Subsequent (No.12) HTTPS request received for child 4 (server 2blog.ilc.edu.tw:443)
[Sat Aug 22 01:05:47.916397 2026] [authz_core:debug] [pid 637729:tid 637729] mod_authz_core.c(815): [client 136.108.66.146:39408] AH01626: authorization result of Require all granted: granted
[Sat Aug 22 01:05:47.916404 2026] [authz_core:debug] [pid 637729:tid 637729] mod_authz_core.c(815): [client 136.108.66.146:39408] AH01626: authorization result of : granted
[Sat Aug 22 01:05:47.916537 2026] [authz_core:debug] [pid 637729:tid 637729] mod_authz_core.c(815): [client 136.108.66.146:39408] AH01626: authorization result of Require all granted: granted
[Sat Aug 22 01:05:47.916542 2026] [authz_core:debug] [pid 637729:tid 637729] mod_authz_core.c(815): [client 136.108.66.146:39408] AH01626: authorization result of : granted
[Sat Aug 22 01:05:47.944620 2026] [ssl:debug] [pid 633150:tid 633150] ssl_engine_kernel.c(254): [client 136.108.66.146:39470] AH02034: Subsequent (No.11) HTTPS request received for child 5 (server 2blog.ilc.edu.tw:443)
[Sat Aug 22 01:05:47.944785 2026] [authz_core:debug] [pid 633150:tid 633150] mod_authz_core.c(815): [client 136.108.66.146:39470] AH01626: authorization result of Require all granted: granted
[Sat Aug 22 01:05:47.944790 2026] [authz_core:debug] [pid 633150:tid 633150] mod_authz_core.c(815): [client 136.108.66.146:39470] AH01626: authorization result of : granted
[Sat Aug 22 01:05:47.944894 2026] [authz_core:debug] [pid 633150:tid 633150] mod_authz_core.c(815): [client 136.108.66.146:39470] AH01626: authorization result of Require all granted: granted
[Sat Aug 22 01:05:47.944899 2026] [authz_core:debug] [pid 633150:tid 633150] mod_authz_core.c(815): [client 136.108.66.146:39470] AH01626: authorization result of : granted
[Sat Aug 22 01:05:48.008157 2026] [ssl:debug] [pid 637731:tid 637731] ssl_engine_io.c(1150): [client 50.114.116.108:42231] AH02001: Connection closed to child 9 with standard shutdown (server 2blog.ilc.edu.tw:443)
[Sat Aug 22 01:05:48.030735 2026] [ssl:debug] [pid 637744:tid 637744] ssl_engine_kernel.c(2082): [client 2408:8738:5000:5:1::7:40172] AH02041: Protocol: TLSv1.3, Cipher: TLS_AES_256_GCM_SHA384 (256/256 bits)
[Sat Aug 22 01:05:48.030808 2026] [socache_shmcb:debug] [pid 637744:tid 637744] mod_socache_shmcb.c(508): AH00831: socache_shmcb_store (0x79 -> subcache 25)
[Sat Aug 22 01:05:48.030833 2026] [socache_shmcb:debug] [pid 637744:tid 637744] mod_socache_shmcb.c(745): AH00842: expiring 3 and reclaiming 0 removed socache entries
[Sat Aug 22 01:05:48.030836 2026] [socache_shmcb:debug] [pid 637744:tid 637744] mod_socache_shmcb.c(765): AH00843: we now have 46 socache entries
[Sat Aug 22 01:05:48.030848 2026] [socache_shmcb:debug] [pid 637744:tid 637744] mod_socache_shmcb.c(860): AH00847: insert happened at idx=35, data=(8585:8617)
[Sat Aug 22 01:05:48.030850 2026] [socache_shmcb:debug] [pid 637744:tid 637744] mod_socache_shmcb.c(863): AH00848: finished insert, subcache: idx_pos/idx_used=77/47, data_pos/data_used=12186/10492
[Sat Aug 22 01:05:48.030852 2026] [socache_shmcb:debug] [pid 637744:tid 637744] mod_socache_shmcb.c(530): AH00834: leaving socache_shmcb_store successfully
[Sat Aug 22 01:05:48.030907 2026] [socache_shmcb:debug] [pid 637744:tid 637744] mod_socache_shmcb.c(508): AH00831: socache_shmcb_store (0xc5 -> subcache 5)
[Sat Aug 22 01:05:48.030916 2026] [socache_shmcb:debug] [pid 637744:tid 637744] mod_socache_shmcb.c(860): AH00847: insert happened at idx=68, data=(2028:2060)
[Sat Aug 22 01:05:48.030918 2026] [socache_shmcb:debug] [pid 637744:tid 637744] mod_socache_shmcb.c(863): AH00848: finished insert, subcache: idx_pos/idx_used=13/56, data_pos/data_used=3624/12496
[Sat Aug 22 01:05:48.030920 2026] [socache_shmcb:debug] [pid 637744:tid 637744] mod_socache_shmcb.c(530): AH00834: leaving socache_shmcb_store successfully
[Sat Aug 22 01:05:48.031143 2026] [ssl:debug] [pid 637744:tid 637744] ssl_engine_kernel.c(254): [client 2408:8738:5000:5:1::7:40172] AH02034: Initial (No.1) HTTPS request received for child 28 (server isupport.ilc.edu.tw:443), referer: https://isupport.ilc.edu.tw/author/shinhann/
[Sat Aug 22 01:05:48.031145 2026] [ssl:debug] [pid 634877:tid 634877] ssl_engine_kernel.c(254): [client 66.249.79.163:43153] AH02034: Subsequent (No.11) HTTPS request received for child 3 (server 2blog.ilc.edu.tw:443), referer: https://2blog.ilc.edu.tw/6550/2016/10/19/105-2-7%E6%8E%A8%E5%8B%95%E5%AD%B8%E7%94%9F%E7%92%B0%E4%BF%9D%E5%8B%9E%E4%BD%9C%E7%A4%BE%E5%9C%98/
[Sat Aug 22 01:05:48.031328 2026] [authz_core:debug] [pid 634877:tid 634877] mod_authz_core.c(815): [client 66.249.79.163:43153] AH01626: authorization result of Require all granted: granted, referer: https://2blog.ilc.edu.tw/6550/2016/10/19/105-2-7%E6%8E%A8%E5%8B%95%E5%AD%B8%E7%94%9F%E7%92%B0%E4%BF%9D%E5%8B%9E%E4%BD%9C%E7%A4%BE%E5%9C%98/
[Sat Aug 22 01:05:48.031334 2026] [authz_core:debug] [pid 634877:tid 634877] mod_authz_core.c(815): [client 66.249.79.163:43153] AH01626: authorization result of : granted, referer: https://2blog.ilc.edu.tw/6550/2016/10/19/105-2-7%E6%8E%A8%E5%8B%95%E5%AD%B8%E7%94%9F%E7%92%B0%E4%BF%9D%E5%8B%9E%E4%BD%9C%E7%A4%BE%E5%9C%98/
[Sat Aug 22 01:05:48.031390 2026] [authz_core:debug] [pid 637744:tid 637744] mod_authz_core.c(815): [client 2408:8738:5000:5:1::7:40172] AH01626: authorization result of Require all granted: granted, referer: https://isupport.ilc.edu.tw/author/shinhann/
[Sat Aug 22 01:05:48.031397 2026] [authz_core:debug] [pid 637744:tid 637744] mod_authz_core.c(815): [client 2408:8738:5000:5:1::7:40172] AH01626: authorization result of : granted, referer: https://isupport.ilc.edu.tw/author/shinhann/
[Sat Aug 22 01:05:48.031496 2026] [authz_core:debug] [pid 634877:tid 634877] mod_authz_core.c(815): [client 66.249.79.163:43153] AH01626: authorization result of Require all granted: granted, referer: https://2blog.ilc.edu.tw/6550/2016/10/19/105-2-7%E6%8E%A8%E5%8B%95%E5%AD%B8%E7%94%9F%E7%92%B0%E4%BF%9D%E5%8B%9E%E4%BD%9C%E7%A4%BE%E5%9C%98/
[Sat Aug 22 01:05:48.031505 2026] [authz_core:debug] [pid 634877:tid 634877] mod_authz_core.c(815): [client 66.249.79.163:43153] AH01626: authorization result of : granted, referer: https://2blog.ilc.edu.tw/6550/2016/10/19/105-2-7%E6%8E%A8%E5%8B%95%E5%AD%B8%E7%94%9F%E7%92%B0%E4%BF%9D%E5%8B%9E%E4%BD%9C%E7%A4%BE%E5%9C%98/
[Sat Aug 22 01:05:48.031942 2026] [deflate:debug] [pid 634877:tid 634877] mod_deflate.c(909): [client 66.249.79.163:43153] AH01384: Zlib: Compressed 14581 to 3765 : URL /wp-content/themes/oceanwp/assets/js/drop-down-mobile-menu.min.js, referer: https://2blog.ilc.edu.tw/6550/2016/10/19/105-2-7%E6%8E%A8%E5%8B%95%E5%AD%B8%E7%94%9F%E7%92%B0%E4%BF%9D%E5%8B%9E%E4%BD%9C%E7%A4%BE%E5%9C%98/
[Sat Aug 22 01:05:48.032025 2026] [deflate:debug] [pid 637744:tid 637744] mod_deflate.c(909): [client 2408:8738:5000:5:1::7:40172] AH01384: Zlib: Compressed 1718 to 700 : URL /wp-includes/js/hoverintent-js.min.js, referer: https://isupport.ilc.edu.tw/author/shinhann/
[Sat Aug 22 01:05:48.085606 2026] [ssl:debug] [pid 637742:tid 637742] ssl_engine_io.c(1150): [client 50.114.116.108:58911] AH02001: Connection closed to child 26 with standard shutdown (server 2blog.ilc.edu.tw:443)
[Sat Aug 22 01:05:48.090090 2026] [headers:debug] [pid 637745:tid 637745] mod_headers.c(900): AH01503: headers: ap_headers_error_filter()
[Sat Aug 22 01:05:48.149452 2026] [ssl:info] [pid 637746:tid 637746] [client 2001:288:a201::66:125:56224] AH01964: Connection to child 30 established (server 2blog.ilc.edu.tw:443)
[Sat Aug 22 01:05:48.149757 2026] [ssl:debug] [pid 637746:tid 637746] ssl_engine_kernel.c(2252): [client 2001:288:a201::66:125:56224] AH02645: Server name not provided via TLS extension (using default/first virtual host)
[Sat Aug 22 01:05:48.149793 2026] [socache_shmcb:debug] [pid 637746:tid 637746] mod_socache_shmcb.c(545): AH00835: socache_shmcb_retrieve (0xe5 -> subcache 5)
[Sat Aug 22 01:05:48.149806 2026] [socache_shmcb:debug] [pid 637746:tid 637746] mod_socache_shmcb.c(896): AH00849: match at idx=57, data=13524
[Sat Aug 22 01:05:48.149809 2026] [socache_shmcb:debug] [pid 637746:tid 637746] mod_socache_shmcb.c(556): AH00836: leaving socache_shmcb_retrieve successfully
[Sat Aug 22 01:05:48.151294 2026] [ssl:debug] [pid 637746:tid 637746] ssl_engine_kernel.c(2082): [client 2001:288:a201::66:125:56224] AH02041: Protocol: TLSv1.2, Cipher: ECDHE-RSA-AES256-GCM-SHA384 (256/256 bits)
[Sat Aug 22 01:05:48.151406 2026] [ssl:debug] [pid 637746:tid 637746] ssl_engine_kernel.c(254): [client 2001:288:a201::66:125:56224] AH02034: Initial (No.1) HTTPS request received for child 30 (server 2blog.ilc.edu.tw:443)
[Sat Aug 22 01:05:48.151644 2026] [authz_core:debug] [pid 637746:tid 637746] mod_authz_core.c(815): [client 2001:288:a201::66:125:56224] AH01626: authorization result of Require all granted: granted
[Sat Aug 22 01:05:48.151649 2026] [authz_core:debug] [pid 637746:tid 637746] mod_authz_core.c(815): [client 2001:288:a201::66:125:56224] AH01626: authorization result of : granted
[Sat Aug 22 01:05:48.152317 2026] [authz_core:debug] [pid 637746:tid 637746] mod_authz_core.c(815): [client 2001:288:a201::66:125:56224] AH01626: authorization result of Require all granted: granted
[Sat Aug 22 01:05:48.152324 2026] [authz_core:debug] [pid 637746:tid 637746] mod_authz_core.c(815): [client 2001:288:a201::66:125:56224] AH01626: authorization result of : granted
[Sat Aug 22 01:05:48.152336 2026] [php7:error] [pid 637746:tid 637746] [client 2001:288:a201::66:125:56224] script '/var/www/html/2blog/active.php' not found or unable to stat
[Sat Aug 22 01:05:48.152348 2026] [headers:debug] [pid 637746:tid 637746] mod_headers.c(900): AH01503: headers: ap_headers_error_filter()
[Sat Aug 22 01:05:48.152471 2026] [ssl:debug] [pid 637746:tid 637746] ssl_engine_io.c(1150): [client 2001:288:a201::66:125:56224] AH02001: Connection closed to child 30 with standard shutdown (server 2blog.ilc.edu.tw:443)
[Sat Aug 22 01:05:48.196195 2026] [ssl:debug] [pid 633155:tid 633155] ssl_engine_kernel.c(254): [client 136.108.66.146:39422] AH02034: Subsequent (No.13) HTTPS request received for child 10 (server 2blog.ilc.edu.tw:443)
[Sat Aug 22 01:05:48.196385 2026] [authz_core:debug] [pid 633155:tid 633155] mod_authz_core.c(815): [client 136.108.66.146:39422] AH01626: authorization result of Require all granted: granted
[Sat Aug 22 01:05:48.196390 2026] [authz_core:debug] [pid 633155:tid 633155] mod_authz_core.c(815): [client 136.108.66.146:39422] AH01626: authorization result of : granted
[Sat Aug 22 01:05:48.196495 2026] [authz_core:debug] [pid 633155:tid 633155] mod_authz_core.c(815): [client 136.108.66.146:39422] AH01626: authorization result of Require all granted: granted
[Sat Aug 22 01:05:48.196498 2026] [authz_core:debug] [pid 633155:tid 633155] mod_authz_core.c(815): [client 136.108.66.146:39422] AH01626: authorization result of : granted
[Sat Aug 22 01:05:48.215805 2026] [ssl:debug] [pid 633143:tid 633143] ssl_engine_kernel.c(254): [client 136.108.66.146:39512] AH02034: Subsequent (No.11) HTTPS request received for child 0 (server 2blog.ilc.edu.tw:443)
[Sat Aug 22 01:05:48.216051 2026] [authz_core:debug] [pid 633143:tid 633143] mod_authz_core.c(815): [client 136.108.66.146:39512] AH01626: authorization result of Require all granted: granted
[Sat Aug 22 01:05:48.216059 2026] [authz_core:debug] [pid 633143:tid 633143] mod_authz_core.c(815): [client 136.108.66.146:39512] AH01626: authorization result of : granted
[Sat Aug 22 01:05:48.216250 2026] [authz_core:debug] [pid 633143:tid 633143] mod_authz_core.c(815): [client 136.108.66.146:39512] AH01626: authorization result of Require all granted: granted
[Sat Aug 22 01:05:48.216258 2026] [authz_core:debug] [pid 633143:tid 633143] mod_authz_core.c(815): [client 136.108.66.146:39512] AH01626: authorization result of : granted
[Sat Aug 22 01:05:48.268703 2026] [ssl:debug] [pid 637741:tid 637741] ssl_engine_kernel.c(254): [client 2408:8738:5000:5:1::7:39052] AH02034: Subsequent (No.4) HTTPS request received for child 25 (server isupport.ilc.edu.tw:443), referer: https://isupport.ilc.edu.tw/author/shinhann/
[Sat Aug 22 01:05:48.268895 2026] [authz_core:debug] [pid 637741:tid 637741] mod_authz_core.c(815): [client 2408:8738:5000:5:1::7:39052] AH01626: authorization result of Require all granted: granted, referer: https://isupport.ilc.edu.tw/author/shinhann/
[Sat Aug 22 01:05:48.268900 2026] [authz_core:debug] [pid 637741:tid 637741] mod_authz_core.c(815): [client 2408:8738:5000:5:1::7:39052] AH01626: authorization result of : granted, referer: https://isupport.ilc.edu.tw/author/shinhann/
[Sat Aug 22 01:05:48.269136 2026] [deflate:debug] [pid 637741:tid 637741] mod_deflate.c(909): [client 2408:8738:5000:5:1::7:39052] AH01384: Zlib: Compressed 3487 to 1339 : URL /wp-includes/js/admin-bar.min.js, referer: https://isupport.ilc.edu.tw/author/shinhann/
[Sat Aug 22 01:05:48.290794 2026] [headers:debug] [pid 637748:tid 637748] mod_headers.c(900): AH01503: headers: ap_headers_error_filter()
[Sat Aug 22 01:05:48.313186 2026] [ssl:debug] [pid 633150:tid 633150] ssl_engine_kernel.c(254): [client 136.108.66.146:39470] AH02034: Subsequent (No.12) HTTPS request received for child 5 (server 2blog.ilc.edu.tw:443)
[Sat Aug 22 01:05:48.313353 2026] [authz_core:debug] [pid 633150:tid 633150] mod_authz_core.c(815): [client 136.108.66.146:39470] AH01626: authorization result of Require all granted: granted
[Sat Aug 22 01:05:48.313358 2026] [authz_core:debug] [pid 633150:tid 633150] mod_authz_core.c(815): [client 136.108.66.146:39470] AH01626: authorization result of : granted
[Sat Aug 22 01:05:48.313461 2026] [authz_core:debug] [pid 633150:tid 633150] mod_authz_core.c(815): [client 136.108.66.146:39470] AH01626: authorization result of Require all granted: granted
[Sat Aug 22 01:05:48.313465 2026] [authz_core:debug] [pid 633150:tid 633150] mod_authz_core.c(815): [client 136.108.66.146:39470] AH01626: authorization result of : granted
[Sat Aug 22 01:05:48.328539 2026] [ssl:debug] [pid 634877:tid 634877] ssl_engine_kernel.c(254): [client 66.249.79.163:43153] AH02034: Subsequent (No.12) HTTPS request received for child 3 (server 2blog.ilc.edu.tw:443), referer: https://2blog.ilc.edu.tw/6550/2016/10/19/105-2-7%E6%8E%A8%E5%8B%95%E5%AD%B8%E7%94%9F%E7%92%B0%E4%BF%9D%E5%8B%9E%E4%BD%9C%E7%A4%BE%E5%9C%98/
[Sat Aug 22 01:05:48.328709 2026] [authz_core:debug] [pid 634877:tid 634877] mod_authz_core.c(815): [client 66.249.79.163:43153] AH01626: authorization result of Require all granted: granted, referer: https://2blog.ilc.edu.tw/6550/2016/10/19/105-2-7%E6%8E%A8%E5%8B%95%E5%AD%B8%E7%94%9F%E7%92%B0%E4%BF%9D%E5%8B%9E%E4%BD%9C%E7%A4%BE%E5%9C%98/
[Sat Aug 22 01:05:48.328715 2026] [authz_core:debug] [pid 634877:tid 634877] mod_authz_core.c(815): [client 66.249.79.163:43153] AH01626: authorization result of : granted, referer: https://2blog.ilc.edu.tw/6550/2016/10/19/105-2-7%E6%8E%A8%E5%8B%95%E5%AD%B8%E7%94%9F%E7%92%B0%E4%BF%9D%E5%8B%9E%E4%BD%9C%E7%A4%BE%E5%9C%98/
[Sat Aug 22 01:05:48.328859 2026] [authz_core:debug] [pid 634877:tid 634877] mod_authz_core.c(815): [client 66.249.79.163:43153] AH01626: authorization result of Require all granted: granted, referer: https://2blog.ilc.edu.tw/6550/2016/10/19/105-2-7%E6%8E%A8%E5%8B%95%E5%AD%B8%E7%94%9F%E7%92%B0%E4%BF%9D%E5%8B%9E%E4%BD%9C%E7%A4%BE%E5%9C%98/
[Sat Aug 22 01:05:48.328864 2026] [authz_core:debug] [pid 634877:tid 634877] mod_authz_core.c(815): [client 66.249.79.163:43153] AH01626: authorization result of : granted, referer: https://2blog.ilc.edu.tw/6550/2016/10/19/105-2-7%E6%8E%A8%E5%8B%95%E5%AD%B8%E7%94%9F%E7%92%B0%E4%BF%9D%E5%8B%9E%E4%BD%9C%E7%A4%BE%E5%9C%98/
[Sat Aug 22 01:05:48.329160 2026] [deflate:debug] [pid 634877:tid 634877] mod_deflate.c(909): [client 66.249.79.163:43153] AH01384: Zlib: Compressed 12402 to 3229 : URL /wp-content/themes/oceanwp/assets/js/scroll-effect.min.js, referer: https://2blog.ilc.edu.tw/6550/2016/10/19/105-2-7%E6%8E%A8%E5%8B%95%E5%AD%B8%E7%94%9F%E7%92%B0%E4%BF%9D%E5%8B%9E%E4%BD%9C%E7%A4%BE%E5%9C%98/
[Sat Aug 22 01:05:48.333027 2026] [ssl:debug] [pid 637733:tid 637733] ssl_engine_kernel.c(254): [client 136.108.66.146:39406] AH02034: Subsequent (No.13) HTTPS request received for child 16 (server 2blog.ilc.edu.tw:443)
[Sat Aug 22 01:05:48.333189 2026] [authz_core:debug] [pid 637733:tid 637733] mod_authz_core.c(815): [client 136.108.66.146:39406] AH01626: authorization result of Require all granted: granted
[Sat Aug 22 01:05:48.333194 2026] [authz_core:debug] [pid 637733:tid 637733] mod_authz_core.c(815): [client 136.108.66.146:39406] AH01626: authorization result of : granted
[Sat Aug 22 01:05:48.333289 2026] [authz_core:debug] [pid 637733:tid 637733] mod_authz_core.c(815): [client 136.108.66.146:39406] AH01626: authorization result of Require all granted: granted
[Sat Aug 22 01:05:48.333292 2026] [authz_core:debug] [pid 637733:tid 637733] mod_authz_core.c(815): [client 136.108.66.146:39406] AH01626: authorization result of : granted
[Sat Aug 22 01:05:48.338097 2026] [authz_core:debug] [pid 637747:tid 637747] mod_authz_core.c(815): [client 2400:e920:0:2:f45d:ddff:fe00:7a:53785] AH01626: authorization result of Require all granted: granted, referer: http://ilta.ilc.edu.tw
[Sat Aug 22 01:05:48.338120 2026] [authz_core:debug] [pid 637747:tid 637747] mod_authz_core.c(815): [client 2400:e920:0:2:f45d:ddff:fe00:7a:53785] AH01626: authorization result of : granted, referer: http://ilta.ilc.edu.tw
[Sat Aug 22 01:05:48.353129 2026] [ssl:debug] [pid 637729:tid 637729] ssl_engine_kernel.c(254): [client 136.108.66.146:39408] AH02034: Subsequent (No.13) HTTPS request received for child 4 (server 2blog.ilc.edu.tw:443)
[Sat Aug 22 01:05:48.353263 2026] [ssl:info] [pid 637749:tid 637749] [client 140.111.67.10:53639] AH01964: Connection to child 33 established (server 2blog.ilc.edu.tw:443)
[Sat Aug 22 01:05:48.353361 2026] [authz_core:debug] [pid 637729:tid 637729] mod_authz_core.c(815): [client 136.108.66.146:39408] AH01626: authorization result of Require all granted: granted
[Sat Aug 22 01:05:48.353367 2026] [authz_core:debug] [pid 637729:tid 637729] mod_authz_core.c(815): [client 136.108.66.146:39408] AH01626: authorization result of : granted
[Sat Aug 22 01:05:48.353475 2026] [authz_core:debug] [pid 637729:tid 637729] mod_authz_core.c(815): [client 136.108.66.146:39408] AH01626: authorization result of Require all granted: granted
[Sat Aug 22 01:05:48.353478 2026] [authz_core:debug] [pid 637729:tid 637729] mod_authz_core.c(815): [client 136.108.66.146:39408] AH01626: authorization result of : granted
[Sat Aug 22 01:05:48.353521 2026] [ssl:info] [pid 637749:tid 637749] (70014)End of file found: [client 140.111.67.10:53639] AH02006: SSL handshake stopped: connection was closed
[Sat Aug 22 01:05:48.353529 2026] [ssl:info] [pid 637749:tid 637749] [client 140.111.67.10:53639] AH01998: Connection closed to child 33 with abortive shutdown (server 2blog.ilc.edu.tw:443)
[Sat Aug 22 01:05:48.355004 2026] [ssl:debug] [pid 635617:tid 635617] ssl_engine_kernel.c(254): [client 136.108.66.146:39476] AH02034: Subsequent (No.12) HTTPS request received for child 2 (server 2blog.ilc.edu.tw:443)
[Sat Aug 22 01:05:48.355147 2026] [authz_core:debug] [pid 635617:tid 635617] mod_authz_core.c(815): [client 136.108.66.146:39476] AH01626: authorization result of Require all granted: granted
[Sat Aug 22 01:05:48.355151 2026] [authz_core:debug] [pid 635617:tid 635617] mod_authz_core.c(815): [client 136.108.66.146:39476] AH01626: authorization result of : granted
[Sat Aug 22 01:05:48.355241 2026] [authz_core:debug] [pid 635617:tid 635617] mod_authz_core.c(815): [client 136.108.66.146:39476] AH01626: authorization result of Require all granted: granted
[Sat Aug 22 01:05:48.355245 2026] [authz_core:debug] [pid 635617:tid 635617] mod_authz_core.c(815): [client 136.108.66.146:39476] AH01626: authorization result of : granted
[Sat Aug 22 01:05:48.457087 2026] [ssl:debug] [pid 637744:tid 637744] ssl_engine_kernel.c(254): [client 2408:8738:5000:5:1::7:40172] AH02034: Subsequent (No.2) HTTPS request received for child 28 (server isupport.ilc.edu.tw:443), referer: https://isupport.ilc.edu.tw/author/shinhann/
[Sat Aug 22 01:05:48.457325 2026] [authz_core:debug] [pid 637744:tid 637744] mod_authz_core.c(815): [client 2408:8738:5000:5:1::7:40172] AH01626: authorization result of Require all granted: granted, referer: https://isupport.ilc.edu.tw/author/shinhann/
[Sat Aug 22 01:05:48.457333 2026] [authz_core:debug] [pid 637744:tid 637744] mod_authz_core.c(815): [client 2408:8738:5000:5:1::7:40172] AH01626: authorization result of : granted, referer: https://isupport.ilc.edu.tw/author/shinhann/
[Sat Aug 22 01:05:48.457671 2026] [deflate:debug] [pid 637744:tid 637744] mod_deflate.c(909): [client 2408:8738:5000:5:1::7:40172] AH01384: Zlib: Compressed 5520 to 1785 : URL /wp-includes/js/imagesloaded.min.js, referer: https://isupport.ilc.edu.tw/author/shinhann/
[Sat Aug 22 01:05:48.576187 2026] [ssl:debug] [pid 633155:tid 633155] ssl_engine_kernel.c(254): [client 136.108.66.146:39422] AH02034: Subsequent (No.14) HTTPS request received for child 10 (server 2blog.ilc.edu.tw:443)
[Sat Aug 22 01:05:48.576397 2026] [authz_core:debug] [pid 633155:tid 633155] mod_authz_core.c(815): [client 136.108.66.146:39422] AH01626: authorization result of Require all granted: granted
[Sat Aug 22 01:05:48.576405 2026] [authz_core:debug] [pid 633155:tid 633155] mod_authz_core.c(815): [client 136.108.66.146:39422] AH01626: authorization result of : granted
[Sat Aug 22 01:05:48.576538 2026] [authz_core:debug] [pid 633155:tid 633155] mod_authz_core.c(815): [client 136.108.66.146:39422] AH01626: authorization result of Require all granted: granted
[Sat Aug 22 01:05:48.576543 2026] [authz_core:debug] [pid 633155:tid 633155] mod_authz_core.c(815): [client 136.108.66.146:39422] AH01626: authorization result of : granted
[Sat Aug 22 01:05:48.647601 2026] [ssl:debug] [pid 633150:tid 633150] ssl_engine_kernel.c(254): [client 136.108.66.146:39470] AH02034: Subsequent (No.13) HTTPS request received for child 5 (server 2blog.ilc.edu.tw:443)
[Sat Aug 22 01:05:48.647778 2026] [authz_core:debug] [pid 633150:tid 633150] mod_authz_core.c(815): [client 136.108.66.146:39470] AH01626: authorization result of Require all granted: granted
[Sat Aug 22 01:05:48.647783 2026] [authz_core:debug] [pid 633150:tid 633150] mod_authz_core.c(815): [client 136.108.66.146:39470] AH01626: authorization result of : granted
[Sat Aug 22 01:05:48.647891 2026] [authz_core:debug] [pid 633150:tid 633150] mod_authz_core.c(815): [client 136.108.66.146:39470] AH01626: authorization result of Require all granted: granted
[Sat Aug 22 01:05:48.647894 2026] [authz_core:debug] [pid 633150:tid 633150] mod_authz_core.c(815): [client 136.108.66.146:39470] AH01626: authorization result of : granted
[Sat Aug 22 01:05:48.665499 2026] [ssl:info] [pid 637750:tid 637750] [client 2400:e920:0:2:f45d:ddff:fe00:7a:53807] AH01964: Connection to child 34 established (server 2blog.ilc.edu.tw:443)
[Sat Aug 22 01:05:48.665824 2026] [ssl:debug] [pid 637750:tid 637750] ssl_engine_kernel.c(2222): [client 2400:e920:0:2:f45d:ddff:fe00:7a:53807] AH02043: SSL virtual host for servername ilta.ilc.edu.tw found
[Sat Aug 22 01:05:48.665922 2026] [core:debug] [pid 637750:tid 637750] protocol.c(2460): [client 2400:e920:0:2:f45d:ddff:fe00:7a:53807] AH03155: select protocol from , choices=http/1.1 for server ilta.ilc.edu.tw
[Sat Aug 22 01:05:48.677494 2026] [ssl:debug] [pid 637741:tid 637741] ssl_engine_kernel.c(254): [client 2408:8738:5000:5:1::7:39052] AH02034: Subsequent (No.5) HTTPS request received for child 25 (server isupport.ilc.edu.tw:443), referer: https://isupport.ilc.edu.tw/author/shinhann/
[Sat Aug 22 01:05:48.677674 2026] [authz_core:debug] [pid 637741:tid 637741] mod_authz_core.c(815): [client 2408:8738:5000:5:1::7:39052] AH01626: authorization result of Require all granted: granted, referer: https://isupport.ilc.edu.tw/author/shinhann/
[Sat Aug 22 01:05:48.677679 2026] [authz_core:debug] [pid 637741:tid 637741] mod_authz_core.c(815): [client 2408:8738:5000:5:1::7:39052] AH01626: authorization result of : granted, referer: https://isupport.ilc.edu.tw/author/shinhann/
[Sat Aug 22 01:05:48.678137 2026] [deflate:debug] [pid 637741:tid 637741] mod_deflate.c(909): [client 2408:8738:5000:5:1::7:39052] AH01384: Zlib: Compressed 19719 to 4232 : URL /wp-content/themes/oceanwp/assets/js/theme.min.js, referer: https://isupport.ilc.edu.tw/author/shinhann/
[Sat Aug 22 01:05:48.689847 2026] [ssl:debug] [pid 635617:tid 635617] ssl_engine_kernel.c(254): [client 136.108.66.146:39476] AH02034: Subsequent (No.13) HTTPS request received for child 2 (server 2blog.ilc.edu.tw:443)
[Sat Aug 22 01:05:48.690019 2026] [authz_core:debug] [pid 635617:tid 635617] mod_authz_core.c(815): [client 136.108.66.146:39476] AH01626: authorization result of Require all granted: granted
[Sat Aug 22 01:05:48.690023 2026] [authz_core:debug] [pid 635617:tid 635617] mod_authz_core.c(815): [client 136.108.66.146:39476] AH01626: authorization result of : granted
[Sat Aug 22 01:05:48.690126 2026] [authz_core:debug] [pid 635617:tid 635617] mod_authz_core.c(815): [client 136.108.66.146:39476] AH01626: authorization result of Require all granted: granted
[Sat Aug 22 01:05:48.690130 2026] [authz_core:debug] [pid 635617:tid 635617] mod_authz_core.c(815): [client 136.108.66.146:39476] AH01626: authorization result of : granted
[Sat Aug 22 01:05:48.699349 2026] [ssl:debug] [pid 637733:tid 637733] ssl_engine_kernel.c(254): [client 136.108.66.146:39406] AH02034: Subsequent (No.14) HTTPS request received for child 16 (server 2blog.ilc.edu.tw:443)
[Sat Aug 22 01:05:48.699524 2026] [authz_core:debug] [pid 637733:tid 637733] mod_authz_core.c(815): [client 136.108.66.146:39406] AH01626: authorization result of Require all granted: granted
[Sat Aug 22 01:05:48.699529 2026] [authz_core:debug] [pid 637733:tid 637733] mod_authz_core.c(815): [client 136.108.66.146:39406] AH01626: authorization result of : granted
[Sat Aug 22 01:05:48.699632 2026] [authz_core:debug] [pid 637733:tid 637733] mod_authz_core.c(815): [client 136.108.66.146:39406] AH01626: authorization result of Require all granted: granted
[Sat Aug 22 01:05:48.699635 2026] [authz_core:debug] [pid 637733:tid 637733] mod_authz_core.c(815): [client 136.108.66.146:39406] AH01626: authorization result of : granted
[Sat Aug 22 01:05:48.701508 2026] [ssl:debug] [pid 637729:tid 637729] ssl_engine_kernel.c(254): [client 136.108.66.146:39408] AH02034: Subsequent (No.14) HTTPS request received for child 4 (server 2blog.ilc.edu.tw:443)
[Sat Aug 22 01:05:48.701714 2026] [authz_core:debug] [pid 637729:tid 637729] mod_authz_core.c(815): [client 136.108.66.146:39408] AH01626: authorization result of Require all granted: granted
[Sat Aug 22 01:05:48.701725 2026] [authz_core:debug] [pid 637729:tid 637729] mod_authz_core.c(815): [client 136.108.66.146:39408] AH01626: authorization result of : granted
[Sat Aug 22 01:05:48.701896 2026] [authz_core:debug] [pid 637729:tid 637729] mod_authz_core.c(815): [client 136.108.66.146:39408] AH01626: authorization result of Require all granted: granted
[Sat Aug 22 01:05:48.701903 2026] [authz_core:debug] [pid 637729:tid 637729] mod_authz_core.c(815): [client 136.108.66.146:39408] AH01626: authorization result of : granted
[Sat Aug 22 01:05:48.729928 2026] [ssl:debug] [pid 633143:tid 633143] ssl_engine_kernel.c(254): [client 136.108.66.146:39512] AH02034: Subsequent (No.12) HTTPS request received for child 0 (server 2blog.ilc.edu.tw:443)
[Sat Aug 22 01:05:48.730093 2026] [authz_core:debug] [pid 633143:tid 633143] mod_authz_core.c(815): [client 136.108.66.146:39512] AH01626: authorization result of Require all granted: granted
[Sat Aug 22 01:05:48.730098 2026] [authz_core:debug] [pid 633143:tid 633143] mod_authz_core.c(815): [client 136.108.66.146:39512] AH01626: authorization result of : granted
[Sat Aug 22 01:05:48.730212 2026] [authz_core:debug] [pid 633143:tid 633143] mod_authz_core.c(815): [client 136.108.66.146:39512] AH01626: authorization result of Require all granted: granted
[Sat Aug 22 01:05:48.730217 2026] [authz_core:debug] [pid 633143:tid 633143] mod_authz_core.c(815): [client 136.108.66.146:39512] AH01626: authorization result of : granted
[Sat Aug 22 01:05:48.775378 2026] [ssl:debug] [pid 637750:tid 637750] ssl_engine_kernel.c(2082): [client 2400:e920:0:2:f45d:ddff:fe00:7a:53807] AH02041: Protocol: TLSv1.3, Cipher: TLS_AES_256_GCM_SHA384 (256/256 bits)
[Sat Aug 22 01:05:48.775442 2026] [socache_shmcb:debug] [pid 637750:tid 637750] mod_socache_shmcb.c(508): AH00831: socache_shmcb_store (0x9b -> subcache 27)
[Sat Aug 22 01:05:48.775453 2026] [socache_shmcb:debug] [pid 637750:tid 637750] mod_socache_shmcb.c(860): AH00847: insert happened at idx=40, data=(9708:9740)
[Sat Aug 22 01:05:48.775455 2026] [socache_shmcb:debug] [pid 637750:tid 637750] mod_socache_shmcb.c(863): AH00848: finished insert, subcache: idx_pos/idx_used=87/42, data_pos/data_used=644/9288
[Sat Aug 22 01:05:48.775458 2026] [socache_shmcb:debug] [pid 637750:tid 637750] mod_socache_shmcb.c(530): AH00834: leaving socache_shmcb_store successfully
[Sat Aug 22 01:05:48.775507 2026] [socache_shmcb:debug] [pid 637750:tid 637750] mod_socache_shmcb.c(508): AH00831: socache_shmcb_store (0xc1 -> subcache 1)
[Sat Aug 22 01:05:48.775512 2026] [socache_shmcb:debug] [pid 637750:tid 637750] mod_socache_shmcb.c(745): AH00842: expiring 1 and reclaiming 0 removed socache entries
[Sat Aug 22 01:05:48.775514 2026] [socache_shmcb:debug] [pid 637750:tid 637750] mod_socache_shmcb.c(765): AH00843: we now have 45 socache entries
[Sat Aug 22 01:05:48.775516 2026] [socache_shmcb:debug] [pid 637750:tid 637750] mod_socache_shmcb.c(860): AH00847: insert happened at idx=26, data=(6510:6542)
[Sat Aug 22 01:05:48.775518 2026] [socache_shmcb:debug] [pid 637750:tid 637750] mod_socache_shmcb.c(863): AH00848: finished insert, subcache: idx_pos/idx_used=69/46, data_pos/data_used=10363/10236
[Sat Aug 22 01:05:48.775520 2026] [socache_shmcb:debug] [pid 637750:tid 637750] mod_socache_shmcb.c(530): AH00834: leaving socache_shmcb_store successfully
[Sat Aug 22 01:05:48.776070 2026] [ssl:debug] [pid 637750:tid 637750] ssl_engine_kernel.c(254): [client 2400:e920:0:2:f45d:ddff:fe00:7a:53807] AH02034: Initial (No.1) HTTPS request received for child 34 (server ilta.ilc.edu.tw:443), referer: http://ilta.ilc.edu.tw
[Sat Aug 22 01:05:48.776318 2026] [authz_core:debug] [pid 637750:tid 637750] mod_authz_core.c(815): [client 2400:e920:0:2:f45d:ddff:fe00:7a:53807] AH01626: authorization result of Require all granted: granted, referer: http://ilta.ilc.edu.tw
[Sat Aug 22 01:05:48.776324 2026] [authz_core:debug] [pid 637750:tid 637750] mod_authz_core.c(815): [client 2400:e920:0:2:f45d:ddff:fe00:7a:53807] AH01626: authorization result of : granted, referer: http://ilta.ilc.edu.tw
[Sat Aug 22 01:05:48.868342 2026] [ssl:debug] [pid 637744:tid 637744] ssl_engine_kernel.c(254): [client 2408:8738:5000:5:1::7:40172] AH02034: Subsequent (No.3) HTTPS request received for child 28 (server isupport.ilc.edu.tw:443), referer: https://isupport.ilc.edu.tw/author/shinhann/
[Sat Aug 22 01:05:48.868528 2026] [authz_core:debug] [pid 637744:tid 637744] mod_authz_core.c(815): [client 2408:8738:5000:5:1::7:40172] AH01626: authorization result of Require all granted: granted, referer: https://isupport.ilc.edu.tw/author/shinhann/
[Sat Aug 22 01:05:48.868533 2026] [authz_core:debug] [pid 637744:tid 637744] mod_authz_core.c(815): [client 2408:8738:5000:5:1::7:40172] AH01626: authorization result of : granted, referer: https://isupport.ilc.edu.tw/author/shinhann/
[Sat Aug 22 01:05:48.868875 2026] [deflate:debug] [pid 637744:tid 637744] mod_deflate.c(909): [client 2408:8738:5000:5:1::7:40172] AH01384: Zlib: Compressed 9309 to 3204 : URL /wp-content/themes/oceanwp/assets/js/vendors/sidr.js, referer: https://isupport.ilc.edu.tw/author/shinhann/
[Sat Aug 22 01:05:48.873775 2026] [deflate:debug] [pid 637750:tid 637750] mod_deflate.c(909): [client 2400:e920:0:2:f45d:ddff:fe00:7a:53807] AH01384: Zlib: Compressed 13605 to 5007 : URL /wp-login.php, referer: http://ilta.ilc.edu.tw
[Sat Aug 22 01:05:48.927397 2026] [authz_core:debug] [pid 637738:tid 637738] mod_authz_core.c(815): [client 52.54.15.103:15289] AH01626: authorization result of Require all granted: granted
[Sat Aug 22 01:05:48.927426 2026] [authz_core:debug] [pid 637738:tid 637738] mod_authz_core.c(815): [client 52.54.15.103:15289] AH01626: authorization result of : granted
[Sat Aug 22 01:05:48.927610 2026] [authz_core:debug] [pid 637738:tid 637738] mod_authz_core.c(815): [client 52.54.15.103:15289] AH01626: authorization result of Require all granted: granted
[Sat Aug 22 01:05:48.927614 2026] [authz_core:debug] [pid 637738:tid 637738] mod_authz_core.c(815): [client 52.54.15.103:15289] AH01626: authorization result of : granted
[Sat Aug 22 01:05:48.928299 2026] [deflate:debug] [pid 637738:tid 637738] mod_deflate.c(909): [client 52.54.15.103:15289] AH01384: Zlib: Compressed 800 to 384 : URL /wp-content/uploads/sites/1245/2021/07/
[Sat Aug 22 01:05:48.942321 2026] [ssl:debug] [pid 633155:tid 633155] ssl_engine_kernel.c(254): [client 136.108.66.146:39422] AH02034: Subsequent (No.15) HTTPS request received for child 10 (server 2blog.ilc.edu.tw:443)
[Sat Aug 22 01:05:48.942507 2026] [authz_core:debug] [pid 633155:tid 633155] mod_authz_core.c(815): [client 136.108.66.146:39422] AH01626: authorization result of Require all granted: granted
[Sat Aug 22 01:05:48.942512 2026] [authz_core:debug] [pid 633155:tid 633155] mod_authz_core.c(815): [client 136.108.66.146:39422] AH01626: authorization result of : granted
[Sat Aug 22 01:05:48.942616 2026] [authz_core:debug] [pid 633155:tid 633155] mod_authz_core.c(815): [client 136.108.66.146:39422] AH01626: authorization result of Require all granted: granted
[Sat Aug 22 01:05:48.942619 2026] [authz_core:debug] [pid 633155:tid 633155] mod_authz_core.c(815): [client 136.108.66.146:39422] AH01626: authorization result of : granted
[Sat Aug 22 01:05:49.020421 2026] [ssl:debug] [pid 633150:tid 633150] ssl_engine_kernel.c(254): [client 136.108.66.146:39470] AH02034: Subsequent (No.14) HTTPS request received for child 5 (server 2blog.ilc.edu.tw:443)
[Sat Aug 22 01:05:49.020595 2026] [authz_core:debug] [pid 633150:tid 633150] mod_authz_core.c(815): [client 136.108.66.146:39470] AH01626: authorization result of Require all granted: granted
[Sat Aug 22 01:05:49.020600 2026] [authz_core:debug] [pid 633150:tid 633150] mod_authz_core.c(815): [client 136.108.66.146:39470] AH01626: authorization result of : granted
[Sat Aug 22 01:05:49.020699 2026] [authz_core:debug] [pid 633150:tid 633150] mod_authz_core.c(815): [client 136.108.66.146:39470] AH01626: authorization result of Require all granted: granted
[Sat Aug 22 01:05:49.020703 2026] [authz_core:debug] [pid 633150:tid 633150] mod_authz_core.c(815): [client 136.108.66.146:39470] AH01626: authorization result of : granted
[Sat Aug 22 01:05:49.041713 2026] [ssl:debug] [pid 635617:tid 635617] ssl_engine_kernel.c(254): [client 136.108.66.146:39476] AH02034: Subsequent (No.14) HTTPS request received for child 2 (server 2blog.ilc.edu.tw:443)
[Sat Aug 22 01:05:49.041882 2026] [authz_core:debug] [pid 635617:tid 635617] mod_authz_core.c(815): [client 136.108.66.146:39476] AH01626: authorization result of Require all granted: granted
[Sat Aug 22 01:05:49.041886 2026] [authz_core:debug] [pid 635617:tid 635617] mod_authz_core.c(815): [client 136.108.66.146:39476] AH01626: authorization result of : granted
[Sat Aug 22 01:05:49.041986 2026] [authz_core:debug] [pid 635617:tid 635617] mod_authz_core.c(815): [client 136.108.66.146:39476] AH01626: authorization result of Require all granted: granted
[Sat Aug 22 01:05:49.041989 2026] [authz_core:debug] [pid 635617:tid 635617] mod_authz_core.c(815): [client 136.108.66.146:39476] AH01626: authorization result of : granted
[Sat Aug 22 01:05:49.061574 2026] [ssl:debug] [pid 633143:tid 633143] ssl_engine_kernel.c(254): [client 136.108.66.146:39512] AH02034: Subsequent (No.13) HTTPS request received for child 0 (server 2blog.ilc.edu.tw:443)
[Sat Aug 22 01:05:49.061745 2026] [authz_core:debug] [pid 633143:tid 633143] mod_authz_core.c(815): [client 136.108.66.146:39512] AH01626: authorization result of Require all granted: granted
[Sat Aug 22 01:05:49.061750 2026] [authz_core:debug] [pid 633143:tid 633143] mod_authz_core.c(815): [client 136.108.66.146:39512] AH01626: authorization result of : granted
[Sat Aug 22 01:05:49.061851 2026] [authz_core:debug] [pid 633143:tid 633143] mod_authz_core.c(815): [client 136.108.66.146:39512] AH01626: authorization result of Require all granted: granted
[Sat Aug 22 01:05:49.061855 2026] [authz_core:debug] [pid 633143:tid 633143] mod_authz_core.c(815): [client 136.108.66.146:39512] AH01626: authorization result of : granted
[Sat Aug 22 01:05:49.074202 2026] [ssl:debug] [pid 637729:tid 637729] ssl_engine_kernel.c(254): [client 136.108.66.146:39408] AH02034: Subsequent (No.15) HTTPS request received for child 4 (server 2blog.ilc.edu.tw:443)
[Sat Aug 22 01:05:49.074204 2026] [ssl:debug] [pid 637733:tid 637733] ssl_engine_kernel.c(254): [client 136.108.66.146:39406] AH02034: Subsequent (No.15) HTTPS request received for child 16 (server 2blog.ilc.edu.tw:443)
[Sat Aug 22 01:05:49.074410 2026] [authz_core:debug] [pid 637729:tid 637729] mod_authz_core.c(815): [client 136.108.66.146:39408] AH01626: authorization result of Require all granted: granted
[Sat Aug 22 01:05:49.074419 2026] [authz_core:debug] [pid 637729:tid 637729] mod_authz_core.c(815): [client 136.108.66.146:39408] AH01626: authorization result of : granted
[Sat Aug 22 01:05:49.074426 2026] [authz_core:debug] [pid 637733:tid 637733] mod_authz_core.c(815): [client 136.108.66.146:39406] AH01626: authorization result of Require all granted: granted
[Sat Aug 22 01:05:49.074435 2026] [authz_core:debug] [pid 637733:tid 637733] mod_authz_core.c(815): [client 136.108.66.146:39406] AH01626: authorization result of : granted
[Sat Aug 22 01:05:49.074575 2026] [authz_core:debug] [pid 637733:tid 637733] mod_authz_core.c(815): [client 136.108.66.146:39406] AH01626: authorization result of Require all granted: granted
[Sat Aug 22 01:05:49.074576 2026] [authz_core:debug] [pid 637729:tid 637729] mod_authz_core.c(815): [client 136.108.66.146:39408] AH01626: authorization result of Require all granted: granted
[Sat Aug 22 01:05:49.074583 2026] [authz_core:debug] [pid 637733:tid 637733] mod_authz_core.c(815): [client 136.108.66.146:39406] AH01626: authorization result of : granted
[Sat Aug 22 01:05:49.074588 2026] [authz_core:debug] [pid 637729:tid 637729] mod_authz_core.c(815): [client 136.108.66.146:39408] AH01626: authorization result of : granted
[Sat Aug 22 01:05:49.088946 2026] [authz_core:debug] [pid 637731:tid 637731] mod_authz_core.c(815): [client 2400:e920:0:2:f45d:ddff:fe00:7a:53850] AH01626: authorization result of Require all granted: granted, referer: http://ilta.ilc.edu.tw
[Sat Aug 22 01:05:49.089000 2026] [authz_core:debug] [pid 637731:tid 637731] mod_authz_core.c(815): [client 2400:e920:0:2:f45d:ddff:fe00:7a:53850] AH01626: authorization result of : granted, referer: http://ilta.ilc.edu.tw
[Sat Aug 22 01:05:49.149057 2026] [ssl:debug] [pid 637734:tid 637734] ssl_engine_io.c(1150): [client 136.108.66.146:39452] AH02001: Connection closed to child 18 with standard shutdown (server 2blog.ilc.edu.tw:443)
[Sat Aug 22 01:05:49.153044 2026] [ssl:debug] [pid 637732:tid 637732] ssl_engine_io.c(1150): [client 136.108.66.146:39432] AH02001: Connection closed to child 15 with standard shutdown (server 2blog.ilc.edu.tw:443)
[Sat Aug 22 01:05:49.188358 2026] [ssl:debug] [pid 637741:tid 637741] ssl_engine_kernel.c(254): [client 2408:8738:5000:5:1::7:39052] AH02034: Subsequent (No.6) HTTPS request received for child 25 (server isupport.ilc.edu.tw:443), referer: https://isupport.ilc.edu.tw/author/shinhann/
[Sat Aug 22 01:05:49.188633 2026] [authz_core:debug] [pid 637741:tid 637741] mod_authz_core.c(815): [client 2408:8738:5000:5:1::7:39052] AH01626: authorization result of Require all granted: granted, referer: https://isupport.ilc.edu.tw/author/shinhann/
[Sat Aug 22 01:05:49.188642 2026] [authz_core:debug] [pid 637741:tid 637741] mod_authz_core.c(815): [client 2408:8738:5000:5:1::7:39052] AH01626: authorization result of : granted, referer: https://isupport.ilc.edu.tw/author/shinhann/
[Sat Aug 22 01:05:49.189183 2026] [deflate:debug] [pid 637741:tid 637741] mod_deflate.c(909): [client 2408:8738:5000:5:1::7:39052] AH01384: Zlib: Compressed 15843 to 3833 : URL /wp-content/themes/oceanwp/assets/js/sidebar-mobile-menu.min.js, referer: https://isupport.ilc.edu.tw/author/shinhann/
[Sat Aug 22 01:05:49.238650 2026] [ssl:debug] [pid 633023:tid 633023] ssl_engine_io.c(1150): [client 136.108.66.146:39400] AH02001: Connection closed to child 22 with standard shutdown (server 2blog.ilc.edu.tw:443)
[Sat Aug 22 01:05:49.238817 2026] [ssl:debug] [pid 637728:tid 637728] ssl_engine_io.c(1150): [client 136.108.66.146:39434] AH02001: Connection closed to child 1 with standard shutdown (server 2blog.ilc.edu.tw:443)
[Sat Aug 22 01:05:49.260655 2026] [ssl:debug] [pid 637744:tid 637744] ssl_engine_kernel.c(254): [client 2408:8738:5000:5:1::7:40172] AH02034: Subsequent (No.4) HTTPS request received for child 28 (server isupport.ilc.edu.tw:443), referer: https://isupport.ilc.edu.tw/wp-content/cache/isupport.ilc.edu.tw/wpfc-minified/8jq1rsi9/ks8w.css
[Sat Aug 22 01:05:49.260936 2026] [authz_core:debug] [pid 637744:tid 637744] mod_authz_core.c(815): [client 2408:8738:5000:5:1::7:40172] AH01626: authorization result of Require all granted: granted, referer: https://isupport.ilc.edu.tw/wp-content/cache/isupport.ilc.edu.tw/wpfc-minified/8jq1rsi9/ks8w.css
[Sat Aug 22 01:05:49.260945 2026] [authz_core:debug] [pid 637744:tid 637744] mod_authz_core.c(815): [client 2408:8738:5000:5:1::7:40172] AH01626: authorization result of : granted, referer: https://isupport.ilc.edu.tw/wp-content/cache/isupport.ilc.edu.tw/wpfc-minified/8jq1rsi9/ks8w.css
[Sat Aug 22 01:05:49.288455 2026] [ssl:debug] [pid 637203:tid 637203] ssl_engine_io.c(1150): [client 136.108.66.146:39454] AH02001: Connection closed to child 13 with standard shutdown (server 2blog.ilc.edu.tw:443)
[Sat Aug 22 01:05:49.389036 2026] [ssl:debug] [pid 633155:tid 633155] ssl_engine_kernel.c(254): [client 136.108.66.146:39422] AH02034: Subsequent (No.16) HTTPS request received for child 10 (server 2blog.ilc.edu.tw:443)
[Sat Aug 22 01:05:49.389309 2026] [authz_core:debug] [pid 633155:tid 633155] mod_authz_core.c(815): [client 136.108.66.146:39422] AH01626: authorization result of Require all granted: granted
[Sat Aug 22 01:05:49.389317 2026] [authz_core:debug] [pid 633155:tid 633155] mod_authz_core.c(815): [client 136.108.66.146:39422] AH01626: authorization result of : granted
[Sat Aug 22 01:05:49.389477 2026] [authz_core:debug] [pid 633155:tid 633155] mod_authz_core.c(815): [client 136.108.66.146:39422] AH01626: authorization result of Require all granted: granted
[Sat Aug 22 01:05:49.389492 2026] [authz_core:debug] [pid 633155:tid 633155] mod_authz_core.c(815): [client 136.108.66.146:39422] AH01626: authorization result of : granted
[Sat Aug 22 01:05:49.392878 2026] [ssl:debug] [pid 633143:tid 633143] ssl_engine_kernel.c(254): [client 136.108.66.146:39512] AH02034: Subsequent (No.14) HTTPS request received for child 0 (server 2blog.ilc.edu.tw:443)
[Sat Aug 22 01:05:49.393105 2026] [authz_core:debug] [pid 633143:tid 633143] mod_authz_core.c(815): [client 136.108.66.146:39512] AH01626: authorization result of Require all granted: granted
[Sat Aug 22 01:05:49.393111 2026] [authz_core:debug] [pid 633143:tid 633143] mod_authz_core.c(815): [client 136.108.66.146:39512] AH01626: authorization result of : granted
[Sat Aug 22 01:05:49.393410 2026] [authz_core:debug] [pid 633143:tid 633143] mod_authz_core.c(815): [client 136.108.66.146:39512] AH01626: authorization result of Require all granted: granted
[Sat Aug 22 01:05:49.393420 2026] [authz_core:debug] [pid 633143:tid 633143] mod_authz_core.c(815): [client 136.108.66.146:39512] AH01626: authorization result of : granted
[Sat Aug 22 01:05:49.440476 2026] [ssl:debug] [pid 637733:tid 637733] ssl_engine_kernel.c(254): [client 136.108.66.146:39406] AH02034: Subsequent (No.16) HTTPS request received for child 16 (server 2blog.ilc.edu.tw:443)
[Sat Aug 22 01:05:49.440644 2026] [authz_core:debug] [pid 637733:tid 637733] mod_authz_core.c(815): [client 136.108.66.146:39406] AH01626: authorization result of Require all granted: granted
[Sat Aug 22 01:05:49.440648 2026] [authz_core:debug] [pid 637733:tid 637733] mod_authz_core.c(815): [client 136.108.66.146:39406] AH01626: authorization result of : granted
[Sat Aug 22 01:05:49.440754 2026] [authz_core:debug] [pid 637733:tid 637733] mod_authz_core.c(815): [client 136.108.66.146:39406] AH01626: authorization result of Require all granted: granted
[Sat Aug 22 01:05:49.440757 2026] [authz_core:debug] [pid 637733:tid 637733] mod_authz_core.c(815): [client 136.108.66.146:39406] AH01626: authorization result of : granted
[Sat Aug 22 01:05:49.441078 2026] [ssl:debug] [pid 637729:tid 637729] ssl_engine_kernel.c(254): [client 136.108.66.146:39408] AH02034: Subsequent (No.16) HTTPS request received for child 4 (server 2blog.ilc.edu.tw:443)
[Sat Aug 22 01:05:49.441224 2026] [authz_core:debug] [pid 637729:tid 637729] mod_authz_core.c(815): [client 136.108.66.146:39408] AH01626: authorization result of Require all granted: granted
[Sat Aug 22 01:05:49.441238 2026] [authz_core:debug] [pid 637729:tid 637729] mod_authz_core.c(815): [client 136.108.66.146:39408] AH01626: authorization result of : granted
[Sat Aug 22 01:05:49.441337 2026] [authz_core:debug] [pid 637729:tid 637729] mod_authz_core.c(815): [client 136.108.66.146:39408] AH01626: authorization result of Require all granted: granted
[Sat Aug 22 01:05:49.441342 2026] [authz_core:debug] [pid 637729:tid 637729] mod_authz_core.c(815): [client 136.108.66.146:39408] AH01626: authorization result of : granted
[Sat Aug 22 01:05:49.445041 2026] [ssl:debug] [pid 633018:tid 633018] ssl_engine_io.c(1150): [client 136.108.66.146:39480] AH02001: Connection closed to child 17 with standard shutdown (server 2blog.ilc.edu.tw:443)
[Sat Aug 22 01:05:49.455753 2026] [ssl:info] [pid 637745:tid 637745] [client 2400:e920:0:2:f45d:ddff:fe00:7a:53882] AH01964: Connection to child 29 established (server 2blog.ilc.edu.tw:443)
[Sat Aug 22 01:05:49.456105 2026] [ssl:debug] [pid 637745:tid 637745] ssl_engine_kernel.c(2222): [client 2400:e920:0:2:f45d:ddff:fe00:7a:53882] AH02043: SSL virtual host for servername ilta.ilc.edu.tw found
[Sat Aug 22 01:05:49.456208 2026] [core:debug] [pid 637745:tid 637745] protocol.c(2460): [client 2400:e920:0:2:f45d:ddff:fe00:7a:53882] AH03155: select protocol from , choices=http/1.1 for server ilta.ilc.edu.tw
[Sat Aug 22 01:05:49.477263 2026] [ssl:debug] [pid 635617:tid 635617] ssl_engine_kernel.c(254): [client 136.108.66.146:39476] AH02034: Subsequent (No.15) HTTPS request received for child 2 (server 2blog.ilc.edu.tw:443)
