[Sat Aug 22 01:05:49.477497 2026] [authz_core:debug] [pid 635617:tid 635617] mod_authz_core.c(815): [client 136.108.66.146:39476] AH01626: authorization result of Require all granted: granted
[Sat Aug 22 01:05:49.477564 2026] [authz_core:debug] [pid 635617:tid 635617] mod_authz_core.c(815): [client 136.108.66.146:39476] AH01626: authorization result of : granted
[Sat Aug 22 01:05:49.477711 2026] [authz_core:debug] [pid 635617:tid 635617] mod_authz_core.c(815): [client 136.108.66.146:39476] AH01626: authorization result of Require all granted: granted
[Sat Aug 22 01:05:49.477716 2026] [authz_core:debug] [pid 635617:tid 635617] mod_authz_core.c(815): [client 136.108.66.146:39476] AH01626: authorization result of : granted
[Sat Aug 22 01:05:49.485209 2026] [ssl:debug] [pid 633150:tid 633150] ssl_engine_kernel.c(254): [client 136.108.66.146:39470] AH02034: Subsequent (No.15) HTTPS request received for child 5 (server 2blog.ilc.edu.tw:443)
[Sat Aug 22 01:05:49.485379 2026] [authz_core:debug] [pid 633150:tid 633150] mod_authz_core.c(815): [client 136.108.66.146:39470] AH01626: authorization result of Require all granted: granted
[Sat Aug 22 01:05:49.485384 2026] [authz_core:debug] [pid 633150:tid 633150] mod_authz_core.c(815): [client 136.108.66.146:39470] AH01626: authorization result of : granted
[Sat Aug 22 01:05:49.485489 2026] [authz_core:debug] [pid 633150:tid 633150] mod_authz_core.c(815): [client 136.108.66.146:39470] AH01626: authorization result of Require all granted: granted
[Sat Aug 22 01:05:49.485493 2026] [authz_core:debug] [pid 633150:tid 633150] mod_authz_core.c(815): [client 136.108.66.146:39470] AH01626: authorization result of : granted
[Sat Aug 22 01:05:49.558797 2026] [ssl:debug] [pid 637745:tid 637745] ssl_engine_kernel.c(2082): [client 2400:e920:0:2:f45d:ddff:fe00:7a:53882] AH02041: Protocol: TLSv1.3, Cipher: TLS_AES_256_GCM_SHA384 (256/256 bits)
[Sat Aug 22 01:05:49.558863 2026] [socache_shmcb:debug] [pid 637745:tid 637745] mod_socache_shmcb.c(508): AH00831: socache_shmcb_store (0x66 -> subcache 6)
[Sat Aug 22 01:05:49.558875 2026] [socache_shmcb:debug] [pid 637745:tid 637745] mod_socache_shmcb.c(745): AH00842: expiring 3 and reclaiming 0 removed socache entries
[Sat Aug 22 01:05:49.558877 2026] [socache_shmcb:debug] [pid 637745:tid 637745] mod_socache_shmcb.c(765): AH00843: we now have 30 socache entries
[Sat Aug 22 01:05:49.558879 2026] [socache_shmcb:debug] [pid 637745:tid 637745] mod_socache_shmcb.c(860): AH00847: insert happened at idx=13, data=(3641:3673)
[Sat Aug 22 01:05:49.558881 2026] [socache_shmcb:debug] [pid 637745:tid 637745] mod_socache_shmcb.c(863): AH00848: finished insert, subcache: idx_pos/idx_used=71/31, data_pos/data_used=10790/6940
[Sat Aug 22 01:05:49.558883 2026] [socache_shmcb:debug] [pid 637745:tid 637745] mod_socache_shmcb.c(530): AH00834: leaving socache_shmcb_store successfully
[Sat Aug 22 01:05:49.558934 2026] [socache_shmcb:debug] [pid 637745:tid 637745] mod_socache_shmcb.c(508): AH00831: socache_shmcb_store (0xeb -> subcache 11)
[Sat Aug 22 01:05:49.558942 2026] [socache_shmcb:debug] [pid 637745:tid 637745] mod_socache_shmcb.c(860): AH00847: insert happened at idx=70, data=(2505:2537)
[Sat Aug 22 01:05:49.558944 2026] [socache_shmcb:debug] [pid 637745:tid 637745] mod_socache_shmcb.c(863): AH00848: finished insert, subcache: idx_pos/idx_used=38/33, data_pos/data_used=9222/7371
[Sat Aug 22 01:05:49.558945 2026] [socache_shmcb:debug] [pid 637745:tid 637745] mod_socache_shmcb.c(530): AH00834: leaving socache_shmcb_store successfully
[Sat Aug 22 01:05:49.559300 2026] [ssl:debug] [pid 637745:tid 637745] ssl_engine_kernel.c(254): [client 2400:e920:0:2:f45d:ddff:fe00:7a:53882] AH02034: Initial (No.1) HTTPS request received for child 29 (server ilta.ilc.edu.tw:443), referer: http://ilta.ilc.edu.tw
[Sat Aug 22 01:05:49.559535 2026] [authz_core:debug] [pid 637745:tid 637745] mod_authz_core.c(815): [client 2400:e920:0:2:f45d:ddff:fe00:7a:53882] AH01626: authorization result of Require all granted: granted, referer: http://ilta.ilc.edu.tw
[Sat Aug 22 01:05:49.559540 2026] [authz_core:debug] [pid 637745:tid 637745] mod_authz_core.c(815): [client 2400:e920:0:2:f45d:ddff:fe00:7a:53882] AH01626: authorization result of : granted, referer: http://ilta.ilc.edu.tw
[Sat Aug 22 01:05:49.573678 2026] [ssl:debug] [pid 637741:tid 637741] ssl_engine_kernel.c(254): [client 2408:8738:5000:5:1::7:39052] AH02034: Subsequent (No.7) HTTPS request received for child 25 (server isupport.ilc.edu.tw:443), referer: https://isupport.ilc.edu.tw/wp-content/cache/isupport.ilc.edu.tw/wpfc-minified/8jq1rsi9/ks8w.css
[Sat Aug 22 01:05:49.573853 2026] [authz_core:debug] [pid 637741:tid 637741] mod_authz_core.c(815): [client 2408:8738:5000:5:1::7:39052] AH01626: authorization result of Require all granted: granted, referer: https://isupport.ilc.edu.tw/wp-content/cache/isupport.ilc.edu.tw/wpfc-minified/8jq1rsi9/ks8w.css
[Sat Aug 22 01:05:49.573858 2026] [authz_core:debug] [pid 637741:tid 637741] mod_authz_core.c(815): [client 2408:8738:5000:5:1::7:39052] AH01626: authorization result of : granted, referer: https://isupport.ilc.edu.tw/wp-content/cache/isupport.ilc.edu.tw/wpfc-minified/8jq1rsi9/ks8w.css
[Sat Aug 22 01:05:49.659601 2026] [deflate:debug] [pid 637745:tid 637745] mod_deflate.c(909): [client 2400:e920:0:2:f45d:ddff:fe00:7a:53882] AH01384: Zlib: Compressed 13605 to 5008 : URL /wp-login.php, referer: http://ilta.ilc.edu.tw
[Sat Aug 22 01:05:49.750091 2026] [ssl:debug] [pid 633155:tid 633155] ssl_engine_kernel.c(254): [client 136.108.66.146:39422] AH02034: Subsequent (No.17) HTTPS request received for child 10 (server 2blog.ilc.edu.tw:443)
[Sat Aug 22 01:05:49.750274 2026] [authz_core:debug] [pid 633155:tid 633155] mod_authz_core.c(815): [client 136.108.66.146:39422] AH01626: authorization result of Require all granted: granted
[Sat Aug 22 01:05:49.750278 2026] [authz_core:debug] [pid 633155:tid 633155] mod_authz_core.c(815): [client 136.108.66.146:39422] AH01626: authorization result of : granted
[Sat Aug 22 01:05:49.750381 2026] [authz_core:debug] [pid 633155:tid 633155] mod_authz_core.c(815): [client 136.108.66.146:39422] AH01626: authorization result of Require all granted: granted
[Sat Aug 22 01:05:49.750385 2026] [authz_core:debug] [pid 633155:tid 633155] mod_authz_core.c(815): [client 136.108.66.146:39422] AH01626: authorization result of : granted
[Sat Aug 22 01:05:49.760427 2026] [ssl:info] [pid 637745:tid 637745] (70014)End of file found: [client 2400:e920:0:2:f45d:ddff:fe00:7a:53882] AH01992: SSL library error 6 reading data
[Sat Aug 22 01:05:49.760502 2026] [ssl:debug] [pid 637745:tid 637745] ssl_engine_io.c(1150): [client 2400:e920:0:2:f45d:ddff:fe00:7a:53882] AH02001: Connection closed to child 29 with standard shutdown (server ilta.ilc.edu.tw:443)
[Sat Aug 22 01:05:49.766208 2026] [ssl:info] [pid 637750:tid 637750] (70014)End of file found: [client 2400:e920:0:2:f45d:ddff:fe00:7a:53807] AH01992: SSL library error 6 reading data
[Sat Aug 22 01:05:49.766269 2026] [ssl:debug] [pid 637750:tid 637750] ssl_engine_io.c(1150): [client 2400:e920:0:2:f45d:ddff:fe00:7a:53807] AH02001: Connection closed to child 34 with standard shutdown (server ilta.ilc.edu.tw:443)
[Sat Aug 22 01:05:49.786987 2026] [ssl:debug] [pid 637733:tid 637733] ssl_engine_kernel.c(254): [client 136.108.66.146:39406] AH02034: Subsequent (No.17) HTTPS request received for child 16 (server 2blog.ilc.edu.tw:443)
[Sat Aug 22 01:05:49.787154 2026] [authz_core:debug] [pid 637733:tid 637733] mod_authz_core.c(815): [client 136.108.66.146:39406] AH01626: authorization result of Require all granted: granted
[Sat Aug 22 01:05:49.787158 2026] [authz_core:debug] [pid 637733:tid 637733] mod_authz_core.c(815): [client 136.108.66.146:39406] AH01626: authorization result of : granted
[Sat Aug 22 01:05:49.787265 2026] [authz_core:debug] [pid 637733:tid 637733] mod_authz_core.c(815): [client 136.108.66.146:39406] AH01626: authorization result of Require all granted: granted
[Sat Aug 22 01:05:49.787278 2026] [authz_core:debug] [pid 637733:tid 637733] mod_authz_core.c(815): [client 136.108.66.146:39406] AH01626: authorization result of : granted
[Sat Aug 22 01:05:49.808572 2026] [ssl:debug] [pid 635617:tid 635617] ssl_engine_kernel.c(254): [client 136.108.66.146:39476] AH02034: Subsequent (No.16) HTTPS request received for child 2 (server 2blog.ilc.edu.tw:443)
[Sat Aug 22 01:05:49.808923 2026] [authz_core:debug] [pid 635617:tid 635617] mod_authz_core.c(815): [client 136.108.66.146:39476] AH01626: authorization result of Require all granted: granted
[Sat Aug 22 01:05:49.808935 2026] [authz_core:debug] [pid 635617:tid 635617] mod_authz_core.c(815): [client 136.108.66.146:39476] AH01626: authorization result of : granted
[Sat Aug 22 01:05:49.809071 2026] [authz_core:debug] [pid 635617:tid 635617] mod_authz_core.c(815): [client 136.108.66.146:39476] AH01626: authorization result of Require all granted: granted
[Sat Aug 22 01:05:49.809075 2026] [authz_core:debug] [pid 635617:tid 635617] mod_authz_core.c(815): [client 136.108.66.146:39476] AH01626: authorization result of : granted
[Sat Aug 22 01:05:49.829055 2026] [ssl:debug] [pid 637736:tid 637736] ssl_engine_io.c(1150): [client 136.108.66.146:39496] AH02001: Connection closed to child 19 with standard shutdown (server 2blog.ilc.edu.tw:443)
[Sat Aug 22 01:05:49.847417 2026] [ssl:debug] [pid 633150:tid 633150] ssl_engine_kernel.c(254): [client 136.108.66.146:39470] AH02034: Subsequent (No.16) HTTPS request received for child 5 (server 2blog.ilc.edu.tw:443)
[Sat Aug 22 01:05:49.847590 2026] [authz_core:debug] [pid 633150:tid 633150] mod_authz_core.c(815): [client 136.108.66.146:39470] AH01626: authorization result of Require all granted: granted
[Sat Aug 22 01:05:49.847595 2026] [authz_core:debug] [pid 633150:tid 633150] mod_authz_core.c(815): [client 136.108.66.146:39470] AH01626: authorization result of : granted
[Sat Aug 22 01:05:49.847703 2026] [authz_core:debug] [pid 633150:tid 633150] mod_authz_core.c(815): [client 136.108.66.146:39470] AH01626: authorization result of Require all granted: granted
[Sat Aug 22 01:05:49.847707 2026] [authz_core:debug] [pid 633150:tid 633150] mod_authz_core.c(815): [client 136.108.66.146:39470] AH01626: authorization result of : granted
[Sat Aug 22 01:05:49.900394 2026] [ssl:debug] [pid 637729:tid 637729] ssl_engine_kernel.c(254): [client 136.108.66.146:39408] AH02034: Subsequent (No.17) HTTPS request received for child 4 (server 2blog.ilc.edu.tw:443)
[Sat Aug 22 01:05:49.900578 2026] [authz_core:debug] [pid 637729:tid 637729] mod_authz_core.c(815): [client 136.108.66.146:39408] AH01626: authorization result of Require all granted: granted
[Sat Aug 22 01:05:49.900585 2026] [authz_core:debug] [pid 637729:tid 637729] mod_authz_core.c(815): [client 136.108.66.146:39408] AH01626: authorization result of : granted
[Sat Aug 22 01:05:49.900699 2026] [authz_core:debug] [pid 637729:tid 637729] mod_authz_core.c(815): [client 136.108.66.146:39408] AH01626: authorization result of Require all granted: granted
[Sat Aug 22 01:05:49.900703 2026] [authz_core:debug] [pid 637729:tid 637729] mod_authz_core.c(815): [client 136.108.66.146:39408] AH01626: authorization result of : granted
[Sat Aug 22 01:05:49.920979 2026] [ssl:debug] [pid 633143:tid 633143] ssl_engine_kernel.c(254): [client 136.108.66.146:39512] AH02034: Subsequent (No.15) HTTPS request received for child 0 (server 2blog.ilc.edu.tw:443)
[Sat Aug 22 01:05:49.921143 2026] [authz_core:debug] [pid 633143:tid 633143] mod_authz_core.c(815): [client 136.108.66.146:39512] AH01626: authorization result of Require all granted: granted
[Sat Aug 22 01:05:49.921148 2026] [authz_core:debug] [pid 633143:tid 633143] mod_authz_core.c(815): [client 136.108.66.146:39512] AH01626: authorization result of : granted
[Sat Aug 22 01:05:49.921250 2026] [authz_core:debug] [pid 633143:tid 633143] mod_authz_core.c(815): [client 136.108.66.146:39512] AH01626: authorization result of Require all granted: granted
[Sat Aug 22 01:05:49.921258 2026] [authz_core:debug] [pid 633143:tid 633143] mod_authz_core.c(815): [client 136.108.66.146:39512] AH01626: authorization result of : granted
[Sat Aug 22 01:05:49.967854 2026] [ssl:debug] [pid 637741:tid 637741] ssl_engine_kernel.c(254): [client 2408:8738:5000:5:1::7:39052] AH02034: Subsequent (No.8) HTTPS request received for child 25 (server isupport.ilc.edu.tw:443), referer: https://isupport.ilc.edu.tw/wp-content/cache/isupport.ilc.edu.tw/wpfc-minified/8jq1rsi9/ks8w.css
[Sat Aug 22 01:05:49.968035 2026] [authz_core:debug] [pid 637741:tid 637741] mod_authz_core.c(815): [client 2408:8738:5000:5:1::7:39052] AH01626: authorization result of Require all granted: granted, referer: https://isupport.ilc.edu.tw/wp-content/cache/isupport.ilc.edu.tw/wpfc-minified/8jq1rsi9/ks8w.css
[Sat Aug 22 01:05:49.968041 2026] [authz_core:debug] [pid 637741:tid 637741] mod_authz_core.c(815): [client 2408:8738:5000:5:1::7:39052] AH01626: authorization result of : granted, referer: https://isupport.ilc.edu.tw/wp-content/cache/isupport.ilc.edu.tw/wpfc-minified/8jq1rsi9/ks8w.css
[Sat Aug 22 01:05:50.109960 2026] [ssl:debug] [pid 633155:tid 633155] ssl_engine_kernel.c(254): [client 136.108.66.146:39422] AH02034: Subsequent (No.18) HTTPS request received for child 10 (server 2blog.ilc.edu.tw:443)
[Sat Aug 22 01:05:50.110158 2026] [authz_core:debug] [pid 633155:tid 633155] mod_authz_core.c(815): [client 136.108.66.146:39422] AH01626: authorization result of Require all granted: granted
[Sat Aug 22 01:05:50.110164 2026] [authz_core:debug] [pid 633155:tid 633155] mod_authz_core.c(815): [client 136.108.66.146:39422] AH01626: authorization result of : granted
[Sat Aug 22 01:05:50.110306 2026] [authz_core:debug] [pid 633155:tid 633155] mod_authz_core.c(815): [client 136.108.66.146:39422] AH01626: authorization result of Require all granted: granted
[Sat Aug 22 01:05:50.110312 2026] [authz_core:debug] [pid 633155:tid 633155] mod_authz_core.c(815): [client 136.108.66.146:39422] AH01626: authorization result of : granted
[Sat Aug 22 01:05:50.152021 2026] [ssl:debug] [pid 637733:tid 637733] ssl_engine_kernel.c(254): [client 136.108.66.146:39406] AH02034: Subsequent (No.18) HTTPS request received for child 16 (server 2blog.ilc.edu.tw:443)
[Sat Aug 22 01:05:50.152213 2026] [authz_core:debug] [pid 637733:tid 637733] mod_authz_core.c(815): [client 136.108.66.146:39406] AH01626: authorization result of Require all granted: granted
[Sat Aug 22 01:05:50.152220 2026] [authz_core:debug] [pid 637733:tid 637733] mod_authz_core.c(815): [client 136.108.66.146:39406] AH01626: authorization result of : granted
[Sat Aug 22 01:05:50.152330 2026] [authz_core:debug] [pid 637733:tid 637733] mod_authz_core.c(815): [client 136.108.66.146:39406] AH01626: authorization result of Require all granted: granted
[Sat Aug 22 01:05:50.152335 2026] [authz_core:debug] [pid 637733:tid 637733] mod_authz_core.c(815): [client 136.108.66.146:39406] AH01626: authorization result of : granted
[Sat Aug 22 01:05:50.176071 2026] [ssl:debug] [pid 637737:tid 637737] ssl_engine_io.c(1150): [client 216.73.216.122:27290] AH02001: Connection closed to child 20 with standard shutdown (server 2blog.ilc.edu.tw:443)
[Sat Aug 22 01:05:50.184578 2026] [ssl:debug] [pid 636988:tid 636988] ssl_engine_io.c(1150): [client 216.73.216.122:18289] AH02001: Connection closed to child 8 with standard shutdown (server 2blog.ilc.edu.tw:443)
[Sat Aug 22 01:05:50.241082 2026] [ssl:debug] [pid 637201:tid 637201] ssl_engine_io.c(1150): [client 216.73.216.122:6856] AH02001: Connection closed to child 12 with standard shutdown (server 2blog.ilc.edu.tw:443)
[Sat Aug 22 01:05:50.241383 2026] [ssl:debug] [pid 633150:tid 633150] ssl_engine_kernel.c(254): [client 136.108.66.146:39470] AH02034: Subsequent (No.17) HTTPS request received for child 5 (server 2blog.ilc.edu.tw:443)
[Sat Aug 22 01:05:50.241556 2026] [authz_core:debug] [pid 633150:tid 633150] mod_authz_core.c(815): [client 136.108.66.146:39470] AH01626: authorization result of Require all granted: granted
[Sat Aug 22 01:05:50.241561 2026] [authz_core:debug] [pid 633150:tid 633150] mod_authz_core.c(815): [client 136.108.66.146:39470] AH01626: authorization result of : granted
[Sat Aug 22 01:05:50.241666 2026] [authz_core:debug] [pid 633150:tid 633150] mod_authz_core.c(815): [client 136.108.66.146:39470] AH01626: authorization result of Require all granted: granted
[Sat Aug 22 01:05:50.241670 2026] [authz_core:debug] [pid 633150:tid 633150] mod_authz_core.c(815): [client 136.108.66.146:39470] AH01626: authorization result of : granted
[Sat Aug 22 01:05:50.264916 2026] [ssl:debug] [pid 637729:tid 637729] ssl_engine_kernel.c(254): [client 136.108.66.146:39408] AH02034: Subsequent (No.18) HTTPS request received for child 4 (server 2blog.ilc.edu.tw:443)
[Sat Aug 22 01:05:50.265105 2026] [authz_core:debug] [pid 637729:tid 637729] mod_authz_core.c(815): [client 136.108.66.146:39408] AH01626: authorization result of Require all granted: granted
[Sat Aug 22 01:05:50.265110 2026] [authz_core:debug] [pid 637729:tid 637729] mod_authz_core.c(815): [client 136.108.66.146:39408] AH01626: authorization result of : granted
[Sat Aug 22 01:05:50.265225 2026] [authz_core:debug] [pid 637729:tid 637729] mod_authz_core.c(815): [client 136.108.66.146:39408] AH01626: authorization result of Require all granted: granted
[Sat Aug 22 01:05:50.265229 2026] [authz_core:debug] [pid 637729:tid 637729] mod_authz_core.c(815): [client 136.108.66.146:39408] AH01626: authorization result of : granted
[Sat Aug 22 01:05:50.267890 2026] [ssl:debug] [pid 635617:tid 635617] ssl_engine_kernel.c(254): [client 136.108.66.146:39476] AH02034: Subsequent (No.17) HTTPS request received for child 2 (server 2blog.ilc.edu.tw:443)
[Sat Aug 22 01:05:50.268063 2026] [authz_core:debug] [pid 635617:tid 635617] mod_authz_core.c(815): [client 136.108.66.146:39476] AH01626: authorization result of Require all granted: granted
[Sat Aug 22 01:05:50.268068 2026] [authz_core:debug] [pid 635617:tid 635617] mod_authz_core.c(815): [client 136.108.66.146:39476] AH01626: authorization result of : granted
[Sat Aug 22 01:05:50.268173 2026] [authz_core:debug] [pid 635617:tid 635617] mod_authz_core.c(815): [client 136.108.66.146:39476] AH01626: authorization result of Require all granted: granted
[Sat Aug 22 01:05:50.268177 2026] [authz_core:debug] [pid 635617:tid 635617] mod_authz_core.c(815): [client 136.108.66.146:39476] AH01626: authorization result of : granted
[Sat Aug 22 01:05:50.316910 2026] [ssl:debug] [pid 633143:tid 633143] ssl_engine_kernel.c(254): [client 136.108.66.146:39512] AH02034: Subsequent (No.16) HTTPS request received for child 0 (server 2blog.ilc.edu.tw:443)
[Sat Aug 22 01:05:50.317118 2026] [authz_core:debug] [pid 633143:tid 633143] mod_authz_core.c(815): [client 136.108.66.146:39512] AH01626: authorization result of Require all granted: granted
[Sat Aug 22 01:05:50.317124 2026] [authz_core:debug] [pid 633143:tid 633143] mod_authz_core.c(815): [client 136.108.66.146:39512] AH01626: authorization result of : granted
[Sat Aug 22 01:05:50.317241 2026] [authz_core:debug] [pid 633143:tid 633143] mod_authz_core.c(815): [client 136.108.66.146:39512] AH01626: authorization result of Require all granted: granted
[Sat Aug 22 01:05:50.317246 2026] [authz_core:debug] [pid 633143:tid 633143] mod_authz_core.c(815): [client 136.108.66.146:39512] AH01626: authorization result of : granted
[Sat Aug 22 01:05:50.567450 2026] [ssl:debug] [pid 633150:tid 633150] ssl_engine_kernel.c(254): [client 136.108.66.146:39470] AH02034: Subsequent (No.18) HTTPS request received for child 5 (server 2blog.ilc.edu.tw:443)
[Sat Aug 22 01:05:50.567638 2026] [authz_core:debug] [pid 633150:tid 633150] mod_authz_core.c(815): [client 136.108.66.146:39470] AH01626: authorization result of Require all granted: granted
[Sat Aug 22 01:05:50.567643 2026] [authz_core:debug] [pid 633150:tid 633150] mod_authz_core.c(815): [client 136.108.66.146:39470] AH01626: authorization result of : granted
[Sat Aug 22 01:05:50.567756 2026] [authz_core:debug] [pid 633150:tid 633150] mod_authz_core.c(815): [client 136.108.66.146:39470] AH01626: authorization result of Require all granted: granted
[Sat Aug 22 01:05:50.567760 2026] [authz_core:debug] [pid 633150:tid 633150] mod_authz_core.c(815): [client 136.108.66.146:39470] AH01626: authorization result of : granted
[Sat Aug 22 01:05:50.595893 2026] [ssl:debug] [pid 635617:tid 635617] ssl_engine_kernel.c(254): [client 136.108.66.146:39476] AH02034: Subsequent (No.18) HTTPS request received for child 2 (server 2blog.ilc.edu.tw:443)
[Sat Aug 22 01:05:50.596121 2026] [authz_core:debug] [pid 635617:tid 635617] mod_authz_core.c(815): [client 136.108.66.146:39476] AH01626: authorization result of Require all granted: granted
[Sat Aug 22 01:05:50.596129 2026] [authz_core:debug] [pid 635617:tid 635617] mod_authz_core.c(815): [client 136.108.66.146:39476] AH01626: authorization result of : granted
[Sat Aug 22 01:05:50.596278 2026] [authz_core:debug] [pid 635617:tid 635617] mod_authz_core.c(815): [client 136.108.66.146:39476] AH01626: authorization result of Require all granted: granted
[Sat Aug 22 01:05:50.596284 2026] [authz_core:debug] [pid 635617:tid 635617] mod_authz_core.c(815): [client 136.108.66.146:39476] AH01626: authorization result of : granted
[Sat Aug 22 01:05:50.606147 2026] [ssl:debug] [pid 637733:tid 637733] ssl_engine_kernel.c(254): [client 136.108.66.146:39406] AH02034: Subsequent (No.19) HTTPS request received for child 16 (server 2blog.ilc.edu.tw:443)
[Sat Aug 22 01:05:50.606348 2026] [authz_core:debug] [pid 637733:tid 637733] mod_authz_core.c(815): [client 136.108.66.146:39406] AH01626: authorization result of Require all granted: granted
[Sat Aug 22 01:05:50.606354 2026] [authz_core:debug] [pid 637733:tid 637733] mod_authz_core.c(815): [client 136.108.66.146:39406] AH01626: authorization result of : granted
[Sat Aug 22 01:05:50.606448 2026] [ssl:debug] [pid 637729:tid 637729] ssl_engine_kernel.c(254): [client 136.108.66.146:39408] AH02034: Subsequent (No.19) HTTPS request received for child 4 (server 2blog.ilc.edu.tw:443)
[Sat Aug 22 01:05:50.606474 2026] [authz_core:debug] [pid 637733:tid 637733] mod_authz_core.c(815): [client 136.108.66.146:39406] AH01626: authorization result of Require all granted: granted
[Sat Aug 22 01:05:50.606479 2026] [authz_core:debug] [pid 637733:tid 637733] mod_authz_core.c(815): [client 136.108.66.146:39406] AH01626: authorization result of : granted
[Sat Aug 22 01:05:50.606670 2026] [authz_core:debug] [pid 637729:tid 637729] mod_authz_core.c(815): [client 136.108.66.146:39408] AH01626: authorization result of Require all granted: granted
[Sat Aug 22 01:05:50.606689 2026] [authz_core:debug] [pid 637729:tid 637729] mod_authz_core.c(815): [client 136.108.66.146:39408] AH01626: authorization result of : granted
[Sat Aug 22 01:05:50.606844 2026] [authz_core:debug] [pid 637729:tid 637729] mod_authz_core.c(815): [client 136.108.66.146:39408] AH01626: authorization result of Require all granted: granted
[Sat Aug 22 01:05:50.606852 2026] [authz_core:debug] [pid 637729:tid 637729] mod_authz_core.c(815): [client 136.108.66.146:39408] AH01626: authorization result of : granted
[Sat Aug 22 01:05:50.691308 2026] [ssl:debug] [pid 633143:tid 633143] ssl_engine_kernel.c(254): [client 136.108.66.146:39512] AH02034: Subsequent (No.17) HTTPS request received for child 0 (server 2blog.ilc.edu.tw:443)
[Sat Aug 22 01:05:50.691488 2026] [authz_core:debug] [pid 633143:tid 633143] mod_authz_core.c(815): [client 136.108.66.146:39512] AH01626: authorization result of Require all granted: granted
[Sat Aug 22 01:05:50.691493 2026] [authz_core:debug] [pid 633143:tid 633143] mod_authz_core.c(815): [client 136.108.66.146:39512] AH01626: authorization result of : granted
[Sat Aug 22 01:05:50.691596 2026] [authz_core:debug] [pid 633143:tid 633143] mod_authz_core.c(815): [client 136.108.66.146:39512] AH01626: authorization result of Require all granted: granted
[Sat Aug 22 01:05:50.691606 2026] [authz_core:debug] [pid 633143:tid 633143] mod_authz_core.c(815): [client 136.108.66.146:39512] AH01626: authorization result of : granted
[Sat Aug 22 01:05:50.749211 2026] [ssl:debug] [pid 637744:tid 637744] ssl_engine_kernel.c(254): [client 2408:8738:5000:5:1::7:40172] AH02034: Subsequent (No.5) HTTPS request received for child 28 (server isupport.ilc.edu.tw:443), referer: https://isupport.ilc.edu.tw/author/shinhann/
[Sat Aug 22 01:05:50.749835 2026] [authz_core:debug] [pid 637744:tid 637744] mod_authz_core.c(815): [client 2408:8738:5000:5:1::7:40172] AH01626: authorization result of Require all granted: granted, referer: https://isupport.ilc.edu.tw/author/shinhann/
[Sat Aug 22 01:05:50.749845 2026] [authz_core:debug] [pid 637744:tid 637744] mod_authz_core.c(815): [client 2408:8738:5000:5:1::7:40172] AH01626: authorization result of : granted, referer: https://isupport.ilc.edu.tw/author/shinhann/
[Sat Aug 22 01:05:50.776801 2026] [ssl:debug] [pid 633155:tid 633155] ssl_engine_kernel.c(254): [client 136.108.66.146:39422] AH02034: Subsequent (No.19) HTTPS request received for child 10 (server 2blog.ilc.edu.tw:443)
[Sat Aug 22 01:05:50.776996 2026] [authz_core:debug] [pid 633155:tid 633155] mod_authz_core.c(815): [client 136.108.66.146:39422] AH01626: authorization result of Require all granted: granted
[Sat Aug 22 01:05:50.777001 2026] [authz_core:debug] [pid 633155:tid 633155] mod_authz_core.c(815): [client 136.108.66.146:39422] AH01626: authorization result of : granted
[Sat Aug 22 01:05:50.777136 2026] [authz_core:debug] [pid 633155:tid 633155] mod_authz_core.c(815): [client 136.108.66.146:39422] AH01626: authorization result of Require all granted: granted
[Sat Aug 22 01:05:50.777142 2026] [authz_core:debug] [pid 633155:tid 633155] mod_authz_core.c(815): [client 136.108.66.146:39422] AH01626: authorization result of : granted
[Sat Aug 22 01:05:51.021465 2026] [ssl:debug] [pid 635617:tid 635617] ssl_engine_kernel.c(254): [client 136.108.66.146:39476] AH02034: Subsequent (No.19) HTTPS request received for child 2 (server 2blog.ilc.edu.tw:443)
[Sat Aug 22 01:05:51.021706 2026] [authz_core:debug] [pid 635617:tid 635617] mod_authz_core.c(815): [client 136.108.66.146:39476] AH01626: authorization result of Require all granted: granted
[Sat Aug 22 01:05:51.021714 2026] [authz_core:debug] [pid 635617:tid 635617] mod_authz_core.c(815): [client 136.108.66.146:39476] AH01626: authorization result of : granted
[Sat Aug 22 01:05:51.021829 2026] [authz_core:debug] [pid 635617:tid 635617] mod_authz_core.c(815): [client 136.108.66.146:39476] AH01626: authorization result of Require all granted: granted
[Sat Aug 22 01:05:51.021834 2026] [authz_core:debug] [pid 635617:tid 635617] mod_authz_core.c(815): [client 136.108.66.146:39476] AH01626: authorization result of : granted
[Sat Aug 22 01:05:51.039939 2026] [ssl:debug] [pid 637733:tid 637733] ssl_engine_kernel.c(254): [client 136.108.66.146:39406] AH02034: Subsequent (No.20) HTTPS request received for child 16 (server 2blog.ilc.edu.tw:443)
[Sat Aug 22 01:05:51.040178 2026] [authz_core:debug] [pid 637733:tid 637733] mod_authz_core.c(815): [client 136.108.66.146:39406] AH01626: authorization result of Require all granted: granted
[Sat Aug 22 01:05:51.040188 2026] [authz_core:debug] [pid 637733:tid 637733] mod_authz_core.c(815): [client 136.108.66.146:39406] AH01626: authorization result of : granted
[Sat Aug 22 01:05:51.040338 2026] [authz_core:debug] [pid 637733:tid 637733] mod_authz_core.c(815): [client 136.108.66.146:39406] AH01626: authorization result of Require all granted: granted
[Sat Aug 22 01:05:51.040344 2026] [authz_core:debug] [pid 637733:tid 637733] mod_authz_core.c(815): [client 136.108.66.146:39406] AH01626: authorization result of : granted
[Sat Aug 22 01:05:51.211712 2026] [ssl:debug] [pid 633155:tid 633155] ssl_engine_kernel.c(254): [client 136.108.66.146:39422] AH02034: Subsequent (No.20) HTTPS request received for child 10 (server 2blog.ilc.edu.tw:443)
[Sat Aug 22 01:05:51.211916 2026] [authz_core:debug] [pid 633155:tid 633155] mod_authz_core.c(815): [client 136.108.66.146:39422] AH01626: authorization result of Require all granted: granted
[Sat Aug 22 01:05:51.211922 2026] [authz_core:debug] [pid 633155:tid 633155] mod_authz_core.c(815): [client 136.108.66.146:39422] AH01626: authorization result of : granted
[Sat Aug 22 01:05:51.212033 2026] [authz_core:debug] [pid 633155:tid 633155] mod_authz_core.c(815): [client 136.108.66.146:39422] AH01626: authorization result of Require all granted: granted
[Sat Aug 22 01:05:51.212037 2026] [authz_core:debug] [pid 633155:tid 633155] mod_authz_core.c(815): [client 136.108.66.146:39422] AH01626: authorization result of : granted
[Sat Aug 22 01:05:51.224813 2026] [ssl:debug] [pid 633143:tid 633143] ssl_engine_kernel.c(254): [client 136.108.66.146:39512] AH02034: Subsequent (No.18) HTTPS request received for child 0 (server 2blog.ilc.edu.tw:443)
[Sat Aug 22 01:05:51.225063 2026] [authz_core:debug] [pid 633143:tid 633143] mod_authz_core.c(815): [client 136.108.66.146:39512] AH01626: authorization result of Require all granted: granted
[Sat Aug 22 01:05:51.225071 2026] [authz_core:debug] [pid 633143:tid 633143] mod_authz_core.c(815): [client 136.108.66.146:39512] AH01626: authorization result of : granted
[Sat Aug 22 01:05:51.225195 2026] [authz_core:debug] [pid 633143:tid 633143] mod_authz_core.c(815): [client 136.108.66.146:39512] AH01626: authorization result of Require all granted: granted
[Sat Aug 22 01:05:51.225200 2026] [authz_core:debug] [pid 633143:tid 633143] mod_authz_core.c(815): [client 136.108.66.146:39512] AH01626: authorization result of : granted
[Sat Aug 22 01:05:51.238039 2026] [ssl:debug] [pid 633150:tid 633150] ssl_engine_kernel.c(254): [client 136.108.66.146:39470] AH02034: Subsequent (No.19) HTTPS request received for child 5 (server 2blog.ilc.edu.tw:443)
[Sat Aug 22 01:05:51.238219 2026] [authz_core:debug] [pid 633150:tid 633150] mod_authz_core.c(815): [client 136.108.66.146:39470] AH01626: authorization result of Require all granted: granted
[Sat Aug 22 01:05:51.238226 2026] [authz_core:debug] [pid 633150:tid 633150] mod_authz_core.c(815): [client 136.108.66.146:39470] AH01626: authorization result of : granted
[Sat Aug 22 01:05:51.238335 2026] [authz_core:debug] [pid 633150:tid 633150] mod_authz_core.c(815): [client 136.108.66.146:39470] AH01626: authorization result of Require all granted: granted
[Sat Aug 22 01:05:51.238339 2026] [authz_core:debug] [pid 633150:tid 633150] mod_authz_core.c(815): [client 136.108.66.146:39470] AH01626: authorization result of : granted
[Sat Aug 22 01:05:51.351239 2026] [ssl:debug] [pid 637729:tid 637729] ssl_engine_kernel.c(254): [client 136.108.66.146:39408] AH02034: Subsequent (No.20) HTTPS request received for child 4 (server 2blog.ilc.edu.tw:443)
[Sat Aug 22 01:05:51.351424 2026] [authz_core:debug] [pid 637729:tid 637729] mod_authz_core.c(815): [client 136.108.66.146:39408] AH01626: authorization result of Require all granted: granted
[Sat Aug 22 01:05:51.351429 2026] [authz_core:debug] [pid 637729:tid 637729] mod_authz_core.c(815): [client 136.108.66.146:39408] AH01626: authorization result of : granted
[Sat Aug 22 01:05:51.351532 2026] [authz_core:debug] [pid 637729:tid 637729] mod_authz_core.c(815): [client 136.108.66.146:39408] AH01626: authorization result of Require all granted: granted
[Sat Aug 22 01:05:51.351535 2026] [authz_core:debug] [pid 637729:tid 637729] mod_authz_core.c(815): [client 136.108.66.146:39408] AH01626: authorization result of : granted
[Sat Aug 22 01:05:51.393466 2026] [ssl:info] [pid 637742:tid 637742] [client 3.94.40.182:51917] AH01964: Connection to child 26 established (server 2blog.ilc.edu.tw:443)
[Sat Aug 22 01:05:51.393633 2026] [ssl:debug] [pid 637742:tid 637742] ssl_engine_kernel.c(2222): [client 3.94.40.182:51917] AH02043: SSL virtual host for servername 2blog.ilc.edu.tw found
[Sat Aug 22 01:05:51.399008 2026] [ssl:debug] [pid 637733:tid 637733] ssl_engine_kernel.c(254): [client 136.108.66.146:39406] AH02034: Subsequent (No.21) HTTPS request received for child 16 (server 2blog.ilc.edu.tw:443)
[Sat Aug 22 01:05:51.399194 2026] [authz_core:debug] [pid 637733:tid 637733] mod_authz_core.c(815): [client 136.108.66.146:39406] AH01626: authorization result of Require all granted: granted
[Sat Aug 22 01:05:51.399202 2026] [authz_core:debug] [pid 637733:tid 637733] mod_authz_core.c(815): [client 136.108.66.146:39406] AH01626: authorization result of : granted
[Sat Aug 22 01:05:51.399313 2026] [authz_core:debug] [pid 637733:tid 637733] mod_authz_core.c(815): [client 136.108.66.146:39406] AH01626: authorization result of Require all granted: granted
[Sat Aug 22 01:05:51.399317 2026] [authz_core:debug] [pid 637733:tid 637733] mod_authz_core.c(815): [client 136.108.66.146:39406] AH01626: authorization result of : granted
[Sat Aug 22 01:05:51.410398 2026] [ssl:debug] [pid 637744:tid 637744] ssl_engine_kernel.c(254): [client 2408:8738:5000:5:1::7:40172] AH02034: Subsequent (No.6) HTTPS request received for child 28 (server isupport.ilc.edu.tw:443), referer: https://isupport.ilc.edu.tw/author/shinhann/
[Sat Aug 22 01:05:51.410587 2026] [authz_core:debug] [pid 637744:tid 637744] mod_authz_core.c(815): [client 2408:8738:5000:5:1::7:40172] AH01626: authorization result of Require all granted: granted, referer: https://isupport.ilc.edu.tw/author/shinhann/
[Sat Aug 22 01:05:51.410592 2026] [authz_core:debug] [pid 637744:tid 637744] mod_authz_core.c(815): [client 2408:8738:5000:5:1::7:40172] AH01626: authorization result of : granted, referer: https://isupport.ilc.edu.tw/author/shinhann/
[Sat Aug 22 01:05:51.410695 2026] [authz_core:debug] [pid 637744:tid 637744] mod_authz_core.c(815): [client 2408:8738:5000:5:1::7:40172] AH01626: authorization result of Require all granted: granted, referer: https://isupport.ilc.edu.tw/author/shinhann/
[Sat Aug 22 01:05:51.410698 2026] [authz_core:debug] [pid 637744:tid 637744] mod_authz_core.c(815): [client 2408:8738:5000:5:1::7:40172] AH01626: authorization result of : granted, referer: https://isupport.ilc.edu.tw/author/shinhann/
[Sat Aug 22 01:05:51.438723 2026] [deflate:debug] [pid 637744:tid 637744] mod_deflate.c(909): [client 2408:8738:5000:5:1::7:40172] AH01384: Zlib: Compressed 79562 to 15059 : URL /index.php, referer: https://isupport.ilc.edu.tw/author/shinhann/
[Sat Aug 22 01:05:51.481037 2026] [ssl:debug] [pid 635617:tid 635617] ssl_engine_kernel.c(254): [client 136.108.66.146:39476] AH02034: Subsequent (No.20) HTTPS request received for child 2 (server 2blog.ilc.edu.tw:443)
[Sat Aug 22 01:05:51.481213 2026] [authz_core:debug] [pid 635617:tid 635617] mod_authz_core.c(815): [client 136.108.66.146:39476] AH01626: authorization result of Require all granted: granted
[Sat Aug 22 01:05:51.481218 2026] [authz_core:debug] [pid 635617:tid 635617] mod_authz_core.c(815): [client 136.108.66.146:39476] AH01626: authorization result of : granted
[Sat Aug 22 01:05:51.481323 2026] [authz_core:debug] [pid 635617:tid 635617] mod_authz_core.c(815): [client 136.108.66.146:39476] AH01626: authorization result of Require all granted: granted
[Sat Aug 22 01:05:51.481327 2026] [authz_core:debug] [pid 635617:tid 635617] mod_authz_core.c(815): [client 136.108.66.146:39476] AH01626: authorization result of : granted
[Sat Aug 22 01:05:51.614544 2026] [ssl:debug] [pid 633155:tid 633155] ssl_engine_kernel.c(254): [client 136.108.66.146:39422] AH02034: Subsequent (No.21) HTTPS request received for child 10 (server 2blog.ilc.edu.tw:443)
[Sat Aug 22 01:05:51.614779 2026] [authz_core:debug] [pid 633155:tid 633155] mod_authz_core.c(815): [client 136.108.66.146:39422] AH01626: authorization result of Require all granted: granted
[Sat Aug 22 01:05:51.614786 2026] [authz_core:debug] [pid 633155:tid 633155] mod_authz_core.c(815): [client 136.108.66.146:39422] AH01626: authorization result of : granted
[Sat Aug 22 01:05:51.614949 2026] [authz_core:debug] [pid 633155:tid 633155] mod_authz_core.c(815): [client 136.108.66.146:39422] AH01626: authorization result of Require all granted: granted
[Sat Aug 22 01:05:51.614955 2026] [authz_core:debug] [pid 633155:tid 633155] mod_authz_core.c(815): [client 136.108.66.146:39422] AH01626: authorization result of : granted
[Sat Aug 22 01:05:51.631857 2026] [ssl:debug] [pid 633143:tid 633143] ssl_engine_kernel.c(254): [client 136.108.66.146:39512] AH02034: Subsequent (No.19) HTTPS request received for child 0 (server 2blog.ilc.edu.tw:443)
[Sat Aug 22 01:05:51.632040 2026] [authz_core:debug] [pid 633143:tid 633143] mod_authz_core.c(815): [client 136.108.66.146:39512] AH01626: authorization result of Require all granted: granted
[Sat Aug 22 01:05:51.632046 2026] [authz_core:debug] [pid 633143:tid 633143] mod_authz_core.c(815): [client 136.108.66.146:39512] AH01626: authorization result of : granted
[Sat Aug 22 01:05:51.632150 2026] [authz_core:debug] [pid 633143:tid 633143] mod_authz_core.c(815): [client 136.108.66.146:39512] AH01626: authorization result of Require all granted: granted
[Sat Aug 22 01:05:51.632154 2026] [authz_core:debug] [pid 633143:tid 633143] mod_authz_core.c(815): [client 136.108.66.146:39512] AH01626: authorization result of : granted
[Sat Aug 22 01:05:51.679505 2026] [ssl:debug] [pid 637742:tid 637742] ssl_engine_kernel.c(2082): [client 3.94.40.182:51917] AH02041: Protocol: TLSv1.3, Cipher: TLS_AES_256_GCM_SHA384 (256/256 bits)
[Sat Aug 22 01:05:51.679556 2026] [socache_shmcb:debug] [pid 637742:tid 637742] mod_socache_shmcb.c(508): AH00831: socache_shmcb_store (0x42 -> subcache 2)
[Sat Aug 22 01:05:51.679562 2026] [socache_shmcb:debug] [pid 637742:tid 637742] mod_socache_shmcb.c(745): AH00842: expiring 1 and reclaiming 0 removed socache entries
[Sat Aug 22 01:05:51.679564 2026] [socache_shmcb:debug] [pid 637742:tid 637742] mod_socache_shmcb.c(765): AH00843: we now have 44 socache entries
[Sat Aug 22 01:05:51.679567 2026] [socache_shmcb:debug] [pid 637742:tid 637742] mod_socache_shmcb.c(860): AH00847: insert happened at idx=26, data=(6493:6525)
[Sat Aug 22 01:05:51.679568 2026] [socache_shmcb:debug] [pid 637742:tid 637742] mod_socache_shmcb.c(863): AH00848: finished insert, subcache: idx_pos/idx_used=70/45, data_pos/data_used=10568/10003
[Sat Aug 22 01:05:51.679570 2026] [socache_shmcb:debug] [pid 637742:tid 637742] mod_socache_shmcb.c(530): AH00834: leaving socache_shmcb_store successfully
[Sat Aug 22 01:05:51.679623 2026] [socache_shmcb:debug] [pid 637742:tid 637742] mod_socache_shmcb.c(508): AH00831: socache_shmcb_store (0x25 -> subcache 5)
[Sat Aug 22 01:05:51.679628 2026] [socache_shmcb:debug] [pid 637742:tid 637742] mod_socache_shmcb.c(860): AH00847: insert happened at idx=69, data=(2256:2288)
[Sat Aug 22 01:05:51.679630 2026] [socache_shmcb:debug] [pid 637742:tid 637742] mod_socache_shmcb.c(863): AH00848: finished insert, subcache: idx_pos/idx_used=13/57, data_pos/data_used=3624/12710
[Sat Aug 22 01:05:51.679631 2026] [socache_shmcb:debug] [pid 637742:tid 637742] mod_socache_shmcb.c(530): AH00834: leaving socache_shmcb_store successfully
[Sat Aug 22 01:05:51.679738 2026] [ssl:debug] [pid 637742:tid 637742] ssl_engine_kernel.c(254): [client 3.94.40.182:51917] AH02034: Initial (No.1) HTTPS request received for child 26 (server 2blog.ilc.edu.tw:443)
[Sat Aug 22 01:05:51.679887 2026] [authz_core:debug] [pid 637742:tid 637742] mod_authz_core.c(815): [client 3.94.40.182:51917] AH01626: authorization result of Require all granted: granted
[Sat Aug 22 01:05:51.679891 2026] [authz_core:debug] [pid 637742:tid 637742] mod_authz_core.c(815): [client 3.94.40.182:51917] AH01626: authorization result of : granted
[Sat Aug 22 01:05:51.679990 2026] [authz_core:debug] [pid 637742:tid 637742] mod_authz_core.c(815): [client 3.94.40.182:51917] AH01626: authorization result of Require all granted: granted
[Sat Aug 22 01:05:51.679994 2026] [authz_core:debug] [pid 637742:tid 637742] mod_authz_core.c(815): [client 3.94.40.182:51917] AH01626: authorization result of : granted
[Sat Aug 22 01:05:51.682277 2026] [ssl:debug] [pid 633150:tid 633150] ssl_engine_kernel.c(254): [client 136.108.66.146:39470] AH02034: Subsequent (No.20) HTTPS request received for child 5 (server 2blog.ilc.edu.tw:443)
[Sat Aug 22 01:05:51.682420 2026] [authz_core:debug] [pid 633150:tid 633150] mod_authz_core.c(815): [client 136.108.66.146:39470] AH01626: authorization result of Require all granted: granted
[Sat Aug 22 01:05:51.682424 2026] [authz_core:debug] [pid 633150:tid 633150] mod_authz_core.c(815): [client 136.108.66.146:39470] AH01626: authorization result of : granted
[Sat Aug 22 01:05:51.682619 2026] [authz_core:debug] [pid 633150:tid 633150] mod_authz_core.c(815): [client 136.108.66.146:39470] AH01626: authorization result of Require all granted: granted
[Sat Aug 22 01:05:51.682628 2026] [authz_core:debug] [pid 633150:tid 633150] mod_authz_core.c(815): [client 136.108.66.146:39470] AH01626: authorization result of : granted
[Sat Aug 22 01:05:51.696587 2026] [deflate:debug] [pid 637742:tid 637742] mod_deflate.c(909): [client 3.94.40.182:51917] AH01384: Zlib: Compressed 49345 to 10978 : URL /index.php
[Sat Aug 22 01:05:51.696787 2026] [ssl:debug] [pid 637742:tid 637742] ssl_engine_io.c(1150): [client 3.94.40.182:51917] AH02001: Connection closed to child 26 with standard shutdown (server 2blog.ilc.edu.tw:443)
[Sat Aug 22 01:05:51.799923 2026] [ssl:debug] [pid 637733:tid 637733] ssl_engine_kernel.c(254): [client 136.108.66.146:39406] AH02034: Subsequent (No.22) HTTPS request received for child 16 (server 2blog.ilc.edu.tw:443)
[Sat Aug 22 01:05:51.800111 2026] [authz_core:debug] [pid 637733:tid 637733] mod_authz_core.c(815): [client 136.108.66.146:39406] AH01626: authorization result of Require all granted: granted
[Sat Aug 22 01:05:51.800116 2026] [authz_core:debug] [pid 637733:tid 637733] mod_authz_core.c(815): [client 136.108.66.146:39406] AH01626: authorization result of : granted
[Sat Aug 22 01:05:51.800224 2026] [authz_core:debug] [pid 637733:tid 637733] mod_authz_core.c(815): [client 136.108.66.146:39406] AH01626: authorization result of Require all granted: granted
[Sat Aug 22 01:05:51.800230 2026] [authz_core:debug] [pid 637733:tid 637733] mod_authz_core.c(815): [client 136.108.66.146:39406] AH01626: authorization result of : granted
[Sat Aug 22 01:05:51.802645 2026] [ssl:debug] [pid 637729:tid 637729] ssl_engine_kernel.c(254): [client 136.108.66.146:39408] AH02034: Subsequent (No.21) HTTPS request received for child 4 (server 2blog.ilc.edu.tw:443)
[Sat Aug 22 01:05:51.802834 2026] [authz_core:debug] [pid 637729:tid 637729] mod_authz_core.c(815): [client 136.108.66.146:39408] AH01626: authorization result of Require all granted: granted
[Sat Aug 22 01:05:51.802839 2026] [authz_core:debug] [pid 637729:tid 637729] mod_authz_core.c(815): [client 136.108.66.146:39408] AH01626: authorization result of : granted
[Sat Aug 22 01:05:51.802957 2026] [authz_core:debug] [pid 637729:tid 637729] mod_authz_core.c(815): [client 136.108.66.146:39408] AH01626: authorization result of Require all granted: granted
[Sat Aug 22 01:05:51.802961 2026] [authz_core:debug] [pid 637729:tid 637729] mod_authz_core.c(815): [client 136.108.66.146:39408] AH01626: authorization result of : granted
[Sat Aug 22 01:05:51.862915 2026] [authz_core:debug] [pid 637749:tid 637749] mod_authz_core.c(815): [client 2400:e920:0:2:f45d:ddff:fe00:7a:54023] AH01626: authorization result of Require all granted: granted, referer: http://ilta.ilc.edu.tw
[Sat Aug 22 01:05:51.862947 2026] [authz_core:debug] [pid 637749:tid 637749] mod_authz_core.c(815): [client 2400:e920:0:2:f45d:ddff:fe00:7a:54023] AH01626: authorization result of : granted, referer: http://ilta.ilc.edu.tw
[Sat Aug 22 01:05:52.006141 2026] [ssl:debug] [pid 633143:tid 633143] ssl_engine_kernel.c(254): [client 136.108.66.146:39512] AH02034: Subsequent (No.20) HTTPS request received for child 0 (server 2blog.ilc.edu.tw:443)
[Sat Aug 22 01:05:52.006400 2026] [authz_core:debug] [pid 633143:tid 633143] mod_authz_core.c(815): [client 136.108.66.146:39512] AH01626: authorization result of Require all granted: granted
[Sat Aug 22 01:05:52.006407 2026] [authz_core:debug] [pid 633143:tid 633143] mod_authz_core.c(815): [client 136.108.66.146:39512] AH01626: authorization result of : granted
[Sat Aug 22 01:05:52.006556 2026] [authz_core:debug] [pid 633143:tid 633143] mod_authz_core.c(815): [client 136.108.66.146:39512] AH01626: authorization result of Require all granted: granted
[Sat Aug 22 01:05:52.006562 2026] [authz_core:debug] [pid 633143:tid 633143] mod_authz_core.c(815): [client 136.108.66.146:39512] AH01626: authorization result of : granted
[Sat Aug 22 01:05:52.026572 2026] [ssl:debug] [pid 633150:tid 633150] ssl_engine_kernel.c(254): [client 136.108.66.146:39470] AH02034: Subsequent (No.21) HTTPS request received for child 5 (server 2blog.ilc.edu.tw:443)
[Sat Aug 22 01:05:52.026766 2026] [authz_core:debug] [pid 633150:tid 633150] mod_authz_core.c(815): [client 136.108.66.146:39470] AH01626: authorization result of Require all granted: granted
[Sat Aug 22 01:05:52.026773 2026] [authz_core:debug] [pid 633150:tid 633150] mod_authz_core.c(815): [client 136.108.66.146:39470] AH01626: authorization result of : granted
[Sat Aug 22 01:05:52.026918 2026] [authz_core:debug] [pid 633150:tid 633150] mod_authz_core.c(815): [client 136.108.66.146:39470] AH01626: authorization result of Require all granted: granted
[Sat Aug 22 01:05:52.026925 2026] [authz_core:debug] [pid 633150:tid 633150] mod_authz_core.c(815): [client 136.108.66.146:39470] AH01626: authorization result of : granted
[Sat Aug 22 01:05:52.033887 2026] [ssl:debug] [pid 633155:tid 633155] ssl_engine_kernel.c(254): [client 136.108.66.146:39422] AH02034: Subsequent (No.22) HTTPS request received for child 10 (server 2blog.ilc.edu.tw:443)
[Sat Aug 22 01:05:52.034056 2026] [authz_core:debug] [pid 633155:tid 633155] mod_authz_core.c(815): [client 136.108.66.146:39422] AH01626: authorization result of Require all granted: granted
[Sat Aug 22 01:05:52.034061 2026] [authz_core:debug] [pid 633155:tid 633155] mod_authz_core.c(815): [client 136.108.66.146:39422] AH01626: authorization result of : granted
[Sat Aug 22 01:05:52.034162 2026] [authz_core:debug] [pid 633155:tid 633155] mod_authz_core.c(815): [client 136.108.66.146:39422] AH01626: authorization result of Require all granted: granted
[Sat Aug 22 01:05:52.034166 2026] [authz_core:debug] [pid 633155:tid 633155] mod_authz_core.c(815): [client 136.108.66.146:39422] AH01626: authorization result of : granted
[Sat Aug 22 01:05:52.152494 2026] [ssl:debug] [pid 635617:tid 635617] ssl_engine_kernel.c(254): [client 136.108.66.146:39476] AH02034: Subsequent (No.21) HTTPS request received for child 2 (server 2blog.ilc.edu.tw:443)
[Sat Aug 22 01:05:52.152727 2026] [authz_core:debug] [pid 635617:tid 635617] mod_authz_core.c(815): [client 136.108.66.146:39476] AH01626: authorization result of Require all granted: granted
[Sat Aug 22 01:05:52.152733 2026] [authz_core:debug] [pid 635617:tid 635617] mod_authz_core.c(815): [client 136.108.66.146:39476] AH01626: authorization result of : granted
[Sat Aug 22 01:05:52.152874 2026] [authz_core:debug] [pid 635617:tid 635617] mod_authz_core.c(815): [client 136.108.66.146:39476] AH01626: authorization result of Require all granted: granted
[Sat Aug 22 01:05:52.152878 2026] [authz_core:debug] [pid 635617:tid 635617] mod_authz_core.c(815): [client 136.108.66.146:39476] AH01626: authorization result of : granted
[Sat Aug 22 01:05:52.186144 2026] [ssl:info] [pid 633016:tid 633016] (70014)End of file found: [client 66.249.71.37:55566] AH01992: SSL library error 6 reading data
[Sat Aug 22 01:05:52.186238 2026] [ssl:debug] [pid 633016:tid 633016] ssl_engine_io.c(1150): [client 66.249.71.37:55566] AH02001: Connection closed to child 14 with standard shutdown (server 2blog.ilc.edu.tw:443)
[Sat Aug 22 01:05:52.196553 2026] [ssl:info] [pid 636760:tid 636760] [client 2400:e920:0:2:f45d:ddff:fe00:7a:54040] AH01964: Connection to child 6 established (server 2blog.ilc.edu.tw:443)
[Sat Aug 22 01:05:52.196722 2026] [ssl:debug] [pid 636760:tid 636760] ssl_engine_kernel.c(2222): [client 2400:e920:0:2:f45d:ddff:fe00:7a:54040] AH02043: SSL virtual host for servername ilta.ilc.edu.tw found
[Sat Aug 22 01:05:52.196775 2026] [core:debug] [pid 636760:tid 636760] protocol.c(2460): [client 2400:e920:0:2:f45d:ddff:fe00:7a:54040] AH03155: select protocol from , choices=http/1.1 for server ilta.ilc.edu.tw
[Sat Aug 22 01:05:52.274378 2026] [ssl:debug] [pid 637733:tid 637733] ssl_engine_kernel.c(254): [client 136.108.66.146:39406] AH02034: Subsequent (No.23) HTTPS request received for child 16 (server 2blog.ilc.edu.tw:443)
[Sat Aug 22 01:05:52.274562 2026] [authz_core:debug] [pid 637733:tid 637733] mod_authz_core.c(815): [client 136.108.66.146:39406] AH01626: authorization result of Require all granted: granted
[Sat Aug 22 01:05:52.274567 2026] [authz_core:debug] [pid 637733:tid 637733] mod_authz_core.c(815): [client 136.108.66.146:39406] AH01626: authorization result of : granted
[Sat Aug 22 01:05:52.274671 2026] [authz_core:debug] [pid 637733:tid 637733] mod_authz_core.c(815): [client 136.108.66.146:39406] AH01626: authorization result of Require all granted: granted
[Sat Aug 22 01:05:52.274674 2026] [authz_core:debug] [pid 637733:tid 637733] mod_authz_core.c(815): [client 136.108.66.146:39406] AH01626: authorization result of : granted
[Sat Aug 22 01:05:52.282838 2026] [ssl:debug] [pid 637729:tid 637729] ssl_engine_kernel.c(254): [client 136.108.66.146:39408] AH02034: Subsequent (No.22) HTTPS request received for child 4 (server 2blog.ilc.edu.tw:443)
[Sat Aug 22 01:05:52.283073 2026] [authz_core:debug] [pid 637729:tid 637729] mod_authz_core.c(815): [client 136.108.66.146:39408] AH01626: authorization result of Require all granted: granted
