[Sat Aug 22 01:06:39.390475 2026] [ssl:debug] [pid 637738:tid 637738] ssl_engine_kernel.c(2082): [client 205.169.39.200:6946] AH02041: Protocol: TLSv1.3, Cipher: TLS_AES_256_GCM_SHA384 (256/256 bits)
[Sat Aug 22 01:06:39.390511 2026] [socache_shmcb:debug] [pid 637738:tid 637738] mod_socache_shmcb.c(508): AH00831: socache_shmcb_store (0x05 -> subcache 5)
[Sat Aug 22 01:06:39.390519 2026] [socache_shmcb:debug] [pid 637738:tid 637738] mod_socache_shmcb.c(860): AH00847: insert happened at idx=78, data=(4259:4291)
[Sat Aug 22 01:06:39.390531 2026] [socache_shmcb:debug] [pid 637738:tid 637738] mod_socache_shmcb.c(863): AH00848: finished insert, subcache: idx_pos/idx_used=24/55, data_pos/data_used=6090/12261
[Sat Aug 22 01:06:39.390534 2026] [socache_shmcb:debug] [pid 637738:tid 637738] mod_socache_shmcb.c(530): AH00834: leaving socache_shmcb_store successfully
[Sat Aug 22 01:06:39.390585 2026] [socache_shmcb:debug] [pid 637738:tid 637738] mod_socache_shmcb.c(508): AH00831: socache_shmcb_store (0xf9 -> subcache 25)
[Sat Aug 22 01:06:39.390591 2026] [socache_shmcb:debug] [pid 637738:tid 637738] mod_socache_shmcb.c(860): AH00847: insert happened at idx=45, data=(10819:10851)
[Sat Aug 22 01:06:39.390594 2026] [socache_shmcb:debug] [pid 637738:tid 637738] mod_socache_shmcb.c(863): AH00848: finished insert, subcache: idx_pos/idx_used=85/49, data_pos/data_used=111/10936
[Sat Aug 22 01:06:39.390597 2026] [socache_shmcb:debug] [pid 637738:tid 637738] mod_socache_shmcb.c(530): AH00834: leaving socache_shmcb_store successfully
[Sat Aug 22 01:06:39.390905 2026] [ssl:debug] [pid 637827:tid 637827] ssl_engine_kernel.c(254): [client 205.169.39.200:54180] AH02034: Initial (No.1) HTTPS request received for child 26 (server www.sses.ilc.edu.tw:443), referer: http://www.sses.ilc.edu.tw/
[Sat Aug 22 01:06:39.391165 2026] [authz_core:debug] [pid 637827:tid 637827] mod_authz_core.c(815): [client 205.169.39.200:54180] AH01626: authorization result of Require all granted: granted, referer: http://www.sses.ilc.edu.tw/
[Sat Aug 22 01:06:39.391173 2026] [authz_core:debug] [pid 637827:tid 637827] mod_authz_core.c(815): [client 205.169.39.200:54180] AH01626: authorization result of : granted, referer: http://www.sses.ilc.edu.tw/
[Sat Aug 22 01:06:39.391921 2026] [deflate:debug] [pid 635617:tid 635617] mod_deflate.c(909): [client 205.169.39.200:31910] AH01384: Zlib: Compressed 59016 to 35712 : URL /wp-includes/css/dashicons.min.css, referer: http://www.sses.ilc.edu.tw/
[Sat Aug 22 01:06:39.392249 2026] [ssl:debug] [pid 637802:tid 637802] ssl_engine_kernel.c(254): [client 205.169.39.200:47440] AH02034: Initial (No.1) HTTPS request received for child 4 (server www.sses.ilc.edu.tw:443), referer: http://www.sses.ilc.edu.tw/
[Sat Aug 22 01:06:39.392253 2026] [ssl:debug] [pid 637801:tid 637801] ssl_engine_kernel.c(254): [client 205.169.39.200:58302] AH02034: Initial (No.1) HTTPS request received for child 1 (server www.sses.ilc.edu.tw:443), referer: http://www.sses.ilc.edu.tw/
[Sat Aug 22 01:06:39.392266 2026] [ssl:debug] [pid 637738:tid 637738] ssl_engine_kernel.c(254): [client 205.169.39.200:6946] AH02034: Initial (No.1) HTTPS request received for child 21 (server www.sses.ilc.edu.tw:443), referer: http://www.sses.ilc.edu.tw/
[Sat Aug 22 01:06:39.392384 2026] [authz_core:debug] [pid 637802:tid 637802] mod_authz_core.c(815): [client 205.169.39.200:47440] AH01626: authorization result of Require all granted: granted, referer: http://www.sses.ilc.edu.tw/
[Sat Aug 22 01:06:39.392388 2026] [authz_core:debug] [pid 637802:tid 637802] mod_authz_core.c(815): [client 205.169.39.200:47440] AH01626: authorization result of : granted, referer: http://www.sses.ilc.edu.tw/
[Sat Aug 22 01:06:39.392397 2026] [authz_core:debug] [pid 637801:tid 637801] mod_authz_core.c(815): [client 205.169.39.200:58302] AH01626: authorization result of Require all granted: granted, referer: http://www.sses.ilc.edu.tw/
[Sat Aug 22 01:06:39.392401 2026] [authz_core:debug] [pid 637801:tid 637801] mod_authz_core.c(815): [client 205.169.39.200:58302] AH01626: authorization result of : granted, referer: http://www.sses.ilc.edu.tw/
[Sat Aug 22 01:06:39.392449 2026] [authz_core:debug] [pid 637738:tid 637738] mod_authz_core.c(815): [client 205.169.39.200:6946] AH01626: authorization result of Require all granted: granted, referer: http://www.sses.ilc.edu.tw/
[Sat Aug 22 01:06:39.392457 2026] [authz_core:debug] [pid 637738:tid 637738] mod_authz_core.c(815): [client 205.169.39.200:6946] AH01626: authorization result of : granted, referer: http://www.sses.ilc.edu.tw/
[Sat Aug 22 01:06:39.392518 2026] [deflate:debug] [pid 637802:tid 637802] mod_deflate.c(909): [client 205.169.39.200:47440] AH01384: Zlib: Compressed 490 to 270 : URL /wp-content/plugins/google-drive-embedder/css/gdm-blocks.css, referer: http://www.sses.ilc.edu.tw/
[Sat Aug 22 01:06:39.392708 2026] [deflate:debug] [pid 637738:tid 637738] mod_deflate.c(909): [client 205.169.39.200:6946] AH01384: Zlib: Compressed 3159 to 1202 : URL /wp-content/themes/oceanwp-child-theme-master3/style.css, referer: http://www.sses.ilc.edu.tw/
[Sat Aug 22 01:06:39.394845 2026] [deflate:debug] [pid 637827:tid 637827] mod_deflate.c(909): [client 205.169.39.200:54180] AH01384: Zlib: Compressed 112427 to 14822 : URL /wp-includes/css/dist/block-library/style.min.css, referer: http://www.sses.ilc.edu.tw/
[Sat Aug 22 01:06:39.396130 2026] [deflate:debug] [pid 637801:tid 637801] mod_deflate.c(909): [client 205.169.39.200:58302] AH01384: Zlib: Compressed 180063 to 27198 : URL /wp-content/themes/oceanwp/assets/css/style.min.css, referer: http://www.sses.ilc.edu.tw/
[Sat Aug 22 01:06:39.550582 2026] [ssl:debug] [pid 637825:tid 637825] ssl_engine_io.c(1150): [client 2a03:2880:f802:10:::61640] AH02001: Connection closed to child 18 with standard shutdown (server www.jwes.ilc.edu.tw:443)
[Sat Aug 22 01:06:39.603394 2026] [ssl:debug] [pid 637802:tid 637802] ssl_engine_kernel.c(254): [client 205.169.39.200:47440] AH02034: Subsequent (No.2) HTTPS request received for child 4 (server www.sses.ilc.edu.tw:443), referer: http://www.sses.ilc.edu.tw/
[Sat Aug 22 01:06:39.603595 2026] [authz_core:debug] [pid 637802:tid 637802] mod_authz_core.c(815): [client 205.169.39.200:47440] AH01626: authorization result of Require all granted: granted, referer: http://www.sses.ilc.edu.tw/
[Sat Aug 22 01:06:39.603600 2026] [authz_core:debug] [pid 637802:tid 637802] mod_authz_core.c(815): [client 205.169.39.200:47440] AH01626: authorization result of : granted, referer: http://www.sses.ilc.edu.tw/
[Sat Aug 22 01:06:39.605374 2026] [ssl:debug] [pid 633057:tid 633057] ssl_engine_kernel.c(2082): [client 205.169.39.200:57064] AH02041: Protocol: TLSv1.3, Cipher: TLS_AES_256_GCM_SHA384 (256/256 bits)
[Sat Aug 22 01:06:39.605416 2026] [socache_shmcb:debug] [pid 633057:tid 633057] mod_socache_shmcb.c(508): AH00831: socache_shmcb_store (0x52 -> subcache 18)
[Sat Aug 22 01:06:39.605423 2026] [socache_shmcb:debug] [pid 633057:tid 633057] mod_socache_shmcb.c(860): AH00847: insert happened at idx=29, data=(7405:7437)
[Sat Aug 22 01:06:39.605425 2026] [socache_shmcb:debug] [pid 633057:tid 633057] mod_socache_shmcb.c(863): AH00848: finished insert, subcache: idx_pos/idx_used=82/36, data_pos/data_used=13449/8049
[Sat Aug 22 01:06:39.605427 2026] [socache_shmcb:debug] [pid 633057:tid 633057] mod_socache_shmcb.c(530): AH00834: leaving socache_shmcb_store successfully
[Sat Aug 22 01:06:39.605476 2026] [socache_shmcb:debug] [pid 633057:tid 633057] mod_socache_shmcb.c(508): AH00831: socache_shmcb_store (0xb6 -> subcache 22)
[Sat Aug 22 01:06:39.605480 2026] [socache_shmcb:debug] [pid 633057:tid 633057] mod_socache_shmcb.c(860): AH00847: insert happened at idx=28, data=(7110:7142)
[Sat Aug 22 01:06:39.605482 2026] [socache_shmcb:debug] [pid 633057:tid 633057] mod_socache_shmcb.c(863): AH00848: finished insert, subcache: idx_pos/idx_used=74/43, data_pos/data_used=11676/9526
[Sat Aug 22 01:06:39.605484 2026] [socache_shmcb:debug] [pid 633057:tid 633057] mod_socache_shmcb.c(530): AH00834: leaving socache_shmcb_store successfully
[Sat Aug 22 01:06:39.605549 2026] [ssl:debug] [pid 637738:tid 637738] ssl_engine_kernel.c(254): [client 205.169.39.200:6946] AH02034: Subsequent (No.2) HTTPS request received for child 21 (server www.sses.ilc.edu.tw:443), referer: http://www.sses.ilc.edu.tw/
[Sat Aug 22 01:06:39.605576 2026] [ssl:debug] [pid 633057:tid 633057] ssl_engine_kernel.c(254): [client 205.169.39.200:57064] AH02034: Initial (No.1) HTTPS request received for child 55 (server www.sses.ilc.edu.tw:443), referer: http://www.sses.ilc.edu.tw/
[Sat Aug 22 01:06:39.605712 2026] [authz_core:debug] [pid 637738:tid 637738] mod_authz_core.c(815): [client 205.169.39.200:6946] AH01626: authorization result of Require all granted: granted, referer: http://www.sses.ilc.edu.tw/
[Sat Aug 22 01:06:39.605717 2026] [authz_core:debug] [pid 637738:tid 637738] mod_authz_core.c(815): [client 205.169.39.200:6946] AH01626: authorization result of : granted, referer: http://www.sses.ilc.edu.tw/
[Sat Aug 22 01:06:39.605723 2026] [authz_core:debug] [pid 633057:tid 633057] mod_authz_core.c(815): [client 205.169.39.200:57064] AH01626: authorization result of Require all granted: granted, referer: http://www.sses.ilc.edu.tw/
[Sat Aug 22 01:06:39.605728 2026] [authz_core:debug] [pid 633057:tid 633057] mod_authz_core.c(815): [client 205.169.39.200:57064] AH01626: authorization result of : granted, referer: http://www.sses.ilc.edu.tw/
[Sat Aug 22 01:06:39.606037 2026] [deflate:debug] [pid 637738:tid 637738] mod_deflate.c(909): [client 205.169.39.200:6946] AH01384: Zlib: Compressed 10927 to 2430 : URL /wp-content/themes/oceanwp/assets/css/third/simple-line-icons.min.css, referer: http://www.sses.ilc.edu.tw/
[Sat Aug 22 01:06:39.606170 2026] [deflate:debug] [pid 633057:tid 633057] mod_deflate.c(909): [client 205.169.39.200:57064] AH01384: Zlib: Compressed 20155 to 3794 : URL /wp-includes/css/admin-bar.min.css, referer: http://www.sses.ilc.edu.tw/
[Sat Aug 22 01:06:39.606176 2026] [deflate:debug] [pid 637802:tid 637802] mod_deflate.c(909): [client 205.169.39.200:47440] AH01384: Zlib: Compressed 102217 to 22405 : URL /wp-content/themes/oceanwp/assets/fonts/fontawesome/css/all.min.css, referer: http://www.sses.ilc.edu.tw/
[Sat Aug 22 01:06:39.648468 2026] [ssl:info] [pid 637739:tid 637739] [client 2400:e920:0:2:f45d:ddff:fe00:7a:57184] AH01964: Connection to child 23 established (server 2blog.ilc.edu.tw:443)
[Sat Aug 22 01:06:39.648641 2026] [ssl:debug] [pid 637739:tid 637739] ssl_engine_kernel.c(2222): [client 2400:e920:0:2:f45d:ddff:fe00:7a:57184] AH02043: SSL virtual host for servername ilta.ilc.edu.tw found
[Sat Aug 22 01:06:39.648701 2026] [core:debug] [pid 637739:tid 637739] protocol.c(2460): [client 2400:e920:0:2:f45d:ddff:fe00:7a:57184] AH03155: select protocol from , choices=http/1.1 for server ilta.ilc.edu.tw
[Sat Aug 22 01:06:39.714270 2026] [ssl:debug] [pid 637823:tid 637823] ssl_engine_kernel.c(2082): [client 9.142.187.176:41510] AH02041: Protocol: TLSv1.3, Cipher: TLS_AES_256_GCM_SHA384 (256/256 bits)
[Sat Aug 22 01:06:39.714333 2026] [socache_shmcb:debug] [pid 637823:tid 637823] mod_socache_shmcb.c(508): AH00831: socache_shmcb_store (0x98 -> subcache 24)
[Sat Aug 22 01:06:39.714350 2026] [socache_shmcb:debug] [pid 637823:tid 637823] mod_socache_shmcb.c(745): AH00842: expiring 3 and reclaiming 0 removed socache entries
[Sat Aug 22 01:06:39.714352 2026] [socache_shmcb:debug] [pid 637823:tid 637823] mod_socache_shmcb.c(765): AH00843: we now have 47 socache entries
[Sat Aug 22 01:06:39.714355 2026] [socache_shmcb:debug] [pid 637823:tid 637823] mod_socache_shmcb.c(860): AH00847: insert happened at idx=44, data=(10745:10777)
[Sat Aug 22 01:06:39.714357 2026] [socache_shmcb:debug] [pid 637823:tid 637823] mod_socache_shmcb.c(863): AH00848: finished insert, subcache: idx_pos/idx_used=85/48, data_pos/data_used=236/10734
[Sat Aug 22 01:06:39.714359 2026] [socache_shmcb:debug] [pid 637823:tid 637823] mod_socache_shmcb.c(530): AH00834: leaving socache_shmcb_store successfully
[Sat Aug 22 01:06:39.714425 2026] [socache_shmcb:debug] [pid 637823:tid 637823] mod_socache_shmcb.c(508): AH00831: socache_shmcb_store (0xe4 -> subcache 4)
[Sat Aug 22 01:06:39.714434 2026] [socache_shmcb:debug] [pid 637823:tid 637823] mod_socache_shmcb.c(860): AH00847: insert happened at idx=79, data=(4251:4283)
[Sat Aug 22 01:06:39.714436 2026] [socache_shmcb:debug] [pid 637823:tid 637823] mod_socache_shmcb.c(863): AH00848: finished insert, subcache: idx_pos/idx_used=42/38, data_pos/data_used=9877/8463
[Sat Aug 22 01:06:39.714438 2026] [socache_shmcb:debug] [pid 637823:tid 637823] mod_socache_shmcb.c(530): AH00834: leaving socache_shmcb_store successfully
[Sat Aug 22 01:06:39.732075 2026] [ssl:debug] [pid 637827:tid 637827] ssl_engine_kernel.c(254): [client 205.169.39.200:54180] AH02034: Subsequent (No.2) HTTPS request received for child 26 (server www.sses.ilc.edu.tw:443), referer: http://www.sses.ilc.edu.tw/
[Sat Aug 22 01:06:39.732283 2026] [authz_core:debug] [pid 637827:tid 637827] mod_authz_core.c(815): [client 205.169.39.200:54180] AH01626: authorization result of Require all granted: granted, referer: http://www.sses.ilc.edu.tw/
[Sat Aug 22 01:06:39.732289 2026] [authz_core:debug] [pid 637827:tid 637827] mod_authz_core.c(815): [client 205.169.39.200:54180] AH01626: authorization result of : granted, referer: http://www.sses.ilc.edu.tw/
[Sat Aug 22 01:06:39.732460 2026] [deflate:debug] [pid 637827:tid 637827] mod_deflate.c(909): [client 205.169.39.200:54180] AH01384: Zlib: Compressed 1214 to 388 : URL /wp-content/plugins/ocean-extra/includes/admin-bar/assets/css/admin-bar.css, referer: http://www.sses.ilc.edu.tw/
[Sat Aug 22 01:06:39.735193 2026] [ssl:debug] [pid 637823:tid 637823] ssl_engine_kernel.c(254): [client 9.142.187.176:41510] AH02034: Initial (No.1) HTTPS request received for child 14 (server 2blog.ilc.edu.tw:443)
[Sat Aug 22 01:06:39.735364 2026] [authz_core:debug] [pid 637823:tid 637823] mod_authz_core.c(815): [client 9.142.187.176:41510] AH01626: authorization result of Require all granted: granted
[Sat Aug 22 01:06:39.735369 2026] [authz_core:debug] [pid 637823:tid 637823] mod_authz_core.c(815): [client 9.142.187.176:41510] AH01626: authorization result of : granted
[Sat Aug 22 01:06:39.737061 2026] [authz_core:debug] [pid 637823:tid 637823] mod_authz_core.c(815): [client 9.142.187.176:41510] AH01626: authorization result of Require all granted: granted
[Sat Aug 22 01:06:39.737075 2026] [authz_core:debug] [pid 637823:tid 637823] mod_authz_core.c(815): [client 9.142.187.176:41510] AH01626: authorization result of : granted
[Sat Aug 22 01:06:39.738595 2026] [ssl:debug] [pid 635617:tid 635617] ssl_engine_kernel.c(254): [client 205.169.39.200:31910] AH02034: Subsequent (No.2) HTTPS request received for child 2 (server www.sses.ilc.edu.tw:443), referer: http://www.sses.ilc.edu.tw/
[Sat Aug 22 01:06:39.738741 2026] [authz_core:debug] [pid 635617:tid 635617] mod_authz_core.c(815): [client 205.169.39.200:31910] AH01626: authorization result of Require all granted: granted, referer: http://www.sses.ilc.edu.tw/
[Sat Aug 22 01:06:39.738745 2026] [authz_core:debug] [pid 635617:tid 635617] mod_authz_core.c(815): [client 205.169.39.200:31910] AH01626: authorization result of : granted, referer: http://www.sses.ilc.edu.tw/
[Sat Aug 22 01:06:39.739639 2026] [deflate:debug] [pid 635617:tid 635617] mod_deflate.c(909): [client 205.169.39.200:31910] AH01384: Zlib: Compressed 53130 to 6779 : URL /wp-content/plugins/ocean-extra/assets/css/widgets.css, referer: http://www.sses.ilc.edu.tw/
[Sat Aug 22 01:06:39.758417 2026] [ssl:debug] [pid 637739:tid 637739] ssl_engine_kernel.c(2082): [client 2400:e920:0:2:f45d:ddff:fe00:7a:57184] AH02041: Protocol: TLSv1.3, Cipher: TLS_AES_256_GCM_SHA384 (256/256 bits)
[Sat Aug 22 01:06:39.758480 2026] [socache_shmcb:debug] [pid 637739:tid 637739] mod_socache_shmcb.c(508): AH00831: socache_shmcb_store (0x2f -> subcache 15)
[Sat Aug 22 01:06:39.758501 2026] [socache_shmcb:debug] [pid 637739:tid 637739] mod_socache_shmcb.c(860): AH00847: insert happened at idx=6, data=(7983:8015)
[Sat Aug 22 01:06:39.758504 2026] [socache_shmcb:debug] [pid 637739:tid 637739] mod_socache_shmcb.c(863): AH00848: finished insert, subcache: idx_pos/idx_used=48/47, data_pos/data_used=11569/10503
[Sat Aug 22 01:06:39.758507 2026] [socache_shmcb:debug] [pid 637739:tid 637739] mod_socache_shmcb.c(530): AH00834: leaving socache_shmcb_store successfully
[Sat Aug 22 01:06:39.758581 2026] [socache_shmcb:debug] [pid 637739:tid 637739] mod_socache_shmcb.c(508): AH00831: socache_shmcb_store (0xea -> subcache 10)
[Sat Aug 22 01:06:39.758587 2026] [socache_shmcb:debug] [pid 637739:tid 637739] mod_socache_shmcb.c(860): AH00847: insert happened at idx=81, data=(4853:4885)
[Sat Aug 22 01:06:39.758603 2026] [socache_shmcb:debug] [pid 637739:tid 637739] mod_socache_shmcb.c(863): AH00848: finished insert, subcache: idx_pos/idx_used=34/48, data_pos/data_used=8242/10699
[Sat Aug 22 01:06:39.758606 2026] [socache_shmcb:debug] [pid 637739:tid 637739] mod_socache_shmcb.c(530): AH00834: leaving socache_shmcb_store successfully
[Sat Aug 22 01:06:39.759041 2026] [ssl:debug] [pid 637739:tid 637739] ssl_engine_kernel.c(254): [client 2400:e920:0:2:f45d:ddff:fe00:7a:57184] AH02034: Initial (No.1) HTTPS request received for child 23 (server ilta.ilc.edu.tw:443), referer: http://ilta.ilc.edu.tw
[Sat Aug 22 01:06:39.759260 2026] [authz_core:debug] [pid 637739:tid 637739] mod_authz_core.c(815): [client 2400:e920:0:2:f45d:ddff:fe00:7a:57184] AH01626: authorization result of Require all granted: granted, referer: http://ilta.ilc.edu.tw
[Sat Aug 22 01:06:39.759266 2026] [authz_core:debug] [pid 637739:tid 637739] mod_authz_core.c(815): [client 2400:e920:0:2:f45d:ddff:fe00:7a:57184] AH01626: authorization result of : granted, referer: http://ilta.ilc.edu.tw
[Sat Aug 22 01:06:39.795645 2026] [ssl:debug] [pid 637738:tid 637738] ssl_engine_kernel.c(254): [client 205.169.39.200:6946] AH02034: Subsequent (No.3) HTTPS request received for child 21 (server www.sses.ilc.edu.tw:443), referer: http://www.sses.ilc.edu.tw/
[Sat Aug 22 01:06:39.795853 2026] [authz_core:debug] [pid 637738:tid 637738] mod_authz_core.c(815): [client 205.169.39.200:6946] AH01626: authorization result of Require all granted: granted, referer: http://www.sses.ilc.edu.tw/
[Sat Aug 22 01:06:39.795861 2026] [authz_core:debug] [pid 637738:tid 637738] mod_authz_core.c(815): [client 205.169.39.200:6946] AH01626: authorization result of : granted, referer: http://www.sses.ilc.edu.tw/
[Sat Aug 22 01:06:39.796609 2026] [ssl:debug] [pid 633057:tid 633057] ssl_engine_kernel.c(254): [client 205.169.39.200:57064] AH02034: Subsequent (No.2) HTTPS request received for child 55 (server www.sses.ilc.edu.tw:443), referer: http://www.sses.ilc.edu.tw/
[Sat Aug 22 01:06:39.796764 2026] [authz_core:debug] [pid 633057:tid 633057] mod_authz_core.c(815): [client 205.169.39.200:57064] AH01626: authorization result of Require all granted: granted, referer: http://www.sses.ilc.edu.tw/
[Sat Aug 22 01:06:39.796769 2026] [authz_core:debug] [pid 633057:tid 633057] mod_authz_core.c(815): [client 205.169.39.200:57064] AH01626: authorization result of : granted, referer: http://www.sses.ilc.edu.tw/
[Sat Aug 22 01:06:39.797235 2026] [deflate:debug] [pid 633057:tid 633057] mod_deflate.c(909): [client 205.169.39.200:57064] AH01384: Zlib: Compressed 13577 to 4854 : URL /wp-includes/js/jquery/jquery-migrate.min.js, referer: http://www.sses.ilc.edu.tw/
[Sat Aug 22 01:06:39.799596 2026] [deflate:debug] [pid 637738:tid 637738] mod_deflate.c(909): [client 205.169.39.200:6946] AH01384: Zlib: Compressed 87553 to 30350 : URL /wp-includes/js/jquery/jquery.min.js, referer: http://www.sses.ilc.edu.tw/
[Sat Aug 22 01:06:39.851131 2026] [deflate:debug] [pid 637739:tid 637739] mod_deflate.c(909): [client 2400:e920:0:2:f45d:ddff:fe00:7a:57184] AH01384: Zlib: Compressed 13605 to 5006 : URL /wp-login.php, referer: http://ilta.ilc.edu.tw
[Sat Aug 22 01:06:39.912693 2026] [watchdog:debug] [pid 637831:tid 637831] mod_watchdog.c(559): AH02980: Watchdog: nothing configured?
[Sat Aug 22 01:06:40.001780 2026] [ssl:debug] [pid 633057:tid 633057] ssl_engine_kernel.c(254): [client 205.169.39.200:57064] AH02034: Subsequent (No.3) HTTPS request received for child 55 (server www.sses.ilc.edu.tw:443), referer: http://www.sses.ilc.edu.tw/
[Sat Aug 22 01:06:40.001973 2026] [authz_core:debug] [pid 633057:tid 633057] mod_authz_core.c(815): [client 205.169.39.200:57064] AH01626: authorization result of Require all granted: granted, referer: http://www.sses.ilc.edu.tw/
[Sat Aug 22 01:06:40.001977 2026] [authz_core:debug] [pid 633057:tid 633057] mod_authz_core.c(815): [client 205.169.39.200:57064] AH01626: authorization result of : granted, referer: http://www.sses.ilc.edu.tw/
[Sat Aug 22 01:06:40.002167 2026] [deflate:debug] [pid 633057:tid 633057] mod_deflate.c(909): [client 205.169.39.200:57064] AH01384: Zlib: Compressed 1718 to 700 : URL /wp-includes/js/hoverintent-js.min.js, referer: http://www.sses.ilc.edu.tw/
[Sat Aug 22 01:06:40.061967 2026] [authz_core:debug] [pid 634877:tid 634877] mod_authz_core.c(815): [client 2400:e920:0:2:f45d:ddff:fe00:7a:57215] AH01626: authorization result of Require all granted: granted, referer: http://ilta.ilc.edu.tw
[Sat Aug 22 01:06:40.061989 2026] [authz_core:debug] [pid 634877:tid 634877] mod_authz_core.c(815): [client 2400:e920:0:2:f45d:ddff:fe00:7a:57215] AH01626: authorization result of : granted, referer: http://ilta.ilc.edu.tw
[Sat Aug 22 01:06:40.145392 2026] [ssl:debug] [pid 637816:tid 637816] ssl_engine_io.c(1150): [client 2409:8718:2724:27::2:30932] AH02001: Connection closed to child 6 with standard shutdown (server 2blog.ilc.edu.tw:443)
[Sat Aug 22 01:06:40.194505 2026] [ssl:debug] [pid 633057:tid 633057] ssl_engine_kernel.c(254): [client 205.169.39.200:57064] AH02034: Subsequent (No.4) HTTPS request received for child 55 (server www.sses.ilc.edu.tw:443), referer: http://www.sses.ilc.edu.tw/
[Sat Aug 22 01:06:40.194700 2026] [authz_core:debug] [pid 633057:tid 633057] mod_authz_core.c(815): [client 205.169.39.200:57064] AH01626: authorization result of Require all granted: granted, referer: http://www.sses.ilc.edu.tw/
[Sat Aug 22 01:06:40.194705 2026] [authz_core:debug] [pid 633057:tid 633057] mod_authz_core.c(815): [client 205.169.39.200:57064] AH01626: authorization result of : granted, referer: http://www.sses.ilc.edu.tw/
[Sat Aug 22 01:06:40.194935 2026] [deflate:debug] [pid 633057:tid 633057] mod_deflate.c(909): [client 205.169.39.200:57064] AH01384: Zlib: Compressed 3487 to 1339 : URL /wp-includes/js/admin-bar.min.js, referer: http://www.sses.ilc.edu.tw/
[Sat Aug 22 01:06:40.200181 2026] [ssl:debug] [pid 637738:tid 637738] ssl_engine_kernel.c(254): [client 205.169.39.200:6946] AH02034: Subsequent (No.4) HTTPS request received for child 21 (server www.sses.ilc.edu.tw:443), referer: http://www.sses.ilc.edu.tw/
[Sat Aug 22 01:06:40.200440 2026] [authz_core:debug] [pid 637738:tid 637738] mod_authz_core.c(815): [client 205.169.39.200:6946] AH01626: authorization result of Require all granted: granted, referer: http://www.sses.ilc.edu.tw/
[Sat Aug 22 01:06:40.200447 2026] [authz_core:debug] [pid 637738:tid 637738] mod_authz_core.c(815): [client 205.169.39.200:6946] AH01626: authorization result of : granted, referer: http://www.sses.ilc.edu.tw/
[Sat Aug 22 01:06:40.200796 2026] [deflate:debug] [pid 637738:tid 637738] mod_deflate.c(909): [client 205.169.39.200:6946] AH01384: Zlib: Compressed 5520 to 1785 : URL /wp-includes/js/imagesloaded.min.js, referer: http://www.sses.ilc.edu.tw/
[Sat Aug 22 01:06:40.237063 2026] [ssl:debug] [pid 635617:tid 635617] ssl_engine_kernel.c(254): [client 205.169.39.200:31910] AH02034: Subsequent (No.3) HTTPS request received for child 2 (server www.sses.ilc.edu.tw:443), referer: http://www.sses.ilc.edu.tw/
[Sat Aug 22 01:06:40.237322 2026] [authz_core:debug] [pid 635617:tid 635617] mod_authz_core.c(815): [client 205.169.39.200:31910] AH01626: authorization result of Require all granted: granted, referer: http://www.sses.ilc.edu.tw/
[Sat Aug 22 01:06:40.237335 2026] [authz_core:debug] [pid 635617:tid 635617] mod_authz_core.c(815): [client 205.169.39.200:31910] AH01626: authorization result of : granted, referer: http://www.sses.ilc.edu.tw/
[Sat Aug 22 01:06:40.237803 2026] [deflate:debug] [pid 635617:tid 635617] mod_deflate.c(909): [client 205.169.39.200:31910] AH01384: Zlib: Compressed 14581 to 3765 : URL /wp-content/themes/oceanwp/assets/js/drop-down-mobile-menu.min.js, referer: http://www.sses.ilc.edu.tw/
[Sat Aug 22 01:06:40.239224 2026] [ssl:debug] [pid 637827:tid 637827] ssl_engine_kernel.c(254): [client 205.169.39.200:54180] AH02034: Subsequent (No.3) HTTPS request received for child 26 (server www.sses.ilc.edu.tw:443), referer: http://www.sses.ilc.edu.tw/
[Sat Aug 22 01:06:40.239486 2026] [authz_core:debug] [pid 637827:tid 637827] mod_authz_core.c(815): [client 205.169.39.200:54180] AH01626: authorization result of Require all granted: granted, referer: http://www.sses.ilc.edu.tw/
[Sat Aug 22 01:06:40.239494 2026] [authz_core:debug] [pid 637827:tid 637827] mod_authz_core.c(815): [client 205.169.39.200:54180] AH01626: authorization result of : granted, referer: http://www.sses.ilc.edu.tw/
[Sat Aug 22 01:06:40.239872 2026] [deflate:debug] [pid 637827:tid 637827] mod_deflate.c(909): [client 205.169.39.200:54180] AH01384: Zlib: Compressed 7540 to 2070 : URL /wp-content/themes/oceanwp/assets/js/drop-down-search.min.js, referer: http://www.sses.ilc.edu.tw/
[Sat Aug 22 01:06:40.281998 2026] [ssl:info] [pid 637736:tid 637736] (70014)End of file found: [client 66.249.79.163:57019] AH01992: SSL library error 6 reading data
[Sat Aug 22 01:06:40.282084 2026] [ssl:debug] [pid 637736:tid 637736] ssl_engine_io.c(1150): [client 66.249.79.163:57019] AH02001: Connection closed to child 19 with standard shutdown (server 2blog.ilc.edu.tw:443)
[Sat Aug 22 01:06:40.291331 2026] [ssl:debug] [pid 637801:tid 637801] ssl_engine_kernel.c(254): [client 205.169.39.200:58302] AH02034: Subsequent (No.2) HTTPS request received for child 1 (server www.sses.ilc.edu.tw:443), referer: http://www.sses.ilc.edu.tw/
[Sat Aug 22 01:06:40.291537 2026] [authz_core:debug] [pid 637801:tid 637801] mod_authz_core.c(815): [client 205.169.39.200:58302] AH01626: authorization result of Require all granted: granted, referer: http://www.sses.ilc.edu.tw/
[Sat Aug 22 01:06:40.291543 2026] [authz_core:debug] [pid 637801:tid 637801] mod_authz_core.c(815): [client 205.169.39.200:58302] AH01626: authorization result of : granted, referer: http://www.sses.ilc.edu.tw/
[Sat Aug 22 01:06:40.292181 2026] [deflate:debug] [pid 637801:tid 637801] mod_deflate.c(909): [client 205.169.39.200:58302] AH01384: Zlib: Compressed 20216 to 7328 : URL /wp-content/themes/oceanwp/assets/js/vendors/magnific-popup.min.js, referer: http://www.sses.ilc.edu.tw/
[Sat Aug 22 01:06:40.381514 2026] [ssl:info] [pid 637825:tid 637825] [client 2400:e920:0:2:f45d:ddff:fe00:7a:57226] AH01964: Connection to child 18 established (server 2blog.ilc.edu.tw:443)
[Sat Aug 22 01:06:40.381750 2026] [ssl:debug] [pid 637825:tid 637825] ssl_engine_kernel.c(2222): [client 2400:e920:0:2:f45d:ddff:fe00:7a:57226] AH02043: SSL virtual host for servername ilta.ilc.edu.tw found
[Sat Aug 22 01:06:40.381822 2026] [core:debug] [pid 637825:tid 637825] protocol.c(2460): [client 2400:e920:0:2:f45d:ddff:fe00:7a:57226] AH03155: select protocol from , choices=http/1.1 for server ilta.ilc.edu.tw
[Sat Aug 22 01:06:40.391655 2026] [ssl:debug] [pid 637738:tid 637738] ssl_engine_kernel.c(254): [client 205.169.39.200:6946] AH02034: Subsequent (No.5) HTTPS request received for child 21 (server www.sses.ilc.edu.tw:443), referer: http://www.sses.ilc.edu.tw/
[Sat Aug 22 01:06:40.391910 2026] [authz_core:debug] [pid 637738:tid 637738] mod_authz_core.c(815): [client 205.169.39.200:6946] AH01626: authorization result of Require all granted: granted, referer: http://www.sses.ilc.edu.tw/
[Sat Aug 22 01:06:40.391913 2026] [ssl:debug] [pid 633057:tid 633057] ssl_engine_kernel.c(254): [client 205.169.39.200:57064] AH02034: Subsequent (No.5) HTTPS request received for child 55 (server www.sses.ilc.edu.tw:443), referer: http://www.sses.ilc.edu.tw/
[Sat Aug 22 01:06:40.391918 2026] [authz_core:debug] [pid 637738:tid 637738] mod_authz_core.c(815): [client 205.169.39.200:6946] AH01626: authorization result of : granted, referer: http://www.sses.ilc.edu.tw/
[Sat Aug 22 01:06:40.392081 2026] [authz_core:debug] [pid 633057:tid 633057] mod_authz_core.c(815): [client 205.169.39.200:57064] AH01626: authorization result of Require all granted: granted, referer: http://www.sses.ilc.edu.tw/
[Sat Aug 22 01:06:40.392087 2026] [authz_core:debug] [pid 633057:tid 633057] mod_authz_core.c(815): [client 205.169.39.200:57064] AH01626: authorization result of : granted, referer: http://www.sses.ilc.edu.tw/
[Sat Aug 22 01:06:40.392158 2026] [deflate:debug] [pid 637738:tid 637738] mod_deflate.c(909): [client 205.169.39.200:6946] AH01384: Zlib: Compressed 4111 to 1423 : URL /wp-content/themes/oceanwp/assets/js/ow-lightbox.min.js, referer: http://www.sses.ilc.edu.tw/
[Sat Aug 22 01:06:40.393818 2026] [deflate:debug] [pid 633057:tid 633057] mod_deflate.c(909): [client 205.169.39.200:57064] AH01384: Zlib: Compressed 57513 to 14083 : URL /wp-content/themes/oceanwp/assets/js/vendors/flickity.pkgd.min.js, referer: http://www.sses.ilc.edu.tw/
[Sat Aug 22 01:06:40.416021 2026] [ssl:debug] [pid 637827:tid 637827] ssl_engine_kernel.c(254): [client 205.169.39.200:54180] AH02034: Subsequent (No.4) HTTPS request received for child 26 (server www.sses.ilc.edu.tw:443), referer: http://www.sses.ilc.edu.tw/
[Sat Aug 22 01:06:40.416317 2026] [authz_core:debug] [pid 637827:tid 637827] mod_authz_core.c(815): [client 205.169.39.200:54180] AH01626: authorization result of Require all granted: granted, referer: http://www.sses.ilc.edu.tw/
[Sat Aug 22 01:06:40.416331 2026] [authz_core:debug] [pid 637827:tid 637827] mod_authz_core.c(815): [client 205.169.39.200:54180] AH01626: authorization result of : granted, referer: http://www.sses.ilc.edu.tw/
[Sat Aug 22 01:06:40.416813 2026] [deflate:debug] [pid 637827:tid 637827] mod_deflate.c(909): [client 205.169.39.200:54180] AH01384: Zlib: Compressed 12402 to 3229 : URL /wp-content/themes/oceanwp/assets/js/scroll-effect.min.js, referer: http://www.sses.ilc.edu.tw/
[Sat Aug 22 01:06:40.489771 2026] [ssl:debug] [pid 637801:tid 637801] ssl_engine_kernel.c(254): [client 205.169.39.200:58302] AH02034: Subsequent (No.3) HTTPS request received for child 1 (server www.sses.ilc.edu.tw:443), referer: http://www.sses.ilc.edu.tw/
[Sat Aug 22 01:06:40.489989 2026] [authz_core:debug] [pid 637801:tid 637801] mod_authz_core.c(815): [client 205.169.39.200:58302] AH01626: authorization result of Require all granted: granted, referer: http://www.sses.ilc.edu.tw/
[Sat Aug 22 01:06:40.489995 2026] [authz_core:debug] [pid 637801:tid 637801] mod_authz_core.c(815): [client 205.169.39.200:58302] AH01626: authorization result of : granted, referer: http://www.sses.ilc.edu.tw/
[Sat Aug 22 01:06:40.490304 2026] [deflate:debug] [pid 637801:tid 637801] mod_deflate.c(909): [client 205.169.39.200:58302] AH01384: Zlib: Compressed 8989 to 2304 : URL /wp-content/themes/oceanwp/assets/js/scroll-top.min.js, referer: http://www.sses.ilc.edu.tw/
[Sat Aug 22 01:06:40.492507 2026] [ssl:debug] [pid 637825:tid 637825] ssl_engine_kernel.c(2082): [client 2400:e920:0:2:f45d:ddff:fe00:7a:57226] AH02041: Protocol: TLSv1.3, Cipher: TLS_AES_256_GCM_SHA384 (256/256 bits)
[Sat Aug 22 01:06:40.492552 2026] [socache_shmcb:debug] [pid 637825:tid 637825] mod_socache_shmcb.c(508): AH00831: socache_shmcb_store (0xbd -> subcache 29)
[Sat Aug 22 01:06:40.492567 2026] [socache_shmcb:debug] [pid 637825:tid 637825] mod_socache_shmcb.c(860): AH00847: insert happened at idx=31, data=(7582:7614)
[Sat Aug 22 01:06:40.492569 2026] [socache_shmcb:debug] [pid 637825:tid 637825] mod_socache_shmcb.c(863): AH00848: finished insert, subcache: idx_pos/idx_used=83/37, data_pos/data_used=13447/8224
[Sat Aug 22 01:06:40.492571 2026] [socache_shmcb:debug] [pid 637825:tid 637825] mod_socache_shmcb.c(530): AH00834: leaving socache_shmcb_store successfully
[Sat Aug 22 01:06:40.492626 2026] [socache_shmcb:debug] [pid 637825:tid 637825] mod_socache_shmcb.c(508): AH00831: socache_shmcb_store (0x89 -> subcache 9)
[Sat Aug 22 01:06:40.492634 2026] [socache_shmcb:debug] [pid 637825:tid 637825] mod_socache_shmcb.c(860): AH00847: insert happened at idx=47, data=(11245:11277)
[Sat Aug 22 01:06:40.492637 2026] [socache_shmcb:debug] [pid 637825:tid 637825] mod_socache_shmcb.c(863): AH00848: finished insert, subcache: idx_pos/idx_used=87/49, data_pos/data_used=670/10799
[Sat Aug 22 01:06:40.492639 2026] [socache_shmcb:debug] [pid 637825:tid 637825] mod_socache_shmcb.c(530): AH00834: leaving socache_shmcb_store successfully
[Sat Aug 22 01:06:40.493160 2026] [ssl:debug] [pid 637825:tid 637825] ssl_engine_kernel.c(254): [client 2400:e920:0:2:f45d:ddff:fe00:7a:57226] AH02034: Initial (No.1) HTTPS request received for child 18 (server ilta.ilc.edu.tw:443), referer: http://ilta.ilc.edu.tw
[Sat Aug 22 01:06:40.493319 2026] [authz_core:debug] [pid 637825:tid 637825] mod_authz_core.c(815): [client 2400:e920:0:2:f45d:ddff:fe00:7a:57226] AH01626: authorization result of Require all granted: granted, referer: http://ilta.ilc.edu.tw
[Sat Aug 22 01:06:40.493324 2026] [authz_core:debug] [pid 637825:tid 637825] mod_authz_core.c(815): [client 2400:e920:0:2:f45d:ddff:fe00:7a:57226] AH01626: authorization result of : granted, referer: http://ilta.ilc.edu.tw
[Sat Aug 22 01:06:40.560997 2026] [ssl:debug] [pid 633143:tid 633143] ssl_engine_io.c(1150): [client 2409:8770:2f0:650::49:8470] AH02001: Connection closed to child 0 with standard shutdown (server 2blog.ilc.edu.tw:443)
[Sat Aug 22 01:06:40.576737 2026] [deflate:debug] [pid 637825:tid 637825] mod_deflate.c(909): [client 2400:e920:0:2:f45d:ddff:fe00:7a:57226] AH01384: Zlib: Compressed 13605 to 5006 : URL /wp-login.php, referer: http://ilta.ilc.edu.tw
[Sat Aug 22 01:06:40.596204 2026] [ssl:debug] [pid 637738:tid 637738] ssl_engine_kernel.c(254): [client 205.169.39.200:6946] AH02034: Subsequent (No.6) HTTPS request received for child 21 (server www.sses.ilc.edu.tw:443), referer: http://www.sses.ilc.edu.tw/
[Sat Aug 22 01:06:40.596405 2026] [authz_core:debug] [pid 637738:tid 637738] mod_authz_core.c(815): [client 205.169.39.200:6946] AH01626: authorization result of Require all granted: granted, referer: http://www.sses.ilc.edu.tw/
[Sat Aug 22 01:06:40.596410 2026] [authz_core:debug] [pid 637738:tid 637738] mod_authz_core.c(815): [client 205.169.39.200:6946] AH01626: authorization result of : granted, referer: http://www.sses.ilc.edu.tw/
[Sat Aug 22 01:06:40.596651 2026] [deflate:debug] [pid 637738:tid 637738] mod_deflate.c(909): [client 205.169.39.200:6946] AH01384: Zlib: Compressed 5181 to 1510 : URL /wp-content/themes/oceanwp/assets/js/select.min.js, referer: http://www.sses.ilc.edu.tw/
[Sat Aug 22 01:06:40.597185 2026] [ssl:debug] [pid 637827:tid 637827] ssl_engine_kernel.c(254): [client 205.169.39.200:54180] AH02034: Subsequent (No.5) HTTPS request received for child 26 (server www.sses.ilc.edu.tw:443), referer: http://www.sses.ilc.edu.tw/
[Sat Aug 22 01:06:40.597329 2026] [authz_core:debug] [pid 637827:tid 637827] mod_authz_core.c(815): [client 205.169.39.200:54180] AH01626: authorization result of Require all granted: granted, referer: http://www.sses.ilc.edu.tw/
[Sat Aug 22 01:06:40.597333 2026] [authz_core:debug] [pid 637827:tid 637827] mod_authz_core.c(815): [client 205.169.39.200:54180] AH01626: authorization result of : granted, referer: http://www.sses.ilc.edu.tw/
[Sat Aug 22 01:06:40.597470 2026] [deflate:debug] [pid 637827:tid 637827] mod_deflate.c(909): [client 205.169.39.200:54180] AH01384: Zlib: Compressed 712 to 422 : URL /wp-content/plugins/ocean-extra/includes/widgets/js/flickr.min.js, referer: http://www.sses.ilc.edu.tw/
[Sat Aug 22 01:06:40.598673 2026] [ssl:debug] [pid 633057:tid 633057] ssl_engine_kernel.c(254): [client 205.169.39.200:57064] AH02034: Subsequent (No.6) HTTPS request received for child 55 (server www.sses.ilc.edu.tw:443), referer: http://www.sses.ilc.edu.tw/
[Sat Aug 22 01:06:40.601343 2026] [authz_core:debug] [pid 633057:tid 633057] mod_authz_core.c(815): [client 205.169.39.200:57064] AH01626: authorization result of Require all granted: granted, referer: http://www.sses.ilc.edu.tw/
[Sat Aug 22 01:06:40.601356 2026] [authz_core:debug] [pid 633057:tid 633057] mod_authz_core.c(815): [client 205.169.39.200:57064] AH01626: authorization result of : granted, referer: http://www.sses.ilc.edu.tw/
[Sat Aug 22 01:06:40.677158 2026] [ssl:debug] [pid 637808:tid 637808] ssl_engine_kernel.c(254): [client 2409:8770:2f0:650::49:8468] AH02034: Subsequent (No.3) HTTPS request received for child 16 (server 2blog.ilc.edu.tw:443), referer: https://2blog.ilc.edu.tw/32858/2016/06/
[Sat Aug 22 01:06:40.677425 2026] [authz_core:debug] [pid 637808:tid 637808] mod_authz_core.c(815): [client 2409:8770:2f0:650::49:8468] AH01626: authorization result of Require all granted: granted, referer: https://2blog.ilc.edu.tw/32858/2016/06/
[Sat Aug 22 01:06:40.677433 2026] [authz_core:debug] [pid 637808:tid 637808] mod_authz_core.c(815): [client 2409:8770:2f0:650::49:8468] AH01626: authorization result of : granted, referer: https://2blog.ilc.edu.tw/32858/2016/06/
[Sat Aug 22 01:06:40.677633 2026] [authz_core:debug] [pid 637808:tid 637808] mod_authz_core.c(815): [client 2409:8770:2f0:650::49:8468] AH01626: authorization result of Require all granted: granted, referer: https://2blog.ilc.edu.tw/32858/2016/06/
[Sat Aug 22 01:06:40.677642 2026] [authz_core:debug] [pid 637808:tid 637808] mod_authz_core.c(815): [client 2409:8770:2f0:650::49:8468] AH01626: authorization result of : granted, referer: https://2blog.ilc.edu.tw/32858/2016/06/
[Sat Aug 22 01:06:40.685943 2026] [ssl:info] [pid 637825:tid 637825] (70014)End of file found: [client 2400:e920:0:2:f45d:ddff:fe00:7a:57226] AH01992: SSL library error 6 reading data
[Sat Aug 22 01:06:40.686003 2026] [ssl:debug] [pid 637825:tid 637825] ssl_engine_io.c(1150): [client 2400:e920:0:2:f45d:ddff:fe00:7a:57226] AH02001: Connection closed to child 18 with standard shutdown (server ilta.ilc.edu.tw:443)
[Sat Aug 22 01:06:40.686117 2026] [ssl:info] [pid 637739:tid 637739] (70014)End of file found: [client 2400:e920:0:2:f45d:ddff:fe00:7a:57184] AH01992: SSL library error 6 reading data
[Sat Aug 22 01:06:40.686177 2026] [ssl:debug] [pid 637739:tid 637739] ssl_engine_io.c(1150): [client 2400:e920:0:2:f45d:ddff:fe00:7a:57184] AH02001: Connection closed to child 23 with standard shutdown (server ilta.ilc.edu.tw:443)
[Sat Aug 22 01:06:40.690786 2026] [ssl:debug] [pid 637801:tid 637801] ssl_engine_kernel.c(254): [client 205.169.39.200:58302] AH02034: Subsequent (No.4) HTTPS request received for child 1 (server www.sses.ilc.edu.tw:443), referer: http://www.sses.ilc.edu.tw/
[Sat Aug 22 01:06:40.691258 2026] [ssl:debug] [pid 637802:tid 637802] ssl_engine_kernel.c(254): [client 205.169.39.200:47440] AH02034: Subsequent (No.3) HTTPS request received for child 4 (server www.sses.ilc.edu.tw:443), referer: http://www.sses.ilc.edu.tw/
[Sat Aug 22 01:06:40.691359 2026] [authz_core:debug] [pid 637801:tid 637801] mod_authz_core.c(815): [client 205.169.39.200:58302] AH01626: authorization result of Require all granted: granted, referer: http://www.sses.ilc.edu.tw/
[Sat Aug 22 01:06:40.691368 2026] [authz_core:debug] [pid 637801:tid 637801] mod_authz_core.c(815): [client 205.169.39.200:58302] AH01626: authorization result of : granted, referer: http://www.sses.ilc.edu.tw/
[Sat Aug 22 01:06:40.691424 2026] [authz_core:debug] [pid 637802:tid 637802] mod_authz_core.c(815): [client 205.169.39.200:47440] AH01626: authorization result of Require all granted: granted, referer: http://www.sses.ilc.edu.tw/
[Sat Aug 22 01:06:40.691430 2026] [authz_core:debug] [pid 637802:tid 637802] mod_authz_core.c(815): [client 205.169.39.200:47440] AH01626: authorization result of : granted, referer: http://www.sses.ilc.edu.tw/
[Sat Aug 22 01:06:40.691882 2026] [deflate:debug] [pid 637802:tid 637802] mod_deflate.c(909): [client 205.169.39.200:47440] AH01384: Zlib: Compressed 19719 to 4232 : URL /wp-content/themes/oceanwp/assets/js/theme.min.js, referer: http://www.sses.ilc.edu.tw/
[Sat Aug 22 01:06:40.795272 2026] [ssl:debug] [pid 637738:tid 637738] ssl_engine_kernel.c(254): [client 205.169.39.200:6946] AH02034: Subsequent (No.7) HTTPS request received for child 21 (server www.sses.ilc.edu.tw:443), referer: http://www.sses.ilc.edu.tw/
[Sat Aug 22 01:06:40.796614 2026] [authz_core:debug] [pid 637738:tid 637738] mod_authz_core.c(815): [client 205.169.39.200:6946] AH01626: authorization result of Require all granted: granted, referer: http://www.sses.ilc.edu.tw/
[Sat Aug 22 01:06:40.796637 2026] [authz_core:debug] [pid 637738:tid 637738] mod_authz_core.c(815): [client 205.169.39.200:6946] AH01626: authorization result of : granted, referer: http://www.sses.ilc.edu.tw/
[Sat Aug 22 01:06:40.850755 2026] [ssl:debug] [pid 635617:tid 635617] ssl_engine_kernel.c(254): [client 205.169.39.200:31910] AH02034: Subsequent (No.4) HTTPS request received for child 2 (server www.sses.ilc.edu.tw:443), referer: http://www.sses.ilc.edu.tw/
[Sat Aug 22 01:06:40.850956 2026] [authz_core:debug] [pid 635617:tid 635617] mod_authz_core.c(815): [client 205.169.39.200:31910] AH01626: authorization result of Require all granted: granted, referer: http://www.sses.ilc.edu.tw/
[Sat Aug 22 01:06:40.850962 2026] [authz_core:debug] [pid 635617:tid 635617] mod_authz_core.c(815): [client 205.169.39.200:31910] AH01626: authorization result of : granted, referer: http://www.sses.ilc.edu.tw/
[Sat Aug 22 01:06:40.851160 2026] [deflate:debug] [pid 635617:tid 635617] mod_deflate.c(909): [client 205.169.39.200:31910] AH01384: Zlib: Compressed 2002 to 864 : URL /wp-content/themes/oceanwp/assets/js/ow-slider.min.js, referer: http://www.sses.ilc.edu.tw/
[Sat Aug 22 01:06:40.888650 2026] [ssl:debug] [pid 637802:tid 637802] ssl_engine_kernel.c(254): [client 205.169.39.200:47440] AH02034: Subsequent (No.4) HTTPS request received for child 4 (server www.sses.ilc.edu.tw:443), referer: http://www.sses.ilc.edu.tw/
[Sat Aug 22 01:06:40.889211 2026] [authz_core:debug] [pid 637802:tid 637802] mod_authz_core.c(815): [client 205.169.39.200:47440] AH01626: authorization result of Require all granted: granted, referer: http://www.sses.ilc.edu.tw/
[Sat Aug 22 01:06:40.889222 2026] [authz_core:debug] [pid 637802:tid 637802] mod_authz_core.c(815): [client 205.169.39.200:47440] AH01626: authorization result of : granted, referer: http://www.sses.ilc.edu.tw/
[Sat Aug 22 01:06:40.949158 2026] [ssl:info] [pid 637831:tid 637831] [client 66.249.79.36:56383] AH01964: Connection to child 30 established (server 2blog.ilc.edu.tw:443)
[Sat Aug 22 01:06:40.949552 2026] [ssl:debug] [pid 637831:tid 637831] ssl_engine_kernel.c(2222): [client 66.249.79.36:56383] AH02043: SSL virtual host for servername www.bhoes.ilc.edu.tw found
[Sat Aug 22 01:06:40.949731 2026] [ssl:debug] [pid 637831:tid 637831] ssl_util_stapling.c(819): AH01951: stapling_cb: OCSP Stapling callback called
[Sat Aug 22 01:06:40.949740 2026] [ssl:info] [pid 637831:tid 637831] AH01926: stapling_get_certinfo: stapling not supported for certificate
[Sat Aug 22 01:06:40.985494 2026] [ssl:debug] [pid 633057:tid 633057] ssl_engine_kernel.c(254): [client 205.169.39.200:57064] AH02034: Subsequent (No.7) HTTPS request received for child 55 (server www.sses.ilc.edu.tw:443), referer: http://www.sses.ilc.edu.tw/
[Sat Aug 22 01:06:40.989012 2026] [authz_core:debug] [pid 633057:tid 633057] mod_authz_core.c(815): [client 205.169.39.200:57064] AH01626: authorization result of Require all granted: granted, referer: http://www.sses.ilc.edu.tw/
[Sat Aug 22 01:06:40.989031 2026] [authz_core:debug] [pid 633057:tid 633057] mod_authz_core.c(815): [client 205.169.39.200:57064] AH01626: authorization result of : granted, referer: http://www.sses.ilc.edu.tw/
[Sat Aug 22 01:06:41.024103 2026] [ssl:debug] [pid 635617:tid 635617] ssl_engine_kernel.c(254): [client 205.169.39.200:31910] AH02034: Subsequent (No.5) HTTPS request received for child 2 (server www.sses.ilc.edu.tw:443), referer: http://www.sses.ilc.edu.tw/
[Sat Aug 22 01:06:41.024665 2026] [authz_core:debug] [pid 635617:tid 635617] mod_authz_core.c(815): [client 205.169.39.200:31910] AH01626: authorization result of Require all granted: granted, referer: http://www.sses.ilc.edu.tw/
[Sat Aug 22 01:06:41.024676 2026] [authz_core:debug] [pid 635617:tid 635617] mod_authz_core.c(815): [client 205.169.39.200:31910] AH01626: authorization result of : granted, referer: http://www.sses.ilc.edu.tw/
[Sat Aug 22 01:06:41.083809 2026] [ssl:debug] [pid 637831:tid 637831] ssl_engine_kernel.c(2082): [client 66.249.79.36:56383] AH02041: Protocol: TLSv1.3, Cipher: TLS_AES_256_GCM_SHA384 (256/256 bits)
[Sat Aug 22 01:06:41.083892 2026] [socache_shmcb:debug] [pid 637831:tid 637831] mod_socache_shmcb.c(508): AH00831: socache_shmcb_store (0x86 -> subcache 6)
[Sat Aug 22 01:06:41.083904 2026] [socache_shmcb:debug] [pid 637831:tid 637831] mod_socache_shmcb.c(745): AH00842: expiring 1 and reclaiming 0 removed socache entries
[Sat Aug 22 01:06:41.083908 2026] [socache_shmcb:debug] [pid 637831:tid 637831] mod_socache_shmcb.c(765): AH00843: we now have 29 socache entries
[Sat Aug 22 01:06:41.083909 2026] [socache_shmcb:debug] [pid 637831:tid 637831] mod_socache_shmcb.c(860): AH00847: insert happened at idx=18, data=(4760:4792)
[Sat Aug 22 01:06:41.083911 2026] [socache_shmcb:debug] [pid 637831:tid 637831] mod_socache_shmcb.c(863): AH00848: finished insert, subcache: idx_pos/idx_used=77/30, data_pos/data_used=12123/6718
[Sat Aug 22 01:06:41.083913 2026] [socache_shmcb:debug] [pid 637831:tid 637831] mod_socache_shmcb.c(530): AH00834: leaving socache_shmcb_store successfully
[Sat Aug 22 01:06:41.083978 2026] [socache_shmcb:debug] [pid 637831:tid 637831] mod_socache_shmcb.c(508): AH00831: socache_shmcb_store (0x3b -> subcache 27)
[Sat Aug 22 01:06:41.083987 2026] [socache_shmcb:debug] [pid 637831:tid 637831] mod_socache_shmcb.c(860): AH00847: insert happened at idx=50, data=(11927:11959)
[Sat Aug 22 01:06:41.083989 2026] [socache_shmcb:debug] [pid 637831:tid 637831] mod_socache_shmcb.c(863): AH00848: finished insert, subcache: idx_pos/idx_used=3/48, data_pos/data_used=1545/10600
[Sat Aug 22 01:06:41.083991 2026] [socache_shmcb:debug] [pid 637831:tid 637831] mod_socache_shmcb.c(530): AH00834: leaving socache_shmcb_store successfully
[Sat Aug 22 01:06:41.084139 2026] [ssl:debug] [pid 637831:tid 637831] ssl_engine_kernel.c(254): [client 66.249.79.36:56383] AH02034: Initial (No.1) HTTPS request received for child 30 (server www.bhoes.ilc.edu.tw:443)
[Sat Aug 22 01:06:41.084407 2026] [authz_core:debug] [pid 637831:tid 637831] mod_authz_core.c(815): [client 66.249.79.36:56383] AH01626: authorization result of Require all granted: granted
[Sat Aug 22 01:06:41.084413 2026] [authz_core:debug] [pid 637831:tid 637831] mod_authz_core.c(815): [client 66.249.79.36:56383] AH01626: authorization result of : granted
[Sat Aug 22 01:06:41.088270 2026] [ssl:debug] [pid 637801:tid 637801] ssl_engine_kernel.c(254): [client 205.169.39.200:58302] AH02034: Subsequent (No.5) HTTPS request received for child 1 (server www.sses.ilc.edu.tw:443), referer: http://www.sses.ilc.edu.tw/
[Sat Aug 22 01:06:41.088858 2026] [authz_core:debug] [pid 637801:tid 637801] mod_authz_core.c(815): [client 205.169.39.200:58302] AH01626: authorization result of Require all granted: granted, referer: http://www.sses.ilc.edu.tw/
[Sat Aug 22 01:06:41.088869 2026] [authz_core:debug] [pid 637801:tid 637801] mod_authz_core.c(815): [client 205.169.39.200:58302] AH01626: authorization result of : granted, referer: http://www.sses.ilc.edu.tw/
[Sat Aug 22 01:06:41.187949 2026] [ssl:debug] [pid 633057:tid 633057] ssl_engine_kernel.c(254): [client 205.169.39.200:57064] AH02034: Subsequent (No.8) HTTPS request received for child 55 (server www.sses.ilc.edu.tw:443), referer: http://www.sses.ilc.edu.tw/
[Sat Aug 22 01:06:41.188509 2026] [authz_core:debug] [pid 633057:tid 633057] mod_authz_core.c(815): [client 205.169.39.200:57064] AH01626: authorization result of Require all granted: granted, referer: http://www.sses.ilc.edu.tw/
[Sat Aug 22 01:06:41.188520 2026] [authz_core:debug] [pid 633057:tid 633057] mod_authz_core.c(815): [client 205.169.39.200:57064] AH01626: authorization result of : granted, referer: http://www.sses.ilc.edu.tw/
[Sat Aug 22 01:06:41.197593 2026] [ssl:debug] [pid 635617:tid 635617] ssl_engine_kernel.c(254): [client 205.169.39.200:31910] AH02034: Subsequent (No.6) HTTPS request received for child 2 (server www.sses.ilc.edu.tw:443), referer: http://www.sses.ilc.edu.tw/
[Sat Aug 22 01:06:41.198119 2026] [authz_core:debug] [pid 635617:tid 635617] mod_authz_core.c(815): [client 205.169.39.200:31910] AH01626: authorization result of Require all granted: granted, referer: http://www.sses.ilc.edu.tw/
[Sat Aug 22 01:06:41.198153 2026] [authz_core:debug] [pid 635617:tid 635617] mod_authz_core.c(815): [client 205.169.39.200:31910] AH01626: authorization result of : granted, referer: http://www.sses.ilc.edu.tw/
[Sat Aug 22 01:06:41.203255 2026] [ssl:debug] [pid 637827:tid 637827] ssl_engine_kernel.c(254): [client 205.169.39.200:54180] AH02034: Subsequent (No.6) HTTPS request received for child 26 (server www.sses.ilc.edu.tw:443), referer: http://www.sses.ilc.edu.tw/
[Sat Aug 22 01:06:41.203736 2026] [authz_core:debug] [pid 637827:tid 637827] mod_authz_core.c(815): [client 205.169.39.200:54180] AH01626: authorization result of Require all granted: granted, referer: http://www.sses.ilc.edu.tw/
