[Sat Aug 22 01:03:18.368182 2026] [ssl:debug] [pid 633012:tid 633012] ssl_engine_kernel.c(2222): [client 216.73.216.122:13109] AH02043: SSL virtual host for servername 2blog.ilc.edu.tw found
[Sat Aug 22 01:03:18.368253 2026] [core:debug] [pid 633012:tid 633012] protocol.c(2460): [client 216.73.216.122:13109] AH03155: select protocol from , choices=h2,http/1.1 for server 2blog.ilc.edu.tw
[Sat Aug 22 01:03:18.368299 2026] [ssl:debug] [pid 633012:tid 633012] ssl_util_stapling.c(819): AH01951: stapling_cb: OCSP Stapling callback called
[Sat Aug 22 01:03:18.368311 2026] [ssl:info] [pid 633012:tid 633012] AH01926: stapling_get_certinfo: stapling not supported for certificate
[Sat Aug 22 01:03:18.478481 2026] [ssl:debug] [pid 633011:tid 633011] ssl_engine_kernel.c(254): [client 216.73.216.122:34801] AH02034: Subsequent (No.2) HTTPS request received for child 2 (server 2blog.ilc.edu.tw:443)
[Sat Aug 22 01:03:18.478668 2026] [authz_core:debug] [pid 633011:tid 633011] mod_authz_core.c(815): [client 216.73.216.122:34801] AH01626: authorization result of Require all granted: granted
[Sat Aug 22 01:03:18.478674 2026] [authz_core:debug] [pid 633011:tid 633011] mod_authz_core.c(815): [client 216.73.216.122:34801] AH01626: authorization result of : granted
[Sat Aug 22 01:03:18.478783 2026] [authz_core:debug] [pid 633011:tid 633011] mod_authz_core.c(815): [client 216.73.216.122:34801] AH01626: authorization result of Require all granted: granted
[Sat Aug 22 01:03:18.478787 2026] [authz_core:debug] [pid 633011:tid 633011] mod_authz_core.c(815): [client 216.73.216.122:34801] AH01626: authorization result of : granted
[Sat Aug 22 01:03:18.532170 2026] [ssl:debug] [pid 632863:tid 632863] ssl_engine_kernel.c(254): [client 216.73.216.122:47008] AH02034: Subsequent (No.2) HTTPS request received for child 4 (server 2blog.ilc.edu.tw:443)
[Sat Aug 22 01:03:18.532346 2026] [authz_core:debug] [pid 632863:tid 632863] mod_authz_core.c(815): [client 216.73.216.122:47008] AH01626: authorization result of Require all granted: granted
[Sat Aug 22 01:03:18.532351 2026] [authz_core:debug] [pid 632863:tid 632863] mod_authz_core.c(815): [client 216.73.216.122:47008] AH01626: authorization result of : granted
[Sat Aug 22 01:03:18.532457 2026] [authz_core:debug] [pid 632863:tid 632863] mod_authz_core.c(815): [client 216.73.216.122:47008] AH01626: authorization result of Require all granted: granted
[Sat Aug 22 01:03:18.532460 2026] [authz_core:debug] [pid 632863:tid 632863] mod_authz_core.c(815): [client 216.73.216.122:47008] AH01626: authorization result of : granted
[Sat Aug 22 01:03:18.533409 2026] [ssl:debug] [pid 632999:tid 632999] ssl_engine_kernel.c(254): [client 2409:8718:270a:103b::2:64062] AH02034: Subsequent (No.2) HTTPS request received for child 7 (server ilta.ilc.edu.tw:443), referer: https://ilta.ilc.edu.tw/2012/11/page/2/
[Sat Aug 22 01:03:18.533595 2026] [authz_core:debug] [pid 632999:tid 632999] mod_authz_core.c(815): [client 2409:8718:270a:103b::2:64062] AH01626: authorization result of Require all granted: granted, referer: https://ilta.ilc.edu.tw/2012/11/page/2/
[Sat Aug 22 01:03:18.533602 2026] [authz_core:debug] [pid 632999:tid 632999] mod_authz_core.c(815): [client 2409:8718:270a:103b::2:64062] AH01626: authorization result of : granted, referer: https://ilta.ilc.edu.tw/2012/11/page/2/
[Sat Aug 22 01:03:18.533847 2026] [deflate:debug] [pid 632999:tid 632999] mod_deflate.c(909): [client 2409:8718:270a:103b::2:64062] AH01384: Zlib: Compressed 4111 to 1423 : URL /wp-content/themes/oceanwp/assets/js/ow-lightbox.min.js, referer: https://ilta.ilc.edu.tw/2012/11/page/2/
[Sat Aug 22 01:03:18.562492 2026] [ssl:debug] [pid 632997:tid 632997] ssl_engine_kernel.c(254): [client 2409:8718:270a:103b::2:64068] AH02034: Subsequent (No.3) HTTPS request received for child 5 (server ilta.ilc.edu.tw:443), referer: https://ilta.ilc.edu.tw/2012/11/page/2/
[Sat Aug 22 01:03:18.562670 2026] [authz_core:debug] [pid 632997:tid 632997] mod_authz_core.c(815): [client 2409:8718:270a:103b::2:64068] AH01626: authorization result of Require all granted: granted, referer: https://ilta.ilc.edu.tw/2012/11/page/2/
[Sat Aug 22 01:03:18.562674 2026] [authz_core:debug] [pid 632997:tid 632997] mod_authz_core.c(815): [client 2409:8718:270a:103b::2:64068] AH01626: authorization result of : granted, referer: https://ilta.ilc.edu.tw/2012/11/page/2/
[Sat Aug 22 01:03:18.564346 2026] [deflate:debug] [pid 632997:tid 632997] mod_deflate.c(909): [client 2409:8718:270a:103b::2:64068] AH01384: Zlib: Compressed 57513 to 14083 : URL /wp-content/themes/oceanwp/assets/js/vendors/flickity.pkgd.min.js, referer: https://ilta.ilc.edu.tw/2012/11/page/2/
[Sat Aug 22 01:03:18.592806 2026] [ssl:debug] [pid 633008:tid 633008] ssl_engine_kernel.c(254): [client 216.73.216.122:45546] AH02034: Subsequent (No.3) HTTPS request received for child 9 (server 2blog.ilc.edu.tw:443)
[Sat Aug 22 01:03:18.593023 2026] [authz_core:debug] [pid 633008:tid 633008] mod_authz_core.c(815): [client 216.73.216.122:45546] AH01626: authorization result of Require all granted: granted
[Sat Aug 22 01:03:18.593030 2026] [authz_core:debug] [pid 633008:tid 633008] mod_authz_core.c(815): [client 216.73.216.122:45546] AH01626: authorization result of : granted
[Sat Aug 22 01:03:18.593210 2026] [authz_core:debug] [pid 633008:tid 633008] mod_authz_core.c(815): [client 216.73.216.122:45546] AH01626: authorization result of Require all granted: granted
[Sat Aug 22 01:03:18.593218 2026] [authz_core:debug] [pid 633008:tid 633008] mod_authz_core.c(815): [client 216.73.216.122:45546] AH01626: authorization result of : granted
[Sat Aug 22 01:03:18.593917 2026] [ssl:debug] [pid 632993:tid 632993] ssl_engine_kernel.c(254): [client 216.73.216.122:31748] AH02034: Subsequent (No.2) HTTPS request received for child 1 (server 2blog.ilc.edu.tw:443)
[Sat Aug 22 01:03:18.594096 2026] [authz_core:debug] [pid 632993:tid 632993] mod_authz_core.c(815): [client 216.73.216.122:31748] AH01626: authorization result of Require all granted: granted
[Sat Aug 22 01:03:18.594102 2026] [authz_core:debug] [pid 632993:tid 632993] mod_authz_core.c(815): [client 216.73.216.122:31748] AH01626: authorization result of : granted
[Sat Aug 22 01:03:18.594233 2026] [authz_core:debug] [pid 632993:tid 632993] mod_authz_core.c(815): [client 216.73.216.122:31748] AH01626: authorization result of Require all granted: granted
[Sat Aug 22 01:03:18.594239 2026] [authz_core:debug] [pid 632993:tid 632993] mod_authz_core.c(815): [client 216.73.216.122:31748] AH01626: authorization result of : granted
[Sat Aug 22 01:03:18.600221 2026] [ssl:debug] [pid 633012:tid 633012] ssl_engine_kernel.c(2082): [client 216.73.216.122:13109] AH02041: Protocol: TLSv1.3, Cipher: TLS_AES_256_GCM_SHA384 (256/256 bits)
[Sat Aug 22 01:03:18.600283 2026] [socache_shmcb:debug] [pid 633012:tid 633012] mod_socache_shmcb.c(508): AH00831: socache_shmcb_store (0x7a -> subcache 26)
[Sat Aug 22 01:03:18.600303 2026] [socache_shmcb:debug] [pid 633012:tid 633012] mod_socache_shmcb.c(860): AH00847: insert happened at idx=25, data=(6095:6127)
[Sat Aug 22 01:03:18.600306 2026] [socache_shmcb:debug] [pid 633012:tid 633012] mod_socache_shmcb.c(863): AH00848: finished insert, subcache: idx_pos/idx_used=68/46, data_pos/data_used=9930/10255
[Sat Aug 22 01:03:18.600309 2026] [socache_shmcb:debug] [pid 633012:tid 633012] mod_socache_shmcb.c(530): AH00834: leaving socache_shmcb_store successfully
[Sat Aug 22 01:03:18.600378 2026] [socache_shmcb:debug] [pid 633012:tid 633012] mod_socache_shmcb.c(508): AH00831: socache_shmcb_store (0x1a -> subcache 26)
[Sat Aug 22 01:03:18.600383 2026] [socache_shmcb:debug] [pid 633012:tid 633012] mod_socache_shmcb.c(860): AH00847: insert happened at idx=26, data=(6321:6353)
[Sat Aug 22 01:03:18.600386 2026] [socache_shmcb:debug] [pid 633012:tid 633012] mod_socache_shmcb.c(863): AH00848: finished insert, subcache: idx_pos/idx_used=68/47, data_pos/data_used=9930/10480
[Sat Aug 22 01:03:18.600388 2026] [socache_shmcb:debug] [pid 633012:tid 633012] mod_socache_shmcb.c(530): AH00834: leaving socache_shmcb_store successfully
[Sat Aug 22 01:03:18.600527 2026] [ssl:debug] [pid 633012:tid 633012] ssl_engine_kernel.c(254): [client 216.73.216.122:13109] AH02034: Initial (No.1) HTTPS request received for child 10 (server 2blog.ilc.edu.tw:443), referer: https://2blog.ilc.edu.tw/6526/?p=18686
[Sat Aug 22 01:03:18.600769 2026] [authz_core:debug] [pid 633012:tid 633012] mod_authz_core.c(815): [client 216.73.216.122:13109] AH01626: authorization result of Require all granted: granted, referer: https://2blog.ilc.edu.tw/6526/?p=18686
[Sat Aug 22 01:03:18.600793 2026] [authz_core:debug] [pid 633012:tid 633012] mod_authz_core.c(815): [client 216.73.216.122:13109] AH01626: authorization result of : granted, referer: https://2blog.ilc.edu.tw/6526/?p=18686
[Sat Aug 22 01:03:18.601001 2026] [authz_core:debug] [pid 633012:tid 633012] mod_authz_core.c(815): [client 216.73.216.122:13109] AH01626: authorization result of Require all granted: granted, referer: https://2blog.ilc.edu.tw/6526/?p=18686
[Sat Aug 22 01:03:18.601008 2026] [authz_core:debug] [pid 633012:tid 633012] mod_authz_core.c(815): [client 216.73.216.122:13109] AH01626: authorization result of : granted, referer: https://2blog.ilc.edu.tw/6526/?p=18686
[Sat Aug 22 01:03:18.601612 2026] [ssl:debug] [pid 632872:tid 632872] ssl_engine_kernel.c(254): [client 2409:8718:270a:103b::2:64066] AH02034: Subsequent (No.3) HTTPS request received for child 15 (server ilta.ilc.edu.tw:443), referer: https://ilta.ilc.edu.tw/2012/11/page/2/
[Sat Aug 22 01:03:18.601776 2026] [authz_core:debug] [pid 632872:tid 632872] mod_authz_core.c(815): [client 2409:8718:270a:103b::2:64066] AH01626: authorization result of Require all granted: granted, referer: https://ilta.ilc.edu.tw/2012/11/page/2/
[Sat Aug 22 01:03:18.601781 2026] [authz_core:debug] [pid 632872:tid 632872] mod_authz_core.c(815): [client 2409:8718:270a:103b::2:64066] AH01626: authorization result of : granted, referer: https://ilta.ilc.edu.tw/2012/11/page/2/
[Sat Aug 22 01:03:18.601895 2026] [ssl:debug] [pid 632881:tid 632881] ssl_engine_kernel.c(254): [client 2409:8718:270a:103b::2:64064] AH02034: Subsequent (No.3) HTTPS request received for child 26 (server ilta.ilc.edu.tw:443), referer: https://ilta.ilc.edu.tw/2012/11/page/2/
[Sat Aug 22 01:03:18.602061 2026] [authz_core:debug] [pid 632881:tid 632881] mod_authz_core.c(815): [client 2409:8718:270a:103b::2:64064] AH01626: authorization result of Require all granted: granted, referer: https://ilta.ilc.edu.tw/2012/11/page/2/
[Sat Aug 22 01:03:18.602067 2026] [authz_core:debug] [pid 632881:tid 632881] mod_authz_core.c(815): [client 2409:8718:270a:103b::2:64064] AH01626: authorization result of : granted, referer: https://ilta.ilc.edu.tw/2012/11/page/2/
[Sat Aug 22 01:03:18.602138 2026] [deflate:debug] [pid 632872:tid 632872] mod_deflate.c(909): [client 2409:8718:270a:103b::2:64066] AH01384: Zlib: Compressed 12402 to 3229 : URL /wp-content/themes/oceanwp/assets/js/scroll-effect.min.js, referer: https://ilta.ilc.edu.tw/2012/11/page/2/
[Sat Aug 22 01:03:18.602312 2026] [deflate:debug] [pid 632881:tid 632881] mod_deflate.c(909): [client 2409:8718:270a:103b::2:64064] AH01384: Zlib: Compressed 2002 to 864 : URL /wp-content/themes/oceanwp/assets/js/ow-slider.min.js, referer: https://ilta.ilc.edu.tw/2012/11/page/2/
[Sat Aug 22 01:03:18.608723 2026] [ssl:debug] [pid 632991:tid 632991] ssl_engine_kernel.c(254): [client 216.73.216.122:47836] AH02034: Subsequent (No.2) HTTPS request received for child 0 (server 2blog.ilc.edu.tw:443)
[Sat Aug 22 01:03:18.608883 2026] [authz_core:debug] [pid 632991:tid 632991] mod_authz_core.c(815): [client 216.73.216.122:47836] AH01626: authorization result of Require all granted: granted
[Sat Aug 22 01:03:18.608888 2026] [authz_core:debug] [pid 632991:tid 632991] mod_authz_core.c(815): [client 216.73.216.122:47836] AH01626: authorization result of : granted
[Sat Aug 22 01:03:18.609071 2026] [authz_core:debug] [pid 632991:tid 632991] mod_authz_core.c(815): [client 216.73.216.122:47836] AH01626: authorization result of Require all granted: granted
[Sat Aug 22 01:03:18.609077 2026] [authz_core:debug] [pid 632991:tid 632991] mod_authz_core.c(815): [client 216.73.216.122:47836] AH01626: authorization result of : granted
[Sat Aug 22 01:03:18.623680 2026] [deflate:debug] [pid 633012:tid 633012] mod_deflate.c(909): [client 216.73.216.122:13109] AH01384: Zlib: Compressed 58068 to 12542 : URL /index.php, referer: https://2blog.ilc.edu.tw/6526/?p=18686
[Sat Aug 22 01:03:18.728444 2026] [deflate:debug] [pid 633008:tid 633008] mod_deflate.c(909): [client 216.73.216.122:45546] AH01384: Zlib: Compressed 36004 to 8757 : URL /index.php
[Sat Aug 22 01:03:18.745175 2026] [ssl:debug] [pid 632922:tid 632922] ssl_engine_kernel.c(254): [client 2409:8718:270a:103b::2:64060] AH02034: Subsequent (No.2) HTTPS request received for child 31 (server ilta.ilc.edu.tw:443), referer: https://ilta.ilc.edu.tw/2012/11/page/2/
[Sat Aug 22 01:03:18.745437 2026] [authz_core:debug] [pid 632922:tid 632922] mod_authz_core.c(815): [client 2409:8718:270a:103b::2:64060] AH01626: authorization result of Require all granted: granted, referer: https://ilta.ilc.edu.tw/2012/11/page/2/
[Sat Aug 22 01:03:18.745445 2026] [authz_core:debug] [pid 632922:tid 632922] mod_authz_core.c(815): [client 2409:8718:270a:103b::2:64060] AH01626: authorization result of : granted, referer: https://ilta.ilc.edu.tw/2012/11/page/2/
[Sat Aug 22 01:03:18.745764 2026] [deflate:debug] [pid 632922:tid 632922] mod_deflate.c(909): [client 2409:8718:270a:103b::2:64060] AH01384: Zlib: Compressed 5181 to 1510 : URL /wp-content/themes/oceanwp/assets/js/select.min.js, referer: https://ilta.ilc.edu.tw/2012/11/page/2/
[Sat Aug 22 01:03:18.780032 2026] [ssl:debug] [pid 633011:tid 633011] ssl_engine_kernel.c(254): [client 216.73.216.122:34801] AH02034: Subsequent (No.3) HTTPS request received for child 2 (server 2blog.ilc.edu.tw:443), referer: https://2blog.ilc.edu.tw/3642/?p=2640
[Sat Aug 22 01:03:18.780218 2026] [authz_core:debug] [pid 633011:tid 633011] mod_authz_core.c(815): [client 216.73.216.122:34801] AH01626: authorization result of Require all granted: granted, referer: https://2blog.ilc.edu.tw/3642/?p=2640
[Sat Aug 22 01:03:18.780224 2026] [authz_core:debug] [pid 633011:tid 633011] mod_authz_core.c(815): [client 216.73.216.122:34801] AH01626: authorization result of : granted, referer: https://2blog.ilc.edu.tw/3642/?p=2640
[Sat Aug 22 01:03:18.780326 2026] [authz_core:debug] [pid 633011:tid 633011] mod_authz_core.c(815): [client 216.73.216.122:34801] AH01626: authorization result of Require all granted: granted, referer: https://2blog.ilc.edu.tw/3642/?p=2640
[Sat Aug 22 01:03:18.780330 2026] [authz_core:debug] [pid 633011:tid 633011] mod_authz_core.c(815): [client 216.73.216.122:34801] AH01626: authorization result of : granted, referer: https://2blog.ilc.edu.tw/3642/?p=2640
[Sat Aug 22 01:03:18.793869 2026] [deflate:debug] [pid 633011:tid 633011] mod_deflate.c(909): [client 216.73.216.122:34801] AH01384: Zlib: Compressed 58758 to 12743 : URL /index.php, referer: https://2blog.ilc.edu.tw/3642/?p=2640
[Sat Aug 22 01:03:18.796769 2026] [ssl:debug] [pid 632999:tid 632999] ssl_engine_kernel.c(254): [client 2409:8718:270a:103b::2:64062] AH02034: Subsequent (No.3) HTTPS request received for child 7 (server ilta.ilc.edu.tw:443), referer: https://ilta.ilc.edu.tw/2012/11/page/2/
[Sat Aug 22 01:03:18.796940 2026] [authz_core:debug] [pid 632999:tid 632999] mod_authz_core.c(815): [client 2409:8718:270a:103b::2:64062] AH01626: authorization result of Require all granted: granted, referer: https://ilta.ilc.edu.tw/2012/11/page/2/
[Sat Aug 22 01:03:18.796944 2026] [authz_core:debug] [pid 632999:tid 632999] mod_authz_core.c(815): [client 2409:8718:270a:103b::2:64062] AH01626: authorization result of : granted, referer: https://ilta.ilc.edu.tw/2012/11/page/2/
[Sat Aug 22 01:03:18.797112 2026] [deflate:debug] [pid 632999:tid 632999] mod_deflate.c(909): [client 2409:8718:270a:103b::2:64062] AH01384: Zlib: Compressed 712 to 422 : URL /wp-content/plugins/ocean-extra/includes/widgets/js/flickr.min.js, referer: https://ilta.ilc.edu.tw/2012/11/page/2/
[Sat Aug 22 01:03:18.853429 2026] [ssl:debug] [pid 632863:tid 632863] ssl_engine_kernel.c(254): [client 216.73.216.122:47008] AH02034: Subsequent (No.3) HTTPS request received for child 4 (server 2blog.ilc.edu.tw:443), referer: https://2blog.ilc.edu.tw/3642/?p=2685
[Sat Aug 22 01:03:18.853620 2026] [authz_core:debug] [pid 632863:tid 632863] mod_authz_core.c(815): [client 216.73.216.122:47008] AH01626: authorization result of Require all granted: granted, referer: https://2blog.ilc.edu.tw/3642/?p=2685
[Sat Aug 22 01:03:18.853632 2026] [authz_core:debug] [pid 632863:tid 632863] mod_authz_core.c(815): [client 216.73.216.122:47008] AH01626: authorization result of : granted, referer: https://2blog.ilc.edu.tw/3642/?p=2685
[Sat Aug 22 01:03:18.853750 2026] [authz_core:debug] [pid 632863:tid 632863] mod_authz_core.c(815): [client 216.73.216.122:47008] AH01626: authorization result of Require all granted: granted, referer: https://2blog.ilc.edu.tw/3642/?p=2685
[Sat Aug 22 01:03:18.853756 2026] [authz_core:debug] [pid 632863:tid 632863] mod_authz_core.c(815): [client 216.73.216.122:47008] AH01626: authorization result of : granted, referer: https://2blog.ilc.edu.tw/3642/?p=2685
[Sat Aug 22 01:03:18.870298 2026] [deflate:debug] [pid 632863:tid 632863] mod_deflate.c(909): [client 216.73.216.122:47008] AH01384: Zlib: Compressed 65421 to 13893 : URL /index.php, referer: https://2blog.ilc.edu.tw/3642/?p=2685
[Sat Aug 22 01:03:18.915730 2026] [ssl:debug] [pid 632993:tid 632993] ssl_engine_kernel.c(254): [client 216.73.216.122:31748] AH02034: Subsequent (No.3) HTTPS request received for child 1 (server 2blog.ilc.edu.tw:443), referer: https://2blog.ilc.edu.tw/3642/?p=2679
[Sat Aug 22 01:03:18.915922 2026] [ssl:debug] [pid 632991:tid 632991] ssl_engine_kernel.c(254): [client 216.73.216.122:47836] AH02034: Subsequent (No.3) HTTPS request received for child 0 (server 2blog.ilc.edu.tw:443), referer: https://2blog.ilc.edu.tw/6418/?p=19129
[Sat Aug 22 01:03:18.915963 2026] [authz_core:debug] [pid 632993:tid 632993] mod_authz_core.c(815): [client 216.73.216.122:31748] AH01626: authorization result of Require all granted: granted, referer: https://2blog.ilc.edu.tw/3642/?p=2679
[Sat Aug 22 01:03:18.915970 2026] [authz_core:debug] [pid 632993:tid 632993] mod_authz_core.c(815): [client 216.73.216.122:31748] AH01626: authorization result of : granted, referer: https://2blog.ilc.edu.tw/3642/?p=2679
[Sat Aug 22 01:03:18.916073 2026] [authz_core:debug] [pid 632991:tid 632991] mod_authz_core.c(815): [client 216.73.216.122:47836] AH01626: authorization result of Require all granted: granted, referer: https://2blog.ilc.edu.tw/6418/?p=19129
[Sat Aug 22 01:03:18.916078 2026] [authz_core:debug] [pid 632991:tid 632991] mod_authz_core.c(815): [client 216.73.216.122:47836] AH01626: authorization result of : granted, referer: https://2blog.ilc.edu.tw/6418/?p=19129
[Sat Aug 22 01:03:18.916080 2026] [authz_core:debug] [pid 632993:tid 632993] mod_authz_core.c(815): [client 216.73.216.122:31748] AH01626: authorization result of Require all granted: granted, referer: https://2blog.ilc.edu.tw/3642/?p=2679
[Sat Aug 22 01:03:18.916084 2026] [authz_core:debug] [pid 632993:tid 632993] mod_authz_core.c(815): [client 216.73.216.122:31748] AH01626: authorization result of : granted, referer: https://2blog.ilc.edu.tw/3642/?p=2679
[Sat Aug 22 01:03:18.916166 2026] [authz_core:debug] [pid 632991:tid 632991] mod_authz_core.c(815): [client 216.73.216.122:47836] AH01626: authorization result of Require all granted: granted, referer: https://2blog.ilc.edu.tw/6418/?p=19129
[Sat Aug 22 01:03:18.916170 2026] [authz_core:debug] [pid 632991:tid 632991] mod_authz_core.c(815): [client 216.73.216.122:47836] AH01626: authorization result of : granted, referer: https://2blog.ilc.edu.tw/6418/?p=19129
[Sat Aug 22 01:03:18.931002 2026] [deflate:debug] [pid 632993:tid 632993] mod_deflate.c(909): [client 216.73.216.122:31748] AH01384: Zlib: Compressed 57736 to 13548 : URL /index.php, referer: https://2blog.ilc.edu.tw/3642/?p=2679
[Sat Aug 22 01:03:18.932306 2026] [deflate:debug] [pid 632991:tid 632991] mod_deflate.c(909): [client 216.73.216.122:47836] AH01384: Zlib: Compressed 60322 to 11453 : URL /index.php, referer: https://2blog.ilc.edu.tw/6418/?p=19129
[Sat Aug 22 01:03:18.976914 2026] [ssl:debug] [pid 633008:tid 633008] ssl_engine_kernel.c(254): [client 216.73.216.122:45546] AH02034: Subsequent (No.4) HTTPS request received for child 9 (server 2blog.ilc.edu.tw:443), referer: https://2blog.ilc.edu.tw/6418/?p=19441
[Sat Aug 22 01:03:18.977114 2026] [authz_core:debug] [pid 633008:tid 633008] mod_authz_core.c(815): [client 216.73.216.122:45546] AH01626: authorization result of Require all granted: granted, referer: https://2blog.ilc.edu.tw/6418/?p=19441
[Sat Aug 22 01:03:18.977119 2026] [authz_core:debug] [pid 633008:tid 633008] mod_authz_core.c(815): [client 216.73.216.122:45546] AH01626: authorization result of : granted, referer: https://2blog.ilc.edu.tw/6418/?p=19441
[Sat Aug 22 01:03:18.977226 2026] [authz_core:debug] [pid 633008:tid 633008] mod_authz_core.c(815): [client 216.73.216.122:45546] AH01626: authorization result of Require all granted: granted, referer: https://2blog.ilc.edu.tw/6418/?p=19441
[Sat Aug 22 01:03:18.977230 2026] [authz_core:debug] [pid 633008:tid 633008] mod_authz_core.c(815): [client 216.73.216.122:45546] AH01626: authorization result of : granted, referer: https://2blog.ilc.edu.tw/6418/?p=19441
[Sat Aug 22 01:03:18.994004 2026] [deflate:debug] [pid 633008:tid 633008] mod_deflate.c(909): [client 216.73.216.122:45546] AH01384: Zlib: Compressed 40023 to 9744 : URL /index.php, referer: https://2blog.ilc.edu.tw/6418/?p=19441
[Sat Aug 22 01:03:19.018372 2026] [ssl:debug] [pid 633011:tid 633011] ssl_engine_kernel.c(254): [client 216.73.216.122:34801] AH02034: Subsequent (No.4) HTTPS request received for child 2 (server 2blog.ilc.edu.tw:443), referer: https://2blog.ilc.edu.tw/4925/?p=6449
[Sat Aug 22 01:03:19.018578 2026] [authz_core:debug] [pid 633011:tid 633011] mod_authz_core.c(815): [client 216.73.216.122:34801] AH01626: authorization result of Require all granted: granted, referer: https://2blog.ilc.edu.tw/4925/?p=6449
[Sat Aug 22 01:03:19.018583 2026] [authz_core:debug] [pid 633011:tid 633011] mod_authz_core.c(815): [client 216.73.216.122:34801] AH01626: authorization result of : granted, referer: https://2blog.ilc.edu.tw/4925/?p=6449
[Sat Aug 22 01:03:19.018689 2026] [authz_core:debug] [pid 633011:tid 633011] mod_authz_core.c(815): [client 216.73.216.122:34801] AH01626: authorization result of Require all granted: granted, referer: https://2blog.ilc.edu.tw/4925/?p=6449
[Sat Aug 22 01:03:19.018693 2026] [authz_core:debug] [pid 633011:tid 633011] mod_authz_core.c(815): [client 216.73.216.122:34801] AH01626: authorization result of : granted, referer: https://2blog.ilc.edu.tw/4925/?p=6449
[Sat Aug 22 01:03:19.034382 2026] [deflate:debug] [pid 633011:tid 633011] mod_deflate.c(909): [client 216.73.216.122:34801] AH01384: Zlib: Compressed 52021 to 11683 : URL /index.php, referer: https://2blog.ilc.edu.tw/4925/?p=6449
[Sat Aug 22 01:03:19.053911 2026] [ssl:debug] [pid 633012:tid 633012] ssl_engine_kernel.c(254): [client 216.73.216.122:13109] AH02034: Subsequent (No.2) HTTPS request received for child 10 (server 2blog.ilc.edu.tw:443), referer: https://2blog.ilc.edu.tw/6418/?p=19355
[Sat Aug 22 01:03:19.054108 2026] [authz_core:debug] [pid 633012:tid 633012] mod_authz_core.c(815): [client 216.73.216.122:13109] AH01626: authorization result of Require all granted: granted, referer: https://2blog.ilc.edu.tw/6418/?p=19355
[Sat Aug 22 01:03:19.054114 2026] [authz_core:debug] [pid 633012:tid 633012] mod_authz_core.c(815): [client 216.73.216.122:13109] AH01626: authorization result of : granted, referer: https://2blog.ilc.edu.tw/6418/?p=19355
[Sat Aug 22 01:03:19.054228 2026] [authz_core:debug] [pid 633012:tid 633012] mod_authz_core.c(815): [client 216.73.216.122:13109] AH01626: authorization result of Require all granted: granted, referer: https://2blog.ilc.edu.tw/6418/?p=19355
[Sat Aug 22 01:03:19.054232 2026] [authz_core:debug] [pid 633012:tid 633012] mod_authz_core.c(815): [client 216.73.216.122:13109] AH01626: authorization result of : granted, referer: https://2blog.ilc.edu.tw/6418/?p=19355
[Sat Aug 22 01:03:19.069808 2026] [deflate:debug] [pid 633012:tid 633012] mod_deflate.c(909): [client 216.73.216.122:13109] AH01384: Zlib: Compressed 46577 to 11207 : URL /index.php, referer: https://2blog.ilc.edu.tw/6418/?p=19355
[Sat Aug 22 01:03:19.171281 2026] [ssl:debug] [pid 632991:tid 632991] ssl_engine_kernel.c(254): [client 216.73.216.122:47836] AH02034: Subsequent (No.4) HTTPS request received for child 0 (server 2blog.ilc.edu.tw:443), referer: https://2blog.ilc.edu.tw/6418/?p=19262
[Sat Aug 22 01:03:19.171475 2026] [authz_core:debug] [pid 632991:tid 632991] mod_authz_core.c(815): [client 216.73.216.122:47836] AH01626: authorization result of Require all granted: granted, referer: https://2blog.ilc.edu.tw/6418/?p=19262
[Sat Aug 22 01:03:19.171480 2026] [authz_core:debug] [pid 632991:tid 632991] mod_authz_core.c(815): [client 216.73.216.122:47836] AH01626: authorization result of : granted, referer: https://2blog.ilc.edu.tw/6418/?p=19262
[Sat Aug 22 01:03:19.171588 2026] [authz_core:debug] [pid 632991:tid 632991] mod_authz_core.c(815): [client 216.73.216.122:47836] AH01626: authorization result of Require all granted: granted, referer: https://2blog.ilc.edu.tw/6418/?p=19262
[Sat Aug 22 01:03:19.171592 2026] [authz_core:debug] [pid 632991:tid 632991] mod_authz_core.c(815): [client 216.73.216.122:47836] AH01626: authorization result of : granted, referer: https://2blog.ilc.edu.tw/6418/?p=19262
[Sat Aug 22 01:03:19.178860 2026] [ssl:debug] [pid 632993:tid 632993] ssl_engine_kernel.c(254): [client 216.73.216.122:31748] AH02034: Subsequent (No.4) HTTPS request received for child 1 (server 2blog.ilc.edu.tw:443), referer: https://2blog.ilc.edu.tw/6567/?p=5414
[Sat Aug 22 01:03:19.179061 2026] [authz_core:debug] [pid 632993:tid 632993] mod_authz_core.c(815): [client 216.73.216.122:31748] AH01626: authorization result of Require all granted: granted, referer: https://2blog.ilc.edu.tw/6567/?p=5414
[Sat Aug 22 01:03:19.179067 2026] [authz_core:debug] [pid 632993:tid 632993] mod_authz_core.c(815): [client 216.73.216.122:31748] AH01626: authorization result of : granted, referer: https://2blog.ilc.edu.tw/6567/?p=5414
[Sat Aug 22 01:03:19.179204 2026] [authz_core:debug] [pid 632993:tid 632993] mod_authz_core.c(815): [client 216.73.216.122:31748] AH01626: authorization result of Require all granted: granted, referer: https://2blog.ilc.edu.tw/6567/?p=5414
[Sat Aug 22 01:03:19.179209 2026] [authz_core:debug] [pid 632993:tid 632993] mod_authz_core.c(815): [client 216.73.216.122:31748] AH01626: authorization result of : granted, referer: https://2blog.ilc.edu.tw/6567/?p=5414
[Sat Aug 22 01:03:19.186973 2026] [deflate:debug] [pid 632991:tid 632991] mod_deflate.c(909): [client 216.73.216.122:47836] AH01384: Zlib: Compressed 51781 to 11673 : URL /index.php, referer: https://2blog.ilc.edu.tw/6418/?p=19262
[Sat Aug 22 01:03:19.192636 2026] [deflate:debug] [pid 632993:tid 632993] mod_deflate.c(909): [client 216.73.216.122:31748] AH01384: Zlib: Compressed 38942 to 9468 : URL /index.php, referer: https://2blog.ilc.edu.tw/6567/?p=5414
[Sat Aug 22 01:03:19.241621 2026] [ssl:debug] [pid 633008:tid 633008] ssl_engine_kernel.c(254): [client 216.73.216.122:45546] AH02034: Subsequent (No.5) HTTPS request received for child 9 (server 2blog.ilc.edu.tw:443)
[Sat Aug 22 01:03:19.241825 2026] [authz_core:debug] [pid 633008:tid 633008] mod_authz_core.c(815): [client 216.73.216.122:45546] AH01626: authorization result of Require all granted: granted
[Sat Aug 22 01:03:19.241830 2026] [authz_core:debug] [pid 633008:tid 633008] mod_authz_core.c(815): [client 216.73.216.122:45546] AH01626: authorization result of : granted
[Sat Aug 22 01:03:19.241936 2026] [authz_core:debug] [pid 633008:tid 633008] mod_authz_core.c(815): [client 216.73.216.122:45546] AH01626: authorization result of Require all granted: granted
[Sat Aug 22 01:03:19.241939 2026] [authz_core:debug] [pid 633008:tid 633008] mod_authz_core.c(815): [client 216.73.216.122:45546] AH01626: authorization result of : granted
[Sat Aug 22 01:03:19.323101 2026] [ssl:debug] [pid 633011:tid 633011] ssl_engine_kernel.c(254): [client 216.73.216.122:34801] AH02034: Subsequent (No.5) HTTPS request received for child 2 (server 2blog.ilc.edu.tw:443)
[Sat Aug 22 01:03:19.323299 2026] [authz_core:debug] [pid 633011:tid 633011] mod_authz_core.c(815): [client 216.73.216.122:34801] AH01626: authorization result of Require all granted: granted
[Sat Aug 22 01:03:19.323304 2026] [authz_core:debug] [pid 633011:tid 633011] mod_authz_core.c(815): [client 216.73.216.122:34801] AH01626: authorization result of : granted
[Sat Aug 22 01:03:19.323406 2026] [authz_core:debug] [pid 633011:tid 633011] mod_authz_core.c(815): [client 216.73.216.122:34801] AH01626: authorization result of Require all granted: granted
[Sat Aug 22 01:03:19.323410 2026] [authz_core:debug] [pid 633011:tid 633011] mod_authz_core.c(815): [client 216.73.216.122:34801] AH01626: authorization result of : granted
[Sat Aug 22 01:03:19.341848 2026] [ssl:debug] [pid 633012:tid 633012] ssl_engine_kernel.c(254): [client 216.73.216.122:13109] AH02034: Subsequent (No.3) HTTPS request received for child 10 (server 2blog.ilc.edu.tw:443)
[Sat Aug 22 01:03:19.342016 2026] [authz_core:debug] [pid 633012:tid 633012] mod_authz_core.c(815): [client 216.73.216.122:13109] AH01626: authorization result of Require all granted: granted
[Sat Aug 22 01:03:19.342021 2026] [authz_core:debug] [pid 633012:tid 633012] mod_authz_core.c(815): [client 216.73.216.122:13109] AH01626: authorization result of : granted
[Sat Aug 22 01:03:19.342128 2026] [authz_core:debug] [pid 633012:tid 633012] mod_authz_core.c(815): [client 216.73.216.122:13109] AH01626: authorization result of Require all granted: granted
[Sat Aug 22 01:03:19.342132 2026] [authz_core:debug] [pid 633012:tid 633012] mod_authz_core.c(815): [client 216.73.216.122:13109] AH01626: authorization result of : granted
[Sat Aug 22 01:03:19.366177 2026] [watchdog:debug] [pid 633013:tid 633013] mod_watchdog.c(559): AH02980: Watchdog: nothing configured?
[Sat Aug 22 01:03:19.366371 2026] [ssl:info] [pid 633013:tid 633013] [client 216.73.216.122:29989] AH01964: Connection to child 11 established (server 2blog.ilc.edu.tw:443)
[Sat Aug 22 01:03:19.366609 2026] [ssl:debug] [pid 633013:tid 633013] ssl_engine_kernel.c(2222): [client 216.73.216.122:29989] AH02043: SSL virtual host for servername 2blog.ilc.edu.tw found
[Sat Aug 22 01:03:19.366663 2026] [socache_shmcb:debug] [pid 633013:tid 633013] mod_socache_shmcb.c(545): AH00835: socache_shmcb_retrieve (0x82 -> subcache 2)
[Sat Aug 22 01:03:19.366674 2026] [socache_shmcb:debug] [pid 633013:tid 633013] mod_socache_shmcb.c(896): AH00849: match at idx=87, data=523
[Sat Aug 22 01:03:19.366676 2026] [socache_shmcb:debug] [pid 633013:tid 633013] mod_socache_shmcb.c(556): AH00836: leaving socache_shmcb_retrieve successfully
[Sat Aug 22 01:03:19.367004 2026] [core:debug] [pid 633013:tid 633013] protocol.c(2460): [client 216.73.216.122:29989] AH03155: select protocol from , choices=h2,http/1.1 for server 2blog.ilc.edu.tw
[Sat Aug 22 01:03:19.368528 2026] [watchdog:debug] [pid 633014:tid 633014] mod_watchdog.c(559): AH02980: Watchdog: nothing configured?
[Sat Aug 22 01:03:19.368694 2026] [ssl:info] [pid 633014:tid 633014] [client 216.73.216.122:16336] AH01964: Connection to child 12 established (server 2blog.ilc.edu.tw:443)
[Sat Aug 22 01:03:19.368941 2026] [ssl:debug] [pid 632863:tid 632863] ssl_engine_kernel.c(254): [client 216.73.216.122:47008] AH02034: Subsequent (No.4) HTTPS request received for child 4 (server 2blog.ilc.edu.tw:443)
[Sat Aug 22 01:03:19.369135 2026] [authz_core:debug] [pid 632863:tid 632863] mod_authz_core.c(815): [client 216.73.216.122:47008] AH01626: authorization result of Require all granted: granted
[Sat Aug 22 01:03:19.369140 2026] [authz_core:debug] [pid 632863:tid 632863] mod_authz_core.c(815): [client 216.73.216.122:47008] AH01626: authorization result of : granted
[Sat Aug 22 01:03:19.369259 2026] [authz_core:debug] [pid 632863:tid 632863] mod_authz_core.c(815): [client 216.73.216.122:47008] AH01626: authorization result of Require all granted: granted
[Sat Aug 22 01:03:19.369265 2026] [authz_core:debug] [pid 632863:tid 632863] mod_authz_core.c(815): [client 216.73.216.122:47008] AH01626: authorization result of : granted
[Sat Aug 22 01:03:19.369803 2026] [ssl:debug] [pid 633014:tid 633014] ssl_engine_kernel.c(2222): [client 216.73.216.122:16336] AH02043: SSL virtual host for servername 2blog.ilc.edu.tw found
[Sat Aug 22 01:03:19.369837 2026] [socache_shmcb:debug] [pid 633014:tid 633014] mod_socache_shmcb.c(545): AH00835: socache_shmcb_retrieve (0xb1 -> subcache 17)
[Sat Aug 22 01:03:19.369848 2026] [socache_shmcb:debug] [pid 633014:tid 633014] mod_socache_shmcb.c(896): AH00849: match at idx=13, data=3765
[Sat Aug 22 01:03:19.369850 2026] [socache_shmcb:debug] [pid 633014:tid 633014] mod_socache_shmcb.c(556): AH00836: leaving socache_shmcb_retrieve successfully
[Sat Aug 22 01:03:19.370221 2026] [core:debug] [pid 633014:tid 633014] protocol.c(2460): [client 216.73.216.122:16336] AH03155: select protocol from , choices=h2,http/1.1 for server 2blog.ilc.edu.tw
[Sat Aug 22 01:03:19.428693 2026] [ssl:debug] [pid 632991:tid 632991] ssl_engine_kernel.c(254): [client 216.73.216.122:47836] AH02034: Subsequent (No.5) HTTPS request received for child 0 (server 2blog.ilc.edu.tw:443)
[Sat Aug 22 01:03:19.428859 2026] [authz_core:debug] [pid 632991:tid 632991] mod_authz_core.c(815): [client 216.73.216.122:47836] AH01626: authorization result of Require all granted: granted
[Sat Aug 22 01:03:19.428865 2026] [authz_core:debug] [pid 632991:tid 632991] mod_authz_core.c(815): [client 216.73.216.122:47836] AH01626: authorization result of : granted
[Sat Aug 22 01:03:19.428994 2026] [authz_core:debug] [pid 632991:tid 632991] mod_authz_core.c(815): [client 216.73.216.122:47836] AH01626: authorization result of Require all granted: granted
[Sat Aug 22 01:03:19.428998 2026] [authz_core:debug] [pid 632991:tid 632991] mod_authz_core.c(815): [client 216.73.216.122:47836] AH01626: authorization result of : granted
[Sat Aug 22 01:03:19.469131 2026] [ssl:debug] [pid 632993:tid 632993] ssl_engine_kernel.c(254): [client 216.73.216.122:31748] AH02034: Subsequent (No.5) HTTPS request received for child 1 (server 2blog.ilc.edu.tw:443)
[Sat Aug 22 01:03:19.469295 2026] [authz_core:debug] [pid 632993:tid 632993] mod_authz_core.c(815): [client 216.73.216.122:31748] AH01626: authorization result of Require all granted: granted
[Sat Aug 22 01:03:19.469300 2026] [authz_core:debug] [pid 632993:tid 632993] mod_authz_core.c(815): [client 216.73.216.122:31748] AH01626: authorization result of : granted
[Sat Aug 22 01:03:19.469400 2026] [authz_core:debug] [pid 632993:tid 632993] mod_authz_core.c(815): [client 216.73.216.122:31748] AH01626: authorization result of Require all granted: granted
[Sat Aug 22 01:03:19.469403 2026] [authz_core:debug] [pid 632993:tid 632993] mod_authz_core.c(815): [client 216.73.216.122:31748] AH01626: authorization result of : granted
[Sat Aug 22 01:03:19.547310 2026] [deflate:debug] [pid 632991:tid 632991] mod_deflate.c(909): [client 216.73.216.122:47836] AH01384: Zlib: Compressed 46869 to 10453 : URL /index.php
[Sat Aug 22 01:03:19.551054 2026] [ssl:debug] [pid 633008:tid 633008] ssl_engine_kernel.c(254): [client 216.73.216.122:45546] AH02034: Subsequent (No.6) HTTPS request received for child 9 (server 2blog.ilc.edu.tw:443), referer: https://2blog.ilc.edu.tw/3642/?p=2672
[Sat Aug 22 01:03:19.551229 2026] [authz_core:debug] [pid 633008:tid 633008] mod_authz_core.c(815): [client 216.73.216.122:45546] AH01626: authorization result of Require all granted: granted, referer: https://2blog.ilc.edu.tw/3642/?p=2672
[Sat Aug 22 01:03:19.551235 2026] [authz_core:debug] [pid 633008:tid 633008] mod_authz_core.c(815): [client 216.73.216.122:45546] AH01626: authorization result of : granted, referer: https://2blog.ilc.edu.tw/3642/?p=2672
[Sat Aug 22 01:03:19.551346 2026] [authz_core:debug] [pid 633008:tid 633008] mod_authz_core.c(815): [client 216.73.216.122:45546] AH01626: authorization result of Require all granted: granted, referer: https://2blog.ilc.edu.tw/3642/?p=2672
[Sat Aug 22 01:03:19.551350 2026] [authz_core:debug] [pid 633008:tid 633008] mod_authz_core.c(815): [client 216.73.216.122:45546] AH01626: authorization result of : granted, referer: https://2blog.ilc.edu.tw/3642/?p=2672
[Sat Aug 22 01:03:19.568326 2026] [deflate:debug] [pid 633008:tid 633008] mod_deflate.c(909): [client 216.73.216.122:45546] AH01384: Zlib: Compressed 63331 to 13404 : URL /index.php, referer: https://2blog.ilc.edu.tw/3642/?p=2672
[Sat Aug 22 01:03:19.595902 2026] [ssl:debug] [pid 633014:tid 633014] ssl_engine_kernel.c(2082): [client 216.73.216.122:16336] AH02041: Protocol: TLSv1.3, Cipher: TLS_AES_256_GCM_SHA384 (256/256 bits)
[Sat Aug 22 01:03:19.595964 2026] [socache_shmcb:debug] [pid 633014:tid 633014] mod_socache_shmcb.c(508): AH00831: socache_shmcb_store (0xa2 -> subcache 2)
[Sat Aug 22 01:03:19.595972 2026] [socache_shmcb:debug] [pid 633014:tid 633014] mod_socache_shmcb.c(860): AH00847: insert happened at idx=0, data=(748:780)
[Sat Aug 22 01:03:19.595974 2026] [socache_shmcb:debug] [pid 633014:tid 633014] mod_socache_shmcb.c(863): AH00848: finished insert, subcache: idx_pos/idx_used=46/43, data_pos/data_used=5281/9557
[Sat Aug 22 01:03:19.595976 2026] [socache_shmcb:debug] [pid 633014:tid 633014] mod_socache_shmcb.c(530): AH00834: leaving socache_shmcb_store successfully
[Sat Aug 22 01:03:19.597100 2026] [ssl:debug] [pid 633013:tid 633013] ssl_engine_kernel.c(2082): [client 216.73.216.122:29989] AH02041: Protocol: TLSv1.3, Cipher: TLS_AES_256_GCM_SHA384 (256/256 bits)
[Sat Aug 22 01:03:19.597146 2026] [socache_shmcb:debug] [pid 633013:tid 633013] mod_socache_shmcb.c(508): AH00831: socache_shmcb_store (0x38 -> subcache 24)
[Sat Aug 22 01:03:19.597160 2026] [socache_shmcb:debug] [pid 633013:tid 633013] mod_socache_shmcb.c(745): AH00842: expiring 1 and reclaiming 0 removed socache entries
[Sat Aug 22 01:03:19.597163 2026] [socache_shmcb:debug] [pid 633013:tid 633013] mod_socache_shmcb.c(765): AH00843: we now have 41 socache entries
[Sat Aug 22 01:03:19.597165 2026] [socache_shmcb:debug] [pid 633013:tid 633013] mod_socache_shmcb.c(860): AH00847: insert happened at idx=6, data=(2247:2279)
[Sat Aug 22 01:03:19.597167 2026] [socache_shmcb:debug] [pid 633013:tid 633013] mod_socache_shmcb.c(863): AH00848: finished insert, subcache: idx_pos/idx_used=53/42, data_pos/data_used=6906/9431
[Sat Aug 22 01:03:19.597168 2026] [socache_shmcb:debug] [pid 633013:tid 633013] mod_socache_shmcb.c(530): AH00834: leaving socache_shmcb_store successfully
[Sat Aug 22 01:03:19.597322 2026] [ssl:debug] [pid 633013:tid 633013] ssl_engine_kernel.c(254): [client 216.73.216.122:29989] AH02034: Initial (No.1) HTTPS request received for child 11 (server 2blog.ilc.edu.tw:443)
[Sat Aug 22 01:03:19.597570 2026] [authz_core:debug] [pid 633013:tid 633013] mod_authz_core.c(815): [client 216.73.216.122:29989] AH01626: authorization result of Require all granted: granted
[Sat Aug 22 01:03:19.597576 2026] [authz_core:debug] [pid 633013:tid 633013] mod_authz_core.c(815): [client 216.73.216.122:29989] AH01626: authorization result of : granted
[Sat Aug 22 01:03:19.598107 2026] [authz_core:debug] [pid 633013:tid 633013] mod_authz_core.c(815): [client 216.73.216.122:29989] AH01626: authorization result of Require all granted: granted
[Sat Aug 22 01:03:19.598111 2026] [authz_core:debug] [pid 633013:tid 633013] mod_authz_core.c(815): [client 216.73.216.122:29989] AH01626: authorization result of : granted
[Sat Aug 22 01:03:19.617779 2026] [ssl:debug] [pid 633011:tid 633011] ssl_engine_kernel.c(254): [client 216.73.216.122:34801] AH02034: Subsequent (No.6) HTTPS request received for child 2 (server 2blog.ilc.edu.tw:443), referer: https://2blog.ilc.edu.tw/6418/?p=19233
[Sat Aug 22 01:03:19.617962 2026] [authz_core:debug] [pid 633011:tid 633011] mod_authz_core.c(815): [client 216.73.216.122:34801] AH01626: authorization result of Require all granted: granted, referer: https://2blog.ilc.edu.tw/6418/?p=19233
[Sat Aug 22 01:03:19.617968 2026] [authz_core:debug] [pid 633011:tid 633011] mod_authz_core.c(815): [client 216.73.216.122:34801] AH01626: authorization result of : granted, referer: https://2blog.ilc.edu.tw/6418/?p=19233
[Sat Aug 22 01:03:19.618098 2026] [authz_core:debug] [pid 633011:tid 633011] mod_authz_core.c(815): [client 216.73.216.122:34801] AH01626: authorization result of Require all granted: granted, referer: https://2blog.ilc.edu.tw/6418/?p=19233
[Sat Aug 22 01:03:19.618104 2026] [authz_core:debug] [pid 633011:tid 633011] mod_authz_core.c(815): [client 216.73.216.122:34801] AH01626: authorization result of : granted, referer: https://2blog.ilc.edu.tw/6418/?p=19233
[Sat Aug 22 01:03:19.631817 2026] [deflate:debug] [pid 633011:tid 633011] mod_deflate.c(909): [client 216.73.216.122:34801] AH01384: Zlib: Compressed 38462 to 9668 : URL /index.php, referer: https://2blog.ilc.edu.tw/6418/?p=19233
[Sat Aug 22 01:03:19.638302 2026] [ssl:debug] [pid 633012:tid 633012] ssl_engine_kernel.c(254): [client 216.73.216.122:13109] AH02034: Subsequent (No.4) HTTPS request received for child 10 (server 2blog.ilc.edu.tw:443), referer: https://2blog.ilc.edu.tw/6418/?p=19360
[Sat Aug 22 01:03:19.638459 2026] [authz_core:debug] [pid 633012:tid 633012] mod_authz_core.c(815): [client 216.73.216.122:13109] AH01626: authorization result of Require all granted: granted, referer: https://2blog.ilc.edu.tw/6418/?p=19360
[Sat Aug 22 01:03:19.638464 2026] [authz_core:debug] [pid 633012:tid 633012] mod_authz_core.c(815): [client 216.73.216.122:13109] AH01626: authorization result of : granted, referer: https://2blog.ilc.edu.tw/6418/?p=19360
[Sat Aug 22 01:03:19.638564 2026] [authz_core:debug] [pid 633012:tid 633012] mod_authz_core.c(815): [client 216.73.216.122:13109] AH01626: authorization result of Require all granted: granted, referer: https://2blog.ilc.edu.tw/6418/?p=19360
[Sat Aug 22 01:03:19.638568 2026] [authz_core:debug] [pid 633012:tid 633012] mod_authz_core.c(815): [client 216.73.216.122:13109] AH01626: authorization result of : granted, referer: https://2blog.ilc.edu.tw/6418/?p=19360
[Sat Aug 22 01:03:19.646720 2026] [ssl:debug] [pid 633014:tid 633014] ssl_engine_kernel.c(254): [client 216.73.216.122:16336] AH02034: Initial (No.1) HTTPS request received for child 12 (server 2blog.ilc.edu.tw:443)
[Sat Aug 22 01:03:19.646975 2026] [authz_core:debug] [pid 633014:tid 633014] mod_authz_core.c(815): [client 216.73.216.122:16336] AH01626: authorization result of Require all granted: granted
[Sat Aug 22 01:03:19.646982 2026] [authz_core:debug] [pid 633014:tid 633014] mod_authz_core.c(815): [client 216.73.216.122:16336] AH01626: authorization result of : granted
[Sat Aug 22 01:03:19.647573 2026] [authz_core:debug] [pid 633014:tid 633014] mod_authz_core.c(815): [client 216.73.216.122:16336] AH01626: authorization result of Require all granted: granted
[Sat Aug 22 01:03:19.647579 2026] [authz_core:debug] [pid 633014:tid 633014] mod_authz_core.c(815): [client 216.73.216.122:16336] AH01626: authorization result of : granted
[Sat Aug 22 01:03:19.650074 2026] [deflate:debug] [pid 633012:tid 633012] mod_deflate.c(909): [client 216.73.216.122:13109] AH01384: Zlib: Compressed 42548 to 9795 : URL /index.php, referer: https://2blog.ilc.edu.tw/6418/?p=19360
[Sat Aug 22 01:03:19.687586 2026] [ssl:debug] [pid 632863:tid 632863] ssl_engine_kernel.c(254): [client 216.73.216.122:47008] AH02034: Subsequent (No.5) HTTPS request received for child 4 (server 2blog.ilc.edu.tw:443), referer: https://2blog.ilc.edu.tw/6418/?p=19296
[Sat Aug 22 01:03:19.687792 2026] [authz_core:debug] [pid 632863:tid 632863] mod_authz_core.c(815): [client 216.73.216.122:47008] AH01626: authorization result of Require all granted: granted, referer: https://2blog.ilc.edu.tw/6418/?p=19296
[Sat Aug 22 01:03:19.687800 2026] [authz_core:debug] [pid 632863:tid 632863] mod_authz_core.c(815): [client 216.73.216.122:47008] AH01626: authorization result of : granted, referer: https://2blog.ilc.edu.tw/6418/?p=19296
[Sat Aug 22 01:03:19.687938 2026] [authz_core:debug] [pid 632863:tid 632863] mod_authz_core.c(815): [client 216.73.216.122:47008] AH01626: authorization result of Require all granted: granted, referer: https://2blog.ilc.edu.tw/6418/?p=19296
[Sat Aug 22 01:03:19.687954 2026] [authz_core:debug] [pid 632863:tid 632863] mod_authz_core.c(815): [client 216.73.216.122:47008] AH01626: authorization result of : granted, referer: https://2blog.ilc.edu.tw/6418/?p=19296
[Sat Aug 22 01:03:19.702743 2026] [deflate:debug] [pid 632863:tid 632863] mod_deflate.c(909): [client 216.73.216.122:47008] AH01384: Zlib: Compressed 39133 to 9527 : URL /index.php, referer: https://2blog.ilc.edu.tw/6418/?p=19296
[Sat Aug 22 01:03:19.785290 2026] [ssl:debug] [pid 632993:tid 632993] ssl_engine_kernel.c(254): [client 216.73.216.122:31748] AH02034: Subsequent (No.6) HTTPS request received for child 1 (server 2blog.ilc.edu.tw:443)
[Sat Aug 22 01:03:19.785479 2026] [authz_core:debug] [pid 632993:tid 632993] mod_authz_core.c(815): [client 216.73.216.122:31748] AH01626: authorization result of Require all granted: granted
[Sat Aug 22 01:03:19.785485 2026] [authz_core:debug] [pid 632993:tid 632993] mod_authz_core.c(815): [client 216.73.216.122:31748] AH01626: authorization result of : granted
[Sat Aug 22 01:03:19.785593 2026] [authz_core:debug] [pid 632993:tid 632993] mod_authz_core.c(815): [client 216.73.216.122:31748] AH01626: authorization result of Require all granted: granted
[Sat Aug 22 01:03:19.785597 2026] [authz_core:debug] [pid 632993:tid 632993] mod_authz_core.c(815): [client 216.73.216.122:31748] AH01626: authorization result of : granted
[Sat Aug 22 01:03:19.788569 2026] [ssl:debug] [pid 632991:tid 632991] ssl_engine_kernel.c(254): [client 216.73.216.122:47836] AH02034: Subsequent (No.6) HTTPS request received for child 0 (server 2blog.ilc.edu.tw:443), referer: https://2blog.ilc.edu.tw/3642/?p=2691
[Sat Aug 22 01:03:19.788735 2026] [authz_core:debug] [pid 632991:tid 632991] mod_authz_core.c(815): [client 216.73.216.122:47836] AH01626: authorization result of Require all granted: granted, referer: https://2blog.ilc.edu.tw/3642/?p=2691
[Sat Aug 22 01:03:19.788742 2026] [authz_core:debug] [pid 632991:tid 632991] mod_authz_core.c(815): [client 216.73.216.122:47836] AH01626: authorization result of : granted, referer: https://2blog.ilc.edu.tw/3642/?p=2691
[Sat Aug 22 01:03:19.788865 2026] [authz_core:debug] [pid 632991:tid 632991] mod_authz_core.c(815): [client 216.73.216.122:47836] AH01626: authorization result of Require all granted: granted, referer: https://2blog.ilc.edu.tw/3642/?p=2691
[Sat Aug 22 01:03:19.788869 2026] [authz_core:debug] [pid 632991:tid 632991] mod_authz_core.c(815): [client 216.73.216.122:47836] AH01626: authorization result of : granted, referer: https://2blog.ilc.edu.tw/3642/?p=2691
[Sat Aug 22 01:03:19.803635 2026] [deflate:debug] [pid 632991:tid 632991] mod_deflate.c(909): [client 216.73.216.122:47836] AH01384: Zlib: Compressed 64150 to 14963 : URL /index.php, referer: https://2blog.ilc.edu.tw/3642/?p=2691
[Sat Aug 22 01:03:19.839328 2026] [ssl:debug] [pid 633008:tid 633008] ssl_engine_kernel.c(254): [client 216.73.216.122:45546] AH02034: Subsequent (No.7) HTTPS request received for child 9 (server 2blog.ilc.edu.tw:443)
[Sat Aug 22 01:03:19.839495 2026] [authz_core:debug] [pid 633008:tid 633008] mod_authz_core.c(815): [client 216.73.216.122:45546] AH01626: authorization result of Require all granted: granted
[Sat Aug 22 01:03:19.839500 2026] [authz_core:debug] [pid 633008:tid 633008] mod_authz_core.c(815): [client 216.73.216.122:45546] AH01626: authorization result of : granted
[Sat Aug 22 01:03:19.839598 2026] [authz_core:debug] [pid 633008:tid 633008] mod_authz_core.c(815): [client 216.73.216.122:45546] AH01626: authorization result of Require all granted: granted
[Sat Aug 22 01:03:19.839602 2026] [authz_core:debug] [pid 633008:tid 633008] mod_authz_core.c(815): [client 216.73.216.122:45546] AH01626: authorization result of : granted
[Sat Aug 22 01:03:19.906420 2026] [ssl:debug] [pid 633013:tid 633013] ssl_engine_kernel.c(254): [client 216.73.216.122:29989] AH02034: Subsequent (No.2) HTTPS request received for child 11 (server 2blog.ilc.edu.tw:443), referer: https://2blog.ilc.edu.tw/6418/?p=19451
[Sat Aug 22 01:03:19.906634 2026] [authz_core:debug] [pid 633013:tid 633013] mod_authz_core.c(815): [client 216.73.216.122:29989] AH01626: authorization result of Require all granted: granted, referer: https://2blog.ilc.edu.tw/6418/?p=19451
[Sat Aug 22 01:03:19.906641 2026] [authz_core:debug] [pid 633013:tid 633013] mod_authz_core.c(815): [client 216.73.216.122:29989] AH01626: authorization result of : granted, referer: https://2blog.ilc.edu.tw/6418/?p=19451
[Sat Aug 22 01:03:19.906753 2026] [authz_core:debug] [pid 633013:tid 633013] mod_authz_core.c(815): [client 216.73.216.122:29989] AH01626: authorization result of Require all granted: granted, referer: https://2blog.ilc.edu.tw/6418/?p=19451
[Sat Aug 22 01:03:19.906757 2026] [authz_core:debug] [pid 633013:tid 633013] mod_authz_core.c(815): [client 216.73.216.122:29989] AH01626: authorization result of : granted, referer: https://2blog.ilc.edu.tw/6418/?p=19451
