[Sat Aug 22 01:03:24.663688 2026] [authz_core:debug] [pid 633011:tid 633011] mod_authz_core.c(815): [client 216.73.216.122:34801] AH01626: authorization result of : granted
[Sat Aug 22 01:03:24.708579 2026] [deflate:debug] [pid 633013:tid 633013] mod_deflate.c(909): [client 216.73.216.122:29989] AH01384: Zlib: Compressed 33709 to 8481 : URL /index.php
[Sat Aug 22 01:03:24.715340 2026] [ssl:debug] [pid 632993:tid 632993] ssl_engine_kernel.c(254): [client 216.73.216.122:31748] AH02034: Subsequent (No.19) HTTPS request received for child 1 (server 2blog.ilc.edu.tw:443), referer: https://2blog.ilc.edu.tw/6418/?p=19367
[Sat Aug 22 01:03:24.715514 2026] [authz_core:debug] [pid 632993:tid 632993] mod_authz_core.c(815): [client 216.73.216.122:31748] AH01626: authorization result of Require all granted: granted, referer: https://2blog.ilc.edu.tw/6418/?p=19367
[Sat Aug 22 01:03:24.715520 2026] [authz_core:debug] [pid 632993:tid 632993] mod_authz_core.c(815): [client 216.73.216.122:31748] AH01626: authorization result of : granted, referer: https://2blog.ilc.edu.tw/6418/?p=19367
[Sat Aug 22 01:03:24.715631 2026] [authz_core:debug] [pid 632993:tid 632993] mod_authz_core.c(815): [client 216.73.216.122:31748] AH01626: authorization result of Require all granted: granted, referer: https://2blog.ilc.edu.tw/6418/?p=19367
[Sat Aug 22 01:03:24.715636 2026] [authz_core:debug] [pid 632993:tid 632993] mod_authz_core.c(815): [client 216.73.216.122:31748] AH01626: authorization result of : granted, referer: https://2blog.ilc.edu.tw/6418/?p=19367
[Sat Aug 22 01:03:24.727510 2026] [deflate:debug] [pid 632993:tid 632993] mod_deflate.c(909): [client 216.73.216.122:31748] AH01384: Zlib: Compressed 46303 to 10192 : URL /index.php, referer: https://2blog.ilc.edu.tw/6418/?p=19367
[Sat Aug 22 01:03:24.764812 2026] [ssl:debug] [pid 633008:tid 633008] ssl_engine_kernel.c(254): [client 216.73.216.122:45546] AH02034: Subsequent (No.21) HTTPS request received for child 9 (server 2blog.ilc.edu.tw:443)
[Sat Aug 22 01:03:24.765002 2026] [authz_core:debug] [pid 633008:tid 633008] mod_authz_core.c(815): [client 216.73.216.122:45546] AH01626: authorization result of Require all granted: granted
[Sat Aug 22 01:03:24.765007 2026] [authz_core:debug] [pid 633008:tid 633008] mod_authz_core.c(815): [client 216.73.216.122:45546] AH01626: authorization result of : granted
[Sat Aug 22 01:03:24.765109 2026] [authz_core:debug] [pid 633008:tid 633008] mod_authz_core.c(815): [client 216.73.216.122:45546] AH01626: authorization result of Require all granted: granted
[Sat Aug 22 01:03:24.765113 2026] [authz_core:debug] [pid 633008:tid 633008] mod_authz_core.c(815): [client 216.73.216.122:45546] AH01626: authorization result of : granted
[Sat Aug 22 01:03:24.851551 2026] [ssl:debug] [pid 633049:tid 633049] ssl_engine_kernel.c(2082): [client 40.77.167.159:38536] AH02041: Protocol: TLSv1.3, Cipher: TLS_AES_256_GCM_SHA384 (256/256 bits)
[Sat Aug 22 01:03:24.851616 2026] [socache_shmcb:debug] [pid 633049:tid 633049] mod_socache_shmcb.c(508): AH00831: socache_shmcb_store (0x46 -> subcache 6)
[Sat Aug 22 01:03:24.851629 2026] [socache_shmcb:debug] [pid 633049:tid 633049] mod_socache_shmcb.c(860): AH00847: insert happened at idx=86, data=(274:306)
[Sat Aug 22 01:03:24.851631 2026] [socache_shmcb:debug] [pid 633049:tid 633049] mod_socache_shmcb.c(863): AH00848: finished insert, subcache: idx_pos/idx_used=51/36, data_pos/data_used=6310/8053
[Sat Aug 22 01:03:24.851633 2026] [socache_shmcb:debug] [pid 633049:tid 633049] mod_socache_shmcb.c(530): AH00834: leaving socache_shmcb_store successfully
[Sat Aug 22 01:03:24.851686 2026] [socache_shmcb:debug] [pid 633049:tid 633049] mod_socache_shmcb.c(508): AH00831: socache_shmcb_store (0x98 -> subcache 24)
[Sat Aug 22 01:03:24.851697 2026] [socache_shmcb:debug] [pid 633049:tid 633049] mod_socache_shmcb.c(860): AH00847: insert happened at idx=8, data=(2699:2731)
[Sat Aug 22 01:03:24.851699 2026] [socache_shmcb:debug] [pid 633049:tid 633049] mod_socache_shmcb.c(863): AH00848: finished insert, subcache: idx_pos/idx_used=53/44, data_pos/data_used=6906/9883
[Sat Aug 22 01:03:24.851701 2026] [socache_shmcb:debug] [pid 633049:tid 633049] mod_socache_shmcb.c(530): AH00834: leaving socache_shmcb_store successfully
[Sat Aug 22 01:03:24.853414 2026] [ssl:debug] [pid 633049:tid 633049] ssl_engine_kernel.c(254): [client 40.77.167.159:38536] AH02034: Initial (No.1) HTTPS request received for child 47 (server 2blog.ilc.edu.tw:443)
[Sat Aug 22 01:03:24.853677 2026] [authz_core:debug] [pid 633049:tid 633049] mod_authz_core.c(815): [client 40.77.167.159:38536] AH01626: authorization result of Require all granted: granted
[Sat Aug 22 01:03:24.853684 2026] [authz_core:debug] [pid 633049:tid 633049] mod_authz_core.c(815): [client 40.77.167.159:38536] AH01626: authorization result of : granted
[Sat Aug 22 01:03:24.854200 2026] [authz_core:debug] [pid 633049:tid 633049] mod_authz_core.c(815): [client 40.77.167.159:38536] AH01626: authorization result of Require all granted: granted
[Sat Aug 22 01:03:24.854205 2026] [authz_core:debug] [pid 633049:tid 633049] mod_authz_core.c(815): [client 40.77.167.159:38536] AH01626: authorization result of : granted
[Sat Aug 22 01:03:24.857116 2026] [ssl:debug] [pid 633036:tid 633036] ssl_engine_kernel.c(254): [client 216.73.216.122:58644] AH02034: Subsequent (No.6) HTTPS request received for child 37 (server 2blog.ilc.edu.tw:443)
[Sat Aug 22 01:03:24.857292 2026] [authz_core:debug] [pid 633036:tid 633036] mod_authz_core.c(815): [client 216.73.216.122:58644] AH01626: authorization result of Require all granted: granted
[Sat Aug 22 01:03:24.857299 2026] [authz_core:debug] [pid 633036:tid 633036] mod_authz_core.c(815): [client 216.73.216.122:58644] AH01626: authorization result of : granted
[Sat Aug 22 01:03:24.857422 2026] [authz_core:debug] [pid 633036:tid 633036] mod_authz_core.c(815): [client 216.73.216.122:58644] AH01626: authorization result of Require all granted: granted
[Sat Aug 22 01:03:24.857426 2026] [authz_core:debug] [pid 633036:tid 633036] mod_authz_core.c(815): [client 216.73.216.122:58644] AH01626: authorization result of : granted
[Sat Aug 22 01:03:24.947285 2026] [ssl:debug] [pid 633013:tid 633013] ssl_engine_kernel.c(254): [client 216.73.216.122:29989] AH02034: Subsequent (No.18) HTTPS request received for child 11 (server 2blog.ilc.edu.tw:443)
[Sat Aug 22 01:03:24.947459 2026] [authz_core:debug] [pid 633013:tid 633013] mod_authz_core.c(815): [client 216.73.216.122:29989] AH01626: authorization result of Require all granted: granted
[Sat Aug 22 01:03:24.947463 2026] [authz_core:debug] [pid 633013:tid 633013] mod_authz_core.c(815): [client 216.73.216.122:29989] AH01626: authorization result of : granted
[Sat Aug 22 01:03:24.947565 2026] [authz_core:debug] [pid 633013:tid 633013] mod_authz_core.c(815): [client 216.73.216.122:29989] AH01626: authorization result of Require all granted: granted
[Sat Aug 22 01:03:24.947568 2026] [authz_core:debug] [pid 633013:tid 633013] mod_authz_core.c(815): [client 216.73.216.122:29989] AH01626: authorization result of : granted
[Sat Aug 22 01:03:24.949413 2026] [ssl:debug] [pid 633011:tid 633011] ssl_engine_kernel.c(254): [client 216.73.216.122:34801] AH02034: Subsequent (No.22) HTTPS request received for child 2 (server 2blog.ilc.edu.tw:443), referer: https://2blog.ilc.edu.tw/6567/?p=4156
[Sat Aug 22 01:03:24.949559 2026] [authz_core:debug] [pid 633011:tid 633011] mod_authz_core.c(815): [client 216.73.216.122:34801] AH01626: authorization result of Require all granted: granted, referer: https://2blog.ilc.edu.tw/6567/?p=4156
[Sat Aug 22 01:03:24.949563 2026] [authz_core:debug] [pid 633011:tid 633011] mod_authz_core.c(815): [client 216.73.216.122:34801] AH01626: authorization result of : granted, referer: https://2blog.ilc.edu.tw/6567/?p=4156
[Sat Aug 22 01:03:24.949651 2026] [authz_core:debug] [pid 633011:tid 633011] mod_authz_core.c(815): [client 216.73.216.122:34801] AH01626: authorization result of Require all granted: granted, referer: https://2blog.ilc.edu.tw/6567/?p=4156
[Sat Aug 22 01:03:24.949654 2026] [authz_core:debug] [pid 633011:tid 633011] mod_authz_core.c(815): [client 216.73.216.122:34801] AH01626: authorization result of : granted, referer: https://2blog.ilc.edu.tw/6567/?p=4156
[Sat Aug 22 01:03:24.962254 2026] [deflate:debug] [pid 633011:tid 633011] mod_deflate.c(909): [client 216.73.216.122:34801] AH01384: Zlib: Compressed 38326 to 9067 : URL /index.php, referer: https://2blog.ilc.edu.tw/6567/?p=4156
[Sat Aug 22 01:03:24.977041 2026] [ssl:debug] [pid 633014:tid 633014] ssl_engine_io.c(1150): [client 216.73.216.122:16336] AH02001: Connection closed to child 12 with standard shutdown (server 2blog.ilc.edu.tw:443)
[Sat Aug 22 01:03:25.038754 2026] [ssl:debug] [pid 632993:tid 632993] ssl_engine_kernel.c(254): [client 216.73.216.122:31748] AH02034: Subsequent (No.20) HTTPS request received for child 1 (server 2blog.ilc.edu.tw:443)
[Sat Aug 22 01:03:25.038942 2026] [authz_core:debug] [pid 632993:tid 632993] mod_authz_core.c(815): [client 216.73.216.122:31748] AH01626: authorization result of Require all granted: granted
[Sat Aug 22 01:03:25.038948 2026] [authz_core:debug] [pid 632993:tid 632993] mod_authz_core.c(815): [client 216.73.216.122:31748] AH01626: authorization result of : granted
[Sat Aug 22 01:03:25.039052 2026] [authz_core:debug] [pid 632993:tid 632993] mod_authz_core.c(815): [client 216.73.216.122:31748] AH01626: authorization result of Require all granted: granted
[Sat Aug 22 01:03:25.039056 2026] [authz_core:debug] [pid 632993:tid 632993] mod_authz_core.c(815): [client 216.73.216.122:31748] AH01626: authorization result of : granted
[Sat Aug 22 01:03:25.078562 2026] [ssl:debug] [pid 633008:tid 633008] ssl_engine_kernel.c(254): [client 216.73.216.122:45546] AH02034: Subsequent (No.22) HTTPS request received for child 9 (server 2blog.ilc.edu.tw:443), referer: https://2blog.ilc.edu.tw/6567/?p=5346
[Sat Aug 22 01:03:25.078740 2026] [authz_core:debug] [pid 633008:tid 633008] mod_authz_core.c(815): [client 216.73.216.122:45546] AH01626: authorization result of Require all granted: granted, referer: https://2blog.ilc.edu.tw/6567/?p=5346
[Sat Aug 22 01:03:25.078746 2026] [authz_core:debug] [pid 633008:tid 633008] mod_authz_core.c(815): [client 216.73.216.122:45546] AH01626: authorization result of : granted, referer: https://2blog.ilc.edu.tw/6567/?p=5346
[Sat Aug 22 01:03:25.078852 2026] [authz_core:debug] [pid 633008:tid 633008] mod_authz_core.c(815): [client 216.73.216.122:45546] AH01626: authorization result of Require all granted: granted, referer: https://2blog.ilc.edu.tw/6567/?p=5346
[Sat Aug 22 01:03:25.078857 2026] [authz_core:debug] [pid 633008:tid 633008] mod_authz_core.c(815): [client 216.73.216.122:45546] AH01626: authorization result of : granted, referer: https://2blog.ilc.edu.tw/6567/?p=5346
[Sat Aug 22 01:03:25.099090 2026] [deflate:debug] [pid 633008:tid 633008] mod_deflate.c(909): [client 216.73.216.122:45546] AH01384: Zlib: Compressed 39069 to 9308 : URL /index.php, referer: https://2blog.ilc.edu.tw/6567/?p=5346
[Sat Aug 22 01:03:25.131763 2026] [ssl:debug] [pid 633031:tid 633031] ssl_engine_kernel.c(254): [client 216.73.216.122:6707] AH02034: Subsequent (No.7) HTTPS request received for child 32 (server 2blog.ilc.edu.tw:443)
[Sat Aug 22 01:03:25.131947 2026] [authz_core:debug] [pid 633031:tid 633031] mod_authz_core.c(815): [client 216.73.216.122:6707] AH01626: authorization result of Require all granted: granted
[Sat Aug 22 01:03:25.131952 2026] [authz_core:debug] [pid 633031:tid 633031] mod_authz_core.c(815): [client 216.73.216.122:6707] AH01626: authorization result of : granted
[Sat Aug 22 01:03:25.132053 2026] [authz_core:debug] [pid 633031:tid 633031] mod_authz_core.c(815): [client 216.73.216.122:6707] AH01626: authorization result of Require all granted: granted
[Sat Aug 22 01:03:25.132056 2026] [authz_core:debug] [pid 633031:tid 633031] mod_authz_core.c(815): [client 216.73.216.122:6707] AH01626: authorization result of : granted
[Sat Aug 22 01:03:25.158719 2026] [ssl:debug] [pid 633036:tid 633036] ssl_engine_kernel.c(254): [client 216.73.216.122:58644] AH02034: Subsequent (No.7) HTTPS request received for child 37 (server 2blog.ilc.edu.tw:443), referer: https://2blog.ilc.edu.tw/6567/?p=4296
[Sat Aug 22 01:03:25.158891 2026] [authz_core:debug] [pid 633036:tid 633036] mod_authz_core.c(815): [client 216.73.216.122:58644] AH01626: authorization result of Require all granted: granted, referer: https://2blog.ilc.edu.tw/6567/?p=4296
[Sat Aug 22 01:03:25.158896 2026] [authz_core:debug] [pid 633036:tid 633036] mod_authz_core.c(815): [client 216.73.216.122:58644] AH01626: authorization result of : granted, referer: https://2blog.ilc.edu.tw/6567/?p=4296
[Sat Aug 22 01:03:25.159017 2026] [authz_core:debug] [pid 633036:tid 633036] mod_authz_core.c(815): [client 216.73.216.122:58644] AH01626: authorization result of Require all granted: granted, referer: https://2blog.ilc.edu.tw/6567/?p=4296
[Sat Aug 22 01:03:25.159021 2026] [authz_core:debug] [pid 633036:tid 633036] mod_authz_core.c(815): [client 216.73.216.122:58644] AH01626: authorization result of : granted, referer: https://2blog.ilc.edu.tw/6567/?p=4296
[Sat Aug 22 01:03:25.177158 2026] [deflate:debug] [pid 633036:tid 633036] mod_deflate.c(909): [client 216.73.216.122:58644] AH01384: Zlib: Compressed 38390 to 9348 : URL /index.php, referer: https://2blog.ilc.edu.tw/6567/?p=4296
[Sat Aug 22 01:03:25.211768 2026] [ssl:debug] [pid 633011:tid 633011] ssl_engine_kernel.c(254): [client 216.73.216.122:34801] AH02034: Subsequent (No.23) HTTPS request received for child 2 (server 2blog.ilc.edu.tw:443)
[Sat Aug 22 01:03:25.211960 2026] [authz_core:debug] [pid 633011:tid 633011] mod_authz_core.c(815): [client 216.73.216.122:34801] AH01626: authorization result of Require all granted: granted
[Sat Aug 22 01:03:25.211965 2026] [authz_core:debug] [pid 633011:tid 633011] mod_authz_core.c(815): [client 216.73.216.122:34801] AH01626: authorization result of : granted
[Sat Aug 22 01:03:25.212087 2026] [authz_core:debug] [pid 633011:tid 633011] mod_authz_core.c(815): [client 216.73.216.122:34801] AH01626: authorization result of Require all granted: granted
[Sat Aug 22 01:03:25.212094 2026] [authz_core:debug] [pid 633011:tid 633011] mod_authz_core.c(815): [client 216.73.216.122:34801] AH01626: authorization result of : granted
[Sat Aug 22 01:03:25.237883 2026] [ssl:debug] [pid 633013:tid 633013] ssl_engine_kernel.c(254): [client 216.73.216.122:29989] AH02034: Subsequent (No.19) HTTPS request received for child 11 (server 2blog.ilc.edu.tw:443), referer: https://2blog.ilc.edu.tw/6567/?p=3948
[Sat Aug 22 01:03:25.238059 2026] [authz_core:debug] [pid 633013:tid 633013] mod_authz_core.c(815): [client 216.73.216.122:29989] AH01626: authorization result of Require all granted: granted, referer: https://2blog.ilc.edu.tw/6567/?p=3948
[Sat Aug 22 01:03:25.238064 2026] [authz_core:debug] [pid 633013:tid 633013] mod_authz_core.c(815): [client 216.73.216.122:29989] AH01626: authorization result of : granted, referer: https://2blog.ilc.edu.tw/6567/?p=3948
[Sat Aug 22 01:03:25.238172 2026] [authz_core:debug] [pid 633013:tid 633013] mod_authz_core.c(815): [client 216.73.216.122:29989] AH01626: authorization result of Require all granted: granted, referer: https://2blog.ilc.edu.tw/6567/?p=3948
[Sat Aug 22 01:03:25.238176 2026] [authz_core:debug] [pid 633013:tid 633013] mod_authz_core.c(815): [client 216.73.216.122:29989] AH01626: authorization result of : granted, referer: https://2blog.ilc.edu.tw/6567/?p=3948
[Sat Aug 22 01:03:25.266824 2026] [deflate:debug] [pid 633013:tid 633013] mod_deflate.c(909): [client 216.73.216.122:29989] AH01384: Zlib: Compressed 38664 to 9361 : URL /index.php, referer: https://2blog.ilc.edu.tw/6567/?p=3948
[Sat Aug 22 01:03:25.267973 2026] [deflate:debug] [pid 633031:tid 633031] mod_deflate.c(909): [client 216.73.216.122:6707] AH01384: Zlib: Compressed 46780 to 10412 : URL /index.php
[Sat Aug 22 01:03:25.313154 2026] [ssl:debug] [pid 633023:tid 633023] ssl_engine_kernel.c(254): [client 216.73.216.122:29175] AH02034: Subsequent (No.9) HTTPS request received for child 22 (server 2blog.ilc.edu.tw:443)
[Sat Aug 22 01:03:25.313335 2026] [authz_core:debug] [pid 633023:tid 633023] mod_authz_core.c(815): [client 216.73.216.122:29175] AH01626: authorization result of Require all granted: granted
[Sat Aug 22 01:03:25.313340 2026] [authz_core:debug] [pid 633023:tid 633023] mod_authz_core.c(815): [client 216.73.216.122:29175] AH01626: authorization result of : granted
[Sat Aug 22 01:03:25.313442 2026] [authz_core:debug] [pid 633023:tid 633023] mod_authz_core.c(815): [client 216.73.216.122:29175] AH01626: authorization result of Require all granted: granted
[Sat Aug 22 01:03:25.313446 2026] [authz_core:debug] [pid 633023:tid 633023] mod_authz_core.c(815): [client 216.73.216.122:29175] AH01626: authorization result of : granted
[Sat Aug 22 01:03:25.355818 2026] [ssl:debug] [pid 632993:tid 632993] ssl_engine_kernel.c(254): [client 216.73.216.122:31748] AH02034: Subsequent (No.21) HTTPS request received for child 1 (server 2blog.ilc.edu.tw:443), referer: https://2blog.ilc.edu.tw/6567/?p=5388
[Sat Aug 22 01:03:25.355990 2026] [authz_core:debug] [pid 632993:tid 632993] mod_authz_core.c(815): [client 216.73.216.122:31748] AH01626: authorization result of Require all granted: granted, referer: https://2blog.ilc.edu.tw/6567/?p=5388
[Sat Aug 22 01:03:25.355995 2026] [authz_core:debug] [pid 632993:tid 632993] mod_authz_core.c(815): [client 216.73.216.122:31748] AH01626: authorization result of : granted, referer: https://2blog.ilc.edu.tw/6567/?p=5388
[Sat Aug 22 01:03:25.356104 2026] [authz_core:debug] [pid 632993:tid 632993] mod_authz_core.c(815): [client 216.73.216.122:31748] AH01626: authorization result of Require all granted: granted, referer: https://2blog.ilc.edu.tw/6567/?p=5388
[Sat Aug 22 01:03:25.356108 2026] [authz_core:debug] [pid 632993:tid 632993] mod_authz_core.c(815): [client 216.73.216.122:31748] AH01626: authorization result of : granted, referer: https://2blog.ilc.edu.tw/6567/?p=5388
[Sat Aug 22 01:03:25.368413 2026] [deflate:debug] [pid 632993:tid 632993] mod_deflate.c(909): [client 216.73.216.122:31748] AH01384: Zlib: Compressed 38405 to 9331 : URL /index.php, referer: https://2blog.ilc.edu.tw/6567/?p=5388
[Sat Aug 22 01:03:25.377053 2026] [ssl:debug] [pid 632863:tid 632863] ssl_engine_io.c(1150): [client 216.73.216.122:47008] AH02001: Connection closed to child 4 with standard shutdown (server 2blog.ilc.edu.tw:443)
[Sat Aug 22 01:03:25.404581 2026] [ssl:debug] [pid 633008:tid 633008] ssl_engine_kernel.c(254): [client 216.73.216.122:45546] AH02034: Subsequent (No.23) HTTPS request received for child 9 (server 2blog.ilc.edu.tw:443)
[Sat Aug 22 01:03:25.404774 2026] [authz_core:debug] [pid 633008:tid 633008] mod_authz_core.c(815): [client 216.73.216.122:45546] AH01626: authorization result of Require all granted: granted
[Sat Aug 22 01:03:25.404781 2026] [authz_core:debug] [pid 633008:tid 633008] mod_authz_core.c(815): [client 216.73.216.122:45546] AH01626: authorization result of : granted
[Sat Aug 22 01:03:25.404935 2026] [authz_core:debug] [pid 633008:tid 633008] mod_authz_core.c(815): [client 216.73.216.122:45546] AH01626: authorization result of Require all granted: granted
[Sat Aug 22 01:03:25.404941 2026] [authz_core:debug] [pid 633008:tid 633008] mod_authz_core.c(815): [client 216.73.216.122:45546] AH01626: authorization result of : granted
[Sat Aug 22 01:03:25.495467 2026] [ssl:debug] [pid 633013:tid 633013] ssl_engine_kernel.c(254): [client 216.73.216.122:29989] AH02034: Subsequent (No.20) HTTPS request received for child 11 (server 2blog.ilc.edu.tw:443)
[Sat Aug 22 01:03:25.495642 2026] [authz_core:debug] [pid 633013:tid 633013] mod_authz_core.c(815): [client 216.73.216.122:29989] AH01626: authorization result of Require all granted: granted
[Sat Aug 22 01:03:25.495647 2026] [authz_core:debug] [pid 633013:tid 633013] mod_authz_core.c(815): [client 216.73.216.122:29989] AH01626: authorization result of : granted
[Sat Aug 22 01:03:25.495750 2026] [authz_core:debug] [pid 633013:tid 633013] mod_authz_core.c(815): [client 216.73.216.122:29989] AH01626: authorization result of Require all granted: granted
[Sat Aug 22 01:03:25.495753 2026] [authz_core:debug] [pid 633013:tid 633013] mod_authz_core.c(815): [client 216.73.216.122:29989] AH01626: authorization result of : granted
[Sat Aug 22 01:03:25.496198 2026] [ssl:debug] [pid 633011:tid 633011] ssl_engine_kernel.c(254): [client 216.73.216.122:34801] AH02034: Subsequent (No.24) HTTPS request received for child 2 (server 2blog.ilc.edu.tw:443), referer: https://2blog.ilc.edu.tw/6567/?p=4026
[Sat Aug 22 01:03:25.496366 2026] [authz_core:debug] [pid 633011:tid 633011] mod_authz_core.c(815): [client 216.73.216.122:34801] AH01626: authorization result of Require all granted: granted, referer: https://2blog.ilc.edu.tw/6567/?p=4026
[Sat Aug 22 01:03:25.496372 2026] [authz_core:debug] [pid 633011:tid 633011] mod_authz_core.c(815): [client 216.73.216.122:34801] AH01626: authorization result of : granted, referer: https://2blog.ilc.edu.tw/6567/?p=4026
[Sat Aug 22 01:03:25.496470 2026] [authz_core:debug] [pid 633011:tid 633011] mod_authz_core.c(815): [client 216.73.216.122:34801] AH01626: authorization result of Require all granted: granted, referer: https://2blog.ilc.edu.tw/6567/?p=4026
[Sat Aug 22 01:03:25.496474 2026] [authz_core:debug] [pid 633011:tid 633011] mod_authz_core.c(815): [client 216.73.216.122:34801] AH01626: authorization result of : granted, referer: https://2blog.ilc.edu.tw/6567/?p=4026
[Sat Aug 22 01:03:25.511691 2026] [deflate:debug] [pid 633011:tid 633011] mod_deflate.c(909): [client 216.73.216.122:34801] AH01384: Zlib: Compressed 73064 to 11562 : URL /index.php, referer: https://2blog.ilc.edu.tw/6567/?p=4026
[Sat Aug 22 01:03:25.559434 2026] [ssl:info] [pid 633051:tid 633051] [client 66.249.71.37:48478] AH01964: Connection to child 49 established (server 2blog.ilc.edu.tw:443)
[Sat Aug 22 01:03:25.559712 2026] [ssl:debug] [pid 633051:tid 633051] ssl_engine_kernel.c(2222): [client 66.249.71.37:48478] AH02043: SSL virtual host for servername 2blog.ilc.edu.tw found
[Sat Aug 22 01:03:25.559870 2026] [ssl:debug] [pid 633051:tid 633051] ssl_util_stapling.c(819): AH01951: stapling_cb: OCSP Stapling callback called
[Sat Aug 22 01:03:25.559877 2026] [ssl:info] [pid 633051:tid 633051] AH01926: stapling_get_certinfo: stapling not supported for certificate
[Sat Aug 22 01:03:25.560772 2026] [ssl:debug] [pid 633037:tid 633037] ssl_engine_io.c(1150): [client 2a03:2880:f802:28:::44866] AH02001: Connection closed to child 38 with standard shutdown (server www.jwes.ilc.edu.tw:443)
[Sat Aug 22 01:03:25.567666 2026] [ssl:debug] [pid 633051:tid 633051] ssl_engine_kernel.c(2082): [client 66.249.71.37:48478] AH02041: Protocol: TLSv1.3, Cipher: TLS_AES_256_GCM_SHA384 (256/256 bits)
[Sat Aug 22 01:03:25.567712 2026] [socache_shmcb:debug] [pid 633051:tid 633051] mod_socache_shmcb.c(508): AH00831: socache_shmcb_store (0xac -> subcache 12)
[Sat Aug 22 01:03:25.567727 2026] [socache_shmcb:debug] [pid 633051:tid 633051] mod_socache_shmcb.c(860): AH00847: insert happened at idx=25, data=(6315:6347)
[Sat Aug 22 01:03:25.567729 2026] [socache_shmcb:debug] [pid 633051:tid 633051] mod_socache_shmcb.c(863): AH00848: finished insert, subcache: idx_pos/idx_used=64/50, data_pos/data_used=9228/11165
[Sat Aug 22 01:03:25.567732 2026] [socache_shmcb:debug] [pid 633051:tid 633051] mod_socache_shmcb.c(530): AH00834: leaving socache_shmcb_store successfully
[Sat Aug 22 01:03:25.567767 2026] [socache_shmcb:debug] [pid 633051:tid 633051] mod_socache_shmcb.c(508): AH00831: socache_shmcb_store (0x43 -> subcache 3)
[Sat Aug 22 01:03:25.567775 2026] [socache_shmcb:debug] [pid 633051:tid 633051] mod_socache_shmcb.c(745): AH00842: expiring 1 and reclaiming 0 removed socache entries
[Sat Aug 22 01:03:25.567777 2026] [socache_shmcb:debug] [pid 633051:tid 633051] mod_socache_shmcb.c(765): AH00843: we now have 50 socache entries
[Sat Aug 22 01:03:25.567779 2026] [socache_shmcb:debug] [pid 633051:tid 633051] mod_socache_shmcb.c(860): AH00847: insert happened at idx=24, data=(6190:6222)
[Sat Aug 22 01:03:25.567781 2026] [socache_shmcb:debug] [pid 633051:tid 633051] mod_socache_shmcb.c(863): AH00848: finished insert, subcache: idx_pos/idx_used=62/51, data_pos/data_used=8884/11384
[Sat Aug 22 01:03:25.567783 2026] [socache_shmcb:debug] [pid 633051:tid 633051] mod_socache_shmcb.c(530): AH00834: leaving socache_shmcb_store successfully
[Sat Aug 22 01:03:25.567899 2026] [ssl:debug] [pid 633051:tid 633051] ssl_engine_kernel.c(254): [client 66.249.71.37:48478] AH02034: Initial (No.1) HTTPS request received for child 49 (server 2blog.ilc.edu.tw:443)
[Sat Aug 22 01:03:25.568138 2026] [authz_core:debug] [pid 633051:tid 633051] mod_authz_core.c(815): [client 66.249.71.37:48478] AH01626: authorization result of Require all granted: granted
[Sat Aug 22 01:03:25.568143 2026] [authz_core:debug] [pid 633051:tid 633051] mod_authz_core.c(815): [client 66.249.71.37:48478] AH01626: authorization result of : granted
[Sat Aug 22 01:03:25.570857 2026] [authz_core:debug] [pid 633051:tid 633051] mod_authz_core.c(815): [client 66.249.71.37:48478] AH01626: authorization result of Require all granted: granted
[Sat Aug 22 01:03:25.570867 2026] [authz_core:debug] [pid 633051:tid 633051] mod_authz_core.c(815): [client 66.249.71.37:48478] AH01626: authorization result of : granted
[Sat Aug 22 01:03:25.572544 2026] [deflate:debug] [pid 633049:tid 633049] mod_deflate.c(909): [client 40.77.167.159:38536] AH01384: Zlib: Compressed 538726 to 86856 : URL /index.php
[Sat Aug 22 01:03:25.586359 2026] [ssl:debug] [pid 633031:tid 633031] ssl_engine_kernel.c(254): [client 216.73.216.122:6707] AH02034: Subsequent (No.8) HTTPS request received for child 32 (server 2blog.ilc.edu.tw:443)
[Sat Aug 22 01:03:25.586529 2026] [authz_core:debug] [pid 633031:tid 633031] mod_authz_core.c(815): [client 216.73.216.122:6707] AH01626: authorization result of Require all granted: granted
[Sat Aug 22 01:03:25.586533 2026] [authz_core:debug] [pid 633031:tid 633031] mod_authz_core.c(815): [client 216.73.216.122:6707] AH01626: authorization result of : granted
[Sat Aug 22 01:03:25.586632 2026] [authz_core:debug] [pid 633031:tid 633031] mod_authz_core.c(815): [client 216.73.216.122:6707] AH01626: authorization result of Require all granted: granted
[Sat Aug 22 01:03:25.586636 2026] [authz_core:debug] [pid 633031:tid 633031] mod_authz_core.c(815): [client 216.73.216.122:6707] AH01626: authorization result of : granted
[Sat Aug 22 01:03:25.626294 2026] [ssl:debug] [pid 633023:tid 633023] ssl_engine_kernel.c(254): [client 216.73.216.122:29175] AH02034: Subsequent (No.10) HTTPS request received for child 22 (server 2blog.ilc.edu.tw:443), referer: https://2blog.ilc.edu.tw/6567/?p=3822
[Sat Aug 22 01:03:25.626466 2026] [authz_core:debug] [pid 633023:tid 633023] mod_authz_core.c(815): [client 216.73.216.122:29175] AH01626: authorization result of Require all granted: granted, referer: https://2blog.ilc.edu.tw/6567/?p=3822
[Sat Aug 22 01:03:25.626471 2026] [authz_core:debug] [pid 633023:tid 633023] mod_authz_core.c(815): [client 216.73.216.122:29175] AH01626: authorization result of : granted, referer: https://2blog.ilc.edu.tw/6567/?p=3822
[Sat Aug 22 01:03:25.626578 2026] [authz_core:debug] [pid 633023:tid 633023] mod_authz_core.c(815): [client 216.73.216.122:29175] AH01626: authorization result of Require all granted: granted, referer: https://2blog.ilc.edu.tw/6567/?p=3822
[Sat Aug 22 01:03:25.626582 2026] [authz_core:debug] [pid 633023:tid 633023] mod_authz_core.c(815): [client 216.73.216.122:29175] AH01626: authorization result of : granted, referer: https://2blog.ilc.edu.tw/6567/?p=3822
[Sat Aug 22 01:03:25.642960 2026] [deflate:debug] [pid 633023:tid 633023] mod_deflate.c(909): [client 216.73.216.122:29175] AH01384: Zlib: Compressed 39378 to 9464 : URL /index.php, referer: https://2blog.ilc.edu.tw/6567/?p=3822
[Sat Aug 22 01:03:25.677730 2026] [ssl:debug] [pid 632993:tid 632993] ssl_engine_kernel.c(254): [client 216.73.216.122:31748] AH02034: Subsequent (No.22) HTTPS request received for child 1 (server 2blog.ilc.edu.tw:443)
[Sat Aug 22 01:03:25.677907 2026] [authz_core:debug] [pid 632993:tid 632993] mod_authz_core.c(815): [client 216.73.216.122:31748] AH01626: authorization result of Require all granted: granted
[Sat Aug 22 01:03:25.677911 2026] [authz_core:debug] [pid 632993:tid 632993] mod_authz_core.c(815): [client 216.73.216.122:31748] AH01626: authorization result of : granted
[Sat Aug 22 01:03:25.678015 2026] [authz_core:debug] [pid 632993:tid 632993] mod_authz_core.c(815): [client 216.73.216.122:31748] AH01626: authorization result of Require all granted: granted
[Sat Aug 22 01:03:25.678019 2026] [authz_core:debug] [pid 632993:tid 632993] mod_authz_core.c(815): [client 216.73.216.122:31748] AH01626: authorization result of : granted
[Sat Aug 22 01:03:25.715924 2026] [ssl:debug] [pid 633008:tid 633008] ssl_engine_kernel.c(254): [client 216.73.216.122:45546] AH02034: Subsequent (No.24) HTTPS request received for child 9 (server 2blog.ilc.edu.tw:443), referer: https://2blog.ilc.edu.tw/6567/?p=4134
[Sat Aug 22 01:03:25.716099 2026] [authz_core:debug] [pid 633008:tid 633008] mod_authz_core.c(815): [client 216.73.216.122:45546] AH01626: authorization result of Require all granted: granted, referer: https://2blog.ilc.edu.tw/6567/?p=4134
[Sat Aug 22 01:03:25.716104 2026] [authz_core:debug] [pid 633008:tid 633008] mod_authz_core.c(815): [client 216.73.216.122:45546] AH01626: authorization result of : granted, referer: https://2blog.ilc.edu.tw/6567/?p=4134
[Sat Aug 22 01:03:25.716224 2026] [authz_core:debug] [pid 633008:tid 633008] mod_authz_core.c(815): [client 216.73.216.122:45546] AH01626: authorization result of Require all granted: granted, referer: https://2blog.ilc.edu.tw/6567/?p=4134
[Sat Aug 22 01:03:25.716228 2026] [authz_core:debug] [pid 633008:tid 633008] mod_authz_core.c(815): [client 216.73.216.122:45546] AH01626: authorization result of : granted, referer: https://2blog.ilc.edu.tw/6567/?p=4134
[Sat Aug 22 01:03:25.732622 2026] [deflate:debug] [pid 633008:tid 633008] mod_deflate.c(909): [client 216.73.216.122:45546] AH01384: Zlib: Compressed 39370 to 9606 : URL /index.php, referer: https://2blog.ilc.edu.tw/6567/?p=4134
[Sat Aug 22 01:03:25.758600 2026] [ssl:debug] [pid 633011:tid 633011] ssl_engine_kernel.c(254): [client 216.73.216.122:34801] AH02034: Subsequent (No.25) HTTPS request received for child 2 (server 2blog.ilc.edu.tw:443)
[Sat Aug 22 01:03:25.758833 2026] [authz_core:debug] [pid 633011:tid 633011] mod_authz_core.c(815): [client 216.73.216.122:34801] AH01626: authorization result of Require all granted: granted
[Sat Aug 22 01:03:25.758840 2026] [authz_core:debug] [pid 633011:tid 633011] mod_authz_core.c(815): [client 216.73.216.122:34801] AH01626: authorization result of : granted
[Sat Aug 22 01:03:25.759002 2026] [authz_core:debug] [pid 633011:tid 633011] mod_authz_core.c(815): [client 216.73.216.122:34801] AH01626: authorization result of Require all granted: granted
[Sat Aug 22 01:03:25.759008 2026] [authz_core:debug] [pid 633011:tid 633011] mod_authz_core.c(815): [client 216.73.216.122:34801] AH01626: authorization result of : granted
[Sat Aug 22 01:03:25.783258 2026] [ssl:debug] [pid 633013:tid 633013] ssl_engine_kernel.c(254): [client 216.73.216.122:29989] AH02034: Subsequent (No.21) HTTPS request received for child 11 (server 2blog.ilc.edu.tw:443), referer: https://2blog.ilc.edu.tw/6567/?p=3539
[Sat Aug 22 01:03:25.783439 2026] [authz_core:debug] [pid 633013:tid 633013] mod_authz_core.c(815): [client 216.73.216.122:29989] AH01626: authorization result of Require all granted: granted, referer: https://2blog.ilc.edu.tw/6567/?p=3539
[Sat Aug 22 01:03:25.783444 2026] [authz_core:debug] [pid 633013:tid 633013] mod_authz_core.c(815): [client 216.73.216.122:29989] AH01626: authorization result of : granted, referer: https://2blog.ilc.edu.tw/6567/?p=3539
[Sat Aug 22 01:03:25.783562 2026] [authz_core:debug] [pid 633013:tid 633013] mod_authz_core.c(815): [client 216.73.216.122:29989] AH01626: authorization result of Require all granted: granted, referer: https://2blog.ilc.edu.tw/6567/?p=3539
[Sat Aug 22 01:03:25.783567 2026] [authz_core:debug] [pid 633013:tid 633013] mod_authz_core.c(815): [client 216.73.216.122:29989] AH01626: authorization result of : granted, referer: https://2blog.ilc.edu.tw/6567/?p=3539
[Sat Aug 22 01:03:25.803431 2026] [deflate:debug] [pid 633013:tid 633013] mod_deflate.c(909): [client 216.73.216.122:29989] AH01384: Zlib: Compressed 39532 to 9632 : URL /index.php, referer: https://2blog.ilc.edu.tw/6567/?p=3539
[Sat Aug 22 01:03:25.859804 2026] [ssl:debug] [pid 633036:tid 633036] ssl_engine_kernel.c(254): [client 216.73.216.122:58644] AH02034: Subsequent (No.8) HTTPS request received for child 37 (server 2blog.ilc.edu.tw:443)
[Sat Aug 22 01:03:25.859979 2026] [authz_core:debug] [pid 633036:tid 633036] mod_authz_core.c(815): [client 216.73.216.122:58644] AH01626: authorization result of Require all granted: granted
[Sat Aug 22 01:03:25.859984 2026] [authz_core:debug] [pid 633036:tid 633036] mod_authz_core.c(815): [client 216.73.216.122:58644] AH01626: authorization result of : granted
[Sat Aug 22 01:03:25.860082 2026] [authz_core:debug] [pid 633036:tid 633036] mod_authz_core.c(815): [client 216.73.216.122:58644] AH01626: authorization result of Require all granted: granted
[Sat Aug 22 01:03:25.860086 2026] [authz_core:debug] [pid 633036:tid 633036] mod_authz_core.c(815): [client 216.73.216.122:58644] AH01626: authorization result of : granted
[Sat Aug 22 01:03:25.890669 2026] [deflate:debug] [pid 633011:tid 633011] mod_deflate.c(909): [client 216.73.216.122:34801] AH01384: Zlib: Compressed 61063 to 11428 : URL /index.php
[Sat Aug 22 01:03:25.892626 2026] [ssl:debug] [pid 633031:tid 633031] ssl_engine_kernel.c(254): [client 216.73.216.122:6707] AH02034: Subsequent (No.9) HTTPS request received for child 32 (server 2blog.ilc.edu.tw:443), referer: https://2blog.ilc.edu.tw/4925/?p=4615
[Sat Aug 22 01:03:25.892791 2026] [authz_core:debug] [pid 633031:tid 633031] mod_authz_core.c(815): [client 216.73.216.122:6707] AH01626: authorization result of Require all granted: granted, referer: https://2blog.ilc.edu.tw/4925/?p=4615
[Sat Aug 22 01:03:25.892797 2026] [authz_core:debug] [pid 633031:tid 633031] mod_authz_core.c(815): [client 216.73.216.122:6707] AH01626: authorization result of : granted, referer: https://2blog.ilc.edu.tw/4925/?p=4615
[Sat Aug 22 01:03:25.892898 2026] [authz_core:debug] [pid 633031:tid 633031] mod_authz_core.c(815): [client 216.73.216.122:6707] AH01626: authorization result of Require all granted: granted, referer: https://2blog.ilc.edu.tw/4925/?p=4615
[Sat Aug 22 01:03:25.892902 2026] [authz_core:debug] [pid 633031:tid 633031] mod_authz_core.c(815): [client 216.73.216.122:6707] AH01626: authorization result of : granted, referer: https://2blog.ilc.edu.tw/4925/?p=4615
[Sat Aug 22 01:03:25.905780 2026] [deflate:debug] [pid 633031:tid 633031] mod_deflate.c(909): [client 216.73.216.122:6707] AH01384: Zlib: Compressed 49435 to 10927 : URL /index.php, referer: https://2blog.ilc.edu.tw/4925/?p=4615
[Sat Aug 22 01:03:25.950119 2026] [ssl:debug] [pid 633023:tid 633023] ssl_engine_kernel.c(254): [client 216.73.216.122:29175] AH02034: Subsequent (No.11) HTTPS request received for child 22 (server 2blog.ilc.edu.tw:443)
[Sat Aug 22 01:03:25.950290 2026] [authz_core:debug] [pid 633023:tid 633023] mod_authz_core.c(815): [client 216.73.216.122:29175] AH01626: authorization result of Require all granted: granted
[Sat Aug 22 01:03:25.950295 2026] [authz_core:debug] [pid 633023:tid 633023] mod_authz_core.c(815): [client 216.73.216.122:29175] AH01626: authorization result of : granted
[Sat Aug 22 01:03:25.950395 2026] [authz_core:debug] [pid 633023:tid 633023] mod_authz_core.c(815): [client 216.73.216.122:29175] AH01626: authorization result of Require all granted: granted
[Sat Aug 22 01:03:25.950399 2026] [authz_core:debug] [pid 633023:tid 633023] mod_authz_core.c(815): [client 216.73.216.122:29175] AH01626: authorization result of : granted
[Sat Aug 22 01:03:25.971355 2026] [deflate:debug] [pid 633036:tid 633036] mod_deflate.c(909): [client 216.73.216.122:58644] AH01384: Zlib: Compressed 46776 to 10467 : URL /index.php
[Sat Aug 22 01:03:25.985793 2026] [ssl:debug] [pid 632993:tid 632993] ssl_engine_kernel.c(254): [client 216.73.216.122:31748] AH02034: Subsequent (No.23) HTTPS request received for child 1 (server 2blog.ilc.edu.tw:443), referer: https://2blog.ilc.edu.tw/18998/?p=413
[Sat Aug 22 01:03:25.985962 2026] [authz_core:debug] [pid 632993:tid 632993] mod_authz_core.c(815): [client 216.73.216.122:31748] AH01626: authorization result of Require all granted: granted, referer: https://2blog.ilc.edu.tw/18998/?p=413
[Sat Aug 22 01:03:25.985967 2026] [authz_core:debug] [pid 632993:tid 632993] mod_authz_core.c(815): [client 216.73.216.122:31748] AH01626: authorization result of : granted, referer: https://2blog.ilc.edu.tw/18998/?p=413
[Sat Aug 22 01:03:25.986068 2026] [authz_core:debug] [pid 632993:tid 632993] mod_authz_core.c(815): [client 216.73.216.122:31748] AH01626: authorization result of Require all granted: granted, referer: https://2blog.ilc.edu.tw/18998/?p=413
[Sat Aug 22 01:03:25.986072 2026] [authz_core:debug] [pid 632993:tid 632993] mod_authz_core.c(815): [client 216.73.216.122:31748] AH01626: authorization result of : granted, referer: https://2blog.ilc.edu.tw/18998/?p=413
[Sat Aug 22 01:03:25.991830 2026] [authz_core:debug] [pid 633052:tid 633052] mod_authz_core.c(815): [client 2400:e920:0:2:f45d:ddff:fe00:7a:60565] AH01626: authorization result of Require all granted: granted, referer: http://ilta.ilc.edu.tw
[Sat Aug 22 01:03:25.991863 2026] [authz_core:debug] [pid 633052:tid 633052] mod_authz_core.c(815): [client 2400:e920:0:2:f45d:ddff:fe00:7a:60565] AH01626: authorization result of : granted, referer: http://ilta.ilc.edu.tw
[Sat Aug 22 01:03:25.997742 2026] [deflate:debug] [pid 632993:tid 632993] mod_deflate.c(909): [client 216.73.216.122:31748] AH01384: Zlib: Compressed 30518 to 7707 : URL /index.php, referer: https://2blog.ilc.edu.tw/18998/?p=413
[Sat Aug 22 01:03:26.041863 2026] [ssl:debug] [pid 633013:tid 633013] ssl_engine_kernel.c(254): [client 216.73.216.122:29989] AH02034: Subsequent (No.22) HTTPS request received for child 11 (server 2blog.ilc.edu.tw:443)
[Sat Aug 22 01:03:26.042032 2026] [authz_core:debug] [pid 633013:tid 633013] mod_authz_core.c(815): [client 216.73.216.122:29989] AH01626: authorization result of Require all granted: granted
[Sat Aug 22 01:03:26.042039 2026] [authz_core:debug] [pid 633013:tid 633013] mod_authz_core.c(815): [client 216.73.216.122:29989] AH01626: authorization result of : granted
[Sat Aug 22 01:03:26.042170 2026] [authz_core:debug] [pid 633013:tid 633013] mod_authz_core.c(815): [client 216.73.216.122:29989] AH01626: authorization result of Require all granted: granted
[Sat Aug 22 01:03:26.042175 2026] [authz_core:debug] [pid 633013:tid 633013] mod_authz_core.c(815): [client 216.73.216.122:29989] AH01626: authorization result of : granted
[Sat Aug 22 01:03:26.074432 2026] [ssl:debug] [pid 632991:tid 632991] ssl_engine_io.c(1150): [client 216.73.216.122:47836] AH02001: Connection closed to child 0 with standard shutdown (server 2blog.ilc.edu.tw:443)
[Sat Aug 22 01:03:26.121404 2026] [ssl:debug] [pid 633011:tid 633011] ssl_engine_kernel.c(254): [client 216.73.216.122:34801] AH02034: Subsequent (No.26) HTTPS request received for child 2 (server 2blog.ilc.edu.tw:443)
[Sat Aug 22 01:03:26.121588 2026] [authz_core:debug] [pid 633011:tid 633011] mod_authz_core.c(815): [client 216.73.216.122:34801] AH01626: authorization result of Require all granted: granted
[Sat Aug 22 01:03:26.121593 2026] [authz_core:debug] [pid 633011:tid 633011] mod_authz_core.c(815): [client 216.73.216.122:34801] AH01626: authorization result of : granted
[Sat Aug 22 01:03:26.121693 2026] [authz_core:debug] [pid 633011:tid 633011] mod_authz_core.c(815): [client 216.73.216.122:34801] AH01626: authorization result of Require all granted: granted
[Sat Aug 22 01:03:26.121696 2026] [authz_core:debug] [pid 633011:tid 633011] mod_authz_core.c(815): [client 216.73.216.122:34801] AH01626: authorization result of : granted
[Sat Aug 22 01:03:26.223313 2026] [ssl:debug] [pid 633036:tid 633036] ssl_engine_kernel.c(254): [client 216.73.216.122:58644] AH02034: Subsequent (No.9) HTTPS request received for child 37 (server 2blog.ilc.edu.tw:443)
[Sat Aug 22 01:03:26.223493 2026] [authz_core:debug] [pid 633036:tid 633036] mod_authz_core.c(815): [client 216.73.216.122:58644] AH01626: authorization result of Require all granted: granted
[Sat Aug 22 01:03:26.223498 2026] [authz_core:debug] [pid 633036:tid 633036] mod_authz_core.c(815): [client 216.73.216.122:58644] AH01626: authorization result of : granted
[Sat Aug 22 01:03:26.223604 2026] [authz_core:debug] [pid 633036:tid 633036] mod_authz_core.c(815): [client 216.73.216.122:58644] AH01626: authorization result of Require all granted: granted
[Sat Aug 22 01:03:26.223608 2026] [authz_core:debug] [pid 633036:tid 633036] mod_authz_core.c(815): [client 216.73.216.122:58644] AH01626: authorization result of : granted
[Sat Aug 22 01:03:26.228236 2026] [ssl:info] [pid 633024:tid 633024] (70014)End of file found: [client 66.249.71.131:45034] AH01992: SSL library error 6 reading data
[Sat Aug 22 01:03:26.228302 2026] [ssl:debug] [pid 633024:tid 633024] ssl_engine_io.c(1150): [client 66.249.71.131:45034] AH02001: Connection closed to child 23 with standard shutdown (server www.ilc.edu.tw:443)
[Sat Aug 22 01:03:26.263271 2026] [ssl:debug] [pid 633023:tid 633023] ssl_engine_kernel.c(254): [client 216.73.216.122:29175] AH02034: Subsequent (No.12) HTTPS request received for child 22 (server 2blog.ilc.edu.tw:443), referer: https://2blog.ilc.edu.tw/6567/?p=3536
[Sat Aug 22 01:03:26.263447 2026] [authz_core:debug] [pid 633023:tid 633023] mod_authz_core.c(815): [client 216.73.216.122:29175] AH01626: authorization result of Require all granted: granted, referer: https://2blog.ilc.edu.tw/6567/?p=3536
[Sat Aug 22 01:03:26.263451 2026] [authz_core:debug] [pid 633023:tid 633023] mod_authz_core.c(815): [client 216.73.216.122:29175] AH01626: authorization result of : granted, referer: https://2blog.ilc.edu.tw/6567/?p=3536
[Sat Aug 22 01:03:26.263555 2026] [authz_core:debug] [pid 633023:tid 633023] mod_authz_core.c(815): [client 216.73.216.122:29175] AH01626: authorization result of Require all granted: granted, referer: https://2blog.ilc.edu.tw/6567/?p=3536
[Sat Aug 22 01:03:26.263559 2026] [authz_core:debug] [pid 633023:tid 633023] mod_authz_core.c(815): [client 216.73.216.122:29175] AH01626: authorization result of : granted, referer: https://2blog.ilc.edu.tw/6567/?p=3536
[Sat Aug 22 01:03:26.277058 2026] [deflate:debug] [pid 633023:tid 633023] mod_deflate.c(909): [client 216.73.216.122:29175] AH01384: Zlib: Compressed 38979 to 9547 : URL /index.php, referer: https://2blog.ilc.edu.tw/6567/?p=3536
[Sat Aug 22 01:03:26.314264 2026] [ssl:debug] [pid 632993:tid 632993] ssl_engine_kernel.c(254): [client 216.73.216.122:31748] AH02034: Subsequent (No.24) HTTPS request received for child 1 (server 2blog.ilc.edu.tw:443)
[Sat Aug 22 01:03:26.314432 2026] [authz_core:debug] [pid 632993:tid 632993] mod_authz_core.c(815): [client 216.73.216.122:31748] AH01626: authorization result of Require all granted: granted
[Sat Aug 22 01:03:26.314437 2026] [authz_core:debug] [pid 632993:tid 632993] mod_authz_core.c(815): [client 216.73.216.122:31748] AH01626: authorization result of : granted
[Sat Aug 22 01:03:26.314537 2026] [authz_core:debug] [pid 632993:tid 632993] mod_authz_core.c(815): [client 216.73.216.122:31748] AH01626: authorization result of Require all granted: granted
[Sat Aug 22 01:03:26.314541 2026] [authz_core:debug] [pid 632993:tid 632993] mod_authz_core.c(815): [client 216.73.216.122:31748] AH01626: authorization result of : granted
[Sat Aug 22 01:03:26.319464 2026] [ssl:info] [pid 633053:tid 633053] [client 2400:e920:0:2:f45d:ddff:fe00:7a:60589] AH01964: Connection to child 51 established (server 2blog.ilc.edu.tw:443)
[Sat Aug 22 01:03:26.319768 2026] [ssl:debug] [pid 633053:tid 633053] ssl_engine_kernel.c(2222): [client 2400:e920:0:2:f45d:ddff:fe00:7a:60589] AH02043: SSL virtual host for servername ilta.ilc.edu.tw found
[Sat Aug 22 01:03:26.319912 2026] [core:debug] [pid 633053:tid 633053] protocol.c(2460): [client 2400:e920:0:2:f45d:ddff:fe00:7a:60589] AH03155: select protocol from , choices=http/1.1 for server ilta.ilc.edu.tw
[Sat Aug 22 01:03:26.326586 2026] [ssl:debug] [pid 633013:tid 633013] ssl_engine_kernel.c(254): [client 216.73.216.122:29989] AH02034: Subsequent (No.23) HTTPS request received for child 11 (server 2blog.ilc.edu.tw:443), referer: https://2blog.ilc.edu.tw/6567/?p=5350
[Sat Aug 22 01:03:26.326743 2026] [authz_core:debug] [pid 633013:tid 633013] mod_authz_core.c(815): [client 216.73.216.122:29989] AH01626: authorization result of Require all granted: granted, referer: https://2blog.ilc.edu.tw/6567/?p=5350
[Sat Aug 22 01:03:26.326748 2026] [authz_core:debug] [pid 633013:tid 633013] mod_authz_core.c(815): [client 216.73.216.122:29989] AH01626: authorization result of : granted, referer: https://2blog.ilc.edu.tw/6567/?p=5350
[Sat Aug 22 01:03:26.326851 2026] [authz_core:debug] [pid 633013:tid 633013] mod_authz_core.c(815): [client 216.73.216.122:29989] AH01626: authorization result of Require all granted: granted, referer: https://2blog.ilc.edu.tw/6567/?p=5350
[Sat Aug 22 01:03:26.326855 2026] [authz_core:debug] [pid 633013:tid 633013] mod_authz_core.c(815): [client 216.73.216.122:29989] AH01626: authorization result of : granted, referer: https://2blog.ilc.edu.tw/6567/?p=5350
[Sat Aug 22 01:03:26.338180 2026] [deflate:debug] [pid 633013:tid 633013] mod_deflate.c(909): [client 216.73.216.122:29989] AH01384: Zlib: Compressed 38895 to 9296 : URL /index.php, referer: https://2blog.ilc.edu.tw/6567/?p=5350
[Sat Aug 22 01:03:26.361097 2026] [deflate:debug] [pid 633036:tid 633036] mod_deflate.c(909): [client 216.73.216.122:58644] AH01384: Zlib: Compressed 54167 to 10111 : URL /index.php
[Sat Aug 22 01:03:26.402862 2026] [ssl:debug] [pid 633011:tid 633011] ssl_engine_kernel.c(254): [client 216.73.216.122:34801] AH02034: Subsequent (No.27) HTTPS request received for child 2 (server 2blog.ilc.edu.tw:443), referer: https://2blog.ilc.edu.tw/41303/?p=6
[Sat Aug 22 01:03:26.403042 2026] [authz_core:debug] [pid 633011:tid 633011] mod_authz_core.c(815): [client 216.73.216.122:34801] AH01626: authorization result of Require all granted: granted, referer: https://2blog.ilc.edu.tw/41303/?p=6
[Sat Aug 22 01:03:26.403047 2026] [authz_core:debug] [pid 633011:tid 633011] mod_authz_core.c(815): [client 216.73.216.122:34801] AH01626: authorization result of : granted, referer: https://2blog.ilc.edu.tw/41303/?p=6
[Sat Aug 22 01:03:26.403151 2026] [authz_core:debug] [pid 633011:tid 633011] mod_authz_core.c(815): [client 216.73.216.122:34801] AH01626: authorization result of Require all granted: granted, referer: https://2blog.ilc.edu.tw/41303/?p=6
[Sat Aug 22 01:03:26.403155 2026] [authz_core:debug] [pid 633011:tid 633011] mod_authz_core.c(815): [client 216.73.216.122:34801] AH01626: authorization result of : granted, referer: https://2blog.ilc.edu.tw/41303/?p=6
[Sat Aug 22 01:03:26.406988 2026] [ssl:debug] [pid 633031:tid 633031] ssl_engine_kernel.c(254): [client 216.73.216.122:6707] AH02034: Subsequent (No.10) HTTPS request received for child 32 (server 2blog.ilc.edu.tw:443)
[Sat Aug 22 01:03:26.407159 2026] [authz_core:debug] [pid 633031:tid 633031] mod_authz_core.c(815): [client 216.73.216.122:6707] AH01626: authorization result of Require all granted: granted
[Sat Aug 22 01:03:26.407164 2026] [authz_core:debug] [pid 633031:tid 633031] mod_authz_core.c(815): [client 216.73.216.122:6707] AH01626: authorization result of : granted
[Sat Aug 22 01:03:26.407264 2026] [authz_core:debug] [pid 633031:tid 633031] mod_authz_core.c(815): [client 216.73.216.122:6707] AH01626: authorization result of Require all granted: granted
[Sat Aug 22 01:03:26.407268 2026] [authz_core:debug] [pid 633031:tid 633031] mod_authz_core.c(815): [client 216.73.216.122:6707] AH01626: authorization result of : granted
[Sat Aug 22 01:03:26.416143 2026] [deflate:debug] [pid 633011:tid 633011] mod_deflate.c(909): [client 216.73.216.122:34801] AH01384: Zlib: Compressed 31227 to 8172 : URL /index.php, referer: https://2blog.ilc.edu.tw/41303/?p=6
[Sat Aug 22 01:03:26.431604 2026] [ssl:debug] [pid 633053:tid 633053] ssl_engine_kernel.c(2082): [client 2400:e920:0:2:f45d:ddff:fe00:7a:60589] AH02041: Protocol: TLSv1.3, Cipher: TLS_AES_256_GCM_SHA384 (256/256 bits)
[Sat Aug 22 01:03:26.431669 2026] [socache_shmcb:debug] [pid 633053:tid 633053] mod_socache_shmcb.c(508): AH00831: socache_shmcb_store (0xca -> subcache 10)
[Sat Aug 22 01:03:26.431680 2026] [socache_shmcb:debug] [pid 633053:tid 633053] mod_socache_shmcb.c(745): AH00842: expiring 2 and reclaiming 0 removed socache entries
[Sat Aug 22 01:03:26.431683 2026] [socache_shmcb:debug] [pid 633053:tid 633053] mod_socache_shmcb.c(765): AH00843: we now have 56 socache entries
[Sat Aug 22 01:03:26.431685 2026] [socache_shmcb:debug] [pid 633053:tid 633053] mod_socache_shmcb.c(860): AH00847: insert happened at idx=48, data=(11380:11412)
[Sat Aug 22 01:03:26.431687 2026] [socache_shmcb:debug] [pid 633053:tid 633053] mod_socache_shmcb.c(863): AH00848: finished insert, subcache: idx_pos/idx_used=80/57, data_pos/data_used=12721/12747
[Sat Aug 22 01:03:26.431689 2026] [socache_shmcb:debug] [pid 633053:tid 633053] mod_socache_shmcb.c(530): AH00834: leaving socache_shmcb_store successfully
