[Sat Aug 22 01:03:26.431747 2026] [socache_shmcb:debug] [pid 633053:tid 633053] mod_socache_shmcb.c(508): AH00831: socache_shmcb_store (0x5b -> subcache 27)
[Sat Aug 22 01:03:26.431755 2026] [socache_shmcb:debug] [pid 633053:tid 633053] mod_socache_shmcb.c(745): AH00842: expiring 2 and reclaiming 0 removed socache entries
[Sat Aug 22 01:03:26.431757 2026] [socache_shmcb:debug] [pid 633053:tid 633053] mod_socache_shmcb.c(765): AH00843: we now have 50 socache entries
[Sat Aug 22 01:03:26.431759 2026] [socache_shmcb:debug] [pid 633053:tid 633053] mod_socache_shmcb.c(860): AH00847: insert happened at idx=17, data=(4664:4696)
[Sat Aug 22 01:03:26.431760 2026] [socache_shmcb:debug] [pid 633053:tid 633053] mod_socache_shmcb.c(863): AH00848: finished insert, subcache: idx_pos/idx_used=55/51, data_pos/data_used=7330/11422
[Sat Aug 22 01:03:26.431762 2026] [socache_shmcb:debug] [pid 633053:tid 633053] mod_socache_shmcb.c(530): AH00834: leaving socache_shmcb_store successfully
[Sat Aug 22 01:03:26.431903 2026] [ssl:debug] [pid 633053:tid 633053] ssl_engine_kernel.c(254): [client 2400:e920:0:2:f45d:ddff:fe00:7a:60589] AH02034: Initial (No.1) HTTPS request received for child 51 (server ilta.ilc.edu.tw:443), referer: http://ilta.ilc.edu.tw
[Sat Aug 22 01:03:26.432148 2026] [authz_core:debug] [pid 633053:tid 633053] mod_authz_core.c(815): [client 2400:e920:0:2:f45d:ddff:fe00:7a:60589] AH01626: authorization result of Require all granted: granted, referer: http://ilta.ilc.edu.tw
[Sat Aug 22 01:03:26.432154 2026] [authz_core:debug] [pid 633053:tid 633053] mod_authz_core.c(815): [client 2400:e920:0:2:f45d:ddff:fe00:7a:60589] AH01626: authorization result of : granted, referer: http://ilta.ilc.edu.tw
[Sat Aug 22 01:03:26.496199 2026] [ssl:debug] [pid 633008:tid 633008] ssl_engine_kernel.c(254): [client 216.73.216.122:45546] AH02034: Subsequent (No.25) HTTPS request received for child 9 (server 2blog.ilc.edu.tw:443)
[Sat Aug 22 01:03:26.496366 2026] [authz_core:debug] [pid 633008:tid 633008] mod_authz_core.c(815): [client 216.73.216.122:45546] AH01626: authorization result of Require all granted: granted
[Sat Aug 22 01:03:26.496371 2026] [authz_core:debug] [pid 633008:tid 633008] mod_authz_core.c(815): [client 216.73.216.122:45546] AH01626: authorization result of : granted
[Sat Aug 22 01:03:26.496470 2026] [authz_core:debug] [pid 633008:tid 633008] mod_authz_core.c(815): [client 216.73.216.122:45546] AH01626: authorization result of Require all granted: granted
[Sat Aug 22 01:03:26.496474 2026] [authz_core:debug] [pid 633008:tid 633008] mod_authz_core.c(815): [client 216.73.216.122:45546] AH01626: authorization result of : granted
[Sat Aug 22 01:03:26.515663 2026] [deflate:debug] [pid 633031:tid 633031] mod_deflate.c(909): [client 216.73.216.122:6707] AH01384: Zlib: Compressed 35498 to 8522 : URL /index.php
[Sat Aug 22 01:03:26.534307 2026] [deflate:debug] [pid 633053:tid 633053] mod_deflate.c(909): [client 2400:e920:0:2:f45d:ddff:fe00:7a:60589] AH01384: Zlib: Compressed 13605 to 5006 : URL /wp-login.php, referer: http://ilta.ilc.edu.tw
[Sat Aug 22 01:03:26.588081 2026] [ssl:debug] [pid 633013:tid 633013] ssl_engine_kernel.c(254): [client 216.73.216.122:29989] AH02034: Subsequent (No.24) HTTPS request received for child 11 (server 2blog.ilc.edu.tw:443)
[Sat Aug 22 01:03:26.588323 2026] [authz_core:debug] [pid 633013:tid 633013] mod_authz_core.c(815): [client 216.73.216.122:29989] AH01626: authorization result of Require all granted: granted
[Sat Aug 22 01:03:26.588332 2026] [authz_core:debug] [pid 633013:tid 633013] mod_authz_core.c(815): [client 216.73.216.122:29989] AH01626: authorization result of : granted
[Sat Aug 22 01:03:26.588546 2026] [authz_core:debug] [pid 633013:tid 633013] mod_authz_core.c(815): [client 216.73.216.122:29989] AH01626: authorization result of Require all granted: granted
[Sat Aug 22 01:03:26.588557 2026] [authz_core:debug] [pid 633013:tid 633013] mod_authz_core.c(815): [client 216.73.216.122:29989] AH01626: authorization result of : granted
[Sat Aug 22 01:03:26.606060 2026] [deflate:debug] [pid 633008:tid 633008] mod_deflate.c(909): [client 216.73.216.122:45546] AH01384: Zlib: Compressed 32035 to 8187 : URL /index.php
[Sat Aug 22 01:03:26.626832 2026] [ssl:debug] [pid 632993:tid 632993] ssl_engine_kernel.c(254): [client 216.73.216.122:31748] AH02034: Subsequent (No.25) HTTPS request received for child 1 (server 2blog.ilc.edu.tw:443), referer: https://2blog.ilc.edu.tw/2711/?p=413
[Sat Aug 22 01:03:26.627000 2026] [authz_core:debug] [pid 632993:tid 632993] mod_authz_core.c(815): [client 216.73.216.122:31748] AH01626: authorization result of Require all granted: granted, referer: https://2blog.ilc.edu.tw/2711/?p=413
[Sat Aug 22 01:03:26.627005 2026] [authz_core:debug] [pid 632993:tid 632993] mod_authz_core.c(815): [client 216.73.216.122:31748] AH01626: authorization result of : granted, referer: https://2blog.ilc.edu.tw/2711/?p=413
[Sat Aug 22 01:03:26.627109 2026] [authz_core:debug] [pid 632993:tid 632993] mod_authz_core.c(815): [client 216.73.216.122:31748] AH01626: authorization result of Require all granted: granted, referer: https://2blog.ilc.edu.tw/2711/?p=413
[Sat Aug 22 01:03:26.627113 2026] [authz_core:debug] [pid 632993:tid 632993] mod_authz_core.c(815): [client 216.73.216.122:31748] AH01626: authorization result of : granted, referer: https://2blog.ilc.edu.tw/2711/?p=413
[Sat Aug 22 01:03:26.638685 2026] [deflate:debug] [pid 632993:tid 632993] mod_deflate.c(909): [client 216.73.216.122:31748] AH01384: Zlib: Compressed 42547 to 10179 : URL /index.php, referer: https://2blog.ilc.edu.tw/2711/?p=413
[Sat Aug 22 01:03:26.669337 2026] [ssl:debug] [pid 633011:tid 633011] ssl_engine_kernel.c(254): [client 216.73.216.122:34801] AH02034: Subsequent (No.28) HTTPS request received for child 2 (server 2blog.ilc.edu.tw:443)
[Sat Aug 22 01:03:26.669513 2026] [authz_core:debug] [pid 633011:tid 633011] mod_authz_core.c(815): [client 216.73.216.122:34801] AH01626: authorization result of Require all granted: granted
[Sat Aug 22 01:03:26.669517 2026] [authz_core:debug] [pid 633011:tid 633011] mod_authz_core.c(815): [client 216.73.216.122:34801] AH01626: authorization result of : granted
[Sat Aug 22 01:03:26.669620 2026] [authz_core:debug] [pid 633011:tid 633011] mod_authz_core.c(815): [client 216.73.216.122:34801] AH01626: authorization result of Require all granted: granted
[Sat Aug 22 01:03:26.669623 2026] [authz_core:debug] [pid 633011:tid 633011] mod_authz_core.c(815): [client 216.73.216.122:34801] AH01626: authorization result of : granted
[Sat Aug 22 01:03:26.772748 2026] [ssl:debug] [pid 633031:tid 633031] ssl_engine_kernel.c(254): [client 216.73.216.122:6707] AH02034: Subsequent (No.11) HTTPS request received for child 32 (server 2blog.ilc.edu.tw:443)
[Sat Aug 22 01:03:26.772928 2026] [authz_core:debug] [pid 633031:tid 633031] mod_authz_core.c(815): [client 216.73.216.122:6707] AH01626: authorization result of Require all granted: granted
[Sat Aug 22 01:03:26.772945 2026] [authz_core:debug] [pid 633031:tid 633031] mod_authz_core.c(815): [client 216.73.216.122:6707] AH01626: authorization result of : granted
[Sat Aug 22 01:03:26.773078 2026] [authz_core:debug] [pid 633031:tid 633031] mod_authz_core.c(815): [client 216.73.216.122:6707] AH01626: authorization result of Require all granted: granted
[Sat Aug 22 01:03:26.773083 2026] [authz_core:debug] [pid 633031:tid 633031] mod_authz_core.c(815): [client 216.73.216.122:6707] AH01626: authorization result of : granted
[Sat Aug 22 01:03:26.775628 2026] [authz_core:debug] [pid 633055:tid 633055] mod_authz_core.c(815): [client 2400:e920:0:2:f45d:ddff:fe00:7a:60628] AH01626: authorization result of Require all granted: granted, referer: http://ilta.ilc.edu.tw
[Sat Aug 22 01:03:26.775653 2026] [authz_core:debug] [pid 633055:tid 633055] mod_authz_core.c(815): [client 2400:e920:0:2:f45d:ddff:fe00:7a:60628] AH01626: authorization result of : granted, referer: http://ilta.ilc.edu.tw
[Sat Aug 22 01:03:26.863204 2026] [ssl:debug] [pid 633008:tid 633008] ssl_engine_kernel.c(254): [client 216.73.216.122:45546] AH02034: Subsequent (No.26) HTTPS request received for child 9 (server 2blog.ilc.edu.tw:443)
[Sat Aug 22 01:03:26.863372 2026] [authz_core:debug] [pid 633008:tid 633008] mod_authz_core.c(815): [client 216.73.216.122:45546] AH01626: authorization result of Require all granted: granted
[Sat Aug 22 01:03:26.863377 2026] [authz_core:debug] [pid 633008:tid 633008] mod_authz_core.c(815): [client 216.73.216.122:45546] AH01626: authorization result of : granted
[Sat Aug 22 01:03:26.863479 2026] [authz_core:debug] [pid 633008:tid 633008] mod_authz_core.c(815): [client 216.73.216.122:45546] AH01626: authorization result of Require all granted: granted
[Sat Aug 22 01:03:26.863482 2026] [authz_core:debug] [pid 633008:tid 633008] mod_authz_core.c(815): [client 216.73.216.122:45546] AH01626: authorization result of : granted
[Sat Aug 22 01:03:26.884552 2026] [ssl:debug] [pid 633013:tid 633013] ssl_engine_kernel.c(254): [client 216.73.216.122:29989] AH02034: Subsequent (No.25) HTTPS request received for child 11 (server 2blog.ilc.edu.tw:443), referer: https://2blog.ilc.edu.tw/6567/?p=5339
[Sat Aug 22 01:03:26.884719 2026] [authz_core:debug] [pid 633013:tid 633013] mod_authz_core.c(815): [client 216.73.216.122:29989] AH01626: authorization result of Require all granted: granted, referer: https://2blog.ilc.edu.tw/6567/?p=5339
[Sat Aug 22 01:03:26.884723 2026] [authz_core:debug] [pid 633013:tid 633013] mod_authz_core.c(815): [client 216.73.216.122:29989] AH01626: authorization result of : granted, referer: https://2blog.ilc.edu.tw/6567/?p=5339
[Sat Aug 22 01:03:26.884823 2026] [authz_core:debug] [pid 633013:tid 633013] mod_authz_core.c(815): [client 216.73.216.122:29989] AH01626: authorization result of Require all granted: granted, referer: https://2blog.ilc.edu.tw/6567/?p=5339
[Sat Aug 22 01:03:26.884827 2026] [authz_core:debug] [pid 633013:tid 633013] mod_authz_core.c(815): [client 216.73.216.122:29989] AH01626: authorization result of : granted, referer: https://2blog.ilc.edu.tw/6567/?p=5339
[Sat Aug 22 01:03:26.896073 2026] [deflate:debug] [pid 633013:tid 633013] mod_deflate.c(909): [client 216.73.216.122:29989] AH01384: Zlib: Compressed 38674 to 9322 : URL /index.php, referer: https://2blog.ilc.edu.tw/6567/?p=5339
[Sat Aug 22 01:03:26.954956 2026] [ssl:debug] [pid 632993:tid 632993] ssl_engine_kernel.c(254): [client 216.73.216.122:31748] AH02034: Subsequent (No.26) HTTPS request received for child 1 (server 2blog.ilc.edu.tw:443)
[Sat Aug 22 01:03:26.955176 2026] [authz_core:debug] [pid 632993:tid 632993] mod_authz_core.c(815): [client 216.73.216.122:31748] AH01626: authorization result of Require all granted: granted
[Sat Aug 22 01:03:26.955185 2026] [authz_core:debug] [pid 632993:tid 632993] mod_authz_core.c(815): [client 216.73.216.122:31748] AH01626: authorization result of : granted
[Sat Aug 22 01:03:26.955309 2026] [authz_core:debug] [pid 632993:tid 632993] mod_authz_core.c(815): [client 216.73.216.122:31748] AH01626: authorization result of Require all granted: granted
[Sat Aug 22 01:03:26.955313 2026] [authz_core:debug] [pid 632993:tid 632993] mod_authz_core.c(815): [client 216.73.216.122:31748] AH01626: authorization result of : granted
[Sat Aug 22 01:03:26.957534 2026] [ssl:debug] [pid 633011:tid 633011] ssl_engine_kernel.c(254): [client 216.73.216.122:34801] AH02034: Subsequent (No.29) HTTPS request received for child 2 (server 2blog.ilc.edu.tw:443), referer: https://2blog.ilc.edu.tw/41303/?p=8
[Sat Aug 22 01:03:26.957694 2026] [authz_core:debug] [pid 633011:tid 633011] mod_authz_core.c(815): [client 216.73.216.122:34801] AH01626: authorization result of Require all granted: granted, referer: https://2blog.ilc.edu.tw/41303/?p=8
[Sat Aug 22 01:03:26.957699 2026] [authz_core:debug] [pid 633011:tid 633011] mod_authz_core.c(815): [client 216.73.216.122:34801] AH01626: authorization result of : granted, referer: https://2blog.ilc.edu.tw/41303/?p=8
[Sat Aug 22 01:03:26.957871 2026] [authz_core:debug] [pid 633011:tid 633011] mod_authz_core.c(815): [client 216.73.216.122:34801] AH01626: authorization result of Require all granted: granted, referer: https://2blog.ilc.edu.tw/41303/?p=8
[Sat Aug 22 01:03:26.957884 2026] [authz_core:debug] [pid 633011:tid 633011] mod_authz_core.c(815): [client 216.73.216.122:34801] AH01626: authorization result of : granted, referer: https://2blog.ilc.edu.tw/41303/?p=8
[Sat Aug 22 01:03:26.971320 2026] [deflate:debug] [pid 633011:tid 633011] mod_deflate.c(909): [client 216.73.216.122:34801] AH01384: Zlib: Compressed 33684 to 8875 : URL /index.php, referer: https://2blog.ilc.edu.tw/41303/?p=8
[Sat Aug 22 01:03:27.047705 2026] [ssl:debug] [pid 633036:tid 633036] ssl_engine_kernel.c(254): [client 216.73.216.122:58644] AH02034: Subsequent (No.10) HTTPS request received for child 37 (server 2blog.ilc.edu.tw:443)
[Sat Aug 22 01:03:27.047885 2026] [authz_core:debug] [pid 633036:tid 633036] mod_authz_core.c(815): [client 216.73.216.122:58644] AH01626: authorization result of Require all granted: granted
[Sat Aug 22 01:03:27.047890 2026] [authz_core:debug] [pid 633036:tid 633036] mod_authz_core.c(815): [client 216.73.216.122:58644] AH01626: authorization result of : granted
[Sat Aug 22 01:03:27.047994 2026] [authz_core:debug] [pid 633036:tid 633036] mod_authz_core.c(815): [client 216.73.216.122:58644] AH01626: authorization result of Require all granted: granted
[Sat Aug 22 01:03:27.047997 2026] [authz_core:debug] [pid 633036:tid 633036] mod_authz_core.c(815): [client 216.73.216.122:58644] AH01626: authorization result of : granted
[Sat Aug 22 01:03:27.081425 2026] [ssl:debug] [pid 633031:tid 633031] ssl_engine_kernel.c(254): [client 216.73.216.122:6707] AH02034: Subsequent (No.12) HTTPS request received for child 32 (server 2blog.ilc.edu.tw:443), referer: https://2blog.ilc.edu.tw/6567/?p=4032
[Sat Aug 22 01:03:27.081752 2026] [authz_core:debug] [pid 633031:tid 633031] mod_authz_core.c(815): [client 216.73.216.122:6707] AH01626: authorization result of Require all granted: granted, referer: https://2blog.ilc.edu.tw/6567/?p=4032
[Sat Aug 22 01:03:27.081788 2026] [authz_core:debug] [pid 633031:tid 633031] mod_authz_core.c(815): [client 216.73.216.122:6707] AH01626: authorization result of : granted, referer: https://2blog.ilc.edu.tw/6567/?p=4032
[Sat Aug 22 01:03:27.082224 2026] [authz_core:debug] [pid 633031:tid 633031] mod_authz_core.c(815): [client 216.73.216.122:6707] AH01626: authorization result of Require all granted: granted, referer: https://2blog.ilc.edu.tw/6567/?p=4032
[Sat Aug 22 01:03:27.082265 2026] [authz_core:debug] [pid 633031:tid 633031] mod_authz_core.c(815): [client 216.73.216.122:6707] AH01626: authorization result of : granted, referer: https://2blog.ilc.edu.tw/6567/?p=4032
[Sat Aug 22 01:03:27.093076 2026] [ssl:info] [pid 633056:tid 633056] [client 2400:e920:0:2:f45d:ddff:fe00:7a:60646] AH01964: Connection to child 54 established (server 2blog.ilc.edu.tw:443)
[Sat Aug 22 01:03:27.093398 2026] [ssl:debug] [pid 633056:tid 633056] ssl_engine_kernel.c(2222): [client 2400:e920:0:2:f45d:ddff:fe00:7a:60646] AH02043: SSL virtual host for servername ilta.ilc.edu.tw found
[Sat Aug 22 01:03:27.093501 2026] [core:debug] [pid 633056:tid 633056] protocol.c(2460): [client 2400:e920:0:2:f45d:ddff:fe00:7a:60646] AH03155: select protocol from , choices=http/1.1 for server ilta.ilc.edu.tw
[Sat Aug 22 01:03:27.095292 2026] [deflate:debug] [pid 633031:tid 633031] mod_deflate.c(909): [client 216.73.216.122:6707] AH01384: Zlib: Compressed 38073 to 9009 : URL /index.php, referer: https://2blog.ilc.edu.tw/6567/?p=4032
[Sat Aug 22 01:03:27.138224 2026] [ssl:debug] [pid 633013:tid 633013] ssl_engine_kernel.c(254): [client 216.73.216.122:29989] AH02034: Subsequent (No.26) HTTPS request received for child 11 (server 2blog.ilc.edu.tw:443)
[Sat Aug 22 01:03:27.138417 2026] [authz_core:debug] [pid 633013:tid 633013] mod_authz_core.c(815): [client 216.73.216.122:29989] AH01626: authorization result of Require all granted: granted
[Sat Aug 22 01:03:27.138429 2026] [authz_core:debug] [pid 633013:tid 633013] mod_authz_core.c(815): [client 216.73.216.122:29989] AH01626: authorization result of : granted
[Sat Aug 22 01:03:27.138540 2026] [authz_core:debug] [pid 633013:tid 633013] mod_authz_core.c(815): [client 216.73.216.122:29989] AH01626: authorization result of Require all granted: granted
[Sat Aug 22 01:03:27.138544 2026] [authz_core:debug] [pid 633013:tid 633013] mod_authz_core.c(815): [client 216.73.216.122:29989] AH01626: authorization result of : granted
[Sat Aug 22 01:03:27.174613 2026] [ssl:debug] [pid 633008:tid 633008] ssl_engine_kernel.c(254): [client 216.73.216.122:45546] AH02034: Subsequent (No.27) HTTPS request received for child 9 (server 2blog.ilc.edu.tw:443), referer: https://2blog.ilc.edu.tw/6567/?p=5404
[Sat Aug 22 01:03:27.174798 2026] [authz_core:debug] [pid 633008:tid 633008] mod_authz_core.c(815): [client 216.73.216.122:45546] AH01626: authorization result of Require all granted: granted, referer: https://2blog.ilc.edu.tw/6567/?p=5404
[Sat Aug 22 01:03:27.174803 2026] [authz_core:debug] [pid 633008:tid 633008] mod_authz_core.c(815): [client 216.73.216.122:45546] AH01626: authorization result of : granted, referer: https://2blog.ilc.edu.tw/6567/?p=5404
[Sat Aug 22 01:03:27.174907 2026] [authz_core:debug] [pid 633008:tid 633008] mod_authz_core.c(815): [client 216.73.216.122:45546] AH01626: authorization result of Require all granted: granted, referer: https://2blog.ilc.edu.tw/6567/?p=5404
[Sat Aug 22 01:03:27.174911 2026] [authz_core:debug] [pid 633008:tid 633008] mod_authz_core.c(815): [client 216.73.216.122:45546] AH01626: authorization result of : granted, referer: https://2blog.ilc.edu.tw/6567/?p=5404
[Sat Aug 22 01:03:27.205118 2026] [ssl:debug] [pid 633056:tid 633056] ssl_engine_kernel.c(2082): [client 2400:e920:0:2:f45d:ddff:fe00:7a:60646] AH02041: Protocol: TLSv1.3, Cipher: TLS_AES_256_GCM_SHA384 (256/256 bits)
[Sat Aug 22 01:03:27.205187 2026] [socache_shmcb:debug] [pid 633056:tid 633056] mod_socache_shmcb.c(508): AH00831: socache_shmcb_store (0x65 -> subcache 5)
[Sat Aug 22 01:03:27.205200 2026] [socache_shmcb:debug] [pid 633056:tid 633056] mod_socache_shmcb.c(860): AH00847: insert happened at idx=39, data=(9483:9515)
[Sat Aug 22 01:03:27.205203 2026] [socache_shmcb:debug] [pid 633056:tid 633056] mod_socache_shmcb.c(863): AH00848: finished insert, subcache: idx_pos/idx_used=75/53, data_pos/data_used=11704/11868
[Sat Aug 22 01:03:27.205205 2026] [socache_shmcb:debug] [pid 633056:tid 633056] mod_socache_shmcb.c(530): AH00834: leaving socache_shmcb_store successfully
[Sat Aug 22 01:03:27.205257 2026] [socache_shmcb:debug] [pid 633056:tid 633056] mod_socache_shmcb.c(508): AH00831: socache_shmcb_store (0xbe -> subcache 30)
[Sat Aug 22 01:03:27.205265 2026] [socache_shmcb:debug] [pid 633056:tid 633056] mod_socache_shmcb.c(745): AH00842: expiring 2 and reclaiming 0 removed socache entries
[Sat Aug 22 01:03:27.205268 2026] [socache_shmcb:debug] [pid 633056:tid 633056] mod_socache_shmcb.c(765): AH00843: we now have 34 socache entries
[Sat Aug 22 01:03:27.205269 2026] [socache_shmcb:debug] [pid 633056:tid 633056] mod_socache_shmcb.c(860): AH00847: insert happened at idx=2, data=(1051:1083)
[Sat Aug 22 01:03:27.205271 2026] [socache_shmcb:debug] [pid 633056:tid 633056] mod_socache_shmcb.c(863): AH00848: finished insert, subcache: idx_pos/idx_used=56/35, data_pos/data_used=7343/7796
[Sat Aug 22 01:03:27.205273 2026] [socache_shmcb:debug] [pid 633056:tid 633056] mod_socache_shmcb.c(530): AH00834: leaving socache_shmcb_store successfully
[Sat Aug 22 01:03:27.205726 2026] [ssl:debug] [pid 633056:tid 633056] ssl_engine_kernel.c(254): [client 2400:e920:0:2:f45d:ddff:fe00:7a:60646] AH02034: Initial (No.1) HTTPS request received for child 54 (server ilta.ilc.edu.tw:443), referer: http://ilta.ilc.edu.tw
[Sat Aug 22 01:03:27.205970 2026] [authz_core:debug] [pid 633056:tid 633056] mod_authz_core.c(815): [client 2400:e920:0:2:f45d:ddff:fe00:7a:60646] AH01626: authorization result of Require all granted: granted, referer: http://ilta.ilc.edu.tw
[Sat Aug 22 01:03:27.205982 2026] [authz_core:debug] [pid 633056:tid 633056] mod_authz_core.c(815): [client 2400:e920:0:2:f45d:ddff:fe00:7a:60646] AH01626: authorization result of : granted, referer: http://ilta.ilc.edu.tw
[Sat Aug 22 01:03:27.210743 2026] [ssl:info] [pid 633057:tid 633057] [client 2409:8a50:c03:df23:197f:e39c:fd57:5d46:53900] AH01964: Connection to child 55 established (server 2blog.ilc.edu.tw:443)
[Sat Aug 22 01:03:27.219808 2026] [ssl:debug] [pid 633011:tid 633011] ssl_engine_kernel.c(254): [client 216.73.216.122:34801] AH02034: Subsequent (No.30) HTTPS request received for child 2 (server 2blog.ilc.edu.tw:443)
[Sat Aug 22 01:03:27.219981 2026] [authz_core:debug] [pid 633011:tid 633011] mod_authz_core.c(815): [client 216.73.216.122:34801] AH01626: authorization result of Require all granted: granted
[Sat Aug 22 01:03:27.219987 2026] [authz_core:debug] [pid 633011:tid 633011] mod_authz_core.c(815): [client 216.73.216.122:34801] AH01626: authorization result of : granted
[Sat Aug 22 01:03:27.220103 2026] [authz_core:debug] [pid 633011:tid 633011] mod_authz_core.c(815): [client 216.73.216.122:34801] AH01626: authorization result of Require all granted: granted
[Sat Aug 22 01:03:27.220107 2026] [authz_core:debug] [pid 633011:tid 633011] mod_authz_core.c(815): [client 216.73.216.122:34801] AH01626: authorization result of : granted
[Sat Aug 22 01:03:27.226363 2026] [deflate:debug] [pid 633008:tid 633008] mod_deflate.c(909): [client 216.73.216.122:45546] AH01384: Zlib: Compressed 39421 to 9750 : URL /index.php, referer: https://2blog.ilc.edu.tw/6567/?p=5404
[Sat Aug 22 01:03:27.272906 2026] [ssl:debug] [pid 632993:tid 632993] ssl_engine_kernel.c(254): [client 216.73.216.122:31748] AH02034: Subsequent (No.27) HTTPS request received for child 1 (server 2blog.ilc.edu.tw:443), referer: https://2blog.ilc.edu.tw/6418/?p=19036
[Sat Aug 22 01:03:27.273086 2026] [authz_core:debug] [pid 632993:tid 632993] mod_authz_core.c(815): [client 216.73.216.122:31748] AH01626: authorization result of Require all granted: granted, referer: https://2blog.ilc.edu.tw/6418/?p=19036
[Sat Aug 22 01:03:27.273092 2026] [authz_core:debug] [pid 632993:tid 632993] mod_authz_core.c(815): [client 216.73.216.122:31748] AH01626: authorization result of : granted, referer: https://2blog.ilc.edu.tw/6418/?p=19036
[Sat Aug 22 01:03:27.273198 2026] [authz_core:debug] [pid 632993:tid 632993] mod_authz_core.c(815): [client 216.73.216.122:31748] AH01626: authorization result of Require all granted: granted, referer: https://2blog.ilc.edu.tw/6418/?p=19036
[Sat Aug 22 01:03:27.273203 2026] [authz_core:debug] [pid 632993:tid 632993] mod_authz_core.c(815): [client 216.73.216.122:31748] AH01626: authorization result of : granted, referer: https://2blog.ilc.edu.tw/6418/?p=19036
[Sat Aug 22 01:03:27.285135 2026] [deflate:debug] [pid 632993:tid 632993] mod_deflate.c(909): [client 216.73.216.122:31748] AH01384: Zlib: Compressed 40358 to 9692 : URL /index.php, referer: https://2blog.ilc.edu.tw/6418/?p=19036
[Sat Aug 22 01:03:27.296266 2026] [deflate:debug] [pid 633056:tid 633056] mod_deflate.c(909): [client 2400:e920:0:2:f45d:ddff:fe00:7a:60646] AH01384: Zlib: Compressed 13605 to 5007 : URL /wp-login.php, referer: http://ilta.ilc.edu.tw
[Sat Aug 22 01:03:27.309810 2026] [ssl:debug] [pid 633057:tid 633057] ssl_engine_kernel.c(2222): [client 2409:8a50:c03:df23:197f:e39c:fd57:5d46:53900] AH02043: SSL virtual host for servername www.daes.ilc.edu.tw found
[Sat Aug 22 01:03:27.309937 2026] [core:debug] [pid 633057:tid 633057] protocol.c(2460): [client 2409:8a50:c03:df23:197f:e39c:fd57:5d46:53900] AH03155: select protocol from , choices=h2,http/1.1 for server www.daes.ilc.edu.tw
[Sat Aug 22 01:03:27.310020 2026] [ssl:debug] [pid 633057:tid 633057] ssl_util_stapling.c(819): AH01951: stapling_cb: OCSP Stapling callback called
[Sat Aug 22 01:03:27.310027 2026] [ssl:info] [pid 633057:tid 633057] AH01926: stapling_get_certinfo: stapling not supported for certificate
[Sat Aug 22 01:03:27.322690 2026] [ssl:debug] [pid 633023:tid 633023] ssl_engine_kernel.c(254): [client 216.73.216.122:29175] AH02034: Subsequent (No.13) HTTPS request received for child 22 (server 2blog.ilc.edu.tw:443)
[Sat Aug 22 01:03:27.322869 2026] [authz_core:debug] [pid 633023:tid 633023] mod_authz_core.c(815): [client 216.73.216.122:29175] AH01626: authorization result of Require all granted: granted
[Sat Aug 22 01:03:27.322874 2026] [authz_core:debug] [pid 633023:tid 633023] mod_authz_core.c(815): [client 216.73.216.122:29175] AH01626: authorization result of : granted
[Sat Aug 22 01:03:27.322978 2026] [authz_core:debug] [pid 633023:tid 633023] mod_authz_core.c(815): [client 216.73.216.122:29175] AH01626: authorization result of Require all granted: granted
[Sat Aug 22 01:03:27.322981 2026] [authz_core:debug] [pid 633023:tid 633023] mod_authz_core.c(815): [client 216.73.216.122:29175] AH01626: authorization result of : granted
[Sat Aug 22 01:03:27.340081 2026] [deflate:debug] [pid 633011:tid 633011] mod_deflate.c(909): [client 216.73.216.122:34801] AH01384: Zlib: Compressed 47536 to 10584 : URL /index.php
[Sat Aug 22 01:03:27.341027 2026] [ssl:debug] [pid 633017:tid 633017] ssl_engine_io.c(1150): [client 216.73.216.122:16133] AH02001: Connection closed to child 16 with standard shutdown (server 2blog.ilc.edu.tw:443)
[Sat Aug 22 01:03:27.411799 2026] [ssl:info] [pid 633053:tid 633053] (70014)End of file found: [client 2400:e920:0:2:f45d:ddff:fe00:7a:60589] AH01992: SSL library error 6 reading data
[Sat Aug 22 01:03:27.411882 2026] [ssl:debug] [pid 633053:tid 633053] ssl_engine_io.c(1150): [client 2400:e920:0:2:f45d:ddff:fe00:7a:60589] AH02001: Connection closed to child 51 with standard shutdown (server ilta.ilc.edu.tw:443)
[Sat Aug 22 01:03:27.414496 2026] [ssl:info] [pid 633056:tid 633056] (70014)End of file found: [client 2400:e920:0:2:f45d:ddff:fe00:7a:60646] AH01992: SSL library error 6 reading data
[Sat Aug 22 01:03:27.414541 2026] [ssl:debug] [pid 633056:tid 633056] ssl_engine_io.c(1150): [client 2400:e920:0:2:f45d:ddff:fe00:7a:60646] AH02001: Connection closed to child 54 with standard shutdown (server ilta.ilc.edu.tw:443)
[Sat Aug 22 01:03:27.429037 2026] [ssl:debug] [pid 633012:tid 633012] ssl_engine_io.c(1150): [client 216.73.216.122:13109] AH02001: Connection closed to child 10 with standard shutdown (server 2blog.ilc.edu.tw:443)
[Sat Aug 22 01:03:27.438131 2026] [deflate:debug] [pid 633023:tid 633023] mod_deflate.c(909): [client 216.73.216.122:29175] AH01384: Zlib: Compressed 33527 to 8454 : URL /index.php
[Sat Aug 22 01:03:27.501665 2026] [ssl:info] [pid 633058:tid 633058] [client 2a03:2880:f802:45:::34484] AH01964: Connection to child 56 established (server 2blog.ilc.edu.tw:443)
[Sat Aug 22 01:03:27.502060 2026] [ssl:debug] [pid 633058:tid 633058] ssl_engine_kernel.c(2222): [client 2a03:2880:f802:45:::34484] AH02043: SSL virtual host for servername www.jwes.ilc.edu.tw found
[Sat Aug 22 01:03:27.502183 2026] [core:debug] [pid 633058:tid 633058] protocol.c(2460): [client 2a03:2880:f802:45:::34484] AH03155: select protocol from , choices=h2,http/1.1 for server www.jwes.ilc.edu.tw
[Sat Aug 22 01:03:27.505985 2026] [ssl:debug] [pid 633031:tid 633031] ssl_engine_kernel.c(254): [client 216.73.216.122:6707] AH02034: Subsequent (No.13) HTTPS request received for child 32 (server 2blog.ilc.edu.tw:443)
[Sat Aug 22 01:03:27.506150 2026] [authz_core:debug] [pid 633031:tid 633031] mod_authz_core.c(815): [client 216.73.216.122:6707] AH01626: authorization result of Require all granted: granted
[Sat Aug 22 01:03:27.506155 2026] [authz_core:debug] [pid 633031:tid 633031] mod_authz_core.c(815): [client 216.73.216.122:6707] AH01626: authorization result of : granted
[Sat Aug 22 01:03:27.506254 2026] [authz_core:debug] [pid 633031:tid 633031] mod_authz_core.c(815): [client 216.73.216.122:6707] AH01626: authorization result of Require all granted: granted
[Sat Aug 22 01:03:27.506258 2026] [authz_core:debug] [pid 633031:tid 633031] mod_authz_core.c(815): [client 216.73.216.122:6707] AH01626: authorization result of : granted
[Sat Aug 22 01:03:27.525782 2026] [ssl:debug] [pid 633036:tid 633036] ssl_engine_kernel.c(254): [client 216.73.216.122:58644] AH02034: Subsequent (No.11) HTTPS request received for child 37 (server 2blog.ilc.edu.tw:443), referer: https://2blog.ilc.edu.tw/6567/?p=4293
[Sat Aug 22 01:03:27.525951 2026] [authz_core:debug] [pid 633036:tid 633036] mod_authz_core.c(815): [client 216.73.216.122:58644] AH01626: authorization result of Require all granted: granted, referer: https://2blog.ilc.edu.tw/6567/?p=4293
[Sat Aug 22 01:03:27.525956 2026] [authz_core:debug] [pid 633036:tid 633036] mod_authz_core.c(815): [client 216.73.216.122:58644] AH01626: authorization result of : granted, referer: https://2blog.ilc.edu.tw/6567/?p=4293
[Sat Aug 22 01:03:27.526108 2026] [authz_core:debug] [pid 633036:tid 633036] mod_authz_core.c(815): [client 216.73.216.122:58644] AH01626: authorization result of Require all granted: granted, referer: https://2blog.ilc.edu.tw/6567/?p=4293
[Sat Aug 22 01:03:27.526114 2026] [authz_core:debug] [pid 633036:tid 633036] mod_authz_core.c(815): [client 216.73.216.122:58644] AH01626: authorization result of : granted, referer: https://2blog.ilc.edu.tw/6567/?p=4293
[Sat Aug 22 01:03:27.533494 2026] [ssl:debug] [pid 633057:tid 633057] ssl_engine_kernel.c(2082): [client 2409:8a50:c03:df23:197f:e39c:fd57:5d46:53900] AH02041: Protocol: TLSv1.3, Cipher: TLS_AES_256_GCM_SHA384 (256/256 bits)
[Sat Aug 22 01:03:27.533554 2026] [socache_shmcb:debug] [pid 633057:tid 633057] mod_socache_shmcb.c(508): AH00831: socache_shmcb_store (0x4f -> subcache 15)
[Sat Aug 22 01:03:27.533566 2026] [socache_shmcb:debug] [pid 633057:tid 633057] mod_socache_shmcb.c(860): AH00847: insert happened at idx=62, data=(858:890)
[Sat Aug 22 01:03:27.533568 2026] [socache_shmcb:debug] [pid 633057:tid 633057] mod_socache_shmcb.c(863): AH00848: finished insert, subcache: idx_pos/idx_used=13/50, data_pos/data_used=3717/11234
[Sat Aug 22 01:03:27.533571 2026] [socache_shmcb:debug] [pid 633057:tid 633057] mod_socache_shmcb.c(530): AH00834: leaving socache_shmcb_store successfully
[Sat Aug 22 01:03:27.533623 2026] [socache_shmcb:debug] [pid 633057:tid 633057] mod_socache_shmcb.c(508): AH00831: socache_shmcb_store (0x1b -> subcache 27)
[Sat Aug 22 01:03:27.533631 2026] [socache_shmcb:debug] [pid 633057:tid 633057] mod_socache_shmcb.c(860): AH00847: insert happened at idx=18, data=(4888:4920)
[Sat Aug 22 01:03:27.533633 2026] [socache_shmcb:debug] [pid 633057:tid 633057] mod_socache_shmcb.c(863): AH00848: finished insert, subcache: idx_pos/idx_used=55/52, data_pos/data_used=7330/11651
[Sat Aug 22 01:03:27.533635 2026] [socache_shmcb:debug] [pid 633057:tid 633057] mod_socache_shmcb.c(530): AH00834: leaving socache_shmcb_store successfully
[Sat Aug 22 01:03:27.533998 2026] [ssl:debug] [pid 633057:tid 633057] ssl_engine_kernel.c(254): [client 2409:8a50:c03:df23:197f:e39c:fd57:5d46:53900] AH02034: Initial (No.1) HTTPS request received for child 55 (server www.daes.ilc.edu.tw:443)
[Sat Aug 22 01:03:27.534233 2026] [authz_core:debug] [pid 633057:tid 633057] mod_authz_core.c(815): [client 2409:8a50:c03:df23:197f:e39c:fd57:5d46:53900] AH01626: authorization result of Require all granted: granted
[Sat Aug 22 01:03:27.534239 2026] [authz_core:debug] [pid 633057:tid 633057] mod_authz_core.c(815): [client 2409:8a50:c03:df23:197f:e39c:fd57:5d46:53900] AH01626: authorization result of : granted
[Sat Aug 22 01:03:27.534754 2026] [authz_core:debug] [pid 633057:tid 633057] mod_authz_core.c(815): [client 2409:8a50:c03:df23:197f:e39c:fd57:5d46:53900] AH01626: authorization result of Require all granted: granted
[Sat Aug 22 01:03:27.534758 2026] [authz_core:debug] [pid 633057:tid 633057] mod_authz_core.c(815): [client 2409:8a50:c03:df23:197f:e39c:fd57:5d46:53900] AH01626: authorization result of : granted
[Sat Aug 22 01:03:27.536870 2026] [deflate:debug] [pid 633036:tid 633036] mod_deflate.c(909): [client 216.73.216.122:58644] AH01384: Zlib: Compressed 38580 to 9351 : URL /index.php, referer: https://2blog.ilc.edu.tw/6567/?p=4293
[Sat Aug 22 01:03:27.539449 2026] [ssl:debug] [pid 633034:tid 633034] ssl_engine_kernel.c(254): [client 216.73.216.122:29443] AH02034: Initial (No.1) HTTPS request received for child 35 (server 2blog.ilc.edu.tw:443)
[Sat Aug 22 01:03:27.539689 2026] [authz_core:debug] [pid 633034:tid 633034] mod_authz_core.c(815): [client 216.73.216.122:29443] AH01626: authorization result of Require all granted: granted
[Sat Aug 22 01:03:27.539695 2026] [authz_core:debug] [pid 633034:tid 633034] mod_authz_core.c(815): [client 216.73.216.122:29443] AH01626: authorization result of : granted
[Sat Aug 22 01:03:27.540226 2026] [authz_core:debug] [pid 633034:tid 633034] mod_authz_core.c(815): [client 216.73.216.122:29443] AH01626: authorization result of Require all granted: granted
[Sat Aug 22 01:03:27.540231 2026] [authz_core:debug] [pid 633034:tid 633034] mod_authz_core.c(815): [client 216.73.216.122:29443] AH01626: authorization result of : granted
[Sat Aug 22 01:03:27.549645 2026] [ssl:debug] [pid 633013:tid 633013] ssl_engine_kernel.c(254): [client 216.73.216.122:29989] AH02034: Subsequent (No.27) HTTPS request received for child 11 (server 2blog.ilc.edu.tw:443), referer: https://2blog.ilc.edu.tw/6418/?p=19025
[Sat Aug 22 01:03:27.549794 2026] [authz_core:debug] [pid 633013:tid 633013] mod_authz_core.c(815): [client 216.73.216.122:29989] AH01626: authorization result of Require all granted: granted, referer: https://2blog.ilc.edu.tw/6418/?p=19025
[Sat Aug 22 01:03:27.549799 2026] [authz_core:debug] [pid 633013:tid 633013] mod_authz_core.c(815): [client 216.73.216.122:29989] AH01626: authorization result of : granted, referer: https://2blog.ilc.edu.tw/6418/?p=19025
[Sat Aug 22 01:03:27.549901 2026] [authz_core:debug] [pid 633013:tid 633013] mod_authz_core.c(815): [client 216.73.216.122:29989] AH01626: authorization result of Require all granted: granted, referer: https://2blog.ilc.edu.tw/6418/?p=19025
[Sat Aug 22 01:03:27.549905 2026] [authz_core:debug] [pid 633013:tid 633013] mod_authz_core.c(815): [client 216.73.216.122:29989] AH01626: authorization result of : granted, referer: https://2blog.ilc.edu.tw/6418/?p=19025
[Sat Aug 22 01:03:27.562299 2026] [deflate:debug] [pid 633057:tid 633057] mod_deflate.c(909): [client 2409:8a50:c03:df23:197f:e39c:fd57:5d46:53900] AH01384: Zlib: Compressed 43080 to 9982 : URL /index.php
[Sat Aug 22 01:03:27.563043 2026] [deflate:debug] [pid 633013:tid 633013] mod_deflate.c(909): [client 216.73.216.122:29989] AH01384: Zlib: Compressed 58375 to 11134 : URL /index.php, referer: https://2blog.ilc.edu.tw/6418/?p=19025
[Sat Aug 22 01:03:27.584042 2026] [ssl:debug] [pid 633011:tid 633011] ssl_engine_kernel.c(254): [client 216.73.216.122:34801] AH02034: Subsequent (No.31) HTTPS request received for child 2 (server 2blog.ilc.edu.tw:443)
[Sat Aug 22 01:03:27.584192 2026] [authz_core:debug] [pid 633011:tid 633011] mod_authz_core.c(815): [client 216.73.216.122:34801] AH01626: authorization result of Require all granted: granted
[Sat Aug 22 01:03:27.584197 2026] [authz_core:debug] [pid 633011:tid 633011] mod_authz_core.c(815): [client 216.73.216.122:34801] AH01626: authorization result of : granted
[Sat Aug 22 01:03:27.584297 2026] [authz_core:debug] [pid 633011:tid 633011] mod_authz_core.c(815): [client 216.73.216.122:34801] AH01626: authorization result of Require all granted: granted
[Sat Aug 22 01:03:27.584300 2026] [authz_core:debug] [pid 633011:tid 633011] mod_authz_core.c(815): [client 216.73.216.122:34801] AH01626: authorization result of : granted
[Sat Aug 22 01:03:27.685170 2026] [ssl:debug] [pid 632993:tid 632993] ssl_engine_kernel.c(254): [client 216.73.216.122:31748] AH02034: Subsequent (No.28) HTTPS request received for child 1 (server 2blog.ilc.edu.tw:443)
[Sat Aug 22 01:03:27.685354 2026] [authz_core:debug] [pid 632993:tid 632993] mod_authz_core.c(815): [client 216.73.216.122:31748] AH01626: authorization result of Require all granted: granted
[Sat Aug 22 01:03:27.685367 2026] [authz_core:debug] [pid 632993:tid 632993] mod_authz_core.c(815): [client 216.73.216.122:31748] AH01626: authorization result of : granted
[Sat Aug 22 01:03:27.685475 2026] [authz_core:debug] [pid 632993:tid 632993] mod_authz_core.c(815): [client 216.73.216.122:31748] AH01626: authorization result of Require all granted: granted
[Sat Aug 22 01:03:27.685480 2026] [authz_core:debug] [pid 632993:tid 632993] mod_authz_core.c(815): [client 216.73.216.122:31748] AH01626: authorization result of : granted
[Sat Aug 22 01:03:27.776995 2026] [ssl:debug] [pid 633023:tid 633023] ssl_engine_kernel.c(254): [client 216.73.216.122:29175] AH02034: Subsequent (No.14) HTTPS request received for child 22 (server 2blog.ilc.edu.tw:443)
[Sat Aug 22 01:03:27.777175 2026] [authz_core:debug] [pid 633023:tid 633023] mod_authz_core.c(815): [client 216.73.216.122:29175] AH01626: authorization result of Require all granted: granted
[Sat Aug 22 01:03:27.777180 2026] [authz_core:debug] [pid 633023:tid 633023] mod_authz_core.c(815): [client 216.73.216.122:29175] AH01626: authorization result of : granted
[Sat Aug 22 01:03:27.777284 2026] [authz_core:debug] [pid 633023:tid 633023] mod_authz_core.c(815): [client 216.73.216.122:29175] AH01626: authorization result of Require all granted: granted
[Sat Aug 22 01:03:27.777288 2026] [authz_core:debug] [pid 633023:tid 633023] mod_authz_core.c(815): [client 216.73.216.122:29175] AH01626: authorization result of : granted
[Sat Aug 22 01:03:27.812618 2026] [ssl:debug] [pid 633031:tid 633031] ssl_engine_kernel.c(254): [client 216.73.216.122:6707] AH02034: Subsequent (No.14) HTTPS request received for child 32 (server 2blog.ilc.edu.tw:443), referer: https://2blog.ilc.edu.tw/41303/?p=5
[Sat Aug 22 01:03:27.812789 2026] [authz_core:debug] [pid 633031:tid 633031] mod_authz_core.c(815): [client 216.73.216.122:6707] AH01626: authorization result of Require all granted: granted, referer: https://2blog.ilc.edu.tw/41303/?p=5
[Sat Aug 22 01:03:27.812794 2026] [authz_core:debug] [pid 633031:tid 633031] mod_authz_core.c(815): [client 216.73.216.122:6707] AH01626: authorization result of : granted, referer: https://2blog.ilc.edu.tw/41303/?p=5
[Sat Aug 22 01:03:27.812894 2026] [authz_core:debug] [pid 633031:tid 633031] mod_authz_core.c(815): [client 216.73.216.122:6707] AH01626: authorization result of Require all granted: granted, referer: https://2blog.ilc.edu.tw/41303/?p=5
[Sat Aug 22 01:03:27.812898 2026] [authz_core:debug] [pid 633031:tid 633031] mod_authz_core.c(815): [client 216.73.216.122:6707] AH01626: authorization result of : granted, referer: https://2blog.ilc.edu.tw/41303/?p=5
[Sat Aug 22 01:03:27.815350 2026] [ssl:debug] [pid 633057:tid 633057] ssl_engine_kernel.c(254): [client 2409:8a50:c03:df23:197f:e39c:fd57:5d46:53900] AH02034: Subsequent (No.2) HTTPS request received for child 55 (server www.daes.ilc.edu.tw:443), referer: https://www.daes.ilc.edu.tw/author/yahau/page/3/
[Sat Aug 22 01:03:27.815891 2026] [authz_core:debug] [pid 633057:tid 633057] mod_authz_core.c(815): [client 2409:8a50:c03:df23:197f:e39c:fd57:5d46:53900] AH01626: authorization result of Require all granted: granted, referer: https://www.daes.ilc.edu.tw/author/yahau/page/3/
[Sat Aug 22 01:03:27.815898 2026] [authz_core:debug] [pid 633057:tid 633057] mod_authz_core.c(815): [client 2409:8a50:c03:df23:197f:e39c:fd57:5d46:53900] AH01626: authorization result of : granted, referer: https://www.daes.ilc.edu.tw/author/yahau/page/3/
[Sat Aug 22 01:03:27.818358 2026] [deflate:debug] [pid 633057:tid 633057] mod_deflate.c(909): [client 2409:8a50:c03:df23:197f:e39c:fd57:5d46:53900] AH01384: Zlib: Compressed 79258 to 39708 : URL /wp-content/cache/www.daes.ilc.edu.tw/wpfc-minified/f3c1mnf7/73ws.css, referer: https://www.daes.ilc.edu.tw/author/yahau/page/3/
[Sat Aug 22 01:03:27.819653 2026] [ssl:debug] [pid 633058:tid 633058] ssl_engine_kernel.c(2082): [client 2a03:2880:f802:45:::34484] AH02041: Protocol: TLSv1.3, Cipher: TLS_AES_256_GCM_SHA384 (256/256 bits)
[Sat Aug 22 01:03:27.819716 2026] [socache_shmcb:debug] [pid 633058:tid 633058] mod_socache_shmcb.c(508): AH00831: socache_shmcb_store (0x48 -> subcache 8)
[Sat Aug 22 01:03:27.819728 2026] [socache_shmcb:debug] [pid 633058:tid 633058] mod_socache_shmcb.c(860): AH00847: insert happened at idx=6, data=(2442:2474)
[Sat Aug 22 01:03:27.819731 2026] [socache_shmcb:debug] [pid 633058:tid 633058] mod_socache_shmcb.c(863): AH00848: finished insert, subcache: idx_pos/idx_used=41/54, data_pos/data_used=4336/12199
[Sat Aug 22 01:03:27.819733 2026] [socache_shmcb:debug] [pid 633058:tid 633058] mod_socache_shmcb.c(530): AH00834: leaving socache_shmcb_store successfully
[Sat Aug 22 01:03:27.819780 2026] [socache_shmcb:debug] [pid 633058:tid 633058] mod_socache_shmcb.c(508): AH00831: socache_shmcb_store (0xdb -> subcache 27)
[Sat Aug 22 01:03:27.819789 2026] [socache_shmcb:debug] [pid 633058:tid 633058] mod_socache_shmcb.c(860): AH00847: insert happened at idx=19, data=(5117:5149)
[Sat Aug 22 01:03:27.819791 2026] [socache_shmcb:debug] [pid 633058:tid 633058] mod_socache_shmcb.c(863): AH00848: finished insert, subcache: idx_pos/idx_used=55/53, data_pos/data_used=7330/11879
[Sat Aug 22 01:03:27.819792 2026] [socache_shmcb:debug] [pid 633058:tid 633058] mod_socache_shmcb.c(530): AH00834: leaving socache_shmcb_store successfully
[Sat Aug 22 01:03:27.819931 2026] [ssl:debug] [pid 633058:tid 633058] ssl_engine_kernel.c(254): [client 2a03:2880:f802:45:::34484] AH02034: Initial (No.1) HTTPS request received for child 56 (server www.jwes.ilc.edu.tw:443)
[Sat Aug 22 01:03:27.820153 2026] [authz_core:debug] [pid 633058:tid 633058] mod_authz_core.c(815): [client 2a03:2880:f802:45:::34484] AH01626: authorization result of Require all granted: granted
[Sat Aug 22 01:03:27.820158 2026] [authz_core:debug] [pid 633058:tid 633058] mod_authz_core.c(815): [client 2a03:2880:f802:45:::34484] AH01626: authorization result of : granted
[Sat Aug 22 01:03:27.825038 2026] [deflate:debug] [pid 633031:tid 633031] mod_deflate.c(909): [client 216.73.216.122:6707] AH01384: Zlib: Compressed 31150 to 8145 : URL /index.php, referer: https://2blog.ilc.edu.tw/41303/?p=5
[Sat Aug 22 01:03:27.866709 2026] [ssl:debug] [pid 633034:tid 633034] ssl_engine_kernel.c(254): [client 216.73.216.122:29443] AH02034: Subsequent (No.2) HTTPS request received for child 35 (server 2blog.ilc.edu.tw:443), referer: https://2blog.ilc.edu.tw/6418/?p=19366
[Sat Aug 22 01:03:27.866873 2026] [authz_core:debug] [pid 633034:tid 633034] mod_authz_core.c(815): [client 216.73.216.122:29443] AH01626: authorization result of Require all granted: granted, referer: https://2blog.ilc.edu.tw/6418/?p=19366
[Sat Aug 22 01:03:27.866877 2026] [authz_core:debug] [pid 633034:tid 633034] mod_authz_core.c(815): [client 216.73.216.122:29443] AH01626: authorization result of : granted, referer: https://2blog.ilc.edu.tw/6418/?p=19366
[Sat Aug 22 01:03:27.866977 2026] [authz_core:debug] [pid 633034:tid 633034] mod_authz_core.c(815): [client 216.73.216.122:29443] AH01626: authorization result of Require all granted: granted, referer: https://2blog.ilc.edu.tw/6418/?p=19366
[Sat Aug 22 01:03:27.866981 2026] [authz_core:debug] [pid 633034:tid 633034] mod_authz_core.c(815): [client 216.73.216.122:29443] AH01626: authorization result of : granted, referer: https://2blog.ilc.edu.tw/6418/?p=19366
[Sat Aug 22 01:03:27.874799 2026] [ssl:debug] [pid 633011:tid 633011] ssl_engine_kernel.c(254): [client 216.73.216.122:34801] AH02034: Subsequent (No.32) HTTPS request received for child 2 (server 2blog.ilc.edu.tw:443), referer: https://2blog.ilc.edu.tw/6567/?p=4013
[Sat Aug 22 01:03:27.874957 2026] [authz_core:debug] [pid 633011:tid 633011] mod_authz_core.c(815): [client 216.73.216.122:34801] AH01626: authorization result of Require all granted: granted, referer: https://2blog.ilc.edu.tw/6567/?p=4013
[Sat Aug 22 01:03:27.874962 2026] [authz_core:debug] [pid 633011:tid 633011] mod_authz_core.c(815): [client 216.73.216.122:34801] AH01626: authorization result of : granted, referer: https://2blog.ilc.edu.tw/6567/?p=4013
[Sat Aug 22 01:03:27.875071 2026] [authz_core:debug] [pid 633011:tid 633011] mod_authz_core.c(815): [client 216.73.216.122:34801] AH01626: authorization result of Require all granted: granted, referer: https://2blog.ilc.edu.tw/6567/?p=4013
[Sat Aug 22 01:03:27.875075 2026] [authz_core:debug] [pid 633011:tid 633011] mod_authz_core.c(815): [client 216.73.216.122:34801] AH01626: authorization result of : granted, referer: https://2blog.ilc.edu.tw/6567/?p=4013
[Sat Aug 22 01:03:27.882323 2026] [deflate:debug] [pid 633034:tid 633034] mod_deflate.c(909): [client 216.73.216.122:29443] AH01384: Zlib: Compressed 44300 to 9993 : URL /index.php, referer: https://2blog.ilc.edu.tw/6418/?p=19366
[Sat Aug 22 01:03:27.888101 2026] [deflate:debug] [pid 633011:tid 633011] mod_deflate.c(909): [client 216.73.216.122:34801] AH01384: Zlib: Compressed 40406 to 9697 : URL /index.php, referer: https://2blog.ilc.edu.tw/6567/?p=4013
[Sat Aug 22 01:03:27.998282 2026] [ssl:debug] [pid 632993:tid 632993] ssl_engine_kernel.c(254): [client 216.73.216.122:31748] AH02034: Subsequent (No.29) HTTPS request received for child 1 (server 2blog.ilc.edu.tw:443), referer: https://2blog.ilc.edu.tw/2711/?p=136
[Sat Aug 22 01:03:27.998473 2026] [authz_core:debug] [pid 632993:tid 632993] mod_authz_core.c(815): [client 216.73.216.122:31748] AH01626: authorization result of Require all granted: granted, referer: https://2blog.ilc.edu.tw/2711/?p=136
[Sat Aug 22 01:03:27.998479 2026] [authz_core:debug] [pid 632993:tid 632993] mod_authz_core.c(815): [client 216.73.216.122:31748] AH01626: authorization result of : granted, referer: https://2blog.ilc.edu.tw/2711/?p=136
[Sat Aug 22 01:03:27.998640 2026] [authz_core:debug] [pid 632993:tid 632993] mod_authz_core.c(815): [client 216.73.216.122:31748] AH01626: authorization result of Require all granted: granted, referer: https://2blog.ilc.edu.tw/2711/?p=136
[Sat Aug 22 01:03:27.998650 2026] [authz_core:debug] [pid 632993:tid 632993] mod_authz_core.c(815): [client 216.73.216.122:31748] AH01626: authorization result of : granted, referer: https://2blog.ilc.edu.tw/2711/?p=136
[Sat Aug 22 01:03:28.012226 2026] [deflate:debug] [pid 632993:tid 632993] mod_deflate.c(909): [client 216.73.216.122:31748] AH01384: Zlib: Compressed 42473 to 10309 : URL /index.php, referer: https://2blog.ilc.edu.tw/2711/?p=136
[Sat Aug 22 01:03:28.021031 2026] [ssl:debug] [pid 632999:tid 632999] ssl_engine_io.c(1150): [client 2409:8718:270a:103b::2:64062] AH02001: Connection closed to child 7 with standard shutdown (server ilta.ilc.edu.tw:443)
[Sat Aug 22 01:03:28.039097 2026] [ssl:info] [pid 632997:tid 632997] (70014)End of file found: [client 2409:8718:270a:103b::2:64068] AH01992: SSL library error 6 reading data
[Sat Aug 22 01:03:28.039165 2026] [ssl:debug] [pid 632997:tid 632997] ssl_engine_io.c(1150): [client 2409:8718:270a:103b::2:64068] AH02001: Connection closed to child 5 with standard shutdown (server ilta.ilc.edu.tw:443)
[Sat Aug 22 01:03:28.089745 2026] [ssl:debug] [pid 633023:tid 633023] ssl_engine_kernel.c(254): [client 216.73.216.122:29175] AH02034: Subsequent (No.15) HTTPS request received for child 22 (server 2blog.ilc.edu.tw:443), referer: https://2blog.ilc.edu.tw/6567/?p=3535
[Sat Aug 22 01:03:28.089985 2026] [authz_core:debug] [pid 633023:tid 633023] mod_authz_core.c(815): [client 216.73.216.122:29175] AH01626: authorization result of Require all granted: granted, referer: https://2blog.ilc.edu.tw/6567/?p=3535
[Sat Aug 22 01:03:28.089995 2026] [authz_core:debug] [pid 633023:tid 633023] mod_authz_core.c(815): [client 216.73.216.122:29175] AH01626: authorization result of : granted, referer: https://2blog.ilc.edu.tw/6567/?p=3535
[Sat Aug 22 01:03:28.090113 2026] [authz_core:debug] [pid 633023:tid 633023] mod_authz_core.c(815): [client 216.73.216.122:29175] AH01626: authorization result of Require all granted: granted, referer: https://2blog.ilc.edu.tw/6567/?p=3535
[Sat Aug 22 01:03:28.090117 2026] [authz_core:debug] [pid 633023:tid 633023] mod_authz_core.c(815): [client 216.73.216.122:29175] AH01626: authorization result of : granted, referer: https://2blog.ilc.edu.tw/6567/?p=3535
[Sat Aug 22 01:03:28.103497 2026] [deflate:debug] [pid 633023:tid 633023] mod_deflate.c(909): [client 216.73.216.122:29175] AH01384: Zlib: Compressed 39459 to 9757 : URL /index.php, referer: https://2blog.ilc.edu.tw/6567/?p=3535
[Sat Aug 22 01:03:28.103566 2026] [headers:debug] [pid 633060:tid 633060] mod_headers.c(900): AH01503: headers: ap_headers_error_filter()
[Sat Aug 22 01:03:28.108897 2026] [ssl:info] [pid 633061:tid 633061] [client 2001:288:a201::66:125:52305] AH01964: Connection to child 59 established (server 2blog.ilc.edu.tw:443)
[Sat Aug 22 01:03:28.109250 2026] [ssl:debug] [pid 633061:tid 633061] ssl_engine_kernel.c(2252): [client 2001:288:a201::66:125:52305] AH02645: Server name not provided via TLS extension (using default/first virtual host)
[Sat Aug 22 01:03:28.109286 2026] [socache_shmcb:debug] [pid 633061:tid 633061] mod_socache_shmcb.c(545): AH00835: socache_shmcb_retrieve (0xaa -> subcache 10)
[Sat Aug 22 01:03:28.109299 2026] [socache_shmcb:debug] [pid 633061:tid 633061] mod_socache_shmcb.c(896): AH00849: match at idx=20, data=5133
[Sat Aug 22 01:03:28.109301 2026] [socache_shmcb:debug] [pid 633061:tid 633061] mod_socache_shmcb.c(556): AH00836: leaving socache_shmcb_retrieve successfully
[Sat Aug 22 01:03:28.110699 2026] [ssl:debug] [pid 633061:tid 633061] ssl_engine_kernel.c(2082): [client 2001:288:a201::66:125:52305] AH02041: Protocol: TLSv1.2, Cipher: ECDHE-RSA-AES256-GCM-SHA384 (256/256 bits)
