[Sat Aug 22 01:02:59.056178 2026] [socache_shmcb:debug] [pid 632892:tid 632892] mod_socache_shmcb.c(745): AH00842: expiring 2 and reclaiming 0 removed socache entries
[Sat Aug 22 01:02:59.056180 2026] [socache_shmcb:debug] [pid 632892:tid 632892] mod_socache_shmcb.c(765): AH00843: we now have 41 socache entries
[Sat Aug 22 01:02:59.056182 2026] [socache_shmcb:debug] [pid 632892:tid 632892] mod_socache_shmcb.c(860): AH00847: insert happened at idx=54, data=(12793:12825)
[Sat Aug 22 01:02:59.056194 2026] [socache_shmcb:debug] [pid 632892:tid 632892] mod_socache_shmcb.c(863): AH00848: finished insert, subcache: idx_pos/idx_used=13/42, data_pos/data_used=3737/9280
[Sat Aug 22 01:02:59.056196 2026] [socache_shmcb:debug] [pid 632892:tid 632892] mod_socache_shmcb.c(530): AH00834: leaving socache_shmcb_store successfully
[Sat Aug 22 01:02:59.056632 2026] [ssl:debug] [pid 632892:tid 632892] ssl_engine_kernel.c(254): [client 2400:e920:0:2:f45d:ddff:fe00:7a:58735] AH02034: Initial (No.1) HTTPS request received for child 37 (server ilta.ilc.edu.tw:443), referer: http://ilta.ilc.edu.tw
[Sat Aug 22 01:02:59.056799 2026] [authz_core:debug] [pid 632892:tid 632892] mod_authz_core.c(815): [client 2400:e920:0:2:f45d:ddff:fe00:7a:58735] AH01626: authorization result of Require all granted: granted, referer: http://ilta.ilc.edu.tw
[Sat Aug 22 01:02:59.056804 2026] [authz_core:debug] [pid 632892:tid 632892] mod_authz_core.c(815): [client 2400:e920:0:2:f45d:ddff:fe00:7a:58735] AH01626: authorization result of : granted, referer: http://ilta.ilc.edu.tw
[Sat Aug 22 01:02:59.141632 2026] [deflate:debug] [pid 632892:tid 632892] mod_deflate.c(909): [client 2400:e920:0:2:f45d:ddff:fe00:7a:58735] AH01384: Zlib: Compressed 13605 to 5007 : URL /wp-login.php, referer: http://ilta.ilc.edu.tw
[Sat Aug 22 01:02:59.261813 2026] [ssl:info] [pid 632998:tid 632998] (70014)End of file found: [client 2400:e920:0:2:f45d:ddff:fe00:7a:58693] AH01992: SSL library error 6 reading data
[Sat Aug 22 01:02:59.261910 2026] [ssl:debug] [pid 632998:tid 632998] ssl_engine_io.c(1150): [client 2400:e920:0:2:f45d:ddff:fe00:7a:58693] AH02001: Connection closed to child 6 with standard shutdown (server ilta.ilc.edu.tw:443)
[Sat Aug 22 01:02:59.264483 2026] [ssl:info] [pid 632892:tid 632892] (70014)End of file found: [client 2400:e920:0:2:f45d:ddff:fe00:7a:58735] AH01992: SSL library error 6 reading data
[Sat Aug 22 01:02:59.264552 2026] [ssl:debug] [pid 632892:tid 632892] ssl_engine_io.c(1150): [client 2400:e920:0:2:f45d:ddff:fe00:7a:58735] AH02001: Connection closed to child 37 with standard shutdown (server ilta.ilc.edu.tw:443)
[Sat Aug 22 01:03:00.273148 2026] [ssl:debug] [pid 632888:tid 632888] ssl_engine_io.c(1150): [client 36.229.152.47:36268] AH02001: Connection closed to child 33 with standard shutdown (server 2blog.ilc.edu.tw:443)
[Sat Aug 22 01:03:00.516355 2026] [ssl:debug] [pid 632922:tid 632922] ssl_engine_kernel.c(254): [client 66.249.71.37:65419] AH02034: Subsequent (No.2) HTTPS request received for child 31 (server 2blog.ilc.edu.tw:443), referer: https://2blog.ilc.edu.tw/28/2009/10/29/%E5%A6%82%E4%BD%95%E5%9C%A8%E8%AA%B2%E5%A0%82%E4%B8%8A%E5%81%9A%E4%B8%80%E5%80%8B%E9%AB%98%E6%95%88%E8%83%BD%E7%AE%A1%E7%90%86%E8%80%85/
[Sat Aug 22 01:03:00.516545 2026] [authz_core:debug] [pid 632922:tid 632922] mod_authz_core.c(815): [client 66.249.71.37:65419] AH01626: authorization result of Require all granted: granted, referer: https://2blog.ilc.edu.tw/28/2009/10/29/%E5%A6%82%E4%BD%95%E5%9C%A8%E8%AA%B2%E5%A0%82%E4%B8%8A%E5%81%9A%E4%B8%80%E5%80%8B%E9%AB%98%E6%95%88%E8%83%BD%E7%AE%A1%E7%90%86%E8%80%85/
[Sat Aug 22 01:03:00.516551 2026] [authz_core:debug] [pid 632922:tid 632922] mod_authz_core.c(815): [client 66.249.71.37:65419] AH01626: authorization result of : granted, referer: https://2blog.ilc.edu.tw/28/2009/10/29/%E5%A6%82%E4%BD%95%E5%9C%A8%E8%AA%B2%E5%A0%82%E4%B8%8A%E5%81%9A%E4%B8%80%E5%80%8B%E9%AB%98%E6%95%88%E8%83%BD%E7%AE%A1%E7%90%86%E8%80%85/
[Sat Aug 22 01:03:00.516655 2026] [authz_core:debug] [pid 632922:tid 632922] mod_authz_core.c(815): [client 66.249.71.37:65419] AH01626: authorization result of Require all granted: granted, referer: https://2blog.ilc.edu.tw/28/2009/10/29/%E5%A6%82%E4%BD%95%E5%9C%A8%E8%AA%B2%E5%A0%82%E4%B8%8A%E5%81%9A%E4%B8%80%E5%80%8B%E9%AB%98%E6%95%88%E8%83%BD%E7%AE%A1%E7%90%86%E8%80%85/
[Sat Aug 22 01:03:00.516659 2026] [authz_core:debug] [pid 632922:tid 632922] mod_authz_core.c(815): [client 66.249.71.37:65419] AH01626: authorization result of : granted, referer: https://2blog.ilc.edu.tw/28/2009/10/29/%E5%A6%82%E4%BD%95%E5%9C%A8%E8%AA%B2%E5%A0%82%E4%B8%8A%E5%81%9A%E4%B8%80%E5%80%8B%E9%AB%98%E6%95%88%E8%83%BD%E7%AE%A1%E7%90%86%E8%80%85/
[Sat Aug 22 01:03:01.374522 2026] [authz_core:debug] [pid 632997:tid 632997] mod_authz_core.c(815): [client 2400:e920:0:2:f45d:ddff:fe00:7a:58888] AH01626: authorization result of Require all granted: granted, referer: http://ilta.ilc.edu.tw
[Sat Aug 22 01:03:01.374552 2026] [authz_core:debug] [pid 632997:tid 632997] mod_authz_core.c(815): [client 2400:e920:0:2:f45d:ddff:fe00:7a:58888] AH01626: authorization result of : granted, referer: http://ilta.ilc.edu.tw
[Sat Aug 22 01:03:01.393000 2026] [ssl:debug] [pid 632995:tid 632995] ssl_engine_kernel.c(2082): [client 46.202.63.99:58919] AH02041: Protocol: TLSv1.3, Cipher: TLS_AES_256_GCM_SHA384 (256/256 bits)
[Sat Aug 22 01:03:01.393096 2026] [socache_shmcb:debug] [pid 632995:tid 632995] mod_socache_shmcb.c(508): AH00831: socache_shmcb_store (0x6a -> subcache 10)
[Sat Aug 22 01:03:01.393115 2026] [socache_shmcb:debug] [pid 632995:tid 632995] mod_socache_shmcb.c(860): AH00847: insert happened at idx=45, data=(10704:10736)
[Sat Aug 22 01:03:01.393119 2026] [socache_shmcb:debug] [pid 632995:tid 632995] mod_socache_shmcb.c(863): AH00848: finished insert, subcache: idx_pos/idx_used=76/58, data_pos/data_used=11831/12962
[Sat Aug 22 01:03:01.393123 2026] [socache_shmcb:debug] [pid 632995:tid 632995] mod_socache_shmcb.c(530): AH00834: leaving socache_shmcb_store successfully
[Sat Aug 22 01:03:01.393204 2026] [socache_shmcb:debug] [pid 632995:tid 632995] mod_socache_shmcb.c(508): AH00831: socache_shmcb_store (0x5d -> subcache 29)
[Sat Aug 22 01:03:01.393218 2026] [socache_shmcb:debug] [pid 632995:tid 632995] mod_socache_shmcb.c(860): AH00847: insert happened at idx=7, data=(2261:2293)
[Sat Aug 22 01:03:01.393221 2026] [socache_shmcb:debug] [pid 632995:tid 632995] mod_socache_shmcb.c(863): AH00848: finished insert, subcache: idx_pos/idx_used=56/40, data_pos/data_used=7402/8949
[Sat Aug 22 01:03:01.393223 2026] [socache_shmcb:debug] [pid 632995:tid 632995] mod_socache_shmcb.c(530): AH00834: leaving socache_shmcb_store successfully
[Sat Aug 22 01:03:01.393421 2026] [ssl:debug] [pid 632995:tid 632995] ssl_engine_kernel.c(254): [client 46.202.63.99:58919] AH02034: Initial (No.1) HTTPS request received for child 3 (server 2blog.ilc.edu.tw:443), referer: https://2blog.ilc.edu.tw/cute302/2025/02/21/%E6%B0%B4%E6%9E%9C%E9%85%B5%E7%B4%A0/
[Sat Aug 22 01:03:01.393779 2026] [authz_core:debug] [pid 632995:tid 632995] mod_authz_core.c(815): [client 46.202.63.99:58919] AH01626: authorization result of Require all granted: granted, referer: https://2blog.ilc.edu.tw/cute302/2025/02/21/%E6%B0%B4%E6%9E%9C%E9%85%B5%E7%B4%A0/
[Sat Aug 22 01:03:01.393789 2026] [authz_core:debug] [pid 632995:tid 632995] mod_authz_core.c(815): [client 46.202.63.99:58919] AH01626: authorization result of : granted, referer: https://2blog.ilc.edu.tw/cute302/2025/02/21/%E6%B0%B4%E6%9E%9C%E9%85%B5%E7%B4%A0/
[Sat Aug 22 01:03:01.398865 2026] [authz_core:debug] [pid 632995:tid 632995] mod_authz_core.c(815): [client 46.202.63.99:58919] AH01626: authorization result of Require all granted: granted, referer: https://2blog.ilc.edu.tw/cute302/2025/02/21/%E6%B0%B4%E6%9E%9C%E9%85%B5%E7%B4%A0/
[Sat Aug 22 01:03:01.398890 2026] [authz_core:debug] [pid 632995:tid 632995] mod_authz_core.c(815): [client 46.202.63.99:58919] AH01626: authorization result of : granted, referer: https://2blog.ilc.edu.tw/cute302/2025/02/21/%E6%B0%B4%E6%9E%9C%E9%85%B5%E7%B4%A0/
[Sat Aug 22 01:03:01.425798 2026] [ssl:info] [pid 632863:tid 632863] [client 2001:b011:400b:3917:c04c:801d:f49f:cb9:60978] AH01964: Connection to child 4 established (server 2blog.ilc.edu.tw:443)
[Sat Aug 22 01:03:01.426035 2026] [ssl:debug] [pid 632863:tid 632863] ssl_engine_kernel.c(2222): [client 2001:b011:400b:3917:c04c:801d:f49f:cb9:60978] AH02043: SSL virtual host for servername www.kases.ilc.edu.tw found
[Sat Aug 22 01:03:01.426119 2026] [core:debug] [pid 632863:tid 632863] protocol.c(2460): [client 2001:b011:400b:3917:c04c:801d:f49f:cb9:60978] AH03155: select protocol from , choices=h2,http/1.1 for server www.kases.ilc.edu.tw
[Sat Aug 22 01:03:01.426164 2026] [ssl:debug] [pid 632863:tid 632863] ssl_util_stapling.c(819): AH01951: stapling_cb: OCSP Stapling callback called
[Sat Aug 22 01:03:01.426170 2026] [ssl:info] [pid 632863:tid 632863] AH01926: stapling_get_certinfo: stapling not supported for certificate
[Sat Aug 22 01:03:01.446207 2026] [ssl:debug] [pid 632863:tid 632863] ssl_engine_kernel.c(2082): [client 2001:b011:400b:3917:c04c:801d:f49f:cb9:60978] AH02041: Protocol: TLSv1.3, Cipher: TLS_AES_256_GCM_SHA384 (256/256 bits)
[Sat Aug 22 01:03:01.446255 2026] [socache_shmcb:debug] [pid 632863:tid 632863] mod_socache_shmcb.c(508): AH00831: socache_shmcb_store (0x92 -> subcache 18)
[Sat Aug 22 01:03:01.446261 2026] [socache_shmcb:debug] [pid 632863:tid 632863] mod_socache_shmcb.c(745): AH00842: expiring 1 and reclaiming 0 removed socache entries
[Sat Aug 22 01:03:01.446263 2026] [socache_shmcb:debug] [pid 632863:tid 632863] mod_socache_shmcb.c(765): AH00843: we now have 34 socache entries
[Sat Aug 22 01:03:01.446266 2026] [socache_shmcb:debug] [pid 632863:tid 632863] mod_socache_shmcb.c(860): AH00847: insert happened at idx=1, data=(1152:1184)
[Sat Aug 22 01:03:01.446267 2026] [socache_shmcb:debug] [pid 632863:tid 632863] mod_socache_shmcb.c(863): AH00848: finished insert, subcache: idx_pos/idx_used=55/35, data_pos/data_used=7398/7847
[Sat Aug 22 01:03:01.446269 2026] [socache_shmcb:debug] [pid 632863:tid 632863] mod_socache_shmcb.c(530): AH00834: leaving socache_shmcb_store successfully
[Sat Aug 22 01:03:01.446321 2026] [socache_shmcb:debug] [pid 632863:tid 632863] mod_socache_shmcb.c(508): AH00831: socache_shmcb_store (0x3b -> subcache 27)
[Sat Aug 22 01:03:01.446326 2026] [socache_shmcb:debug] [pid 632863:tid 632863] mod_socache_shmcb.c(745): AH00842: expiring 1 and reclaiming 0 removed socache entries
[Sat Aug 22 01:03:01.446328 2026] [socache_shmcb:debug] [pid 632863:tid 632863] mod_socache_shmcb.c(765): AH00843: we now have 49 socache entries
[Sat Aug 22 01:03:01.446330 2026] [socache_shmcb:debug] [pid 632863:tid 632863] mod_socache_shmcb.c(860): AH00847: insert happened at idx=12, data=(3539:3571)
[Sat Aug 22 01:03:01.446331 2026] [socache_shmcb:debug] [pid 632863:tid 632863] mod_socache_shmcb.c(863): AH00848: finished insert, subcache: idx_pos/idx_used=51/50, data_pos/data_used=6454/11179
[Sat Aug 22 01:03:01.446333 2026] [socache_shmcb:debug] [pid 632863:tid 632863] mod_socache_shmcb.c(530): AH00834: leaving socache_shmcb_store successfully
[Sat Aug 22 01:03:01.456894 2026] [ssl:info] [pid 632881:tid 632881] [client 2001:b011:400b:3917:c04c:801d:f49f:cb9:60979] AH01964: Connection to child 26 established (server 2blog.ilc.edu.tw:443)
[Sat Aug 22 01:03:01.457118 2026] [ssl:debug] [pid 632881:tid 632881] ssl_engine_kernel.c(2222): [client 2001:b011:400b:3917:c04c:801d:f49f:cb9:60979] AH02043: SSL virtual host for servername www.kases.ilc.edu.tw found
[Sat Aug 22 01:03:01.457185 2026] [core:debug] [pid 632881:tid 632881] protocol.c(2460): [client 2001:b011:400b:3917:c04c:801d:f49f:cb9:60979] AH03155: select protocol from , choices=h2,http/1.1 for server www.kases.ilc.edu.tw
[Sat Aug 22 01:03:01.457229 2026] [ssl:debug] [pid 632881:tid 632881] ssl_util_stapling.c(819): AH01951: stapling_cb: OCSP Stapling callback called
[Sat Aug 22 01:03:01.457236 2026] [ssl:info] [pid 632881:tid 632881] AH01926: stapling_get_certinfo: stapling not supported for certificate
[Sat Aug 22 01:03:01.468918 2026] [ssl:info] [pid 633000:tid 633000] [client 2001:b011:400b:3917:c04c:801d:f49f:cb9:60981] AH01964: Connection to child 8 established (server 2blog.ilc.edu.tw:443)
[Sat Aug 22 01:03:01.469199 2026] [ssl:debug] [pid 633000:tid 633000] ssl_engine_kernel.c(2222): [client 2001:b011:400b:3917:c04c:801d:f49f:cb9:60981] AH02043: SSL virtual host for servername www.kases.ilc.edu.tw found
[Sat Aug 22 01:03:01.469206 2026] [ssl:debug] [pid 632881:tid 632881] ssl_engine_kernel.c(2082): [client 2001:b011:400b:3917:c04c:801d:f49f:cb9:60979] AH02041: Protocol: TLSv1.3, Cipher: TLS_AES_256_GCM_SHA384 (256/256 bits)
[Sat Aug 22 01:03:01.469252 2026] [socache_shmcb:debug] [pid 632881:tid 632881] mod_socache_shmcb.c(508): AH00831: socache_shmcb_store (0x07 -> subcache 7)
[Sat Aug 22 01:03:01.469260 2026] [socache_shmcb:debug] [pid 632881:tid 632881] mod_socache_shmcb.c(860): AH00847: insert happened at idx=20, data=(5160:5192)
[Sat Aug 22 01:03:01.469263 2026] [socache_shmcb:debug] [pid 632881:tid 632881] mod_socache_shmcb.c(863): AH00848: finished insert, subcache: idx_pos/idx_used=64/45, data_pos/data_used=9175/10079
[Sat Aug 22 01:03:01.469266 2026] [socache_shmcb:debug] [pid 632881:tid 632881] mod_socache_shmcb.c(530): AH00834: leaving socache_shmcb_store successfully
[Sat Aug 22 01:03:01.469325 2026] [core:debug] [pid 633000:tid 633000] protocol.c(2460): [client 2001:b011:400b:3917:c04c:801d:f49f:cb9:60981] AH03155: select protocol from , choices=http/1.1 for server www.kases.ilc.edu.tw
[Sat Aug 22 01:03:01.469336 2026] [socache_shmcb:debug] [pid 632881:tid 632881] mod_socache_shmcb.c(508): AH00831: socache_shmcb_store (0x42 -> subcache 2)
[Sat Aug 22 01:03:01.469342 2026] [socache_shmcb:debug] [pid 632881:tid 632881] mod_socache_shmcb.c(745): AH00842: expiring 1 and reclaiming 0 removed socache entries
[Sat Aug 22 01:03:01.469345 2026] [socache_shmcb:debug] [pid 632881:tid 632881] mod_socache_shmcb.c(765): AH00843: we now have 40 socache entries
[Sat Aug 22 01:03:01.469348 2026] [socache_shmcb:debug] [pid 632881:tid 632881] mod_socache_shmcb.c(860): AH00847: insert happened at idx=85, data=(68:100)
[Sat Aug 22 01:03:01.469350 2026] [socache_shmcb:debug] [pid 632881:tid 632881] mod_socache_shmcb.c(863): AH00848: finished insert, subcache: idx_pos/idx_used=45/41, data_pos/data_used=5067/9095
[Sat Aug 22 01:03:01.469353 2026] [socache_shmcb:debug] [pid 632881:tid 632881] mod_socache_shmcb.c(530): AH00834: leaving socache_shmcb_store successfully
[Sat Aug 22 01:03:01.469407 2026] [ssl:debug] [pid 633000:tid 633000] ssl_util_stapling.c(819): AH01951: stapling_cb: OCSP Stapling callback called
[Sat Aug 22 01:03:01.469417 2026] [ssl:info] [pid 633000:tid 633000] AH01926: stapling_get_certinfo: stapling not supported for certificate
[Sat Aug 22 01:03:01.469747 2026] [ssl:debug] [pid 632881:tid 632881] ssl_engine_kernel.c(254): [client 2001:b011:400b:3917:c04c:801d:f49f:cb9:60979] AH02034: Initial (No.1) HTTPS request received for child 26 (server www.kases.ilc.edu.tw:443)
[Sat Aug 22 01:03:01.469995 2026] [authz_core:debug] [pid 632881:tid 632881] mod_authz_core.c(815): [client 2001:b011:400b:3917:c04c:801d:f49f:cb9:60979] AH01626: authorization result of Require all granted: granted
[Sat Aug 22 01:03:01.470004 2026] [authz_core:debug] [pid 632881:tid 632881] mod_authz_core.c(815): [client 2001:b011:400b:3917:c04c:801d:f49f:cb9:60979] AH01626: authorization result of : granted
[Sat Aug 22 01:03:01.470156 2026] [authz_core:debug] [pid 632881:tid 632881] mod_authz_core.c(815): [client 2001:b011:400b:3917:c04c:801d:f49f:cb9:60979] AH01626: authorization result of Require all granted: granted
[Sat Aug 22 01:03:01.470162 2026] [authz_core:debug] [pid 632881:tid 632881] mod_authz_core.c(815): [client 2001:b011:400b:3917:c04c:801d:f49f:cb9:60979] AH01626: authorization result of : granted
[Sat Aug 22 01:03:01.480881 2026] [ssl:debug] [pid 633000:tid 633000] ssl_engine_kernel.c(2082): [client 2001:b011:400b:3917:c04c:801d:f49f:cb9:60981] AH02041: Protocol: TLSv1.3, Cipher: TLS_AES_256_GCM_SHA384 (256/256 bits)
[Sat Aug 22 01:03:01.480981 2026] [socache_shmcb:debug] [pid 633000:tid 633000] mod_socache_shmcb.c(508): AH00831: socache_shmcb_store (0xf8 -> subcache 24)
[Sat Aug 22 01:03:01.481000 2026] [socache_shmcb:debug] [pid 633000:tid 633000] mod_socache_shmcb.c(745): AH00842: expiring 1 and reclaiming 0 removed socache entries
[Sat Aug 22 01:03:01.481004 2026] [socache_shmcb:debug] [pid 633000:tid 633000] mod_socache_shmcb.c(765): AH00843: we now have 40 socache entries
[Sat Aug 22 01:03:01.481017 2026] [socache_shmcb:debug] [pid 633000:tid 633000] mod_socache_shmcb.c(860): AH00847: insert happened at idx=4, data=(1790:1822)
[Sat Aug 22 01:03:01.481020 2026] [socache_shmcb:debug] [pid 633000:tid 633000] mod_socache_shmcb.c(863): AH00848: finished insert, subcache: idx_pos/idx_used=52/41, data_pos/data_used=6680/9203
[Sat Aug 22 01:03:01.481023 2026] [socache_shmcb:debug] [pid 633000:tid 633000] mod_socache_shmcb.c(530): AH00834: leaving socache_shmcb_store successfully
[Sat Aug 22 01:03:01.481094 2026] [socache_shmcb:debug] [pid 633000:tid 633000] mod_socache_shmcb.c(508): AH00831: socache_shmcb_store (0x84 -> subcache 4)
[Sat Aug 22 01:03:01.481105 2026] [socache_shmcb:debug] [pid 633000:tid 633000] mod_socache_shmcb.c(745): AH00842: expiring 2 and reclaiming 0 removed socache entries
[Sat Aug 22 01:03:01.481109 2026] [socache_shmcb:debug] [pid 633000:tid 633000] mod_socache_shmcb.c(765): AH00843: we now have 46 socache entries
[Sat Aug 22 01:03:01.481112 2026] [socache_shmcb:debug] [pid 633000:tid 633000] mod_socache_shmcb.c(860): AH00847: insert happened at idx=57, data=(13224:13256)
[Sat Aug 22 01:03:01.481115 2026] [socache_shmcb:debug] [pid 633000:tid 633000] mod_socache_shmcb.c(863): AH00848: finished insert, subcache: idx_pos/idx_used=11/47, data_pos/data_used=2899/10554
[Sat Aug 22 01:03:01.481117 2026] [socache_shmcb:debug] [pid 633000:tid 633000] mod_socache_shmcb.c(530): AH00834: leaving socache_shmcb_store successfully
[Sat Aug 22 01:03:01.481334 2026] [ssl:debug] [pid 633000:tid 633000] ssl_engine_kernel.c(254): [client 2001:b011:400b:3917:c04c:801d:f49f:cb9:60981] AH02034: Initial (No.1) HTTPS request received for child 8 (server www.kases.ilc.edu.tw:443)
[Sat Aug 22 01:03:01.481510 2026] [authz_core:debug] [pid 633000:tid 633000] mod_authz_core.c(815): [client 2001:b011:400b:3917:c04c:801d:f49f:cb9:60981] AH01626: authorization result of Require all granted: granted
[Sat Aug 22 01:03:01.481517 2026] [authz_core:debug] [pid 633000:tid 633000] mod_authz_core.c(815): [client 2001:b011:400b:3917:c04c:801d:f49f:cb9:60981] AH01626: authorization result of : granted
[Sat Aug 22 01:03:01.481673 2026] [authz_core:debug] [pid 633000:tid 633000] mod_authz_core.c(815): [client 2001:b011:400b:3917:c04c:801d:f49f:cb9:60981] AH01626: authorization result of Require all granted: granted
[Sat Aug 22 01:03:01.481678 2026] [authz_core:debug] [pid 633000:tid 633000] mod_authz_core.c(815): [client 2001:b011:400b:3917:c04c:801d:f49f:cb9:60981] AH01626: authorization result of : granted
[Sat Aug 22 01:03:01.481734 2026] [ssl:info] [pid 632998:tid 632998] [client 2001:b011:400b:3917:c04c:801d:f49f:cb9:60983] AH01964: Connection to child 6 established (server 2blog.ilc.edu.tw:443)
[Sat Aug 22 01:03:01.481802 2026] [ssl:info] [pid 632991:tid 632991] [client 2001:b011:400b:3917:c04c:801d:f49f:cb9:60984] AH01964: Connection to child 0 established (server 2blog.ilc.edu.tw:443)
[Sat Aug 22 01:03:01.481884 2026] [ssl:debug] [pid 632998:tid 632998] ssl_engine_kernel.c(2222): [client 2001:b011:400b:3917:c04c:801d:f49f:cb9:60983] AH02043: SSL virtual host for servername www.kases.ilc.edu.tw found
[Sat Aug 22 01:03:01.481933 2026] [core:debug] [pid 632998:tid 632998] protocol.c(2460): [client 2001:b011:400b:3917:c04c:801d:f49f:cb9:60983] AH03155: select protocol from , choices=http/1.1 for server www.kases.ilc.edu.tw
[Sat Aug 22 01:03:01.481964 2026] [ssl:debug] [pid 632998:tid 632998] ssl_util_stapling.c(819): AH01951: stapling_cb: OCSP Stapling callback called
[Sat Aug 22 01:03:01.481968 2026] [ssl:info] [pid 632998:tid 632998] AH01926: stapling_get_certinfo: stapling not supported for certificate
[Sat Aug 22 01:03:01.482185 2026] [ssl:debug] [pid 632991:tid 632991] ssl_engine_kernel.c(2222): [client 2001:b011:400b:3917:c04c:801d:f49f:cb9:60984] AH02043: SSL virtual host for servername www.kases.ilc.edu.tw found
[Sat Aug 22 01:03:01.482227 2026] [core:debug] [pid 632991:tid 632991] protocol.c(2460): [client 2001:b011:400b:3917:c04c:801d:f49f:cb9:60984] AH03155: select protocol from , choices=http/1.1 for server www.kases.ilc.edu.tw
[Sat Aug 22 01:03:01.482261 2026] [ssl:debug] [pid 632991:tid 632991] ssl_util_stapling.c(819): AH01951: stapling_cb: OCSP Stapling callback called
[Sat Aug 22 01:03:01.482265 2026] [ssl:info] [pid 632991:tid 632991] AH01926: stapling_get_certinfo: stapling not supported for certificate
[Sat Aug 22 01:03:01.516889 2026] [ssl:debug] [pid 632991:tid 632991] ssl_engine_kernel.c(2082): [client 2001:b011:400b:3917:c04c:801d:f49f:cb9:60984] AH02041: Protocol: TLSv1.3, Cipher: TLS_AES_256_GCM_SHA384 (256/256 bits)
[Sat Aug 22 01:03:01.516900 2026] [ssl:debug] [pid 632998:tid 632998] ssl_engine_kernel.c(2082): [client 2001:b011:400b:3917:c04c:801d:f49f:cb9:60983] AH02041: Protocol: TLSv1.3, Cipher: TLS_AES_256_GCM_SHA384 (256/256 bits)
[Sat Aug 22 01:03:01.516934 2026] [socache_shmcb:debug] [pid 632991:tid 632991] mod_socache_shmcb.c(508): AH00831: socache_shmcb_store (0x4c -> subcache 12)
[Sat Aug 22 01:03:01.516959 2026] [socache_shmcb:debug] [pid 632991:tid 632991] mod_socache_shmcb.c(745): AH00842: expiring 4 and reclaiming 0 removed socache entries
[Sat Aug 22 01:03:01.516962 2026] [socache_shmcb:debug] [pid 632991:tid 632991] mod_socache_shmcb.c(765): AH00843: we now have 43 socache entries
[Sat Aug 22 01:03:01.516964 2026] [socache_shmcb:debug] [pid 632991:tid 632991] mod_socache_shmcb.c(860): AH00847: insert happened at idx=19, data=(4962:4994)
[Sat Aug 22 01:03:01.516966 2026] [socache_shmcb:debug] [pid 632991:tid 632991] mod_socache_shmcb.c(863): AH00848: finished insert, subcache: idx_pos/idx_used=64/44, data_pos/data_used=9228/9827
[Sat Aug 22 01:03:01.516968 2026] [socache_shmcb:debug] [pid 632991:tid 632991] mod_socache_shmcb.c(530): AH00834: leaving socache_shmcb_store successfully
[Sat Aug 22 01:03:01.516976 2026] [socache_shmcb:debug] [pid 632998:tid 632998] mod_socache_shmcb.c(508): AH00831: socache_shmcb_store (0x15 -> subcache 21)
[Sat Aug 22 01:03:01.516982 2026] [socache_shmcb:debug] [pid 632998:tid 632998] mod_socache_shmcb.c(860): AH00847: insert happened at idx=11, data=(3212:3244)
[Sat Aug 22 01:03:01.516984 2026] [socache_shmcb:debug] [pid 632998:tid 632998] mod_socache_shmcb.c(863): AH00848: finished insert, subcache: idx_pos/idx_used=48/52, data_pos/data_used=5627/11679
[Sat Aug 22 01:03:01.516986 2026] [socache_shmcb:debug] [pid 632998:tid 632998] mod_socache_shmcb.c(530): AH00834: leaving socache_shmcb_store successfully
[Sat Aug 22 01:03:01.517015 2026] [socache_shmcb:debug] [pid 632991:tid 632991] mod_socache_shmcb.c(508): AH00831: socache_shmcb_store (0x84 -> subcache 4)
[Sat Aug 22 01:03:01.517019 2026] [socache_shmcb:debug] [pid 632991:tid 632991] mod_socache_shmcb.c(860): AH00847: insert happened at idx=58, data=(13453:13485)
[Sat Aug 22 01:03:01.517021 2026] [socache_shmcb:debug] [pid 632991:tid 632991] mod_socache_shmcb.c(863): AH00848: finished insert, subcache: idx_pos/idx_used=11/48, data_pos/data_used=2899/10784
[Sat Aug 22 01:03:01.517023 2026] [socache_shmcb:debug] [pid 632991:tid 632991] mod_socache_shmcb.c(530): AH00834: leaving socache_shmcb_store successfully
[Sat Aug 22 01:03:01.517028 2026] [socache_shmcb:debug] [pid 632998:tid 632998] mod_socache_shmcb.c(508): AH00831: socache_shmcb_store (0xed -> subcache 13)
[Sat Aug 22 01:03:01.517039 2026] [socache_shmcb:debug] [pid 632998:tid 632998] mod_socache_shmcb.c(745): AH00842: expiring 1 and reclaiming 0 removed socache entries
[Sat Aug 22 01:03:01.517041 2026] [socache_shmcb:debug] [pid 632998:tid 632998] mod_socache_shmcb.c(765): AH00843: we now have 43 socache entries
[Sat Aug 22 01:03:01.517043 2026] [socache_shmcb:debug] [pid 632998:tid 632998] mod_socache_shmcb.c(860): AH00847: insert happened at idx=15, data=(4191:4223)
[Sat Aug 22 01:03:01.517045 2026] [socache_shmcb:debug] [pid 632998:tid 632998] mod_socache_shmcb.c(863): AH00848: finished insert, subcache: idx_pos/idx_used=60/44, data_pos/data_used=8420/9864
[Sat Aug 22 01:03:01.517047 2026] [socache_shmcb:debug] [pid 632998:tid 632998] mod_socache_shmcb.c(530): AH00834: leaving socache_shmcb_store successfully
[Sat Aug 22 01:03:01.517127 2026] [ssl:debug] [pid 632991:tid 632991] ssl_engine_kernel.c(254): [client 2001:b011:400b:3917:c04c:801d:f49f:cb9:60984] AH02034: Initial (No.1) HTTPS request received for child 0 (server www.kases.ilc.edu.tw:443)
[Sat Aug 22 01:03:01.517145 2026] [ssl:debug] [pid 632998:tid 632998] ssl_engine_kernel.c(254): [client 2001:b011:400b:3917:c04c:801d:f49f:cb9:60983] AH02034: Initial (No.1) HTTPS request received for child 6 (server www.kases.ilc.edu.tw:443)
[Sat Aug 22 01:03:01.517278 2026] [authz_core:debug] [pid 632991:tid 632991] mod_authz_core.c(815): [client 2001:b011:400b:3917:c04c:801d:f49f:cb9:60984] AH01626: authorization result of Require all granted: granted
[Sat Aug 22 01:03:01.517283 2026] [authz_core:debug] [pid 632991:tid 632991] mod_authz_core.c(815): [client 2001:b011:400b:3917:c04c:801d:f49f:cb9:60984] AH01626: authorization result of : granted
[Sat Aug 22 01:03:01.517294 2026] [authz_core:debug] [pid 632998:tid 632998] mod_authz_core.c(815): [client 2001:b011:400b:3917:c04c:801d:f49f:cb9:60983] AH01626: authorization result of Require all granted: granted
[Sat Aug 22 01:03:01.517298 2026] [authz_core:debug] [pid 632998:tid 632998] mod_authz_core.c(815): [client 2001:b011:400b:3917:c04c:801d:f49f:cb9:60983] AH01626: authorization result of : granted
[Sat Aug 22 01:03:01.517386 2026] [authz_core:debug] [pid 632998:tid 632998] mod_authz_core.c(815): [client 2001:b011:400b:3917:c04c:801d:f49f:cb9:60983] AH01626: authorization result of Require all granted: granted
[Sat Aug 22 01:03:01.517390 2026] [authz_core:debug] [pid 632998:tid 632998] mod_authz_core.c(815): [client 2001:b011:400b:3917:c04c:801d:f49f:cb9:60983] AH01626: authorization result of : granted
[Sat Aug 22 01:03:01.517390 2026] [authz_core:debug] [pid 632991:tid 632991] mod_authz_core.c(815): [client 2001:b011:400b:3917:c04c:801d:f49f:cb9:60984] AH01626: authorization result of Require all granted: granted
[Sat Aug 22 01:03:01.517395 2026] [authz_core:debug] [pid 632991:tid 632991] mod_authz_core.c(815): [client 2001:b011:400b:3917:c04c:801d:f49f:cb9:60984] AH01626: authorization result of : granted
[Sat Aug 22 01:03:01.625647 2026] [ssl:debug] [pid 632991:tid 632991] ssl_engine_kernel.c(254): [client 2001:b011:400b:3917:c04c:801d:f49f:cb9:60984] AH02034: Subsequent (No.2) HTTPS request received for child 0 (server www.kases.ilc.edu.tw:443)
[Sat Aug 22 01:03:01.631019 2026] [authz_core:debug] [pid 632991:tid 632991] mod_authz_core.c(815): [client 2001:b011:400b:3917:c04c:801d:f49f:cb9:60984] AH01626: authorization result of Require all granted: granted
[Sat Aug 22 01:03:01.631040 2026] [authz_core:debug] [pid 632991:tid 632991] mod_authz_core.c(815): [client 2001:b011:400b:3917:c04c:801d:f49f:cb9:60984] AH01626: authorization result of : granted
[Sat Aug 22 01:03:01.655169 2026] [deflate:debug] [pid 633000:tid 633000] mod_deflate.c(909): [client 2001:b011:400b:3917:c04c:801d:f49f:cb9:60981] AH01384: Zlib: Compressed 93185 to 15054 : URL /index.php
[Sat Aug 22 01:03:01.729194 2026] [ssl:info] [pid 632993:tid 632993] [client 2400:e920:0:2:f45d:ddff:fe00:7a:58909] AH01964: Connection to child 1 established (server 2blog.ilc.edu.tw:443)
[Sat Aug 22 01:03:01.729333 2026] [ssl:debug] [pid 632993:tid 632993] ssl_engine_kernel.c(2222): [client 2400:e920:0:2:f45d:ddff:fe00:7a:58909] AH02043: SSL virtual host for servername ilta.ilc.edu.tw found
[Sat Aug 22 01:03:01.729421 2026] [core:debug] [pid 632993:tid 632993] protocol.c(2460): [client 2400:e920:0:2:f45d:ddff:fe00:7a:58909] AH03155: select protocol from , choices=http/1.1 for server ilta.ilc.edu.tw
[Sat Aug 22 01:03:01.761299 2026] [ssl:debug] [pid 632863:tid 632863] ssl_engine_kernel.c(254): [client 2001:b011:400b:3917:c04c:801d:f49f:cb9:60978] AH02034: Initial (No.1) HTTPS request received for child 4 (server www.kases.ilc.edu.tw:443)
[Sat Aug 22 01:03:01.761769 2026] [ssl:debug] [pid 633000:tid 633000] ssl_engine_kernel.c(254): [client 2001:b011:400b:3917:c04c:801d:f49f:cb9:60981] AH02034: Subsequent (No.2) HTTPS request received for child 8 (server www.kases.ilc.edu.tw:443)
[Sat Aug 22 01:03:01.764041 2026] [authz_core:debug] [pid 633000:tid 633000] mod_authz_core.c(815): [client 2001:b011:400b:3917:c04c:801d:f49f:cb9:60981] AH01626: authorization result of Require all granted: granted
[Sat Aug 22 01:03:01.764051 2026] [authz_core:debug] [pid 633000:tid 633000] mod_authz_core.c(815): [client 2001:b011:400b:3917:c04c:801d:f49f:cb9:60981] AH01626: authorization result of : granted
[Sat Aug 22 01:03:01.764560 2026] [authz_core:debug] [pid 632863:tid 632863] mod_authz_core.c(815): [client 2001:b011:400b:3917:c04c:801d:f49f:cb9:60978] AH01626: authorization result of Require all granted: granted
[Sat Aug 22 01:03:01.764570 2026] [authz_core:debug] [pid 632863:tid 632863] mod_authz_core.c(815): [client 2001:b011:400b:3917:c04c:801d:f49f:cb9:60978] AH01626: authorization result of : granted
[Sat Aug 22 01:03:01.764764 2026] [reqtimeout:info] [pid 632872:tid 632872] [client 240e:971:2000:3001::3f8:48898] AH01382: Request header read timeout
[Sat Aug 22 01:03:01.764842 2026] [ssl:debug] [pid 632872:tid 632872] ssl_engine_io.c(1150): [client 240e:971:2000:3001::3f8:48898] AH02001: Connection closed to child 15 with standard shutdown (server ee.ilc.edu.tw:443)
[Sat Aug 22 01:03:01.777564 2026] [ssl:info] [pid 632892:tid 632892] [client 2001:b011:400b:3917:c04c:801d:f49f:cb9:60988] AH01964: Connection to child 37 established (server 2blog.ilc.edu.tw:443)
[Sat Aug 22 01:03:01.777734 2026] [ssl:debug] [pid 632892:tid 632892] ssl_engine_kernel.c(2222): [client 2001:b011:400b:3917:c04c:801d:f49f:cb9:60988] AH02043: SSL virtual host for servername www.kases.ilc.edu.tw found
[Sat Aug 22 01:03:01.777787 2026] [core:debug] [pid 632892:tid 632892] protocol.c(2460): [client 2001:b011:400b:3917:c04c:801d:f49f:cb9:60988] AH03155: select protocol from , choices=http/1.1 for server www.kases.ilc.edu.tw
[Sat Aug 22 01:03:01.777821 2026] [ssl:debug] [pid 632892:tid 632892] ssl_util_stapling.c(819): AH01951: stapling_cb: OCSP Stapling callback called
[Sat Aug 22 01:03:01.777825 2026] [ssl:info] [pid 632892:tid 632892] AH01926: stapling_get_certinfo: stapling not supported for certificate
[Sat Aug 22 01:03:01.778215 2026] [ssl:info] [pid 632999:tid 632999] [client 2001:b011:400b:3917:c04c:801d:f49f:cb9:60985] AH01964: Connection to child 7 established (server 2blog.ilc.edu.tw:443)
[Sat Aug 22 01:03:01.778250 2026] [ssl:info] [pid 632888:tid 632888] [client 2001:b011:400b:3917:c04c:801d:f49f:cb9:60986] AH01964: Connection to child 33 established (server 2blog.ilc.edu.tw:443)
[Sat Aug 22 01:03:01.778435 2026] [ssl:debug] [pid 632999:tid 632999] ssl_engine_kernel.c(2222): [client 2001:b011:400b:3917:c04c:801d:f49f:cb9:60985] AH02043: SSL virtual host for servername www.kases.ilc.edu.tw found
[Sat Aug 22 01:03:01.778499 2026] [core:debug] [pid 632999:tid 632999] protocol.c(2460): [client 2001:b011:400b:3917:c04c:801d:f49f:cb9:60985] AH03155: select protocol from , choices=http/1.1 for server www.kases.ilc.edu.tw
[Sat Aug 22 01:03:01.778540 2026] [ssl:debug] [pid 632999:tid 632999] ssl_util_stapling.c(819): AH01951: stapling_cb: OCSP Stapling callback called
[Sat Aug 22 01:03:01.778546 2026] [ssl:info] [pid 632999:tid 632999] AH01926: stapling_get_certinfo: stapling not supported for certificate
[Sat Aug 22 01:03:01.781244 2026] [ssl:debug] [pid 632888:tid 632888] ssl_engine_kernel.c(2222): [client 2001:b011:400b:3917:c04c:801d:f49f:cb9:60986] AH02043: SSL virtual host for servername www.kases.ilc.edu.tw found
[Sat Aug 22 01:03:01.781307 2026] [core:debug] [pid 632888:tid 632888] protocol.c(2460): [client 2001:b011:400b:3917:c04c:801d:f49f:cb9:60986] AH03155: select protocol from , choices=http/1.1 for server www.kases.ilc.edu.tw
[Sat Aug 22 01:03:01.781342 2026] [ssl:debug] [pid 632888:tid 632888] ssl_util_stapling.c(819): AH01951: stapling_cb: OCSP Stapling callback called
[Sat Aug 22 01:03:01.781348 2026] [ssl:info] [pid 632888:tid 632888] AH01926: stapling_get_certinfo: stapling not supported for certificate
[Sat Aug 22 01:03:01.793212 2026] [ssl:debug] [pid 632999:tid 632999] ssl_engine_kernel.c(2082): [client 2001:b011:400b:3917:c04c:801d:f49f:cb9:60985] AH02041: Protocol: TLSv1.3, Cipher: TLS_AES_256_GCM_SHA384 (256/256 bits)
[Sat Aug 22 01:03:01.793286 2026] [socache_shmcb:debug] [pid 632999:tid 632999] mod_socache_shmcb.c(508): AH00831: socache_shmcb_store (0xc9 -> subcache 9)
[Sat Aug 22 01:03:01.793306 2026] [socache_shmcb:debug] [pid 632999:tid 632999] mod_socache_shmcb.c(860): AH00847: insert happened at idx=9, data=(2861:2893)
[Sat Aug 22 01:03:01.793309 2026] [socache_shmcb:debug] [pid 632999:tid 632999] mod_socache_shmcb.c(863): AH00848: finished insert, subcache: idx_pos/idx_used=52/46, data_pos/data_used=6696/10258
[Sat Aug 22 01:03:01.793312 2026] [socache_shmcb:debug] [pid 632999:tid 632999] mod_socache_shmcb.c(530): AH00834: leaving socache_shmcb_store successfully
[Sat Aug 22 01:03:01.793377 2026] [socache_shmcb:debug] [pid 632999:tid 632999] mod_socache_shmcb.c(508): AH00831: socache_shmcb_store (0xed -> subcache 13)
[Sat Aug 22 01:03:01.793389 2026] [socache_shmcb:debug] [pid 632999:tid 632999] mod_socache_shmcb.c(860): AH00847: insert happened at idx=16, data=(4420:4452)
[Sat Aug 22 01:03:01.793392 2026] [socache_shmcb:debug] [pid 632999:tid 632999] mod_socache_shmcb.c(863): AH00848: finished insert, subcache: idx_pos/idx_used=60/45, data_pos/data_used=8420/10093
[Sat Aug 22 01:03:01.793395 2026] [socache_shmcb:debug] [pid 632999:tid 632999] mod_socache_shmcb.c(530): AH00834: leaving socache_shmcb_store successfully
[Sat Aug 22 01:03:01.793545 2026] [ssl:debug] [pid 632999:tid 632999] ssl_engine_kernel.c(254): [client 2001:b011:400b:3917:c04c:801d:f49f:cb9:60985] AH02034: Initial (No.1) HTTPS request received for child 7 (server www.kases.ilc.edu.tw:443)
[Sat Aug 22 01:03:01.794782 2026] [authz_core:debug] [pid 632999:tid 632999] mod_authz_core.c(815): [client 2001:b011:400b:3917:c04c:801d:f49f:cb9:60985] AH01626: authorization result of Require all granted: granted
[Sat Aug 22 01:03:01.794795 2026] [authz_core:debug] [pid 632999:tid 632999] mod_authz_core.c(815): [client 2001:b011:400b:3917:c04c:801d:f49f:cb9:60985] AH01626: authorization result of : granted
[Sat Aug 22 01:03:01.797023 2026] [ssl:debug] [pid 632892:tid 632892] ssl_engine_kernel.c(2082): [client 2001:b011:400b:3917:c04c:801d:f49f:cb9:60988] AH02041: Protocol: TLSv1.3, Cipher: TLS_AES_256_GCM_SHA384 (256/256 bits)
[Sat Aug 22 01:03:01.797063 2026] [socache_shmcb:debug] [pid 632892:tid 632892] mod_socache_shmcb.c(508): AH00831: socache_shmcb_store (0x23 -> subcache 3)
[Sat Aug 22 01:03:01.797069 2026] [socache_shmcb:debug] [pid 632892:tid 632892] mod_socache_shmcb.c(745): AH00842: expiring 2 and reclaiming 0 removed socache entries
[Sat Aug 22 01:03:01.797071 2026] [socache_shmcb:debug] [pid 632892:tid 632892] mod_socache_shmcb.c(765): AH00843: we now have 49 socache entries
[Sat Aug 22 01:03:01.797073 2026] [socache_shmcb:debug] [pid 632892:tid 632892] mod_socache_shmcb.c(860): AH00847: insert happened at idx=19, data=(5080:5112)
[Sat Aug 22 01:03:01.797075 2026] [socache_shmcb:debug] [pid 632892:tid 632892] mod_socache_shmcb.c(863): AH00848: finished insert, subcache: idx_pos/idx_used=58/50, data_pos/data_used=7996/11177
[Sat Aug 22 01:03:01.797076 2026] [socache_shmcb:debug] [pid 632892:tid 632892] mod_socache_shmcb.c(530): AH00834: leaving socache_shmcb_store successfully
[Sat Aug 22 01:03:01.797117 2026] [socache_shmcb:debug] [pid 632892:tid 632892] mod_socache_shmcb.c(508): AH00831: socache_shmcb_store (0xa5 -> subcache 5)
[Sat Aug 22 01:03:01.797122 2026] [socache_shmcb:debug] [pid 632892:tid 632892] mod_socache_shmcb.c(860): AH00847: insert happened at idx=33, data=(8125:8157)
[Sat Aug 22 01:03:01.797124 2026] [socache_shmcb:debug] [pid 632892:tid 632892] mod_socache_shmcb.c(863): AH00848: finished insert, subcache: idx_pos/idx_used=74/48, data_pos/data_used=11499/10720
[Sat Aug 22 01:03:01.797125 2026] [socache_shmcb:debug] [pid 632892:tid 632892] mod_socache_shmcb.c(530): AH00834: leaving socache_shmcb_store successfully
[Sat Aug 22 01:03:01.797232 2026] [ssl:debug] [pid 632892:tid 632892] ssl_engine_kernel.c(254): [client 2001:b011:400b:3917:c04c:801d:f49f:cb9:60988] AH02034: Initial (No.1) HTTPS request received for child 37 (server www.kases.ilc.edu.tw:443)
[Sat Aug 22 01:03:01.797548 2026] [authz_core:debug] [pid 632892:tid 632892] mod_authz_core.c(815): [client 2001:b011:400b:3917:c04c:801d:f49f:cb9:60988] AH01626: authorization result of Require all granted: granted
[Sat Aug 22 01:03:01.797553 2026] [authz_core:debug] [pid 632892:tid 632892] mod_authz_core.c(815): [client 2001:b011:400b:3917:c04c:801d:f49f:cb9:60988] AH01626: authorization result of : granted
[Sat Aug 22 01:03:01.798228 2026] [ssl:debug] [pid 632888:tid 632888] ssl_engine_kernel.c(2082): [client 2001:b011:400b:3917:c04c:801d:f49f:cb9:60986] AH02041: Protocol: TLSv1.3, Cipher: TLS_AES_256_GCM_SHA384 (256/256 bits)
[Sat Aug 22 01:03:01.798263 2026] [socache_shmcb:debug] [pid 632888:tid 632888] mod_socache_shmcb.c(508): AH00831: socache_shmcb_store (0x2d -> subcache 13)
[Sat Aug 22 01:03:01.798268 2026] [socache_shmcb:debug] [pid 632888:tid 632888] mod_socache_shmcb.c(860): AH00847: insert happened at idx=17, data=(4649:4681)
[Sat Aug 22 01:03:01.798270 2026] [socache_shmcb:debug] [pid 632888:tid 632888] mod_socache_shmcb.c(863): AH00848: finished insert, subcache: idx_pos/idx_used=60/46, data_pos/data_used=8420/10323
[Sat Aug 22 01:03:01.798272 2026] [socache_shmcb:debug] [pid 632888:tid 632888] mod_socache_shmcb.c(530): AH00834: leaving socache_shmcb_store successfully
[Sat Aug 22 01:03:01.798311 2026] [socache_shmcb:debug] [pid 632888:tid 632888] mod_socache_shmcb.c(508): AH00831: socache_shmcb_store (0xd6 -> subcache 22)
[Sat Aug 22 01:03:01.798315 2026] [socache_shmcb:debug] [pid 632888:tid 632888] mod_socache_shmcb.c(745): AH00842: expiring 2 and reclaiming 0 removed socache entries
[Sat Aug 22 01:03:01.798317 2026] [socache_shmcb:debug] [pid 632888:tid 632888] mod_socache_shmcb.c(765): AH00843: we now have 45 socache entries
[Sat Aug 22 01:03:01.798319 2026] [socache_shmcb:debug] [pid 632888:tid 632888] mod_socache_shmcb.c(860): AH00847: insert happened at idx=85, data=(253:285)
[Sat Aug 22 01:03:01.798320 2026] [socache_shmcb:debug] [pid 632888:tid 632888] mod_socache_shmcb.c(863): AH00848: finished insert, subcache: idx_pos/idx_used=40/46, data_pos/data_used=4076/10271
[Sat Aug 22 01:03:01.798322 2026] [socache_shmcb:debug] [pid 632888:tid 632888] mod_socache_shmcb.c(530): AH00834: leaving socache_shmcb_store successfully
[Sat Aug 22 01:03:01.798411 2026] [ssl:debug] [pid 632888:tid 632888] ssl_engine_kernel.c(254): [client 2001:b011:400b:3917:c04c:801d:f49f:cb9:60986] AH02034: Initial (No.1) HTTPS request received for child 33 (server www.kases.ilc.edu.tw:443)
[Sat Aug 22 01:03:01.798561 2026] [authz_core:debug] [pid 632888:tid 632888] mod_authz_core.c(815): [client 2001:b011:400b:3917:c04c:801d:f49f:cb9:60986] AH01626: authorization result of Require all granted: granted
[Sat Aug 22 01:03:01.798566 2026] [authz_core:debug] [pid 632888:tid 632888] mod_authz_core.c(815): [client 2001:b011:400b:3917:c04c:801d:f49f:cb9:60986] AH01626: authorization result of : granted
[Sat Aug 22 01:03:01.841647 2026] [ssl:debug] [pid 632993:tid 632993] ssl_engine_kernel.c(2082): [client 2400:e920:0:2:f45d:ddff:fe00:7a:58909] AH02041: Protocol: TLSv1.3, Cipher: TLS_AES_256_GCM_SHA384 (256/256 bits)
[Sat Aug 22 01:03:01.841713 2026] [socache_shmcb:debug] [pid 632993:tid 632993] mod_socache_shmcb.c(508): AH00831: socache_shmcb_store (0x92 -> subcache 18)
[Sat Aug 22 01:03:01.841722 2026] [socache_shmcb:debug] [pid 632993:tid 632993] mod_socache_shmcb.c(860): AH00847: insert happened at idx=2, data=(1381:1413)
[Sat Aug 22 01:03:01.841726 2026] [socache_shmcb:debug] [pid 632993:tid 632993] mod_socache_shmcb.c(863): AH00848: finished insert, subcache: idx_pos/idx_used=55/36, data_pos/data_used=7398/8071
[Sat Aug 22 01:03:01.841729 2026] [socache_shmcb:debug] [pid 632993:tid 632993] mod_socache_shmcb.c(530): AH00834: leaving socache_shmcb_store successfully
[Sat Aug 22 01:03:01.841804 2026] [socache_shmcb:debug] [pid 632993:tid 632993] mod_socache_shmcb.c(508): AH00831: socache_shmcb_store (0xb3 -> subcache 19)
[Sat Aug 22 01:03:01.841823 2026] [socache_shmcb:debug] [pid 632993:tid 632993] mod_socache_shmcb.c(745): AH00842: expiring 1 and reclaiming 0 removed socache entries
[Sat Aug 22 01:03:01.841826 2026] [socache_shmcb:debug] [pid 632993:tid 632993] mod_socache_shmcb.c(765): AH00843: we now have 44 socache entries
[Sat Aug 22 01:03:01.841830 2026] [socache_shmcb:debug] [pid 632993:tid 632993] mod_socache_shmcb.c(860): AH00847: insert happened at idx=68, data=(10175:10207)
[Sat Aug 22 01:03:01.841832 2026] [socache_shmcb:debug] [pid 632993:tid 632993] mod_socache_shmcb.c(863): AH00848: finished insert, subcache: idx_pos/idx_used=24/45, data_pos/data_used=364/10035
[Sat Aug 22 01:03:01.841835 2026] [socache_shmcb:debug] [pid 632993:tid 632993] mod_socache_shmcb.c(530): AH00834: leaving socache_shmcb_store successfully
[Sat Aug 22 01:03:01.842006 2026] [ssl:debug] [pid 632993:tid 632993] ssl_engine_kernel.c(254): [client 2400:e920:0:2:f45d:ddff:fe00:7a:58909] AH02034: Initial (No.1) HTTPS request received for child 1 (server ilta.ilc.edu.tw:443), referer: http://ilta.ilc.edu.tw
[Sat Aug 22 01:03:01.842234 2026] [authz_core:debug] [pid 632993:tid 632993] mod_authz_core.c(815): [client 2400:e920:0:2:f45d:ddff:fe00:7a:58909] AH01626: authorization result of Require all granted: granted, referer: http://ilta.ilc.edu.tw
[Sat Aug 22 01:03:01.842244 2026] [authz_core:debug] [pid 632993:tid 632993] mod_authz_core.c(815): [client 2400:e920:0:2:f45d:ddff:fe00:7a:58909] AH01626: authorization result of : granted, referer: http://ilta.ilc.edu.tw
[Sat Aug 22 01:03:01.941844 2026] [deflate:debug] [pid 632993:tid 632993] mod_deflate.c(909): [client 2400:e920:0:2:f45d:ddff:fe00:7a:58909] AH01384: Zlib: Compressed 13605 to 5007 : URL /wp-login.php, referer: http://ilta.ilc.edu.tw
[Sat Aug 22 01:03:01.992224 2026] [ssl:info] [pid 632883:tid 632883] (70014)End of file found: [client 66.249.79.163:55094] AH01992: SSL library error 6 reading data
[Sat Aug 22 01:03:01.992306 2026] [ssl:debug] [pid 632883:tid 632883] ssl_engine_io.c(1150): [client 66.249.79.163:55094] AH02001: Connection closed to child 28 with standard shutdown (server 2blog.ilc.edu.tw:443)
[Sat Aug 22 01:03:01.992396 2026] [ssl:info] [pid 632883:tid 632883] [client 2001:b011:400b:3917:c04c:801d:f49f:cb9:60987] AH01964: Connection to child 28 established (server 2blog.ilc.edu.tw:443)
[Sat Aug 22 01:03:01.992528 2026] [ssl:debug] [pid 632883:tid 632883] ssl_engine_kernel.c(2222): [client 2001:b011:400b:3917:c04c:801d:f49f:cb9:60987] AH02043: SSL virtual host for servername www.kases.ilc.edu.tw found
[Sat Aug 22 01:03:01.992580 2026] [core:debug] [pid 632883:tid 632883] protocol.c(2460): [client 2001:b011:400b:3917:c04c:801d:f49f:cb9:60987] AH03155: select protocol from , choices=http/1.1 for server www.kases.ilc.edu.tw
[Sat Aug 22 01:03:01.992613 2026] [ssl:debug] [pid 632883:tid 632883] ssl_util_stapling.c(819): AH01951: stapling_cb: OCSP Stapling callback called
[Sat Aug 22 01:03:01.992618 2026] [ssl:info] [pid 632883:tid 632883] AH01926: stapling_get_certinfo: stapling not supported for certificate
[Sat Aug 22 01:03:02.159806 2026] [authz_core:debug] [pid 632872:tid 632872] mod_authz_core.c(815): [client 2400:e920:0:2:f45d:ddff:fe00:7a:58942] AH01626: authorization result of Require all granted: granted, referer: http://ilta.ilc.edu.tw
[Sat Aug 22 01:03:02.159829 2026] [authz_core:debug] [pid 632872:tid 632872] mod_authz_core.c(815): [client 2400:e920:0:2:f45d:ddff:fe00:7a:58942] AH01626: authorization result of : granted, referer: http://ilta.ilc.edu.tw
[Sat Aug 22 01:03:02.222254 2026] [ssl:debug] [pid 632883:tid 632883] ssl_engine_kernel.c(2082): [client 2001:b011:400b:3917:c04c:801d:f49f:cb9:60987] AH02041: Protocol: TLSv1.3, Cipher: TLS_AES_256_GCM_SHA384 (256/256 bits)
[Sat Aug 22 01:03:02.222307 2026] [socache_shmcb:debug] [pid 632883:tid 632883] mod_socache_shmcb.c(508): AH00831: socache_shmcb_store (0x3e -> subcache 30)
[Sat Aug 22 01:03:02.222322 2026] [socache_shmcb:debug] [pid 632883:tid 632883] mod_socache_shmcb.c(745): AH00842: expiring 4 and reclaiming 0 removed socache entries
[Sat Aug 22 01:03:02.222325 2026] [socache_shmcb:debug] [pid 632883:tid 632883] mod_socache_shmcb.c(765): AH00843: we now have 35 socache entries
[Sat Aug 22 01:03:02.222327 2026] [socache_shmcb:debug] [pid 632883:tid 632883] mod_socache_shmcb.c(860): AH00847: insert happened at idx=87, data=(373:405)
[Sat Aug 22 01:03:02.222329 2026] [socache_shmcb:debug] [pid 632883:tid 632883] mod_socache_shmcb.c(863): AH00848: finished insert, subcache: idx_pos/idx_used=52/36, data_pos/data_used=6454/8013
[Sat Aug 22 01:03:02.222331 2026] [socache_shmcb:debug] [pid 632883:tid 632883] mod_socache_shmcb.c(530): AH00834: leaving socache_shmcb_store successfully
[Sat Aug 22 01:03:02.222379 2026] [socache_shmcb:debug] [pid 632883:tid 632883] mod_socache_shmcb.c(508): AH00831: socache_shmcb_store (0xd9 -> subcache 25)
[Sat Aug 22 01:03:02.222385 2026] [socache_shmcb:debug] [pid 632883:tid 632883] mod_socache_shmcb.c(860): AH00847: insert happened at idx=7, data=(2360:2392)
[Sat Aug 22 01:03:02.222386 2026] [socache_shmcb:debug] [pid 632883:tid 632883] mod_socache_shmcb.c(863): AH00848: finished insert, subcache: idx_pos/idx_used=53/43, data_pos/data_used=6831/9622
[Sat Aug 22 01:03:02.222388 2026] [socache_shmcb:debug] [pid 632883:tid 632883] mod_socache_shmcb.c(530): AH00834: leaving socache_shmcb_store successfully
[Sat Aug 22 01:03:02.222494 2026] [ssl:debug] [pid 632883:tid 632883] ssl_engine_kernel.c(254): [client 2001:b011:400b:3917:c04c:801d:f49f:cb9:60987] AH02034: Initial (No.1) HTTPS request received for child 28 (server www.kases.ilc.edu.tw:443)
[Sat Aug 22 01:03:02.222869 2026] [authz_core:debug] [pid 632883:tid 632883] mod_authz_core.c(815): [client 2001:b011:400b:3917:c04c:801d:f49f:cb9:60987] AH01626: authorization result of Require all granted: granted
[Sat Aug 22 01:03:02.222876 2026] [authz_core:debug] [pid 632883:tid 632883] mod_authz_core.c(815): [client 2001:b011:400b:3917:c04c:801d:f49f:cb9:60987] AH01626: authorization result of : granted
[Sat Aug 22 01:03:02.339614 2026] [watchdog:debug] [pid 633008:tid 633008] mod_watchdog.c(559): AH02980: Watchdog: nothing configured?
[Sat Aug 22 01:03:02.445751 2026] [ssl:info] [pid 632999:tid 632999] (104)Connection reset by peer: [client 2001:b011:400b:3917:c04c:801d:f49f:cb9:60985] AH01991: SSL input filter read failed.
[Sat Aug 22 01:03:02.445826 2026] [ssl:debug] [pid 632999:tid 632999] ssl_engine_io.c(1150): [client 2001:b011:400b:3917:c04c:801d:f49f:cb9:60985] AH02001: Connection closed to child 7 with standard shutdown (server www.kases.ilc.edu.tw:443)
[Sat Aug 22 01:03:02.446056 2026] [ssl:info] [pid 632883:tid 632883] (104)Connection reset by peer: [client 2001:b011:400b:3917:c04c:801d:f49f:cb9:60987] AH01991: SSL input filter read failed.
[Sat Aug 22 01:03:02.446089 2026] [ssl:debug] [pid 632883:tid 632883] ssl_engine_io.c(1150): [client 2001:b011:400b:3917:c04c:801d:f49f:cb9:60987] AH02001: Connection closed to child 28 with standard shutdown (server www.kases.ilc.edu.tw:443)
[Sat Aug 22 01:03:02.446078 2026] [ssl:info] [pid 632991:tid 632991] (104)Connection reset by peer: [client 2001:b011:400b:3917:c04c:801d:f49f:cb9:60984] AH01991: SSL input filter read failed.
[Sat Aug 22 01:03:02.446094 2026] [ssl:info] [pid 632888:tid 632888] (104)Connection reset by peer: [client 2001:b011:400b:3917:c04c:801d:f49f:cb9:60986] AH01991: SSL input filter read failed.
[Sat Aug 22 01:03:02.446112 2026] [ssl:info] [pid 632892:tid 632892] (104)Connection reset by peer: [client 2001:b011:400b:3917:c04c:801d:f49f:cb9:60988] AH01991: SSL input filter read failed.
[Sat Aug 22 01:03:02.446098 2026] [ssl:info] [pid 632998:tid 632998] (104)Connection reset by peer: [client 2001:b011:400b:3917:c04c:801d:f49f:cb9:60983] AH01991: SSL input filter read failed.
[Sat Aug 22 01:03:02.446130 2026] [ssl:debug] [pid 632991:tid 632991] ssl_engine_io.c(1150): [client 2001:b011:400b:3917:c04c:801d:f49f:cb9:60984] AH02001: Connection closed to child 0 with standard shutdown (server www.kases.ilc.edu.tw:443)
[Sat Aug 22 01:03:02.446134 2026] [ssl:debug] [pid 632888:tid 632888] ssl_engine_io.c(1150): [client 2001:b011:400b:3917:c04c:801d:f49f:cb9:60986] AH02001: Connection closed to child 33 with standard shutdown (server www.kases.ilc.edu.tw:443)
[Sat Aug 22 01:03:02.446147 2026] [ssl:debug] [pid 632892:tid 632892] ssl_engine_io.c(1150): [client 2001:b011:400b:3917:c04c:801d:f49f:cb9:60988] AH02001: Connection closed to child 37 with standard shutdown (server www.kases.ilc.edu.tw:443)
