[Sat Aug 22 01:03:35.222131 2026] [ssl:debug] [pid 632881:tid 632881] ssl_engine_kernel.c(2082): [client 52.167.144.54:56262] AH02041: Protocol: TLSv1.3, Cipher: TLS_AES_256_GCM_SHA384 (256/256 bits)
[Sat Aug 22 01:03:35.222191 2026] [socache_shmcb:debug] [pid 632881:tid 632881] mod_socache_shmcb.c(508): AH00831: socache_shmcb_store (0xd0 -> subcache 16)
[Sat Aug 22 01:03:35.222209 2026] [socache_shmcb:debug] [pid 632881:tid 632881] mod_socache_shmcb.c(745): AH00842: expiring 3 and reclaiming 0 removed socache entries
[Sat Aug 22 01:03:35.222212 2026] [socache_shmcb:debug] [pid 632881:tid 632881] mod_socache_shmcb.c(765): AH00843: we now have 46 socache entries
[Sat Aug 22 01:03:35.222215 2026] [socache_shmcb:debug] [pid 632881:tid 632881] mod_socache_shmcb.c(860): AH00847: insert happened at idx=42, data=(10166:10198)
[Sat Aug 22 01:03:35.222218 2026] [socache_shmcb:debug] [pid 632881:tid 632881] mod_socache_shmcb.c(863): AH00848: finished insert, subcache: idx_pos/idx_used=84/47, data_pos/data_used=13744/10515
[Sat Aug 22 01:03:35.222221 2026] [socache_shmcb:debug] [pid 632881:tid 632881] mod_socache_shmcb.c(530): AH00834: leaving socache_shmcb_store successfully
[Sat Aug 22 01:03:35.222309 2026] [socache_shmcb:debug] [pid 632881:tid 632881] mod_socache_shmcb.c(508): AH00831: socache_shmcb_store (0xfe -> subcache 30)
[Sat Aug 22 01:03:35.222315 2026] [socache_shmcb:debug] [pid 632881:tid 632881] mod_socache_shmcb.c(860): AH00847: insert happened at idx=4, data=(1500:1532)
[Sat Aug 22 01:03:35.222317 2026] [socache_shmcb:debug] [pid 632881:tid 632881] mod_socache_shmcb.c(863): AH00848: finished insert, subcache: idx_pos/idx_used=57/36, data_pos/data_used=7568/8024
[Sat Aug 22 01:03:35.222319 2026] [socache_shmcb:debug] [pid 632881:tid 632881] mod_socache_shmcb.c(530): AH00834: leaving socache_shmcb_store successfully
[Sat Aug 22 01:03:35.222441 2026] [ssl:debug] [pid 632881:tid 632881] ssl_engine_kernel.c(254): [client 52.167.144.54:56262] AH02034: Initial (No.1) HTTPS request received for child 26 (server www.kkes.ilc.edu.tw:443)
[Sat Aug 22 01:03:35.222620 2026] [authz_core:debug] [pid 632881:tid 632881] mod_authz_core.c(815): [client 52.167.144.54:56262] AH01626: authorization result of Require all granted: granted
[Sat Aug 22 01:03:35.222627 2026] [authz_core:debug] [pid 632881:tid 632881] mod_authz_core.c(815): [client 52.167.144.54:56262] AH01626: authorization result of : granted
[Sat Aug 22 01:03:35.239820 2026] [ssl:debug] [pid 633024:tid 633024] ssl_engine_kernel.c(254): [client 216.73.216.122:7211] AH02034: Subsequent (No.15) HTTPS request received for child 23 (server 2blog.ilc.edu.tw:443), referer: https://2blog.ilc.edu.tw/3642/?p=2600
[Sat Aug 22 01:03:35.239987 2026] [authz_core:debug] [pid 633024:tid 633024] mod_authz_core.c(815): [client 216.73.216.122:7211] AH01626: authorization result of Require all granted: granted, referer: https://2blog.ilc.edu.tw/3642/?p=2600
[Sat Aug 22 01:03:35.239992 2026] [authz_core:debug] [pid 633024:tid 633024] mod_authz_core.c(815): [client 216.73.216.122:7211] AH01626: authorization result of : granted, referer: https://2blog.ilc.edu.tw/3642/?p=2600
[Sat Aug 22 01:03:35.240093 2026] [authz_core:debug] [pid 633024:tid 633024] mod_authz_core.c(815): [client 216.73.216.122:7211] AH01626: authorization result of Require all granted: granted, referer: https://2blog.ilc.edu.tw/3642/?p=2600
[Sat Aug 22 01:03:35.240096 2026] [authz_core:debug] [pid 633024:tid 633024] mod_authz_core.c(815): [client 216.73.216.122:7211] AH01626: authorization result of : granted, referer: https://2blog.ilc.edu.tw/3642/?p=2600
[Sat Aug 22 01:03:35.249332 2026] [deflate:debug] [pid 632991:tid 632991] mod_deflate.c(909): [client 216.73.216.122:21721] AH01384: Zlib: Compressed 47038 to 10529 : URL /index.php
[Sat Aug 22 01:03:35.253149 2026] [deflate:debug] [pid 633024:tid 633024] mod_deflate.c(909): [client 216.73.216.122:7211] AH01384: Zlib: Compressed 53265 to 11407 : URL /index.php, referer: https://2blog.ilc.edu.tw/3642/?p=2600
[Sat Aug 22 01:03:35.298821 2026] [ssl:debug] [pid 633076:tid 633076] ssl_engine_kernel.c(254): [client 216.73.216.122:7035] AH02034: Subsequent (No.17) HTTPS request received for child 74 (server 2blog.ilc.edu.tw:443)
[Sat Aug 22 01:03:35.299012 2026] [authz_core:debug] [pid 633076:tid 633076] mod_authz_core.c(815): [client 216.73.216.122:7035] AH01626: authorization result of Require all granted: granted
[Sat Aug 22 01:03:35.299017 2026] [authz_core:debug] [pid 633076:tid 633076] mod_authz_core.c(815): [client 216.73.216.122:7035] AH01626: authorization result of : granted
[Sat Aug 22 01:03:35.299124 2026] [authz_core:debug] [pid 633076:tid 633076] mod_authz_core.c(815): [client 216.73.216.122:7035] AH01626: authorization result of Require all granted: granted
[Sat Aug 22 01:03:35.299127 2026] [authz_core:debug] [pid 633076:tid 633076] mod_authz_core.c(815): [client 216.73.216.122:7035] AH01626: authorization result of : granted
[Sat Aug 22 01:03:35.312807 2026] [ssl:debug] [pid 633055:tid 633055] ssl_engine_kernel.c(254): [client 216.73.216.122:49161] AH02034: Subsequent (No.14) HTTPS request received for child 53 (server 2blog.ilc.edu.tw:443), referer: https://2blog.ilc.edu.tw/3642/?p=2655
[Sat Aug 22 01:03:35.312996 2026] [authz_core:debug] [pid 633055:tid 633055] mod_authz_core.c(815): [client 216.73.216.122:49161] AH01626: authorization result of Require all granted: granted, referer: https://2blog.ilc.edu.tw/3642/?p=2655
[Sat Aug 22 01:03:35.313001 2026] [authz_core:debug] [pid 633055:tid 633055] mod_authz_core.c(815): [client 216.73.216.122:49161] AH01626: authorization result of : granted, referer: https://2blog.ilc.edu.tw/3642/?p=2655
[Sat Aug 22 01:03:35.313104 2026] [authz_core:debug] [pid 633055:tid 633055] mod_authz_core.c(815): [client 216.73.216.122:49161] AH01626: authorization result of Require all granted: granted, referer: https://2blog.ilc.edu.tw/3642/?p=2655
[Sat Aug 22 01:03:35.313107 2026] [authz_core:debug] [pid 633055:tid 633055] mod_authz_core.c(815): [client 216.73.216.122:49161] AH01626: authorization result of : granted, referer: https://2blog.ilc.edu.tw/3642/?p=2655
[Sat Aug 22 01:03:35.331210 2026] [deflate:debug] [pid 633055:tid 633055] mod_deflate.c(909): [client 216.73.216.122:49161] AH01384: Zlib: Compressed 62731 to 14144 : URL /index.php, referer: https://2blog.ilc.edu.tw/3642/?p=2655
[Sat Aug 22 01:03:35.405971 2026] [ssl:debug] [pid 633052:tid 633052] ssl_engine_kernel.c(254): [client 216.73.216.122:12768] AH02034: Subsequent (No.13) HTTPS request received for child 50 (server 2blog.ilc.edu.tw:443)
[Sat Aug 22 01:03:35.406153 2026] [authz_core:debug] [pid 633052:tid 633052] mod_authz_core.c(815): [client 216.73.216.122:12768] AH01626: authorization result of Require all granted: granted
[Sat Aug 22 01:03:35.406158 2026] [authz_core:debug] [pid 633052:tid 633052] mod_authz_core.c(815): [client 216.73.216.122:12768] AH01626: authorization result of : granted
[Sat Aug 22 01:03:35.406263 2026] [authz_core:debug] [pid 633052:tid 633052] mod_authz_core.c(815): [client 216.73.216.122:12768] AH01626: authorization result of Require all granted: granted
[Sat Aug 22 01:03:35.406267 2026] [authz_core:debug] [pid 633052:tid 633052] mod_authz_core.c(815): [client 216.73.216.122:12768] AH01626: authorization result of : granted
[Sat Aug 22 01:03:35.413925 2026] [ssl:info] [pid 632881:tid 632881] (70014)End of file found: [client 52.167.144.54:56262] AH01992: SSL library error 6 reading data
[Sat Aug 22 01:03:35.414017 2026] [ssl:debug] [pid 632881:tid 632881] ssl_engine_io.c(1150): [client 52.167.144.54:56262] AH02001: Connection closed to child 26 with standard shutdown (server www.kkes.ilc.edu.tw:443)
[Sat Aug 22 01:03:35.485809 2026] [ssl:debug] [pid 632991:tid 632991] ssl_engine_kernel.c(254): [client 216.73.216.122:21721] AH02034: Subsequent (No.16) HTTPS request received for child 0 (server 2blog.ilc.edu.tw:443)
[Sat Aug 22 01:03:35.486145 2026] [authz_core:debug] [pid 632991:tid 632991] mod_authz_core.c(815): [client 216.73.216.122:21721] AH01626: authorization result of Require all granted: granted
[Sat Aug 22 01:03:35.486154 2026] [authz_core:debug] [pid 632991:tid 632991] mod_authz_core.c(815): [client 216.73.216.122:21721] AH01626: authorization result of : granted
[Sat Aug 22 01:03:35.486309 2026] [authz_core:debug] [pid 632991:tid 632991] mod_authz_core.c(815): [client 216.73.216.122:21721] AH01626: authorization result of Require all granted: granted
[Sat Aug 22 01:03:35.486315 2026] [authz_core:debug] [pid 632991:tid 632991] mod_authz_core.c(815): [client 216.73.216.122:21721] AH01626: authorization result of : granted
[Sat Aug 22 01:03:35.523504 2026] [ssl:debug] [pid 633014:tid 633014] ssl_engine_kernel.c(254): [client 216.73.216.122:61332] AH02034: Subsequent (No.10) HTTPS request received for child 12 (server 2blog.ilc.edu.tw:443), referer: https://2blog.ilc.edu.tw/6418/?p=18945
[Sat Aug 22 01:03:35.523737 2026] [authz_core:debug] [pid 633014:tid 633014] mod_authz_core.c(815): [client 216.73.216.122:61332] AH01626: authorization result of Require all granted: granted, referer: https://2blog.ilc.edu.tw/6418/?p=18945
[Sat Aug 22 01:03:35.523749 2026] [authz_core:debug] [pid 633014:tid 633014] mod_authz_core.c(815): [client 216.73.216.122:61332] AH01626: authorization result of : granted, referer: https://2blog.ilc.edu.tw/6418/?p=18945
[Sat Aug 22 01:03:35.523936 2026] [authz_core:debug] [pid 633014:tid 633014] mod_authz_core.c(815): [client 216.73.216.122:61332] AH01626: authorization result of Require all granted: granted, referer: https://2blog.ilc.edu.tw/6418/?p=18945
[Sat Aug 22 01:03:35.523947 2026] [authz_core:debug] [pid 633014:tid 633014] mod_authz_core.c(815): [client 216.73.216.122:61332] AH01626: authorization result of : granted, referer: https://2blog.ilc.edu.tw/6418/?p=18945
[Sat Aug 22 01:03:35.537889 2026] [deflate:debug] [pid 633014:tid 633014] mod_deflate.c(909): [client 216.73.216.122:61332] AH01384: Zlib: Compressed 37421 to 9375 : URL /index.php, referer: https://2blog.ilc.edu.tw/6418/?p=18945
[Sat Aug 22 01:03:35.577283 2026] [ssl:debug] [pid 633055:tid 633055] ssl_engine_kernel.c(254): [client 216.73.216.122:49161] AH02034: Subsequent (No.15) HTTPS request received for child 53 (server 2blog.ilc.edu.tw:443)
[Sat Aug 22 01:03:35.577462 2026] [authz_core:debug] [pid 633055:tid 633055] mod_authz_core.c(815): [client 216.73.216.122:49161] AH01626: authorization result of Require all granted: granted
[Sat Aug 22 01:03:35.577467 2026] [authz_core:debug] [pid 633055:tid 633055] mod_authz_core.c(815): [client 216.73.216.122:49161] AH01626: authorization result of : granted
[Sat Aug 22 01:03:35.577571 2026] [authz_core:debug] [pid 633055:tid 633055] mod_authz_core.c(815): [client 216.73.216.122:49161] AH01626: authorization result of Require all granted: granted
[Sat Aug 22 01:03:35.577574 2026] [authz_core:debug] [pid 633055:tid 633055] mod_authz_core.c(815): [client 216.73.216.122:49161] AH01626: authorization result of : granted
[Sat Aug 22 01:03:35.595206 2026] [ssl:debug] [pid 633076:tid 633076] ssl_engine_kernel.c(254): [client 216.73.216.122:7035] AH02034: Subsequent (No.18) HTTPS request received for child 74 (server 2blog.ilc.edu.tw:443), referer: https://2blog.ilc.edu.tw/3642/?p=2569
[Sat Aug 22 01:03:35.595436 2026] [authz_core:debug] [pid 633076:tid 633076] mod_authz_core.c(815): [client 216.73.216.122:7035] AH01626: authorization result of Require all granted: granted, referer: https://2blog.ilc.edu.tw/3642/?p=2569
[Sat Aug 22 01:03:35.595447 2026] [authz_core:debug] [pid 633076:tid 633076] mod_authz_core.c(815): [client 216.73.216.122:7035] AH01626: authorization result of : granted, referer: https://2blog.ilc.edu.tw/3642/?p=2569
[Sat Aug 22 01:03:35.595574 2026] [authz_core:debug] [pid 633076:tid 633076] mod_authz_core.c(815): [client 216.73.216.122:7035] AH01626: authorization result of Require all granted: granted, referer: https://2blog.ilc.edu.tw/3642/?p=2569
[Sat Aug 22 01:03:35.595579 2026] [authz_core:debug] [pid 633076:tid 633076] mod_authz_core.c(815): [client 216.73.216.122:7035] AH01626: authorization result of : granted, referer: https://2blog.ilc.edu.tw/3642/?p=2569
[Sat Aug 22 01:03:35.608215 2026] [deflate:debug] [pid 633076:tid 633076] mod_deflate.c(909): [client 216.73.216.122:7035] AH01384: Zlib: Compressed 57790 to 12014 : URL /index.php, referer: https://2blog.ilc.edu.tw/3642/?p=2569
[Sat Aug 22 01:03:35.678385 2026] [ssl:debug] [pid 633024:tid 633024] ssl_engine_kernel.c(254): [client 216.73.216.122:7211] AH02034: Subsequent (No.16) HTTPS request received for child 23 (server 2blog.ilc.edu.tw:443)
[Sat Aug 22 01:03:35.678593 2026] [authz_core:debug] [pid 633024:tid 633024] mod_authz_core.c(815): [client 216.73.216.122:7211] AH01626: authorization result of Require all granted: granted
[Sat Aug 22 01:03:35.678599 2026] [authz_core:debug] [pid 633024:tid 633024] mod_authz_core.c(815): [client 216.73.216.122:7211] AH01626: authorization result of : granted
[Sat Aug 22 01:03:35.678708 2026] [authz_core:debug] [pid 633024:tid 633024] mod_authz_core.c(815): [client 216.73.216.122:7211] AH01626: authorization result of Require all granted: granted
[Sat Aug 22 01:03:35.678712 2026] [authz_core:debug] [pid 633024:tid 633024] mod_authz_core.c(815): [client 216.73.216.122:7211] AH01626: authorization result of : granted
[Sat Aug 22 01:03:35.729490 2026] [ssl:debug] [pid 633039:tid 633039] ssl_engine_io.c(1150): [client 216.73.216.122:63192] AH02001: Connection closed to child 40 with standard shutdown (server 2blog.ilc.edu.tw:443)
[Sat Aug 22 01:03:35.730794 2026] [ssl:debug] [pid 633052:tid 633052] ssl_engine_kernel.c(254): [client 216.73.216.122:12768] AH02034: Subsequent (No.14) HTTPS request received for child 50 (server 2blog.ilc.edu.tw:443), referer: https://2blog.ilc.edu.tw/6418/?p=19334
[Sat Aug 22 01:03:35.730991 2026] [authz_core:debug] [pid 633052:tid 633052] mod_authz_core.c(815): [client 216.73.216.122:12768] AH01626: authorization result of Require all granted: granted, referer: https://2blog.ilc.edu.tw/6418/?p=19334
[Sat Aug 22 01:03:35.730998 2026] [authz_core:debug] [pid 633052:tid 633052] mod_authz_core.c(815): [client 216.73.216.122:12768] AH01626: authorization result of : granted, referer: https://2blog.ilc.edu.tw/6418/?p=19334
[Sat Aug 22 01:03:35.731120 2026] [authz_core:debug] [pid 633052:tid 633052] mod_authz_core.c(815): [client 216.73.216.122:12768] AH01626: authorization result of Require all granted: granted, referer: https://2blog.ilc.edu.tw/6418/?p=19334
[Sat Aug 22 01:03:35.731128 2026] [authz_core:debug] [pid 633052:tid 633052] mod_authz_core.c(815): [client 216.73.216.122:12768] AH01626: authorization result of : granted, referer: https://2blog.ilc.edu.tw/6418/?p=19334
[Sat Aug 22 01:03:35.744311 2026] [deflate:debug] [pid 633052:tid 633052] mod_deflate.c(909): [client 216.73.216.122:12768] AH01384: Zlib: Compressed 41561 to 9642 : URL /index.php, referer: https://2blog.ilc.edu.tw/6418/?p=19334
[Sat Aug 22 01:03:35.749272 2026] [ssl:debug] [pid 633077:tid 633077] ssl_engine_io.c(1150): [client 216.73.216.122:34571] AH02001: Connection closed to child 75 with standard shutdown (server 2blog.ilc.edu.tw:443)
[Sat Aug 22 01:03:35.764483 2026] [ssl:debug] [pid 632872:tid 632872] ssl_engine_io.c(1150): [client 216.73.216.122:52250] AH02001: Connection closed to child 15 with standard shutdown (server 2blog.ilc.edu.tw:443)
[Sat Aug 22 01:03:35.796083 2026] [ssl:debug] [pid 632991:tid 632991] ssl_engine_kernel.c(254): [client 216.73.216.122:21721] AH02034: Subsequent (No.17) HTTPS request received for child 0 (server 2blog.ilc.edu.tw:443), referer: https://2blog.ilc.edu.tw/3642/?p=2933
[Sat Aug 22 01:03:35.796400 2026] [authz_core:debug] [pid 632991:tid 632991] mod_authz_core.c(815): [client 216.73.216.122:21721] AH01626: authorization result of Require all granted: granted, referer: https://2blog.ilc.edu.tw/3642/?p=2933
[Sat Aug 22 01:03:35.796410 2026] [authz_core:debug] [pid 632991:tid 632991] mod_authz_core.c(815): [client 216.73.216.122:21721] AH01626: authorization result of : granted, referer: https://2blog.ilc.edu.tw/3642/?p=2933
[Sat Aug 22 01:03:35.796532 2026] [authz_core:debug] [pid 632991:tid 632991] mod_authz_core.c(815): [client 216.73.216.122:21721] AH01626: authorization result of Require all granted: granted, referer: https://2blog.ilc.edu.tw/3642/?p=2933
[Sat Aug 22 01:03:35.796536 2026] [authz_core:debug] [pid 632991:tid 632991] mod_authz_core.c(815): [client 216.73.216.122:21721] AH01626: authorization result of : granted, referer: https://2blog.ilc.edu.tw/3642/?p=2933
[Sat Aug 22 01:03:35.799061 2026] [ssl:debug] [pid 633042:tid 633042] ssl_engine_kernel.c(254): [client 216.73.216.122:9117] AH02034: Subsequent (No.13) HTTPS request received for child 42 (server 2blog.ilc.edu.tw:443)
[Sat Aug 22 01:03:35.799237 2026] [authz_core:debug] [pid 633042:tid 633042] mod_authz_core.c(815): [client 216.73.216.122:9117] AH01626: authorization result of Require all granted: granted
[Sat Aug 22 01:03:35.799243 2026] [authz_core:debug] [pid 633042:tid 633042] mod_authz_core.c(815): [client 216.73.216.122:9117] AH01626: authorization result of : granted
[Sat Aug 22 01:03:35.799347 2026] [authz_core:debug] [pid 633042:tid 633042] mod_authz_core.c(815): [client 216.73.216.122:9117] AH01626: authorization result of Require all granted: granted
[Sat Aug 22 01:03:35.799350 2026] [authz_core:debug] [pid 633042:tid 633042] mod_authz_core.c(815): [client 216.73.216.122:9117] AH01626: authorization result of : granted
[Sat Aug 22 01:03:35.810521 2026] [deflate:debug] [pid 632991:tid 632991] mod_deflate.c(909): [client 216.73.216.122:21721] AH01384: Zlib: Compressed 63031 to 15495 : URL /index.php, referer: https://2blog.ilc.edu.tw/3642/?p=2933
[Sat Aug 22 01:03:35.823364 2026] [ssl:debug] [pid 633047:tid 633047] ssl_engine_io.c(1150): [client 216.73.216.122:28976] AH02001: Connection closed to child 45 with standard shutdown (server 2blog.ilc.edu.tw:443)
[Sat Aug 22 01:03:35.850467 2026] [ssl:debug] [pid 633076:tid 633076] ssl_engine_kernel.c(254): [client 216.73.216.122:7035] AH02034: Subsequent (No.19) HTTPS request received for child 74 (server 2blog.ilc.edu.tw:443)
[Sat Aug 22 01:03:35.850644 2026] [authz_core:debug] [pid 633076:tid 633076] mod_authz_core.c(815): [client 216.73.216.122:7035] AH01626: authorization result of Require all granted: granted
[Sat Aug 22 01:03:35.850651 2026] [authz_core:debug] [pid 633076:tid 633076] mod_authz_core.c(815): [client 216.73.216.122:7035] AH01626: authorization result of : granted
[Sat Aug 22 01:03:35.850811 2026] [authz_core:debug] [pid 633076:tid 633076] mod_authz_core.c(815): [client 216.73.216.122:7035] AH01626: authorization result of Require all granted: granted
[Sat Aug 22 01:03:35.850820 2026] [authz_core:debug] [pid 633076:tid 633076] mod_authz_core.c(815): [client 216.73.216.122:7035] AH01626: authorization result of : granted
[Sat Aug 22 01:03:35.853787 2026] [ssl:info] [pid 633049:tid 633049] [client 2a03:2880:f802:32:::39382] AH01964: Connection to child 47 established (server 2blog.ilc.edu.tw:443)
[Sat Aug 22 01:03:35.853984 2026] [ssl:debug] [pid 633049:tid 633049] ssl_engine_kernel.c(2222): [client 2a03:2880:f802:32:::39382] AH02043: SSL virtual host for servername www.jwes.ilc.edu.tw found
[Sat Aug 22 01:03:35.854039 2026] [core:debug] [pid 633049:tid 633049] protocol.c(2460): [client 2a03:2880:f802:32:::39382] AH03155: select protocol from , choices=h2,http/1.1 for server www.jwes.ilc.edu.tw
[Sat Aug 22 01:03:35.866095 2026] [ssl:debug] [pid 633055:tid 633055] ssl_engine_kernel.c(254): [client 216.73.216.122:49161] AH02034: Subsequent (No.16) HTTPS request received for child 53 (server 2blog.ilc.edu.tw:443), referer: https://2blog.ilc.edu.tw/6418/?p=18946
[Sat Aug 22 01:03:35.866319 2026] [authz_core:debug] [pid 633055:tid 633055] mod_authz_core.c(815): [client 216.73.216.122:49161] AH01626: authorization result of Require all granted: granted, referer: https://2blog.ilc.edu.tw/6418/?p=18946
[Sat Aug 22 01:03:35.866325 2026] [authz_core:debug] [pid 633055:tid 633055] mod_authz_core.c(815): [client 216.73.216.122:49161] AH01626: authorization result of : granted, referer: https://2blog.ilc.edu.tw/6418/?p=18946
[Sat Aug 22 01:03:35.866467 2026] [authz_core:debug] [pid 633055:tid 633055] mod_authz_core.c(815): [client 216.73.216.122:49161] AH01626: authorization result of Require all granted: granted, referer: https://2blog.ilc.edu.tw/6418/?p=18946
[Sat Aug 22 01:03:35.866472 2026] [authz_core:debug] [pid 633055:tid 633055] mod_authz_core.c(815): [client 216.73.216.122:49161] AH01626: authorization result of : granted, referer: https://2blog.ilc.edu.tw/6418/?p=18946
[Sat Aug 22 01:03:35.872014 2026] [ssl:debug] [pid 633038:tid 633038] ssl_engine_io.c(1150): [client 216.73.216.122:40356] AH02001: Connection closed to child 39 with standard shutdown (server 2blog.ilc.edu.tw:443)
[Sat Aug 22 01:03:35.882161 2026] [deflate:debug] [pid 633055:tid 633055] mod_deflate.c(909): [client 216.73.216.122:49161] AH01384: Zlib: Compressed 38316 to 9522 : URL /index.php, referer: https://2blog.ilc.edu.tw/6418/?p=18946
[Sat Aug 22 01:03:35.909078 2026] [ssl:debug] [pid 633075:tid 633075] ssl_engine_io.c(1150): [client 216.73.216.122:1815] AH02001: Connection closed to child 73 with standard shutdown (server 2blog.ilc.edu.tw:443)
[Sat Aug 22 01:03:35.913077 2026] [ssl:debug] [pid 633074:tid 633074] ssl_engine_io.c(1150): [client 216.73.216.122:48661] AH02001: Connection closed to child 72 with standard shutdown (server 2blog.ilc.edu.tw:443)
[Sat Aug 22 01:03:35.929806 2026] [ssl:debug] [pid 633073:tid 633073] ssl_engine_io.c(1150): [client 216.73.216.122:47580] AH02001: Connection closed to child 71 with standard shutdown (server 2blog.ilc.edu.tw:443)
[Sat Aug 22 01:03:35.955497 2026] [ssl:debug] [pid 633014:tid 633014] ssl_engine_kernel.c(254): [client 216.73.216.122:61332] AH02034: Subsequent (No.11) HTTPS request received for child 12 (server 2blog.ilc.edu.tw:443)
[Sat Aug 22 01:03:35.955725 2026] [authz_core:debug] [pid 633014:tid 633014] mod_authz_core.c(815): [client 216.73.216.122:61332] AH01626: authorization result of Require all granted: granted
[Sat Aug 22 01:03:35.955734 2026] [authz_core:debug] [pid 633014:tid 633014] mod_authz_core.c(815): [client 216.73.216.122:61332] AH01626: authorization result of : granted
[Sat Aug 22 01:03:35.955880 2026] [authz_core:debug] [pid 633014:tid 633014] mod_authz_core.c(815): [client 216.73.216.122:61332] AH01626: authorization result of Require all granted: granted
[Sat Aug 22 01:03:35.955886 2026] [authz_core:debug] [pid 633014:tid 633014] mod_authz_core.c(815): [client 216.73.216.122:61332] AH01626: authorization result of : granted
[Sat Aug 22 01:03:35.980442 2026] [ssl:debug] [pid 633024:tid 633024] ssl_engine_kernel.c(254): [client 216.73.216.122:7211] AH02034: Subsequent (No.17) HTTPS request received for child 23 (server 2blog.ilc.edu.tw:443), referer: https://2blog.ilc.edu.tw/6418/?p=18929
[Sat Aug 22 01:03:35.980644 2026] [authz_core:debug] [pid 633024:tid 633024] mod_authz_core.c(815): [client 216.73.216.122:7211] AH01626: authorization result of Require all granted: granted, referer: https://2blog.ilc.edu.tw/6418/?p=18929
[Sat Aug 22 01:03:35.980653 2026] [authz_core:debug] [pid 633024:tid 633024] mod_authz_core.c(815): [client 216.73.216.122:7211] AH01626: authorization result of : granted, referer: https://2blog.ilc.edu.tw/6418/?p=18929
[Sat Aug 22 01:03:35.980786 2026] [authz_core:debug] [pid 633024:tid 633024] mod_authz_core.c(815): [client 216.73.216.122:7211] AH01626: authorization result of Require all granted: granted, referer: https://2blog.ilc.edu.tw/6418/?p=18929
[Sat Aug 22 01:03:35.980800 2026] [authz_core:debug] [pid 633024:tid 633024] mod_authz_core.c(815): [client 216.73.216.122:7211] AH01626: authorization result of : granted, referer: https://2blog.ilc.edu.tw/6418/?p=18929
[Sat Aug 22 01:03:35.996027 2026] [deflate:debug] [pid 633024:tid 633024] mod_deflate.c(909): [client 216.73.216.122:7211] AH01384: Zlib: Compressed 39998 to 9740 : URL /index.php, referer: https://2blog.ilc.edu.tw/6418/?p=18929
[Sat Aug 22 01:03:36.047231 2026] [ssl:info] [pid 633008:tid 633008] [client 114.24.249.179:52641] AH01964: Connection to child 9 established (server 2blog.ilc.edu.tw:443)
[Sat Aug 22 01:03:36.047355 2026] [ssl:debug] [pid 633052:tid 633052] ssl_engine_kernel.c(254): [client 216.73.216.122:12768] AH02034: Subsequent (No.15) HTTPS request received for child 50 (server 2blog.ilc.edu.tw:443)
[Sat Aug 22 01:03:36.047557 2026] [authz_core:debug] [pid 633052:tid 633052] mod_authz_core.c(815): [client 216.73.216.122:12768] AH01626: authorization result of Require all granted: granted
[Sat Aug 22 01:03:36.047563 2026] [authz_core:debug] [pid 633052:tid 633052] mod_authz_core.c(815): [client 216.73.216.122:12768] AH01626: authorization result of : granted
[Sat Aug 22 01:03:36.047584 2026] [ssl:debug] [pid 633008:tid 633008] ssl_engine_kernel.c(2222): [client 114.24.249.179:52641] AH02043: SSL virtual host for servername www.ysjh.ilc.edu.tw found
[Sat Aug 22 01:03:36.047648 2026] [core:debug] [pid 633008:tid 633008] protocol.c(2460): [client 114.24.249.179:52641] AH03155: select protocol from , choices=h2,http/1.1 for server www.ysjh.ilc.edu.tw
[Sat Aug 22 01:03:36.047669 2026] [authz_core:debug] [pid 633052:tid 633052] mod_authz_core.c(815): [client 216.73.216.122:12768] AH01626: authorization result of Require all granted: granted
[Sat Aug 22 01:03:36.047673 2026] [authz_core:debug] [pid 633052:tid 633052] mod_authz_core.c(815): [client 216.73.216.122:12768] AH01626: authorization result of : granted
[Sat Aug 22 01:03:36.047692 2026] [ssl:debug] [pid 633008:tid 633008] ssl_util_stapling.c(819): AH01951: stapling_cb: OCSP Stapling callback called
[Sat Aug 22 01:03:36.047698 2026] [ssl:info] [pid 633008:tid 633008] AH01926: stapling_get_certinfo: stapling not supported for certificate
[Sat Aug 22 01:03:36.061861 2026] [ssl:info] [pid 633060:tid 633060] [client 66.249.71.165:47031] AH01964: Connection to child 58 established (server 2blog.ilc.edu.tw:443)
[Sat Aug 22 01:03:36.062182 2026] [ssl:debug] [pid 633060:tid 633060] ssl_engine_kernel.c(2222): [client 66.249.71.165:47031] AH02043: SSL virtual host for servername www.daes.ilc.edu.tw found
[Sat Aug 22 01:03:36.062351 2026] [ssl:debug] [pid 633060:tid 633060] ssl_util_stapling.c(819): AH01951: stapling_cb: OCSP Stapling callback called
[Sat Aug 22 01:03:36.062360 2026] [ssl:info] [pid 633060:tid 633060] AH01926: stapling_get_certinfo: stapling not supported for certificate
[Sat Aug 22 01:03:36.063873 2026] [ssl:debug] [pid 633008:tid 633008] ssl_engine_kernel.c(2082): [client 114.24.249.179:52641] AH02041: Protocol: TLSv1.3, Cipher: TLS_AES_256_GCM_SHA384 (256/256 bits)
[Sat Aug 22 01:03:36.063909 2026] [socache_shmcb:debug] [pid 633008:tid 633008] mod_socache_shmcb.c(508): AH00831: socache_shmcb_store (0x22 -> subcache 2)
[Sat Aug 22 01:03:36.063915 2026] [socache_shmcb:debug] [pid 633008:tid 633008] mod_socache_shmcb.c(860): AH00847: insert happened at idx=3, data=(1413:1445)
[Sat Aug 22 01:03:36.063918 2026] [socache_shmcb:debug] [pid 633008:tid 633008] mod_socache_shmcb.c(863): AH00848: finished insert, subcache: idx_pos/idx_used=48/44, data_pos/data_used=5718/9787
[Sat Aug 22 01:03:36.063921 2026] [socache_shmcb:debug] [pid 633008:tid 633008] mod_socache_shmcb.c(530): AH00834: leaving socache_shmcb_store successfully
[Sat Aug 22 01:03:36.063965 2026] [socache_shmcb:debug] [pid 633008:tid 633008] mod_socache_shmcb.c(508): AH00831: socache_shmcb_store (0xd4 -> subcache 20)
[Sat Aug 22 01:03:36.063978 2026] [socache_shmcb:debug] [pid 633008:tid 633008] mod_socache_shmcb.c(860): AH00847: insert happened at idx=64, data=(1463:1495)
[Sat Aug 22 01:03:36.063988 2026] [socache_shmcb:debug] [pid 633008:tid 633008] mod_socache_shmcb.c(863): AH00848: finished insert, subcache: idx_pos/idx_used=14/51, data_pos/data_used=4082/11473
[Sat Aug 22 01:03:36.063990 2026] [socache_shmcb:debug] [pid 633008:tid 633008] mod_socache_shmcb.c(530): AH00834: leaving socache_shmcb_store successfully
[Sat Aug 22 01:03:36.071004 2026] [ssl:debug] [pid 633060:tid 633060] ssl_engine_kernel.c(2082): [client 66.249.71.165:47031] AH02041: Protocol: TLSv1.3, Cipher: TLS_AES_256_GCM_SHA384 (256/256 bits)
[Sat Aug 22 01:03:36.071086 2026] [socache_shmcb:debug] [pid 633060:tid 633060] mod_socache_shmcb.c(508): AH00831: socache_shmcb_store (0x75 -> subcache 21)
[Sat Aug 22 01:03:36.071103 2026] [socache_shmcb:debug] [pid 633060:tid 633060] mod_socache_shmcb.c(745): AH00842: expiring 1 and reclaiming 0 removed socache entries
[Sat Aug 22 01:03:36.071107 2026] [socache_shmcb:debug] [pid 633060:tid 633060] mod_socache_shmcb.c(765): AH00843: we now have 54 socache entries
[Sat Aug 22 01:03:36.071110 2026] [socache_shmcb:debug] [pid 633060:tid 633060] mod_socache_shmcb.c(860): AH00847: insert happened at idx=20, data=(5244:5276)
[Sat Aug 22 01:03:36.071113 2026] [socache_shmcb:debug] [pid 633060:tid 633060] mod_socache_shmcb.c(863): AH00848: finished insert, subcache: idx_pos/idx_used=54/55, data_pos/data_used=6968/12357
[Sat Aug 22 01:03:36.071116 2026] [socache_shmcb:debug] [pid 633060:tid 633060] mod_socache_shmcb.c(530): AH00834: leaving socache_shmcb_store successfully
[Sat Aug 22 01:03:36.071186 2026] [socache_shmcb:debug] [pid 633060:tid 633060] mod_socache_shmcb.c(508): AH00831: socache_shmcb_store (0x0c -> subcache 12)
[Sat Aug 22 01:03:36.071202 2026] [socache_shmcb:debug] [pid 633060:tid 633060] mod_socache_shmcb.c(860): AH00847: insert happened at idx=28, data=(6983:7015)
[Sat Aug 22 01:03:36.071206 2026] [socache_shmcb:debug] [pid 633060:tid 633060] mod_socache_shmcb.c(863): AH00848: finished insert, subcache: idx_pos/idx_used=66/51, data_pos/data_used=9682/11382
[Sat Aug 22 01:03:36.071209 2026] [socache_shmcb:debug] [pid 633060:tid 633060] mod_socache_shmcb.c(530): AH00834: leaving socache_shmcb_store successfully
[Sat Aug 22 01:03:36.071343 2026] [ssl:debug] [pid 633060:tid 633060] ssl_engine_kernel.c(254): [client 66.249.71.165:47031] AH02034: Initial (No.1) HTTPS request received for child 58 (server www.daes.ilc.edu.tw:443), referer: https://www.daes.ilc.edu.tw/author/hui-wen/page/6/
[Sat Aug 22 01:03:36.071628 2026] [authz_core:debug] [pid 633060:tid 633060] mod_authz_core.c(815): [client 66.249.71.165:47031] AH01626: authorization result of Require all granted: granted, referer: https://www.daes.ilc.edu.tw/author/hui-wen/page/6/
[Sat Aug 22 01:03:36.071635 2026] [authz_core:debug] [pid 633060:tid 633060] mod_authz_core.c(815): [client 66.249.71.165:47031] AH01626: authorization result of : granted, referer: https://www.daes.ilc.edu.tw/author/hui-wen/page/6/
[Sat Aug 22 01:03:36.075052 2026] [ssl:info] [pid 633036:tid 633036] [client 114.24.249.179:52642] AH01964: Connection to child 37 established (server 2blog.ilc.edu.tw:443)
[Sat Aug 22 01:03:36.075294 2026] [ssl:debug] [pid 633036:tid 633036] ssl_engine_kernel.c(2222): [client 114.24.249.179:52642] AH02043: SSL virtual host for servername www.ysjh.ilc.edu.tw found
[Sat Aug 22 01:03:36.075345 2026] [core:debug] [pid 633036:tid 633036] protocol.c(2460): [client 114.24.249.179:52642] AH03155: select protocol from , choices=http/1.1 for server www.ysjh.ilc.edu.tw
[Sat Aug 22 01:03:36.075379 2026] [ssl:debug] [pid 633036:tid 633036] ssl_util_stapling.c(819): AH01951: stapling_cb: OCSP Stapling callback called
[Sat Aug 22 01:03:36.075383 2026] [ssl:info] [pid 633036:tid 633036] AH01926: stapling_get_certinfo: stapling not supported for certificate
[Sat Aug 22 01:03:36.081910 2026] [deflate:debug] [pid 633060:tid 633060] mod_deflate.c(909): [client 66.249.71.165:47031] AH01384: Zlib: Compressed 352374 to 60214 : URL /wp-content/cache/www.daes.ilc.edu.tw/wpfc-minified/1pa6d9is/73ws.css, referer: https://www.daes.ilc.edu.tw/author/hui-wen/page/6/
[Sat Aug 22 01:03:36.088836 2026] [ssl:debug] [pid 633036:tid 633036] ssl_engine_kernel.c(2082): [client 114.24.249.179:52642] AH02041: Protocol: TLSv1.3, Cipher: TLS_AES_256_GCM_SHA384 (256/256 bits)
[Sat Aug 22 01:03:36.088882 2026] [socache_shmcb:debug] [pid 633036:tid 633036] mod_socache_shmcb.c(508): AH00831: socache_shmcb_store (0x87 -> subcache 7)
[Sat Aug 22 01:03:36.088899 2026] [socache_shmcb:debug] [pid 633036:tid 633036] mod_socache_shmcb.c(745): AH00842: expiring 1 and reclaiming 0 removed socache entries
[Sat Aug 22 01:03:36.088903 2026] [socache_shmcb:debug] [pid 633036:tid 633036] mod_socache_shmcb.c(765): AH00843: we now have 49 socache entries
[Sat Aug 22 01:03:36.088906 2026] [socache_shmcb:debug] [pid 633036:tid 633036] mod_socache_shmcb.c(860): AH00847: insert happened at idx=30, data=(7372:7404)
[Sat Aug 22 01:03:36.088908 2026] [socache_shmcb:debug] [pid 633036:tid 633036] mod_socache_shmcb.c(863): AH00848: finished insert, subcache: idx_pos/idx_used=69/50, data_pos/data_used=10288/11176
[Sat Aug 22 01:03:36.088910 2026] [socache_shmcb:debug] [pid 633036:tid 633036] mod_socache_shmcb.c(530): AH00834: leaving socache_shmcb_store successfully
[Sat Aug 22 01:03:36.088983 2026] [socache_shmcb:debug] [pid 633036:tid 633036] mod_socache_shmcb.c(508): AH00831: socache_shmcb_store (0x95 -> subcache 21)
[Sat Aug 22 01:03:36.088992 2026] [socache_shmcb:debug] [pid 633036:tid 633036] mod_socache_shmcb.c(860): AH00847: insert happened at idx=21, data=(5461:5493)
[Sat Aug 22 01:03:36.088994 2026] [socache_shmcb:debug] [pid 633036:tid 633036] mod_socache_shmcb.c(863): AH00848: finished insert, subcache: idx_pos/idx_used=54/56, data_pos/data_used=6968/12586
[Sat Aug 22 01:03:36.088996 2026] [socache_shmcb:debug] [pid 633036:tid 633036] mod_socache_shmcb.c(530): AH00834: leaving socache_shmcb_store successfully
[Sat Aug 22 01:03:36.097885 2026] [ssl:debug] [pid 633036:tid 633036] ssl_engine_kernel.c(254): [client 114.24.249.179:52642] AH02034: Initial (No.1) HTTPS request received for child 37 (server www.ysjh.ilc.edu.tw:443), referer: https://www.ysjh.ilc.edu.tw/
[Sat Aug 22 01:03:36.098068 2026] [authz_core:debug] [pid 633036:tid 633036] mod_authz_core.c(815): [client 114.24.249.179:52642] AH01626: authorization result of Require all granted: granted, referer: https://www.ysjh.ilc.edu.tw/
[Sat Aug 22 01:03:36.098074 2026] [authz_core:debug] [pid 633036:tid 633036] mod_authz_core.c(815): [client 114.24.249.179:52642] AH01626: authorization result of : granted, referer: https://www.ysjh.ilc.edu.tw/
[Sat Aug 22 01:03:36.098181 2026] [authz_core:debug] [pid 633036:tid 633036] mod_authz_core.c(815): [client 114.24.249.179:52642] AH01626: authorization result of Require all granted: granted, referer: https://www.ysjh.ilc.edu.tw/
[Sat Aug 22 01:03:36.098185 2026] [authz_core:debug] [pid 633036:tid 633036] mod_authz_core.c(815): [client 114.24.249.179:52642] AH01626: authorization result of : granted, referer: https://www.ysjh.ilc.edu.tw/
[Sat Aug 22 01:03:36.111740 2026] [ssl:debug] [pid 633042:tid 633042] ssl_engine_kernel.c(254): [client 216.73.216.122:9117] AH02034: Subsequent (No.14) HTTPS request received for child 42 (server 2blog.ilc.edu.tw:443), referer: https://2blog.ilc.edu.tw/4925/?p=4808
[Sat Aug 22 01:03:36.111920 2026] [authz_core:debug] [pid 633042:tid 633042] mod_authz_core.c(815): [client 216.73.216.122:9117] AH01626: authorization result of Require all granted: granted, referer: https://2blog.ilc.edu.tw/4925/?p=4808
[Sat Aug 22 01:03:36.111925 2026] [authz_core:debug] [pid 633042:tid 633042] mod_authz_core.c(815): [client 216.73.216.122:9117] AH01626: authorization result of : granted, referer: https://2blog.ilc.edu.tw/4925/?p=4808
[Sat Aug 22 01:03:36.112025 2026] [authz_core:debug] [pid 633042:tid 633042] mod_authz_core.c(815): [client 216.73.216.122:9117] AH01626: authorization result of Require all granted: granted, referer: https://2blog.ilc.edu.tw/4925/?p=4808
[Sat Aug 22 01:03:36.112028 2026] [authz_core:debug] [pid 633042:tid 633042] mod_authz_core.c(815): [client 216.73.216.122:9117] AH01626: authorization result of : granted, referer: https://2blog.ilc.edu.tw/4925/?p=4808
[Sat Aug 22 01:03:36.125033 2026] [deflate:debug] [pid 633036:tid 633036] mod_deflate.c(909): [client 114.24.249.179:52642] AH01384: Zlib: Compressed 139826 to 25717 : URL /index.php, referer: https://www.ysjh.ilc.edu.tw/
[Sat Aug 22 01:03:36.125063 2026] [deflate:debug] [pid 633042:tid 633042] mod_deflate.c(909): [client 216.73.216.122:9117] AH01384: Zlib: Compressed 53954 to 11555 : URL /index.php, referer: https://2blog.ilc.edu.tw/4925/?p=4808
[Sat Aug 22 01:03:36.126910 2026] [ssl:debug] [pid 633055:tid 633055] ssl_engine_kernel.c(254): [client 216.73.216.122:49161] AH02034: Subsequent (No.17) HTTPS request received for child 53 (server 2blog.ilc.edu.tw:443)
[Sat Aug 22 01:03:36.127109 2026] [authz_core:debug] [pid 633055:tid 633055] mod_authz_core.c(815): [client 216.73.216.122:49161] AH01626: authorization result of Require all granted: granted
[Sat Aug 22 01:03:36.127117 2026] [authz_core:debug] [pid 633055:tid 633055] mod_authz_core.c(815): [client 216.73.216.122:49161] AH01626: authorization result of : granted
[Sat Aug 22 01:03:36.127285 2026] [authz_core:debug] [pid 633055:tid 633055] mod_authz_core.c(815): [client 216.73.216.122:49161] AH01626: authorization result of Require all granted: granted
[Sat Aug 22 01:03:36.127293 2026] [authz_core:debug] [pid 633055:tid 633055] mod_authz_core.c(815): [client 216.73.216.122:49161] AH01626: authorization result of : granted
[Sat Aug 22 01:03:36.150852 2026] [ssl:debug] [pid 633076:tid 633076] ssl_engine_kernel.c(254): [client 216.73.216.122:7035] AH02034: Subsequent (No.20) HTTPS request received for child 74 (server 2blog.ilc.edu.tw:443), referer: https://2blog.ilc.edu.tw/2711/?p=159
[Sat Aug 22 01:03:36.151024 2026] [authz_core:debug] [pid 633076:tid 633076] mod_authz_core.c(815): [client 216.73.216.122:7035] AH01626: authorization result of Require all granted: granted, referer: https://2blog.ilc.edu.tw/2711/?p=159
[Sat Aug 22 01:03:36.151029 2026] [authz_core:debug] [pid 633076:tid 633076] mod_authz_core.c(815): [client 216.73.216.122:7035] AH01626: authorization result of : granted, referer: https://2blog.ilc.edu.tw/2711/?p=159
[Sat Aug 22 01:03:36.151133 2026] [authz_core:debug] [pid 633076:tid 633076] mod_authz_core.c(815): [client 216.73.216.122:7035] AH01626: authorization result of Require all granted: granted, referer: https://2blog.ilc.edu.tw/2711/?p=159
[Sat Aug 22 01:03:36.151137 2026] [authz_core:debug] [pid 633076:tid 633076] mod_authz_core.c(815): [client 216.73.216.122:7035] AH01626: authorization result of : granted, referer: https://2blog.ilc.edu.tw/2711/?p=159
[Sat Aug 22 01:03:36.158049 2026] [ssl:debug] [pid 633049:tid 633049] ssl_engine_kernel.c(2082): [client 2a03:2880:f802:32:::39382] AH02041: Protocol: TLSv1.3, Cipher: TLS_AES_256_GCM_SHA384 (256/256 bits)
[Sat Aug 22 01:03:36.158098 2026] [socache_shmcb:debug] [pid 633049:tid 633049] mod_socache_shmcb.c(508): AH00831: socache_shmcb_store (0xad -> subcache 13)
[Sat Aug 22 01:03:36.158111 2026] [socache_shmcb:debug] [pid 633049:tid 633049] mod_socache_shmcb.c(745): AH00842: expiring 1 and reclaiming 0 removed socache entries
[Sat Aug 22 01:03:36.158114 2026] [socache_shmcb:debug] [pid 633049:tid 633049] mod_socache_shmcb.c(765): AH00843: we now have 48 socache entries
[Sat Aug 22 01:03:36.158116 2026] [socache_shmcb:debug] [pid 633049:tid 633049] mod_socache_shmcb.c(860): AH00847: insert happened at idx=22, data=(5781:5813)
[Sat Aug 22 01:03:36.158117 2026] [socache_shmcb:debug] [pid 633049:tid 633049] mod_socache_shmcb.c(863): AH00848: finished insert, subcache: idx_pos/idx_used=62/49, data_pos/data_used=8869/11004
[Sat Aug 22 01:03:36.158120 2026] [socache_shmcb:debug] [pid 633049:tid 633049] mod_socache_shmcb.c(530): AH00834: leaving socache_shmcb_store successfully
[Sat Aug 22 01:03:36.158172 2026] [socache_shmcb:debug] [pid 633049:tid 633049] mod_socache_shmcb.c(508): AH00831: socache_shmcb_store (0x99 -> subcache 25)
[Sat Aug 22 01:03:36.158186 2026] [socache_shmcb:debug] [pid 633049:tid 633049] mod_socache_shmcb.c(745): AH00842: expiring 1 and reclaiming 0 removed socache entries
[Sat Aug 22 01:03:36.158188 2026] [socache_shmcb:debug] [pid 633049:tid 633049] mod_socache_shmcb.c(765): AH00843: we now have 41 socache entries
[Sat Aug 22 01:03:36.158190 2026] [socache_shmcb:debug] [pid 633049:tid 633049] mod_socache_shmcb.c(860): AH00847: insert happened at idx=12, data=(3481:3513)
[Sat Aug 22 01:03:36.158192 2026] [socache_shmcb:debug] [pid 633049:tid 633049] mod_socache_shmcb.c(863): AH00848: finished insert, subcache: idx_pos/idx_used=59/42, data_pos/data_used=8149/9425
[Sat Aug 22 01:03:36.158194 2026] [socache_shmcb:debug] [pid 633049:tid 633049] mod_socache_shmcb.c(530): AH00834: leaving socache_shmcb_store successfully
[Sat Aug 22 01:03:36.158312 2026] [ssl:debug] [pid 633049:tid 633049] ssl_engine_kernel.c(254): [client 2a03:2880:f802:32:::39382] AH02034: Initial (No.1) HTTPS request received for child 47 (server www.jwes.ilc.edu.tw:443)
[Sat Aug 22 01:03:36.158474 2026] [authz_core:debug] [pid 633049:tid 633049] mod_authz_core.c(815): [client 2a03:2880:f802:32:::39382] AH01626: authorization result of Require all granted: granted
[Sat Aug 22 01:03:36.158479 2026] [authz_core:debug] [pid 633049:tid 633049] mod_authz_core.c(815): [client 2a03:2880:f802:32:::39382] AH01626: authorization result of : granted
[Sat Aug 22 01:03:36.166438 2026] [deflate:debug] [pid 633076:tid 633076] mod_deflate.c(909): [client 216.73.216.122:7035] AH01384: Zlib: Compressed 43523 to 10370 : URL /index.php, referer: https://2blog.ilc.edu.tw/2711/?p=159
[Sat Aug 22 01:03:36.166869 2026] [ssl:debug] [pid 633008:tid 633008] ssl_engine_kernel.c(254): [client 114.24.249.179:52641] AH02034: Initial (No.1) HTTPS request received for child 9 (server www.ysjh.ilc.edu.tw:443), referer: https://www.ysjh.ilc.edu.tw/%e8%aa%8d%e8%ad%98%e5%b8%ab%e9%95%b7/
[Sat Aug 22 01:03:36.170075 2026] [authz_core:debug] [pid 633008:tid 633008] mod_authz_core.c(815): [client 114.24.249.179:52641] AH01626: authorization result of Require all granted: granted, referer: https://www.ysjh.ilc.edu.tw/%e8%aa%8d%e8%ad%98%e5%b8%ab%e9%95%b7/
[Sat Aug 22 01:03:36.170091 2026] [authz_core:debug] [pid 633008:tid 633008] mod_authz_core.c(815): [client 114.24.249.179:52641] AH01626: authorization result of : granted, referer: https://www.ysjh.ilc.edu.tw/%e8%aa%8d%e8%ad%98%e5%b8%ab%e9%95%b7/
[Sat Aug 22 01:03:36.174047 2026] [deflate:debug] [pid 633008:tid 633008] mod_deflate.c(909): [client 114.24.249.179:52641] AH01384: Zlib: Compressed 112430 to 14823 : URL /wp-content/cache/www.ysjh.ilc.edu.tw/wpfc-minified/2ali45kr/6xr6.css, referer: https://www.ysjh.ilc.edu.tw/%e8%aa%8d%e8%ad%98%e5%b8%ab%e9%95%b7/
[Sat Aug 22 01:03:36.186092 2026] [ssl:debug] [pid 633036:tid 633036] ssl_engine_kernel.c(254): [client 114.24.249.179:52642] AH02034: Subsequent (No.2) HTTPS request received for child 37 (server www.ysjh.ilc.edu.tw:443), referer: https://www.ysjh.ilc.edu.tw/
[Sat Aug 22 01:03:36.190008 2026] [authz_core:debug] [pid 633036:tid 633036] mod_authz_core.c(815): [client 114.24.249.179:52642] AH01626: authorization result of Require all granted: granted, referer: https://www.ysjh.ilc.edu.tw/
[Sat Aug 22 01:03:36.190024 2026] [authz_core:debug] [pid 633036:tid 633036] mod_authz_core.c(815): [client 114.24.249.179:52642] AH01626: authorization result of : granted, referer: https://www.ysjh.ilc.edu.tw/
[Sat Aug 22 01:03:36.190955 2026] [ssl:debug] [pid 633008:tid 633008] ssl_engine_kernel.c(254): [client 114.24.249.179:52641] AH02034: Subsequent (No.2) HTTPS request received for child 9 (server www.ysjh.ilc.edu.tw:443), referer: https://www.ysjh.ilc.edu.tw/
[Sat Aug 22 01:03:36.193836 2026] [authz_core:debug] [pid 633008:tid 633008] mod_authz_core.c(815): [client 114.24.249.179:52641] AH01626: authorization result of Require all granted: granted, referer: https://www.ysjh.ilc.edu.tw/
[Sat Aug 22 01:03:36.193847 2026] [authz_core:debug] [pid 633008:tid 633008] mod_authz_core.c(815): [client 114.24.249.179:52641] AH01626: authorization result of : granted, referer: https://www.ysjh.ilc.edu.tw/
[Sat Aug 22 01:03:36.215452 2026] [ssl:info] [pid 633013:tid 633013] [client 140.111.67.195:49406] AH01964: Connection to child 11 established (server 2blog.ilc.edu.tw:443)
[Sat Aug 22 01:03:36.215673 2026] [ssl:debug] [pid 633013:tid 633013] ssl_engine_kernel.c(2222): [client 140.111.67.195:49406] AH02043: SSL virtual host for servername www.ilc.edu.tw found
[Sat Aug 22 01:03:36.215697 2026] [socache_shmcb:debug] [pid 633013:tid 633013] mod_socache_shmcb.c(545): AH00835: socache_shmcb_retrieve (0xb3 -> subcache 19)
[Sat Aug 22 01:03:36.215710 2026] [socache_shmcb:debug] [pid 633013:tid 633013] mod_socache_shmcb.c(896): AH00849: match at idx=69, data=10399
[Sat Aug 22 01:03:36.215713 2026] [socache_shmcb:debug] [pid 633013:tid 633013] mod_socache_shmcb.c(556): AH00836: leaving socache_shmcb_retrieve successfully
[Sat Aug 22 01:03:36.216531 2026] [ssl:debug] [pid 633013:tid 633013] ssl_engine_kernel.c(2082): [client 140.111.67.195:49406] AH02041: Protocol: TLSv1.3, Cipher: TLS_AES_256_GCM_SHA384 (256/256 bits)
[Sat Aug 22 01:03:36.216562 2026] [socache_shmcb:debug] [pid 633013:tid 633013] mod_socache_shmcb.c(508): AH00831: socache_shmcb_store (0x06 -> subcache 6)
[Sat Aug 22 01:03:36.216580 2026] [socache_shmcb:debug] [pid 633013:tid 633013] mod_socache_shmcb.c(860): AH00847: insert happened at idx=1, data=(952:984)
[Sat Aug 22 01:03:36.216582 2026] [socache_shmcb:debug] [pid 633013:tid 633013] mod_socache_shmcb.c(863): AH00848: finished insert, subcache: idx_pos/idx_used=51/39, data_pos/data_used=6310/8718
[Sat Aug 22 01:03:36.216584 2026] [socache_shmcb:debug] [pid 633013:tid 633013] mod_socache_shmcb.c(530): AH00834: leaving socache_shmcb_store successfully
[Sat Aug 22 01:03:36.216719 2026] [ssl:debug] [pid 633013:tid 633013] ssl_engine_kernel.c(254): [client 140.111.67.195:49406] AH02034: Initial (No.1) HTTPS request received for child 11 (server www.ilc.edu.tw:443)
[Sat Aug 22 01:03:36.216854 2026] [ssl:debug] [pid 633008:tid 633008] ssl_engine_kernel.c(254): [client 114.24.249.179:52641] AH02034: Subsequent (No.3) HTTPS request received for child 9 (server www.ysjh.ilc.edu.tw:443), referer: https://www.ysjh.ilc.edu.tw/
[Sat Aug 22 01:03:36.216881 2026] [authz_core:debug] [pid 633013:tid 633013] mod_authz_core.c(815): [client 140.111.67.195:49406] AH01626: authorization result of Require all granted: granted
[Sat Aug 22 01:03:36.216885 2026] [authz_core:debug] [pid 633013:tid 633013] mod_authz_core.c(815): [client 140.111.67.195:49406] AH01626: authorization result of : granted
[Sat Aug 22 01:03:36.218315 2026] [authz_core:debug] [pid 633008:tid 633008] mod_authz_core.c(815): [client 114.24.249.179:52641] AH01626: authorization result of Require all granted: granted, referer: https://www.ysjh.ilc.edu.tw/
[Sat Aug 22 01:03:36.218327 2026] [authz_core:debug] [pid 633008:tid 633008] mod_authz_core.c(815): [client 114.24.249.179:52641] AH01626: authorization result of : granted, referer: https://www.ysjh.ilc.edu.tw/
[Sat Aug 22 01:03:36.221904 2026] [ssl:debug] [pid 633036:tid 633036] ssl_engine_kernel.c(254): [client 114.24.249.179:52642] AH02034: Subsequent (No.3) HTTPS request received for child 37 (server www.ysjh.ilc.edu.tw:443), referer: https://www.ysjh.ilc.edu.tw/
[Sat Aug 22 01:03:36.228462 2026] [ssl:debug] [pid 633024:tid 633024] ssl_engine_kernel.c(254): [client 216.73.216.122:7211] AH02034: Subsequent (No.18) HTTPS request received for child 23 (server 2blog.ilc.edu.tw:443)
[Sat Aug 22 01:03:36.228635 2026] [authz_core:debug] [pid 633024:tid 633024] mod_authz_core.c(815): [client 216.73.216.122:7211] AH01626: authorization result of Require all granted: granted
[Sat Aug 22 01:03:36.228640 2026] [authz_core:debug] [pid 633024:tid 633024] mod_authz_core.c(815): [client 216.73.216.122:7211] AH01626: authorization result of : granted
[Sat Aug 22 01:03:36.228760 2026] [authz_core:debug] [pid 633024:tid 633024] mod_authz_core.c(815): [client 216.73.216.122:7211] AH01626: authorization result of Require all granted: granted
[Sat Aug 22 01:03:36.228772 2026] [authz_core:debug] [pid 633024:tid 633024] mod_authz_core.c(815): [client 216.73.216.122:7211] AH01626: authorization result of : granted
[Sat Aug 22 01:03:36.229775 2026] [authz_core:debug] [pid 633036:tid 633036] mod_authz_core.c(815): [client 114.24.249.179:52642] AH01626: authorization result of Require all granted: granted, referer: https://www.ysjh.ilc.edu.tw/
[Sat Aug 22 01:03:36.229787 2026] [authz_core:debug] [pid 633036:tid 633036] mod_authz_core.c(815): [client 114.24.249.179:52642] AH01626: authorization result of : granted, referer: https://www.ysjh.ilc.edu.tw/
[Sat Aug 22 01:03:36.236588 2026] [ssl:info] [pid 632997:tid 632997] [client 114.24.249.179:52644] AH01964: Connection to child 5 established (server 2blog.ilc.edu.tw:443)
[Sat Aug 22 01:03:36.236842 2026] [ssl:debug] [pid 632997:tid 632997] ssl_engine_kernel.c(2222): [client 114.24.249.179:52644] AH02043: SSL virtual host for servername www.ysjh.ilc.edu.tw found
[Sat Aug 22 01:03:36.236895 2026] [core:debug] [pid 632997:tid 632997] protocol.c(2460): [client 114.24.249.179:52644] AH03155: select protocol from , choices=http/1.1 for server www.ysjh.ilc.edu.tw
[Sat Aug 22 01:03:36.236931 2026] [ssl:debug] [pid 632997:tid 632997] ssl_util_stapling.c(819): AH01951: stapling_cb: OCSP Stapling callback called
[Sat Aug 22 01:03:36.236936 2026] [ssl:info] [pid 632997:tid 632997] AH01926: stapling_get_certinfo: stapling not supported for certificate
[Sat Aug 22 01:03:36.237039 2026] [ssl:info] [pid 633031:tid 633031] [client 114.24.249.179:52645] AH01964: Connection to child 32 established (server 2blog.ilc.edu.tw:443)
