[Sat Aug 22 01:03:33.515690 2026] [authz_core:debug] [pid 633042:tid 633042] mod_authz_core.c(815): [client 216.73.216.122:9117] AH01626: authorization result of : granted, referer: https://2blog.ilc.edu.tw/6418/?p=19121
[Sat Aug 22 01:03:33.515799 2026] [authz_core:debug] [pid 633042:tid 633042] mod_authz_core.c(815): [client 216.73.216.122:9117] AH01626: authorization result of Require all granted: granted, referer: https://2blog.ilc.edu.tw/6418/?p=19121
[Sat Aug 22 01:03:33.515803 2026] [authz_core:debug] [pid 633042:tid 633042] mod_authz_core.c(815): [client 216.73.216.122:9117] AH01626: authorization result of : granted, referer: https://2blog.ilc.edu.tw/6418/?p=19121
[Sat Aug 22 01:03:33.532251 2026] [deflate:debug] [pid 633042:tid 633042] mod_deflate.c(909): [client 216.73.216.122:9117] AH01384: Zlib: Compressed 39393 to 9742 : URL /index.php, referer: https://2blog.ilc.edu.tw/6418/?p=19121
[Sat Aug 22 01:03:33.557203 2026] [ssl:debug] [pid 633055:tid 633055] ssl_engine_kernel.c(254): [client 216.73.216.122:49161] AH02034: Subsequent (No.9) HTTPS request received for child 53 (server 2blog.ilc.edu.tw:443)
[Sat Aug 22 01:03:33.560213 2026] [authz_core:debug] [pid 633055:tid 633055] mod_authz_core.c(815): [client 216.73.216.122:49161] AH01626: authorization result of Require all granted: granted
[Sat Aug 22 01:03:33.560226 2026] [authz_core:debug] [pid 633055:tid 633055] mod_authz_core.c(815): [client 216.73.216.122:49161] AH01626: authorization result of : granted
[Sat Aug 22 01:03:33.560344 2026] [authz_core:debug] [pid 633055:tid 633055] mod_authz_core.c(815): [client 216.73.216.122:49161] AH01626: authorization result of Require all granted: granted
[Sat Aug 22 01:03:33.560348 2026] [authz_core:debug] [pid 633055:tid 633055] mod_authz_core.c(815): [client 216.73.216.122:49161] AH01626: authorization result of : granted
[Sat Aug 22 01:03:33.564924 2026] [deflate:debug] [pid 633000:tid 633000] mod_deflate.c(909): [client 2400:e920:0:2:f45d:ddff:fe00:7a:61083] AH01384: Zlib: Compressed 13605 to 5007 : URL /wp-login.php, referer: http://ilta.ilc.edu.tw
[Sat Aug 22 01:03:33.586745 2026] [ssl:debug] [pid 633076:tid 633076] ssl_engine_kernel.c(254): [client 216.73.216.122:7035] AH02034: Subsequent (No.12) HTTPS request received for child 74 (server 2blog.ilc.edu.tw:443), referer: https://2blog.ilc.edu.tw/3642/?p=2660
[Sat Aug 22 01:03:33.586921 2026] [authz_core:debug] [pid 633076:tid 633076] mod_authz_core.c(815): [client 216.73.216.122:7035] AH01626: authorization result of Require all granted: granted, referer: https://2blog.ilc.edu.tw/3642/?p=2660
[Sat Aug 22 01:03:33.586928 2026] [authz_core:debug] [pid 633076:tid 633076] mod_authz_core.c(815): [client 216.73.216.122:7035] AH01626: authorization result of : granted, referer: https://2blog.ilc.edu.tw/3642/?p=2660
[Sat Aug 22 01:03:33.587048 2026] [authz_core:debug] [pid 633076:tid 633076] mod_authz_core.c(815): [client 216.73.216.122:7035] AH01626: authorization result of Require all granted: granted, referer: https://2blog.ilc.edu.tw/3642/?p=2660
[Sat Aug 22 01:03:33.587052 2026] [authz_core:debug] [pid 633076:tid 633076] mod_authz_core.c(815): [client 216.73.216.122:7035] AH01626: authorization result of : granted, referer: https://2blog.ilc.edu.tw/3642/?p=2660
[Sat Aug 22 01:03:33.600426 2026] [deflate:debug] [pid 633076:tid 633076] mod_deflate.c(909): [client 216.73.216.122:7035] AH01384: Zlib: Compressed 59625 to 13572 : URL /index.php, referer: https://2blog.ilc.edu.tw/3642/?p=2660
[Sat Aug 22 01:03:33.657181 2026] [ssl:debug] [pid 633014:tid 633014] ssl_engine_kernel.c(254): [client 216.73.216.122:61332] AH02034: Subsequent (No.6) HTTPS request received for child 12 (server 2blog.ilc.edu.tw:443)
[Sat Aug 22 01:03:33.657396 2026] [authz_core:debug] [pid 633014:tid 633014] mod_authz_core.c(815): [client 216.73.216.122:61332] AH01626: authorization result of Require all granted: granted
[Sat Aug 22 01:03:33.657406 2026] [authz_core:debug] [pid 633014:tid 633014] mod_authz_core.c(815): [client 216.73.216.122:61332] AH01626: authorization result of : granted
[Sat Aug 22 01:03:33.657571 2026] [authz_core:debug] [pid 633014:tid 633014] mod_authz_core.c(815): [client 216.73.216.122:61332] AH01626: authorization result of Require all granted: granted
[Sat Aug 22 01:03:33.657577 2026] [authz_core:debug] [pid 633014:tid 633014] mod_authz_core.c(815): [client 216.73.216.122:61332] AH01626: authorization result of : granted
[Sat Aug 22 01:03:33.668659 2026] [ssl:debug] [pid 633063:tid 633063] ssl_engine_io.c(1150): [client 2409:8a50:c03:df23:197f:e39c:fd57:5d46:54278] AH02001: Connection closed to child 61 with standard shutdown (server www.daes.ilc.edu.tw:443)
[Sat Aug 22 01:03:33.673037 2026] [ssl:debug] [pid 633066:tid 633066] ssl_engine_io.c(1150): [client 2409:8a50:c03:df23:197f:e39c:fd57:5d46:54272] AH02001: Connection closed to child 64 with standard shutdown (server www.daes.ilc.edu.tw:443)
[Sat Aug 22 01:03:33.673037 2026] [ssl:debug] [pid 633065:tid 633065] ssl_engine_io.c(1150): [client 2409:8a50:c03:df23:197f:e39c:fd57:5d46:54276] AH02001: Connection closed to child 63 with standard shutdown (server www.daes.ilc.edu.tw:443)
[Sat Aug 22 01:03:33.688073 2026] [deflate:debug] [pid 633055:tid 633055] mod_deflate.c(909): [client 216.73.216.122:49161] AH01384: Zlib: Compressed 46748 to 10380 : URL /index.php
[Sat Aug 22 01:03:33.693355 2026] [ssl:debug] [pid 632991:tid 632991] ssl_engine_kernel.c(254): [client 216.73.216.122:21721] AH02034: Subsequent (No.10) HTTPS request received for child 0 (server 2blog.ilc.edu.tw:443), referer: https://2blog.ilc.edu.tw/2711/?p=411
[Sat Aug 22 01:03:33.693550 2026] [authz_core:debug] [pid 632991:tid 632991] mod_authz_core.c(815): [client 216.73.216.122:21721] AH01626: authorization result of Require all granted: granted, referer: https://2blog.ilc.edu.tw/2711/?p=411
[Sat Aug 22 01:03:33.693556 2026] [authz_core:debug] [pid 632991:tid 632991] mod_authz_core.c(815): [client 216.73.216.122:21721] AH01626: authorization result of : granted, referer: https://2blog.ilc.edu.tw/2711/?p=411
[Sat Aug 22 01:03:33.693671 2026] [authz_core:debug] [pid 632991:tid 632991] mod_authz_core.c(815): [client 216.73.216.122:21721] AH01626: authorization result of Require all granted: granted, referer: https://2blog.ilc.edu.tw/2711/?p=411
[Sat Aug 22 01:03:33.693677 2026] [authz_core:debug] [pid 632991:tid 632991] mod_authz_core.c(815): [client 216.73.216.122:21721] AH01626: authorization result of : granted, referer: https://2blog.ilc.edu.tw/2711/?p=411
[Sat Aug 22 01:03:33.709905 2026] [deflate:debug] [pid 632991:tid 632991] mod_deflate.c(909): [client 216.73.216.122:21721] AH01384: Zlib: Compressed 42933 to 10414 : URL /index.php, referer: https://2blog.ilc.edu.tw/2711/?p=411
[Sat Aug 22 01:03:33.755336 2026] [ssl:debug] [pid 633024:tid 633024] ssl_engine_kernel.c(254): [client 216.73.216.122:7211] AH02034: Subsequent (No.10) HTTPS request received for child 23 (server 2blog.ilc.edu.tw:443)
[Sat Aug 22 01:03:33.755518 2026] [authz_core:debug] [pid 633024:tid 633024] mod_authz_core.c(815): [client 216.73.216.122:7211] AH01626: authorization result of Require all granted: granted
[Sat Aug 22 01:03:33.755523 2026] [authz_core:debug] [pid 633024:tid 633024] mod_authz_core.c(815): [client 216.73.216.122:7211] AH01626: authorization result of : granted
[Sat Aug 22 01:03:33.755625 2026] [authz_core:debug] [pid 633024:tid 633024] mod_authz_core.c(815): [client 216.73.216.122:7211] AH01626: authorization result of Require all granted: granted
[Sat Aug 22 01:03:33.755629 2026] [authz_core:debug] [pid 633024:tid 633024] mod_authz_core.c(815): [client 216.73.216.122:7211] AH01626: authorization result of : granted
[Sat Aug 22 01:03:33.789303 2026] [ssl:debug] [pid 633052:tid 633052] ssl_engine_kernel.c(254): [client 216.73.216.122:12768] AH02034: Subsequent (No.8) HTTPS request received for child 50 (server 2blog.ilc.edu.tw:443), referer: https://2blog.ilc.edu.tw/3642/?p=2528
[Sat Aug 22 01:03:33.789461 2026] [authz_core:debug] [pid 633052:tid 633052] mod_authz_core.c(815): [client 216.73.216.122:12768] AH01626: authorization result of Require all granted: granted, referer: https://2blog.ilc.edu.tw/3642/?p=2528
[Sat Aug 22 01:03:33.789466 2026] [authz_core:debug] [pid 633052:tid 633052] mod_authz_core.c(815): [client 216.73.216.122:12768] AH01626: authorization result of : granted, referer: https://2blog.ilc.edu.tw/3642/?p=2528
[Sat Aug 22 01:03:33.789569 2026] [authz_core:debug] [pid 633052:tid 633052] mod_authz_core.c(815): [client 216.73.216.122:12768] AH01626: authorization result of Require all granted: granted, referer: https://2blog.ilc.edu.tw/3642/?p=2528
[Sat Aug 22 01:03:33.789572 2026] [authz_core:debug] [pid 633052:tid 633052] mod_authz_core.c(815): [client 216.73.216.122:12768] AH01626: authorization result of : granted, referer: https://2blog.ilc.edu.tw/3642/?p=2528
[Sat Aug 22 01:03:33.805804 2026] [deflate:debug] [pid 633052:tid 633052] mod_deflate.c(909): [client 216.73.216.122:12768] AH01384: Zlib: Compressed 63560 to 12477 : URL /index.php, referer: https://2blog.ilc.edu.tw/3642/?p=2528
[Sat Aug 22 01:03:33.826297 2026] [authz_core:debug] [pid 633072:tid 633072] mod_authz_core.c(815): [client 2400:e920:0:2:f45d:ddff:fe00:7a:61118] AH01626: authorization result of Require all granted: granted, referer: http://ilta.ilc.edu.tw
[Sat Aug 22 01:03:33.826322 2026] [authz_core:debug] [pid 633072:tid 633072] mod_authz_core.c(815): [client 2400:e920:0:2:f45d:ddff:fe00:7a:61118] AH01626: authorization result of : granted, referer: http://ilta.ilc.edu.tw
[Sat Aug 22 01:03:33.837035 2026] [ssl:debug] [pid 633076:tid 633076] ssl_engine_kernel.c(254): [client 216.73.216.122:7035] AH02034: Subsequent (No.13) HTTPS request received for child 74 (server 2blog.ilc.edu.tw:443)
[Sat Aug 22 01:03:33.837197 2026] [authz_core:debug] [pid 633076:tid 633076] mod_authz_core.c(815): [client 216.73.216.122:7035] AH01626: authorization result of Require all granted: granted
[Sat Aug 22 01:03:33.837202 2026] [authz_core:debug] [pid 633076:tid 633076] mod_authz_core.c(815): [client 216.73.216.122:7035] AH01626: authorization result of : granted
[Sat Aug 22 01:03:33.837303 2026] [authz_core:debug] [pid 633076:tid 633076] mod_authz_core.c(815): [client 216.73.216.122:7035] AH01626: authorization result of Require all granted: granted
[Sat Aug 22 01:03:33.837306 2026] [authz_core:debug] [pid 633076:tid 633076] mod_authz_core.c(815): [client 216.73.216.122:7035] AH01626: authorization result of : granted
[Sat Aug 22 01:03:33.927131 2026] [ssl:debug] [pid 633055:tid 633055] ssl_engine_kernel.c(254): [client 216.73.216.122:49161] AH02034: Subsequent (No.10) HTTPS request received for child 53 (server 2blog.ilc.edu.tw:443)
[Sat Aug 22 01:03:33.927369 2026] [authz_core:debug] [pid 633055:tid 633055] mod_authz_core.c(815): [client 216.73.216.122:49161] AH01626: authorization result of Require all granted: granted
[Sat Aug 22 01:03:33.927380 2026] [authz_core:debug] [pid 633055:tid 633055] mod_authz_core.c(815): [client 216.73.216.122:49161] AH01626: authorization result of : granted
[Sat Aug 22 01:03:33.927498 2026] [authz_core:debug] [pid 633055:tid 633055] mod_authz_core.c(815): [client 216.73.216.122:49161] AH01626: authorization result of Require all granted: granted
[Sat Aug 22 01:03:33.927503 2026] [authz_core:debug] [pid 633055:tid 633055] mod_authz_core.c(815): [client 216.73.216.122:49161] AH01626: authorization result of : granted
[Sat Aug 22 01:03:33.971325 2026] [ssl:debug] [pid 633014:tid 633014] ssl_engine_kernel.c(254): [client 216.73.216.122:61332] AH02034: Subsequent (No.7) HTTPS request received for child 12 (server 2blog.ilc.edu.tw:443), referer: https://2blog.ilc.edu.tw/6418/?p=19265
[Sat Aug 22 01:03:33.971526 2026] [authz_core:debug] [pid 633014:tid 633014] mod_authz_core.c(815): [client 216.73.216.122:61332] AH01626: authorization result of Require all granted: granted, referer: https://2blog.ilc.edu.tw/6418/?p=19265
[Sat Aug 22 01:03:33.971532 2026] [authz_core:debug] [pid 633014:tid 633014] mod_authz_core.c(815): [client 216.73.216.122:61332] AH01626: authorization result of : granted, referer: https://2blog.ilc.edu.tw/6418/?p=19265
[Sat Aug 22 01:03:33.971658 2026] [authz_core:debug] [pid 633014:tid 633014] mod_authz_core.c(815): [client 216.73.216.122:61332] AH01626: authorization result of Require all granted: granted, referer: https://2blog.ilc.edu.tw/6418/?p=19265
[Sat Aug 22 01:03:33.971662 2026] [authz_core:debug] [pid 633014:tid 633014] mod_authz_core.c(815): [client 216.73.216.122:61332] AH01626: authorization result of : granted, referer: https://2blog.ilc.edu.tw/6418/?p=19265
[Sat Aug 22 01:03:33.981061 2026] [ssl:debug] [pid 633069:tid 633069] ssl_engine_io.c(1150): [client 216.73.216.122:39537] AH02001: Connection closed to child 67 with standard shutdown (server www.ltjh.ilc.edu.tw:443)
[Sat Aug 22 01:03:33.986406 2026] [deflate:debug] [pid 633014:tid 633014] mod_deflate.c(909): [client 216.73.216.122:61332] AH01384: Zlib: Compressed 39874 to 9620 : URL /index.php, referer: https://2blog.ilc.edu.tw/6418/?p=19265
[Sat Aug 22 01:03:34.019371 2026] [ssl:debug] [pid 632991:tid 632991] ssl_engine_kernel.c(254): [client 216.73.216.122:21721] AH02034: Subsequent (No.11) HTTPS request received for child 0 (server 2blog.ilc.edu.tw:443)
[Sat Aug 22 01:03:34.019584 2026] [authz_core:debug] [pid 632991:tid 632991] mod_authz_core.c(815): [client 216.73.216.122:21721] AH01626: authorization result of Require all granted: granted
[Sat Aug 22 01:03:34.019592 2026] [authz_core:debug] [pid 632991:tid 632991] mod_authz_core.c(815): [client 216.73.216.122:21721] AH01626: authorization result of : granted
[Sat Aug 22 01:03:34.019727 2026] [authz_core:debug] [pid 632991:tid 632991] mod_authz_core.c(815): [client 216.73.216.122:21721] AH01626: authorization result of Require all granted: granted
[Sat Aug 22 01:03:34.019734 2026] [authz_core:debug] [pid 632991:tid 632991] mod_authz_core.c(815): [client 216.73.216.122:21721] AH01626: authorization result of : granted
[Sat Aug 22 01:03:34.052744 2026] [ssl:debug] [pid 633024:tid 633024] ssl_engine_kernel.c(254): [client 216.73.216.122:7211] AH02034: Subsequent (No.11) HTTPS request received for child 23 (server 2blog.ilc.edu.tw:443), referer: https://2blog.ilc.edu.tw/3642/?p=2492
[Sat Aug 22 01:03:34.052927 2026] [authz_core:debug] [pid 633024:tid 633024] mod_authz_core.c(815): [client 216.73.216.122:7211] AH01626: authorization result of Require all granted: granted, referer: https://2blog.ilc.edu.tw/3642/?p=2492
[Sat Aug 22 01:03:34.052934 2026] [authz_core:debug] [pid 633024:tid 633024] mod_authz_core.c(815): [client 216.73.216.122:7211] AH01626: authorization result of : granted, referer: https://2blog.ilc.edu.tw/3642/?p=2492
[Sat Aug 22 01:03:34.053055 2026] [authz_core:debug] [pid 633024:tid 633024] mod_authz_core.c(815): [client 216.73.216.122:7211] AH01626: authorization result of Require all granted: granted, referer: https://2blog.ilc.edu.tw/3642/?p=2492
[Sat Aug 22 01:03:34.053061 2026] [authz_core:debug] [pid 633024:tid 633024] mod_authz_core.c(815): [client 216.73.216.122:7211] AH01626: authorization result of : granted, referer: https://2blog.ilc.edu.tw/3642/?p=2492
[Sat Aug 22 01:03:34.058513 2026] [deflate:debug] [pid 633055:tid 633055] mod_deflate.c(909): [client 216.73.216.122:49161] AH01384: Zlib: Compressed 46883 to 10494 : URL /index.php
[Sat Aug 22 01:03:34.067617 2026] [deflate:debug] [pid 633024:tid 633024] mod_deflate.c(909): [client 216.73.216.122:7211] AH01384: Zlib: Compressed 85603 to 14957 : URL /index.php, referer: https://2blog.ilc.edu.tw/3642/?p=2492
[Sat Aug 22 01:03:34.121523 2026] [ssl:debug] [pid 633052:tid 633052] ssl_engine_kernel.c(254): [client 216.73.216.122:12768] AH02034: Subsequent (No.9) HTTPS request received for child 50 (server 2blog.ilc.edu.tw:443)
[Sat Aug 22 01:03:34.121722 2026] [authz_core:debug] [pid 633052:tid 633052] mod_authz_core.c(815): [client 216.73.216.122:12768] AH01626: authorization result of Require all granted: granted
[Sat Aug 22 01:03:34.121728 2026] [authz_core:debug] [pid 633052:tid 633052] mod_authz_core.c(815): [client 216.73.216.122:12768] AH01626: authorization result of : granted
[Sat Aug 22 01:03:34.121835 2026] [authz_core:debug] [pid 633052:tid 633052] mod_authz_core.c(815): [client 216.73.216.122:12768] AH01626: authorization result of Require all granted: granted
[Sat Aug 22 01:03:34.121839 2026] [authz_core:debug] [pid 633052:tid 633052] mod_authz_core.c(815): [client 216.73.216.122:12768] AH01626: authorization result of : granted
[Sat Aug 22 01:03:34.133716 2026] [ssl:debug] [pid 633076:tid 633076] ssl_engine_kernel.c(254): [client 216.73.216.122:7035] AH02034: Subsequent (No.14) HTTPS request received for child 74 (server 2blog.ilc.edu.tw:443), referer: https://2blog.ilc.edu.tw/6418/?p=19256
[Sat Aug 22 01:03:34.133900 2026] [authz_core:debug] [pid 633076:tid 633076] mod_authz_core.c(815): [client 216.73.216.122:7035] AH01626: authorization result of Require all granted: granted, referer: https://2blog.ilc.edu.tw/6418/?p=19256
[Sat Aug 22 01:03:34.133906 2026] [authz_core:debug] [pid 633076:tid 633076] mod_authz_core.c(815): [client 216.73.216.122:7035] AH01626: authorization result of : granted, referer: https://2blog.ilc.edu.tw/6418/?p=19256
[Sat Aug 22 01:03:34.134034 2026] [authz_core:debug] [pid 633076:tid 633076] mod_authz_core.c(815): [client 216.73.216.122:7035] AH01626: authorization result of Require all granted: granted, referer: https://2blog.ilc.edu.tw/6418/?p=19256
[Sat Aug 22 01:03:34.134042 2026] [authz_core:debug] [pid 633076:tid 633076] mod_authz_core.c(815): [client 216.73.216.122:7035] AH01626: authorization result of : granted, referer: https://2blog.ilc.edu.tw/6418/?p=19256
[Sat Aug 22 01:03:34.149925 2026] [deflate:debug] [pid 633076:tid 633076] mod_deflate.c(909): [client 216.73.216.122:7035] AH01384: Zlib: Compressed 39754 to 9708 : URL /index.php, referer: https://2blog.ilc.edu.tw/6418/?p=19256
[Sat Aug 22 01:03:34.153055 2026] [ssl:info] [pid 632922:tid 632922] [client 2400:e920:0:2:f45d:ddff:fe00:7a:61144] AH01964: Connection to child 31 established (server 2blog.ilc.edu.tw:443)
[Sat Aug 22 01:03:34.153181 2026] [ssl:debug] [pid 632922:tid 632922] ssl_engine_kernel.c(2222): [client 2400:e920:0:2:f45d:ddff:fe00:7a:61144] AH02043: SSL virtual host for servername ilta.ilc.edu.tw found
[Sat Aug 22 01:03:34.153233 2026] [core:debug] [pid 632922:tid 632922] protocol.c(2460): [client 2400:e920:0:2:f45d:ddff:fe00:7a:61144] AH03155: select protocol from , choices=http/1.1 for server ilta.ilc.edu.tw
[Sat Aug 22 01:03:34.213673 2026] [ssl:debug] [pid 633042:tid 633042] ssl_engine_kernel.c(254): [client 216.73.216.122:9117] AH02034: Subsequent (No.9) HTTPS request received for child 42 (server 2blog.ilc.edu.tw:443)
[Sat Aug 22 01:03:34.213853 2026] [authz_core:debug] [pid 633042:tid 633042] mod_authz_core.c(815): [client 216.73.216.122:9117] AH01626: authorization result of Require all granted: granted
[Sat Aug 22 01:03:34.213858 2026] [authz_core:debug] [pid 633042:tid 633042] mod_authz_core.c(815): [client 216.73.216.122:9117] AH01626: authorization result of : granted
[Sat Aug 22 01:03:34.213965 2026] [authz_core:debug] [pid 633042:tid 633042] mod_authz_core.c(815): [client 216.73.216.122:9117] AH01626: authorization result of Require all granted: granted
[Sat Aug 22 01:03:34.213968 2026] [authz_core:debug] [pid 633042:tid 633042] mod_authz_core.c(815): [client 216.73.216.122:9117] AH01626: authorization result of : granted
[Sat Aug 22 01:03:34.261279 2026] [ssl:debug] [pid 632922:tid 632922] ssl_engine_kernel.c(2082): [client 2400:e920:0:2:f45d:ddff:fe00:7a:61144] AH02041: Protocol: TLSv1.3, Cipher: TLS_AES_256_GCM_SHA384 (256/256 bits)
[Sat Aug 22 01:03:34.261327 2026] [socache_shmcb:debug] [pid 632922:tid 632922] mod_socache_shmcb.c(508): AH00831: socache_shmcb_store (0x7c -> subcache 28)
[Sat Aug 22 01:03:34.261332 2026] [socache_shmcb:debug] [pid 632922:tid 632922] mod_socache_shmcb.c(745): AH00842: expiring 1 and reclaiming 0 removed socache entries
[Sat Aug 22 01:03:34.261334 2026] [socache_shmcb:debug] [pid 632922:tid 632922] mod_socache_shmcb.c(765): AH00843: we now have 38 socache entries
[Sat Aug 22 01:03:34.261336 2026] [socache_shmcb:debug] [pid 632922:tid 632922] mod_socache_shmcb.c(860): AH00847: insert happened at idx=21, data=(5625:5657)
[Sat Aug 22 01:03:34.261338 2026] [socache_shmcb:debug] [pid 632922:tid 632922] mod_socache_shmcb.c(863): AH00848: finished insert, subcache: idx_pos/idx_used=71/39, data_pos/data_used=10985/8729
[Sat Aug 22 01:03:34.261340 2026] [socache_shmcb:debug] [pid 632922:tid 632922] mod_socache_shmcb.c(530): AH00834: leaving socache_shmcb_store successfully
[Sat Aug 22 01:03:34.261390 2026] [socache_shmcb:debug] [pid 632922:tid 632922] mod_socache_shmcb.c(508): AH00831: socache_shmcb_store (0x77 -> subcache 23)
[Sat Aug 22 01:03:34.261394 2026] [socache_shmcb:debug] [pid 632922:tid 632922] mod_socache_shmcb.c(745): AH00842: expiring 1 and reclaiming 0 removed socache entries
[Sat Aug 22 01:03:34.261396 2026] [socache_shmcb:debug] [pid 632922:tid 632922] mod_socache_shmcb.c(765): AH00843: we now have 49 socache entries
[Sat Aug 22 01:03:34.261398 2026] [socache_shmcb:debug] [pid 632922:tid 632922] mod_socache_shmcb.c(860): AH00847: insert happened at idx=35, data=(8673:8705)
[Sat Aug 22 01:03:34.261407 2026] [socache_shmcb:debug] [pid 632922:tid 632922] mod_socache_shmcb.c(863): AH00848: finished insert, subcache: idx_pos/idx_used=74/50, data_pos/data_used=11572/11190
[Sat Aug 22 01:03:34.261409 2026] [socache_shmcb:debug] [pid 632922:tid 632922] mod_socache_shmcb.c(530): AH00834: leaving socache_shmcb_store successfully
[Sat Aug 22 01:03:34.261807 2026] [ssl:debug] [pid 632922:tid 632922] ssl_engine_kernel.c(254): [client 2400:e920:0:2:f45d:ddff:fe00:7a:61144] AH02034: Initial (No.1) HTTPS request received for child 31 (server ilta.ilc.edu.tw:443), referer: http://ilta.ilc.edu.tw
[Sat Aug 22 01:03:34.261964 2026] [authz_core:debug] [pid 632922:tid 632922] mod_authz_core.c(815): [client 2400:e920:0:2:f45d:ddff:fe00:7a:61144] AH01626: authorization result of Require all granted: granted, referer: http://ilta.ilc.edu.tw
[Sat Aug 22 01:03:34.261970 2026] [authz_core:debug] [pid 632922:tid 632922] mod_authz_core.c(815): [client 2400:e920:0:2:f45d:ddff:fe00:7a:61144] AH01626: authorization result of : granted, referer: http://ilta.ilc.edu.tw
[Sat Aug 22 01:03:34.303425 2026] [ssl:debug] [pid 633024:tid 633024] ssl_engine_kernel.c(254): [client 216.73.216.122:7211] AH02034: Subsequent (No.12) HTTPS request received for child 23 (server 2blog.ilc.edu.tw:443)
[Sat Aug 22 01:03:34.303591 2026] [authz_core:debug] [pid 633024:tid 633024] mod_authz_core.c(815): [client 216.73.216.122:7211] AH01626: authorization result of Require all granted: granted
[Sat Aug 22 01:03:34.303596 2026] [authz_core:debug] [pid 633024:tid 633024] mod_authz_core.c(815): [client 216.73.216.122:7211] AH01626: authorization result of : granted
[Sat Aug 22 01:03:34.303699 2026] [authz_core:debug] [pid 633024:tid 633024] mod_authz_core.c(815): [client 216.73.216.122:7211] AH01626: authorization result of Require all granted: granted
[Sat Aug 22 01:03:34.303702 2026] [authz_core:debug] [pid 633024:tid 633024] mod_authz_core.c(815): [client 216.73.216.122:7211] AH01626: authorization result of : granted
[Sat Aug 22 01:03:34.315127 2026] [ssl:debug] [pid 632991:tid 632991] ssl_engine_kernel.c(254): [client 216.73.216.122:21721] AH02034: Subsequent (No.12) HTTPS request received for child 0 (server 2blog.ilc.edu.tw:443), referer: https://2blog.ilc.edu.tw/6418/?p=19277
[Sat Aug 22 01:03:34.315355 2026] [authz_core:debug] [pid 632991:tid 632991] mod_authz_core.c(815): [client 216.73.216.122:21721] AH01626: authorization result of Require all granted: granted, referer: https://2blog.ilc.edu.tw/6418/?p=19277
[Sat Aug 22 01:03:34.315362 2026] [authz_core:debug] [pid 632991:tid 632991] mod_authz_core.c(815): [client 216.73.216.122:21721] AH01626: authorization result of : granted, referer: https://2blog.ilc.edu.tw/6418/?p=19277
[Sat Aug 22 01:03:34.315503 2026] [authz_core:debug] [pid 632991:tid 632991] mod_authz_core.c(815): [client 216.73.216.122:21721] AH01626: authorization result of Require all granted: granted, referer: https://2blog.ilc.edu.tw/6418/?p=19277
[Sat Aug 22 01:03:34.315510 2026] [authz_core:debug] [pid 632991:tid 632991] mod_authz_core.c(815): [client 216.73.216.122:21721] AH01626: authorization result of : granted, referer: https://2blog.ilc.edu.tw/6418/?p=19277
[Sat Aug 22 01:03:34.329479 2026] [deflate:debug] [pid 632991:tid 632991] mod_deflate.c(909): [client 216.73.216.122:21721] AH01384: Zlib: Compressed 38592 to 9476 : URL /index.php, referer: https://2blog.ilc.edu.tw/6418/?p=19277
[Sat Aug 22 01:03:34.352371 2026] [deflate:debug] [pid 632922:tid 632922] mod_deflate.c(909): [client 2400:e920:0:2:f45d:ddff:fe00:7a:61144] AH01384: Zlib: Compressed 13605 to 5006 : URL /wp-login.php, referer: http://ilta.ilc.edu.tw
[Sat Aug 22 01:03:34.387400 2026] [ssl:debug] [pid 633076:tid 633076] ssl_engine_kernel.c(254): [client 216.73.216.122:7035] AH02034: Subsequent (No.15) HTTPS request received for child 74 (server 2blog.ilc.edu.tw:443)
[Sat Aug 22 01:03:34.387623 2026] [authz_core:debug] [pid 633076:tid 633076] mod_authz_core.c(815): [client 216.73.216.122:7035] AH01626: authorization result of Require all granted: granted
[Sat Aug 22 01:03:34.387639 2026] [authz_core:debug] [pid 633076:tid 633076] mod_authz_core.c(815): [client 216.73.216.122:7035] AH01626: authorization result of : granted
[Sat Aug 22 01:03:34.387796 2026] [authz_core:debug] [pid 633076:tid 633076] mod_authz_core.c(815): [client 216.73.216.122:7035] AH01626: authorization result of Require all granted: granted
[Sat Aug 22 01:03:34.387802 2026] [authz_core:debug] [pid 633076:tid 633076] mod_authz_core.c(815): [client 216.73.216.122:7035] AH01626: authorization result of : granted
[Sat Aug 22 01:03:34.431753 2026] [ssl:debug] [pid 633052:tid 633052] ssl_engine_kernel.c(254): [client 216.73.216.122:12768] AH02034: Subsequent (No.10) HTTPS request received for child 50 (server 2blog.ilc.edu.tw:443), referer: https://2blog.ilc.edu.tw/6418/?p=19362
[Sat Aug 22 01:03:34.431940 2026] [authz_core:debug] [pid 633052:tid 633052] mod_authz_core.c(815): [client 216.73.216.122:12768] AH01626: authorization result of Require all granted: granted, referer: https://2blog.ilc.edu.tw/6418/?p=19362
[Sat Aug 22 01:03:34.431946 2026] [authz_core:debug] [pid 633052:tid 633052] mod_authz_core.c(815): [client 216.73.216.122:12768] AH01626: authorization result of : granted, referer: https://2blog.ilc.edu.tw/6418/?p=19362
[Sat Aug 22 01:03:34.432081 2026] [authz_core:debug] [pid 633052:tid 633052] mod_authz_core.c(815): [client 216.73.216.122:12768] AH01626: authorization result of Require all granted: granted, referer: https://2blog.ilc.edu.tw/6418/?p=19362
[Sat Aug 22 01:03:34.432087 2026] [authz_core:debug] [pid 633052:tid 633052] mod_authz_core.c(815): [client 216.73.216.122:12768] AH01626: authorization result of : granted, referer: https://2blog.ilc.edu.tw/6418/?p=19362
[Sat Aug 22 01:03:34.445022 2026] [deflate:debug] [pid 633052:tid 633052] mod_deflate.c(909): [client 216.73.216.122:12768] AH01384: Zlib: Compressed 39915 to 10113 : URL /index.php, referer: https://2blog.ilc.edu.tw/6418/?p=19362
[Sat Aug 22 01:03:34.451913 2026] [ssl:info] [pid 633000:tid 633000] (70014)End of file found: [client 2400:e920:0:2:f45d:ddff:fe00:7a:61083] AH01992: SSL library error 6 reading data
[Sat Aug 22 01:03:34.451993 2026] [ssl:debug] [pid 633000:tid 633000] ssl_engine_io.c(1150): [client 2400:e920:0:2:f45d:ddff:fe00:7a:61083] AH02001: Connection closed to child 8 with standard shutdown (server ilta.ilc.edu.tw:443)
[Sat Aug 22 01:03:34.460154 2026] [ssl:info] [pid 632922:tid 632922] (70014)End of file found: [client 2400:e920:0:2:f45d:ddff:fe00:7a:61144] AH01992: SSL library error 6 reading data
[Sat Aug 22 01:03:34.460228 2026] [ssl:debug] [pid 632922:tid 632922] ssl_engine_io.c(1150): [client 2400:e920:0:2:f45d:ddff:fe00:7a:61144] AH02001: Connection closed to child 31 with standard shutdown (server ilta.ilc.edu.tw:443)
[Sat Aug 22 01:03:34.477948 2026] [ssl:debug] [pid 633055:tid 633055] ssl_engine_kernel.c(254): [client 216.73.216.122:49161] AH02034: Subsequent (No.11) HTTPS request received for child 53 (server 2blog.ilc.edu.tw:443)
[Sat Aug 22 01:03:34.478130 2026] [authz_core:debug] [pid 633055:tid 633055] mod_authz_core.c(815): [client 216.73.216.122:49161] AH01626: authorization result of Require all granted: granted
[Sat Aug 22 01:03:34.478135 2026] [authz_core:debug] [pid 633055:tid 633055] mod_authz_core.c(815): [client 216.73.216.122:49161] AH01626: authorization result of : granted
[Sat Aug 22 01:03:34.478249 2026] [authz_core:debug] [pid 633055:tid 633055] mod_authz_core.c(815): [client 216.73.216.122:49161] AH01626: authorization result of Require all granted: granted
[Sat Aug 22 01:03:34.478253 2026] [authz_core:debug] [pid 633055:tid 633055] mod_authz_core.c(815): [client 216.73.216.122:49161] AH01626: authorization result of : granted
[Sat Aug 22 01:03:34.521780 2026] [ssl:debug] [pid 633042:tid 633042] ssl_engine_kernel.c(254): [client 216.73.216.122:9117] AH02034: Subsequent (No.10) HTTPS request received for child 42 (server 2blog.ilc.edu.tw:443), referer: https://2blog.ilc.edu.tw/6418/?p=19302
[Sat Aug 22 01:03:34.521964 2026] [authz_core:debug] [pid 633042:tid 633042] mod_authz_core.c(815): [client 216.73.216.122:9117] AH01626: authorization result of Require all granted: granted, referer: https://2blog.ilc.edu.tw/6418/?p=19302
[Sat Aug 22 01:03:34.521969 2026] [authz_core:debug] [pid 633042:tid 633042] mod_authz_core.c(815): [client 216.73.216.122:9117] AH01626: authorization result of : granted, referer: https://2blog.ilc.edu.tw/6418/?p=19302
[Sat Aug 22 01:03:34.522083 2026] [authz_core:debug] [pid 633042:tid 633042] mod_authz_core.c(815): [client 216.73.216.122:9117] AH01626: authorization result of Require all granted: granted, referer: https://2blog.ilc.edu.tw/6418/?p=19302
[Sat Aug 22 01:03:34.522088 2026] [authz_core:debug] [pid 633042:tid 633042] mod_authz_core.c(815): [client 216.73.216.122:9117] AH01626: authorization result of : granted, referer: https://2blog.ilc.edu.tw/6418/?p=19302
[Sat Aug 22 01:03:34.537925 2026] [deflate:debug] [pid 633042:tid 633042] mod_deflate.c(909): [client 216.73.216.122:9117] AH01384: Zlib: Compressed 46422 to 11067 : URL /index.php, referer: https://2blog.ilc.edu.tw/6418/?p=19302
[Sat Aug 22 01:03:34.568457 2026] [ssl:debug] [pid 632991:tid 632991] ssl_engine_kernel.c(254): [client 216.73.216.122:21721] AH02034: Subsequent (No.13) HTTPS request received for child 0 (server 2blog.ilc.edu.tw:443)
[Sat Aug 22 01:03:34.568634 2026] [authz_core:debug] [pid 632991:tid 632991] mod_authz_core.c(815): [client 216.73.216.122:21721] AH01626: authorization result of Require all granted: granted
[Sat Aug 22 01:03:34.568639 2026] [authz_core:debug] [pid 632991:tid 632991] mod_authz_core.c(815): [client 216.73.216.122:21721] AH01626: authorization result of : granted
[Sat Aug 22 01:03:34.568738 2026] [authz_core:debug] [pid 632991:tid 632991] mod_authz_core.c(815): [client 216.73.216.122:21721] AH01626: authorization result of Require all granted: granted
[Sat Aug 22 01:03:34.568741 2026] [authz_core:debug] [pid 632991:tid 632991] mod_authz_core.c(815): [client 216.73.216.122:21721] AH01626: authorization result of : granted
[Sat Aug 22 01:03:34.603588 2026] [ssl:debug] [pid 633024:tid 633024] ssl_engine_kernel.c(254): [client 216.73.216.122:7211] AH02034: Subsequent (No.13) HTTPS request received for child 23 (server 2blog.ilc.edu.tw:443), referer: https://2blog.ilc.edu.tw/6418/?p=19103
[Sat Aug 22 01:03:34.603755 2026] [authz_core:debug] [pid 633024:tid 633024] mod_authz_core.c(815): [client 216.73.216.122:7211] AH01626: authorization result of Require all granted: granted, referer: https://2blog.ilc.edu.tw/6418/?p=19103
[Sat Aug 22 01:03:34.603760 2026] [authz_core:debug] [pid 633024:tid 633024] mod_authz_core.c(815): [client 216.73.216.122:7211] AH01626: authorization result of : granted, referer: https://2blog.ilc.edu.tw/6418/?p=19103
[Sat Aug 22 01:03:34.603862 2026] [authz_core:debug] [pid 633024:tid 633024] mod_authz_core.c(815): [client 216.73.216.122:7211] AH01626: authorization result of Require all granted: granted, referer: https://2blog.ilc.edu.tw/6418/?p=19103
[Sat Aug 22 01:03:34.603866 2026] [authz_core:debug] [pid 633024:tid 633024] mod_authz_core.c(815): [client 216.73.216.122:7211] AH01626: authorization result of : granted, referer: https://2blog.ilc.edu.tw/6418/?p=19103
[Sat Aug 22 01:03:34.617321 2026] [deflate:debug] [pid 633024:tid 633024] mod_deflate.c(909): [client 216.73.216.122:7211] AH01384: Zlib: Compressed 63372 to 12305 : URL /index.php, referer: https://2blog.ilc.edu.tw/6418/?p=19103
[Sat Aug 22 01:03:34.671315 2026] [ssl:debug] [pid 633014:tid 633014] ssl_engine_kernel.c(254): [client 216.73.216.122:61332] AH02034: Subsequent (No.8) HTTPS request received for child 12 (server 2blog.ilc.edu.tw:443)
[Sat Aug 22 01:03:34.671525 2026] [authz_core:debug] [pid 633014:tid 633014] mod_authz_core.c(815): [client 216.73.216.122:61332] AH01626: authorization result of Require all granted: granted
[Sat Aug 22 01:03:34.671539 2026] [authz_core:debug] [pid 633014:tid 633014] mod_authz_core.c(815): [client 216.73.216.122:61332] AH01626: authorization result of : granted
[Sat Aug 22 01:03:34.671650 2026] [authz_core:debug] [pid 633014:tid 633014] mod_authz_core.c(815): [client 216.73.216.122:61332] AH01626: authorization result of Require all granted: granted
[Sat Aug 22 01:03:34.671654 2026] [authz_core:debug] [pid 633014:tid 633014] mod_authz_core.c(815): [client 216.73.216.122:61332] AH01626: authorization result of : granted
[Sat Aug 22 01:03:34.697171 2026] [ssl:debug] [pid 633076:tid 633076] ssl_engine_kernel.c(254): [client 216.73.216.122:7035] AH02034: Subsequent (No.16) HTTPS request received for child 74 (server 2blog.ilc.edu.tw:443), referer: https://2blog.ilc.edu.tw/3642/?p=2636
[Sat Aug 22 01:03:34.697354 2026] [authz_core:debug] [pid 633076:tid 633076] mod_authz_core.c(815): [client 216.73.216.122:7035] AH01626: authorization result of Require all granted: granted, referer: https://2blog.ilc.edu.tw/3642/?p=2636
[Sat Aug 22 01:03:34.697360 2026] [authz_core:debug] [pid 633076:tid 633076] mod_authz_core.c(815): [client 216.73.216.122:7035] AH01626: authorization result of : granted, referer: https://2blog.ilc.edu.tw/3642/?p=2636
[Sat Aug 22 01:03:34.697474 2026] [authz_core:debug] [pid 633076:tid 633076] mod_authz_core.c(815): [client 216.73.216.122:7035] AH01626: authorization result of Require all granted: granted, referer: https://2blog.ilc.edu.tw/3642/?p=2636
[Sat Aug 22 01:03:34.697481 2026] [authz_core:debug] [pid 633076:tid 633076] mod_authz_core.c(815): [client 216.73.216.122:7035] AH01626: authorization result of : granted, referer: https://2blog.ilc.edu.tw/3642/?p=2636
[Sat Aug 22 01:03:34.712165 2026] [deflate:debug] [pid 633076:tid 633076] mod_deflate.c(909): [client 216.73.216.122:7035] AH01384: Zlib: Compressed 54883 to 12254 : URL /index.php, referer: https://2blog.ilc.edu.tw/3642/?p=2636
[Sat Aug 22 01:03:34.780193 2026] [ssl:debug] [pid 633052:tid 633052] ssl_engine_kernel.c(254): [client 216.73.216.122:12768] AH02034: Subsequent (No.11) HTTPS request received for child 50 (server 2blog.ilc.edu.tw:443)
[Sat Aug 22 01:03:34.780393 2026] [authz_core:debug] [pid 633052:tid 633052] mod_authz_core.c(815): [client 216.73.216.122:12768] AH01626: authorization result of Require all granted: granted
[Sat Aug 22 01:03:34.780399 2026] [authz_core:debug] [pid 633052:tid 633052] mod_authz_core.c(815): [client 216.73.216.122:12768] AH01626: authorization result of : granted
[Sat Aug 22 01:03:34.780505 2026] [authz_core:debug] [pid 633052:tid 633052] mod_authz_core.c(815): [client 216.73.216.122:12768] AH01626: authorization result of Require all granted: granted
[Sat Aug 22 01:03:34.780509 2026] [authz_core:debug] [pid 633052:tid 633052] mod_authz_core.c(815): [client 216.73.216.122:12768] AH01626: authorization result of : granted
[Sat Aug 22 01:03:34.781482 2026] [ssl:debug] [pid 633055:tid 633055] ssl_engine_kernel.c(254): [client 216.73.216.122:49161] AH02034: Subsequent (No.12) HTTPS request received for child 53 (server 2blog.ilc.edu.tw:443), referer: https://2blog.ilc.edu.tw/6418/?p=19098
[Sat Aug 22 01:03:34.781628 2026] [authz_core:debug] [pid 633055:tid 633055] mod_authz_core.c(815): [client 216.73.216.122:49161] AH01626: authorization result of Require all granted: granted, referer: https://2blog.ilc.edu.tw/6418/?p=19098
[Sat Aug 22 01:03:34.781633 2026] [authz_core:debug] [pid 633055:tid 633055] mod_authz_core.c(815): [client 216.73.216.122:49161] AH01626: authorization result of : granted, referer: https://2blog.ilc.edu.tw/6418/?p=19098
[Sat Aug 22 01:03:34.781729 2026] [authz_core:debug] [pid 633055:tid 633055] mod_authz_core.c(815): [client 216.73.216.122:49161] AH01626: authorization result of Require all granted: granted, referer: https://2blog.ilc.edu.tw/6418/?p=19098
[Sat Aug 22 01:03:34.781733 2026] [authz_core:debug] [pid 633055:tid 633055] mod_authz_core.c(815): [client 216.73.216.122:49161] AH01626: authorization result of : granted, referer: https://2blog.ilc.edu.tw/6418/?p=19098
[Sat Aug 22 01:03:34.796056 2026] [deflate:debug] [pid 633055:tid 633055] mod_deflate.c(909): [client 216.73.216.122:49161] AH01384: Zlib: Compressed 81887 to 12420 : URL /index.php, referer: https://2blog.ilc.edu.tw/6418/?p=19098
[Sat Aug 22 01:03:34.798384 2026] [deflate:debug] [pid 633014:tid 633014] mod_deflate.c(909): [client 216.73.216.122:61332] AH01384: Zlib: Compressed 31727 to 8122 : URL /index.php
[Sat Aug 22 01:03:34.854761 2026] [ssl:debug] [pid 633042:tid 633042] ssl_engine_kernel.c(254): [client 216.73.216.122:9117] AH02034: Subsequent (No.11) HTTPS request received for child 42 (server 2blog.ilc.edu.tw:443)
[Sat Aug 22 01:03:34.854934 2026] [authz_core:debug] [pid 633042:tid 633042] mod_authz_core.c(815): [client 216.73.216.122:9117] AH01626: authorization result of Require all granted: granted
[Sat Aug 22 01:03:34.854939 2026] [authz_core:debug] [pid 633042:tid 633042] mod_authz_core.c(815): [client 216.73.216.122:9117] AH01626: authorization result of : granted
[Sat Aug 22 01:03:34.855051 2026] [authz_core:debug] [pid 633042:tid 633042] mod_authz_core.c(815): [client 216.73.216.122:9117] AH01626: authorization result of Require all granted: granted
[Sat Aug 22 01:03:34.855056 2026] [authz_core:debug] [pid 633042:tid 633042] mod_authz_core.c(815): [client 216.73.216.122:9117] AH01626: authorization result of : granted
[Sat Aug 22 01:03:34.857469 2026] [ssl:debug] [pid 632991:tid 632991] ssl_engine_kernel.c(254): [client 216.73.216.122:21721] AH02034: Subsequent (No.14) HTTPS request received for child 0 (server 2blog.ilc.edu.tw:443), referer: https://2blog.ilc.edu.tw/6418/?p=19199
[Sat Aug 22 01:03:34.857626 2026] [authz_core:debug] [pid 632991:tid 632991] mod_authz_core.c(815): [client 216.73.216.122:21721] AH01626: authorization result of Require all granted: granted, referer: https://2blog.ilc.edu.tw/6418/?p=19199
[Sat Aug 22 01:03:34.857631 2026] [authz_core:debug] [pid 632991:tid 632991] mod_authz_core.c(815): [client 216.73.216.122:21721] AH01626: authorization result of : granted, referer: https://2blog.ilc.edu.tw/6418/?p=19199
[Sat Aug 22 01:03:34.857744 2026] [authz_core:debug] [pid 632991:tid 632991] mod_authz_core.c(815): [client 216.73.216.122:21721] AH01626: authorization result of Require all granted: granted, referer: https://2blog.ilc.edu.tw/6418/?p=19199
[Sat Aug 22 01:03:34.857748 2026] [authz_core:debug] [pid 632991:tid 632991] mod_authz_core.c(815): [client 216.73.216.122:21721] AH01626: authorization result of : granted, referer: https://2blog.ilc.edu.tw/6418/?p=19199
[Sat Aug 22 01:03:34.873602 2026] [deflate:debug] [pid 632991:tid 632991] mod_deflate.c(909): [client 216.73.216.122:21721] AH01384: Zlib: Compressed 38629 to 9564 : URL /index.php, referer: https://2blog.ilc.edu.tw/6418/?p=19199
[Sat Aug 22 01:03:34.944805 2026] [ssl:debug] [pid 633024:tid 633024] ssl_engine_kernel.c(254): [client 216.73.216.122:7211] AH02034: Subsequent (No.14) HTTPS request received for child 23 (server 2blog.ilc.edu.tw:443)
[Sat Aug 22 01:03:34.945053 2026] [authz_core:debug] [pid 633024:tid 633024] mod_authz_core.c(815): [client 216.73.216.122:7211] AH01626: authorization result of Require all granted: granted
[Sat Aug 22 01:03:34.945061 2026] [authz_core:debug] [pid 633024:tid 633024] mod_authz_core.c(815): [client 216.73.216.122:7211] AH01626: authorization result of : granted
[Sat Aug 22 01:03:34.945194 2026] [authz_core:debug] [pid 633024:tid 633024] mod_authz_core.c(815): [client 216.73.216.122:7211] AH01626: authorization result of Require all granted: granted
[Sat Aug 22 01:03:34.945200 2026] [authz_core:debug] [pid 633024:tid 633024] mod_authz_core.c(815): [client 216.73.216.122:7211] AH01626: authorization result of : granted
[Sat Aug 22 01:03:35.025295 2026] [ssl:debug] [pid 633055:tid 633055] ssl_engine_kernel.c(254): [client 216.73.216.122:49161] AH02034: Subsequent (No.13) HTTPS request received for child 53 (server 2blog.ilc.edu.tw:443)
[Sat Aug 22 01:03:35.025544 2026] [authz_core:debug] [pid 633055:tid 633055] mod_authz_core.c(815): [client 216.73.216.122:49161] AH01626: authorization result of Require all granted: granted
[Sat Aug 22 01:03:35.025554 2026] [authz_core:debug] [pid 633055:tid 633055] mod_authz_core.c(815): [client 216.73.216.122:49161] AH01626: authorization result of : granted
[Sat Aug 22 01:03:35.025670 2026] [authz_core:debug] [pid 633055:tid 633055] mod_authz_core.c(815): [client 216.73.216.122:49161] AH01626: authorization result of Require all granted: granted
[Sat Aug 22 01:03:35.025674 2026] [authz_core:debug] [pid 633055:tid 633055] mod_authz_core.c(815): [client 216.73.216.122:49161] AH01626: authorization result of : granted
[Sat Aug 22 01:03:35.026174 2026] [ssl:info] [pid 632881:tid 632881] [client 52.167.144.54:56262] AH01964: Connection to child 26 established (server 2blog.ilc.edu.tw:443)
[Sat Aug 22 01:03:35.026305 2026] [ssl:debug] [pid 632881:tid 632881] ssl_engine_kernel.c(2222): [client 52.167.144.54:56262] AH02043: SSL virtual host for servername www.kkes.ilc.edu.tw found
[Sat Aug 22 01:03:35.026391 2026] [core:debug] [pid 632881:tid 632881] protocol.c(2460): [client 52.167.144.54:56262] AH03155: select protocol from , choices=h2,http/1.1 for server www.kkes.ilc.edu.tw
[Sat Aug 22 01:03:35.026432 2026] [ssl:debug] [pid 632881:tid 632881] ssl_util_stapling.c(819): AH01951: stapling_cb: OCSP Stapling callback called
[Sat Aug 22 01:03:35.026437 2026] [ssl:info] [pid 632881:tid 632881] AH01926: stapling_get_certinfo: stapling not supported for certificate
[Sat Aug 22 01:03:35.094331 2026] [ssl:debug] [pid 633052:tid 633052] ssl_engine_kernel.c(254): [client 216.73.216.122:12768] AH02034: Subsequent (No.12) HTTPS request received for child 50 (server 2blog.ilc.edu.tw:443), referer: https://2blog.ilc.edu.tw/6418/?p=19196
[Sat Aug 22 01:03:35.094499 2026] [authz_core:debug] [pid 633052:tid 633052] mod_authz_core.c(815): [client 216.73.216.122:12768] AH01626: authorization result of Require all granted: granted, referer: https://2blog.ilc.edu.tw/6418/?p=19196
[Sat Aug 22 01:03:35.094504 2026] [authz_core:debug] [pid 633052:tid 633052] mod_authz_core.c(815): [client 216.73.216.122:12768] AH01626: authorization result of : granted, referer: https://2blog.ilc.edu.tw/6418/?p=19196
[Sat Aug 22 01:03:35.094603 2026] [authz_core:debug] [pid 633052:tid 633052] mod_authz_core.c(815): [client 216.73.216.122:12768] AH01626: authorization result of Require all granted: granted, referer: https://2blog.ilc.edu.tw/6418/?p=19196
[Sat Aug 22 01:03:35.094606 2026] [authz_core:debug] [pid 633052:tid 633052] mod_authz_core.c(815): [client 216.73.216.122:12768] AH01626: authorization result of : granted, referer: https://2blog.ilc.edu.tw/6418/?p=19196
[Sat Aug 22 01:03:35.109340 2026] [deflate:debug] [pid 633052:tid 633052] mod_deflate.c(909): [client 216.73.216.122:12768] AH01384: Zlib: Compressed 40794 to 10438 : URL /index.php, referer: https://2blog.ilc.edu.tw/6418/?p=19196
[Sat Aug 22 01:03:35.116503 2026] [ssl:debug] [pid 632991:tid 632991] ssl_engine_kernel.c(254): [client 216.73.216.122:21721] AH02034: Subsequent (No.15) HTTPS request received for child 0 (server 2blog.ilc.edu.tw:443)
[Sat Aug 22 01:03:35.116689 2026] [authz_core:debug] [pid 632991:tid 632991] mod_authz_core.c(815): [client 216.73.216.122:21721] AH01626: authorization result of Require all granted: granted
[Sat Aug 22 01:03:35.116694 2026] [authz_core:debug] [pid 632991:tid 632991] mod_authz_core.c(815): [client 216.73.216.122:21721] AH01626: authorization result of : granted
[Sat Aug 22 01:03:35.116795 2026] [authz_core:debug] [pid 632991:tid 632991] mod_authz_core.c(815): [client 216.73.216.122:21721] AH01626: authorization result of Require all granted: granted
[Sat Aug 22 01:03:35.116799 2026] [authz_core:debug] [pid 632991:tid 632991] mod_authz_core.c(815): [client 216.73.216.122:21721] AH01626: authorization result of : granted
[Sat Aug 22 01:03:35.159977 2026] [ssl:debug] [pid 633042:tid 633042] ssl_engine_kernel.c(254): [client 216.73.216.122:9117] AH02034: Subsequent (No.12) HTTPS request received for child 42 (server 2blog.ilc.edu.tw:443), referer: https://2blog.ilc.edu.tw/6418/?p=20770
[Sat Aug 22 01:03:35.160224 2026] [authz_core:debug] [pid 633042:tid 633042] mod_authz_core.c(815): [client 216.73.216.122:9117] AH01626: authorization result of Require all granted: granted, referer: https://2blog.ilc.edu.tw/6418/?p=20770
[Sat Aug 22 01:03:35.160230 2026] [authz_core:debug] [pid 633042:tid 633042] mod_authz_core.c(815): [client 216.73.216.122:9117] AH01626: authorization result of : granted, referer: https://2blog.ilc.edu.tw/6418/?p=20770
[Sat Aug 22 01:03:35.160337 2026] [authz_core:debug] [pid 633042:tid 633042] mod_authz_core.c(815): [client 216.73.216.122:9117] AH01626: authorization result of Require all granted: granted, referer: https://2blog.ilc.edu.tw/6418/?p=20770
[Sat Aug 22 01:03:35.160341 2026] [authz_core:debug] [pid 633042:tid 633042] mod_authz_core.c(815): [client 216.73.216.122:9117] AH01626: authorization result of : granted, referer: https://2blog.ilc.edu.tw/6418/?p=20770
[Sat Aug 22 01:03:35.174677 2026] [deflate:debug] [pid 633042:tid 633042] mod_deflate.c(909): [client 216.73.216.122:9117] AH01384: Zlib: Compressed 38552 to 9528 : URL /index.php, referer: https://2blog.ilc.edu.tw/6418/?p=20770
[Sat Aug 22 01:03:35.178633 2026] [ssl:debug] [pid 633040:tid 633040] ssl_engine_kernel.c(254): [client 36.229.152.47:35746] AH02034: Subsequent (No.3) HTTPS request received for child 41 (server 2blog.ilc.edu.tw:443), referer: https://2blog.ilc.edu.tw/ltjhinformation/2022/08/05/%E5%B0%8E%E5%B8%AB%E7%9A%84%E5%A5%BD%E5%B9%AB%E6%89%8B_line%E5%AE%98%E6%96%B9%E5%B8%B3%E8%99%9F%E7%9A%84%E7%94%B3%E8%AB%8B%E8%A8%AD%E5%AE%9A%E8%88%87%E4%BD%BF%E7%94%A8/
[Sat Aug 22 01:03:35.178813 2026] [authz_core:debug] [pid 633040:tid 633040] mod_authz_core.c(815): [client 36.229.152.47:35746] AH01626: authorization result of Require all granted: granted, referer: https://2blog.ilc.edu.tw/ltjhinformation/2022/08/05/%E5%B0%8E%E5%B8%AB%E7%9A%84%E5%A5%BD%E5%B9%AB%E6%89%8B_line%E5%AE%98%E6%96%B9%E5%B8%B3%E8%99%9F%E7%9A%84%E7%94%B3%E8%AB%8B%E8%A8%AD%E5%AE%9A%E8%88%87%E4%BD%BF%E7%94%A8/
[Sat Aug 22 01:03:35.178821 2026] [authz_core:debug] [pid 633040:tid 633040] mod_authz_core.c(815): [client 36.229.152.47:35746] AH01626: authorization result of : granted, referer: https://2blog.ilc.edu.tw/ltjhinformation/2022/08/05/%E5%B0%8E%E5%B8%AB%E7%9A%84%E5%A5%BD%E5%B9%AB%E6%89%8B_line%E5%AE%98%E6%96%B9%E5%B8%B3%E8%99%9F%E7%9A%84%E7%94%B3%E8%AB%8B%E8%A8%AD%E5%AE%9A%E8%88%87%E4%BD%BF%E7%94%A8/
[Sat Aug 22 01:03:35.179200 2026] [authz_core:debug] [pid 633040:tid 633040] mod_authz_core.c(815): [client 36.229.152.47:35746] AH01626: authorization result of Require all granted: granted, referer: https://2blog.ilc.edu.tw/ltjhinformation/2022/08/05/%E5%B0%8E%E5%B8%AB%E7%9A%84%E5%A5%BD%E5%B9%AB%E6%89%8B_line%E5%AE%98%E6%96%B9%E5%B8%B3%E8%99%9F%E7%9A%84%E7%94%B3%E8%AB%8B%E8%A8%AD%E5%AE%9A%E8%88%87%E4%BD%BF%E7%94%A8/
[Sat Aug 22 01:03:35.179210 2026] [authz_core:debug] [pid 633040:tid 633040] mod_authz_core.c(815): [client 36.229.152.47:35746] AH01626: authorization result of : granted, referer: https://2blog.ilc.edu.tw/ltjhinformation/2022/08/05/%E5%B0%8E%E5%B8%AB%E7%9A%84%E5%A5%BD%E5%B9%AB%E6%89%8B_line%E5%AE%98%E6%96%B9%E5%B8%B3%E8%99%9F%E7%9A%84%E7%94%B3%E8%AB%8B%E8%A8%AD%E5%AE%9A%E8%88%87%E4%BD%BF%E7%94%A8/
[Sat Aug 22 01:03:35.217808 2026] [ssl:debug] [pid 633014:tid 633014] ssl_engine_kernel.c(254): [client 216.73.216.122:61332] AH02034: Subsequent (No.9) HTTPS request received for child 12 (server 2blog.ilc.edu.tw:443)
[Sat Aug 22 01:03:35.218012 2026] [authz_core:debug] [pid 633014:tid 633014] mod_authz_core.c(815): [client 216.73.216.122:61332] AH01626: authorization result of Require all granted: granted
[Sat Aug 22 01:03:35.218019 2026] [authz_core:debug] [pid 633014:tid 633014] mod_authz_core.c(815): [client 216.73.216.122:61332] AH01626: authorization result of : granted
[Sat Aug 22 01:03:35.218176 2026] [authz_core:debug] [pid 633014:tid 633014] mod_authz_core.c(815): [client 216.73.216.122:61332] AH01626: authorization result of Require all granted: granted
[Sat Aug 22 01:03:35.218185 2026] [authz_core:debug] [pid 633014:tid 633014] mod_authz_core.c(815): [client 216.73.216.122:61332] AH01626: authorization result of : granted
