[Sat Aug 22 01:02:48.429186 2026] [socache_shmcb:debug] [pid 632993:tid 632993] mod_socache_shmcb.c(860): AH00847: insert happened at idx=18, data=(4855:4887)
[Sat Aug 22 01:02:48.429189 2026] [socache_shmcb:debug] [pid 632993:tid 632993] mod_socache_shmcb.c(863): AH00848: finished insert, subcache: idx_pos/idx_used=56/51, data_pos/data_used=7554/11390
[Sat Aug 22 01:02:48.429192 2026] [socache_shmcb:debug] [pid 632993:tid 632993] mod_socache_shmcb.c(530): AH00834: leaving socache_shmcb_store successfully
[Sat Aug 22 01:02:48.429541 2026] [ssl:debug] [pid 632993:tid 632993] ssl_engine_kernel.c(254): [client 2400:e920:0:2:f45d:ddff:fe00:7a:58007] AH02034: Initial (No.1) HTTPS request received for child 1 (server ilta.ilc.edu.tw:443), referer: http://ilta.ilc.edu.tw
[Sat Aug 22 01:02:48.429767 2026] [authz_core:debug] [pid 632993:tid 632993] mod_authz_core.c(815): [client 2400:e920:0:2:f45d:ddff:fe00:7a:58007] AH01626: authorization result of Require all granted: granted, referer: http://ilta.ilc.edu.tw
[Sat Aug 22 01:02:48.429773 2026] [authz_core:debug] [pid 632993:tid 632993] mod_authz_core.c(815): [client 2400:e920:0:2:f45d:ddff:fe00:7a:58007] AH01626: authorization result of : granted, referer: http://ilta.ilc.edu.tw
[Sat Aug 22 01:02:48.443819 2026] [ssl:debug] [pid 632883:tid 632883] ssl_engine_kernel.c(254): [client 2408:823c:a615:5d90:8ede:f9ff:fe82:c171:54126] AH02034: Subsequent (No.2) HTTPS request received for child 28 (server www.cwjh.ilc.edu.tw:443), referer: https://www.cwjh.ilc.edu.tw/category/c-8634/
[Sat Aug 22 01:02:48.443994 2026] [authz_core:debug] [pid 632883:tid 632883] mod_authz_core.c(815): [client 2408:823c:a615:5d90:8ede:f9ff:fe82:c171:54126] AH01626: authorization result of Require all granted: granted, referer: https://www.cwjh.ilc.edu.tw/category/c-8634/
[Sat Aug 22 01:02:48.443999 2026] [authz_core:debug] [pid 632883:tid 632883] mod_authz_core.c(815): [client 2408:823c:a615:5d90:8ede:f9ff:fe82:c171:54126] AH01626: authorization result of : granted, referer: https://www.cwjh.ilc.edu.tw/category/c-8634/
[Sat Aug 22 01:02:48.444456 2026] [deflate:debug] [pid 632883:tid 632883] mod_deflate.c(909): [client 2408:823c:a615:5d90:8ede:f9ff:fe82:c171:54126] AH01384: Zlib: Compressed 19719 to 4232 : URL /wp-content/themes/oceanwp/assets/js/theme.min.js, referer: https://www.cwjh.ilc.edu.tw/category/c-8634/
[Sat Aug 22 01:02:48.550606 2026] [deflate:debug] [pid 632993:tid 632993] mod_deflate.c(909): [client 2400:e920:0:2:f45d:ddff:fe00:7a:58007] AH01384: Zlib: Compressed 13605 to 5007 : URL /wp-login.php, referer: http://ilta.ilc.edu.tw
[Sat Aug 22 01:02:48.588712 2026] [ssl:debug] [pid 628122:tid 628122] ssl_engine_kernel.c(254): [client 2408:823c:a615:5d90:8ede:f9ff:fe82:c171:54124] AH02034: Subsequent (No.2) HTTPS request received for child 49 (server www.cwjh.ilc.edu.tw:443), referer: https://www.cwjh.ilc.edu.tw/category/c-8634/
[Sat Aug 22 01:02:48.588915 2026] [authz_core:debug] [pid 628122:tid 628122] mod_authz_core.c(815): [client 2408:823c:a615:5d90:8ede:f9ff:fe82:c171:54124] AH01626: authorization result of Require all granted: granted, referer: https://www.cwjh.ilc.edu.tw/category/c-8634/
[Sat Aug 22 01:02:48.588927 2026] [authz_core:debug] [pid 628122:tid 628122] mod_authz_core.c(815): [client 2408:823c:a615:5d90:8ede:f9ff:fe82:c171:54124] AH01626: authorization result of : granted, referer: https://www.cwjh.ilc.edu.tw/category/c-8634/
[Sat Aug 22 01:02:48.589374 2026] [deflate:debug] [pid 628122:tid 628122] mod_deflate.c(909): [client 2408:823c:a615:5d90:8ede:f9ff:fe82:c171:54124] AH01384: Zlib: Compressed 14581 to 3765 : URL /wp-content/themes/oceanwp/assets/js/drop-down-mobile-menu.min.js, referer: https://www.cwjh.ilc.edu.tw/category/c-8634/
[Sat Aug 22 01:02:48.589997 2026] [ssl:debug] [pid 632863:tid 632863] ssl_engine_kernel.c(254): [client 2408:823c:a615:5d90:8ede:f9ff:fe82:c171:54122] AH02034: Subsequent (No.2) HTTPS request received for child 4 (server www.cwjh.ilc.edu.tw:443), referer: https://www.cwjh.ilc.edu.tw/category/c-8634/
[Sat Aug 22 01:02:48.590180 2026] [authz_core:debug] [pid 632863:tid 632863] mod_authz_core.c(815): [client 2408:823c:a615:5d90:8ede:f9ff:fe82:c171:54122] AH01626: authorization result of Require all granted: granted, referer: https://www.cwjh.ilc.edu.tw/category/c-8634/
[Sat Aug 22 01:02:48.590186 2026] [authz_core:debug] [pid 632863:tid 632863] mod_authz_core.c(815): [client 2408:823c:a615:5d90:8ede:f9ff:fe82:c171:54122] AH01626: authorization result of : granted, referer: https://www.cwjh.ilc.edu.tw/category/c-8634/
[Sat Aug 22 01:02:48.590465 2026] [deflate:debug] [pid 632863:tid 632863] mod_deflate.c(909): [client 2408:823c:a615:5d90:8ede:f9ff:fe82:c171:54122] AH01384: Zlib: Compressed 7540 to 2070 : URL /wp-content/themes/oceanwp/assets/js/drop-down-search.min.js, referer: https://www.cwjh.ilc.edu.tw/category/c-8634/
[Sat Aug 22 01:02:48.594684 2026] [ssl:debug] [pid 632991:tid 632991] ssl_engine_kernel.c(254): [client 66.249.71.37:45857] AH02034: Subsequent (No.4) HTTPS request received for child 0 (server 2blog.ilc.edu.tw:443), referer: https://2blog.ilc.edu.tw/1003/tag/%E5%AF%AB%E4%BD%9C/
[Sat Aug 22 01:02:48.594821 2026] [authz_core:debug] [pid 632991:tid 632991] mod_authz_core.c(815): [client 66.249.71.37:45857] AH01626: authorization result of Require all granted: granted, referer: https://2blog.ilc.edu.tw/1003/tag/%E5%AF%AB%E4%BD%9C/
[Sat Aug 22 01:02:48.594826 2026] [authz_core:debug] [pid 632991:tid 632991] mod_authz_core.c(815): [client 66.249.71.37:45857] AH01626: authorization result of : granted, referer: https://2blog.ilc.edu.tw/1003/tag/%E5%AF%AB%E4%BD%9C/
[Sat Aug 22 01:02:48.594928 2026] [authz_core:debug] [pid 632991:tid 632991] mod_authz_core.c(815): [client 66.249.71.37:45857] AH01626: authorization result of Require all granted: granted, referer: https://2blog.ilc.edu.tw/1003/tag/%E5%AF%AB%E4%BD%9C/
[Sat Aug 22 01:02:48.594932 2026] [authz_core:debug] [pid 632991:tid 632991] mod_authz_core.c(815): [client 66.249.71.37:45857] AH01626: authorization result of : granted, referer: https://2blog.ilc.edu.tw/1003/tag/%E5%AF%AB%E4%BD%9C/
[Sat Aug 22 01:02:48.595063 2026] [deflate:debug] [pid 632991:tid 632991] mod_deflate.c(909): [client 66.249.71.37:45857] AH01384: Zlib: Compressed 2470 to 1036 : URL /wp-content/themes/textbook/assets/js/functions.js, referer: https://2blog.ilc.edu.tw/1003/tag/%E5%AF%AB%E4%BD%9C/
[Sat Aug 22 01:02:48.658816 2026] [ssl:info] [pid 632888:tid 632888] (70014)End of file found: [client 2400:e920:0:2:f45d:ddff:fe00:7a:57971] AH01992: SSL library error 6 reading data
[Sat Aug 22 01:02:48.658865 2026] [ssl:info] [pid 632993:tid 632993] (70014)End of file found: [client 2400:e920:0:2:f45d:ddff:fe00:7a:58007] AH01992: SSL library error 6 reading data
[Sat Aug 22 01:02:48.658898 2026] [ssl:debug] [pid 632888:tid 632888] ssl_engine_io.c(1150): [client 2400:e920:0:2:f45d:ddff:fe00:7a:57971] AH02001: Connection closed to child 33 with standard shutdown (server ilta.ilc.edu.tw:443)
[Sat Aug 22 01:02:48.658922 2026] [ssl:debug] [pid 632993:tid 632993] ssl_engine_io.c(1150): [client 2400:e920:0:2:f45d:ddff:fe00:7a:58007] AH02001: Connection closed to child 1 with standard shutdown (server ilta.ilc.edu.tw:443)
[Sat Aug 22 01:02:48.659036 2026] [ssl:info] [pid 632993:tid 632993] [client 140.111.67.10:51981] AH01964: Connection to child 1 established (server 2blog.ilc.edu.tw:443)
[Sat Aug 22 01:02:48.659161 2026] [ssl:info] [pid 632993:tid 632993] (70014)End of file found: [client 140.111.67.10:51981] AH02006: SSL handshake stopped: connection was closed
[Sat Aug 22 01:02:48.659168 2026] [ssl:info] [pid 632993:tid 632993] [client 140.111.67.10:51981] AH01998: Connection closed to child 1 with abortive shutdown (server 2blog.ilc.edu.tw:443)
[Sat Aug 22 01:02:48.824893 2026] [ssl:debug] [pid 632883:tid 632883] ssl_engine_kernel.c(254): [client 2408:823c:a615:5d90:8ede:f9ff:fe82:c171:54126] AH02034: Subsequent (No.3) HTTPS request received for child 28 (server www.cwjh.ilc.edu.tw:443), referer: https://www.cwjh.ilc.edu.tw/category/c-8634/
[Sat Aug 22 01:02:48.825124 2026] [authz_core:debug] [pid 632883:tid 632883] mod_authz_core.c(815): [client 2408:823c:a615:5d90:8ede:f9ff:fe82:c171:54126] AH01626: authorization result of Require all granted: granted, referer: https://www.cwjh.ilc.edu.tw/category/c-8634/
[Sat Aug 22 01:02:48.825131 2026] [authz_core:debug] [pid 632883:tid 632883] mod_authz_core.c(815): [client 2408:823c:a615:5d90:8ede:f9ff:fe82:c171:54126] AH01626: authorization result of : granted, referer: https://www.cwjh.ilc.edu.tw/category/c-8634/
[Sat Aug 22 01:02:48.825374 2026] [deflate:debug] [pid 632883:tid 632883] mod_deflate.c(909): [client 2408:823c:a615:5d90:8ede:f9ff:fe82:c171:54126] AH01384: Zlib: Compressed 4111 to 1423 : URL /wp-content/themes/oceanwp/assets/js/ow-lightbox.min.js, referer: https://www.cwjh.ilc.edu.tw/category/c-8634/
[Sat Aug 22 01:02:48.843505 2026] [ssl:debug] [pid 632881:tid 632881] ssl_engine_io.c(1150): [client 40.77.167.159:36914] AH02001: Connection closed to child 26 with standard shutdown (server 2blog.ilc.edu.tw:443)
[Sat Aug 22 01:02:49.020090 2026] [ssl:debug] [pid 632922:tid 632922] ssl_engine_kernel.c(254): [client 2408:823c:a615:5d90:8ede:f9ff:fe82:c171:54120] AH02034: Subsequent (No.2) HTTPS request received for child 31 (server www.cwjh.ilc.edu.tw:443), referer: https://www.cwjh.ilc.edu.tw/category/c-8634/
[Sat Aug 22 01:02:49.020359 2026] [authz_core:debug] [pid 632922:tid 632922] mod_authz_core.c(815): [client 2408:823c:a615:5d90:8ede:f9ff:fe82:c171:54120] AH01626: authorization result of Require all granted: granted, referer: https://www.cwjh.ilc.edu.tw/category/c-8634/
[Sat Aug 22 01:02:49.020366 2026] [authz_core:debug] [pid 632922:tid 632922] mod_authz_core.c(815): [client 2408:823c:a615:5d90:8ede:f9ff:fe82:c171:54120] AH01626: authorization result of : granted, referer: https://www.cwjh.ilc.edu.tw/category/c-8634/
[Sat Aug 22 01:02:49.020663 2026] [ssl:debug] [pid 628122:tid 628122] ssl_engine_kernel.c(254): [client 2408:823c:a615:5d90:8ede:f9ff:fe82:c171:54124] AH02034: Subsequent (No.3) HTTPS request received for child 49 (server www.cwjh.ilc.edu.tw:443), referer: https://www.cwjh.ilc.edu.tw/category/c-8634/
[Sat Aug 22 01:02:49.020826 2026] [authz_core:debug] [pid 628122:tid 628122] mod_authz_core.c(815): [client 2408:823c:a615:5d90:8ede:f9ff:fe82:c171:54124] AH01626: authorization result of Require all granted: granted, referer: https://www.cwjh.ilc.edu.tw/category/c-8634/
[Sat Aug 22 01:02:49.020832 2026] [authz_core:debug] [pid 628122:tid 628122] mod_authz_core.c(815): [client 2408:823c:a615:5d90:8ede:f9ff:fe82:c171:54124] AH01626: authorization result of : granted, referer: https://www.cwjh.ilc.edu.tw/category/c-8634/
[Sat Aug 22 01:02:49.021219 2026] [deflate:debug] [pid 628122:tid 628122] mod_deflate.c(909): [client 2408:823c:a615:5d90:8ede:f9ff:fe82:c171:54124] AH01384: Zlib: Compressed 12402 to 3229 : URL /wp-content/themes/oceanwp/assets/js/scroll-effect.min.js, referer: https://www.cwjh.ilc.edu.tw/category/c-8634/
[Sat Aug 22 01:02:49.022177 2026] [deflate:debug] [pid 632922:tid 632922] mod_deflate.c(909): [client 2408:823c:a615:5d90:8ede:f9ff:fe82:c171:54120] AH01384: Zlib: Compressed 57513 to 14083 : URL /wp-content/themes/oceanwp/assets/js/vendors/flickity.pkgd.min.js, referer: https://www.cwjh.ilc.edu.tw/category/c-8634/
[Sat Aug 22 01:02:49.023237 2026] [ssl:debug] [pid 632863:tid 632863] ssl_engine_kernel.c(254): [client 2408:823c:a615:5d90:8ede:f9ff:fe82:c171:54122] AH02034: Subsequent (No.3) HTTPS request received for child 4 (server www.cwjh.ilc.edu.tw:443), referer: https://www.cwjh.ilc.edu.tw/category/c-8634/
[Sat Aug 22 01:02:49.023457 2026] [authz_core:debug] [pid 632863:tid 632863] mod_authz_core.c(815): [client 2408:823c:a615:5d90:8ede:f9ff:fe82:c171:54122] AH01626: authorization result of Require all granted: granted, referer: https://www.cwjh.ilc.edu.tw/category/c-8634/
[Sat Aug 22 01:02:49.023465 2026] [authz_core:debug] [pid 632863:tid 632863] mod_authz_core.c(815): [client 2408:823c:a615:5d90:8ede:f9ff:fe82:c171:54122] AH01626: authorization result of : granted, referer: https://www.cwjh.ilc.edu.tw/category/c-8634/
[Sat Aug 22 01:02:49.023653 2026] [deflate:debug] [pid 632863:tid 632863] mod_deflate.c(909): [client 2408:823c:a615:5d90:8ede:f9ff:fe82:c171:54122] AH01384: Zlib: Compressed 2002 to 864 : URL /wp-content/themes/oceanwp/assets/js/ow-slider.min.js, referer: https://www.cwjh.ilc.edu.tw/category/c-8634/
[Sat Aug 22 01:02:49.058049 2026] [ssl:info] [pid 632888:tid 632888] [client 2a03:2880:f802:1d:::42038] AH01964: Connection to child 33 established (server 2blog.ilc.edu.tw:443)
[Sat Aug 22 01:02:49.058251 2026] [ssl:debug] [pid 632888:tid 632888] ssl_engine_kernel.c(2222): [client 2a03:2880:f802:1d:::42038] AH02043: SSL virtual host for servername www.jwes.ilc.edu.tw found
[Sat Aug 22 01:02:49.058303 2026] [core:debug] [pid 632888:tid 632888] protocol.c(2460): [client 2a03:2880:f802:1d:::42038] AH03155: select protocol from , choices=h2,http/1.1 for server www.jwes.ilc.edu.tw
[Sat Aug 22 01:02:49.107253 2026] [ssl:debug] [pid 632991:tid 632991] ssl_engine_kernel.c(254): [client 66.249.71.37:45857] AH02034: Subsequent (No.5) HTTPS request received for child 0 (server 2blog.ilc.edu.tw:443), referer: https://2blog.ilc.edu.tw/1003/tag/%E5%AF%AB%E4%BD%9C/
[Sat Aug 22 01:02:49.107479 2026] [authz_core:debug] [pid 632991:tid 632991] mod_authz_core.c(815): [client 66.249.71.37:45857] AH01626: authorization result of Require all granted: granted, referer: https://2blog.ilc.edu.tw/1003/tag/%E5%AF%AB%E4%BD%9C/
[Sat Aug 22 01:02:49.107486 2026] [authz_core:debug] [pid 632991:tid 632991] mod_authz_core.c(815): [client 66.249.71.37:45857] AH01626: authorization result of : granted, referer: https://2blog.ilc.edu.tw/1003/tag/%E5%AF%AB%E4%BD%9C/
[Sat Aug 22 01:02:49.107638 2026] [authz_core:debug] [pid 632991:tid 632991] mod_authz_core.c(815): [client 66.249.71.37:45857] AH01626: authorization result of Require all granted: granted, referer: https://2blog.ilc.edu.tw/1003/tag/%E5%AF%AB%E4%BD%9C/
[Sat Aug 22 01:02:49.107644 2026] [authz_core:debug] [pid 632991:tid 632991] mod_authz_core.c(815): [client 66.249.71.37:45857] AH01626: authorization result of : granted, referer: https://2blog.ilc.edu.tw/1003/tag/%E5%AF%AB%E4%BD%9C/
[Sat Aug 22 01:02:49.107914 2026] [deflate:debug] [pid 632991:tid 632991] mod_deflate.c(909): [client 66.249.71.37:45857] AH01384: Zlib: Compressed 6885 to 2033 : URL /wp-content/themes/textbook/assets/js/navigation.js, referer: https://2blog.ilc.edu.tw/1003/tag/%E5%AF%AB%E4%BD%9C/
[Sat Aug 22 01:02:49.146036 2026] [ssl:info] [pid 632993:tid 632993] [client 2401:e180:8c10:7e5e:fef4:6d69:9d72:ed89:52214] AH01964: Connection to child 1 established (server 2blog.ilc.edu.tw:443)
[Sat Aug 22 01:02:49.197861 2026] [ssl:debug] [pid 632883:tid 632883] ssl_engine_kernel.c(254): [client 2408:823c:a615:5d90:8ede:f9ff:fe82:c171:54126] AH02034: Subsequent (No.4) HTTPS request received for child 28 (server www.cwjh.ilc.edu.tw:443), referer: https://www.cwjh.ilc.edu.tw/category/c-8634/
[Sat Aug 22 01:02:49.198096 2026] [authz_core:debug] [pid 632883:tid 632883] mod_authz_core.c(815): [client 2408:823c:a615:5d90:8ede:f9ff:fe82:c171:54126] AH01626: authorization result of Require all granted: granted, referer: https://www.cwjh.ilc.edu.tw/category/c-8634/
[Sat Aug 22 01:02:49.198105 2026] [authz_core:debug] [pid 632883:tid 632883] mod_authz_core.c(815): [client 2408:823c:a615:5d90:8ede:f9ff:fe82:c171:54126] AH01626: authorization result of : granted, referer: https://www.cwjh.ilc.edu.tw/category/c-8634/
[Sat Aug 22 01:02:49.198323 2026] [deflate:debug] [pid 632883:tid 632883] mod_deflate.c(909): [client 2408:823c:a615:5d90:8ede:f9ff:fe82:c171:54126] AH01384: Zlib: Compressed 712 to 422 : URL /wp-content/plugins/ocean-extra/includes/widgets/js/flickr.min.js, referer: https://www.cwjh.ilc.edu.tw/category/c-8634/
[Sat Aug 22 01:02:49.304414 2026] [watchdog:debug] [pid 632994:tid 632994] mod_watchdog.c(559): AH02980: Watchdog: nothing configured?
[Sat Aug 22 01:02:49.306922 2026] [watchdog:debug] [pid 632995:tid 632995] mod_watchdog.c(559): AH02980: Watchdog: nothing configured?
[Sat Aug 22 01:02:49.319975 2026] [authz_core:debug] [pid 632876:tid 632876] mod_authz_core.c(815): [client 18.206.47.187:3739] AH01626: authorization result of Require all granted: granted
[Sat Aug 22 01:02:49.320010 2026] [authz_core:debug] [pid 632876:tid 632876] mod_authz_core.c(815): [client 18.206.47.187:3739] AH01626: authorization result of : granted
[Sat Aug 22 01:02:49.395316 2026] [ssl:debug] [pid 632888:tid 632888] ssl_engine_kernel.c(2082): [client 2a03:2880:f802:1d:::42038] AH02041: Protocol: TLSv1.3, Cipher: TLS_AES_256_GCM_SHA384 (256/256 bits)
[Sat Aug 22 01:02:49.395368 2026] [socache_shmcb:debug] [pid 632888:tid 632888] mod_socache_shmcb.c(508): AH00831: socache_shmcb_store (0xa8 -> subcache 8)
[Sat Aug 22 01:02:49.395374 2026] [socache_shmcb:debug] [pid 632888:tid 632888] mod_socache_shmcb.c(860): AH00847: insert happened at idx=87, data=(857:889)
[Sat Aug 22 01:02:49.395376 2026] [socache_shmcb:debug] [pid 632888:tid 632888] mod_socache_shmcb.c(863): AH00848: finished insert, subcache: idx_pos/idx_used=38/50, data_pos/data_used=3668/11282
[Sat Aug 22 01:02:49.395378 2026] [socache_shmcb:debug] [pid 632888:tid 632888] mod_socache_shmcb.c(530): AH00834: leaving socache_shmcb_store successfully
[Sat Aug 22 01:02:49.395437 2026] [socache_shmcb:debug] [pid 632888:tid 632888] mod_socache_shmcb.c(508): AH00831: socache_shmcb_store (0xe5 -> subcache 5)
[Sat Aug 22 01:02:49.395442 2026] [socache_shmcb:debug] [pid 632888:tid 632888] mod_socache_shmcb.c(745): AH00842: expiring 1 and reclaiming 0 removed socache entries
[Sat Aug 22 01:02:49.395444 2026] [socache_shmcb:debug] [pid 632888:tid 632888] mod_socache_shmcb.c(765): AH00843: we now have 44 socache entries
[Sat Aug 22 01:02:49.395446 2026] [socache_shmcb:debug] [pid 632888:tid 632888] mod_socache_shmcb.c(860): AH00847: insert happened at idx=30, data=(7444:7476)
[Sat Aug 22 01:02:49.395447 2026] [socache_shmcb:debug] [pid 632888:tid 632888] mod_socache_shmcb.c(863): AH00848: finished insert, subcache: idx_pos/idx_used=74/45, data_pos/data_used=11499/10038
[Sat Aug 22 01:02:49.395451 2026] [socache_shmcb:debug] [pid 632888:tid 632888] mod_socache_shmcb.c(530): AH00834: leaving socache_shmcb_store successfully
[Sat Aug 22 01:02:49.395602 2026] [ssl:debug] [pid 632888:tid 632888] ssl_engine_kernel.c(254): [client 2a03:2880:f802:1d:::42038] AH02034: Initial (No.1) HTTPS request received for child 33 (server www.jwes.ilc.edu.tw:443)
[Sat Aug 22 01:02:49.395796 2026] [authz_core:debug] [pid 632888:tid 632888] mod_authz_core.c(815): [client 2a03:2880:f802:1d:::42038] AH01626: authorization result of Require all granted: granted
[Sat Aug 22 01:02:49.395802 2026] [authz_core:debug] [pid 632888:tid 632888] mod_authz_core.c(815): [client 2a03:2880:f802:1d:::42038] AH01626: authorization result of : granted
[Sat Aug 22 01:02:49.417035 2026] [ssl:debug] [pid 632922:tid 632922] ssl_engine_kernel.c(254): [client 2408:823c:a615:5d90:8ede:f9ff:fe82:c171:54120] AH02034: Subsequent (No.3) HTTPS request received for child 31 (server www.cwjh.ilc.edu.tw:443), referer: https://www.cwjh.ilc.edu.tw/wp-content/cache/www.cwjh.ilc.edu.tw/wpfc-minified/dhutxct0/77dd.css
[Sat Aug 22 01:02:49.417265 2026] [authz_core:debug] [pid 632922:tid 632922] mod_authz_core.c(815): [client 2408:823c:a615:5d90:8ede:f9ff:fe82:c171:54120] AH01626: authorization result of Require all granted: granted, referer: https://www.cwjh.ilc.edu.tw/wp-content/cache/www.cwjh.ilc.edu.tw/wpfc-minified/dhutxct0/77dd.css
[Sat Aug 22 01:02:49.417271 2026] [authz_core:debug] [pid 632922:tid 632922] mod_authz_core.c(815): [client 2408:823c:a615:5d90:8ede:f9ff:fe82:c171:54120] AH01626: authorization result of : granted, referer: https://www.cwjh.ilc.edu.tw/wp-content/cache/www.cwjh.ilc.edu.tw/wpfc-minified/dhutxct0/77dd.css
[Sat Aug 22 01:02:49.419222 2026] [ssl:debug] [pid 632993:tid 632993] ssl_engine_kernel.c(2222): [client 2401:e180:8c10:7e5e:fef4:6d69:9d72:ed89:52214] AH02043: SSL virtual host for servername www.ilc.edu.tw found
[Sat Aug 22 01:02:49.419246 2026] [socache_shmcb:debug] [pid 632993:tid 632993] mod_socache_shmcb.c(545): AH00835: socache_shmcb_retrieve (0x51 -> subcache 17)
[Sat Aug 22 01:02:49.419257 2026] [socache_shmcb:debug] [pid 632993:tid 632993] mod_socache_shmcb.c(896): AH00849: match at idx=0, data=849
[Sat Aug 22 01:02:49.419259 2026] [socache_shmcb:debug] [pid 632993:tid 632993] mod_socache_shmcb.c(556): AH00836: leaving socache_shmcb_retrieve successfully
[Sat Aug 22 01:02:49.419375 2026] [core:debug] [pid 632993:tid 632993] protocol.c(2460): [client 2401:e180:8c10:7e5e:fef4:6d69:9d72:ed89:52214] AH03155: select protocol from , choices=h2,http/1.1 for server www.ilc.edu.tw
[Sat Aug 22 01:02:49.420578 2026] [ssl:debug] [pid 632863:tid 632863] ssl_engine_kernel.c(254): [client 2408:823c:a615:5d90:8ede:f9ff:fe82:c171:54122] AH02034: Subsequent (No.4) HTTPS request received for child 4 (server www.cwjh.ilc.edu.tw:443), referer: https://www.cwjh.ilc.edu.tw/wp-content/cache/www.cwjh.ilc.edu.tw/wpfc-minified/dhutxct0/77dd.css
[Sat Aug 22 01:02:49.420730 2026] [authz_core:debug] [pid 632863:tid 632863] mod_authz_core.c(815): [client 2408:823c:a615:5d90:8ede:f9ff:fe82:c171:54122] AH01626: authorization result of Require all granted: granted, referer: https://www.cwjh.ilc.edu.tw/wp-content/cache/www.cwjh.ilc.edu.tw/wpfc-minified/dhutxct0/77dd.css
[Sat Aug 22 01:02:49.420735 2026] [authz_core:debug] [pid 632863:tid 632863] mod_authz_core.c(815): [client 2408:823c:a615:5d90:8ede:f9ff:fe82:c171:54122] AH01626: authorization result of : granted, referer: https://www.cwjh.ilc.edu.tw/wp-content/cache/www.cwjh.ilc.edu.tw/wpfc-minified/dhutxct0/77dd.css
[Sat Aug 22 01:02:49.449579 2026] [ssl:debug] [pid 632993:tid 632993] ssl_engine_kernel.c(2082): [client 2401:e180:8c10:7e5e:fef4:6d69:9d72:ed89:52214] AH02041: Protocol: TLSv1.3, Cipher: TLS_AES_256_GCM_SHA384 (256/256 bits)
[Sat Aug 22 01:02:49.449628 2026] [socache_shmcb:debug] [pid 632993:tid 632993] mod_socache_shmcb.c(508): AH00831: socache_shmcb_store (0x7f -> subcache 31)
[Sat Aug 22 01:02:49.449639 2026] [socache_shmcb:debug] [pid 632993:tid 632993] mod_socache_shmcb.c(745): AH00842: expiring 4 and reclaiming 0 removed socache entries
[Sat Aug 22 01:02:49.449641 2026] [socache_shmcb:debug] [pid 632993:tid 632993] mod_socache_shmcb.c(765): AH00843: we now have 43 socache entries
[Sat Aug 22 01:02:49.449643 2026] [socache_shmcb:debug] [pid 632993:tid 632993] mod_socache_shmcb.c(860): AH00847: insert happened at idx=28, data=(7173:7205)
[Sat Aug 22 01:02:49.449645 2026] [socache_shmcb:debug] [pid 632993:tid 632993] mod_socache_shmcb.c(863): AH00848: finished insert, subcache: idx_pos/idx_used=73/44, data_pos/data_used=11419/9842
[Sat Aug 22 01:02:49.449647 2026] [socache_shmcb:debug] [pid 632993:tid 632993] mod_socache_shmcb.c(530): AH00834: leaving socache_shmcb_store successfully
[Sat Aug 22 01:02:49.566303 2026] [ssl:debug] [pid 632991:tid 632991] ssl_engine_kernel.c(254): [client 66.249.71.37:45857] AH02034: Subsequent (No.6) HTTPS request received for child 0 (server 2blog.ilc.edu.tw:443), referer: https://2blog.ilc.edu.tw/1003/tag/%E5%AF%AB%E4%BD%9C/
[Sat Aug 22 01:02:49.566488 2026] [authz_core:debug] [pid 632991:tid 632991] mod_authz_core.c(815): [client 66.249.71.37:45857] AH01626: authorization result of Require all granted: granted, referer: https://2blog.ilc.edu.tw/1003/tag/%E5%AF%AB%E4%BD%9C/
[Sat Aug 22 01:02:49.566493 2026] [authz_core:debug] [pid 632991:tid 632991] mod_authz_core.c(815): [client 66.249.71.37:45857] AH01626: authorization result of : granted, referer: https://2blog.ilc.edu.tw/1003/tag/%E5%AF%AB%E4%BD%9C/
[Sat Aug 22 01:02:49.566617 2026] [authz_core:debug] [pid 632991:tid 632991] mod_authz_core.c(815): [client 66.249.71.37:45857] AH01626: authorization result of Require all granted: granted, referer: https://2blog.ilc.edu.tw/1003/tag/%E5%AF%AB%E4%BD%9C/
[Sat Aug 22 01:02:49.566621 2026] [authz_core:debug] [pid 632991:tid 632991] mod_authz_core.c(815): [client 66.249.71.37:45857] AH01626: authorization result of : granted, referer: https://2blog.ilc.edu.tw/1003/tag/%E5%AF%AB%E4%BD%9C/
[Sat Aug 22 01:02:49.566728 2026] [deflate:debug] [pid 632991:tid 632991] mod_deflate.c(909): [client 66.249.71.37:45857] AH01384: Zlib: Compressed 880 to 454 : URL /wp-content/themes/textbook/assets/js/skip-link-focus-fix.js, referer: https://2blog.ilc.edu.tw/1003/tag/%E5%AF%AB%E4%BD%9C/
[Sat Aug 22 01:02:49.765828 2026] [authz_core:debug] [pid 632892:tid 632892] mod_authz_core.c(815): [client 128.241.76.210:44799] AH01626: authorization result of Require all granted: granted
[Sat Aug 22 01:02:49.765855 2026] [authz_core:debug] [pid 632892:tid 632892] mod_authz_core.c(815): [client 128.241.76.210:44799] AH01626: authorization result of : granted
[Sat Aug 22 01:02:49.766009 2026] [authz_core:debug] [pid 632892:tid 632892] mod_authz_core.c(815): [client 128.241.76.210:44799] AH01626: authorization result of Require all granted: granted
[Sat Aug 22 01:02:49.766017 2026] [authz_core:debug] [pid 632892:tid 632892] mod_authz_core.c(815): [client 128.241.76.210:44799] AH01626: authorization result of : granted
[Sat Aug 22 01:02:49.888377 2026] [ssl:info] [pid 632994:tid 632994] [client 100.27.153.9:47279] AH01964: Connection to child 2 established (server 2blog.ilc.edu.tw:443)
[Sat Aug 22 01:02:49.888716 2026] [ssl:debug] [pid 632994:tid 632994] ssl_engine_kernel.c(2222): [client 100.27.153.9:47279] AH02043: SSL virtual host for servername 2blog.ilc.edu.tw found
[Sat Aug 22 01:02:50.123716 2026] [ssl:debug] [pid 632994:tid 632994] ssl_engine_kernel.c(2082): [client 100.27.153.9:47279] AH02041: Protocol: TLSv1.3, Cipher: TLS_AES_256_GCM_SHA384 (256/256 bits)
[Sat Aug 22 01:02:50.123792 2026] [socache_shmcb:debug] [pid 632994:tid 632994] mod_socache_shmcb.c(508): AH00831: socache_shmcb_store (0x3b -> subcache 27)
[Sat Aug 22 01:02:50.123804 2026] [socache_shmcb:debug] [pid 632994:tid 632994] mod_socache_shmcb.c(745): AH00842: expiring 1 and reclaiming 0 removed socache entries
[Sat Aug 22 01:02:50.123807 2026] [socache_shmcb:debug] [pid 632994:tid 632994] mod_socache_shmcb.c(765): AH00843: we now have 49 socache entries
[Sat Aug 22 01:02:50.123809 2026] [socache_shmcb:debug] [pid 632994:tid 632994] mod_socache_shmcb.c(860): AH00847: insert happened at idx=11, data=(3325:3357)
[Sat Aug 22 01:02:50.123811 2026] [socache_shmcb:debug] [pid 632994:tid 632994] mod_socache_shmcb.c(863): AH00848: finished insert, subcache: idx_pos/idx_used=50/50, data_pos/data_used=6229/11174
[Sat Aug 22 01:02:50.123813 2026] [socache_shmcb:debug] [pid 632994:tid 632994] mod_socache_shmcb.c(530): AH00834: leaving socache_shmcb_store successfully
[Sat Aug 22 01:02:50.123873 2026] [socache_shmcb:debug] [pid 632994:tid 632994] mod_socache_shmcb.c(508): AH00831: socache_shmcb_store (0x58 -> subcache 24)
[Sat Aug 22 01:02:50.123884 2026] [socache_shmcb:debug] [pid 632994:tid 632994] mod_socache_shmcb.c(745): AH00842: expiring 1 and reclaiming 0 removed socache entries
[Sat Aug 22 01:02:50.123893 2026] [socache_shmcb:debug] [pid 632994:tid 632994] mod_socache_shmcb.c(765): AH00843: we now have 38 socache entries
[Sat Aug 22 01:02:50.123895 2026] [socache_shmcb:debug] [pid 632994:tid 632994] mod_socache_shmcb.c(860): AH00847: insert happened at idx=1, data=(1128:1160)
[Sat Aug 22 01:02:50.123897 2026] [socache_shmcb:debug] [pid 632994:tid 632994] mod_socache_shmcb.c(863): AH00848: finished insert, subcache: idx_pos/idx_used=51/39, data_pos/data_used=6454/8751
[Sat Aug 22 01:02:50.123898 2026] [socache_shmcb:debug] [pid 632994:tid 632994] mod_socache_shmcb.c(530): AH00834: leaving socache_shmcb_store successfully
[Sat Aug 22 01:02:50.124055 2026] [ssl:debug] [pid 632994:tid 632994] ssl_engine_kernel.c(254): [client 100.27.153.9:47279] AH02034: Initial (No.1) HTTPS request received for child 2 (server 2blog.ilc.edu.tw:443)
[Sat Aug 22 01:02:50.124327 2026] [authz_core:debug] [pid 632994:tid 632994] mod_authz_core.c(815): [client 100.27.153.9:47279] AH01626: authorization result of Require all granted: granted
[Sat Aug 22 01:02:50.124334 2026] [authz_core:debug] [pid 632994:tid 632994] mod_authz_core.c(815): [client 100.27.153.9:47279] AH01626: authorization result of : granted
[Sat Aug 22 01:02:50.124868 2026] [authz_core:debug] [pid 632994:tid 632994] mod_authz_core.c(815): [client 100.27.153.9:47279] AH01626: authorization result of Require all granted: granted
[Sat Aug 22 01:02:50.124873 2026] [authz_core:debug] [pid 632994:tid 632994] mod_authz_core.c(815): [client 100.27.153.9:47279] AH01626: authorization result of : granted
[Sat Aug 22 01:02:50.220304 2026] [ssl:info] [pid 632995:tid 632995] [client 46.202.63.99:58919] AH01964: Connection to child 3 established (server 2blog.ilc.edu.tw:443)
[Sat Aug 22 01:02:50.311163 2026] [watchdog:debug] [pid 632997:tid 632997] mod_watchdog.c(559): AH02980: Watchdog: nothing configured?
[Sat Aug 22 01:02:50.315782 2026] [watchdog:debug] [pid 632998:tid 632998] mod_watchdog.c(559): AH02980: Watchdog: nothing configured?
[Sat Aug 22 01:02:50.319631 2026] [watchdog:debug] [pid 632999:tid 632999] mod_watchdog.c(559): AH02980: Watchdog: nothing configured?
[Sat Aug 22 01:02:50.322293 2026] [watchdog:debug] [pid 633000:tid 633000] mod_watchdog.c(559): AH02980: Watchdog: nothing configured?
[Sat Aug 22 01:02:50.763664 2026] [authz_core:debug] [pid 632881:tid 632881] mod_authz_core.c(815): [client 2400:e920:0:2:f45d:ddff:fe00:7a:58201] AH01626: authorization result of Require all granted: granted, referer: http://ilta.ilc.edu.tw
[Sat Aug 22 01:02:50.763688 2026] [authz_core:debug] [pid 632881:tid 632881] mod_authz_core.c(815): [client 2400:e920:0:2:f45d:ddff:fe00:7a:58201] AH01626: authorization result of : granted, referer: http://ilta.ilc.edu.tw
[Sat Aug 22 01:02:50.949224 2026] [ssl:info] [pid 632924:tid 632924] (70014)End of file found: [client 66.249.79.163:52023] AH01992: SSL library error 6 reading data
[Sat Aug 22 01:02:50.949322 2026] [ssl:debug] [pid 632924:tid 632924] ssl_engine_io.c(1150): [client 66.249.79.163:52023] AH02001: Connection closed to child 32 with standard shutdown (server 2blog.ilc.edu.tw:443)
[Sat Aug 22 01:02:51.114826 2026] [ssl:info] [pid 632876:tid 632876] [client 2400:e920:0:2:f45d:ddff:fe00:7a:58215] AH01964: Connection to child 21 established (server 2blog.ilc.edu.tw:443)
[Sat Aug 22 01:02:51.114999 2026] [ssl:debug] [pid 632876:tid 632876] ssl_engine_kernel.c(2222): [client 2400:e920:0:2:f45d:ddff:fe00:7a:58215] AH02043: SSL virtual host for servername ilta.ilc.edu.tw found
[Sat Aug 22 01:02:51.115051 2026] [core:debug] [pid 632876:tid 632876] protocol.c(2460): [client 2400:e920:0:2:f45d:ddff:fe00:7a:58215] AH03155: select protocol from , choices=http/1.1 for server ilta.ilc.edu.tw
[Sat Aug 22 01:02:51.226561 2026] [ssl:debug] [pid 632876:tid 632876] ssl_engine_kernel.c(2082): [client 2400:e920:0:2:f45d:ddff:fe00:7a:58215] AH02041: Protocol: TLSv1.3, Cipher: TLS_AES_256_GCM_SHA384 (256/256 bits)
[Sat Aug 22 01:02:51.226613 2026] [socache_shmcb:debug] [pid 632876:tid 632876] mod_socache_shmcb.c(508): AH00831: socache_shmcb_store (0x72 -> subcache 18)
[Sat Aug 22 01:02:51.226630 2026] [socache_shmcb:debug] [pid 632876:tid 632876] mod_socache_shmcb.c(860): AH00847: insert happened at idx=0, data=(928:960)
[Sat Aug 22 01:02:51.226634 2026] [socache_shmcb:debug] [pid 632876:tid 632876] mod_socache_shmcb.c(863): AH00848: finished insert, subcache: idx_pos/idx_used=54/35, data_pos/data_used=7172/7844
[Sat Aug 22 01:02:51.226637 2026] [socache_shmcb:debug] [pid 632876:tid 632876] mod_socache_shmcb.c(530): AH00834: leaving socache_shmcb_store successfully
[Sat Aug 22 01:02:51.226692 2026] [socache_shmcb:debug] [pid 632876:tid 632876] mod_socache_shmcb.c(508): AH00831: socache_shmcb_store (0x4a -> subcache 10)
[Sat Aug 22 01:02:51.226697 2026] [socache_shmcb:debug] [pid 632876:tid 632876] mod_socache_shmcb.c(745): AH00842: expiring 1 and reclaiming 0 removed socache entries
[Sat Aug 22 01:02:51.226700 2026] [socache_shmcb:debug] [pid 632876:tid 632876] mod_socache_shmcb.c(765): AH00843: we now have 55 socache entries
[Sat Aug 22 01:02:51.226703 2026] [socache_shmcb:debug] [pid 632876:tid 632876] mod_socache_shmcb.c(860): AH00847: insert happened at idx=43, data=(10256:10288)
[Sat Aug 22 01:02:51.226706 2026] [socache_shmcb:debug] [pid 632876:tid 632876] mod_socache_shmcb.c(863): AH00848: finished insert, subcache: idx_pos/idx_used=76/56, data_pos/data_used=11831/12513
[Sat Aug 22 01:02:51.226709 2026] [socache_shmcb:debug] [pid 632876:tid 632876] mod_socache_shmcb.c(530): AH00834: leaving socache_shmcb_store successfully
[Sat Aug 22 01:02:51.227643 2026] [ssl:debug] [pid 632876:tid 632876] ssl_engine_kernel.c(254): [client 2400:e920:0:2:f45d:ddff:fe00:7a:58215] AH02034: Initial (No.1) HTTPS request received for child 21 (server ilta.ilc.edu.tw:443), referer: http://ilta.ilc.edu.tw
[Sat Aug 22 01:02:51.227822 2026] [authz_core:debug] [pid 632876:tid 632876] mod_authz_core.c(815): [client 2400:e920:0:2:f45d:ddff:fe00:7a:58215] AH01626: authorization result of Require all granted: granted, referer: http://ilta.ilc.edu.tw
[Sat Aug 22 01:02:51.227827 2026] [authz_core:debug] [pid 632876:tid 632876] mod_authz_core.c(815): [client 2400:e920:0:2:f45d:ddff:fe00:7a:58215] AH01626: authorization result of : granted, referer: http://ilta.ilc.edu.tw
[Sat Aug 22 01:02:51.322217 2026] [deflate:debug] [pid 632876:tid 632876] mod_deflate.c(909): [client 2400:e920:0:2:f45d:ddff:fe00:7a:58215] AH01384: Zlib: Compressed 13605 to 5008 : URL /wp-login.php, referer: http://ilta.ilc.edu.tw
[Sat Aug 22 01:02:51.496554 2026] [ssl:debug] [pid 632991:tid 632991] ssl_engine_kernel.c(254): [client 66.249.71.37:45857] AH02034: Subsequent (No.7) HTTPS request received for child 0 (server 2blog.ilc.edu.tw:443)
[Sat Aug 22 01:02:51.496800 2026] [authz_core:debug] [pid 632991:tid 632991] mod_authz_core.c(815): [client 66.249.71.37:45857] AH01626: authorization result of Require all granted: granted
[Sat Aug 22 01:02:51.496812 2026] [authz_core:debug] [pid 632991:tid 632991] mod_authz_core.c(815): [client 66.249.71.37:45857] AH01626: authorization result of : granted
[Sat Aug 22 01:02:51.497019 2026] [authz_core:debug] [pid 632991:tid 632991] mod_authz_core.c(815): [client 66.249.71.37:45857] AH01626: authorization result of Require all granted: granted
[Sat Aug 22 01:02:51.497028 2026] [authz_core:debug] [pid 632991:tid 632991] mod_authz_core.c(815): [client 66.249.71.37:45857] AH01626: authorization result of : granted
[Sat Aug 22 01:02:51.530004 2026] [ssl:debug] [pid 632863:tid 632863] ssl_engine_kernel.c(254): [client 2408:823c:a615:5d90:8ede:f9ff:fe82:c171:54122] AH02034: Subsequent (No.5) HTTPS request received for child 4 (server www.cwjh.ilc.edu.tw:443), referer: https://www.cwjh.ilc.edu.tw/category/c-8634/
[Sat Aug 22 01:02:51.530661 2026] [authz_core:debug] [pid 632863:tid 632863] mod_authz_core.c(815): [client 2408:823c:a615:5d90:8ede:f9ff:fe82:c171:54122] AH01626: authorization result of Require all granted: granted, referer: https://www.cwjh.ilc.edu.tw/category/c-8634/
[Sat Aug 22 01:02:51.530681 2026] [authz_core:debug] [pid 632863:tid 632863] mod_authz_core.c(815): [client 2408:823c:a615:5d90:8ede:f9ff:fe82:c171:54122] AH01626: authorization result of : granted, referer: https://www.cwjh.ilc.edu.tw/category/c-8634/
[Sat Aug 22 01:02:51.542632 2026] [authz_core:debug] [pid 632997:tid 632997] mod_authz_core.c(815): [client 2400:e920:0:2:f45d:ddff:fe00:7a:58239] AH01626: authorization result of Require all granted: granted, referer: http://ilta.ilc.edu.tw
[Sat Aug 22 01:02:51.542652 2026] [authz_core:debug] [pid 632997:tid 632997] mod_authz_core.c(815): [client 2400:e920:0:2:f45d:ddff:fe00:7a:58239] AH01626: authorization result of : granted, referer: http://ilta.ilc.edu.tw
[Sat Aug 22 01:02:51.815953 2026] [ssl:debug] [pid 632888:tid 632888] ssl_engine_io.c(1150): [client 2a03:2880:f802:1d:::42038] AH02001: Connection closed to child 33 with standard shutdown (server www.jwes.ilc.edu.tw:443)
[Sat Aug 22 01:02:51.872420 2026] [ssl:info] [pid 632892:tid 632892] [client 2400:e920:0:2:f45d:ddff:fe00:7a:58261] AH01964: Connection to child 37 established (server 2blog.ilc.edu.tw:443)
[Sat Aug 22 01:02:51.872560 2026] [ssl:debug] [pid 632892:tid 632892] ssl_engine_kernel.c(2222): [client 2400:e920:0:2:f45d:ddff:fe00:7a:58261] AH02043: SSL virtual host for servername ilta.ilc.edu.tw found
[Sat Aug 22 01:02:51.872605 2026] [core:debug] [pid 632892:tid 632892] protocol.c(2460): [client 2400:e920:0:2:f45d:ddff:fe00:7a:58261] AH03155: select protocol from , choices=http/1.1 for server ilta.ilc.edu.tw
[Sat Aug 22 01:02:51.898197 2026] [ssl:debug] [pid 632901:tid 632901] ssl_engine_io.c(1150): [client 40.77.167.46:36568] AH02001: Connection closed to child 11 with standard shutdown (server 2blog.ilc.edu.tw:443)
[Sat Aug 22 01:02:51.928530 2026] [authz_core:debug] [pid 632998:tid 632998] mod_authz_core.c(815): [client 44.210.213.220:4570] AH01626: authorization result of Require all granted: granted
[Sat Aug 22 01:02:51.928555 2026] [authz_core:debug] [pid 632998:tid 632998] mod_authz_core.c(815): [client 44.210.213.220:4570] AH01626: authorization result of : granted
[Sat Aug 22 01:02:51.929949 2026] [authz_core:debug] [pid 632998:tid 632998] mod_authz_core.c(815): [client 44.210.213.220:4570] AH01626: authorization result of Require all granted: granted
[Sat Aug 22 01:02:51.929958 2026] [authz_core:debug] [pid 632998:tid 632998] mod_authz_core.c(815): [client 44.210.213.220:4570] AH01626: authorization result of : granted
[Sat Aug 22 01:02:51.941384 2026] [authz_core:debug] [pid 632998:tid 632998] mod_authz_core.c(815): [client 44.210.213.220:4570] AH01626: authorization result of Require all granted: granted
[Sat Aug 22 01:02:51.941414 2026] [authz_core:debug] [pid 632998:tid 632998] mod_authz_core.c(815): [client 44.210.213.220:4570] AH01626: authorization result of : granted
[Sat Aug 22 01:02:51.946974 2026] [authz_core:debug] [pid 632998:tid 632998] mod_authz_core.c(815): [client 44.210.213.220:4570] AH01626: authorization result of Require all granted: granted
[Sat Aug 22 01:02:51.946986 2026] [authz_core:debug] [pid 632998:tid 632998] mod_authz_core.c(815): [client 44.210.213.220:4570] AH01626: authorization result of : granted
[Sat Aug 22 01:02:51.954795 2026] [deflate:debug] [pid 632998:tid 632998] mod_deflate.c(909): [client 44.210.213.220:4570] AH01384: Zlib: Compressed 320183 to 16999 : URL /wp-content/uploads/sites/3034/3409/
[Sat Aug 22 01:02:51.983145 2026] [ssl:debug] [pid 632892:tid 632892] ssl_engine_kernel.c(2082): [client 2400:e920:0:2:f45d:ddff:fe00:7a:58261] AH02041: Protocol: TLSv1.3, Cipher: TLS_AES_256_GCM_SHA384 (256/256 bits)
[Sat Aug 22 01:02:51.983200 2026] [socache_shmcb:debug] [pid 632892:tid 632892] mod_socache_shmcb.c(508): AH00831: socache_shmcb_store (0xaa -> subcache 10)
[Sat Aug 22 01:02:51.983207 2026] [socache_shmcb:debug] [pid 632892:tid 632892] mod_socache_shmcb.c(860): AH00847: insert happened at idx=44, data=(10480:10512)
[Sat Aug 22 01:02:51.983209 2026] [socache_shmcb:debug] [pid 632892:tid 632892] mod_socache_shmcb.c(863): AH00848: finished insert, subcache: idx_pos/idx_used=76/57, data_pos/data_used=11831/12737
[Sat Aug 22 01:02:51.983219 2026] [socache_shmcb:debug] [pid 632892:tid 632892] mod_socache_shmcb.c(530): AH00834: leaving socache_shmcb_store successfully
[Sat Aug 22 01:02:51.983271 2026] [socache_shmcb:debug] [pid 632892:tid 632892] mod_socache_shmcb.c(508): AH00831: socache_shmcb_store (0xe7 -> subcache 7)
[Sat Aug 22 01:02:51.983277 2026] [socache_shmcb:debug] [pid 632892:tid 632892] mod_socache_shmcb.c(745): AH00842: expiring 1 and reclaiming 0 removed socache entries
[Sat Aug 22 01:02:51.983279 2026] [socache_shmcb:debug] [pid 632892:tid 632892] mod_socache_shmcb.c(765): AH00843: we now have 43 socache entries
[Sat Aug 22 01:02:51.983280 2026] [socache_shmcb:debug] [pid 632892:tid 632892] mod_socache_shmcb.c(860): AH00847: insert happened at idx=19, data=(4936:4968)
[Sat Aug 22 01:02:51.983282 2026] [socache_shmcb:debug] [pid 632892:tid 632892] mod_socache_shmcb.c(863): AH00848: finished insert, subcache: idx_pos/idx_used=64/44, data_pos/data_used=9175/9849
[Sat Aug 22 01:02:51.983284 2026] [socache_shmcb:debug] [pid 632892:tid 632892] mod_socache_shmcb.c(530): AH00834: leaving socache_shmcb_store successfully
[Sat Aug 22 01:02:51.983887 2026] [ssl:debug] [pid 632892:tid 632892] ssl_engine_kernel.c(254): [client 2400:e920:0:2:f45d:ddff:fe00:7a:58261] AH02034: Initial (No.1) HTTPS request received for child 37 (server ilta.ilc.edu.tw:443), referer: http://ilta.ilc.edu.tw
[Sat Aug 22 01:02:51.984053 2026] [authz_core:debug] [pid 632892:tid 632892] mod_authz_core.c(815): [client 2400:e920:0:2:f45d:ddff:fe00:7a:58261] AH01626: authorization result of Require all granted: granted, referer: http://ilta.ilc.edu.tw
[Sat Aug 22 01:02:51.984059 2026] [authz_core:debug] [pid 632892:tid 632892] mod_authz_core.c(815): [client 2400:e920:0:2:f45d:ddff:fe00:7a:58261] AH01626: authorization result of : granted, referer: http://ilta.ilc.edu.tw
[Sat Aug 22 01:02:52.119510 2026] [deflate:debug] [pid 632892:tid 632892] mod_deflate.c(909): [client 2400:e920:0:2:f45d:ddff:fe00:7a:58261] AH01384: Zlib: Compressed 13605 to 5008 : URL /wp-login.php, referer: http://ilta.ilc.edu.tw
[Sat Aug 22 01:02:52.128173 2026] [deflate:debug] [pid 632994:tid 632994] mod_deflate.c(909): [client 100.27.153.9:47279] AH01384: Zlib: Compressed 91372 to 17145 : URL /index.php
[Sat Aug 22 01:02:52.128460 2026] [ssl:debug] [pid 632994:tid 632994] ssl_engine_io.c(1150): [client 100.27.153.9:47279] AH02001: Connection closed to child 2 with standard shutdown (server 2blog.ilc.edu.tw:443)
[Sat Aug 22 01:02:52.229746 2026] [ssl:info] [pid 632892:tid 632892] (70014)End of file found: [client 2400:e920:0:2:f45d:ddff:fe00:7a:58261] AH01992: SSL library error 6 reading data
[Sat Aug 22 01:02:52.229828 2026] [ssl:debug] [pid 632892:tid 632892] ssl_engine_io.c(1150): [client 2400:e920:0:2:f45d:ddff:fe00:7a:58261] AH02001: Connection closed to child 37 with standard shutdown (server ilta.ilc.edu.tw:443)
[Sat Aug 22 01:02:52.230385 2026] [ssl:info] [pid 632876:tid 632876] (70014)End of file found: [client 2400:e920:0:2:f45d:ddff:fe00:7a:58215] AH01992: SSL library error 6 reading data
[Sat Aug 22 01:02:52.230460 2026] [ssl:debug] [pid 632876:tid 632876] ssl_engine_io.c(1150): [client 2400:e920:0:2:f45d:ddff:fe00:7a:58215] AH02001: Connection closed to child 21 with standard shutdown (server ilta.ilc.edu.tw:443)
[Sat Aug 22 01:02:53.029299 2026] [ssl:info] [pid 632999:tid 632999] [client 40.77.167.159:36880] AH01964: Connection to child 7 established (server 2blog.ilc.edu.tw:443)
[Sat Aug 22 01:02:53.029616 2026] [ssl:debug] [pid 632999:tid 632999] ssl_engine_kernel.c(2222): [client 40.77.167.159:36880] AH02043: SSL virtual host for servername 2blog.ilc.edu.tw found
[Sat Aug 22 01:02:53.029830 2026] [core:debug] [pid 632999:tid 632999] protocol.c(2460): [client 40.77.167.159:36880] AH03155: select protocol from , choices=h2,http/1.1 for server 2blog.ilc.edu.tw
[Sat Aug 22 01:02:53.091167 2026] [headers:debug] [pid 633000:tid 633000] mod_headers.c(900): AH01503: headers: ap_headers_error_filter()
[Sat Aug 22 01:02:53.167374 2026] [ssl:info] [pid 632924:tid 632924] [client 64.204.206.100:62193] AH01964: Connection to child 32 established (server 2blog.ilc.edu.tw:443)
[Sat Aug 22 01:02:53.167530 2026] [ssl:debug] [pid 632924:tid 632924] ssl_engine_kernel.c(2222): [client 64.204.206.100:62193] AH02043: SSL virtual host for servername 2blog.ilc.edu.tw found
[Sat Aug 22 01:02:53.167576 2026] [core:debug] [pid 632924:tid 632924] protocol.c(2460): [client 64.204.206.100:62193] AH03155: select protocol from , choices=h2,http/1.1 for server 2blog.ilc.edu.tw
[Sat Aug 22 01:02:53.167607 2026] [ssl:debug] [pid 632924:tid 632924] ssl_util_stapling.c(819): AH01951: stapling_cb: OCSP Stapling callback called
[Sat Aug 22 01:02:53.167612 2026] [ssl:info] [pid 632924:tid 632924] AH01926: stapling_get_certinfo: stapling not supported for certificate
[Sat Aug 22 01:02:53.175961 2026] [ssl:info] [pid 632888:tid 632888] [client 2001:288:a201::66:125:18201] AH01964: Connection to child 33 established (server 2blog.ilc.edu.tw:443)
[Sat Aug 22 01:02:53.176144 2026] [ssl:debug] [pid 632888:tid 632888] ssl_engine_kernel.c(2252): [client 2001:288:a201::66:125:18201] AH02645: Server name not provided via TLS extension (using default/first virtual host)
[Sat Aug 22 01:02:53.176163 2026] [socache_shmcb:debug] [pid 632888:tid 632888] mod_socache_shmcb.c(545): AH00835: socache_shmcb_retrieve (0xaa -> subcache 10)
[Sat Aug 22 01:02:53.176169 2026] [socache_shmcb:debug] [pid 632888:tid 632888] mod_socache_shmcb.c(896): AH00849: match at idx=20, data=5133
[Sat Aug 22 01:02:53.176172 2026] [socache_shmcb:debug] [pid 632888:tid 632888] mod_socache_shmcb.c(556): AH00836: leaving socache_shmcb_retrieve successfully
[Sat Aug 22 01:02:53.177031 2026] [ssl:debug] [pid 632888:tid 632888] ssl_engine_kernel.c(2082): [client 2001:288:a201::66:125:18201] AH02041: Protocol: TLSv1.2, Cipher: ECDHE-RSA-AES256-GCM-SHA384 (256/256 bits)
[Sat Aug 22 01:02:53.177133 2026] [ssl:debug] [pid 632888:tid 632888] ssl_engine_kernel.c(254): [client 2001:288:a201::66:125:18201] AH02034: Initial (No.1) HTTPS request received for child 33 (server 2blog.ilc.edu.tw:443)
[Sat Aug 22 01:02:53.177364 2026] [authz_core:debug] [pid 632888:tid 632888] mod_authz_core.c(815): [client 2001:288:a201::66:125:18201] AH01626: authorization result of Require all granted: granted
[Sat Aug 22 01:02:53.177370 2026] [authz_core:debug] [pid 632888:tid 632888] mod_authz_core.c(815): [client 2001:288:a201::66:125:18201] AH01626: authorization result of : granted
[Sat Aug 22 01:02:53.177527 2026] [authz_core:debug] [pid 632888:tid 632888] mod_authz_core.c(815): [client 2001:288:a201::66:125:18201] AH01626: authorization result of Require all granted: granted
[Sat Aug 22 01:02:53.177533 2026] [authz_core:debug] [pid 632888:tid 632888] mod_authz_core.c(815): [client 2001:288:a201::66:125:18201] AH01626: authorization result of : granted
[Sat Aug 22 01:02:53.177546 2026] [php7:error] [pid 632888:tid 632888] [client 2001:288:a201::66:125:18201] script '/var/www/html/2blog/active.php' not found or unable to stat
[Sat Aug 22 01:02:53.177557 2026] [headers:debug] [pid 632888:tid 632888] mod_headers.c(900): AH01503: headers: ap_headers_error_filter()
[Sat Aug 22 01:02:53.177708 2026] [ssl:debug] [pid 632888:tid 632888] ssl_engine_io.c(1150): [client 2001:288:a201::66:125:18201] AH02001: Connection closed to child 33 with standard shutdown (server 2blog.ilc.edu.tw:443)
[Sat Aug 22 01:02:53.233816 2026] [ssl:debug] [pid 632999:tid 632999] ssl_engine_kernel.c(2082): [client 40.77.167.159:36880] AH02041: Protocol: TLSv1.3, Cipher: TLS_AES_256_GCM_SHA384 (256/256 bits)
[Sat Aug 22 01:02:53.233879 2026] [socache_shmcb:debug] [pid 632999:tid 632999] mod_socache_shmcb.c(508): AH00831: socache_shmcb_store (0x5c -> subcache 28)
[Sat Aug 22 01:02:53.233894 2026] [socache_shmcb:debug] [pid 632999:tid 632999] mod_socache_shmcb.c(860): AH00847: insert happened at idx=17, data=(4750:4782)
[Sat Aug 22 01:02:53.233896 2026] [socache_shmcb:debug] [pid 632999:tid 632999] mod_socache_shmcb.c(863): AH00848: finished insert, subcache: idx_pos/idx_used=66/40, data_pos/data_used=9885/8954
[Sat Aug 22 01:02:53.233906 2026] [socache_shmcb:debug] [pid 632999:tid 632999] mod_socache_shmcb.c(530): AH00834: leaving socache_shmcb_store successfully
[Sat Aug 22 01:02:53.233974 2026] [socache_shmcb:debug] [pid 632999:tid 632999] mod_socache_shmcb.c(508): AH00831: socache_shmcb_store (0x16 -> subcache 22)
[Sat Aug 22 01:02:53.233983 2026] [socache_shmcb:debug] [pid 632999:tid 632999] mod_socache_shmcb.c(860): AH00847: insert happened at idx=82, data=(13451:13483)
[Sat Aug 22 01:02:53.233984 2026] [socache_shmcb:debug] [pid 632999:tid 632999] mod_socache_shmcb.c(863): AH00848: finished insert, subcache: idx_pos/idx_used=38/45, data_pos/data_used=3625/10052
[Sat Aug 22 01:02:53.233986 2026] [socache_shmcb:debug] [pid 632999:tid 632999] mod_socache_shmcb.c(530): AH00834: leaving socache_shmcb_store successfully
[Sat Aug 22 01:02:53.234902 2026] [ssl:debug] [pid 632999:tid 632999] ssl_engine_kernel.c(254): [client 40.77.167.159:36880] AH02034: Initial (No.1) HTTPS request received for child 7 (server 2blog.ilc.edu.tw:443)
[Sat Aug 22 01:02:53.235172 2026] [authz_core:debug] [pid 632999:tid 632999] mod_authz_core.c(815): [client 40.77.167.159:36880] AH01626: authorization result of Require all granted: granted
[Sat Aug 22 01:02:53.235178 2026] [authz_core:debug] [pid 632999:tid 632999] mod_authz_core.c(815): [client 40.77.167.159:36880] AH01626: authorization result of : granted
[Sat Aug 22 01:02:53.235713 2026] [authz_core:debug] [pid 632999:tid 632999] mod_authz_core.c(815): [client 40.77.167.159:36880] AH01626: authorization result of Require all granted: granted
[Sat Aug 22 01:02:53.235718 2026] [authz_core:debug] [pid 632999:tid 632999] mod_authz_core.c(815): [client 40.77.167.159:36880] AH01626: authorization result of : granted
[Sat Aug 22 01:02:53.291994 2026] [headers:debug] [pid 632881:tid 632881] mod_headers.c(900): AH01503: headers: ap_headers_error_filter()
[Sat Aug 22 01:02:53.374852 2026] [ssl:debug] [pid 632924:tid 632924] ssl_engine_kernel.c(2082): [client 64.204.206.100:62193] AH02041: Protocol: TLSv1.3, Cipher: TLS_AES_256_GCM_SHA384 (256/256 bits)
[Sat Aug 22 01:02:53.374902 2026] [socache_shmcb:debug] [pid 632924:tid 632924] mod_socache_shmcb.c(508): AH00831: socache_shmcb_store (0x55 -> subcache 21)
