[Sat Aug 22 00:54:03.887231 2026] [ssl:debug] [pid 623108:tid 623108] ssl_engine_kernel.c(2082): [client 2401:e180:8de0:a096:dce8:8408:87ff:a712:49175] AH02041: Protocol: TLSv1.3, Cipher: TLS_AES_256_GCM_SHA384 (256/256 bits)
[Sat Aug 22 00:54:03.887238 2026] [ssl:debug] [pid 623110:tid 623110] ssl_engine_kernel.c(254): [client 2401:e180:8de0:a096:dce8:8408:87ff:a712:49172] AH02034: Subsequent (No.4) HTTPS request received for child 23 (server www.cges.ilc.edu.tw:443), referer: https://www.cges.ilc.edu.tw/
[Sat Aug 22 00:54:03.887242 2026] [socache_shmcb:debug] [pid 623094:tid 623094] mod_socache_shmcb.c(508): AH00831: socache_shmcb_store (0xfa -> subcache 26)
[Sat Aug 22 00:54:03.887258 2026] [socache_shmcb:debug] [pid 623094:tid 623094] mod_socache_shmcb.c(745): AH00842: expiring 1 and reclaiming 0 removed socache entries
[Sat Aug 22 00:54:03.887260 2026] [socache_shmcb:debug] [pid 623094:tid 623094] mod_socache_shmcb.c(765): AH00843: we now have 48 socache entries
[Sat Aug 22 00:54:03.887262 2026] [socache_shmcb:debug] [pid 623094:tid 623094] mod_socache_shmcb.c(860): AH00847: insert happened at idx=30, data=(1513:1545)
[Sat Aug 22 00:54:03.887265 2026] [socache_shmcb:debug] [pid 623094:tid 623094] mod_socache_shmcb.c(863): AH00848: finished insert, subcache: idx_pos/idx_used=70/49, data_pos/data_used=4667/10939
[Sat Aug 22 00:54:03.887267 2026] [socache_shmcb:debug] [pid 623094:tid 623094] mod_socache_shmcb.c(530): AH00834: leaving socache_shmcb_store successfully
[Sat Aug 22 00:54:03.887275 2026] [socache_shmcb:debug] [pid 623127:tid 623127] mod_socache_shmcb.c(508): AH00831: socache_shmcb_store (0x3b -> subcache 27)
[Sat Aug 22 00:54:03.887283 2026] [socache_shmcb:debug] [pid 623127:tid 623127] mod_socache_shmcb.c(860): AH00847: insert happened at idx=13, data=(11817:11849)
[Sat Aug 22 00:54:03.887285 2026] [socache_shmcb:debug] [pid 623127:tid 623127] mod_socache_shmcb.c(863): AH00848: finished insert, subcache: idx_pos/idx_used=49/53, data_pos/data_used=184/11861
[Sat Aug 22 00:54:03.887288 2026] [socache_shmcb:debug] [pid 623127:tid 623127] mod_socache_shmcb.c(530): AH00834: leaving socache_shmcb_store successfully
[Sat Aug 22 00:54:03.887338 2026] [socache_shmcb:debug] [pid 623108:tid 623108] mod_socache_shmcb.c(508): AH00831: socache_shmcb_store (0x93 -> subcache 19)
[Sat Aug 22 00:54:03.887367 2026] [socache_shmcb:debug] [pid 623108:tid 623108] mod_socache_shmcb.c(860): AH00847: insert happened at idx=77, data=(6444:6476)
[Sat Aug 22 00:54:03.887370 2026] [socache_shmcb:debug] [pid 623108:tid 623108] mod_socache_shmcb.c(863): AH00848: finished insert, subcache: idx_pos/idx_used=39/39, data_pos/data_used=11796/8740
[Sat Aug 22 00:54:03.887373 2026] [socache_shmcb:debug] [pid 623108:tid 623108] mod_socache_shmcb.c(530): AH00834: leaving socache_shmcb_store successfully
[Sat Aug 22 00:54:03.887396 2026] [socache_shmcb:debug] [pid 623094:tid 623094] mod_socache_shmcb.c(508): AH00831: socache_shmcb_store (0x25 -> subcache 5)
[Sat Aug 22 00:54:03.887404 2026] [socache_shmcb:debug] [pid 623094:tid 623094] mod_socache_shmcb.c(745): AH00842: expiring 2 and reclaiming 0 removed socache entries
[Sat Aug 22 00:54:03.887406 2026] [socache_shmcb:debug] [pid 623094:tid 623094] mod_socache_shmcb.c(765): AH00843: we now have 39 socache entries
[Sat Aug 22 00:54:03.887408 2026] [socache_shmcb:debug] [pid 623094:tid 623094] mod_socache_shmcb.c(860): AH00847: insert happened at idx=34, data=(2576:2608)
[Sat Aug 22 00:54:03.887410 2026] [socache_shmcb:debug] [pid 623094:tid 623094] mod_socache_shmcb.c(863): AH00848: finished insert, subcache: idx_pos/idx_used=83/40, data_pos/data_used=7743/8925
[Sat Aug 22 00:54:03.887411 2026] [socache_shmcb:debug] [pid 623094:tid 623094] mod_socache_shmcb.c(530): AH00834: leaving socache_shmcb_store successfully
[Sat Aug 22 00:54:03.887433 2026] [socache_shmcb:debug] [pid 623127:tid 623127] mod_socache_shmcb.c(508): AH00831: socache_shmcb_store (0x8c -> subcache 12)
[Sat Aug 22 00:54:03.887449 2026] [socache_shmcb:debug] [pid 623127:tid 623127] mod_socache_shmcb.c(860): AH00847: insert happened at idx=28, data=(1232:1264)
[Sat Aug 22 00:54:03.887451 2026] [socache_shmcb:debug] [pid 623127:tid 623127] mod_socache_shmcb.c(863): AH00848: finished insert, subcache: idx_pos/idx_used=63/54, data_pos/data_used=3311/12013
[Sat Aug 22 00:54:03.887452 2026] [socache_shmcb:debug] [pid 623127:tid 623127] mod_socache_shmcb.c(530): AH00834: leaving socache_shmcb_store successfully
[Sat Aug 22 00:54:03.887459 2026] [socache_shmcb:debug] [pid 623108:tid 623108] mod_socache_shmcb.c(508): AH00831: socache_shmcb_store (0x24 -> subcache 4)
[Sat Aug 22 00:54:03.887464 2026] [socache_shmcb:debug] [pid 623108:tid 623108] mod_socache_shmcb.c(745): AH00842: expiring 5 and reclaiming 0 removed socache entries
[Sat Aug 22 00:54:03.887466 2026] [socache_shmcb:debug] [pid 623108:tid 623108] mod_socache_shmcb.c(765): AH00843: we now have 41 socache entries
[Sat Aug 22 00:54:03.887469 2026] [socache_shmcb:debug] [pid 623108:tid 623108] mod_socache_shmcb.c(860): AH00847: insert happened at idx=57, data=(7346:7378)
[Sat Aug 22 00:54:03.887470 2026] [socache_shmcb:debug] [pid 623108:tid 623108] mod_socache_shmcb.c(863): AH00848: finished insert, subcache: idx_pos/idx_used=16/42, data_pos/data_used=12072/9367
[Sat Aug 22 00:54:03.887472 2026] [socache_shmcb:debug] [pid 623108:tid 623108] mod_socache_shmcb.c(530): AH00834: leaving socache_shmcb_store successfully
[Sat Aug 22 00:54:03.887522 2026] [ssl:debug] [pid 623094:tid 623094] ssl_engine_kernel.c(254): [client 2401:e180:8de0:a096:dce8:8408:87ff:a712:49176] AH02034: Initial (No.1) HTTPS request received for child 14 (server www.cges.ilc.edu.tw:443), referer: https://www.cges.ilc.edu.tw/
[Sat Aug 22 00:54:03.887593 2026] [ssl:debug] [pid 623108:tid 623108] ssl_engine_kernel.c(254): [client 2401:e180:8de0:a096:dce8:8408:87ff:a712:49175] AH02034: Initial (No.1) HTTPS request received for child 17 (server www.cges.ilc.edu.tw:443), referer: https://www.cges.ilc.edu.tw/
[Sat Aug 22 00:54:03.887918 2026] [authz_core:debug] [pid 623110:tid 623110] mod_authz_core.c(815): [client 2401:e180:8de0:a096:dce8:8408:87ff:a712:49172] AH01626: authorization result of Require all granted: granted, referer: https://www.cges.ilc.edu.tw/
[Sat Aug 22 00:54:03.887934 2026] [authz_core:debug] [pid 623110:tid 623110] mod_authz_core.c(815): [client 2401:e180:8de0:a096:dce8:8408:87ff:a712:49172] AH01626: authorization result of : granted, referer: https://www.cges.ilc.edu.tw/
[Sat Aug 22 00:54:03.887977 2026] [authz_core:debug] [pid 623108:tid 623108] mod_authz_core.c(815): [client 2401:e180:8de0:a096:dce8:8408:87ff:a712:49175] AH01626: authorization result of Require all granted: granted, referer: https://www.cges.ilc.edu.tw/
[Sat Aug 22 00:54:03.887984 2026] [authz_core:debug] [pid 623108:tid 623108] mod_authz_core.c(815): [client 2401:e180:8de0:a096:dce8:8408:87ff:a712:49175] AH01626: authorization result of : granted, referer: https://www.cges.ilc.edu.tw/
[Sat Aug 22 00:54:03.888002 2026] [authz_core:debug] [pid 623094:tid 623094] mod_authz_core.c(815): [client 2401:e180:8de0:a096:dce8:8408:87ff:a712:49176] AH01626: authorization result of Require all granted: granted, referer: https://www.cges.ilc.edu.tw/
[Sat Aug 22 00:54:03.888011 2026] [authz_core:debug] [pid 623094:tid 623094] mod_authz_core.c(815): [client 2401:e180:8de0:a096:dce8:8408:87ff:a712:49176] AH01626: authorization result of : granted, referer: https://www.cges.ilc.edu.tw/
[Sat Aug 22 00:54:03.888376 2026] [deflate:debug] [pid 623108:tid 623108] mod_deflate.c(909): [client 2401:e180:8de0:a096:dce8:8408:87ff:a712:49175] AH01384: Zlib: Compressed 1193 to 377 : URL /wp-content/uploads/sites/1393/elementor/css/post-345.css, referer: https://www.cges.ilc.edu.tw/
[Sat Aug 22 00:54:03.889029 2026] [deflate:debug] [pid 623110:tid 623110] mod_deflate.c(909): [client 2401:e180:8de0:a096:dce8:8408:87ff:a712:49172] AH01384: Zlib: Compressed 34060 to 5924 : URL /wp-content/cache/www.cges.ilc.edu.tw/wpfc-minified/2qfowuv3/6vvf.css, referer: https://www.cges.ilc.edu.tw/
[Sat Aug 22 00:54:03.891262 2026] [ssl:debug] [pid 623127:tid 623127] ssl_engine_kernel.c(254): [client 2401:e180:8de0:a096:dce8:8408:87ff:a712:49174] AH02034: Initial (No.1) HTTPS request received for child 2 (server www.cges.ilc.edu.tw:443), referer: https://www.cges.ilc.edu.tw/
[Sat Aug 22 00:54:03.892468 2026] [authz_core:debug] [pid 623127:tid 623127] mod_authz_core.c(815): [client 2401:e180:8de0:a096:dce8:8408:87ff:a712:49174] AH01626: authorization result of Require all granted: granted, referer: https://www.cges.ilc.edu.tw/
[Sat Aug 22 00:54:03.892483 2026] [authz_core:debug] [pid 623127:tid 623127] mod_authz_core.c(815): [client 2401:e180:8de0:a096:dce8:8408:87ff:a712:49174] AH01626: authorization result of : granted, referer: https://www.cges.ilc.edu.tw/
[Sat Aug 22 00:54:03.899823 2026] [deflate:debug] [pid 623094:tid 623094] mod_deflate.c(909): [client 2401:e180:8de0:a096:dce8:8408:87ff:a712:49176] AH01384: Zlib: Compressed 552465 to 52994 : URL /wp-content/cache/www.cges.ilc.edu.tw/wpfc-minified/7nsmgxv0/6vvf.css, referer: https://www.cges.ilc.edu.tw/
[Sat Aug 22 00:54:03.907697 2026] [ssl:debug] [pid 623129:tid 623129] ssl_engine_kernel.c(254): [client 85.208.96.194:54444] AH02034: Initial (No.1) HTTPS request received for child 6 (server www.fsjh.ilc.edu.tw:443)
[Sat Aug 22 00:54:03.907949 2026] [authz_core:debug] [pid 623129:tid 623129] mod_authz_core.c(815): [client 85.208.96.194:54444] AH01626: authorization result of Require all granted: granted
[Sat Aug 22 00:54:03.907957 2026] [authz_core:debug] [pid 623129:tid 623129] mod_authz_core.c(815): [client 85.208.96.194:54444] AH01626: authorization result of : granted
[Sat Aug 22 00:54:03.908307 2026] [ssl:debug] [pid 623129:tid 623129] ssl_engine_io.c(1150): [client 85.208.96.194:54444] AH02001: Connection closed to child 6 with standard shutdown (server www.fsjh.ilc.edu.tw:443)
[Sat Aug 22 00:54:03.909040 2026] [deflate:debug] [pid 623127:tid 623127] mod_deflate.c(909): [client 2401:e180:8de0:a096:dce8:8408:87ff:a712:49174] AH01384: Zlib: Compressed 537384 to 86027 : URL /wp-content/cache/www.cges.ilc.edu.tw/wpfc-minified/2fm5zxwl/6vvf.css, referer: https://www.cges.ilc.edu.tw/
[Sat Aug 22 00:54:03.915173 2026] [ssl:debug] [pid 623119:tid 623119] ssl_engine_kernel.c(254): [client 2401:e180:8de0:a096:dce8:8408:87ff:a712:49173] AH02034: Subsequent (No.2) HTTPS request received for child 33 (server www.cges.ilc.edu.tw:443), referer: https://www.cges.ilc.edu.tw/
[Sat Aug 22 00:54:03.915435 2026] [authz_core:debug] [pid 623119:tid 623119] mod_authz_core.c(815): [client 2401:e180:8de0:a096:dce8:8408:87ff:a712:49173] AH01626: authorization result of Require all granted: granted, referer: https://www.cges.ilc.edu.tw/
[Sat Aug 22 00:54:03.915443 2026] [authz_core:debug] [pid 623119:tid 623119] mod_authz_core.c(815): [client 2401:e180:8de0:a096:dce8:8408:87ff:a712:49173] AH01626: authorization result of : granted, referer: https://www.cges.ilc.edu.tw/
[Sat Aug 22 00:54:03.915534 2026] [ssl:debug] [pid 623121:tid 623121] ssl_engine_kernel.c(254): [client 2401:e180:8de0:a096:dce8:8408:87ff:a712:49171] AH02034: Subsequent (No.3) HTTPS request received for child 35 (server www.cges.ilc.edu.tw:443), referer: https://www.cges.ilc.edu.tw/
[Sat Aug 22 00:54:03.915731 2026] [deflate:debug] [pid 623119:tid 623119] mod_deflate.c(909): [client 2401:e180:8de0:a096:dce8:8408:87ff:a712:49173] AH01384: Zlib: Compressed 1718 to 700 : URL /wp-includes/js/hoverintent-js.min.js, referer: https://www.cges.ilc.edu.tw/
[Sat Aug 22 00:54:03.915739 2026] [authz_core:debug] [pid 623121:tid 623121] mod_authz_core.c(815): [client 2401:e180:8de0:a096:dce8:8408:87ff:a712:49171] AH01626: authorization result of Require all granted: granted, referer: https://www.cges.ilc.edu.tw/
[Sat Aug 22 00:54:03.915749 2026] [authz_core:debug] [pid 623121:tid 623121] mod_authz_core.c(815): [client 2401:e180:8de0:a096:dce8:8408:87ff:a712:49171] AH01626: authorization result of : granted, referer: https://www.cges.ilc.edu.tw/
[Sat Aug 22 00:54:03.916042 2026] [deflate:debug] [pid 623121:tid 623121] mod_deflate.c(909): [client 2401:e180:8de0:a096:dce8:8408:87ff:a712:49171] AH01384: Zlib: Compressed 3487 to 1339 : URL /wp-includes/js/admin-bar.min.js, referer: https://www.cges.ilc.edu.tw/
[Sat Aug 22 00:54:03.923299 2026] [ssl:debug] [pid 623108:tid 623108] ssl_engine_kernel.c(254): [client 2401:e180:8de0:a096:dce8:8408:87ff:a712:49175] AH02034: Subsequent (No.2) HTTPS request received for child 17 (server www.cges.ilc.edu.tw:443), referer: https://www.cges.ilc.edu.tw/
[Sat Aug 22 00:54:03.923545 2026] [authz_core:debug] [pid 623108:tid 623108] mod_authz_core.c(815): [client 2401:e180:8de0:a096:dce8:8408:87ff:a712:49175] AH01626: authorization result of Require all granted: granted, referer: https://www.cges.ilc.edu.tw/
[Sat Aug 22 00:54:03.923554 2026] [authz_core:debug] [pid 623108:tid 623108] mod_authz_core.c(815): [client 2401:e180:8de0:a096:dce8:8408:87ff:a712:49175] AH01626: authorization result of : granted, referer: https://www.cges.ilc.edu.tw/
[Sat Aug 22 00:54:03.923924 2026] [deflate:debug] [pid 623108:tid 623108] mod_deflate.c(909): [client 2401:e180:8de0:a096:dce8:8408:87ff:a712:49175] AH01384: Zlib: Compressed 5520 to 1785 : URL /wp-includes/js/imagesloaded.min.js, referer: https://www.cges.ilc.edu.tw/
[Sat Aug 22 00:54:03.928078 2026] [ssl:debug] [pid 623110:tid 623110] ssl_engine_kernel.c(254): [client 2401:e180:8de0:a096:dce8:8408:87ff:a712:49172] AH02034: Subsequent (No.5) HTTPS request received for child 23 (server www.cges.ilc.edu.tw:443), referer: https://www.cges.ilc.edu.tw/
[Sat Aug 22 00:54:03.928344 2026] [authz_core:debug] [pid 623110:tid 623110] mod_authz_core.c(815): [client 2401:e180:8de0:a096:dce8:8408:87ff:a712:49172] AH01626: authorization result of Require all granted: granted, referer: https://www.cges.ilc.edu.tw/
[Sat Aug 22 00:54:03.928355 2026] [authz_core:debug] [pid 623110:tid 623110] mod_authz_core.c(815): [client 2401:e180:8de0:a096:dce8:8408:87ff:a712:49172] AH01626: authorization result of : granted, referer: https://www.cges.ilc.edu.tw/
[Sat Aug 22 00:54:03.928973 2026] [deflate:debug] [pid 623110:tid 623110] mod_deflate.c(909): [client 2401:e180:8de0:a096:dce8:8408:87ff:a712:49172] AH01384: Zlib: Compressed 19719 to 4232 : URL /wp-content/themes/oceanwp/assets/js/theme.min.js, referer: https://www.cges.ilc.edu.tw/
[Sat Aug 22 00:54:03.938314 2026] [authz_core:debug] [pid 623061:tid 623061] mod_authz_core.c(815): [client 2400:e920:0:2:f45d:ddff:fe00:7a:53125] AH01626: authorization result of Require all granted: granted, referer: http://ilta.ilc.edu.tw
[Sat Aug 22 00:54:03.938329 2026] [authz_core:debug] [pid 623061:tid 623061] mod_authz_core.c(815): [client 2400:e920:0:2:f45d:ddff:fe00:7a:53125] AH01626: authorization result of : granted, referer: http://ilta.ilc.edu.tw
[Sat Aug 22 00:54:03.961326 2026] [ssl:debug] [pid 623119:tid 623119] ssl_engine_kernel.c(254): [client 2401:e180:8de0:a096:dce8:8408:87ff:a712:49173] AH02034: Subsequent (No.3) HTTPS request received for child 33 (server www.cges.ilc.edu.tw:443), referer: https://www.cges.ilc.edu.tw/
[Sat Aug 22 00:54:03.961590 2026] [authz_core:debug] [pid 623119:tid 623119] mod_authz_core.c(815): [client 2401:e180:8de0:a096:dce8:8408:87ff:a712:49173] AH01626: authorization result of Require all granted: granted, referer: https://www.cges.ilc.edu.tw/
[Sat Aug 22 00:54:03.961599 2026] [authz_core:debug] [pid 623119:tid 623119] mod_authz_core.c(815): [client 2401:e180:8de0:a096:dce8:8408:87ff:a712:49173] AH01626: authorization result of : granted, referer: https://www.cges.ilc.edu.tw/
[Sat Aug 22 00:54:03.962120 2026] [deflate:debug] [pid 623119:tid 623119] mod_deflate.c(909): [client 2401:e180:8de0:a096:dce8:8408:87ff:a712:49173] AH01384: Zlib: Compressed 14581 to 3765 : URL /wp-content/themes/oceanwp/assets/js/drop-down-mobile-menu.min.js, referer: https://www.cges.ilc.edu.tw/
[Sat Aug 22 00:54:03.963569 2026] [ssl:debug] [pid 623121:tid 623121] ssl_engine_kernel.c(254): [client 2401:e180:8de0:a096:dce8:8408:87ff:a712:49171] AH02034: Subsequent (No.4) HTTPS request received for child 35 (server www.cges.ilc.edu.tw:443), referer: https://www.cges.ilc.edu.tw/
[Sat Aug 22 00:54:03.963852 2026] [authz_core:debug] [pid 623121:tid 623121] mod_authz_core.c(815): [client 2401:e180:8de0:a096:dce8:8408:87ff:a712:49171] AH01626: authorization result of Require all granted: granted, referer: https://www.cges.ilc.edu.tw/
[Sat Aug 22 00:54:03.963862 2026] [authz_core:debug] [pid 623121:tid 623121] mod_authz_core.c(815): [client 2401:e180:8de0:a096:dce8:8408:87ff:a712:49171] AH01626: authorization result of : granted, referer: https://www.cges.ilc.edu.tw/
[Sat Aug 22 00:54:03.964718 2026] [deflate:debug] [pid 623121:tid 623121] mod_deflate.c(909): [client 2401:e180:8de0:a096:dce8:8408:87ff:a712:49171] AH01384: Zlib: Compressed 20216 to 7328 : URL /wp-content/themes/oceanwp/assets/js/vendors/magnific-popup.min.js, referer: https://www.cges.ilc.edu.tw/
[Sat Aug 22 00:54:03.973130 2026] [ssl:debug] [pid 623108:tid 623108] ssl_engine_kernel.c(254): [client 2401:e180:8de0:a096:dce8:8408:87ff:a712:49175] AH02034: Subsequent (No.3) HTTPS request received for child 17 (server www.cges.ilc.edu.tw:443), referer: https://www.cges.ilc.edu.tw/
[Sat Aug 22 00:54:03.973323 2026] [authz_core:debug] [pid 623108:tid 623108] mod_authz_core.c(815): [client 2401:e180:8de0:a096:dce8:8408:87ff:a712:49175] AH01626: authorization result of Require all granted: granted, referer: https://www.cges.ilc.edu.tw/
[Sat Aug 22 00:54:03.973328 2026] [authz_core:debug] [pid 623108:tid 623108] mod_authz_core.c(815): [client 2401:e180:8de0:a096:dce8:8408:87ff:a712:49175] AH01626: authorization result of : granted, referer: https://www.cges.ilc.edu.tw/
[Sat Aug 22 00:54:03.973558 2026] [deflate:debug] [pid 623108:tid 623108] mod_deflate.c(909): [client 2401:e180:8de0:a096:dce8:8408:87ff:a712:49175] AH01384: Zlib: Compressed 4111 to 1423 : URL /wp-content/themes/oceanwp/assets/js/ow-lightbox.min.js, referer: https://www.cges.ilc.edu.tw/
[Sat Aug 22 00:54:03.977129 2026] [ssl:debug] [pid 623110:tid 623110] ssl_engine_kernel.c(254): [client 2401:e180:8de0:a096:dce8:8408:87ff:a712:49172] AH02034: Subsequent (No.6) HTTPS request received for child 23 (server www.cges.ilc.edu.tw:443), referer: https://www.cges.ilc.edu.tw/
[Sat Aug 22 00:54:03.977300 2026] [authz_core:debug] [pid 623110:tid 623110] mod_authz_core.c(815): [client 2401:e180:8de0:a096:dce8:8408:87ff:a712:49172] AH01626: authorization result of Require all granted: granted, referer: https://www.cges.ilc.edu.tw/
[Sat Aug 22 00:54:03.977305 2026] [authz_core:debug] [pid 623110:tid 623110] mod_authz_core.c(815): [client 2401:e180:8de0:a096:dce8:8408:87ff:a712:49172] AH01626: authorization result of : granted, referer: https://www.cges.ilc.edu.tw/
[Sat Aug 22 00:54:03.979032 2026] [deflate:debug] [pid 623110:tid 623110] mod_deflate.c(909): [client 2401:e180:8de0:a096:dce8:8408:87ff:a712:49172] AH01384: Zlib: Compressed 57513 to 14083 : URL /wp-content/themes/oceanwp/assets/js/vendors/flickity.pkgd.min.js, referer: https://www.cges.ilc.edu.tw/
[Sat Aug 22 00:54:03.997009 2026] [watchdog:debug] [pid 623180:tid 623180] mod_watchdog.c(559): AH02980: Watchdog: nothing configured?
[Sat Aug 22 00:54:03.999261 2026] [ssl:debug] [pid 623119:tid 623119] ssl_engine_kernel.c(254): [client 2401:e180:8de0:a096:dce8:8408:87ff:a712:49173] AH02034: Subsequent (No.4) HTTPS request received for child 33 (server www.cges.ilc.edu.tw:443), referer: https://www.cges.ilc.edu.tw/
[Sat Aug 22 00:54:03.999273 2026] [ssl:debug] [pid 623094:tid 623094] ssl_engine_kernel.c(254): [client 2401:e180:8de0:a096:dce8:8408:87ff:a712:49176] AH02034: Subsequent (No.2) HTTPS request received for child 14 (server www.cges.ilc.edu.tw:443), referer: https://www.cges.ilc.edu.tw/
[Sat Aug 22 00:54:03.999284 2026] [ssl:debug] [pid 623127:tid 623127] ssl_engine_kernel.c(254): [client 2401:e180:8de0:a096:dce8:8408:87ff:a712:49174] AH02034: Subsequent (No.2) HTTPS request received for child 2 (server www.cges.ilc.edu.tw:443), referer: https://www.cges.ilc.edu.tw/
[Sat Aug 22 00:54:03.999459 2026] [authz_core:debug] [pid 623119:tid 623119] mod_authz_core.c(815): [client 2401:e180:8de0:a096:dce8:8408:87ff:a712:49173] AH01626: authorization result of Require all granted: granted, referer: https://www.cges.ilc.edu.tw/
[Sat Aug 22 00:54:03.999465 2026] [authz_core:debug] [pid 623119:tid 623119] mod_authz_core.c(815): [client 2401:e180:8de0:a096:dce8:8408:87ff:a712:49173] AH01626: authorization result of : granted, referer: https://www.cges.ilc.edu.tw/
[Sat Aug 22 00:54:03.999499 2026] [authz_core:debug] [pid 623127:tid 623127] mod_authz_core.c(815): [client 2401:e180:8de0:a096:dce8:8408:87ff:a712:49174] AH01626: authorization result of Require all granted: granted, referer: https://www.cges.ilc.edu.tw/
[Sat Aug 22 00:54:03.999499 2026] [authz_core:debug] [pid 623094:tid 623094] mod_authz_core.c(815): [client 2401:e180:8de0:a096:dce8:8408:87ff:a712:49176] AH01626: authorization result of Require all granted: granted, referer: https://www.cges.ilc.edu.tw/
[Sat Aug 22 00:54:03.999509 2026] [authz_core:debug] [pid 623127:tid 623127] mod_authz_core.c(815): [client 2401:e180:8de0:a096:dce8:8408:87ff:a712:49174] AH01626: authorization result of : granted, referer: https://www.cges.ilc.edu.tw/
[Sat Aug 22 00:54:03.999513 2026] [authz_core:debug] [pid 623094:tid 623094] mod_authz_core.c(815): [client 2401:e180:8de0:a096:dce8:8408:87ff:a712:49176] AH01626: authorization result of : granted, referer: https://www.cges.ilc.edu.tw/
[Sat Aug 22 00:54:03.999757 2026] [deflate:debug] [pid 623119:tid 623119] mod_deflate.c(909): [client 2401:e180:8de0:a096:dce8:8408:87ff:a712:49173] AH01384: Zlib: Compressed 8989 to 2304 : URL /wp-content/themes/oceanwp/assets/js/scroll-top.min.js, referer: https://www.cges.ilc.edu.tw/
[Sat Aug 22 00:54:03.999810 2026] [deflate:debug] [pid 623127:tid 623127] mod_deflate.c(909): [client 2401:e180:8de0:a096:dce8:8408:87ff:a712:49174] AH01384: Zlib: Compressed 5181 to 1510 : URL /wp-content/themes/oceanwp/assets/js/select.min.js, referer: https://www.cges.ilc.edu.tw/
[Sat Aug 22 00:54:03.999989 2026] [deflate:debug] [pid 623094:tid 623094] mod_deflate.c(909): [client 2401:e180:8de0:a096:dce8:8408:87ff:a712:49176] AH01384: Zlib: Compressed 12402 to 3229 : URL /wp-content/themes/oceanwp/assets/js/scroll-effect.min.js, referer: https://www.cges.ilc.edu.tw/
[Sat Aug 22 00:54:04.007550 2026] [ssl:debug] [pid 623121:tid 623121] ssl_engine_kernel.c(254): [client 2401:e180:8de0:a096:dce8:8408:87ff:a712:49171] AH02034: Subsequent (No.5) HTTPS request received for child 35 (server www.cges.ilc.edu.tw:443), referer: https://www.cges.ilc.edu.tw/
[Sat Aug 22 00:54:04.007832 2026] [authz_core:debug] [pid 623121:tid 623121] mod_authz_core.c(815): [client 2401:e180:8de0:a096:dce8:8408:87ff:a712:49171] AH01626: authorization result of Require all granted: granted, referer: https://www.cges.ilc.edu.tw/
[Sat Aug 22 00:54:04.007841 2026] [authz_core:debug] [pid 623121:tid 623121] mod_authz_core.c(815): [client 2401:e180:8de0:a096:dce8:8408:87ff:a712:49171] AH01626: authorization result of : granted, referer: https://www.cges.ilc.edu.tw/
[Sat Aug 22 00:54:04.008105 2026] [deflate:debug] [pid 623121:tid 623121] mod_deflate.c(909): [client 2401:e180:8de0:a096:dce8:8408:87ff:a712:49171] AH01384: Zlib: Compressed 712 to 422 : URL /wp-content/plugins/ocean-extra/includes/widgets/js/flickr.min.js, referer: https://www.cges.ilc.edu.tw/
[Sat Aug 22 00:54:04.015286 2026] [ssl:debug] [pid 623110:tid 623110] ssl_engine_kernel.c(254): [client 2401:e180:8de0:a096:dce8:8408:87ff:a712:49172] AH02034: Subsequent (No.7) HTTPS request received for child 23 (server www.cges.ilc.edu.tw:443), referer: https://www.cges.ilc.edu.tw/
[Sat Aug 22 00:54:04.015291 2026] [ssl:debug] [pid 623108:tid 623108] ssl_engine_kernel.c(254): [client 2401:e180:8de0:a096:dce8:8408:87ff:a712:49175] AH02034: Subsequent (No.4) HTTPS request received for child 17 (server www.cges.ilc.edu.tw:443), referer: https://www.cges.ilc.edu.tw/
[Sat Aug 22 00:54:04.015483 2026] [authz_core:debug] [pid 623110:tid 623110] mod_authz_core.c(815): [client 2401:e180:8de0:a096:dce8:8408:87ff:a712:49172] AH01626: authorization result of Require all granted: granted, referer: https://www.cges.ilc.edu.tw/
[Sat Aug 22 00:54:04.015489 2026] [authz_core:debug] [pid 623110:tid 623110] mod_authz_core.c(815): [client 2401:e180:8de0:a096:dce8:8408:87ff:a712:49172] AH01626: authorization result of : granted, referer: https://www.cges.ilc.edu.tw/
[Sat Aug 22 00:54:04.015519 2026] [authz_core:debug] [pid 623108:tid 623108] mod_authz_core.c(815): [client 2401:e180:8de0:a096:dce8:8408:87ff:a712:49175] AH01626: authorization result of Require all granted: granted, referer: https://www.cges.ilc.edu.tw/
[Sat Aug 22 00:54:04.015526 2026] [authz_core:debug] [pid 623108:tid 623108] mod_authz_core.c(815): [client 2401:e180:8de0:a096:dce8:8408:87ff:a712:49175] AH01626: authorization result of : granted, referer: https://www.cges.ilc.edu.tw/
[Sat Aug 22 00:54:04.015681 2026] [deflate:debug] [pid 623110:tid 623110] mod_deflate.c(909): [client 2401:e180:8de0:a096:dce8:8408:87ff:a712:49172] AH01384: Zlib: Compressed 1191 to 522 : URL /wp-includes/js/mediaelement/mediaelement-migrate.min.js, referer: https://www.cges.ilc.edu.tw/
[Sat Aug 22 00:54:04.020651 2026] [deflate:debug] [pid 623108:tid 623108] mod_deflate.c(909): [client 2401:e180:8de0:a096:dce8:8408:87ff:a712:49175] AH01384: Zlib: Compressed 158005 to 38771 : URL /wp-includes/js/mediaelement/mediaelement-and-player.min.js, referer: https://www.cges.ilc.edu.tw/
[Sat Aug 22 00:54:04.044365 2026] [ssl:debug] [pid 623127:tid 623127] ssl_engine_kernel.c(254): [client 2401:e180:8de0:a096:dce8:8408:87ff:a712:49174] AH02034: Subsequent (No.3) HTTPS request received for child 2 (server www.cges.ilc.edu.tw:443), referer: https://www.cges.ilc.edu.tw/
[Sat Aug 22 00:54:04.044365 2026] [ssl:debug] [pid 623094:tid 623094] ssl_engine_kernel.c(254): [client 2401:e180:8de0:a096:dce8:8408:87ff:a712:49176] AH02034: Subsequent (No.3) HTTPS request received for child 14 (server www.cges.ilc.edu.tw:443), referer: https://www.cges.ilc.edu.tw/
[Sat Aug 22 00:54:04.044373 2026] [ssl:debug] [pid 623119:tid 623119] ssl_engine_kernel.c(254): [client 2401:e180:8de0:a096:dce8:8408:87ff:a712:49173] AH02034: Subsequent (No.5) HTTPS request received for child 33 (server www.cges.ilc.edu.tw:443), referer: https://www.cges.ilc.edu.tw/
[Sat Aug 22 00:54:04.044589 2026] [authz_core:debug] [pid 623127:tid 623127] mod_authz_core.c(815): [client 2401:e180:8de0:a096:dce8:8408:87ff:a712:49174] AH01626: authorization result of Require all granted: granted, referer: https://www.cges.ilc.edu.tw/
[Sat Aug 22 00:54:04.044598 2026] [authz_core:debug] [pid 623127:tid 623127] mod_authz_core.c(815): [client 2401:e180:8de0:a096:dce8:8408:87ff:a712:49174] AH01626: authorization result of : granted, referer: https://www.cges.ilc.edu.tw/
[Sat Aug 22 00:54:04.044610 2026] [authz_core:debug] [pid 623094:tid 623094] mod_authz_core.c(815): [client 2401:e180:8de0:a096:dce8:8408:87ff:a712:49176] AH01626: authorization result of Require all granted: granted, referer: https://www.cges.ilc.edu.tw/
[Sat Aug 22 00:54:04.044617 2026] [authz_core:debug] [pid 623094:tid 623094] mod_authz_core.c(815): [client 2401:e180:8de0:a096:dce8:8408:87ff:a712:49176] AH01626: authorization result of : granted, referer: https://www.cges.ilc.edu.tw/
[Sat Aug 22 00:54:04.044655 2026] [authz_core:debug] [pid 623119:tid 623119] mod_authz_core.c(815): [client 2401:e180:8de0:a096:dce8:8408:87ff:a712:49173] AH01626: authorization result of Require all granted: granted, referer: https://www.cges.ilc.edu.tw/
[Sat Aug 22 00:54:04.044665 2026] [authz_core:debug] [pid 623119:tid 623119] mod_authz_core.c(815): [client 2401:e180:8de0:a096:dce8:8408:87ff:a712:49173] AH01626: authorization result of : granted, referer: https://www.cges.ilc.edu.tw/
[Sat Aug 22 00:54:04.044876 2026] [deflate:debug] [pid 623119:tid 623119] mod_deflate.c(909): [client 2401:e180:8de0:a096:dce8:8408:87ff:a712:49173] AH01384: Zlib: Compressed 1107 to 520 : URL /wp-includes/js/mediaelement/wp-mediaelement.min.js, referer: https://www.cges.ilc.edu.tw/
[Sat Aug 22 00:54:04.044934 2026] [deflate:debug] [pid 623127:tid 623127] mod_deflate.c(909): [client 2401:e180:8de0:a096:dce8:8408:87ff:a712:49174] AH01384: Zlib: Compressed 6464 to 2266 : URL /wp-includes/js/mediaelement/renderers/vimeo.min.js, referer: https://www.cges.ilc.edu.tw/
[Sat Aug 22 00:54:04.044943 2026] [deflate:debug] [pid 623094:tid 623094] mod_deflate.c(909): [client 2401:e180:8de0:a096:dce8:8408:87ff:a712:49176] AH01384: Zlib: Compressed 5881 to 2664 : URL /wp-content/plugins/elementor-pro/assets/js/webpack-pro.runtime.min.js, referer: https://www.cges.ilc.edu.tw/
[Sat Aug 22 00:54:04.051629 2026] [ssl:debug] [pid 623121:tid 623121] ssl_engine_kernel.c(254): [client 2401:e180:8de0:a096:dce8:8408:87ff:a712:49171] AH02034: Subsequent (No.6) HTTPS request received for child 35 (server www.cges.ilc.edu.tw:443), referer: https://www.cges.ilc.edu.tw/
[Sat Aug 22 00:54:04.051891 2026] [authz_core:debug] [pid 623121:tid 623121] mod_authz_core.c(815): [client 2401:e180:8de0:a096:dce8:8408:87ff:a712:49171] AH01626: authorization result of Require all granted: granted, referer: https://www.cges.ilc.edu.tw/
[Sat Aug 22 00:54:04.051900 2026] [authz_core:debug] [pid 623121:tid 623121] mod_authz_core.c(815): [client 2401:e180:8de0:a096:dce8:8408:87ff:a712:49171] AH01626: authorization result of : granted, referer: https://www.cges.ilc.edu.tw/
[Sat Aug 22 00:54:04.052201 2026] [deflate:debug] [pid 623121:tid 623121] mod_deflate.c(909): [client 2401:e180:8de0:a096:dce8:8408:87ff:a712:49171] AH01384: Zlib: Compressed 4997 to 2197 : URL /wp-content/plugins/elementor/assets/js/webpack.runtime.min.js, referer: https://www.cges.ilc.edu.tw/
[Sat Aug 22 00:54:04.059257 2026] [ssl:debug] [pid 623110:tid 623110] ssl_engine_kernel.c(254): [client 2401:e180:8de0:a096:dce8:8408:87ff:a712:49172] AH02034: Subsequent (No.8) HTTPS request received for child 23 (server www.cges.ilc.edu.tw:443), referer: https://www.cges.ilc.edu.tw/
[Sat Aug 22 00:54:04.059512 2026] [authz_core:debug] [pid 623110:tid 623110] mod_authz_core.c(815): [client 2401:e180:8de0:a096:dce8:8408:87ff:a712:49172] AH01626: authorization result of Require all granted: granted, referer: https://www.cges.ilc.edu.tw/
[Sat Aug 22 00:54:04.059529 2026] [authz_core:debug] [pid 623110:tid 623110] mod_authz_core.c(815): [client 2401:e180:8de0:a096:dce8:8408:87ff:a712:49172] AH01626: authorization result of : granted, referer: https://www.cges.ilc.edu.tw/
[Sat Aug 22 00:54:04.061977 2026] [deflate:debug] [pid 623110:tid 623110] mod_deflate.c(909): [client 2401:e180:8de0:a096:dce8:8408:87ff:a712:49172] AH01384: Zlib: Compressed 67411 to 18429 : URL /wp-content/plugins/elementor/assets/js/frontend-modules.min.js, referer: https://www.cges.ilc.edu.tw/
[Sat Aug 22 00:54:04.081916 2026] [ssl:info] [pid 623097:tid 623097] (104)Connection reset by peer: [client 2a00:a041:3ca2:1600:6c46:191b:ab3:a3a1:38672] AH01991: SSL input filter read failed.
[Sat Aug 22 00:54:04.082003 2026] [ssl:debug] [pid 623097:tid 623097] ssl_engine_io.c(1150): [client 2a00:a041:3ca2:1600:6c46:191b:ab3:a3a1:38672] AH02001: Connection closed to child 20 with standard shutdown (server 2blog.ilc.edu.tw:443)
[Sat Aug 22 00:54:04.083236 2026] [ssl:debug] [pid 623127:tid 623127] ssl_engine_kernel.c(254): [client 2401:e180:8de0:a096:dce8:8408:87ff:a712:49174] AH02034: Subsequent (No.4) HTTPS request received for child 2 (server www.cges.ilc.edu.tw:443), referer: https://www.cges.ilc.edu.tw/
[Sat Aug 22 00:54:04.083240 2026] [ssl:debug] [pid 623119:tid 623119] ssl_engine_kernel.c(254): [client 2401:e180:8de0:a096:dce8:8408:87ff:a712:49173] AH02034: Subsequent (No.6) HTTPS request received for child 33 (server www.cges.ilc.edu.tw:443), referer: https://www.cges.ilc.edu.tw/
[Sat Aug 22 00:54:04.083474 2026] [authz_core:debug] [pid 623127:tid 623127] mod_authz_core.c(815): [client 2401:e180:8de0:a096:dce8:8408:87ff:a712:49174] AH01626: authorization result of Require all granted: granted, referer: https://www.cges.ilc.edu.tw/
[Sat Aug 22 00:54:04.083475 2026] [authz_core:debug] [pid 623119:tid 623119] mod_authz_core.c(815): [client 2401:e180:8de0:a096:dce8:8408:87ff:a712:49173] AH01626: authorization result of Require all granted: granted, referer: https://www.cges.ilc.edu.tw/
[Sat Aug 22 00:54:04.083483 2026] [authz_core:debug] [pid 623127:tid 623127] mod_authz_core.c(815): [client 2401:e180:8de0:a096:dce8:8408:87ff:a712:49174] AH01626: authorization result of : granted, referer: https://www.cges.ilc.edu.tw/
[Sat Aug 22 00:54:04.083488 2026] [authz_core:debug] [pid 623119:tid 623119] mod_authz_core.c(815): [client 2401:e180:8de0:a096:dce8:8408:87ff:a712:49173] AH01626: authorization result of : granted, referer: https://www.cges.ilc.edu.tw/
[Sat Aug 22 00:54:04.083811 2026] [deflate:debug] [pid 623119:tid 623119] mod_deflate.c(909): [client 2401:e180:8de0:a096:dce8:8408:87ff:a712:49173] AH01384: Zlib: Compressed 4307 to 1523 : URL /wp-includes/js/dist/hooks.min.js, referer: https://www.cges.ilc.edu.tw/
[Sat Aug 22 00:54:04.083936 2026] [deflate:debug] [pid 623127:tid 623127] mod_deflate.c(909): [client 2401:e180:8de0:a096:dce8:8408:87ff:a712:49174] AH01384: Zlib: Compressed 9141 to 3649 : URL /wp-includes/js/dist/i18n.min.js, referer: https://www.cges.ilc.edu.tw/
[Sat Aug 22 00:54:04.091243 2026] [ssl:debug] [pid 623108:tid 623108] ssl_engine_kernel.c(254): [client 2401:e180:8de0:a096:dce8:8408:87ff:a712:49175] AH02034: Subsequent (No.5) HTTPS request received for child 17 (server www.cges.ilc.edu.tw:443), referer: https://www.cges.ilc.edu.tw/
[Sat Aug 22 00:54:04.091244 2026] [ssl:debug] [pid 623094:tid 623094] ssl_engine_kernel.c(254): [client 2401:e180:8de0:a096:dce8:8408:87ff:a712:49176] AH02034: Subsequent (No.4) HTTPS request received for child 14 (server www.cges.ilc.edu.tw:443), referer: https://www.cges.ilc.edu.tw/
[Sat Aug 22 00:54:04.091506 2026] [authz_core:debug] [pid 623094:tid 623094] mod_authz_core.c(815): [client 2401:e180:8de0:a096:dce8:8408:87ff:a712:49176] AH01626: authorization result of Require all granted: granted, referer: https://www.cges.ilc.edu.tw/
[Sat Aug 22 00:54:04.091512 2026] [authz_core:debug] [pid 623108:tid 623108] mod_authz_core.c(815): [client 2401:e180:8de0:a096:dce8:8408:87ff:a712:49175] AH01626: authorization result of Require all granted: granted, referer: https://www.cges.ilc.edu.tw/
[Sat Aug 22 00:54:04.091523 2026] [authz_core:debug] [pid 623094:tid 623094] mod_authz_core.c(815): [client 2401:e180:8de0:a096:dce8:8408:87ff:a712:49176] AH01626: authorization result of : granted, referer: https://www.cges.ilc.edu.tw/
[Sat Aug 22 00:54:04.091527 2026] [authz_core:debug] [pid 623108:tid 623108] mod_authz_core.c(815): [client 2401:e180:8de0:a096:dce8:8408:87ff:a712:49175] AH01626: authorization result of : granted, referer: https://www.cges.ilc.edu.tw/
[Sat Aug 22 00:54:04.092009 2026] [deflate:debug] [pid 623094:tid 623094] mod_deflate.c(909): [client 2401:e180:8de0:a096:dce8:8408:87ff:a712:49176] AH01384: Zlib: Compressed 12198 to 2975 : URL /wp-content/plugins/elementor/assets/lib/waypoints/waypoints.min.js, referer: https://www.cges.ilc.edu.tw/
[Sat Aug 22 00:54:04.092287 2026] [ssl:debug] [pid 623121:tid 623121] ssl_engine_kernel.c(254): [client 2401:e180:8de0:a096:dce8:8408:87ff:a712:49171] AH02034: Subsequent (No.7) HTTPS request received for child 35 (server www.cges.ilc.edu.tw:443), referer: https://www.cges.ilc.edu.tw/
[Sat Aug 22 00:54:04.092460 2026] [authz_core:debug] [pid 623121:tid 623121] mod_authz_core.c(815): [client 2401:e180:8de0:a096:dce8:8408:87ff:a712:49171] AH01626: authorization result of Require all granted: granted, referer: https://www.cges.ilc.edu.tw/
[Sat Aug 22 00:54:04.092466 2026] [authz_core:debug] [pid 623121:tid 623121] mod_authz_core.c(815): [client 2401:e180:8de0:a096:dce8:8408:87ff:a712:49171] AH01626: authorization result of : granted, referer: https://www.cges.ilc.edu.tw/
[Sat Aug 22 00:54:04.093046 2026] [deflate:debug] [pid 623108:tid 623108] mod_deflate.c(909): [client 2401:e180:8de0:a096:dce8:8408:87ff:a712:49175] AH01384: Zlib: Compressed 40254 to 12204 : URL /wp-content/plugins/elementor/assets/js/frontend.min.js, referer: https://www.cges.ilc.edu.tw/
[Sat Aug 22 00:54:04.093229 2026] [deflate:debug] [pid 623121:tid 623121] mod_deflate.c(909): [client 2401:e180:8de0:a096:dce8:8408:87ff:a712:49171] AH01384: Zlib: Compressed 21464 to 7088 : URL /wp-includes/js/jquery/ui/core.min.js, referer: https://www.cges.ilc.edu.tw/
[Sat Aug 22 00:54:04.099279 2026] [ssl:debug] [pid 623110:tid 623110] ssl_engine_kernel.c(254): [client 2401:e180:8de0:a096:dce8:8408:87ff:a712:49172] AH02034: Subsequent (No.9) HTTPS request received for child 23 (server www.cges.ilc.edu.tw:443), referer: https://www.cges.ilc.edu.tw/
[Sat Aug 22 00:54:04.099651 2026] [authz_core:debug] [pid 623110:tid 623110] mod_authz_core.c(815): [client 2401:e180:8de0:a096:dce8:8408:87ff:a712:49172] AH01626: authorization result of Require all granted: granted, referer: https://www.cges.ilc.edu.tw/
[Sat Aug 22 00:54:04.099659 2026] [authz_core:debug] [pid 623110:tid 623110] mod_authz_core.c(815): [client 2401:e180:8de0:a096:dce8:8408:87ff:a712:49172] AH01626: authorization result of : granted, referer: https://www.cges.ilc.edu.tw/
[Sat Aug 22 00:54:04.100726 2026] [deflate:debug] [pid 623110:tid 623110] mod_deflate.c(909): [client 2401:e180:8de0:a096:dce8:8408:87ff:a712:49172] AH01384: Zlib: Compressed 41573 to 9918 : URL /wp-content/plugins/elementor-pro/assets/js/elements-handlers.min.js, referer: https://www.cges.ilc.edu.tw/
[Sat Aug 22 00:54:04.122164 2026] [ssl:debug] [pid 623119:tid 623119] ssl_engine_kernel.c(254): [client 2401:e180:8de0:a096:dce8:8408:87ff:a712:49173] AH02034: Subsequent (No.7) HTTPS request received for child 33 (server www.cges.ilc.edu.tw:443), referer: https://www.cges.ilc.edu.tw/
[Sat Aug 22 00:54:04.122188 2026] [ssl:debug] [pid 623127:tid 623127] ssl_engine_kernel.c(254): [client 2401:e180:8de0:a096:dce8:8408:87ff:a712:49174] AH02034: Subsequent (No.5) HTTPS request received for child 2 (server www.cges.ilc.edu.tw:443), referer: https://www.cges.ilc.edu.tw/
[Sat Aug 22 00:54:04.122384 2026] [authz_core:debug] [pid 623119:tid 623119] mod_authz_core.c(815): [client 2401:e180:8de0:a096:dce8:8408:87ff:a712:49173] AH01626: authorization result of Require all granted: granted, referer: https://www.cges.ilc.edu.tw/
[Sat Aug 22 00:54:04.122390 2026] [authz_core:debug] [pid 623119:tid 623119] mod_authz_core.c(815): [client 2401:e180:8de0:a096:dce8:8408:87ff:a712:49173] AH01626: authorization result of : granted, referer: https://www.cges.ilc.edu.tw/
[Sat Aug 22 00:54:04.122413 2026] [authz_core:debug] [pid 623127:tid 623127] mod_authz_core.c(815): [client 2401:e180:8de0:a096:dce8:8408:87ff:a712:49174] AH01626: authorization result of Require all granted: granted, referer: https://www.cges.ilc.edu.tw/
[Sat Aug 22 00:54:04.122422 2026] [authz_core:debug] [pid 623127:tid 623127] mod_authz_core.c(815): [client 2401:e180:8de0:a096:dce8:8408:87ff:a712:49174] AH01626: authorization result of : granted, referer: https://www.cges.ilc.edu.tw/
[Sat Aug 22 00:54:04.122668 2026] [deflate:debug] [pid 623119:tid 623119] mod_deflate.c(909): [client 2401:e180:8de0:a096:dce8:8408:87ff:a712:49173] AH01384: Zlib: Compressed 7540 to 2070 : URL /wp-content/themes/oceanwp/assets/js/drop-down-search.min.js, referer: https://www.cges.ilc.edu.tw/
[Sat Aug 22 00:54:04.165440 2026] [ssl:debug] [pid 623094:tid 623094] ssl_engine_kernel.c(254): [client 2401:e180:8de0:a096:dce8:8408:87ff:a712:49176] AH02034: Subsequent (No.5) HTTPS request received for child 14 (server www.cges.ilc.edu.tw:443), referer: https://www.cges.ilc.edu.tw/
[Sat Aug 22 00:54:04.166402 2026] [authz_core:debug] [pid 623094:tid 623094] mod_authz_core.c(815): [client 2401:e180:8de0:a096:dce8:8408:87ff:a712:49176] AH01626: authorization result of Require all granted: granted, referer: https://www.cges.ilc.edu.tw/
[Sat Aug 22 00:54:04.166416 2026] [authz_core:debug] [pid 623094:tid 623094] mod_authz_core.c(815): [client 2401:e180:8de0:a096:dce8:8408:87ff:a712:49176] AH01626: authorization result of : granted, referer: https://www.cges.ilc.edu.tw/
[Sat Aug 22 00:54:04.200354 2026] [ssl:debug] [pid 623119:tid 623119] ssl_engine_kernel.c(254): [client 2401:e180:8de0:a096:dce8:8408:87ff:a712:49173] AH02034: Subsequent (No.8) HTTPS request received for child 33 (server www.cges.ilc.edu.tw:443), referer: https://www.cges.ilc.edu.tw/
[Sat Aug 22 00:54:04.200364 2026] [ssl:debug] [pid 623110:tid 623110] ssl_engine_kernel.c(254): [client 2401:e180:8de0:a096:dce8:8408:87ff:a712:49172] AH02034: Subsequent (No.10) HTTPS request received for child 23 (server www.cges.ilc.edu.tw:443), referer: https://www.cges.ilc.edu.tw/
[Sat Aug 22 00:54:04.200560 2026] [ssl:debug] [pid 623108:tid 623108] ssl_engine_kernel.c(254): [client 2401:e180:8de0:a096:dce8:8408:87ff:a712:49175] AH02034: Subsequent (No.6) HTTPS request received for child 17 (server www.cges.ilc.edu.tw:443), referer: https://www.cges.ilc.edu.tw/
[Sat Aug 22 00:54:04.200699 2026] [ssl:debug] [pid 623121:tid 623121] ssl_engine_kernel.c(254): [client 2401:e180:8de0:a096:dce8:8408:87ff:a712:49171] AH02034: Subsequent (No.8) HTTPS request received for child 35 (server www.cges.ilc.edu.tw:443), referer: https://www.cges.ilc.edu.tw/
[Sat Aug 22 00:54:04.200915 2026] [authz_core:debug] [pid 623110:tid 623110] mod_authz_core.c(815): [client 2401:e180:8de0:a096:dce8:8408:87ff:a712:49172] AH01626: authorization result of Require all granted: granted, referer: https://www.cges.ilc.edu.tw/
[Sat Aug 22 00:54:04.200924 2026] [authz_core:debug] [pid 623110:tid 623110] mod_authz_core.c(815): [client 2401:e180:8de0:a096:dce8:8408:87ff:a712:49172] AH01626: authorization result of : granted, referer: https://www.cges.ilc.edu.tw/
[Sat Aug 22 00:54:04.200923 2026] [authz_core:debug] [pid 623119:tid 623119] mod_authz_core.c(815): [client 2401:e180:8de0:a096:dce8:8408:87ff:a712:49173] AH01626: authorization result of Require all granted: granted, referer: https://www.cges.ilc.edu.tw/
[Sat Aug 22 00:54:04.200928 2026] [authz_core:debug] [pid 623121:tid 623121] mod_authz_core.c(815): [client 2401:e180:8de0:a096:dce8:8408:87ff:a712:49171] AH01626: authorization result of Require all granted: granted, referer: https://www.cges.ilc.edu.tw/
[Sat Aug 22 00:54:04.200934 2026] [authz_core:debug] [pid 623119:tid 623119] mod_authz_core.c(815): [client 2401:e180:8de0:a096:dce8:8408:87ff:a712:49173] AH01626: authorization result of : granted, referer: https://www.cges.ilc.edu.tw/
[Sat Aug 22 00:54:04.200946 2026] [authz_core:debug] [pid 623121:tid 623121] mod_authz_core.c(815): [client 2401:e180:8de0:a096:dce8:8408:87ff:a712:49171] AH01626: authorization result of : granted, referer: https://www.cges.ilc.edu.tw/
[Sat Aug 22 00:54:04.200963 2026] [authz_core:debug] [pid 623108:tid 623108] mod_authz_core.c(815): [client 2401:e180:8de0:a096:dce8:8408:87ff:a712:49175] AH01626: authorization result of Require all granted: granted, referer: https://www.cges.ilc.edu.tw/
[Sat Aug 22 00:54:04.200973 2026] [authz_core:debug] [pid 623108:tid 623108] mod_authz_core.c(815): [client 2401:e180:8de0:a096:dce8:8408:87ff:a712:49175] AH01626: authorization result of : granted, referer: https://www.cges.ilc.edu.tw/
[Sat Aug 22 00:54:04.260738 2026] [ssl:info] [pid 623131:tid 623131] [client 2400:e920:0:2:f45d:ddff:fe00:7a:53149] AH01964: Connection to child 8 established (server 2blog.ilc.edu.tw:443)
[Sat Aug 22 00:54:04.260932 2026] [ssl:debug] [pid 623131:tid 623131] ssl_engine_kernel.c(2222): [client 2400:e920:0:2:f45d:ddff:fe00:7a:53149] AH02043: SSL virtual host for servername ilta.ilc.edu.tw found
[Sat Aug 22 00:54:04.261016 2026] [core:debug] [pid 623131:tid 623131] protocol.c(2460): [client 2400:e920:0:2:f45d:ddff:fe00:7a:53149] AH03155: select protocol from , choices=http/1.1 for server ilta.ilc.edu.tw
[Sat Aug 22 00:54:04.271226 2026] [ssl:debug] [pid 623127:tid 623127] ssl_engine_kernel.c(254): [client 2401:e180:8de0:a096:dce8:8408:87ff:a712:49174] AH02034: Subsequent (No.6) HTTPS request received for child 2 (server www.cges.ilc.edu.tw:443), referer: https://www.cges.ilc.edu.tw/
[Sat Aug 22 00:54:04.271904 2026] [authz_core:debug] [pid 623127:tid 623127] mod_authz_core.c(815): [client 2401:e180:8de0:a096:dce8:8408:87ff:a712:49174] AH01626: authorization result of Require all granted: granted, referer: https://www.cges.ilc.edu.tw/
[Sat Aug 22 00:54:04.271987 2026] [authz_core:debug] [pid 623127:tid 623127] mod_authz_core.c(815): [client 2401:e180:8de0:a096:dce8:8408:87ff:a712:49174] AH01626: authorization result of : granted, referer: https://www.cges.ilc.edu.tw/
[Sat Aug 22 00:54:04.364825 2026] [ssl:debug] [pid 623131:tid 623131] ssl_engine_kernel.c(2082): [client 2400:e920:0:2:f45d:ddff:fe00:7a:53149] AH02041: Protocol: TLSv1.3, Cipher: TLS_AES_256_GCM_SHA384 (256/256 bits)
[Sat Aug 22 00:54:04.364891 2026] [socache_shmcb:debug] [pid 623131:tid 623131] mod_socache_shmcb.c(508): AH00831: socache_shmcb_store (0x46 -> subcache 6)
[Sat Aug 22 00:54:04.364915 2026] [socache_shmcb:debug] [pid 623131:tid 623131] mod_socache_shmcb.c(860): AH00847: insert happened at idx=16, data=(12399:12431)
[Sat Aug 22 00:54:04.364918 2026] [socache_shmcb:debug] [pid 623131:tid 623131] mod_socache_shmcb.c(863): AH00848: finished insert, subcache: idx_pos/idx_used=57/48, data_pos/data_used=1931/10693
[Sat Aug 22 00:54:04.364922 2026] [socache_shmcb:debug] [pid 623131:tid 623131] mod_socache_shmcb.c(530): AH00834: leaving socache_shmcb_store successfully
[Sat Aug 22 00:54:04.365023 2026] [socache_shmcb:debug] [pid 623131:tid 623131] mod_socache_shmcb.c(508): AH00831: socache_shmcb_store (0x9c -> subcache 28)
[Sat Aug 22 00:54:04.365036 2026] [socache_shmcb:debug] [pid 623131:tid 623131] mod_socache_shmcb.c(860): AH00847: insert happened at idx=27, data=(1166:1198)
[Sat Aug 22 00:54:04.365039 2026] [socache_shmcb:debug] [pid 623131:tid 623131] mod_socache_shmcb.c(863): AH00848: finished insert, subcache: idx_pos/idx_used=73/43, data_pos/data_used=5651/9603
[Sat Aug 22 00:54:04.365042 2026] [socache_shmcb:debug] [pid 623131:tid 623131] mod_socache_shmcb.c(530): AH00834: leaving socache_shmcb_store successfully
[Sat Aug 22 00:54:04.365202 2026] [ssl:debug] [pid 623131:tid 623131] ssl_engine_kernel.c(254): [client 2400:e920:0:2:f45d:ddff:fe00:7a:53149] AH02034: Initial (No.1) HTTPS request received for child 8 (server ilta.ilc.edu.tw:443), referer: http://ilta.ilc.edu.tw
[Sat Aug 22 00:54:04.365401 2026] [authz_core:debug] [pid 623131:tid 623131] mod_authz_core.c(815): [client 2400:e920:0:2:f45d:ddff:fe00:7a:53149] AH01626: authorization result of Require all granted: granted, referer: http://ilta.ilc.edu.tw
[Sat Aug 22 00:54:04.365408 2026] [authz_core:debug] [pid 623131:tid 623131] mod_authz_core.c(815): [client 2400:e920:0:2:f45d:ddff:fe00:7a:53149] AH01626: authorization result of : granted, referer: http://ilta.ilc.edu.tw
[Sat Aug 22 00:54:04.376635 2026] [ssl:debug] [pid 623121:tid 623121] ssl_engine_kernel.c(254): [client 2401:e180:8de0:a096:dce8:8408:87ff:a712:49171] AH02034: Subsequent (No.9) HTTPS request received for child 35 (server www.cges.ilc.edu.tw:443), referer: https://www.cges.ilc.edu.tw/
[Sat Aug 22 00:54:04.376903 2026] [authz_core:debug] [pid 623121:tid 623121] mod_authz_core.c(815): [client 2401:e180:8de0:a096:dce8:8408:87ff:a712:49171] AH01626: authorization result of Require all granted: granted, referer: https://www.cges.ilc.edu.tw/
[Sat Aug 22 00:54:04.376913 2026] [authz_core:debug] [pid 623121:tid 623121] mod_authz_core.c(815): [client 2401:e180:8de0:a096:dce8:8408:87ff:a712:49171] AH01626: authorization result of : granted, referer: https://www.cges.ilc.edu.tw/
[Sat Aug 22 00:54:04.379855 2026] [authz_core:debug] [pid 622943:tid 622943] mod_authz_core.c(815): [client 98.84.70.201:5637] AH01626: authorization result of Require all granted: granted
[Sat Aug 22 00:54:04.379880 2026] [authz_core:debug] [pid 622943:tid 622943] mod_authz_core.c(815): [client 98.84.70.201:5637] AH01626: authorization result of : granted
[Sat Aug 22 00:54:04.380058 2026] [authz_core:debug] [pid 622943:tid 622943] mod_authz_core.c(815): [client 98.84.70.201:5637] AH01626: authorization result of Require all granted: granted
[Sat Aug 22 00:54:04.380061 2026] [authz_core:debug] [pid 622943:tid 622943] mod_authz_core.c(815): [client 98.84.70.201:5637] AH01626: authorization result of : granted
[Sat Aug 22 00:54:04.380432 2026] [deflate:debug] [pid 622943:tid 622943] mod_deflate.c(909): [client 98.84.70.201:5637] AH01384: Zlib: Compressed 797 to 381 : URL /wp-content/uploads/sites/717/2021/11/
[Sat Aug 22 00:54:04.382914 2026] [deflate:debug] [pid 623121:tid 623121] mod_deflate.c(909): [client 2401:e180:8de0:a096:dce8:8408:87ff:a712:49171] AH01384: Zlib: Compressed 143709 to 39677 : URL /wp-content/plugins/elementor/assets/lib/swiper/v8/swiper.min.js, referer: https://www.cges.ilc.edu.tw/
[Sat Aug 22 00:54:04.466319 2026] [ssl:debug] [pid 623110:tid 623110] ssl_engine_kernel.c(254): [client 2401:e180:8de0:a096:dce8:8408:87ff:a712:49172] AH02034: Subsequent (No.11) HTTPS request received for child 23 (server www.cges.ilc.edu.tw:443), referer: https://www.cges.ilc.edu.tw/
[Sat Aug 22 00:54:04.466960 2026] [authz_core:debug] [pid 623110:tid 623110] mod_authz_core.c(815): [client 2401:e180:8de0:a096:dce8:8408:87ff:a712:49172] AH01626: authorization result of Require all granted: granted, referer: https://www.cges.ilc.edu.tw/
