[Sat Aug 22 00:54:23.933805 2026] [socache_shmcb:debug] [pid 623094:tid 623094] mod_socache_shmcb.c(545): AH00835: socache_shmcb_retrieve (0x6d -> subcache 13)
[Sat Aug 22 00:54:23.933809 2026] [socache_shmcb:debug] [pid 623094:tid 623094] mod_socache_shmcb.c(896): AH00849: match at idx=23, data=142
[Sat Aug 22 00:54:23.933811 2026] [socache_shmcb:debug] [pid 623094:tid 623094] mod_socache_shmcb.c(556): AH00836: leaving socache_shmcb_retrieve successfully
[Sat Aug 22 00:54:23.933906 2026] [core:debug] [pid 623094:tid 623094] protocol.c(2460): [client 216.73.216.122:49394] AH03155: select protocol from , choices=h2,http/1.1 for server 2blog.ilc.edu.tw
[Sat Aug 22 00:54:24.044532 2026] [deflate:debug] [pid 623189:tid 623189] mod_deflate.c(909): [client 216.73.216.122:41990] AH01384: Zlib: Compressed 39426 to 10227 : URL /index.php
[Sat Aug 22 00:54:24.054761 2026] [watchdog:debug] [pid 623199:tid 623199] mod_watchdog.c(559): AH02980: Watchdog: nothing configured?
[Sat Aug 22 00:54:24.054942 2026] [ssl:info] [pid 623199:tid 623199] [client 2400:e920:0:2:f45d:ddff:fe00:7a:54518] AH01964: Connection to child 17 established (server 2blog.ilc.edu.tw:443)
[Sat Aug 22 00:54:24.055190 2026] [ssl:debug] [pid 623199:tid 623199] ssl_engine_kernel.c(2222): [client 2400:e920:0:2:f45d:ddff:fe00:7a:54518] AH02043: SSL virtual host for servername ilta.ilc.edu.tw found
[Sat Aug 22 00:54:24.055286 2026] [core:debug] [pid 623199:tid 623199] protocol.c(2460): [client 2400:e920:0:2:f45d:ddff:fe00:7a:54518] AH03155: select protocol from , choices=http/1.1 for server ilta.ilc.edu.tw
[Sat Aug 22 00:54:24.056946 2026] [watchdog:debug] [pid 623200:tid 623200] mod_watchdog.c(559): AH02980: Watchdog: nothing configured?
[Sat Aug 22 00:54:24.057134 2026] [ssl:info] [pid 623200:tid 623200] [client 2001:288:a201::66:125:42202] AH01964: Connection to child 19 established (server 2blog.ilc.edu.tw:443)
[Sat Aug 22 00:54:24.057343 2026] [ssl:debug] [pid 623200:tid 623200] ssl_engine_kernel.c(2252): [client 2001:288:a201::66:125:42202] AH02645: Server name not provided via TLS extension (using default/first virtual host)
[Sat Aug 22 00:54:24.057377 2026] [socache_shmcb:debug] [pid 623200:tid 623200] mod_socache_shmcb.c(545): AH00835: socache_shmcb_retrieve (0x6a -> subcache 10)
[Sat Aug 22 00:54:24.057389 2026] [socache_shmcb:debug] [pid 623200:tid 623200] mod_socache_shmcb.c(896): AH00849: match at idx=12, data=11463
[Sat Aug 22 00:54:24.057391 2026] [socache_shmcb:debug] [pid 623200:tid 623200] mod_socache_shmcb.c(556): AH00836: leaving socache_shmcb_retrieve successfully
[Sat Aug 22 00:54:24.058352 2026] [watchdog:debug] [pid 623201:tid 623201] mod_watchdog.c(559): AH02980: Watchdog: nothing configured?
[Sat Aug 22 00:54:24.058496 2026] [ssl:info] [pid 623201:tid 623201] [client 140.111.67.10:50084] AH01964: Connection to child 20 established (server 2blog.ilc.edu.tw:443)
[Sat Aug 22 00:54:24.058647 2026] [ssl:debug] [pid 623200:tid 623200] ssl_engine_kernel.c(2082): [client 2001:288:a201::66:125:42202] AH02041: Protocol: TLSv1.2, Cipher: ECDHE-RSA-AES256-GCM-SHA384 (256/256 bits)
[Sat Aug 22 00:54:24.058669 2026] [ssl:info] [pid 623201:tid 623201] (70014)End of file found: [client 140.111.67.10:50084] AH02006: SSL handshake stopped: connection was closed
[Sat Aug 22 00:54:24.058675 2026] [ssl:info] [pid 623201:tid 623201] [client 140.111.67.10:50084] AH01998: Connection closed to child 20 with abortive shutdown (server 2blog.ilc.edu.tw:443)
[Sat Aug 22 00:54:24.058740 2026] [ssl:info] [pid 623201:tid 623201] [client 3.222.190.107:13346] AH01964: Connection to child 20 established (server 2blog.ilc.edu.tw:443)
[Sat Aug 22 00:54:24.058742 2026] [ssl:debug] [pid 623200:tid 623200] ssl_engine_kernel.c(254): [client 2001:288:a201::66:125:42202] AH02034: Initial (No.1) HTTPS request received for child 19 (server 2blog.ilc.edu.tw:443)
[Sat Aug 22 00:54:24.058792 2026] [ssl:debug] [pid 623201:tid 623201] ssl_engine_kernel.c(2222): [client 3.222.190.107:13346] AH02043: SSL virtual host for servername 2blog.ilc.edu.tw found
[Sat Aug 22 00:54:24.058955 2026] [authz_core:debug] [pid 623200:tid 623200] mod_authz_core.c(815): [client 2001:288:a201::66:125:42202] AH01626: authorization result of Require all granted: granted
[Sat Aug 22 00:54:24.058960 2026] [authz_core:debug] [pid 623200:tid 623200] mod_authz_core.c(815): [client 2001:288:a201::66:125:42202] AH01626: authorization result of : granted
[Sat Aug 22 00:54:24.059481 2026] [authz_core:debug] [pid 623200:tid 623200] mod_authz_core.c(815): [client 2001:288:a201::66:125:42202] AH01626: authorization result of Require all granted: granted
[Sat Aug 22 00:54:24.059485 2026] [authz_core:debug] [pid 623200:tid 623200] mod_authz_core.c(815): [client 2001:288:a201::66:125:42202] AH01626: authorization result of : granted
[Sat Aug 22 00:54:24.059496 2026] [php7:error] [pid 623200:tid 623200] [client 2001:288:a201::66:125:42202] script '/var/www/html/2blog/active.php' not found or unable to stat
[Sat Aug 22 00:54:24.059506 2026] [headers:debug] [pid 623200:tid 623200] mod_headers.c(900): AH01503: headers: ap_headers_error_filter()
[Sat Aug 22 00:54:24.059617 2026] [ssl:debug] [pid 623200:tid 623200] ssl_engine_io.c(1150): [client 2001:288:a201::66:125:42202] AH02001: Connection closed to child 19 with standard shutdown (server 2blog.ilc.edu.tw:443)
[Sat Aug 22 00:54:24.059895 2026] [watchdog:debug] [pid 623202:tid 623202] mod_watchdog.c(559): AH02980: Watchdog: nothing configured?
[Sat Aug 22 00:54:24.060035 2026] [ssl:info] [pid 623202:tid 623202] [client 2408:872f:d00:4::10d:59464] AH01964: Connection to child 21 established (server 2blog.ilc.edu.tw:443)
[Sat Aug 22 00:54:24.060234 2026] [ssl:debug] [pid 623202:tid 623202] ssl_engine_kernel.c(2222): [client 2408:872f:d00:4::10d:59464] AH02043: SSL virtual host for servername 2blog.ilc.edu.tw found
[Sat Aug 22 00:54:24.060308 2026] [core:debug] [pid 623202:tid 623202] protocol.c(2460): [client 2408:872f:d00:4::10d:59464] AH03155: select protocol from , choices=h2,http/1.1 for server 2blog.ilc.edu.tw
[Sat Aug 22 00:54:24.060359 2026] [ssl:debug] [pid 623202:tid 623202] ssl_util_stapling.c(819): AH01951: stapling_cb: OCSP Stapling callback called
[Sat Aug 22 00:54:24.060370 2026] [ssl:info] [pid 623202:tid 623202] AH01926: stapling_get_certinfo: stapling not supported for certificate
[Sat Aug 22 00:54:24.081098 2026] [ssl:debug] [pid 623121:tid 623121] ssl_engine_io.c(1150): [client 17.22.237.224:46028] AH02001: Connection closed to child 35 with standard shutdown (server www.najh.ilc.edu.tw:443)
[Sat Aug 22 00:54:24.088903 2026] [ssl:info] [pid 623200:tid 623200] [client 85.208.96.197:49870] AH01964: Connection to child 19 established (server 2blog.ilc.edu.tw:443)
[Sat Aug 22 00:54:24.089104 2026] [ssl:debug] [pid 623200:tid 623200] ssl_engine_kernel.c(2222): [client 85.208.96.197:49870] AH02043: SSL virtual host for servername www.fsjh.ilc.edu.tw found
[Sat Aug 22 00:54:24.091311 2026] [ssl:debug] [pid 623194:tid 623194] ssl_engine_kernel.c(254): [client 216.73.216.122:40200] AH02034: Subsequent (No.4) HTTPS request received for child 7 (server 2blog.ilc.edu.tw:443)
[Sat Aug 22 00:54:24.091479 2026] [authz_core:debug] [pid 623194:tid 623194] mod_authz_core.c(815): [client 216.73.216.122:40200] AH01626: authorization result of Require all granted: granted
[Sat Aug 22 00:54:24.091483 2026] [authz_core:debug] [pid 623194:tid 623194] mod_authz_core.c(815): [client 216.73.216.122:40200] AH01626: authorization result of : granted
[Sat Aug 22 00:54:24.091585 2026] [authz_core:debug] [pid 623194:tid 623194] mod_authz_core.c(815): [client 216.73.216.122:40200] AH01626: authorization result of Require all granted: granted
[Sat Aug 22 00:54:24.091589 2026] [authz_core:debug] [pid 623194:tid 623194] mod_authz_core.c(815): [client 216.73.216.122:40200] AH01626: authorization result of : granted
[Sat Aug 22 00:54:24.152640 2026] [ssl:debug] [pid 623094:tid 623094] ssl_engine_kernel.c(2082): [client 216.73.216.122:49394] AH02041: Protocol: TLSv1.3, Cipher: TLS_AES_256_GCM_SHA384 (256/256 bits)
[Sat Aug 22 00:54:24.152696 2026] [socache_shmcb:debug] [pid 623094:tid 623094] mod_socache_shmcb.c(508): AH00831: socache_shmcb_store (0x6e -> subcache 14)
[Sat Aug 22 00:54:24.152702 2026] [socache_shmcb:debug] [pid 623094:tid 623094] mod_socache_shmcb.c(745): AH00842: expiring 2 and reclaiming 0 removed socache entries
[Sat Aug 22 00:54:24.152704 2026] [socache_shmcb:debug] [pid 623094:tid 623094] mod_socache_shmcb.c(765): AH00843: we now have 53 socache entries
[Sat Aug 22 00:54:24.152706 2026] [socache_shmcb:debug] [pid 623094:tid 623094] mod_socache_shmcb.c(860): AH00847: insert happened at idx=20, data=(13433:13465)
[Sat Aug 22 00:54:24.152708 2026] [socache_shmcb:debug] [pid 623094:tid 623094] mod_socache_shmcb.c(863): AH00848: finished insert, subcache: idx_pos/idx_used=55/54, data_pos/data_used=1566/12092
[Sat Aug 22 00:54:24.152710 2026] [socache_shmcb:debug] [pid 623094:tid 623094] mod_socache_shmcb.c(530): AH00834: leaving socache_shmcb_store successfully
[Sat Aug 22 00:54:24.167594 2026] [ssl:debug] [pid 623199:tid 623199] ssl_engine_kernel.c(2082): [client 2400:e920:0:2:f45d:ddff:fe00:7a:54518] AH02041: Protocol: TLSv1.3, Cipher: TLS_AES_256_GCM_SHA384 (256/256 bits)
[Sat Aug 22 00:54:24.167662 2026] [socache_shmcb:debug] [pid 623199:tid 623199] mod_socache_shmcb.c(508): AH00831: socache_shmcb_store (0x47 -> subcache 7)
[Sat Aug 22 00:54:24.167676 2026] [socache_shmcb:debug] [pid 623199:tid 623199] mod_socache_shmcb.c(860): AH00847: insert happened at idx=35, data=(2725:2757)
[Sat Aug 22 00:54:24.167679 2026] [socache_shmcb:debug] [pid 623199:tid 623199] mod_socache_shmcb.c(863): AH00848: finished insert, subcache: idx_pos/idx_used=0/36, data_pos/data_used=8792/8021
[Sat Aug 22 00:54:24.167681 2026] [socache_shmcb:debug] [pid 623199:tid 623199] mod_socache_shmcb.c(530): AH00834: leaving socache_shmcb_store successfully
[Sat Aug 22 00:54:24.167730 2026] [socache_shmcb:debug] [pid 623199:tid 623199] mod_socache_shmcb.c(508): AH00831: socache_shmcb_store (0xdd -> subcache 29)
[Sat Aug 22 00:54:24.167738 2026] [socache_shmcb:debug] [pid 623199:tid 623199] mod_socache_shmcb.c(745): AH00842: expiring 5 and reclaiming 0 removed socache entries
[Sat Aug 22 00:54:24.167748 2026] [socache_shmcb:debug] [pid 623199:tid 623199] mod_socache_shmcb.c(765): AH00843: we now have 36 socache entries
[Sat Aug 22 00:54:24.167750 2026] [socache_shmcb:debug] [pid 623199:tid 623199] mod_socache_shmcb.c(860): AH00847: insert happened at idx=27, data=(979:1011)
[Sat Aug 22 00:54:24.167752 2026] [socache_shmcb:debug] [pid 623199:tid 623199] mod_socache_shmcb.c(863): AH00848: finished insert, subcache: idx_pos/idx_used=79/37, data_pos/data_used=6851/8216
[Sat Aug 22 00:54:24.167753 2026] [socache_shmcb:debug] [pid 623199:tid 623199] mod_socache_shmcb.c(530): AH00834: leaving socache_shmcb_store successfully
[Sat Aug 22 00:54:24.168451 2026] [ssl:debug] [pid 623199:tid 623199] ssl_engine_kernel.c(254): [client 2400:e920:0:2:f45d:ddff:fe00:7a:54518] AH02034: Initial (No.1) HTTPS request received for child 17 (server ilta.ilc.edu.tw:443), referer: http://ilta.ilc.edu.tw
[Sat Aug 22 00:54:24.168702 2026] [authz_core:debug] [pid 623199:tid 623199] mod_authz_core.c(815): [client 2400:e920:0:2:f45d:ddff:fe00:7a:54518] AH01626: authorization result of Require all granted: granted, referer: http://ilta.ilc.edu.tw
[Sat Aug 22 00:54:24.168708 2026] [authz_core:debug] [pid 623199:tid 623199] mod_authz_core.c(815): [client 2400:e920:0:2:f45d:ddff:fe00:7a:54518] AH01626: authorization result of : granted, referer: http://ilta.ilc.edu.tw
[Sat Aug 22 00:54:24.221223 2026] [deflate:debug] [pid 623194:tid 623194] mod_deflate.c(909): [client 216.73.216.122:40200] AH01384: Zlib: Compressed 45344 to 10015 : URL /index.php
[Sat Aug 22 00:54:24.265202 2026] [deflate:debug] [pid 623199:tid 623199] mod_deflate.c(909): [client 2400:e920:0:2:f45d:ddff:fe00:7a:54518] AH01384: Zlib: Compressed 13605 to 5007 : URL /wp-login.php, referer: http://ilta.ilc.edu.tw
[Sat Aug 22 00:54:24.275998 2026] [ssl:debug] [pid 623189:tid 623189] ssl_engine_kernel.c(254): [client 216.73.216.122:41990] AH02034: Subsequent (No.6) HTTPS request received for child 16 (server 2blog.ilc.edu.tw:443)
[Sat Aug 22 00:54:24.276167 2026] [authz_core:debug] [pid 623189:tid 623189] mod_authz_core.c(815): [client 216.73.216.122:41990] AH01626: authorization result of Require all granted: granted
[Sat Aug 22 00:54:24.276173 2026] [authz_core:debug] [pid 623189:tid 623189] mod_authz_core.c(815): [client 216.73.216.122:41990] AH01626: authorization result of : granted
[Sat Aug 22 00:54:24.276271 2026] [authz_core:debug] [pid 623189:tid 623189] mod_authz_core.c(815): [client 216.73.216.122:41990] AH01626: authorization result of Require all granted: granted
[Sat Aug 22 00:54:24.276275 2026] [authz_core:debug] [pid 623189:tid 623189] mod_authz_core.c(815): [client 216.73.216.122:41990] AH01626: authorization result of : granted
[Sat Aug 22 00:54:24.279790 2026] [ssl:debug] [pid 623201:tid 623201] ssl_engine_kernel.c(2082): [client 3.222.190.107:13346] AH02041: Protocol: TLSv1.3, Cipher: TLS_AES_256_GCM_SHA384 (256/256 bits)
[Sat Aug 22 00:54:24.279845 2026] [socache_shmcb:debug] [pid 623201:tid 623201] mod_socache_shmcb.c(508): AH00831: socache_shmcb_store (0x18 -> subcache 24)
[Sat Aug 22 00:54:24.279859 2026] [socache_shmcb:debug] [pid 623201:tid 623201] mod_socache_shmcb.c(860): AH00847: insert happened at idx=17, data=(12722:12754)
[Sat Aug 22 00:54:24.279861 2026] [socache_shmcb:debug] [pid 623201:tid 623201] mod_socache_shmcb.c(863): AH00848: finished insert, subcache: idx_pos/idx_used=65/41, data_pos/data_used=3812/9124
[Sat Aug 22 00:54:24.279864 2026] [socache_shmcb:debug] [pid 623201:tid 623201] mod_socache_shmcb.c(530): AH00834: leaving socache_shmcb_store successfully
[Sat Aug 22 00:54:24.279912 2026] [socache_shmcb:debug] [pid 623201:tid 623201] mod_socache_shmcb.c(508): AH00831: socache_shmcb_store (0x71 -> subcache 17)
[Sat Aug 22 00:54:24.279920 2026] [socache_shmcb:debug] [pid 623201:tid 623201] mod_socache_shmcb.c(860): AH00847: insert happened at idx=2, data=(9425:9457)
[Sat Aug 22 00:54:24.279922 2026] [socache_shmcb:debug] [pid 623201:tid 623201] mod_socache_shmcb.c(863): AH00848: finished insert, subcache: idx_pos/idx_used=41/50, data_pos/data_used=12319/11184
[Sat Aug 22 00:54:24.279930 2026] [socache_shmcb:debug] [pid 623201:tid 623201] mod_socache_shmcb.c(530): AH00834: leaving socache_shmcb_store successfully
[Sat Aug 22 00:54:24.280057 2026] [ssl:debug] [pid 623201:tid 623201] ssl_engine_kernel.c(254): [client 3.222.190.107:13346] AH02034: Initial (No.1) HTTPS request received for child 20 (server 2blog.ilc.edu.tw:443)
[Sat Aug 22 00:54:24.280292 2026] [authz_core:debug] [pid 623201:tid 623201] mod_authz_core.c(815): [client 3.222.190.107:13346] AH01626: authorization result of Require all granted: granted
[Sat Aug 22 00:54:24.280297 2026] [authz_core:debug] [pid 623201:tid 623201] mod_authz_core.c(815): [client 3.222.190.107:13346] AH01626: authorization result of : granted
[Sat Aug 22 00:54:24.281429 2026] [authz_core:debug] [pid 623201:tid 623201] mod_authz_core.c(815): [client 3.222.190.107:13346] AH01626: authorization result of Require all granted: granted
[Sat Aug 22 00:54:24.281436 2026] [authz_core:debug] [pid 623201:tid 623201] mod_authz_core.c(815): [client 3.222.190.107:13346] AH01626: authorization result of : granted
[Sat Aug 22 00:54:24.286698 2026] [authz_core:debug] [pid 623121:tid 623121] mod_authz_core.c(815): [client 50.16.216.166:23149] AH01626: authorization result of Require all granted: granted
[Sat Aug 22 00:54:24.286711 2026] [authz_core:debug] [pid 623121:tid 623121] mod_authz_core.c(815): [client 50.16.216.166:23149] AH01626: authorization result of : granted
[Sat Aug 22 00:54:24.286895 2026] [authz_core:debug] [pid 623121:tid 623121] mod_authz_core.c(815): [client 50.16.216.166:23149] AH01626: authorization result of Require all granted: granted
[Sat Aug 22 00:54:24.286899 2026] [authz_core:debug] [pid 623121:tid 623121] mod_authz_core.c(815): [client 50.16.216.166:23149] AH01626: authorization result of : granted
[Sat Aug 22 00:54:24.287250 2026] [deflate:debug] [pid 623121:tid 623121] mod_deflate.c(909): [client 50.16.216.166:23149] AH01384: Zlib: Compressed 800 to 382 : URL /wp-content/uploads/sites/1213/2021/11/
[Sat Aug 22 00:54:24.291233 2026] [ssl:debug] [pid 623200:tid 623200] ssl_engine_kernel.c(2082): [client 85.208.96.197:49870] AH02041: Protocol: TLSv1.3, Cipher: TLS_AES_256_GCM_SHA384 (256/256 bits)
[Sat Aug 22 00:54:24.291313 2026] [socache_shmcb:debug] [pid 623200:tid 623200] mod_socache_shmcb.c(508): AH00831: socache_shmcb_store (0x8a -> subcache 10)
[Sat Aug 22 00:54:24.291320 2026] [socache_shmcb:debug] [pid 623200:tid 623200] mod_socache_shmcb.c(860): AH00847: insert happened at idx=39, data=(3605:3637)
[Sat Aug 22 00:54:24.291323 2026] [socache_shmcb:debug] [pid 623200:tid 623200] mod_socache_shmcb.c(863): AH00848: finished insert, subcache: idx_pos/idx_used=4/36, data_pos/data_used=9658/8028
[Sat Aug 22 00:54:24.291325 2026] [socache_shmcb:debug] [pid 623200:tid 623200] mod_socache_shmcb.c(530): AH00834: leaving socache_shmcb_store successfully
[Sat Aug 22 00:54:24.291372 2026] [socache_shmcb:debug] [pid 623200:tid 623200] mod_socache_shmcb.c(508): AH00831: socache_shmcb_store (0xd1 -> subcache 17)
[Sat Aug 22 00:54:24.291386 2026] [socache_shmcb:debug] [pid 623200:tid 623200] mod_socache_shmcb.c(860): AH00847: insert happened at idx=3, data=(9639:9671)
[Sat Aug 22 00:54:24.291387 2026] [socache_shmcb:debug] [pid 623200:tid 623200] mod_socache_shmcb.c(863): AH00848: finished insert, subcache: idx_pos/idx_used=41/51, data_pos/data_used=12319/11400
[Sat Aug 22 00:54:24.291389 2026] [socache_shmcb:debug] [pid 623200:tid 623200] mod_socache_shmcb.c(530): AH00834: leaving socache_shmcb_store successfully
[Sat Aug 22 00:54:24.357784 2026] [ssl:info] [pid 622978:tid 622978] [client 52.167.144.213:7483] AH01964: Connection to child 5 established (server 2blog.ilc.edu.tw:443)
[Sat Aug 22 00:54:24.357941 2026] [ssl:debug] [pid 622978:tid 622978] ssl_engine_kernel.c(2222): [client 52.167.144.213:7483] AH02043: SSL virtual host for servername www.tcjh.ilc.edu.tw found
[Sat Aug 22 00:54:24.358028 2026] [core:debug] [pid 622978:tid 622978] protocol.c(2460): [client 52.167.144.213:7483] AH03155: select protocol from , choices=h2,http/1.1 for server www.tcjh.ilc.edu.tw
[Sat Aug 22 00:54:24.370682 2026] [ssl:debug] [pid 623201:tid 623201] ssl_engine_io.c(1150): [client 3.222.190.107:13346] AH02001: Connection closed to child 20 with standard shutdown (server 2blog.ilc.edu.tw:443)
[Sat Aug 22 00:54:24.380258 2026] [ssl:debug] [pid 623202:tid 623202] ssl_engine_kernel.c(2082): [client 2408:872f:d00:4::10d:59464] AH02041: Protocol: TLSv1.3, Cipher: TLS_AES_256_GCM_SHA384 (256/256 bits)
[Sat Aug 22 00:54:24.380309 2026] [socache_shmcb:debug] [pid 623202:tid 623202] mod_socache_shmcb.c(508): AH00831: socache_shmcb_store (0xca -> subcache 10)
[Sat Aug 22 00:54:24.380320 2026] [socache_shmcb:debug] [pid 623202:tid 623202] mod_socache_shmcb.c(860): AH00847: insert happened at idx=40, data=(3822:3854)
[Sat Aug 22 00:54:24.380323 2026] [socache_shmcb:debug] [pid 623202:tid 623202] mod_socache_shmcb.c(863): AH00848: finished insert, subcache: idx_pos/idx_used=4/37, data_pos/data_used=9658/8253
[Sat Aug 22 00:54:24.380325 2026] [socache_shmcb:debug] [pid 623202:tid 623202] mod_socache_shmcb.c(530): AH00834: leaving socache_shmcb_store successfully
[Sat Aug 22 00:54:24.380370 2026] [socache_shmcb:debug] [pid 623202:tid 623202] mod_socache_shmcb.c(508): AH00831: socache_shmcb_store (0x72 -> subcache 18)
[Sat Aug 22 00:54:24.380379 2026] [socache_shmcb:debug] [pid 623202:tid 623202] mod_socache_shmcb.c(860): AH00847: insert happened at idx=26, data=(897:929)
[Sat Aug 22 00:54:24.380381 2026] [socache_shmcb:debug] [pid 623202:tid 623202] mod_socache_shmcb.c(863): AH00848: finished insert, subcache: idx_pos/idx_used=62/53, data_pos/data_used=3174/11813
[Sat Aug 22 00:54:24.380383 2026] [socache_shmcb:debug] [pid 623202:tid 623202] mod_socache_shmcb.c(530): AH00834: leaving socache_shmcb_store successfully
[Sat Aug 22 00:54:24.380629 2026] [ssl:debug] [pid 623202:tid 623202] ssl_engine_kernel.c(254): [client 2408:872f:d00:4::10d:59464] AH02034: Initial (No.1) HTTPS request received for child 21 (server 2blog.ilc.edu.tw:443)
[Sat Aug 22 00:54:24.380876 2026] [authz_core:debug] [pid 623202:tid 623202] mod_authz_core.c(815): [client 2408:872f:d00:4::10d:59464] AH01626: authorization result of Require all granted: granted
[Sat Aug 22 00:54:24.380882 2026] [authz_core:debug] [pid 623202:tid 623202] mod_authz_core.c(815): [client 2408:872f:d00:4::10d:59464] AH01626: authorization result of : granted
[Sat Aug 22 00:54:24.381426 2026] [authz_core:debug] [pid 623202:tid 623202] mod_authz_core.c(815): [client 2408:872f:d00:4::10d:59464] AH01626: authorization result of Require all granted: granted
[Sat Aug 22 00:54:24.381431 2026] [authz_core:debug] [pid 623202:tid 623202] mod_authz_core.c(815): [client 2408:872f:d00:4::10d:59464] AH01626: authorization result of : granted
[Sat Aug 22 00:54:24.391943 2026] [deflate:debug] [pid 623189:tid 623189] mod_deflate.c(909): [client 216.73.216.122:41990] AH01384: Zlib: Compressed 38312 to 9532 : URL /index.php
[Sat Aug 22 00:54:24.424405 2026] [ssl:debug] [pid 623127:tid 623127] ssl_engine_io.c(1150): [client 166.88.138.12:34079] AH02001: Connection closed to child 2 with standard shutdown (server 2blog.ilc.edu.tw:443)
[Sat Aug 22 00:54:24.457096 2026] [ssl:debug] [pid 623194:tid 623194] ssl_engine_kernel.c(254): [client 216.73.216.122:40200] AH02034: Subsequent (No.5) HTTPS request received for child 7 (server 2blog.ilc.edu.tw:443)
[Sat Aug 22 00:54:24.457252 2026] [authz_core:debug] [pid 623194:tid 623194] mod_authz_core.c(815): [client 216.73.216.122:40200] AH01626: authorization result of Require all granted: granted
[Sat Aug 22 00:54:24.457257 2026] [authz_core:debug] [pid 623194:tid 623194] mod_authz_core.c(815): [client 216.73.216.122:40200] AH01626: authorization result of : granted
[Sat Aug 22 00:54:24.457363 2026] [authz_core:debug] [pid 623194:tid 623194] mod_authz_core.c(815): [client 216.73.216.122:40200] AH01626: authorization result of Require all granted: granted
[Sat Aug 22 00:54:24.457374 2026] [authz_core:debug] [pid 623194:tid 623194] mod_authz_core.c(815): [client 216.73.216.122:40200] AH01626: authorization result of : granted
[Sat Aug 22 00:54:24.489866 2026] [ssl:debug] [pid 623200:tid 623200] ssl_engine_kernel.c(254): [client 85.208.96.197:49870] AH02034: Initial (No.1) HTTPS request received for child 19 (server www.fsjh.ilc.edu.tw:443)
[Sat Aug 22 00:54:24.490020 2026] [authz_core:debug] [pid 623200:tid 623200] mod_authz_core.c(815): [client 85.208.96.197:49870] AH01626: authorization result of Require all granted: granted
[Sat Aug 22 00:54:24.490024 2026] [authz_core:debug] [pid 623200:tid 623200] mod_authz_core.c(815): [client 85.208.96.197:49870] AH01626: authorization result of : granted
[Sat Aug 22 00:54:24.490123 2026] [authz_core:debug] [pid 623200:tid 623200] mod_authz_core.c(815): [client 85.208.96.197:49870] AH01626: authorization result of Require all granted: granted
[Sat Aug 22 00:54:24.490127 2026] [authz_core:debug] [pid 623200:tid 623200] mod_authz_core.c(815): [client 85.208.96.197:49870] AH01626: authorization result of : granted
[Sat Aug 22 00:54:24.501263 2026] [authz_core:debug] [pid 623127:tid 623127] mod_authz_core.c(815): [client 2400:e920:0:2:f45d:ddff:fe00:7a:54664] AH01626: authorization result of Require all granted: granted, referer: http://ilta.ilc.edu.tw
[Sat Aug 22 00:54:24.501276 2026] [authz_core:debug] [pid 623127:tid 623127] mod_authz_core.c(815): [client 2400:e920:0:2:f45d:ddff:fe00:7a:54664] AH01626: authorization result of : granted, referer: http://ilta.ilc.edu.tw
[Sat Aug 22 00:54:24.556818 2026] [ssl:debug] [pid 622978:tid 622978] ssl_engine_kernel.c(2082): [client 52.167.144.213:7483] AH02041: Protocol: TLSv1.3, Cipher: TLS_AES_256_GCM_SHA384 (256/256 bits)
[Sat Aug 22 00:54:24.556867 2026] [socache_shmcb:debug] [pid 622978:tid 622978] mod_socache_shmcb.c(508): AH00831: socache_shmcb_store (0x7f -> subcache 31)
[Sat Aug 22 00:54:24.556873 2026] [socache_shmcb:debug] [pid 622978:tid 622978] mod_socache_shmcb.c(745): AH00842: expiring 2 and reclaiming 0 removed socache entries
[Sat Aug 22 00:54:24.556875 2026] [socache_shmcb:debug] [pid 622978:tid 622978] mod_socache_shmcb.c(765): AH00843: we now have 49 socache entries
[Sat Aug 22 00:54:24.556877 2026] [socache_shmcb:debug] [pid 622978:tid 622978] mod_socache_shmcb.c(860): AH00847: insert happened at idx=39, data=(3842:3874)
[Sat Aug 22 00:54:24.556879 2026] [socache_shmcb:debug] [pid 622978:tid 622978] mod_socache_shmcb.c(863): AH00848: finished insert, subcache: idx_pos/idx_used=78/50, data_pos/data_used=6805/11130
[Sat Aug 22 00:54:24.556881 2026] [socache_shmcb:debug] [pid 622978:tid 622978] mod_socache_shmcb.c(530): AH00834: leaving socache_shmcb_store successfully
[Sat Aug 22 00:54:24.556928 2026] [socache_shmcb:debug] [pid 622978:tid 622978] mod_socache_shmcb.c(508): AH00831: socache_shmcb_store (0xa0 -> subcache 0)
[Sat Aug 22 00:54:24.556932 2026] [socache_shmcb:debug] [pid 622978:tid 622978] mod_socache_shmcb.c(860): AH00847: insert happened at idx=38, data=(3592:3624)
[Sat Aug 22 00:54:24.556934 2026] [socache_shmcb:debug] [pid 622978:tid 622978] mod_socache_shmcb.c(863): AH00848: finished insert, subcache: idx_pos/idx_used=76/51, data_pos/data_used=6279/11406
[Sat Aug 22 00:54:24.556935 2026] [socache_shmcb:debug] [pid 622978:tid 622978] mod_socache_shmcb.c(530): AH00834: leaving socache_shmcb_store successfully
[Sat Aug 22 00:54:24.557423 2026] [ssl:debug] [pid 622978:tid 622978] ssl_engine_kernel.c(254): [client 52.167.144.213:7483] AH02034: Initial (No.1) HTTPS request received for child 5 (server www.tcjh.ilc.edu.tw:443)
[Sat Aug 22 00:54:24.557579 2026] [authz_core:debug] [pid 622978:tid 622978] mod_authz_core.c(815): [client 52.167.144.213:7483] AH01626: authorization result of Require all granted: granted
[Sat Aug 22 00:54:24.557585 2026] [authz_core:debug] [pid 622978:tid 622978] mod_authz_core.c(815): [client 52.167.144.213:7483] AH01626: authorization result of : granted
[Sat Aug 22 00:54:24.581616 2026] [deflate:debug] [pid 623194:tid 623194] mod_deflate.c(909): [client 216.73.216.122:40200] AH01384: Zlib: Compressed 44216 to 10349 : URL /index.php
[Sat Aug 22 00:54:24.637236 2026] [ssl:debug] [pid 623189:tid 623189] ssl_engine_kernel.c(254): [client 216.73.216.122:41990] AH02034: Subsequent (No.7) HTTPS request received for child 16 (server 2blog.ilc.edu.tw:443)
[Sat Aug 22 00:54:24.637401 2026] [authz_core:debug] [pid 623189:tid 623189] mod_authz_core.c(815): [client 216.73.216.122:41990] AH01626: authorization result of Require all granted: granted
[Sat Aug 22 00:54:24.637406 2026] [authz_core:debug] [pid 623189:tid 623189] mod_authz_core.c(815): [client 216.73.216.122:41990] AH01626: authorization result of : granted
[Sat Aug 22 00:54:24.637505 2026] [authz_core:debug] [pid 623189:tid 623189] mod_authz_core.c(815): [client 216.73.216.122:41990] AH01626: authorization result of Require all granted: granted
[Sat Aug 22 00:54:24.637508 2026] [authz_core:debug] [pid 623189:tid 623189] mod_authz_core.c(815): [client 216.73.216.122:41990] AH01626: authorization result of : granted
[Sat Aug 22 00:54:24.729331 2026] [ssl:debug] [pid 623196:tid 623196] ssl_engine_kernel.c(254): [client 2001:b011:4004:d510:f4a2:20bb:3820:94bd:55292] AH02034: Subsequent (No.2) HTTPS request received for child 11 (server www.gtes.ilc.edu.tw:443), referer: https://www.gtes.ilc.edu.tw/%E7%8F%AD%E7%B4%9A%E9%83%A8%E8%90%BD%E6%A0%BC/
[Sat Aug 22 00:54:24.729547 2026] [authz_core:debug] [pid 623196:tid 623196] mod_authz_core.c(815): [client 2001:b011:4004:d510:f4a2:20bb:3820:94bd:55292] AH01626: authorization result of Require all granted: granted, referer: https://www.gtes.ilc.edu.tw/%E7%8F%AD%E7%B4%9A%E9%83%A8%E8%90%BD%E6%A0%BC/
[Sat Aug 22 00:54:24.729553 2026] [authz_core:debug] [pid 623196:tid 623196] mod_authz_core.c(815): [client 2001:b011:4004:d510:f4a2:20bb:3820:94bd:55292] AH01626: authorization result of : granted, referer: https://www.gtes.ilc.edu.tw/%E7%8F%AD%E7%B4%9A%E9%83%A8%E8%90%BD%E6%A0%BC/
[Sat Aug 22 00:54:24.729669 2026] [authz_core:debug] [pid 623196:tid 623196] mod_authz_core.c(815): [client 2001:b011:4004:d510:f4a2:20bb:3820:94bd:55292] AH01626: authorization result of Require all granted: granted, referer: https://www.gtes.ilc.edu.tw/%E7%8F%AD%E7%B4%9A%E9%83%A8%E8%90%BD%E6%A0%BC/
[Sat Aug 22 00:54:24.729676 2026] [authz_core:debug] [pid 623196:tid 623196] mod_authz_core.c(815): [client 2001:b011:4004:d510:f4a2:20bb:3820:94bd:55292] AH01626: authorization result of : granted, referer: https://www.gtes.ilc.edu.tw/%E7%8F%AD%E7%B4%9A%E9%83%A8%E8%90%BD%E6%A0%BC/
[Sat Aug 22 00:54:24.758159 2026] [deflate:debug] [pid 623189:tid 623189] mod_deflate.c(909): [client 216.73.216.122:41990] AH01384: Zlib: Compressed 38518 to 9450 : URL /index.php
[Sat Aug 22 00:54:24.771825 2026] [deflate:debug] [pid 623196:tid 623196] mod_deflate.c(909): [client 2001:b011:4004:d510:f4a2:20bb:3820:94bd:55292] AH01384: Zlib: Compressed 111249 to 20108 : URL /index.php, referer: https://www.gtes.ilc.edu.tw/%E7%8F%AD%E7%B4%9A%E9%83%A8%E8%90%BD%E6%A0%BC/
[Sat Aug 22 00:54:24.810827 2026] [ssl:info] [pid 623121:tid 623121] [client 2400:e920:0:2:f45d:ddff:fe00:7a:54687] AH01964: Connection to child 35 established (server 2blog.ilc.edu.tw:443)
[Sat Aug 22 00:54:24.811016 2026] [ssl:debug] [pid 623121:tid 623121] ssl_engine_kernel.c(2222): [client 2400:e920:0:2:f45d:ddff:fe00:7a:54687] AH02043: SSL virtual host for servername ilta.ilc.edu.tw found
[Sat Aug 22 00:54:24.811078 2026] [core:debug] [pid 623121:tid 623121] protocol.c(2460): [client 2400:e920:0:2:f45d:ddff:fe00:7a:54687] AH03155: select protocol from , choices=http/1.1 for server ilta.ilc.edu.tw
[Sat Aug 22 00:54:24.820824 2026] [ssl:debug] [pid 623194:tid 623194] ssl_engine_kernel.c(254): [client 216.73.216.122:40200] AH02034: Subsequent (No.6) HTTPS request received for child 7 (server 2blog.ilc.edu.tw:443)
[Sat Aug 22 00:54:24.821011 2026] [authz_core:debug] [pid 623194:tid 623194] mod_authz_core.c(815): [client 216.73.216.122:40200] AH01626: authorization result of Require all granted: granted
[Sat Aug 22 00:54:24.821024 2026] [authz_core:debug] [pid 623194:tid 623194] mod_authz_core.c(815): [client 216.73.216.122:40200] AH01626: authorization result of : granted
[Sat Aug 22 00:54:24.821154 2026] [authz_core:debug] [pid 623194:tid 623194] mod_authz_core.c(815): [client 216.73.216.122:40200] AH01626: authorization result of Require all granted: granted
[Sat Aug 22 00:54:24.821158 2026] [authz_core:debug] [pid 623194:tid 623194] mod_authz_core.c(815): [client 216.73.216.122:40200] AH01626: authorization result of : granted
[Sat Aug 22 00:54:24.825028 2026] [ssl:debug] [pid 623202:tid 623202] ssl_engine_kernel.c(254): [client 2408:872f:d00:4::10d:59464] AH02034: Subsequent (No.2) HTTPS request received for child 21 (server 2blog.ilc.edu.tw:443)
[Sat Aug 22 00:54:24.825179 2026] [authz_core:debug] [pid 623202:tid 623202] mod_authz_core.c(815): [client 2408:872f:d00:4::10d:59464] AH01626: authorization result of Require all granted: granted
[Sat Aug 22 00:54:24.825184 2026] [authz_core:debug] [pid 623202:tid 623202] mod_authz_core.c(815): [client 2408:872f:d00:4::10d:59464] AH01626: authorization result of : granted
[Sat Aug 22 00:54:24.825279 2026] [authz_core:debug] [pid 623202:tid 623202] mod_authz_core.c(815): [client 2408:872f:d00:4::10d:59464] AH01626: authorization result of Require all granted: granted
[Sat Aug 22 00:54:24.825283 2026] [authz_core:debug] [pid 623202:tid 623202] mod_authz_core.c(815): [client 2408:872f:d00:4::10d:59464] AH01626: authorization result of : granted
[Sat Aug 22 00:54:24.846324 2026] [ssl:debug] [pid 623196:tid 623196] ssl_engine_kernel.c(254): [client 2001:b011:4004:d510:f4a2:20bb:3820:94bd:55292] AH02034: Subsequent (No.3) HTTPS request received for child 11 (server www.gtes.ilc.edu.tw:443), referer: https://www.gtes.ilc.edu.tw/2020/10/05/109%e5%b9%b4%e5%ae%9c%e8%98%ad%e7%b8%a3%e4%ba%ba%e5%8f%a3%e5%8f%8a%e4%bd%8f%e5%ae%85%e6%99%ae%e6%9f%a5%e8%99%95%e6%99%ae%e6%9f%a5%e5%ae%a3%e5%b0%8e/
[Sat Aug 22 00:54:24.847739 2026] [authz_core:debug] [pid 623196:tid 623196] mod_authz_core.c(815): [client 2001:b011:4004:d510:f4a2:20bb:3820:94bd:55292] AH01626: authorization result of Require all granted: granted, referer: https://www.gtes.ilc.edu.tw/2020/10/05/109%e5%b9%b4%e5%ae%9c%e8%98%ad%e7%b8%a3%e4%ba%ba%e5%8f%a3%e5%8f%8a%e4%bd%8f%e5%ae%85%e6%99%ae%e6%9f%a5%e8%99%95%e6%99%ae%e6%9f%a5%e5%ae%a3%e5%b0%8e/
[Sat Aug 22 00:54:24.847749 2026] [authz_core:debug] [pid 623196:tid 623196] mod_authz_core.c(815): [client 2001:b011:4004:d510:f4a2:20bb:3820:94bd:55292] AH01626: authorization result of : granted, referer: https://www.gtes.ilc.edu.tw/2020/10/05/109%e5%b9%b4%e5%ae%9c%e8%98%ad%e7%b8%a3%e4%ba%ba%e5%8f%a3%e5%8f%8a%e4%bd%8f%e5%ae%85%e6%99%ae%e6%9f%a5%e8%99%95%e6%99%ae%e6%9f%a5%e5%ae%a3%e5%b0%8e/
[Sat Aug 22 00:54:24.848088 2026] [deflate:debug] [pid 623196:tid 623196] mod_deflate.c(909): [client 2001:b011:4004:d510:f4a2:20bb:3820:94bd:55292] AH01384: Zlib: Compressed 1472 to 741 : URL /wp-content/cache/www.gtes.ilc.edu.tw/wpfc-minified/2zma3gud/anox.js, referer: https://www.gtes.ilc.edu.tw/2020/10/05/109%e5%b9%b4%e5%ae%9c%e8%98%ad%e7%b8%a3%e4%ba%ba%e5%8f%a3%e5%8f%8a%e4%bd%8f%e5%ae%85%e6%99%ae%e6%9f%a5%e8%99%95%e6%99%ae%e6%9f%a5%e5%ae%a3%e5%b0%8e/
[Sat Aug 22 00:54:24.854202 2026] [ssl:debug] [pid 623184:tid 623184] ssl_engine_kernel.c(254): [client 2001:b011:4004:d510:f4a2:20bb:3820:94bd:55294] AH02034: Initial (No.1) HTTPS request received for child 6 (server www.gtes.ilc.edu.tw:443), referer: https://www.gtes.ilc.edu.tw/2020/10/05/109%e5%b9%b4%e5%ae%9c%e8%98%ad%e7%b8%a3%e4%ba%ba%e5%8f%a3%e5%8f%8a%e4%bd%8f%e5%ae%85%e6%99%ae%e6%9f%a5%e8%99%95%e6%99%ae%e6%9f%a5%e5%ae%a3%e5%b0%8e/
[Sat Aug 22 00:54:24.856227 2026] [ssl:debug] [pid 623196:tid 623196] ssl_engine_kernel.c(254): [client 2001:b011:4004:d510:f4a2:20bb:3820:94bd:55292] AH02034: Subsequent (No.4) HTTPS request received for child 11 (server www.gtes.ilc.edu.tw:443), referer: https://www.gtes.ilc.edu.tw/2020/10/05/109%e5%b9%b4%e5%ae%9c%e8%98%ad%e7%b8%a3%e4%ba%ba%e5%8f%a3%e5%8f%8a%e4%bd%8f%e5%ae%85%e6%99%ae%e6%9f%a5%e8%99%95%e6%99%ae%e6%9f%a5%e5%ae%a3%e5%b0%8e/
[Sat Aug 22 00:54:24.859895 2026] [authz_core:debug] [pid 623184:tid 623184] mod_authz_core.c(815): [client 2001:b011:4004:d510:f4a2:20bb:3820:94bd:55294] AH01626: authorization result of Require all granted: granted, referer: https://www.gtes.ilc.edu.tw/2020/10/05/109%e5%b9%b4%e5%ae%9c%e8%98%ad%e7%b8%a3%e4%ba%ba%e5%8f%a3%e5%8f%8a%e4%bd%8f%e5%ae%85%e6%99%ae%e6%9f%a5%e8%99%95%e6%99%ae%e6%9f%a5%e5%ae%a3%e5%b0%8e/
[Sat Aug 22 00:54:24.859907 2026] [authz_core:debug] [pid 623184:tid 623184] mod_authz_core.c(815): [client 2001:b011:4004:d510:f4a2:20bb:3820:94bd:55294] AH01626: authorization result of : granted, referer: https://www.gtes.ilc.edu.tw/2020/10/05/109%e5%b9%b4%e5%ae%9c%e8%98%ad%e7%b8%a3%e4%ba%ba%e5%8f%a3%e5%8f%8a%e4%bd%8f%e5%ae%85%e6%99%ae%e6%9f%a5%e8%99%95%e6%99%ae%e6%9f%a5%e5%ae%a3%e5%b0%8e/
[Sat Aug 22 00:54:24.859986 2026] [authz_core:debug] [pid 623196:tid 623196] mod_authz_core.c(815): [client 2001:b011:4004:d510:f4a2:20bb:3820:94bd:55292] AH01626: authorization result of Require all granted: granted, referer: https://www.gtes.ilc.edu.tw/2020/10/05/109%e5%b9%b4%e5%ae%9c%e8%98%ad%e7%b8%a3%e4%ba%ba%e5%8f%a3%e5%8f%8a%e4%bd%8f%e5%ae%85%e6%99%ae%e6%9f%a5%e8%99%95%e6%99%ae%e6%9f%a5%e5%ae%a3%e5%b0%8e/
[Sat Aug 22 00:54:24.859997 2026] [authz_core:debug] [pid 623196:tid 623196] mod_authz_core.c(815): [client 2001:b011:4004:d510:f4a2:20bb:3820:94bd:55292] AH01626: authorization result of : granted, referer: https://www.gtes.ilc.edu.tw/2020/10/05/109%e5%b9%b4%e5%ae%9c%e8%98%ad%e7%b8%a3%e4%ba%ba%e5%8f%a3%e5%8f%8a%e4%bd%8f%e5%ae%85%e6%99%ae%e6%9f%a5%e8%99%95%e6%99%ae%e6%9f%a5%e5%ae%a3%e5%b0%8e/
[Sat Aug 22 00:54:24.896291 2026] [ssl:debug] [pid 623196:tid 623196] ssl_engine_kernel.c(254): [client 2001:b011:4004:d510:f4a2:20bb:3820:94bd:55292] AH02034: Subsequent (No.5) HTTPS request received for child 11 (server www.gtes.ilc.edu.tw:443), referer: https://www.gtes.ilc.edu.tw/2020/10/05/109%e5%b9%b4%e5%ae%9c%e8%98%ad%e7%b8%a3%e4%ba%ba%e5%8f%a3%e5%8f%8a%e4%bd%8f%e5%ae%85%e6%99%ae%e6%9f%a5%e8%99%95%e6%99%ae%e6%9f%a5%e5%ae%a3%e5%b0%8e/
[Sat Aug 22 00:54:24.896449 2026] [authz_core:debug] [pid 623196:tid 623196] mod_authz_core.c(815): [client 2001:b011:4004:d510:f4a2:20bb:3820:94bd:55292] AH01626: authorization result of Require all granted: granted, referer: https://www.gtes.ilc.edu.tw/2020/10/05/109%e5%b9%b4%e5%ae%9c%e8%98%ad%e7%b8%a3%e4%ba%ba%e5%8f%a3%e5%8f%8a%e4%bd%8f%e5%ae%85%e6%99%ae%e6%9f%a5%e8%99%95%e6%99%ae%e6%9f%a5%e5%ae%a3%e5%b0%8e/
[Sat Aug 22 00:54:24.896454 2026] [authz_core:debug] [pid 623196:tid 623196] mod_authz_core.c(815): [client 2001:b011:4004:d510:f4a2:20bb:3820:94bd:55292] AH01626: authorization result of : granted, referer: https://www.gtes.ilc.edu.tw/2020/10/05/109%e5%b9%b4%e5%ae%9c%e8%98%ad%e7%b8%a3%e4%ba%ba%e5%8f%a3%e5%8f%8a%e4%bd%8f%e5%ae%85%e6%99%ae%e6%9f%a5%e8%99%95%e6%99%ae%e6%9f%a5%e5%ae%a3%e5%b0%8e/
[Sat Aug 22 00:54:24.896586 2026] [authz_core:debug] [pid 623196:tid 623196] mod_authz_core.c(815): [client 2001:b011:4004:d510:f4a2:20bb:3820:94bd:55292] AH01626: authorization result of Require all granted: granted, referer: https://www.gtes.ilc.edu.tw/2020/10/05/109%e5%b9%b4%e5%ae%9c%e8%98%ad%e7%b8%a3%e4%ba%ba%e5%8f%a3%e5%8f%8a%e4%bd%8f%e5%ae%85%e6%99%ae%e6%9f%a5%e8%99%95%e6%99%ae%e6%9f%a5%e5%ae%a3%e5%b0%8e/
[Sat Aug 22 00:54:24.896591 2026] [authz_core:debug] [pid 623196:tid 623196] mod_authz_core.c(815): [client 2001:b011:4004:d510:f4a2:20bb:3820:94bd:55292] AH01626: authorization result of : granted, referer: https://www.gtes.ilc.edu.tw/2020/10/05/109%e5%b9%b4%e5%ae%9c%e8%98%ad%e7%b8%a3%e4%ba%ba%e5%8f%a3%e5%8f%8a%e4%bd%8f%e5%ae%85%e6%99%ae%e6%9f%a5%e8%99%95%e6%99%ae%e6%9f%a5%e5%ae%a3%e5%b0%8e/
[Sat Aug 22 00:54:24.920447 2026] [ssl:debug] [pid 623121:tid 623121] ssl_engine_kernel.c(2082): [client 2400:e920:0:2:f45d:ddff:fe00:7a:54687] AH02041: Protocol: TLSv1.3, Cipher: TLS_AES_256_GCM_SHA384 (256/256 bits)
[Sat Aug 22 00:54:24.920521 2026] [socache_shmcb:debug] [pid 623121:tid 623121] mod_socache_shmcb.c(508): AH00831: socache_shmcb_store (0x27 -> subcache 7)
[Sat Aug 22 00:54:24.920530 2026] [socache_shmcb:debug] [pid 623121:tid 623121] mod_socache_shmcb.c(860): AH00847: insert happened at idx=36, data=(2949:2981)
[Sat Aug 22 00:54:24.920533 2026] [socache_shmcb:debug] [pid 623121:tid 623121] mod_socache_shmcb.c(863): AH00848: finished insert, subcache: idx_pos/idx_used=0/37, data_pos/data_used=8792/8245
[Sat Aug 22 00:54:24.920536 2026] [socache_shmcb:debug] [pid 623121:tid 623121] mod_socache_shmcb.c(530): AH00834: leaving socache_shmcb_store successfully
[Sat Aug 22 00:54:24.920632 2026] [socache_shmcb:debug] [pid 623121:tid 623121] mod_socache_shmcb.c(508): AH00831: socache_shmcb_store (0x33 -> subcache 19)
[Sat Aug 22 00:54:24.920639 2026] [socache_shmcb:debug] [pid 623121:tid 623121] mod_socache_shmcb.c(860): AH00847: insert happened at idx=81, data=(7339:7371)
[Sat Aug 22 00:54:24.920641 2026] [socache_shmcb:debug] [pid 623121:tid 623121] mod_socache_shmcb.c(863): AH00848: finished insert, subcache: idx_pos/idx_used=41/41, data_pos/data_used=12238/9190
[Sat Aug 22 00:54:24.920644 2026] [socache_shmcb:debug] [pid 623121:tid 623121] mod_socache_shmcb.c(530): AH00834: leaving socache_shmcb_store successfully
[Sat Aug 22 00:54:24.921263 2026] [ssl:debug] [pid 623121:tid 623121] ssl_engine_kernel.c(254): [client 2400:e920:0:2:f45d:ddff:fe00:7a:54687] AH02034: Initial (No.1) HTTPS request received for child 35 (server ilta.ilc.edu.tw:443), referer: http://ilta.ilc.edu.tw
[Sat Aug 22 00:54:24.921420 2026] [authz_core:debug] [pid 623121:tid 623121] mod_authz_core.c(815): [client 2400:e920:0:2:f45d:ddff:fe00:7a:54687] AH01626: authorization result of Require all granted: granted, referer: http://ilta.ilc.edu.tw
[Sat Aug 22 00:54:24.921425 2026] [authz_core:debug] [pid 623121:tid 623121] mod_authz_core.c(815): [client 2400:e920:0:2:f45d:ddff:fe00:7a:54687] AH01626: authorization result of : granted, referer: http://ilta.ilc.edu.tw
[Sat Aug 22 00:54:24.924575 2026] [ssl:debug] [pid 623200:tid 623200] ssl_engine_io.c(1150): [client 85.208.96.197:49870] AH02001: Connection closed to child 19 with standard shutdown (server www.fsjh.ilc.edu.tw:443)
[Sat Aug 22 00:54:24.946875 2026] [deflate:debug] [pid 623194:tid 623194] mod_deflate.c(909): [client 216.73.216.122:40200] AH01384: Zlib: Compressed 47283 to 11006 : URL /index.php
[Sat Aug 22 00:54:24.958833 2026] [deflate:debug] [pid 623202:tid 623202] mod_deflate.c(909): [client 2408:872f:d00:4::10d:59464] AH01384: Zlib: Compressed 63539 to 9832 : URL /index.php
[Sat Aug 22 00:54:25.000092 2026] [ssl:debug] [pid 623189:tid 623189] ssl_engine_kernel.c(254): [client 216.73.216.122:41990] AH02034: Subsequent (No.8) HTTPS request received for child 16 (server 2blog.ilc.edu.tw:443)
[Sat Aug 22 00:54:25.000266 2026] [authz_core:debug] [pid 623189:tid 623189] mod_authz_core.c(815): [client 216.73.216.122:41990] AH01626: authorization result of Require all granted: granted
[Sat Aug 22 00:54:25.000272 2026] [authz_core:debug] [pid 623189:tid 623189] mod_authz_core.c(815): [client 216.73.216.122:41990] AH01626: authorization result of : granted
[Sat Aug 22 00:54:25.000396 2026] [authz_core:debug] [pid 623189:tid 623189] mod_authz_core.c(815): [client 216.73.216.122:41990] AH01626: authorization result of Require all granted: granted
[Sat Aug 22 00:54:25.000401 2026] [authz_core:debug] [pid 623189:tid 623189] mod_authz_core.c(815): [client 216.73.216.122:41990] AH01626: authorization result of : granted
[Sat Aug 22 00:54:25.004846 2026] [deflate:debug] [pid 623121:tid 623121] mod_deflate.c(909): [client 2400:e920:0:2:f45d:ddff:fe00:7a:54687] AH01384: Zlib: Compressed 13605 to 5006 : URL /wp-login.php, referer: http://ilta.ilc.edu.tw
[Sat Aug 22 00:54:25.059910 2026] [mpm_prefork:info] [pid 42267:tid 42267] AH00162: server seems busy, (you may need to increase StartServers, or Min/MaxSpareServers), spawning 8 children, there are 0 idle, and 28 total children
[Sat Aug 22 00:54:25.063615 2026] [watchdog:debug] [pid 623204:tid 623204] mod_watchdog.c(559): AH02980: Watchdog: nothing configured?
[Sat Aug 22 00:54:25.063779 2026] [ssl:info] [pid 623204:tid 623204] [client 2001:b011:4004:d510:f4a2:20bb:3820:94bd:55308] AH01964: Connection to child 24 established (server 2blog.ilc.edu.tw:443)
[Sat Aug 22 00:54:25.064067 2026] [ssl:debug] [pid 623204:tid 623204] ssl_engine_kernel.c(2222): [client 2001:b011:4004:d510:f4a2:20bb:3820:94bd:55308] AH02043: SSL virtual host for servername www.gtes.ilc.edu.tw found
[Sat Aug 22 00:54:25.064100 2026] [socache_shmcb:debug] [pid 623204:tid 623204] mod_socache_shmcb.c(545): AH00835: socache_shmcb_retrieve (0xc4 -> subcache 4)
[Sat Aug 22 00:54:25.064113 2026] [socache_shmcb:debug] [pid 623204:tid 623204] mod_socache_shmcb.c(896): AH00849: match at idx=64, data=8931
[Sat Aug 22 00:54:25.064116 2026] [socache_shmcb:debug] [pid 623204:tid 623204] mod_socache_shmcb.c(556): AH00836: leaving socache_shmcb_retrieve successfully
[Sat Aug 22 00:54:25.064500 2026] [core:debug] [pid 623204:tid 623204] protocol.c(2460): [client 2001:b011:4004:d510:f4a2:20bb:3820:94bd:55308] AH03155: select protocol from , choices=h2,http/1.1 for server www.gtes.ilc.edu.tw
[Sat Aug 22 00:54:25.065524 2026] [watchdog:debug] [pid 623205:tid 623205] mod_watchdog.c(559): AH02980: Watchdog: nothing configured?
[Sat Aug 22 00:54:25.065668 2026] [ssl:info] [pid 623205:tid 623205] [client 2001:b011:4004:d510:f4a2:20bb:3820:94bd:55314] AH01964: Connection to child 25 established (server 2blog.ilc.edu.tw:443)
[Sat Aug 22 00:54:25.065911 2026] [ssl:debug] [pid 623205:tid 623205] ssl_engine_kernel.c(2222): [client 2001:b011:4004:d510:f4a2:20bb:3820:94bd:55314] AH02043: SSL virtual host for servername www.gtes.ilc.edu.tw found
[Sat Aug 22 00:54:25.065939 2026] [socache_shmcb:debug] [pid 623205:tid 623205] mod_socache_shmcb.c(545): AH00835: socache_shmcb_retrieve (0xba -> subcache 26)
[Sat Aug 22 00:54:25.065950 2026] [socache_shmcb:debug] [pid 623205:tid 623205] mod_socache_shmcb.c(896): AH00849: match at idx=36, data=2879
[Sat Aug 22 00:54:25.065952 2026] [socache_shmcb:debug] [pid 623205:tid 623205] mod_socache_shmcb.c(556): AH00836: leaving socache_shmcb_retrieve successfully
[Sat Aug 22 00:54:25.066260 2026] [core:debug] [pid 623205:tid 623205] protocol.c(2460): [client 2001:b011:4004:d510:f4a2:20bb:3820:94bd:55314] AH03155: select protocol from , choices=h2,http/1.1 for server www.gtes.ilc.edu.tw
[Sat Aug 22 00:54:25.067262 2026] [watchdog:debug] [pid 623206:tid 623206] mod_watchdog.c(559): AH02980: Watchdog: nothing configured?
[Sat Aug 22 00:54:25.067425 2026] [ssl:info] [pid 623206:tid 623206] [client 2001:288:a201::67:82:53330] AH01964: Connection to child 28 established (server 2blog.ilc.edu.tw:443)
[Sat Aug 22 00:54:25.067668 2026] [ssl:debug] [pid 623206:tid 623206] ssl_engine_kernel.c(2222): [client 2001:288:a201::67:82:53330] AH02043: SSL virtual host for servername www.gtes.ilc.edu.tw found
[Sat Aug 22 00:54:25.067753 2026] [core:debug] [pid 623206:tid 623206] protocol.c(2460): [client 2001:288:a201::67:82:53330] AH03155: select protocol from , choices=http/1.1 for server www.gtes.ilc.edu.tw
[Sat Aug 22 00:54:25.069750 2026] [watchdog:debug] [pid 623207:tid 623207] mod_watchdog.c(559): AH02980: Watchdog: nothing configured?
[Sat Aug 22 00:54:25.070448 2026] [ssl:debug] [pid 623206:tid 623206] ssl_engine_kernel.c(2082): [client 2001:288:a201::67:82:53330] AH02041: Protocol: TLSv1.3, Cipher: TLS_AES_256_GCM_SHA384 (256/256 bits)
[Sat Aug 22 00:54:25.070491 2026] [socache_shmcb:debug] [pid 623206:tid 623206] mod_socache_shmcb.c(508): AH00831: socache_shmcb_store (0x55 -> subcache 21)
[Sat Aug 22 00:54:25.070502 2026] [socache_shmcb:debug] [pid 623206:tid 623206] mod_socache_shmcb.c(745): AH00842: expiring 1 and reclaiming 0 removed socache entries
[Sat Aug 22 00:54:25.070505 2026] [socache_shmcb:debug] [pid 623206:tid 623206] mod_socache_shmcb.c(765): AH00843: we now have 45 socache entries
[Sat Aug 22 00:54:25.070507 2026] [socache_shmcb:debug] [pid 623206:tid 623206] mod_socache_shmcb.c(860): AH00847: insert happened at idx=13, data=(11704:11736)
[Sat Aug 22 00:54:25.070517 2026] [socache_shmcb:debug] [pid 623206:tid 623206] mod_socache_shmcb.c(863): AH00848: finished insert, subcache: idx_pos/idx_used=56/46, data_pos/data_used=1617/10315
[Sat Aug 22 00:54:25.070519 2026] [socache_shmcb:debug] [pid 623206:tid 623206] mod_socache_shmcb.c(530): AH00834: leaving socache_shmcb_store successfully
[Sat Aug 22 00:54:25.070563 2026] [socache_shmcb:debug] [pid 623206:tid 623206] mod_socache_shmcb.c(508): AH00831: socache_shmcb_store (0xf2 -> subcache 18)
[Sat Aug 22 00:54:25.070571 2026] [socache_shmcb:debug] [pid 623206:tid 623206] mod_socache_shmcb.c(860): AH00847: insert happened at idx=27, data=(1123:1155)
[Sat Aug 22 00:54:25.070573 2026] [socache_shmcb:debug] [pid 623206:tid 623206] mod_socache_shmcb.c(863): AH00848: finished insert, subcache: idx_pos/idx_used=62/54, data_pos/data_used=3174/12042
[Sat Aug 22 00:54:25.070575 2026] [socache_shmcb:debug] [pid 623206:tid 623206] mod_socache_shmcb.c(530): AH00834: leaving socache_shmcb_store successfully
[Sat Aug 22 00:54:25.070707 2026] [ssl:debug] [pid 623206:tid 623206] ssl_engine_kernel.c(254): [client 2001:288:a201::67:82:53330] AH02034: Initial (No.1) HTTPS request received for child 28 (server www.gtes.ilc.edu.tw:443)
[Sat Aug 22 00:54:25.070786 2026] [watchdog:debug] [pid 623208:tid 623208] mod_watchdog.c(559): AH02980: Watchdog: nothing configured?
[Sat Aug 22 00:54:25.070929 2026] [authz_core:debug] [pid 623206:tid 623206] mod_authz_core.c(815): [client 2001:288:a201::67:82:53330] AH01626: authorization result of Require all granted: granted
[Sat Aug 22 00:54:25.070935 2026] [authz_core:debug] [pid 623206:tid 623206] mod_authz_core.c(815): [client 2001:288:a201::67:82:53330] AH01626: authorization result of : granted
[Sat Aug 22 00:54:25.071503 2026] [authz_core:debug] [pid 623206:tid 623206] mod_authz_core.c(815): [client 2001:288:a201::67:82:53330] AH01626: authorization result of Require all granted: granted
[Sat Aug 22 00:54:25.071509 2026] [authz_core:debug] [pid 623206:tid 623206] mod_authz_core.c(815): [client 2001:288:a201::67:82:53330] AH01626: authorization result of : granted
[Sat Aug 22 00:54:25.072203 2026] [ssl:debug] [pid 623204:tid 623204] ssl_engine_kernel.c(2082): [client 2001:b011:4004:d510:f4a2:20bb:3820:94bd:55308] AH02041: Protocol: TLSv1.3, Cipher: TLS_AES_256_GCM_SHA384 (256/256 bits)
[Sat Aug 22 00:54:25.072245 2026] [socache_shmcb:debug] [pid 623204:tid 623204] mod_socache_shmcb.c(508): AH00831: socache_shmcb_store (0xb6 -> subcache 22)
[Sat Aug 22 00:54:25.072255 2026] [socache_shmcb:debug] [pid 623204:tid 623204] mod_socache_shmcb.c(745): AH00842: expiring 2 and reclaiming 0 removed socache entries
[Sat Aug 22 00:54:25.072258 2026] [socache_shmcb:debug] [pid 623204:tid 623204] mod_socache_shmcb.c(765): AH00843: we now have 40 socache entries
[Sat Aug 22 00:54:25.072260 2026] [socache_shmcb:debug] [pid 623204:tid 623204] mod_socache_shmcb.c(860): AH00847: insert happened at idx=4, data=(9900:9932)
