[Sat Aug 22 00:54:07.425218 2026] [authz_core:debug] [pid 623119:tid 623119] mod_authz_core.c(815): [client 216.73.216.122:46628] AH01626: authorization result of : granted
[Sat Aug 22 00:54:07.475532 2026] [deflate:debug] [pid 622943:tid 622943] mod_deflate.c(909): [client 216.73.216.122:26505] AH01384: Zlib: Compressed 54459 to 12447 : URL /index.php
[Sat Aug 22 00:54:07.480422 2026] [ssl:info] [pid 623108:tid 623108] [client 216.73.216.122:54906] AH01964: Connection to child 17 established (server 2blog.ilc.edu.tw:443)
[Sat Aug 22 00:54:07.480571 2026] [ssl:debug] [pid 623108:tid 623108] ssl_engine_kernel.c(2222): [client 216.73.216.122:54906] AH02043: SSL virtual host for servername 2blog.ilc.edu.tw found
[Sat Aug 22 00:54:07.480589 2026] [socache_shmcb:debug] [pid 623108:tid 623108] mod_socache_shmcb.c(545): AH00835: socache_shmcb_retrieve (0x0f -> subcache 15)
[Sat Aug 22 00:54:07.480605 2026] [socache_shmcb:debug] [pid 623108:tid 623108] mod_socache_shmcb.c(896): AH00849: match at idx=52, data=6590
[Sat Aug 22 00:54:07.480608 2026] [socache_shmcb:debug] [pid 623108:tid 623108] mod_socache_shmcb.c(556): AH00836: leaving socache_shmcb_retrieve successfully
[Sat Aug 22 00:54:07.480732 2026] [core:debug] [pid 623108:tid 623108] protocol.c(2460): [client 216.73.216.122:54906] AH03155: select protocol from , choices=h2,http/1.1 for server 2blog.ilc.edu.tw
[Sat Aug 22 00:54:07.506854 2026] [authz_core:debug] [pid 623121:tid 623121] mod_authz_core.c(815): [client 2400:e920:0:2:f45d:ddff:fe00:7a:53386] AH01626: authorization result of Require all granted: granted, referer: http://ilta.ilc.edu.tw
[Sat Aug 22 00:54:07.506876 2026] [authz_core:debug] [pid 623121:tid 623121] mod_authz_core.c(815): [client 2400:e920:0:2:f45d:ddff:fe00:7a:53386] AH01626: authorization result of : granted, referer: http://ilta.ilc.edu.tw
[Sat Aug 22 00:54:07.556722 2026] [ssl:debug] [pid 623097:tid 623097] ssl_engine_kernel.c(2082): [client 216.73.216.122:24416] AH02041: Protocol: TLSv1.3, Cipher: TLS_AES_256_GCM_SHA384 (256/256 bits)
[Sat Aug 22 00:54:07.556774 2026] [socache_shmcb:debug] [pid 623097:tid 623097] mod_socache_shmcb.c(508): AH00831: socache_shmcb_store (0xae -> subcache 14)
[Sat Aug 22 00:54:07.556781 2026] [socache_shmcb:debug] [pid 623097:tid 623097] mod_socache_shmcb.c(745): AH00842: expiring 1 and reclaiming 0 removed socache entries
[Sat Aug 22 00:54:07.556783 2026] [socache_shmcb:debug] [pid 623097:tid 623097] mod_socache_shmcb.c(765): AH00843: we now have 50 socache entries
[Sat Aug 22 00:54:07.556785 2026] [socache_shmcb:debug] [pid 623097:tid 623097] mod_socache_shmcb.c(860): AH00847: insert happened at idx=14, data=(12078:12110)
[Sat Aug 22 00:54:07.556787 2026] [socache_shmcb:debug] [pid 623097:tid 623097] mod_socache_shmcb.c(863): AH00848: finished insert, subcache: idx_pos/idx_used=52/51, data_pos/data_used=889/11415
[Sat Aug 22 00:54:07.556789 2026] [socache_shmcb:debug] [pid 623097:tid 623097] mod_socache_shmcb.c(530): AH00834: leaving socache_shmcb_store successfully
[Sat Aug 22 00:54:07.556845 2026] [socache_shmcb:debug] [pid 623097:tid 623097] mod_socache_shmcb.c(508): AH00831: socache_shmcb_store (0x75 -> subcache 21)
[Sat Aug 22 00:54:07.556852 2026] [socache_shmcb:debug] [pid 623097:tid 623097] mod_socache_shmcb.c(745): AH00842: expiring 1 and reclaiming 0 removed socache entries
[Sat Aug 22 00:54:07.556854 2026] [socache_shmcb:debug] [pid 623097:tid 623097] mod_socache_shmcb.c(765): AH00843: we now have 43 socache entries
[Sat Aug 22 00:54:07.556857 2026] [socache_shmcb:debug] [pid 623097:tid 623097] mod_socache_shmcb.c(860): AH00847: insert happened at idx=8, data=(10571:10603)
[Sat Aug 22 00:54:07.556868 2026] [socache_shmcb:debug] [pid 623097:tid 623097] mod_socache_shmcb.c(863): AH00848: finished insert, subcache: idx_pos/idx_used=53/44, data_pos/data_used=952/9844
[Sat Aug 22 00:54:07.556871 2026] [socache_shmcb:debug] [pid 623097:tid 623097] mod_socache_shmcb.c(530): AH00834: leaving socache_shmcb_store successfully
[Sat Aug 22 00:54:07.557114 2026] [ssl:debug] [pid 623097:tid 623097] ssl_engine_kernel.c(254): [client 216.73.216.122:24416] AH02034: Initial (No.1) HTTPS request received for child 20 (server 2blog.ilc.edu.tw:443)
[Sat Aug 22 00:54:07.557357 2026] [authz_core:debug] [pid 623097:tid 623097] mod_authz_core.c(815): [client 216.73.216.122:24416] AH01626: authorization result of Require all granted: granted
[Sat Aug 22 00:54:07.557364 2026] [authz_core:debug] [pid 623097:tid 623097] mod_authz_core.c(815): [client 216.73.216.122:24416] AH01626: authorization result of : granted
[Sat Aug 22 00:54:07.557522 2026] [authz_core:debug] [pid 623097:tid 623097] mod_authz_core.c(815): [client 216.73.216.122:24416] AH01626: authorization result of Require all granted: granted
[Sat Aug 22 00:54:07.557528 2026] [authz_core:debug] [pid 623097:tid 623097] mod_authz_core.c(815): [client 216.73.216.122:24416] AH01626: authorization result of : granted
[Sat Aug 22 00:54:07.592647 2026] [ssl:info] [pid 623127:tid 623127] [client 216.73.216.122:40894] AH01964: Connection to child 2 established (server 2blog.ilc.edu.tw:443)
[Sat Aug 22 00:54:07.592780 2026] [ssl:debug] [pid 623127:tid 623127] ssl_engine_kernel.c(2222): [client 216.73.216.122:40894] AH02043: SSL virtual host for servername 2blog.ilc.edu.tw found
[Sat Aug 22 00:54:07.592793 2026] [socache_shmcb:debug] [pid 623127:tid 623127] mod_socache_shmcb.c(545): AH00835: socache_shmcb_retrieve (0x4a -> subcache 10)
[Sat Aug 22 00:54:07.592797 2026] [socache_shmcb:debug] [pid 623127:tid 623127] mod_socache_shmcb.c(896): AH00849: match at idx=35, data=2705
[Sat Aug 22 00:54:07.592799 2026] [socache_shmcb:debug] [pid 623127:tid 623127] mod_socache_shmcb.c(556): AH00836: leaving socache_shmcb_retrieve successfully
[Sat Aug 22 00:54:07.592909 2026] [core:debug] [pid 623127:tid 623127] protocol.c(2460): [client 216.73.216.122:40894] AH03155: select protocol from , choices=h2,http/1.1 for server 2blog.ilc.edu.tw
[Sat Aug 22 00:54:07.601896 2026] [ssl:debug] [pid 623110:tid 623110] ssl_engine_kernel.c(2082): [client 216.73.216.122:31409] AH02041: Protocol: TLSv1.3, Cipher: TLS_AES_256_GCM_SHA384 (256/256 bits)
[Sat Aug 22 00:54:07.601941 2026] [socache_shmcb:debug] [pid 623110:tid 623110] mod_socache_shmcb.c(508): AH00831: socache_shmcb_store (0x94 -> subcache 20)
[Sat Aug 22 00:54:07.601957 2026] [socache_shmcb:debug] [pid 623110:tid 623110] mod_socache_shmcb.c(860): AH00847: insert happened at idx=64, data=(9464:9496)
[Sat Aug 22 00:54:07.601959 2026] [socache_shmcb:debug] [pid 623110:tid 623110] mod_socache_shmcb.c(863): AH00848: finished insert, subcache: idx_pos/idx_used=17/48, data_pos/data_used=12805/10749
[Sat Aug 22 00:54:07.601961 2026] [socache_shmcb:debug] [pid 623110:tid 623110] mod_socache_shmcb.c(530): AH00834: leaving socache_shmcb_store successfully
[Sat Aug 22 00:54:07.602015 2026] [socache_shmcb:debug] [pid 623110:tid 623110] mod_socache_shmcb.c(508): AH00831: socache_shmcb_store (0x2f -> subcache 15)
[Sat Aug 22 00:54:07.602020 2026] [socache_shmcb:debug] [pid 623110:tid 623110] mod_socache_shmcb.c(860): AH00847: insert happened at idx=53, data=(6815:6847)
[Sat Aug 22 00:54:07.602022 2026] [socache_shmcb:debug] [pid 623110:tid 623110] mod_socache_shmcb.c(863): AH00848: finished insert, subcache: idx_pos/idx_used=12/42, data_pos/data_used=11547/9358
[Sat Aug 22 00:54:07.602024 2026] [socache_shmcb:debug] [pid 623110:tid 623110] mod_socache_shmcb.c(530): AH00834: leaving socache_shmcb_store successfully
[Sat Aug 22 00:54:07.602129 2026] [ssl:debug] [pid 623110:tid 623110] ssl_engine_kernel.c(254): [client 216.73.216.122:31409] AH02034: Initial (No.1) HTTPS request received for child 23 (server 2blog.ilc.edu.tw:443)
[Sat Aug 22 00:54:07.602290 2026] [authz_core:debug] [pid 623110:tid 623110] mod_authz_core.c(815): [client 216.73.216.122:31409] AH01626: authorization result of Require all granted: granted
[Sat Aug 22 00:54:07.602294 2026] [authz_core:debug] [pid 623110:tid 623110] mod_authz_core.c(815): [client 216.73.216.122:31409] AH01626: authorization result of : granted
[Sat Aug 22 00:54:07.602401 2026] [authz_core:debug] [pid 623110:tid 623110] mod_authz_core.c(815): [client 216.73.216.122:31409] AH01626: authorization result of Require all granted: granted
[Sat Aug 22 00:54:07.602405 2026] [authz_core:debug] [pid 623110:tid 623110] mod_authz_core.c(815): [client 216.73.216.122:31409] AH01626: authorization result of : granted
[Sat Aug 22 00:54:07.651479 2026] [deflate:debug] [pid 623180:tid 623180] mod_deflate.c(909): [client 216.73.216.122:47745] AH01384: Zlib: Compressed 41347 to 10034 : URL /index.php
[Sat Aug 22 00:54:07.660283 2026] [deflate:debug] [pid 623049:tid 623049] mod_deflate.c(909): [client 216.73.216.122:26433] AH01384: Zlib: Compressed 39087 to 9675 : URL /index.php
[Sat Aug 22 00:54:07.677118 2026] [deflate:debug] [pid 623119:tid 623119] mod_deflate.c(909): [client 216.73.216.122:46628] AH01384: Zlib: Compressed 38924 to 9435 : URL /index.php
[Sat Aug 22 00:54:07.694808 2026] [ssl:debug] [pid 622943:tid 622943] ssl_engine_kernel.c(254): [client 216.73.216.122:26505] AH02034: Subsequent (No.2) HTTPS request received for child 15 (server 2blog.ilc.edu.tw:443)
[Sat Aug 22 00:54:07.694979 2026] [authz_core:debug] [pid 622943:tid 622943] mod_authz_core.c(815): [client 216.73.216.122:26505] AH01626: authorization result of Require all granted: granted
[Sat Aug 22 00:54:07.694984 2026] [authz_core:debug] [pid 622943:tid 622943] mod_authz_core.c(815): [client 216.73.216.122:26505] AH01626: authorization result of : granted
[Sat Aug 22 00:54:07.695105 2026] [authz_core:debug] [pid 622943:tid 622943] mod_authz_core.c(815): [client 216.73.216.122:26505] AH01626: authorization result of Require all granted: granted
[Sat Aug 22 00:54:07.695112 2026] [authz_core:debug] [pid 622943:tid 622943] mod_authz_core.c(815): [client 216.73.216.122:26505] AH01626: authorization result of : granted
[Sat Aug 22 00:54:07.696634 2026] [ssl:debug] [pid 623108:tid 623108] ssl_engine_kernel.c(2082): [client 216.73.216.122:54906] AH02041: Protocol: TLSv1.3, Cipher: TLS_AES_256_GCM_SHA384 (256/256 bits)
[Sat Aug 22 00:54:07.696685 2026] [socache_shmcb:debug] [pid 623108:tid 623108] mod_socache_shmcb.c(508): AH00831: socache_shmcb_store (0x11 -> subcache 17)
[Sat Aug 22 00:54:07.696690 2026] [socache_shmcb:debug] [pid 623108:tid 623108] mod_socache_shmcb.c(745): AH00842: expiring 2 and reclaiming 0 removed socache entries
[Sat Aug 22 00:54:07.696692 2026] [socache_shmcb:debug] [pid 623108:tid 623108] mod_socache_shmcb.c(765): AH00843: we now have 48 socache entries
[Sat Aug 22 00:54:07.696694 2026] [socache_shmcb:debug] [pid 623108:tid 623108] mod_socache_shmcb.c(860): AH00847: insert happened at idx=85, data=(8293:8325)
[Sat Aug 22 00:54:07.696696 2026] [socache_shmcb:debug] [pid 623108:tid 623108] mod_socache_shmcb.c(863): AH00848: finished insert, subcache: idx_pos/idx_used=37/49, data_pos/data_used=11409/10973
[Sat Aug 22 00:54:07.696698 2026] [socache_shmcb:debug] [pid 623108:tid 623108] mod_socache_shmcb.c(530): AH00834: leaving socache_shmcb_store successfully
[Sat Aug 22 00:54:07.696808 2026] [ssl:debug] [pid 623108:tid 623108] ssl_engine_kernel.c(254): [client 216.73.216.122:54906] AH02034: Initial (No.1) HTTPS request received for child 17 (server 2blog.ilc.edu.tw:443)
[Sat Aug 22 00:54:07.696969 2026] [ssl:info] [pid 623094:tid 623094] [client 216.73.216.122:54618] AH01964: Connection to child 14 established (server 2blog.ilc.edu.tw:443)
[Sat Aug 22 00:54:07.696997 2026] [authz_core:debug] [pid 623108:tid 623108] mod_authz_core.c(815): [client 216.73.216.122:54906] AH01626: authorization result of Require all granted: granted
[Sat Aug 22 00:54:07.697008 2026] [authz_core:debug] [pid 623108:tid 623108] mod_authz_core.c(815): [client 216.73.216.122:54906] AH01626: authorization result of : granted
[Sat Aug 22 00:54:07.697109 2026] [authz_core:debug] [pid 623108:tid 623108] mod_authz_core.c(815): [client 216.73.216.122:54906] AH01626: authorization result of Require all granted: granted
[Sat Aug 22 00:54:07.697113 2026] [authz_core:debug] [pid 623108:tid 623108] mod_authz_core.c(815): [client 216.73.216.122:54906] AH01626: authorization result of : granted
[Sat Aug 22 00:54:07.697121 2026] [ssl:debug] [pid 623094:tid 623094] ssl_engine_kernel.c(2222): [client 216.73.216.122:54618] AH02043: SSL virtual host for servername 2blog.ilc.edu.tw found
[Sat Aug 22 00:54:07.697134 2026] [socache_shmcb:debug] [pid 623094:tid 623094] mod_socache_shmcb.c(545): AH00835: socache_shmcb_retrieve (0x52 -> subcache 18)
[Sat Aug 22 00:54:07.697138 2026] [socache_shmcb:debug] [pid 623094:tid 623094] mod_socache_shmcb.c(896): AH00849: match at idx=21, data=13640
[Sat Aug 22 00:54:07.697141 2026] [socache_shmcb:debug] [pid 623094:tid 623094] mod_socache_shmcb.c(556): AH00836: leaving socache_shmcb_retrieve successfully
[Sat Aug 22 00:54:07.697245 2026] [core:debug] [pid 623094:tid 623094] protocol.c(2460): [client 216.73.216.122:54618] AH03155: select protocol from , choices=h2,http/1.1 for server 2blog.ilc.edu.tw
[Sat Aug 22 00:54:07.767383 2026] [ssl:info] [pid 623098:tid 623098] [client 216.73.216.122:39090] AH01964: Connection to child 22 established (server 2blog.ilc.edu.tw:443)
[Sat Aug 22 00:54:07.767512 2026] [ssl:debug] [pid 623098:tid 623098] ssl_engine_kernel.c(2222): [client 216.73.216.122:39090] AH02043: SSL virtual host for servername 2blog.ilc.edu.tw found
[Sat Aug 22 00:54:07.767526 2026] [socache_shmcb:debug] [pid 623098:tid 623098] mod_socache_shmcb.c(545): AH00835: socache_shmcb_retrieve (0xf6 -> subcache 22)
[Sat Aug 22 00:54:07.767530 2026] [socache_shmcb:debug] [pid 623098:tid 623098] mod_socache_shmcb.c(896): AH00849: match at idx=1, data=9231
[Sat Aug 22 00:54:07.767532 2026] [socache_shmcb:debug] [pid 623098:tid 623098] mod_socache_shmcb.c(556): AH00836: leaving socache_shmcb_retrieve successfully
[Sat Aug 22 00:54:07.767658 2026] [core:debug] [pid 623098:tid 623098] protocol.c(2460): [client 216.73.216.122:39090] AH03155: select protocol from , choices=h2,http/1.1 for server 2blog.ilc.edu.tw
[Sat Aug 22 00:54:07.818000 2026] [ssl:debug] [pid 623127:tid 623127] ssl_engine_kernel.c(2082): [client 216.73.216.122:40894] AH02041: Protocol: TLSv1.3, Cipher: TLS_AES_256_GCM_SHA384 (256/256 bits)
[Sat Aug 22 00:54:07.818056 2026] [socache_shmcb:debug] [pid 623127:tid 623127] mod_socache_shmcb.c(508): AH00831: socache_shmcb_store (0xaa -> subcache 10)
[Sat Aug 22 00:54:07.818063 2026] [socache_shmcb:debug] [pid 623127:tid 623127] mod_socache_shmcb.c(860): AH00847: insert happened at idx=36, data=(2931:2963)
[Sat Aug 22 00:54:07.818065 2026] [socache_shmcb:debug] [pid 623127:tid 623127] mod_socache_shmcb.c(863): AH00848: finished insert, subcache: idx_pos/idx_used=4/33, data_pos/data_used=9658/7363
[Sat Aug 22 00:54:07.818067 2026] [socache_shmcb:debug] [pid 623127:tid 623127] mod_socache_shmcb.c(530): AH00834: leaving socache_shmcb_store successfully
[Sat Aug 22 00:54:07.818205 2026] [ssl:debug] [pid 623127:tid 623127] ssl_engine_kernel.c(254): [client 216.73.216.122:40894] AH02034: Initial (No.1) HTTPS request received for child 2 (server 2blog.ilc.edu.tw:443)
[Sat Aug 22 00:54:07.818394 2026] [authz_core:debug] [pid 623127:tid 623127] mod_authz_core.c(815): [client 216.73.216.122:40894] AH01626: authorization result of Require all granted: granted
[Sat Aug 22 00:54:07.818402 2026] [authz_core:debug] [pid 623127:tid 623127] mod_authz_core.c(815): [client 216.73.216.122:40894] AH01626: authorization result of : granted
[Sat Aug 22 00:54:07.818546 2026] [authz_core:debug] [pid 623127:tid 623127] mod_authz_core.c(815): [client 216.73.216.122:40894] AH01626: authorization result of Require all granted: granted
[Sat Aug 22 00:54:07.818552 2026] [authz_core:debug] [pid 623127:tid 623127] mod_authz_core.c(815): [client 216.73.216.122:40894] AH01626: authorization result of : granted
[Sat Aug 22 00:54:07.822181 2026] [ssl:info] [pid 623101:tid 623101] [client 2400:e920:0:2:f45d:ddff:fe00:7a:53404] AH01964: Connection to child 26 established (server 2blog.ilc.edu.tw:443)
[Sat Aug 22 00:54:07.822337 2026] [ssl:debug] [pid 623101:tid 623101] ssl_engine_kernel.c(2222): [client 2400:e920:0:2:f45d:ddff:fe00:7a:53404] AH02043: SSL virtual host for servername ilta.ilc.edu.tw found
[Sat Aug 22 00:54:07.822389 2026] [core:debug] [pid 623101:tid 623101] protocol.c(2460): [client 2400:e920:0:2:f45d:ddff:fe00:7a:53404] AH03155: select protocol from , choices=http/1.1 for server ilta.ilc.edu.tw
[Sat Aug 22 00:54:07.865770 2026] [ssl:info] [pid 623102:tid 623102] [client 216.73.216.122:26287] AH01964: Connection to child 27 established (server 2blog.ilc.edu.tw:443)
[Sat Aug 22 00:54:07.865914 2026] [ssl:debug] [pid 623102:tid 623102] ssl_engine_kernel.c(2222): [client 216.73.216.122:26287] AH02043: SSL virtual host for servername 2blog.ilc.edu.tw found
[Sat Aug 22 00:54:07.865927 2026] [socache_shmcb:debug] [pid 623102:tid 623102] mod_socache_shmcb.c(545): AH00835: socache_shmcb_retrieve (0x2f -> subcache 15)
[Sat Aug 22 00:54:07.865931 2026] [socache_shmcb:debug] [pid 623102:tid 623102] mod_socache_shmcb.c(896): AH00849: match at idx=53, data=6815
[Sat Aug 22 00:54:07.865933 2026] [socache_shmcb:debug] [pid 623102:tid 623102] mod_socache_shmcb.c(556): AH00836: leaving socache_shmcb_retrieve successfully
[Sat Aug 22 00:54:07.866032 2026] [core:debug] [pid 623102:tid 623102] protocol.c(2460): [client 216.73.216.122:26287] AH03155: select protocol from , choices=h2,http/1.1 for server 2blog.ilc.edu.tw
[Sat Aug 22 00:54:07.881285 2026] [ssl:debug] [pid 623180:tid 623180] ssl_engine_kernel.c(254): [client 216.73.216.122:47745] AH02034: Subsequent (No.2) HTTPS request received for child 0 (server 2blog.ilc.edu.tw:443)
[Sat Aug 22 00:54:07.881466 2026] [authz_core:debug] [pid 623180:tid 623180] mod_authz_core.c(815): [client 216.73.216.122:47745] AH01626: authorization result of Require all granted: granted
[Sat Aug 22 00:54:07.881470 2026] [authz_core:debug] [pid 623180:tid 623180] mod_authz_core.c(815): [client 216.73.216.122:47745] AH01626: authorization result of : granted
[Sat Aug 22 00:54:07.881576 2026] [authz_core:debug] [pid 623180:tid 623180] mod_authz_core.c(815): [client 216.73.216.122:47745] AH01626: authorization result of Require all granted: granted
[Sat Aug 22 00:54:07.881579 2026] [authz_core:debug] [pid 623180:tid 623180] mod_authz_core.c(815): [client 216.73.216.122:47745] AH01626: authorization result of : granted
[Sat Aug 22 00:54:07.882024 2026] [ssl:debug] [pid 623049:tid 623049] ssl_engine_kernel.c(254): [client 216.73.216.122:26433] AH02034: Subsequent (No.2) HTTPS request received for child 11 (server 2blog.ilc.edu.tw:443)
[Sat Aug 22 00:54:07.882187 2026] [authz_core:debug] [pid 623049:tid 623049] mod_authz_core.c(815): [client 216.73.216.122:26433] AH01626: authorization result of Require all granted: granted
[Sat Aug 22 00:54:07.882194 2026] [authz_core:debug] [pid 623049:tid 623049] mod_authz_core.c(815): [client 216.73.216.122:26433] AH01626: authorization result of : granted
[Sat Aug 22 00:54:07.882293 2026] [authz_core:debug] [pid 623049:tid 623049] mod_authz_core.c(815): [client 216.73.216.122:26433] AH01626: authorization result of Require all granted: granted
[Sat Aug 22 00:54:07.882297 2026] [authz_core:debug] [pid 623049:tid 623049] mod_authz_core.c(815): [client 216.73.216.122:26433] AH01626: authorization result of : granted
[Sat Aug 22 00:54:07.892971 2026] [ssl:debug] [pid 623119:tid 623119] ssl_engine_kernel.c(254): [client 216.73.216.122:46628] AH02034: Subsequent (No.2) HTTPS request received for child 33 (server 2blog.ilc.edu.tw:443)
[Sat Aug 22 00:54:07.893177 2026] [authz_core:debug] [pid 623119:tid 623119] mod_authz_core.c(815): [client 216.73.216.122:46628] AH01626: authorization result of Require all granted: granted
[Sat Aug 22 00:54:07.893191 2026] [authz_core:debug] [pid 623119:tid 623119] mod_authz_core.c(815): [client 216.73.216.122:46628] AH01626: authorization result of : granted
[Sat Aug 22 00:54:07.893304 2026] [authz_core:debug] [pid 623119:tid 623119] mod_authz_core.c(815): [client 216.73.216.122:46628] AH01626: authorization result of Require all granted: granted
[Sat Aug 22 00:54:07.893308 2026] [authz_core:debug] [pid 623119:tid 623119] mod_authz_core.c(815): [client 216.73.216.122:46628] AH01626: authorization result of : granted
[Sat Aug 22 00:54:07.896301 2026] [ssl:debug] [pid 623115:tid 623115] ssl_engine_io.c(1150): [client 216.74.67.33:32947] AH02001: Connection closed to child 29 with standard shutdown (server 2blog.ilc.edu.tw:443)
[Sat Aug 22 00:54:07.931569 2026] [ssl:debug] [pid 623101:tid 623101] ssl_engine_kernel.c(2082): [client 2400:e920:0:2:f45d:ddff:fe00:7a:53404] AH02041: Protocol: TLSv1.3, Cipher: TLS_AES_256_GCM_SHA384 (256/256 bits)
[Sat Aug 22 00:54:07.931626 2026] [socache_shmcb:debug] [pid 623101:tid 623101] mod_socache_shmcb.c(508): AH00831: socache_shmcb_store (0x0a -> subcache 10)
[Sat Aug 22 00:54:07.931634 2026] [socache_shmcb:debug] [pid 623101:tid 623101] mod_socache_shmcb.c(860): AH00847: insert happened at idx=37, data=(3157:3189)
[Sat Aug 22 00:54:07.931637 2026] [socache_shmcb:debug] [pid 623101:tid 623101] mod_socache_shmcb.c(863): AH00848: finished insert, subcache: idx_pos/idx_used=4/34, data_pos/data_used=9658/7587
[Sat Aug 22 00:54:07.931640 2026] [socache_shmcb:debug] [pid 623101:tid 623101] mod_socache_shmcb.c(530): AH00834: leaving socache_shmcb_store successfully
[Sat Aug 22 00:54:07.931699 2026] [socache_shmcb:debug] [pid 623101:tid 623101] mod_socache_shmcb.c(508): AH00831: socache_shmcb_store (0x3f -> subcache 31)
[Sat Aug 22 00:54:07.931706 2026] [socache_shmcb:debug] [pid 623101:tid 623101] mod_socache_shmcb.c(745): AH00842: expiring 3 and reclaiming 0 removed socache entries
[Sat Aug 22 00:54:07.931709 2026] [socache_shmcb:debug] [pid 623101:tid 623101] mod_socache_shmcb.c(765): AH00843: we now have 48 socache entries
[Sat Aug 22 00:54:07.931711 2026] [socache_shmcb:debug] [pid 623101:tid 623101] mod_socache_shmcb.c(860): AH00847: insert happened at idx=35, data=(2938:2970)
[Sat Aug 22 00:54:07.931714 2026] [socache_shmcb:debug] [pid 623101:tid 623101] mod_socache_shmcb.c(863): AH00848: finished insert, subcache: idx_pos/idx_used=75/49, data_pos/data_used=6133/10894
[Sat Aug 22 00:54:07.931717 2026] [socache_shmcb:debug] [pid 623101:tid 623101] mod_socache_shmcb.c(530): AH00834: leaving socache_shmcb_store successfully
[Sat Aug 22 00:54:07.931976 2026] [ssl:debug] [pid 623101:tid 623101] ssl_engine_kernel.c(254): [client 2400:e920:0:2:f45d:ddff:fe00:7a:53404] AH02034: Initial (No.1) HTTPS request received for child 26 (server ilta.ilc.edu.tw:443), referer: http://ilta.ilc.edu.tw
[Sat Aug 22 00:54:07.932168 2026] [authz_core:debug] [pid 623101:tid 623101] mod_authz_core.c(815): [client 2400:e920:0:2:f45d:ddff:fe00:7a:53404] AH01626: authorization result of Require all granted: granted, referer: http://ilta.ilc.edu.tw
[Sat Aug 22 00:54:07.932175 2026] [authz_core:debug] [pid 623101:tid 623101] mod_authz_core.c(815): [client 2400:e920:0:2:f45d:ddff:fe00:7a:53404] AH01626: authorization result of : granted, referer: http://ilta.ilc.edu.tw
[Sat Aug 22 00:54:07.937563 2026] [ssl:debug] [pid 623094:tid 623094] ssl_engine_kernel.c(2082): [client 216.73.216.122:54618] AH02041: Protocol: TLSv1.3, Cipher: TLS_AES_256_GCM_SHA384 (256/256 bits)
[Sat Aug 22 00:54:07.937611 2026] [socache_shmcb:debug] [pid 623094:tid 623094] mod_socache_shmcb.c(508): AH00831: socache_shmcb_store (0x2e -> subcache 14)
[Sat Aug 22 00:54:07.937617 2026] [socache_shmcb:debug] [pid 623094:tid 623094] mod_socache_shmcb.c(860): AH00847: insert happened at idx=15, data=(12304:12336)
[Sat Aug 22 00:54:07.937619 2026] [socache_shmcb:debug] [pid 623094:tid 623094] mod_socache_shmcb.c(863): AH00848: finished insert, subcache: idx_pos/idx_used=52/52, data_pos/data_used=889/11641
[Sat Aug 22 00:54:07.937629 2026] [socache_shmcb:debug] [pid 623094:tid 623094] mod_socache_shmcb.c(530): AH00834: leaving socache_shmcb_store successfully
[Sat Aug 22 00:54:07.937753 2026] [ssl:debug] [pid 623094:tid 623094] ssl_engine_kernel.c(254): [client 216.73.216.122:54618] AH02034: Initial (No.1) HTTPS request received for child 14 (server 2blog.ilc.edu.tw:443)
[Sat Aug 22 00:54:07.937925 2026] [authz_core:debug] [pid 623094:tid 623094] mod_authz_core.c(815): [client 216.73.216.122:54618] AH01626: authorization result of Require all granted: granted
[Sat Aug 22 00:54:07.937930 2026] [authz_core:debug] [pid 623094:tid 623094] mod_authz_core.c(815): [client 216.73.216.122:54618] AH01626: authorization result of : granted
[Sat Aug 22 00:54:07.938060 2026] [authz_core:debug] [pid 623094:tid 623094] mod_authz_core.c(815): [client 216.73.216.122:54618] AH01626: authorization result of Require all granted: granted
[Sat Aug 22 00:54:07.938065 2026] [authz_core:debug] [pid 623094:tid 623094] mod_authz_core.c(815): [client 216.73.216.122:54618] AH01626: authorization result of : granted
[Sat Aug 22 00:54:07.945057 2026] [deflate:debug] [pid 623097:tid 623097] mod_deflate.c(909): [client 216.73.216.122:24416] AH01384: Zlib: Compressed 71008 to 12694 : URL /index.php
[Sat Aug 22 00:54:07.946909 2026] [ssl:info] [pid 623061:tid 623061] [client 216.73.216.122:18066] AH01964: Connection to child 13 established (server 2blog.ilc.edu.tw:443)
[Sat Aug 22 00:54:07.947063 2026] [ssl:debug] [pid 623061:tid 623061] ssl_engine_kernel.c(2222): [client 216.73.216.122:18066] AH02043: SSL virtual host for servername 2blog.ilc.edu.tw found
[Sat Aug 22 00:54:07.947079 2026] [socache_shmcb:debug] [pid 623061:tid 623061] mod_socache_shmcb.c(545): AH00835: socache_shmcb_retrieve (0x11 -> subcache 17)
[Sat Aug 22 00:54:07.947086 2026] [socache_shmcb:debug] [pid 623061:tid 623061] mod_socache_shmcb.c(896): AH00849: match at idx=85, data=8293
[Sat Aug 22 00:54:07.947089 2026] [socache_shmcb:debug] [pid 623061:tid 623061] mod_socache_shmcb.c(556): AH00836: leaving socache_shmcb_retrieve successfully
[Sat Aug 22 00:54:07.947246 2026] [core:debug] [pid 623061:tid 623061] protocol.c(2460): [client 216.73.216.122:18066] AH03155: select protocol from , choices=h2,http/1.1 for server 2blog.ilc.edu.tw
[Sat Aug 22 00:54:07.959654 2026] [deflate:debug] [pid 622943:tid 622943] mod_deflate.c(909): [client 216.73.216.122:26505] AH01384: Zlib: Compressed 38835 to 9530 : URL /index.php
[Sat Aug 22 00:54:07.979804 2026] [deflate:debug] [pid 623108:tid 623108] mod_deflate.c(909): [client 216.73.216.122:54906] AH01384: Zlib: Compressed 52254 to 11884 : URL /index.php
[Sat Aug 22 00:54:07.980412 2026] [deflate:debug] [pid 623110:tid 623110] mod_deflate.c(909): [client 216.73.216.122:31409] AH01384: Zlib: Compressed 64479 to 13243 : URL /index.php
[Sat Aug 22 00:54:07.996596 2026] [ssl:debug] [pid 623098:tid 623098] ssl_engine_kernel.c(2082): [client 216.73.216.122:39090] AH02041: Protocol: TLSv1.3, Cipher: TLS_AES_256_GCM_SHA384 (256/256 bits)
[Sat Aug 22 00:54:07.996648 2026] [socache_shmcb:debug] [pid 623098:tid 623098] mod_socache_shmcb.c(508): AH00831: socache_shmcb_store (0x3e -> subcache 30)
[Sat Aug 22 00:54:07.996660 2026] [socache_shmcb:debug] [pid 623098:tid 623098] mod_socache_shmcb.c(745): AH00842: expiring 2 and reclaiming 0 removed socache entries
[Sat Aug 22 00:54:07.996669 2026] [socache_shmcb:debug] [pid 623098:tid 623098] mod_socache_shmcb.c(765): AH00843: we now have 32 socache entries
[Sat Aug 22 00:54:07.996671 2026] [socache_shmcb:debug] [pid 623098:tid 623098] mod_socache_shmcb.c(860): AH00847: insert happened at idx=13, data=(11604:11636)
[Sat Aug 22 00:54:07.996673 2026] [socache_shmcb:debug] [pid 623098:tid 623098] mod_socache_shmcb.c(863): AH00848: finished insert, subcache: idx_pos/idx_used=69/33, data_pos/data_used=4457/7373
[Sat Aug 22 00:54:07.996675 2026] [socache_shmcb:debug] [pid 623098:tid 623098] mod_socache_shmcb.c(530): AH00834: leaving socache_shmcb_store successfully
[Sat Aug 22 00:54:07.997504 2026] [ssl:debug] [pid 623098:tid 623098] ssl_engine_kernel.c(254): [client 216.73.216.122:39090] AH02034: Initial (No.1) HTTPS request received for child 22 (server 2blog.ilc.edu.tw:443)
[Sat Aug 22 00:54:07.997662 2026] [authz_core:debug] [pid 623098:tid 623098] mod_authz_core.c(815): [client 216.73.216.122:39090] AH01626: authorization result of Require all granted: granted
[Sat Aug 22 00:54:07.997666 2026] [authz_core:debug] [pid 623098:tid 623098] mod_authz_core.c(815): [client 216.73.216.122:39090] AH01626: authorization result of : granted
[Sat Aug 22 00:54:07.997772 2026] [authz_core:debug] [pid 623098:tid 623098] mod_authz_core.c(815): [client 216.73.216.122:39090] AH01626: authorization result of Require all granted: granted
[Sat Aug 22 00:54:07.997777 2026] [authz_core:debug] [pid 623098:tid 623098] mod_authz_core.c(815): [client 216.73.216.122:39090] AH01626: authorization result of : granted
[Sat Aug 22 00:54:08.005358 2026] [watchdog:debug] [pid 623181:tid 623181] mod_watchdog.c(559): AH02980: Watchdog: nothing configured?
[Sat Aug 22 00:54:08.090371 2026] [ssl:debug] [pid 623102:tid 623102] ssl_engine_kernel.c(2082): [client 216.73.216.122:26287] AH02041: Protocol: TLSv1.3, Cipher: TLS_AES_256_GCM_SHA384 (256/256 bits)
[Sat Aug 22 00:54:08.090430 2026] [socache_shmcb:debug] [pid 623102:tid 623102] mod_socache_shmcb.c(508): AH00831: socache_shmcb_store (0xb6 -> subcache 22)
[Sat Aug 22 00:54:08.090435 2026] [socache_shmcb:debug] [pid 623102:tid 623102] mod_socache_shmcb.c(860): AH00847: insert happened at idx=2, data=(9457:9489)
[Sat Aug 22 00:54:08.090438 2026] [socache_shmcb:debug] [pid 623102:tid 623102] mod_socache_shmcb.c(863): AH00848: finished insert, subcache: idx_pos/idx_used=50/41, data_pos/data_used=501/9182
[Sat Aug 22 00:54:08.090440 2026] [socache_shmcb:debug] [pid 623102:tid 623102] mod_socache_shmcb.c(530): AH00834: leaving socache_shmcb_store successfully
[Sat Aug 22 00:54:08.100595 2026] [ssl:debug] [pid 623102:tid 623102] ssl_engine_kernel.c(254): [client 216.73.216.122:26287] AH02034: Initial (No.1) HTTPS request received for child 27 (server 2blog.ilc.edu.tw:443)
[Sat Aug 22 00:54:08.100882 2026] [authz_core:debug] [pid 623102:tid 623102] mod_authz_core.c(815): [client 216.73.216.122:26287] AH01626: authorization result of Require all granted: granted
[Sat Aug 22 00:54:08.100890 2026] [authz_core:debug] [pid 623102:tid 623102] mod_authz_core.c(815): [client 216.73.216.122:26287] AH01626: authorization result of : granted
[Sat Aug 22 00:54:08.101057 2026] [authz_core:debug] [pid 623102:tid 623102] mod_authz_core.c(815): [client 216.73.216.122:26287] AH01626: authorization result of Require all granted: granted
[Sat Aug 22 00:54:08.101063 2026] [authz_core:debug] [pid 623102:tid 623102] mod_authz_core.c(815): [client 216.73.216.122:26287] AH01626: authorization result of : granted
[Sat Aug 22 00:54:08.126708 2026] [ssl:debug] [pid 623130:tid 623130] ssl_engine_io.c(1150): [client 216.73.216.122:52655] AH02001: Connection closed to child 7 with standard shutdown (server www.tkjh.ilc.edu.tw:443)
[Sat Aug 22 00:54:08.127580 2026] [ssl:debug] [pid 623064:tid 623064] ssl_engine_io.c(1150): [client 216.73.216.122:26344] AH02001: Connection closed to child 18 with standard shutdown (server www.tkjh.ilc.edu.tw:443)
[Sat Aug 22 00:54:08.128803 2026] [ssl:debug] [pid 622978:tid 622978] ssl_engine_io.c(1150): [client 216.73.216.122:63656] AH02001: Connection closed to child 5 with standard shutdown (server www.tkjh.ilc.edu.tw:443)
[Sat Aug 22 00:54:08.131184 2026] [ssl:info] [pid 623115:tid 623115] [client 216.73.216.122:52351] AH01964: Connection to child 29 established (server 2blog.ilc.edu.tw:443)
[Sat Aug 22 00:54:08.131298 2026] [ssl:debug] [pid 623115:tid 623115] ssl_engine_kernel.c(2222): [client 216.73.216.122:52351] AH02043: SSL virtual host for servername 2blog.ilc.edu.tw found
[Sat Aug 22 00:54:08.131310 2026] [socache_shmcb:debug] [pid 623115:tid 623115] mod_socache_shmcb.c(545): AH00835: socache_shmcb_retrieve (0xaa -> subcache 10)
[Sat Aug 22 00:54:08.131322 2026] [socache_shmcb:debug] [pid 623115:tid 623115] mod_socache_shmcb.c(896): AH00849: match at idx=36, data=2931
[Sat Aug 22 00:54:08.131324 2026] [socache_shmcb:debug] [pid 623115:tid 623115] mod_socache_shmcb.c(556): AH00836: leaving socache_shmcb_retrieve successfully
[Sat Aug 22 00:54:08.131421 2026] [core:debug] [pid 623115:tid 623115] protocol.c(2460): [client 216.73.216.122:52351] AH03155: select protocol from , choices=h2,http/1.1 for server 2blog.ilc.edu.tw
[Sat Aug 22 00:54:08.135876 2026] [deflate:debug] [pid 623180:tid 623180] mod_deflate.c(909): [client 216.73.216.122:47745] AH01384: Zlib: Compressed 54771 to 9869 : URL /index.php
[Sat Aug 22 00:54:08.142449 2026] [deflate:debug] [pid 623127:tid 623127] mod_deflate.c(909): [client 216.73.216.122:40894] AH01384: Zlib: Compressed 38656 to 9414 : URL /index.php
[Sat Aug 22 00:54:08.164351 2026] [ssl:info] [pid 623181:tid 623181] [client 2001:288:a201::66:125:40588] AH01964: Connection to child 1 established (server 2blog.ilc.edu.tw:443)
[Sat Aug 22 00:54:08.164612 2026] [ssl:debug] [pid 623181:tid 623181] ssl_engine_kernel.c(2252): [client 2001:288:a201::66:125:40588] AH02645: Server name not provided via TLS extension (using default/first virtual host)
[Sat Aug 22 00:54:08.164645 2026] [socache_shmcb:debug] [pid 623181:tid 623181] mod_socache_shmcb.c(545): AH00835: socache_shmcb_retrieve (0x6a -> subcache 10)
[Sat Aug 22 00:54:08.164657 2026] [socache_shmcb:debug] [pid 623181:tid 623181] mod_socache_shmcb.c(896): AH00849: match at idx=12, data=11463
[Sat Aug 22 00:54:08.164660 2026] [socache_shmcb:debug] [pid 623181:tid 623181] mod_socache_shmcb.c(556): AH00836: leaving socache_shmcb_retrieve successfully
[Sat Aug 22 00:54:08.165524 2026] [deflate:debug] [pid 623119:tid 623119] mod_deflate.c(909): [client 216.73.216.122:46628] AH01384: Zlib: Compressed 38726 to 9485 : URL /index.php
[Sat Aug 22 00:54:08.165806 2026] [ssl:debug] [pid 623181:tid 623181] ssl_engine_kernel.c(2082): [client 2001:288:a201::66:125:40588] AH02041: Protocol: TLSv1.2, Cipher: ECDHE-RSA-AES256-GCM-SHA384 (256/256 bits)
[Sat Aug 22 00:54:08.165912 2026] [ssl:debug] [pid 623181:tid 623181] ssl_engine_kernel.c(254): [client 2001:288:a201::66:125:40588] AH02034: Initial (No.1) HTTPS request received for child 1 (server 2blog.ilc.edu.tw:443)
[Sat Aug 22 00:54:08.166151 2026] [authz_core:debug] [pid 623181:tid 623181] mod_authz_core.c(815): [client 2001:288:a201::66:125:40588] AH01626: authorization result of Require all granted: granted
[Sat Aug 22 00:54:08.166156 2026] [authz_core:debug] [pid 623181:tid 623181] mod_authz_core.c(815): [client 2001:288:a201::66:125:40588] AH01626: authorization result of : granted
[Sat Aug 22 00:54:08.166679 2026] [authz_core:debug] [pid 623181:tid 623181] mod_authz_core.c(815): [client 2001:288:a201::66:125:40588] AH01626: authorization result of Require all granted: granted
[Sat Aug 22 00:54:08.166683 2026] [authz_core:debug] [pid 623181:tid 623181] mod_authz_core.c(815): [client 2001:288:a201::66:125:40588] AH01626: authorization result of : granted
[Sat Aug 22 00:54:08.166695 2026] [php7:error] [pid 623181:tid 623181] [client 2001:288:a201::66:125:40588] script '/var/www/html/2blog/active.php' not found or unable to stat
[Sat Aug 22 00:54:08.166705 2026] [headers:debug] [pid 623181:tid 623181] mod_headers.c(900): AH01503: headers: ap_headers_error_filter()
[Sat Aug 22 00:54:08.166826 2026] [ssl:debug] [pid 623181:tid 623181] ssl_engine_io.c(1150): [client 2001:288:a201::66:125:40588] AH02001: Connection closed to child 1 with standard shutdown (server 2blog.ilc.edu.tw:443)
[Sat Aug 22 00:54:08.171300 2026] [deflate:debug] [pid 623101:tid 623101] mod_deflate.c(909): [client 2400:e920:0:2:f45d:ddff:fe00:7a:53404] AH01384: Zlib: Compressed 13605 to 5007 : URL /wp-login.php, referer: http://ilta.ilc.edu.tw
[Sat Aug 22 00:54:08.174376 2026] [ssl:debug] [pid 623061:tid 623061] ssl_engine_kernel.c(2082): [client 216.73.216.122:18066] AH02041: Protocol: TLSv1.3, Cipher: TLS_AES_256_GCM_SHA384 (256/256 bits)
[Sat Aug 22 00:54:08.174423 2026] [socache_shmcb:debug] [pid 623061:tid 623061] mod_socache_shmcb.c(508): AH00831: socache_shmcb_store (0x02 -> subcache 2)
[Sat Aug 22 00:54:08.174429 2026] [socache_shmcb:debug] [pid 623061:tid 623061] mod_socache_shmcb.c(860): AH00847: insert happened at idx=12, data=(11537:11569)
[Sat Aug 22 00:54:08.174431 2026] [socache_shmcb:debug] [pid 623061:tid 623061] mod_socache_shmcb.c(863): AH00848: finished insert, subcache: idx_pos/idx_used=58/43, data_pos/data_used=2187/9576
[Sat Aug 22 00:54:08.174433 2026] [socache_shmcb:debug] [pid 623061:tid 623061] mod_socache_shmcb.c(530): AH00834: leaving socache_shmcb_store successfully
[Sat Aug 22 00:54:08.180812 2026] [headers:debug] [pid 623130:tid 623130] mod_headers.c(900): AH01503: headers: ap_headers_error_filter()
[Sat Aug 22 00:54:08.184683 2026] [ssl:debug] [pid 622943:tid 622943] ssl_engine_kernel.c(254): [client 216.73.216.122:26505] AH02034: Subsequent (No.3) HTTPS request received for child 15 (server 2blog.ilc.edu.tw:443)
[Sat Aug 22 00:54:08.184835 2026] [authz_core:debug] [pid 622943:tid 622943] mod_authz_core.c(815): [client 216.73.216.122:26505] AH01626: authorization result of Require all granted: granted
[Sat Aug 22 00:54:08.184839 2026] [authz_core:debug] [pid 622943:tid 622943] mod_authz_core.c(815): [client 216.73.216.122:26505] AH01626: authorization result of : granted
[Sat Aug 22 00:54:08.184936 2026] [authz_core:debug] [pid 622943:tid 622943] mod_authz_core.c(815): [client 216.73.216.122:26505] AH01626: authorization result of Require all granted: granted
[Sat Aug 22 00:54:08.184940 2026] [authz_core:debug] [pid 622943:tid 622943] mod_authz_core.c(815): [client 216.73.216.122:26505] AH01626: authorization result of : granted
[Sat Aug 22 00:54:08.190027 2026] [deflate:debug] [pid 623049:tid 623049] mod_deflate.c(909): [client 216.73.216.122:26433] AH01384: Zlib: Compressed 38789 to 9457 : URL /index.php
[Sat Aug 22 00:54:08.240718 2026] [deflate:debug] [pid 623094:tid 623094] mod_deflate.c(909): [client 216.73.216.122:54618] AH01384: Zlib: Compressed 37767 to 9445 : URL /index.php
[Sat Aug 22 00:54:08.264311 2026] [deflate:debug] [pid 623098:tid 623098] mod_deflate.c(909): [client 216.73.216.122:39090] AH01384: Zlib: Compressed 43250 to 10063 : URL /index.php
[Sat Aug 22 00:54:08.276761 2026] [deflate:debug] [pid 623102:tid 623102] mod_deflate.c(909): [client 216.73.216.122:26287] AH01384: Zlib: Compressed 40627 to 9964 : URL /index.php
[Sat Aug 22 00:54:08.282242 2026] [headers:debug] [pid 623064:tid 623064] mod_headers.c(900): AH01503: headers: ap_headers_error_filter()
[Sat Aug 22 00:54:08.284099 2026] [ssl:debug] [pid 623108:tid 623108] ssl_engine_kernel.c(254): [client 216.73.216.122:54906] AH02034: Subsequent (No.2) HTTPS request received for child 17 (server 2blog.ilc.edu.tw:443)
[Sat Aug 22 00:54:08.284311 2026] [authz_core:debug] [pid 623108:tid 623108] mod_authz_core.c(815): [client 216.73.216.122:54906] AH01626: authorization result of Require all granted: granted
[Sat Aug 22 00:54:08.284319 2026] [authz_core:debug] [pid 623108:tid 623108] mod_authz_core.c(815): [client 216.73.216.122:54906] AH01626: authorization result of : granted
[Sat Aug 22 00:54:08.284474 2026] [authz_core:debug] [pid 623108:tid 623108] mod_authz_core.c(815): [client 216.73.216.122:54906] AH01626: authorization result of Require all granted: granted
[Sat Aug 22 00:54:08.284479 2026] [authz_core:debug] [pid 623108:tid 623108] mod_authz_core.c(815): [client 216.73.216.122:54906] AH01626: authorization result of : granted
[Sat Aug 22 00:54:08.320383 2026] [ssl:info] [pid 622978:tid 622978] [client 122.100.112.72:20613] AH01964: Connection to child 5 established (server 2blog.ilc.edu.tw:443)
[Sat Aug 22 00:54:08.320551 2026] [ssl:debug] [pid 622978:tid 622978] ssl_engine_kernel.c(2222): [client 122.100.112.72:20613] AH02043: SSL virtual host for servername www.chjh.ilc.edu.tw found
[Sat Aug 22 00:54:08.320648 2026] [ssl:debug] [pid 622978:tid 622978] ssl_util_stapling.c(819): AH01951: stapling_cb: OCSP Stapling callback called
[Sat Aug 22 00:54:08.320664 2026] [ssl:info] [pid 622978:tid 622978] AH01926: stapling_get_certinfo: stapling not supported for certificate
[Sat Aug 22 00:54:08.323206 2026] [ssl:debug] [pid 622978:tid 622978] ssl_engine_kernel.c(2082): [client 122.100.112.72:20613] AH02041: Protocol: TLSv1.3, Cipher: TLS_AES_256_GCM_SHA384 (256/256 bits)
[Sat Aug 22 00:54:08.323254 2026] [socache_shmcb:debug] [pid 622978:tid 622978] mod_socache_shmcb.c(508): AH00831: socache_shmcb_store (0xcc -> subcache 12)
[Sat Aug 22 00:54:08.323260 2026] [socache_shmcb:debug] [pid 622978:tid 622978] mod_socache_shmcb.c(745): AH00842: expiring 2 and reclaiming 0 removed socache entries
[Sat Aug 22 00:54:08.323262 2026] [socache_shmcb:debug] [pid 622978:tid 622978] mod_socache_shmcb.c(765): AH00843: we now have 52 socache entries
[Sat Aug 22 00:54:08.323264 2026] [socache_shmcb:debug] [pid 622978:tid 622978] mod_socache_shmcb.c(860): AH00847: insert happened at idx=29, data=(1460:1492)
[Sat Aug 22 00:54:08.323266 2026] [socache_shmcb:debug] [pid 622978:tid 622978] mod_socache_shmcb.c(863): AH00848: finished insert, subcache: idx_pos/idx_used=65/53, data_pos/data_used=3757/11784
[Sat Aug 22 00:54:08.323268 2026] [socache_shmcb:debug] [pid 622978:tid 622978] mod_socache_shmcb.c(530): AH00834: leaving socache_shmcb_store successfully
[Sat Aug 22 00:54:08.323309 2026] [ssl:info] [pid 623181:tid 623181] [client 122.100.112.72:10505] AH01964: Connection to child 1 established (server 2blog.ilc.edu.tw:443)
[Sat Aug 22 00:54:08.323363 2026] [socache_shmcb:debug] [pid 622978:tid 622978] mod_socache_shmcb.c(508): AH00831: socache_shmcb_store (0x36 -> subcache 22)
[Sat Aug 22 00:54:08.323368 2026] [socache_shmcb:debug] [pid 622978:tid 622978] mod_socache_shmcb.c(860): AH00847: insert happened at idx=3, data=(9683:9715)
[Sat Aug 22 00:54:08.323370 2026] [socache_shmcb:debug] [pid 622978:tid 622978] mod_socache_shmcb.c(863): AH00848: finished insert, subcache: idx_pos/idx_used=50/42, data_pos/data_used=501/9399
[Sat Aug 22 00:54:08.323372 2026] [socache_shmcb:debug] [pid 622978:tid 622978] mod_socache_shmcb.c(530): AH00834: leaving socache_shmcb_store successfully
[Sat Aug 22 00:54:08.323424 2026] [socache_shmcb:debug] [pid 622978:tid 622978] mod_socache_shmcb.c(570): AH00837: socache_shmcb_remove (0x36 -> subcache 22)
[Sat Aug 22 00:54:08.323427 2026] [socache_shmcb:debug] [pid 622978:tid 622978] mod_socache_shmcb.c(952): AH00852: possible match at idx=3, data=9683
[Sat Aug 22 00:54:08.323429 2026] [socache_shmcb:debug] [pid 622978:tid 622978] mod_socache_shmcb.c(957): AH00853: shmcb_subcache_remove removing matching entry
[Sat Aug 22 00:54:08.323431 2026] [socache_shmcb:debug] [pid 622978:tid 622978] mod_socache_shmcb.c(585): AH00839: leaving socache_shmcb_remove successfully
[Sat Aug 22 00:54:08.323478 2026] [ssl:debug] [pid 623181:tid 623181] ssl_engine_kernel.c(2222): [client 122.100.112.72:10505] AH02043: SSL virtual host for servername www.chjh.ilc.edu.tw found
[Sat Aug 22 00:54:08.323569 2026] [core:debug] [pid 623181:tid 623181] protocol.c(2460): [client 122.100.112.72:10505] AH03155: select protocol from , choices=h2,http/1.1 for server www.chjh.ilc.edu.tw
[Sat Aug 22 00:54:08.323630 2026] [ssl:debug] [pid 623181:tid 623181] ssl_util_stapling.c(819): AH01951: stapling_cb: OCSP Stapling callback called
[Sat Aug 22 00:54:08.323637 2026] [ssl:info] [pid 623181:tid 623181] AH01926: stapling_get_certinfo: stapling not supported for certificate
[Sat Aug 22 00:54:08.323954 2026] [ssl:info] [pid 623130:tid 623130] [client 122.100.112.72:11206] AH01964: Connection to child 7 established (server 2blog.ilc.edu.tw:443)
[Sat Aug 22 00:54:08.324060 2026] [ssl:debug] [pid 623130:tid 623130] ssl_engine_kernel.c(2222): [client 122.100.112.72:11206] AH02043: SSL virtual host for servername www.chjh.ilc.edu.tw found
[Sat Aug 22 00:54:08.324097 2026] [core:debug] [pid 623130:tid 623130] protocol.c(2460): [client 122.100.112.72:11206] AH03155: select protocol from , choices=h2,http/1.1 for server www.chjh.ilc.edu.tw
[Sat Aug 22 00:54:08.324159 2026] [ssl:debug] [pid 623130:tid 623130] ssl_util_stapling.c(819): AH01951: stapling_cb: OCSP Stapling callback called
[Sat Aug 22 00:54:08.324165 2026] [ssl:info] [pid 623130:tid 623130] AH01926: stapling_get_certinfo: stapling not supported for certificate
[Sat Aug 22 00:54:08.346144 2026] [authz_core:debug] [pid 623064:tid 623064] mod_authz_core.c(815): [client 34.231.45.47:33687] AH01626: authorization result of Require all granted: granted
[Sat Aug 22 00:54:08.346161 2026] [authz_core:debug] [pid 623064:tid 623064] mod_authz_core.c(815): [client 34.231.45.47:33687] AH01626: authorization result of : granted
[Sat Aug 22 00:54:08.346897 2026] [ssl:debug] [pid 623115:tid 623115] ssl_engine_kernel.c(2082): [client 216.73.216.122:52351] AH02041: Protocol: TLSv1.3, Cipher: TLS_AES_256_GCM_SHA384 (256/256 bits)
[Sat Aug 22 00:54:08.346940 2026] [socache_shmcb:debug] [pid 623115:tid 623115] mod_socache_shmcb.c(508): AH00831: socache_shmcb_store (0xef -> subcache 15)
[Sat Aug 22 00:54:08.346946 2026] [socache_shmcb:debug] [pid 623115:tid 623115] mod_socache_shmcb.c(860): AH00847: insert happened at idx=54, data=(7041:7073)
[Sat Aug 22 00:54:08.346948 2026] [socache_shmcb:debug] [pid 623115:tid 623115] mod_socache_shmcb.c(863): AH00848: finished insert, subcache: idx_pos/idx_used=12/43, data_pos/data_used=11547/9583
[Sat Aug 22 00:54:08.346950 2026] [socache_shmcb:debug] [pid 623115:tid 623115] mod_socache_shmcb.c(530): AH00834: leaving socache_shmcb_store successfully
[Sat Aug 22 00:54:08.367233 2026] [ssl:info] [pid 622978:tid 622978] [client 140.111.67.10:2650] AH01964: Connection to child 5 established (server 2blog.ilc.edu.tw:443)
[Sat Aug 22 00:54:08.367350 2026] [ssl:info] [pid 622978:tid 622978] (70014)End of file found: [client 140.111.67.10:2650] AH02006: SSL handshake stopped: connection was closed
[Sat Aug 22 00:54:08.367356 2026] [ssl:info] [pid 622978:tid 622978] [client 140.111.67.10:2650] AH01998: Connection closed to child 5 with abortive shutdown (server 2blog.ilc.edu.tw:443)
[Sat Aug 22 00:54:08.373400 2026] [ssl:debug] [pid 623130:tid 623130] ssl_engine_kernel.c(2082): [client 122.100.112.72:11206] AH02041: Protocol: TLSv1.3, Cipher: TLS_AES_256_GCM_SHA384 (256/256 bits)
[Sat Aug 22 00:54:08.373451 2026] [socache_shmcb:debug] [pid 623130:tid 623130] mod_socache_shmcb.c(508): AH00831: socache_shmcb_store (0xf8 -> subcache 24)
[Sat Aug 22 00:54:08.373474 2026] [socache_shmcb:debug] [pid 623130:tid 623130] mod_socache_shmcb.c(745): AH00842: expiring 1 and reclaiming 0 removed socache entries
[Sat Aug 22 00:54:08.373477 2026] [socache_shmcb:debug] [pid 623130:tid 623130] mod_socache_shmcb.c(765): AH00843: we now have 37 socache entries
[Sat Aug 22 00:54:08.373479 2026] [socache_shmcb:debug] [pid 623130:tid 623130] mod_socache_shmcb.c(860): AH00847: insert happened at idx=14, data=(12052:12084)
[Sat Aug 22 00:54:08.373481 2026] [socache_shmcb:debug] [pid 623130:tid 623130] mod_socache_shmcb.c(863): AH00848: finished insert, subcache: idx_pos/idx_used=65/38, data_pos/data_used=3812/8468
[Sat Aug 22 00:54:08.373483 2026] [socache_shmcb:debug] [pid 623130:tid 623130] mod_socache_shmcb.c(530): AH00834: leaving socache_shmcb_store successfully
[Sat Aug 22 00:54:08.373528 2026] [socache_shmcb:debug] [pid 623130:tid 623130] mod_socache_shmcb.c(508): AH00831: socache_shmcb_store (0x35 -> subcache 21)
[Sat Aug 22 00:54:08.373533 2026] [socache_shmcb:debug] [pid 623130:tid 623130] mod_socache_shmcb.c(860): AH00847: insert happened at idx=9, data=(10796:10828)
[Sat Aug 22 00:54:08.373535 2026] [socache_shmcb:debug] [pid 623130:tid 623130] mod_socache_shmcb.c(863): AH00848: finished insert, subcache: idx_pos/idx_used=53/45, data_pos/data_used=952/10072
[Sat Aug 22 00:54:08.373536 2026] [socache_shmcb:debug] [pid 623130:tid 623130] mod_socache_shmcb.c(530): AH00834: leaving socache_shmcb_store successfully
[Sat Aug 22 00:54:08.381547 2026] [ssl:debug] [pid 623130:tid 623130] ssl_engine_kernel.c(254): [client 122.100.112.72:11206] AH02034: Initial (No.1) HTTPS request received for child 7 (server www.chjh.ilc.edu.tw:443)
[Sat Aug 22 00:54:08.381828 2026] [authz_core:debug] [pid 623130:tid 623130] mod_authz_core.c(815): [client 122.100.112.72:11206] AH01626: authorization result of Require all granted: granted
[Sat Aug 22 00:54:08.381835 2026] [authz_core:debug] [pid 623130:tid 623130] mod_authz_core.c(815): [client 122.100.112.72:11206] AH01626: authorization result of : granted
[Sat Aug 22 00:54:08.382374 2026] [authz_core:debug] [pid 623130:tid 623130] mod_authz_core.c(815): [client 122.100.112.72:11206] AH01626: authorization result of Require all granted: granted
[Sat Aug 22 00:54:08.382380 2026] [authz_core:debug] [pid 623130:tid 623130] mod_authz_core.c(815): [client 122.100.112.72:11206] AH01626: authorization result of : granted
[Sat Aug 22 00:54:08.385319 2026] [ssl:debug] [pid 623127:tid 623127] ssl_engine_kernel.c(254): [client 216.73.216.122:40894] AH02034: Subsequent (No.2) HTTPS request received for child 2 (server 2blog.ilc.edu.tw:443)
[Sat Aug 22 00:54:08.385525 2026] [authz_core:debug] [pid 623127:tid 623127] mod_authz_core.c(815): [client 216.73.216.122:40894] AH01626: authorization result of Require all granted: granted
[Sat Aug 22 00:54:08.385531 2026] [authz_core:debug] [pid 623127:tid 623127] mod_authz_core.c(815): [client 216.73.216.122:40894] AH01626: authorization result of : granted
[Sat Aug 22 00:54:08.385671 2026] [authz_core:debug] [pid 623127:tid 623127] mod_authz_core.c(815): [client 216.73.216.122:40894] AH01626: authorization result of Require all granted: granted
