[Sat Aug 22 00:49:00.606166 2026] [authz_core:debug] [pid 618242:tid 618242] mod_authz_core.c(815): [client 2401:e180:8d60:ee32:5069:13db:b3bc:d6:58392] AH01626: authorization result of Require all granted: granted, referer: https://www.ltjh.ilc.edu.tw/?page_id=64
[Sat Aug 22 00:49:00.606171 2026] [authz_core:debug] [pid 618242:tid 618242] mod_authz_core.c(815): [client 2401:e180:8d60:ee32:5069:13db:b3bc:d6:58392] AH01626: authorization result of : granted, referer: https://www.ltjh.ilc.edu.tw/?page_id=64
[Sat Aug 22 00:49:00.606212 2026] [ssl:debug] [pid 618012:tid 618012] ssl_engine_kernel.c(254): [client 2401:e180:8d60:ee32:5069:13db:b3bc:d6:58393] AH02034: Initial (No.1) HTTPS request received for child 7 (server www.ltjh.ilc.edu.tw:443), referer: https://www.ltjh.ilc.edu.tw/?page_id=64
[Sat Aug 22 00:49:00.606225 2026] [authz_core:debug] [pid 618160:tid 618160] mod_authz_core.c(815): [client 2401:e180:8d60:ee32:5069:13db:b3bc:d6:58395] AH01626: authorization result of Require all granted: granted, referer: https://www.ltjh.ilc.edu.tw/?page_id=64
[Sat Aug 22 00:49:00.606230 2026] [authz_core:debug] [pid 618160:tid 618160] mod_authz_core.c(815): [client 2401:e180:8d60:ee32:5069:13db:b3bc:d6:58395] AH01626: authorization result of : granted, referer: https://www.ltjh.ilc.edu.tw/?page_id=64
[Sat Aug 22 00:49:00.606242 2026] [authz_core:debug] [pid 618237:tid 618237] mod_authz_core.c(815): [client 2401:e180:8d60:ee32:5069:13db:b3bc:d6:58396] AH01626: authorization result of Require all granted: granted, referer: https://www.ltjh.ilc.edu.tw/?page_id=64
[Sat Aug 22 00:49:00.606249 2026] [authz_core:debug] [pid 618237:tid 618237] mod_authz_core.c(815): [client 2401:e180:8d60:ee32:5069:13db:b3bc:d6:58396] AH01626: authorization result of : granted, referer: https://www.ltjh.ilc.edu.tw/?page_id=64
[Sat Aug 22 00:49:00.606367 2026] [authz_core:debug] [pid 618012:tid 618012] mod_authz_core.c(815): [client 2401:e180:8d60:ee32:5069:13db:b3bc:d6:58393] AH01626: authorization result of Require all granted: granted, referer: https://www.ltjh.ilc.edu.tw/?page_id=64
[Sat Aug 22 00:49:00.606372 2026] [deflate:debug] [pid 618242:tid 618242] mod_deflate.c(909): [client 2401:e180:8d60:ee32:5069:13db:b3bc:d6:58392] AH01384: Zlib: Compressed 490 to 270 : URL /wp-content/plugins/google-drive-embedder/css/gdm-blocks.css, referer: https://www.ltjh.ilc.edu.tw/?page_id=64
[Sat Aug 22 00:49:00.606378 2026] [authz_core:debug] [pid 618012:tid 618012] mod_authz_core.c(815): [client 2401:e180:8d60:ee32:5069:13db:b3bc:d6:58393] AH01626: authorization result of : granted, referer: https://www.ltjh.ilc.edu.tw/?page_id=64
[Sat Aug 22 00:49:00.606641 2026] [deflate:debug] [pid 618160:tid 618160] mod_deflate.c(909): [client 2401:e180:8d60:ee32:5069:13db:b3bc:d6:58395] AH01384: Zlib: Compressed 19820 to 4058 : URL /wp-content/plugins/elementor/assets/lib/eicons/css/elementor-icons.min.css, referer: https://www.ltjh.ilc.edu.tw/?page_id=64
[Sat Aug 22 00:49:00.606680 2026] [deflate:debug] [pid 618039:tid 618039] mod_deflate.c(909): [client 2401:e180:8d60:ee32:5069:13db:b3bc:d6:58394] AH01384: Zlib: Compressed 28261 to 16423 : URL /wp-content/themes/toujours/genericons/genericons.css, referer: https://www.ltjh.ilc.edu.tw/?page_id=64
[Sat Aug 22 00:49:00.607023 2026] [authz_core:debug] [pid 618237:tid 618237] mod_authz_core.c(815): [client 2401:e180:8d60:ee32:5069:13db:b3bc:d6:58396] AH01626: authorization result of Require all granted: granted, referer: https://www.ltjh.ilc.edu.tw/?page_id=64
[Sat Aug 22 00:49:00.607033 2026] [authz_core:debug] [pid 618237:tid 618237] mod_authz_core.c(815): [client 2401:e180:8d60:ee32:5069:13db:b3bc:d6:58396] AH01626: authorization result of : granted, referer: https://www.ltjh.ilc.edu.tw/?page_id=64
[Sat Aug 22 00:49:00.608185 2026] [deflate:debug] [pid 618012:tid 618012] mod_deflate.c(909): [client 2401:e180:8d60:ee32:5069:13db:b3bc:d6:58393] AH01384: Zlib: Compressed 74320 to 12857 : URL /wp-content/themes/toujours/style.css, referer: https://www.ltjh.ilc.edu.tw/?page_id=64
[Sat Aug 22 00:49:00.609978 2026] [ssl:debug] [pid 618241:tid 618241] ssl_engine_kernel.c(254): [client 2401:e180:8d60:ee32:5069:13db:b3bc:d6:58390] AH02034: Subsequent (No.4) HTTPS request received for child 17 (server www.ltjh.ilc.edu.tw:443), referer: https://www.ltjh.ilc.edu.tw/?page_id=64
[Sat Aug 22 00:49:00.610123 2026] [authz_core:debug] [pid 618241:tid 618241] mod_authz_core.c(815): [client 2401:e180:8d60:ee32:5069:13db:b3bc:d6:58390] AH01626: authorization result of Require all granted: granted, referer: https://www.ltjh.ilc.edu.tw/?page_id=64
[Sat Aug 22 00:49:00.610127 2026] [authz_core:debug] [pid 618241:tid 618241] mod_authz_core.c(815): [client 2401:e180:8d60:ee32:5069:13db:b3bc:d6:58390] AH01626: authorization result of : granted, referer: https://www.ltjh.ilc.edu.tw/?page_id=64
[Sat Aug 22 00:49:00.610508 2026] [deflate:debug] [pid 618241:tid 618241] mod_deflate.c(909): [client 2401:e180:8d60:ee32:5069:13db:b3bc:d6:58390] AH01384: Zlib: Compressed 16471 to 4565 : URL /wp-content/plugins/elementor/assets/lib/swiper/v8/css/swiper.min.css, referer: https://www.ltjh.ilc.edu.tw/?page_id=64
[Sat Aug 22 00:49:00.640346 2026] [ssl:debug] [pid 618242:tid 618242] ssl_engine_kernel.c(254): [client 2401:e180:8d60:ee32:5069:13db:b3bc:d6:58392] AH02034: Subsequent (No.2) HTTPS request received for child 18 (server www.ltjh.ilc.edu.tw:443), referer: https://www.ltjh.ilc.edu.tw/?page_id=64
[Sat Aug 22 00:49:00.640346 2026] [ssl:debug] [pid 618160:tid 618160] ssl_engine_kernel.c(254): [client 2401:e180:8d60:ee32:5069:13db:b3bc:d6:58395] AH02034: Subsequent (No.2) HTTPS request received for child 3 (server www.ltjh.ilc.edu.tw:443), referer: https://www.ltjh.ilc.edu.tw/?page_id=64
[Sat Aug 22 00:49:00.640346 2026] [ssl:debug] [pid 618249:tid 618249] ssl_engine_kernel.c(254): [client 2401:e180:8d60:ee32:5069:13db:b3bc:d6:58391] AH02034: Subsequent (No.2) HTTPS request received for child 24 (server www.ltjh.ilc.edu.tw:443), referer: https://www.ltjh.ilc.edu.tw/?page_id=64
[Sat Aug 22 00:49:00.640344 2026] [ssl:info] [pid 618131:tid 618131] [client 2401:e180:8d60:ee32:5069:13db:b3bc:d6:58399] AH01964: Connection to child 2 established (server 2blog.ilc.edu.tw:443)
[Sat Aug 22 00:49:00.640455 2026] [ssl:debug] [pid 618241:tid 618241] ssl_engine_kernel.c(254): [client 2401:e180:8d60:ee32:5069:13db:b3bc:d6:58390] AH02034: Subsequent (No.5) HTTPS request received for child 17 (server www.ltjh.ilc.edu.tw:443), referer: https://www.ltjh.ilc.edu.tw/?page_id=64
[Sat Aug 22 00:49:00.640512 2026] [ssl:debug] [pid 618131:tid 618131] ssl_engine_kernel.c(2222): [client 2401:e180:8d60:ee32:5069:13db:b3bc:d6:58399] AH02043: SSL virtual host for servername 2blog.ilc.edu.tw found
[Sat Aug 22 00:49:00.640542 2026] [authz_core:debug] [pid 618242:tid 618242] mod_authz_core.c(815): [client 2401:e180:8d60:ee32:5069:13db:b3bc:d6:58392] AH01626: authorization result of Require all granted: granted, referer: https://www.ltjh.ilc.edu.tw/?page_id=64
[Sat Aug 22 00:49:00.640542 2026] [authz_core:debug] [pid 618160:tid 618160] mod_authz_core.c(815): [client 2401:e180:8d60:ee32:5069:13db:b3bc:d6:58395] AH01626: authorization result of Require all granted: granted, referer: https://www.ltjh.ilc.edu.tw/?page_id=64
[Sat Aug 22 00:49:00.640548 2026] [authz_core:debug] [pid 618242:tid 618242] mod_authz_core.c(815): [client 2401:e180:8d60:ee32:5069:13db:b3bc:d6:58392] AH01626: authorization result of : granted, referer: https://www.ltjh.ilc.edu.tw/?page_id=64
[Sat Aug 22 00:49:00.640550 2026] [authz_core:debug] [pid 618160:tid 618160] mod_authz_core.c(815): [client 2401:e180:8d60:ee32:5069:13db:b3bc:d6:58395] AH01626: authorization result of : granted, referer: https://www.ltjh.ilc.edu.tw/?page_id=64
[Sat Aug 22 00:49:00.640575 2026] [core:debug] [pid 618131:tid 618131] protocol.c(2460): [client 2401:e180:8d60:ee32:5069:13db:b3bc:d6:58399] AH03155: select protocol from , choices=http/1.1 for server 2blog.ilc.edu.tw
[Sat Aug 22 00:49:00.640618 2026] [ssl:debug] [pid 618131:tid 618131] ssl_util_stapling.c(819): AH01951: stapling_cb: OCSP Stapling callback called
[Sat Aug 22 00:49:00.640624 2026] [ssl:info] [pid 618131:tid 618131] AH01926: stapling_get_certinfo: stapling not supported for certificate
[Sat Aug 22 00:49:00.640859 2026] [authz_core:debug] [pid 618249:tid 618249] mod_authz_core.c(815): [client 2401:e180:8d60:ee32:5069:13db:b3bc:d6:58391] AH01626: authorization result of Require all granted: granted, referer: https://www.ltjh.ilc.edu.tw/?page_id=64
[Sat Aug 22 00:49:00.640865 2026] [authz_core:debug] [pid 618249:tid 618249] mod_authz_core.c(815): [client 2401:e180:8d60:ee32:5069:13db:b3bc:d6:58391] AH01626: authorization result of : granted, referer: https://www.ltjh.ilc.edu.tw/?page_id=64
[Sat Aug 22 00:49:00.640870 2026] [authz_core:debug] [pid 618241:tid 618241] mod_authz_core.c(815): [client 2401:e180:8d60:ee32:5069:13db:b3bc:d6:58390] AH01626: authorization result of Require all granted: granted, referer: https://www.ltjh.ilc.edu.tw/?page_id=64
[Sat Aug 22 00:49:00.640877 2026] [authz_core:debug] [pid 618241:tid 618241] mod_authz_core.c(815): [client 2401:e180:8d60:ee32:5069:13db:b3bc:d6:58390] AH01626: authorization result of : granted, referer: https://www.ltjh.ilc.edu.tw/?page_id=64
[Sat Aug 22 00:49:00.641167 2026] [deflate:debug] [pid 618249:tid 618249] mod_deflate.c(909): [client 2401:e180:8d60:ee32:5069:13db:b3bc:d6:58391] AH01384: Zlib: Compressed 1172 to 379 : URL /wp-content/uploads/sites/411/elementor/css/post-880.css, referer: https://www.ltjh.ilc.edu.tw/?page_id=64
[Sat Aug 22 00:49:00.641312 2026] [deflate:debug] [pid 618160:tid 618160] mod_deflate.c(909): [client 2401:e180:8d60:ee32:5069:13db:b3bc:d6:58395] AH01384: Zlib: Compressed 30999 to 7034 : URL /wp-content/plugins/elementor/assets/lib/font-awesome/css/font-awesome.min.css, referer: https://www.ltjh.ilc.edu.tw/?page_id=64
[Sat Aug 22 00:49:00.641567 2026] [deflate:debug] [pid 618241:tid 618241] mod_deflate.c(909): [client 2401:e180:8d60:ee32:5069:13db:b3bc:d6:58390] AH01384: Zlib: Compressed 40207 to 2810 : URL /wp-content/uploads/sites/411/elementor/css/global.css, referer: https://www.ltjh.ilc.edu.tw/?page_id=64
[Sat Aug 22 00:49:00.647596 2026] [deflate:debug] [pid 618242:tid 618242] mod_deflate.c(909): [client 2401:e180:8d60:ee32:5069:13db:b3bc:d6:58392] AH01384: Zlib: Compressed 459036 to 43497 : URL /wp-content/plugins/elementor-pro/assets/css/frontend.min.css, referer: https://www.ltjh.ilc.edu.tw/?page_id=64
[Sat Aug 22 00:49:00.655095 2026] [ssl:debug] [pid 618039:tid 618039] ssl_engine_kernel.c(254): [client 2401:e180:8d60:ee32:5069:13db:b3bc:d6:58394] AH02034: Subsequent (No.2) HTTPS request received for child 44 (server www.ltjh.ilc.edu.tw:443), referer: https://www.ltjh.ilc.edu.tw/?page_id=64
[Sat Aug 22 00:49:00.655095 2026] [ssl:debug] [pid 618012:tid 618012] ssl_engine_kernel.c(254): [client 2401:e180:8d60:ee32:5069:13db:b3bc:d6:58393] AH02034: Subsequent (No.2) HTTPS request received for child 7 (server www.ltjh.ilc.edu.tw:443), referer: https://www.ltjh.ilc.edu.tw/?page_id=64
[Sat Aug 22 00:49:00.655286 2026] [authz_core:debug] [pid 618039:tid 618039] mod_authz_core.c(815): [client 2401:e180:8d60:ee32:5069:13db:b3bc:d6:58394] AH01626: authorization result of Require all granted: granted, referer: https://www.ltjh.ilc.edu.tw/?page_id=64
[Sat Aug 22 00:49:00.655292 2026] [authz_core:debug] [pid 618039:tid 618039] mod_authz_core.c(815): [client 2401:e180:8d60:ee32:5069:13db:b3bc:d6:58394] AH01626: authorization result of : granted, referer: https://www.ltjh.ilc.edu.tw/?page_id=64
[Sat Aug 22 00:49:00.657957 2026] [authz_core:debug] [pid 618012:tid 618012] mod_authz_core.c(815): [client 2401:e180:8d60:ee32:5069:13db:b3bc:d6:58393] AH01626: authorization result of Require all granted: granted, referer: https://www.ltjh.ilc.edu.tw/?page_id=64
[Sat Aug 22 00:49:00.657969 2026] [authz_core:debug] [pid 618012:tid 618012] mod_authz_core.c(815): [client 2401:e180:8d60:ee32:5069:13db:b3bc:d6:58393] AH01626: authorization result of : granted, referer: https://www.ltjh.ilc.edu.tw/?page_id=64
[Sat Aug 22 00:49:00.658617 2026] [deflate:debug] [pid 618039:tid 618039] mod_deflate.c(909): [client 2401:e180:8d60:ee32:5069:13db:b3bc:d6:58394] AH01384: Zlib: Compressed 87553 to 30350 : URL /wp-includes/js/jquery/jquery.min.js, referer: https://www.ltjh.ilc.edu.tw/?page_id=64
[Sat Aug 22 00:49:00.670065 2026] [ssl:debug] [pid 618249:tid 618249] ssl_engine_kernel.c(254): [client 2401:e180:8d60:ee32:5069:13db:b3bc:d6:58391] AH02034: Subsequent (No.3) HTTPS request received for child 24 (server www.ltjh.ilc.edu.tw:443), referer: https://www.ltjh.ilc.edu.tw/?page_id=64
[Sat Aug 22 00:49:00.670245 2026] [authz_core:debug] [pid 618249:tid 618249] mod_authz_core.c(815): [client 2401:e180:8d60:ee32:5069:13db:b3bc:d6:58391] AH01626: authorization result of Require all granted: granted, referer: https://www.ltjh.ilc.edu.tw/?page_id=64
[Sat Aug 22 00:49:00.670250 2026] [authz_core:debug] [pid 618249:tid 618249] mod_authz_core.c(815): [client 2401:e180:8d60:ee32:5069:13db:b3bc:d6:58391] AH01626: authorization result of : granted, referer: https://www.ltjh.ilc.edu.tw/?page_id=64
[Sat Aug 22 00:49:00.670528 2026] [deflate:debug] [pid 618012:tid 618012] mod_deflate.c(909): [client 2401:e180:8d60:ee32:5069:13db:b3bc:d6:58393] AH01384: Zlib: Compressed 78 to 48 : URL /wp-content/uploads/sites/411/elementor/css/post-64.css, referer: https://www.ltjh.ilc.edu.tw/?page_id=64
[Sat Aug 22 00:49:00.670589 2026] [ssl:debug] [pid 618160:tid 618160] ssl_engine_kernel.c(254): [client 2401:e180:8d60:ee32:5069:13db:b3bc:d6:58395] AH02034: Subsequent (No.3) HTTPS request received for child 3 (server www.ltjh.ilc.edu.tw:443), referer: https://www.ltjh.ilc.edu.tw/?page_id=64
[Sat Aug 22 00:49:00.670740 2026] [authz_core:debug] [pid 618160:tid 618160] mod_authz_core.c(815): [client 2401:e180:8d60:ee32:5069:13db:b3bc:d6:58395] AH01626: authorization result of Require all granted: granted, referer: https://www.ltjh.ilc.edu.tw/?page_id=64
[Sat Aug 22 00:49:00.670751 2026] [authz_core:debug] [pid 618160:tid 618160] mod_authz_core.c(815): [client 2401:e180:8d60:ee32:5069:13db:b3bc:d6:58395] AH01626: authorization result of : granted, referer: https://www.ltjh.ilc.edu.tw/?page_id=64
[Sat Aug 22 00:49:00.670753 2026] [deflate:debug] [pid 618249:tid 618249] mod_deflate.c(909): [client 2401:e180:8d60:ee32:5069:13db:b3bc:d6:58391] AH01384: Zlib: Compressed 13577 to 4854 : URL /wp-includes/js/jquery/jquery-migrate.min.js, referer: https://www.ltjh.ilc.edu.tw/?page_id=64
[Sat Aug 22 00:49:00.670926 2026] [deflate:debug] [pid 618160:tid 618160] mod_deflate.c(909): [client 2401:e180:8d60:ee32:5069:13db:b3bc:d6:58395] AH01384: Zlib: Compressed 1718 to 700 : URL /wp-includes/js/hoverintent-js.min.js, referer: https://www.ltjh.ilc.edu.tw/?page_id=64
[Sat Aug 22 00:49:00.675116 2026] [ssl:debug] [pid 618241:tid 618241] ssl_engine_kernel.c(254): [client 2401:e180:8d60:ee32:5069:13db:b3bc:d6:58390] AH02034: Subsequent (No.6) HTTPS request received for child 17 (server www.ltjh.ilc.edu.tw:443), referer: https://www.ltjh.ilc.edu.tw/?page_id=64
[Sat Aug 22 00:49:00.675266 2026] [authz_core:debug] [pid 618241:tid 618241] mod_authz_core.c(815): [client 2401:e180:8d60:ee32:5069:13db:b3bc:d6:58390] AH01626: authorization result of Require all granted: granted, referer: https://www.ltjh.ilc.edu.tw/?page_id=64
[Sat Aug 22 00:49:00.675271 2026] [authz_core:debug] [pid 618241:tid 618241] mod_authz_core.c(815): [client 2401:e180:8d60:ee32:5069:13db:b3bc:d6:58390] AH01626: authorization result of : granted, referer: https://www.ltjh.ilc.edu.tw/?page_id=64
[Sat Aug 22 00:49:00.675469 2026] [deflate:debug] [pid 618241:tid 618241] mod_deflate.c(909): [client 2401:e180:8d60:ee32:5069:13db:b3bc:d6:58390] AH01384: Zlib: Compressed 3487 to 1339 : URL /wp-includes/js/admin-bar.min.js, referer: https://www.ltjh.ilc.edu.tw/?page_id=64
[Sat Aug 22 00:49:00.685382 2026] [ssl:debug] [pid 618131:tid 618131] ssl_engine_kernel.c(2082): [client 2401:e180:8d60:ee32:5069:13db:b3bc:d6:58399] AH02041: Protocol: TLSv1.3, Cipher: TLS_AES_256_GCM_SHA384 (256/256 bits)
[Sat Aug 22 00:49:00.685423 2026] [socache_shmcb:debug] [pid 618131:tid 618131] mod_socache_shmcb.c(508): AH00831: socache_shmcb_store (0x5d -> subcache 29)
[Sat Aug 22 00:49:00.685428 2026] [socache_shmcb:debug] [pid 618131:tid 618131] mod_socache_shmcb.c(860): AH00847: insert happened at idx=73, data=(5499:5531)
[Sat Aug 22 00:49:00.685431 2026] [socache_shmcb:debug] [pid 618131:tid 618131] mod_socache_shmcb.c(863): AH00848: finished insert, subcache: idx_pos/idx_used=32/42, data_pos/data_used=10176/9412
[Sat Aug 22 00:49:00.685433 2026] [socache_shmcb:debug] [pid 618131:tid 618131] mod_socache_shmcb.c(530): AH00834: leaving socache_shmcb_store successfully
[Sat Aug 22 00:49:00.685480 2026] [socache_shmcb:debug] [pid 618131:tid 618131] mod_socache_shmcb.c(508): AH00831: socache_shmcb_store (0x34 -> subcache 20)
[Sat Aug 22 00:49:00.685485 2026] [socache_shmcb:debug] [pid 618131:tid 618131] mod_socache_shmcb.c(798): AH00845: about to force-expire, subcache: idx_used=62, data_used=13844
[Sat Aug 22 00:49:00.685488 2026] [socache_shmcb:debug] [pid 618131:tid 618131] mod_socache_shmcb.c(824): AH00846: finished force-expire, subcache: idx_used=61, data_used=13620
[Sat Aug 22 00:49:00.685490 2026] [socache_shmcb:debug] [pid 618131:tid 618131] mod_socache_shmcb.c(860): AH00847: insert happened at idx=15, data=(12355:12387)
[Sat Aug 22 00:49:00.685491 2026] [socache_shmcb:debug] [pid 618131:tid 618131] mod_socache_shmcb.c(863): AH00848: finished insert, subcache: idx_pos/idx_used=42/62, data_pos/data_used=12599/13846
[Sat Aug 22 00:49:00.685493 2026] [socache_shmcb:debug] [pid 618131:tid 618131] mod_socache_shmcb.c(530): AH00834: leaving socache_shmcb_store successfully
[Sat Aug 22 00:49:00.690640 2026] [ssl:debug] [pid 618131:tid 618131] ssl_engine_kernel.c(254): [client 2401:e180:8d60:ee32:5069:13db:b3bc:d6:58399] AH02034: Initial (No.1) HTTPS request received for child 2 (server 2blog.ilc.edu.tw:443), referer: https://www.ltjh.ilc.edu.tw/?page_id=64
[Sat Aug 22 00:49:00.690641 2026] [ssl:debug] [pid 618039:tid 618039] ssl_engine_kernel.c(254): [client 2401:e180:8d60:ee32:5069:13db:b3bc:d6:58394] AH02034: Subsequent (No.3) HTTPS request received for child 44 (server www.ltjh.ilc.edu.tw:443), referer: https://www.ltjh.ilc.edu.tw/?page_id=64
[Sat Aug 22 00:49:00.690802 2026] [authz_core:debug] [pid 618131:tid 618131] mod_authz_core.c(815): [client 2401:e180:8d60:ee32:5069:13db:b3bc:d6:58399] AH01626: authorization result of Require all granted: granted, referer: https://www.ltjh.ilc.edu.tw/?page_id=64
[Sat Aug 22 00:49:00.690808 2026] [authz_core:debug] [pid 618131:tid 618131] mod_authz_core.c(815): [client 2401:e180:8d60:ee32:5069:13db:b3bc:d6:58399] AH01626: authorization result of : granted, referer: https://www.ltjh.ilc.edu.tw/?page_id=64
[Sat Aug 22 00:49:00.690818 2026] [authz_core:debug] [pid 618039:tid 618039] mod_authz_core.c(815): [client 2401:e180:8d60:ee32:5069:13db:b3bc:d6:58394] AH01626: authorization result of Require all granted: granted, referer: https://www.ltjh.ilc.edu.tw/?page_id=64
[Sat Aug 22 00:49:00.690822 2026] [authz_core:debug] [pid 618039:tid 618039] mod_authz_core.c(815): [client 2401:e180:8d60:ee32:5069:13db:b3bc:d6:58394] AH01626: authorization result of : granted, referer: https://www.ltjh.ilc.edu.tw/?page_id=64
[Sat Aug 22 00:49:00.691309 2026] [authz_core:debug] [pid 618131:tid 618131] mod_authz_core.c(815): [client 2401:e180:8d60:ee32:5069:13db:b3bc:d6:58399] AH01626: authorization result of Require all granted: granted, referer: https://www.ltjh.ilc.edu.tw/?page_id=64
[Sat Aug 22 00:49:00.691316 2026] [authz_core:debug] [pid 618131:tid 618131] mod_authz_core.c(815): [client 2401:e180:8d60:ee32:5069:13db:b3bc:d6:58399] AH01626: authorization result of : granted, referer: https://www.ltjh.ilc.edu.tw/?page_id=64
[Sat Aug 22 00:49:00.692186 2026] [deflate:debug] [pid 618039:tid 618039] mod_deflate.c(909): [client 2401:e180:8d60:ee32:5069:13db:b3bc:d6:58394] AH01384: Zlib: Compressed 55156 to 11830 : URL /wp-content/themes/toujours/js/jquery.flexslider.js, referer: https://www.ltjh.ilc.edu.tw/?page_id=64
[Sat Aug 22 00:49:00.694954 2026] [ssl:debug] [pid 618012:tid 618012] ssl_engine_kernel.c(254): [client 2401:e180:8d60:ee32:5069:13db:b3bc:d6:58393] AH02034: Subsequent (No.3) HTTPS request received for child 7 (server www.ltjh.ilc.edu.tw:443), referer: https://www.ltjh.ilc.edu.tw/?page_id=64
[Sat Aug 22 00:49:00.695109 2026] [authz_core:debug] [pid 618012:tid 618012] mod_authz_core.c(815): [client 2401:e180:8d60:ee32:5069:13db:b3bc:d6:58393] AH01626: authorization result of Require all granted: granted, referer: https://www.ltjh.ilc.edu.tw/?page_id=64
[Sat Aug 22 00:49:00.695115 2026] [authz_core:debug] [pid 618012:tid 618012] mod_authz_core.c(815): [client 2401:e180:8d60:ee32:5069:13db:b3bc:d6:58393] AH01626: authorization result of : granted, referer: https://www.ltjh.ilc.edu.tw/?page_id=64
[Sat Aug 22 00:49:00.695351 2026] [deflate:debug] [pid 618012:tid 618012] mod_deflate.c(909): [client 2401:e180:8d60:ee32:5069:13db:b3bc:d6:58393] AH01384: Zlib: Compressed 5520 to 1785 : URL /wp-includes/js/imagesloaded.min.js, referer: https://www.ltjh.ilc.edu.tw/?page_id=64
[Sat Aug 22 00:49:00.703067 2026] [ssl:debug] [pid 618241:tid 618241] ssl_engine_kernel.c(254): [client 2401:e180:8d60:ee32:5069:13db:b3bc:d6:58390] AH02034: Subsequent (No.7) HTTPS request received for child 17 (server www.ltjh.ilc.edu.tw:443), referer: https://www.ltjh.ilc.edu.tw/?page_id=64
[Sat Aug 22 00:49:00.703082 2026] [ssl:debug] [pid 618249:tid 618249] ssl_engine_kernel.c(254): [client 2401:e180:8d60:ee32:5069:13db:b3bc:d6:58391] AH02034: Subsequent (No.4) HTTPS request received for child 24 (server www.ltjh.ilc.edu.tw:443), referer: https://www.ltjh.ilc.edu.tw/?page_id=64
[Sat Aug 22 00:49:00.703199 2026] [authz_core:debug] [pid 618241:tid 618241] mod_authz_core.c(815): [client 2401:e180:8d60:ee32:5069:13db:b3bc:d6:58390] AH01626: authorization result of Require all granted: granted, referer: https://www.ltjh.ilc.edu.tw/?page_id=64
[Sat Aug 22 00:49:00.703209 2026] [authz_core:debug] [pid 618241:tid 618241] mod_authz_core.c(815): [client 2401:e180:8d60:ee32:5069:13db:b3bc:d6:58390] AH01626: authorization result of : granted, referer: https://www.ltjh.ilc.edu.tw/?page_id=64
[Sat Aug 22 00:49:00.703221 2026] [authz_core:debug] [pid 618249:tid 618249] mod_authz_core.c(815): [client 2401:e180:8d60:ee32:5069:13db:b3bc:d6:58391] AH01626: authorization result of Require all granted: granted, referer: https://www.ltjh.ilc.edu.tw/?page_id=64
[Sat Aug 22 00:49:00.703227 2026] [authz_core:debug] [pid 618249:tid 618249] mod_authz_core.c(815): [client 2401:e180:8d60:ee32:5069:13db:b3bc:d6:58391] AH01626: authorization result of : granted, referer: https://www.ltjh.ilc.edu.tw/?page_id=64
[Sat Aug 22 00:49:00.703259 2026] [ssl:debug] [pid 618160:tid 618160] ssl_engine_kernel.c(254): [client 2401:e180:8d60:ee32:5069:13db:b3bc:d6:58395] AH02034: Subsequent (No.4) HTTPS request received for child 3 (server www.ltjh.ilc.edu.tw:443), referer: https://www.ltjh.ilc.edu.tw/?page_id=64
[Sat Aug 22 00:49:00.703389 2026] [authz_core:debug] [pid 618160:tid 618160] mod_authz_core.c(815): [client 2401:e180:8d60:ee32:5069:13db:b3bc:d6:58395] AH01626: authorization result of Require all granted: granted, referer: https://www.ltjh.ilc.edu.tw/?page_id=64
[Sat Aug 22 00:49:00.703391 2026] [deflate:debug] [pid 618249:tid 618249] mod_deflate.c(909): [client 2401:e180:8d60:ee32:5069:13db:b3bc:d6:58391] AH01384: Zlib: Compressed 2279 to 851 : URL /wp-content/themes/toujours/js/navigation.js, referer: https://www.ltjh.ilc.edu.tw/?page_id=64
[Sat Aug 22 00:49:00.703393 2026] [authz_core:debug] [pid 618160:tid 618160] mod_authz_core.c(815): [client 2401:e180:8d60:ee32:5069:13db:b3bc:d6:58395] AH01626: authorization result of : granted, referer: https://www.ltjh.ilc.edu.tw/?page_id=64
[Sat Aug 22 00:49:00.703527 2026] [deflate:debug] [pid 618160:tid 618160] mod_deflate.c(909): [client 2401:e180:8d60:ee32:5069:13db:b3bc:d6:58395] AH01384: Zlib: Compressed 877 to 447 : URL /wp-content/themes/toujours/js/skip-link-focus-fix.js, referer: https://www.ltjh.ilc.edu.tw/?page_id=64
[Sat Aug 22 00:49:00.703937 2026] [deflate:debug] [pid 618241:tid 618241] mod_deflate.c(909): [client 2401:e180:8d60:ee32:5069:13db:b3bc:d6:58390] AH01384: Zlib: Compressed 24138 to 7364 : URL /wp-includes/js/masonry.min.js, referer: https://www.ltjh.ilc.edu.tw/?page_id=64
[Sat Aug 22 00:49:00.725200 2026] [ssl:debug] [pid 618012:tid 618012] ssl_engine_kernel.c(254): [client 2401:e180:8d60:ee32:5069:13db:b3bc:d6:58393] AH02034: Subsequent (No.4) HTTPS request received for child 7 (server www.ltjh.ilc.edu.tw:443), referer: https://www.ltjh.ilc.edu.tw/?page_id=64
[Sat Aug 22 00:49:00.725222 2026] [ssl:debug] [pid 618039:tid 618039] ssl_engine_kernel.c(254): [client 2401:e180:8d60:ee32:5069:13db:b3bc:d6:58394] AH02034: Subsequent (No.4) HTTPS request received for child 44 (server www.ltjh.ilc.edu.tw:443), referer: https://www.ltjh.ilc.edu.tw/?page_id=64
[Sat Aug 22 00:49:00.725384 2026] [authz_core:debug] [pid 618039:tid 618039] mod_authz_core.c(815): [client 2401:e180:8d60:ee32:5069:13db:b3bc:d6:58394] AH01626: authorization result of Require all granted: granted, referer: https://www.ltjh.ilc.edu.tw/?page_id=64
[Sat Aug 22 00:49:00.725388 2026] [authz_core:debug] [pid 618012:tid 618012] mod_authz_core.c(815): [client 2401:e180:8d60:ee32:5069:13db:b3bc:d6:58393] AH01626: authorization result of Require all granted: granted, referer: https://www.ltjh.ilc.edu.tw/?page_id=64
[Sat Aug 22 00:49:00.725389 2026] [authz_core:debug] [pid 618039:tid 618039] mod_authz_core.c(815): [client 2401:e180:8d60:ee32:5069:13db:b3bc:d6:58394] AH01626: authorization result of : granted, referer: https://www.ltjh.ilc.edu.tw/?page_id=64
[Sat Aug 22 00:49:00.725393 2026] [authz_core:debug] [pid 618012:tid 618012] mod_authz_core.c(815): [client 2401:e180:8d60:ee32:5069:13db:b3bc:d6:58393] AH01626: authorization result of : granted, referer: https://www.ltjh.ilc.edu.tw/?page_id=64
[Sat Aug 22 00:49:00.725632 2026] [deflate:debug] [pid 618039:tid 618039] mod_deflate.c(909): [client 2401:e180:8d60:ee32:5069:13db:b3bc:d6:58394] AH01384: Zlib: Compressed 3272 to 1273 : URL /wp-content/themes/toujours/js/global.js, referer: https://www.ltjh.ilc.edu.tw/?page_id=64
[Sat Aug 22 00:49:00.725658 2026] [deflate:debug] [pid 618012:tid 618012] mod_deflate.c(909): [client 2401:e180:8d60:ee32:5069:13db:b3bc:d6:58393] AH01384: Zlib: Compressed 5881 to 2664 : URL /wp-content/plugins/elementor-pro/assets/js/webpack-pro.runtime.min.js, referer: https://www.ltjh.ilc.edu.tw/?page_id=64
[Sat Aug 22 00:49:00.730043 2026] [ssl:debug] [pid 618242:tid 618242] ssl_engine_kernel.c(254): [client 2401:e180:8d60:ee32:5069:13db:b3bc:d6:58392] AH02034: Subsequent (No.3) HTTPS request received for child 18 (server www.ltjh.ilc.edu.tw:443), referer: https://www.ltjh.ilc.edu.tw/?page_id=64
[Sat Aug 22 00:49:00.730210 2026] [authz_core:debug] [pid 618242:tid 618242] mod_authz_core.c(815): [client 2401:e180:8d60:ee32:5069:13db:b3bc:d6:58392] AH01626: authorization result of Require all granted: granted, referer: https://www.ltjh.ilc.edu.tw/?page_id=64
[Sat Aug 22 00:49:00.730215 2026] [authz_core:debug] [pid 618242:tid 618242] mod_authz_core.c(815): [client 2401:e180:8d60:ee32:5069:13db:b3bc:d6:58392] AH01626: authorization result of : granted, referer: https://www.ltjh.ilc.edu.tw/?page_id=64
[Sat Aug 22 00:49:00.730484 2026] [deflate:debug] [pid 618242:tid 618242] mod_deflate.c(909): [client 2401:e180:8d60:ee32:5069:13db:b3bc:d6:58392] AH01384: Zlib: Compressed 4997 to 2197 : URL /wp-content/plugins/elementor/assets/js/webpack.runtime.min.js, referer: https://www.ltjh.ilc.edu.tw/?page_id=64
[Sat Aug 22 00:49:00.735594 2026] [ssl:debug] [pid 618160:tid 618160] ssl_engine_kernel.c(254): [client 2401:e180:8d60:ee32:5069:13db:b3bc:d6:58395] AH02034: Subsequent (No.5) HTTPS request received for child 3 (server www.ltjh.ilc.edu.tw:443), referer: https://www.ltjh.ilc.edu.tw/?page_id=64
[Sat Aug 22 00:49:00.735594 2026] [ssl:debug] [pid 618241:tid 618241] ssl_engine_kernel.c(254): [client 2401:e180:8d60:ee32:5069:13db:b3bc:d6:58390] AH02034: Subsequent (No.8) HTTPS request received for child 17 (server www.ltjh.ilc.edu.tw:443), referer: https://www.ltjh.ilc.edu.tw/?page_id=64
[Sat Aug 22 00:49:00.735594 2026] [ssl:debug] [pid 618249:tid 618249] ssl_engine_kernel.c(254): [client 2401:e180:8d60:ee32:5069:13db:b3bc:d6:58391] AH02034: Subsequent (No.5) HTTPS request received for child 24 (server www.ltjh.ilc.edu.tw:443), referer: https://www.ltjh.ilc.edu.tw/?page_id=64
[Sat Aug 22 00:49:00.735742 2026] [authz_core:debug] [pid 618160:tid 618160] mod_authz_core.c(815): [client 2401:e180:8d60:ee32:5069:13db:b3bc:d6:58395] AH01626: authorization result of Require all granted: granted, referer: https://www.ltjh.ilc.edu.tw/?page_id=64
[Sat Aug 22 00:49:00.735747 2026] [authz_core:debug] [pid 618160:tid 618160] mod_authz_core.c(815): [client 2401:e180:8d60:ee32:5069:13db:b3bc:d6:58395] AH01626: authorization result of : granted, referer: https://www.ltjh.ilc.edu.tw/?page_id=64
[Sat Aug 22 00:49:00.735761 2026] [authz_core:debug] [pid 618249:tid 618249] mod_authz_core.c(815): [client 2401:e180:8d60:ee32:5069:13db:b3bc:d6:58391] AH01626: authorization result of Require all granted: granted, referer: https://www.ltjh.ilc.edu.tw/?page_id=64
[Sat Aug 22 00:49:00.735766 2026] [authz_core:debug] [pid 618249:tid 618249] mod_authz_core.c(815): [client 2401:e180:8d60:ee32:5069:13db:b3bc:d6:58391] AH01626: authorization result of : granted, referer: https://www.ltjh.ilc.edu.tw/?page_id=64
[Sat Aug 22 00:49:00.735775 2026] [authz_core:debug] [pid 618241:tid 618241] mod_authz_core.c(815): [client 2401:e180:8d60:ee32:5069:13db:b3bc:d6:58390] AH01626: authorization result of Require all granted: granted, referer: https://www.ltjh.ilc.edu.tw/?page_id=64
[Sat Aug 22 00:49:00.735781 2026] [authz_core:debug] [pid 618241:tid 618241] mod_authz_core.c(815): [client 2401:e180:8d60:ee32:5069:13db:b3bc:d6:58390] AH01626: authorization result of : granted, referer: https://www.ltjh.ilc.edu.tw/?page_id=64
[Sat Aug 22 00:49:00.735953 2026] [deflate:debug] [pid 618160:tid 618160] mod_deflate.c(909): [client 2401:e180:8d60:ee32:5069:13db:b3bc:d6:58395] AH01384: Zlib: Compressed 4307 to 1523 : URL /wp-includes/js/dist/hooks.min.js, referer: https://www.ltjh.ilc.edu.tw/?page_id=64
[Sat Aug 22 00:49:00.736131 2026] [deflate:debug] [pid 618241:tid 618241] mod_deflate.c(909): [client 2401:e180:8d60:ee32:5069:13db:b3bc:d6:58390] AH01384: Zlib: Compressed 9141 to 3649 : URL /wp-includes/js/dist/i18n.min.js, referer: https://www.ltjh.ilc.edu.tw/?page_id=64
[Sat Aug 22 00:49:00.737992 2026] [deflate:debug] [pid 618249:tid 618249] mod_deflate.c(909): [client 2401:e180:8d60:ee32:5069:13db:b3bc:d6:58391] AH01384: Zlib: Compressed 67411 to 18429 : URL /wp-content/plugins/elementor/assets/js/frontend-modules.min.js, referer: https://www.ltjh.ilc.edu.tw/?page_id=64
[Sat Aug 22 00:49:00.755694 2026] [ssl:debug] [pid 618012:tid 618012] ssl_engine_kernel.c(254): [client 2401:e180:8d60:ee32:5069:13db:b3bc:d6:58393] AH02034: Subsequent (No.5) HTTPS request received for child 7 (server www.ltjh.ilc.edu.tw:443), referer: https://www.ltjh.ilc.edu.tw/?page_id=64
[Sat Aug 22 00:49:00.755876 2026] [authz_core:debug] [pid 618012:tid 618012] mod_authz_core.c(815): [client 2401:e180:8d60:ee32:5069:13db:b3bc:d6:58393] AH01626: authorization result of Require all granted: granted, referer: https://www.ltjh.ilc.edu.tw/?page_id=64
[Sat Aug 22 00:49:00.755881 2026] [authz_core:debug] [pid 618012:tid 618012] mod_authz_core.c(815): [client 2401:e180:8d60:ee32:5069:13db:b3bc:d6:58393] AH01626: authorization result of : granted, referer: https://www.ltjh.ilc.edu.tw/?page_id=64
[Sat Aug 22 00:49:00.756545 2026] [deflate:debug] [pid 618012:tid 618012] mod_deflate.c(909): [client 2401:e180:8d60:ee32:5069:13db:b3bc:d6:58393] AH01384: Zlib: Compressed 25050 to 6676 : URL /wp-content/plugins/elementor-pro/assets/js/frontend.min.js, referer: https://www.ltjh.ilc.edu.tw/?page_id=64
[Sat Aug 22 00:49:00.758032 2026] [ssl:debug] [pid 618039:tid 618039] ssl_engine_kernel.c(254): [client 2401:e180:8d60:ee32:5069:13db:b3bc:d6:58394] AH02034: Subsequent (No.5) HTTPS request received for child 44 (server www.ltjh.ilc.edu.tw:443), referer: https://www.ltjh.ilc.edu.tw/?page_id=64
[Sat Aug 22 00:49:00.758184 2026] [authz_core:debug] [pid 618039:tid 618039] mod_authz_core.c(815): [client 2401:e180:8d60:ee32:5069:13db:b3bc:d6:58394] AH01626: authorization result of Require all granted: granted, referer: https://www.ltjh.ilc.edu.tw/?page_id=64
[Sat Aug 22 00:49:00.758188 2026] [authz_core:debug] [pid 618039:tid 618039] mod_authz_core.c(815): [client 2401:e180:8d60:ee32:5069:13db:b3bc:d6:58394] AH01626: authorization result of : granted, referer: https://www.ltjh.ilc.edu.tw/?page_id=64
[Sat Aug 22 00:49:00.758535 2026] [deflate:debug] [pid 618039:tid 618039] mod_deflate.c(909): [client 2401:e180:8d60:ee32:5069:13db:b3bc:d6:58394] AH01384: Zlib: Compressed 12198 to 2975 : URL /wp-content/plugins/elementor/assets/lib/waypoints/waypoints.min.js, referer: https://www.ltjh.ilc.edu.tw/?page_id=64
[Sat Aug 22 00:49:00.760059 2026] [ssl:debug] [pid 618160:tid 618160] ssl_engine_kernel.c(254): [client 2401:e180:8d60:ee32:5069:13db:b3bc:d6:58395] AH02034: Subsequent (No.6) HTTPS request received for child 3 (server www.ltjh.ilc.edu.tw:443), referer: https://www.ltjh.ilc.edu.tw/?page_id=64
[Sat Aug 22 00:49:00.760074 2026] [ssl:debug] [pid 618242:tid 618242] ssl_engine_kernel.c(254): [client 2401:e180:8d60:ee32:5069:13db:b3bc:d6:58392] AH02034: Subsequent (No.4) HTTPS request received for child 18 (server www.ltjh.ilc.edu.tw:443), referer: https://www.ltjh.ilc.edu.tw/?page_id=64
[Sat Aug 22 00:49:00.760194 2026] [authz_core:debug] [pid 618160:tid 618160] mod_authz_core.c(815): [client 2401:e180:8d60:ee32:5069:13db:b3bc:d6:58395] AH01626: authorization result of Require all granted: granted, referer: https://www.ltjh.ilc.edu.tw/?page_id=64
[Sat Aug 22 00:49:00.760205 2026] [authz_core:debug] [pid 618160:tid 618160] mod_authz_core.c(815): [client 2401:e180:8d60:ee32:5069:13db:b3bc:d6:58395] AH01626: authorization result of : granted, referer: https://www.ltjh.ilc.edu.tw/?page_id=64
[Sat Aug 22 00:49:00.760218 2026] [authz_core:debug] [pid 618242:tid 618242] mod_authz_core.c(815): [client 2401:e180:8d60:ee32:5069:13db:b3bc:d6:58392] AH01626: authorization result of Require all granted: granted, referer: https://www.ltjh.ilc.edu.tw/?page_id=64
[Sat Aug 22 00:49:00.760223 2026] [authz_core:debug] [pid 618242:tid 618242] mod_authz_core.c(815): [client 2401:e180:8d60:ee32:5069:13db:b3bc:d6:58392] AH01626: authorization result of : granted, referer: https://www.ltjh.ilc.edu.tw/?page_id=64
[Sat Aug 22 00:49:00.760810 2026] [deflate:debug] [pid 618242:tid 618242] mod_deflate.c(909): [client 2401:e180:8d60:ee32:5069:13db:b3bc:d6:58392] AH01384: Zlib: Compressed 21464 to 7088 : URL /wp-includes/js/jquery/ui/core.min.js, referer: https://www.ltjh.ilc.edu.tw/?page_id=64
[Sat Aug 22 00:49:00.761396 2026] [deflate:debug] [pid 618160:tid 618160] mod_deflate.c(909): [client 2401:e180:8d60:ee32:5069:13db:b3bc:d6:58395] AH01384: Zlib: Compressed 40254 to 12204 : URL /wp-content/plugins/elementor/assets/js/frontend.min.js, referer: https://www.ltjh.ilc.edu.tw/?page_id=64
[Sat Aug 22 00:49:00.770065 2026] [ssl:debug] [pid 618241:tid 618241] ssl_engine_kernel.c(254): [client 2401:e180:8d60:ee32:5069:13db:b3bc:d6:58390] AH02034: Subsequent (No.9) HTTPS request received for child 17 (server www.ltjh.ilc.edu.tw:443), referer: https://www.ltjh.ilc.edu.tw/?page_id=64
[Sat Aug 22 00:49:00.770218 2026] [authz_core:debug] [pid 618241:tid 618241] mod_authz_core.c(815): [client 2401:e180:8d60:ee32:5069:13db:b3bc:d6:58390] AH01626: authorization result of Require all granted: granted, referer: https://www.ltjh.ilc.edu.tw/?page_id=64
[Sat Aug 22 00:49:00.770222 2026] [authz_core:debug] [pid 618241:tid 618241] mod_authz_core.c(815): [client 2401:e180:8d60:ee32:5069:13db:b3bc:d6:58390] AH01626: authorization result of : granted, referer: https://www.ltjh.ilc.edu.tw/?page_id=64
[Sat Aug 22 00:49:00.771179 2026] [deflate:debug] [pid 618241:tid 618241] mod_deflate.c(909): [client 2401:e180:8d60:ee32:5069:13db:b3bc:d6:58390] AH01384: Zlib: Compressed 41573 to 9918 : URL /wp-content/plugins/elementor-pro/assets/js/elements-handlers.min.js, referer: https://www.ltjh.ilc.edu.tw/?page_id=64
[Sat Aug 22 00:49:00.786166 2026] [ssl:debug] [pid 618252:tid 618252] ssl_engine_io.c(1150): [client 17.22.253.227:45186] AH02001: Connection closed to child 27 with standard shutdown (server 2blog.ilc.edu.tw:443)
[Sat Aug 22 00:49:00.787947 2026] [ssl:debug] [pid 618012:tid 618012] ssl_engine_kernel.c(254): [client 2401:e180:8d60:ee32:5069:13db:b3bc:d6:58393] AH02034: Subsequent (No.6) HTTPS request received for child 7 (server www.ltjh.ilc.edu.tw:443), referer: https://www.ltjh.ilc.edu.tw/?page_id=64
[Sat Aug 22 00:49:00.788118 2026] [authz_core:debug] [pid 618012:tid 618012] mod_authz_core.c(815): [client 2401:e180:8d60:ee32:5069:13db:b3bc:d6:58393] AH01626: authorization result of Require all granted: granted, referer: https://www.ltjh.ilc.edu.tw/?page_id=64
[Sat Aug 22 00:49:00.788123 2026] [authz_core:debug] [pid 618012:tid 618012] mod_authz_core.c(815): [client 2401:e180:8d60:ee32:5069:13db:b3bc:d6:58393] AH01626: authorization result of : granted, referer: https://www.ltjh.ilc.edu.tw/?page_id=64
[Sat Aug 22 00:49:00.795541 2026] [ssl:debug] [pid 618039:tid 618039] ssl_engine_kernel.c(254): [client 2401:e180:8d60:ee32:5069:13db:b3bc:d6:58394] AH02034: Subsequent (No.6) HTTPS request received for child 44 (server www.ltjh.ilc.edu.tw:443), referer: https://www.ltjh.ilc.edu.tw/?page_id=64
[Sat Aug 22 00:49:00.795542 2026] [ssl:debug] [pid 618249:tid 618249] ssl_engine_kernel.c(254): [client 2401:e180:8d60:ee32:5069:13db:b3bc:d6:58391] AH02034: Subsequent (No.6) HTTPS request received for child 24 (server www.ltjh.ilc.edu.tw:443), referer: https://www.ltjh.ilc.edu.tw/?page_id=64
[Sat Aug 22 00:49:00.795701 2026] [authz_core:debug] [pid 618039:tid 618039] mod_authz_core.c(815): [client 2401:e180:8d60:ee32:5069:13db:b3bc:d6:58394] AH01626: authorization result of Require all granted: granted, referer: https://www.ltjh.ilc.edu.tw/?page_id=64
[Sat Aug 22 00:49:00.795706 2026] [authz_core:debug] [pid 618039:tid 618039] mod_authz_core.c(815): [client 2401:e180:8d60:ee32:5069:13db:b3bc:d6:58394] AH01626: authorization result of : granted, referer: https://www.ltjh.ilc.edu.tw/?page_id=64
[Sat Aug 22 00:49:00.800018 2026] [authz_core:debug] [pid 618249:tid 618249] mod_authz_core.c(815): [client 2401:e180:8d60:ee32:5069:13db:b3bc:d6:58391] AH01626: authorization result of Require all granted: granted, referer: https://www.ltjh.ilc.edu.tw/?page_id=64
[Sat Aug 22 00:49:00.800030 2026] [authz_core:debug] [pid 618249:tid 618249] mod_authz_core.c(815): [client 2401:e180:8d60:ee32:5069:13db:b3bc:d6:58391] AH01626: authorization result of : granted, referer: https://www.ltjh.ilc.edu.tw/?page_id=64
[Sat Aug 22 00:49:00.825073 2026] [ssl:debug] [pid 618241:tid 618241] ssl_engine_kernel.c(254): [client 2401:e180:8d60:ee32:5069:13db:b3bc:d6:58390] AH02034: Subsequent (No.10) HTTPS request received for child 17 (server www.ltjh.ilc.edu.tw:443), referer: https://www.ltjh.ilc.edu.tw/?page_id=64
[Sat Aug 22 00:49:00.825262 2026] [authz_core:debug] [pid 618241:tid 618241] mod_authz_core.c(815): [client 2401:e180:8d60:ee32:5069:13db:b3bc:d6:58390] AH01626: authorization result of Require all granted: granted, referer: https://www.ltjh.ilc.edu.tw/?page_id=64
[Sat Aug 22 00:49:00.825266 2026] [authz_core:debug] [pid 618241:tid 618241] mod_authz_core.c(815): [client 2401:e180:8d60:ee32:5069:13db:b3bc:d6:58390] AH01626: authorization result of : granted, referer: https://www.ltjh.ilc.edu.tw/?page_id=64
[Sat Aug 22 00:49:00.825445 2026] [deflate:debug] [pid 618241:tid 618241] mod_deflate.c(909): [client 2401:e180:8d60:ee32:5069:13db:b3bc:d6:58390] AH01384: Zlib: Compressed 1360 to 648 : URL /wp-content/plugins/elementor/assets/js/text-editor.2c35aafbe5bf0e127950.bundle.min.js, referer: https://www.ltjh.ilc.edu.tw/?page_id=64
[Sat Aug 22 00:49:00.860018 2026] [ssl:debug] [pid 618241:tid 618241] ssl_engine_kernel.c(254): [client 2401:e180:8d60:ee32:5069:13db:b3bc:d6:58390] AH02034: Subsequent (No.11) HTTPS request received for child 17 (server www.ltjh.ilc.edu.tw:443), referer: https://www.ltjh.ilc.edu.tw/?page_id=64
[Sat Aug 22 00:49:00.860696 2026] [authz_core:debug] [pid 618241:tid 618241] mod_authz_core.c(815): [client 2401:e180:8d60:ee32:5069:13db:b3bc:d6:58390] AH01626: authorization result of Require all granted: granted, referer: https://www.ltjh.ilc.edu.tw/?page_id=64
[Sat Aug 22 00:49:00.860703 2026] [authz_core:debug] [pid 618241:tid 618241] mod_authz_core.c(815): [client 2401:e180:8d60:ee32:5069:13db:b3bc:d6:58390] AH01626: authorization result of : granted, referer: https://www.ltjh.ilc.edu.tw/?page_id=64
[Sat Aug 22 00:49:00.893130 2026] [ssl:debug] [pid 618249:tid 618249] ssl_engine_kernel.c(254): [client 2401:e180:8d60:ee32:5069:13db:b3bc:d6:58391] AH02034: Subsequent (No.7) HTTPS request received for child 24 (server www.ltjh.ilc.edu.tw:443), referer: https://www.ltjh.ilc.edu.tw/?page_id=64
[Sat Aug 22 00:49:00.893800 2026] [authz_core:debug] [pid 618249:tid 618249] mod_authz_core.c(815): [client 2401:e180:8d60:ee32:5069:13db:b3bc:d6:58391] AH01626: authorization result of Require all granted: granted, referer: https://www.ltjh.ilc.edu.tw/?page_id=64
[Sat Aug 22 00:49:00.893811 2026] [authz_core:debug] [pid 618249:tid 618249] mod_authz_core.c(815): [client 2401:e180:8d60:ee32:5069:13db:b3bc:d6:58391] AH01626: authorization result of : granted, referer: https://www.ltjh.ilc.edu.tw/?page_id=64
[Sat Aug 22 00:49:00.930100 2026] [ssl:info] [pid 618235:tid 618235] (70014)End of file found: [client 66.249.79.138:54328] AH01992: SSL library error 6 reading data
[Sat Aug 22 00:49:00.930184 2026] [ssl:debug] [pid 618235:tid 618235] ssl_engine_io.c(1150): [client 66.249.79.138:54328] AH02001: Connection closed to child 14 with standard shutdown (server www.jwes.ilc.edu.tw:443)
[Sat Aug 22 00:49:00.930298 2026] [ssl:info] [pid 618235:tid 618235] [client 2400:e920:0:2:f45d:ddff:fe00:7a:62932] AH01964: Connection to child 14 established (server 2blog.ilc.edu.tw:443)
[Sat Aug 22 00:49:00.930413 2026] [ssl:debug] [pid 618235:tid 618235] ssl_engine_kernel.c(2222): [client 2400:e920:0:2:f45d:ddff:fe00:7a:62932] AH02043: SSL virtual host for servername ilta.ilc.edu.tw found
[Sat Aug 22 00:49:00.930462 2026] [core:debug] [pid 618235:tid 618235] protocol.c(2460): [client 2400:e920:0:2:f45d:ddff:fe00:7a:62932] AH03155: select protocol from , choices=http/1.1 for server ilta.ilc.edu.tw
[Sat Aug 22 00:49:01.041401 2026] [ssl:debug] [pid 618235:tid 618235] ssl_engine_kernel.c(2082): [client 2400:e920:0:2:f45d:ddff:fe00:7a:62932] AH02041: Protocol: TLSv1.3, Cipher: TLS_AES_256_GCM_SHA384 (256/256 bits)
[Sat Aug 22 00:49:01.041473 2026] [socache_shmcb:debug] [pid 618235:tid 618235] mod_socache_shmcb.c(508): AH00831: socache_shmcb_store (0x3b -> subcache 27)
[Sat Aug 22 00:49:01.041478 2026] [socache_shmcb:debug] [pid 618235:tid 618235] mod_socache_shmcb.c(745): AH00842: expiring 1 and reclaiming 0 removed socache entries
[Sat Aug 22 00:49:01.041480 2026] [socache_shmcb:debug] [pid 618235:tid 618235] mod_socache_shmcb.c(765): AH00843: we now have 43 socache entries
[Sat Aug 22 00:49:01.041482 2026] [socache_shmcb:debug] [pid 618235:tid 618235] mod_socache_shmcb.c(860): AH00847: insert happened at idx=46, data=(13373:13405)
[Sat Aug 22 00:49:01.041484 2026] [socache_shmcb:debug] [pid 618235:tid 618235] mod_socache_shmcb.c(863): AH00848: finished insert, subcache: idx_pos/idx_used=3/44, data_pos/data_used=3835/9763
[Sat Aug 22 00:49:01.041486 2026] [socache_shmcb:debug] [pid 618235:tid 618235] mod_socache_shmcb.c(530): AH00834: leaving socache_shmcb_store successfully
[Sat Aug 22 00:49:01.041530 2026] [socache_shmcb:debug] [pid 618235:tid 618235] mod_socache_shmcb.c(508): AH00831: socache_shmcb_store (0xaa -> subcache 10)
[Sat Aug 22 00:49:01.041544 2026] [socache_shmcb:debug] [pid 618235:tid 618235] mod_socache_shmcb.c(860): AH00847: insert happened at idx=1, data=(8980:9012)
[Sat Aug 22 00:49:01.041545 2026] [socache_shmcb:debug] [pid 618235:tid 618235] mod_socache_shmcb.c(863): AH00848: finished insert, subcache: idx_pos/idx_used=39/51, data_pos/data_used=11658/11411
[Sat Aug 22 00:49:01.041547 2026] [socache_shmcb:debug] [pid 618235:tid 618235] mod_socache_shmcb.c(530): AH00834: leaving socache_shmcb_store successfully
[Sat Aug 22 00:49:01.041656 2026] [ssl:debug] [pid 618235:tid 618235] ssl_engine_kernel.c(254): [client 2400:e920:0:2:f45d:ddff:fe00:7a:62932] AH02034: Initial (No.1) HTTPS request received for child 14 (server ilta.ilc.edu.tw:443), referer: http://ilta.ilc.edu.tw
[Sat Aug 22 00:49:01.041822 2026] [authz_core:debug] [pid 618235:tid 618235] mod_authz_core.c(815): [client 2400:e920:0:2:f45d:ddff:fe00:7a:62932] AH01626: authorization result of Require all granted: granted, referer: http://ilta.ilc.edu.tw
[Sat Aug 22 00:49:01.041826 2026] [authz_core:debug] [pid 618235:tid 618235] mod_authz_core.c(815): [client 2400:e920:0:2:f45d:ddff:fe00:7a:62932] AH01626: authorization result of : granted, referer: http://ilta.ilc.edu.tw
[Sat Aug 22 00:49:01.129677 2026] [deflate:debug] [pid 618235:tid 618235] mod_deflate.c(909): [client 2400:e920:0:2:f45d:ddff:fe00:7a:62932] AH01384: Zlib: Compressed 13605 to 5006 : URL /wp-login.php, referer: http://ilta.ilc.edu.tw
[Sat Aug 22 00:49:01.321128 2026] [watchdog:debug] [pid 618262:tid 618262] mod_watchdog.c(559): AH02980: Watchdog: nothing configured?
[Sat Aug 22 00:49:01.348039 2026] [authz_core:debug] [pid 618252:tid 618252] mod_authz_core.c(815): [client 2400:e920:0:2:f45d:ddff:fe00:7a:62964] AH01626: authorization result of Require all granted: granted, referer: http://ilta.ilc.edu.tw
[Sat Aug 22 00:49:01.348066 2026] [authz_core:debug] [pid 618252:tid 618252] mod_authz_core.c(815): [client 2400:e920:0:2:f45d:ddff:fe00:7a:62964] AH01626: authorization result of : granted, referer: http://ilta.ilc.edu.tw
[Sat Aug 22 00:49:01.661291 2026] [ssl:info] [pid 618262:tid 618262] [client 2400:e920:0:2:f45d:ddff:fe00:7a:62987] AH01964: Connection to child 0 established (server 2blog.ilc.edu.tw:443)
[Sat Aug 22 00:49:01.661621 2026] [ssl:debug] [pid 618262:tid 618262] ssl_engine_kernel.c(2222): [client 2400:e920:0:2:f45d:ddff:fe00:7a:62987] AH02043: SSL virtual host for servername ilta.ilc.edu.tw found
[Sat Aug 22 00:49:01.661727 2026] [core:debug] [pid 618262:tid 618262] protocol.c(2460): [client 2400:e920:0:2:f45d:ddff:fe00:7a:62987] AH03155: select protocol from , choices=http/1.1 for server ilta.ilc.edu.tw
[Sat Aug 22 00:49:01.766484 2026] [ssl:debug] [pid 618262:tid 618262] ssl_engine_kernel.c(2082): [client 2400:e920:0:2:f45d:ddff:fe00:7a:62987] AH02041: Protocol: TLSv1.3, Cipher: TLS_AES_256_GCM_SHA384 (256/256 bits)
[Sat Aug 22 00:49:01.766561 2026] [socache_shmcb:debug] [pid 618262:tid 618262] mod_socache_shmcb.c(508): AH00831: socache_shmcb_store (0x2b -> subcache 11)
[Sat Aug 22 00:49:01.766574 2026] [socache_shmcb:debug] [pid 618262:tid 618262] mod_socache_shmcb.c(860): AH00847: insert happened at idx=16, data=(12495:12527)
[Sat Aug 22 00:49:01.766576 2026] [socache_shmcb:debug] [pid 618262:tid 618262] mod_socache_shmcb.c(863): AH00848: finished insert, subcache: idx_pos/idx_used=53/52, data_pos/data_used=1080/11640
[Sat Aug 22 00:49:01.766578 2026] [socache_shmcb:debug] [pid 618262:tid 618262] mod_socache_shmcb.c(530): AH00834: leaving socache_shmcb_store successfully
[Sat Aug 22 00:49:01.766643 2026] [socache_shmcb:debug] [pid 618262:tid 618262] mod_socache_shmcb.c(508): AH00831: socache_shmcb_store (0xdf -> subcache 31)
[Sat Aug 22 00:49:01.766652 2026] [socache_shmcb:debug] [pid 618262:tid 618262] mod_socache_shmcb.c(860): AH00847: insert happened at idx=72, data=(5453:5485)
[Sat Aug 22 00:49:01.766654 2026] [socache_shmcb:debug] [pid 618262:tid 618262] mod_socache_shmcb.c(863): AH00848: finished insert, subcache: idx_pos/idx_used=18/55, data_pos/data_used=7273/12269
[Sat Aug 22 00:49:01.766655 2026] [socache_shmcb:debug] [pid 618262:tid 618262] mod_socache_shmcb.c(530): AH00834: leaving socache_shmcb_store successfully
[Sat Aug 22 00:49:01.768987 2026] [ssl:debug] [pid 618262:tid 618262] ssl_engine_kernel.c(254): [client 2400:e920:0:2:f45d:ddff:fe00:7a:62987] AH02034: Initial (No.1) HTTPS request received for child 0 (server ilta.ilc.edu.tw:443), referer: http://ilta.ilc.edu.tw
[Sat Aug 22 00:49:01.769258 2026] [authz_core:debug] [pid 618262:tid 618262] mod_authz_core.c(815): [client 2400:e920:0:2:f45d:ddff:fe00:7a:62987] AH01626: authorization result of Require all granted: granted, referer: http://ilta.ilc.edu.tw
[Sat Aug 22 00:49:01.769264 2026] [authz_core:debug] [pid 618262:tid 618262] mod_authz_core.c(815): [client 2400:e920:0:2:f45d:ddff:fe00:7a:62987] AH01626: authorization result of : granted, referer: http://ilta.ilc.edu.tw
[Sat Aug 22 00:49:01.877811 2026] [deflate:debug] [pid 618262:tid 618262] mod_deflate.c(909): [client 2400:e920:0:2:f45d:ddff:fe00:7a:62987] AH01384: Zlib: Compressed 13605 to 5008 : URL /wp-login.php, referer: http://ilta.ilc.edu.tw
[Sat Aug 22 00:49:01.981597 2026] [ssl:info] [pid 618262:tid 618262] (70014)End of file found: [client 2400:e920:0:2:f45d:ddff:fe00:7a:62987] AH01992: SSL library error 6 reading data
