[Sat Aug 22 00:48:58.681776 2026] [socache_shmcb:debug] [pid 618169:tid 618169] mod_socache_shmcb.c(508): AH00831: socache_shmcb_store (0xdb -> subcache 27)
[Sat Aug 22 00:48:58.681788 2026] [socache_shmcb:debug] [pid 618169:tid 618169] mod_socache_shmcb.c(860): AH00847: insert happened at idx=45, data=(13147:13179)
[Sat Aug 22 00:48:58.681790 2026] [socache_shmcb:debug] [pid 618169:tid 618169] mod_socache_shmcb.c(863): AH00848: finished insert, subcache: idx_pos/idx_used=2/44, data_pos/data_used=3621/9752
[Sat Aug 22 00:48:58.681791 2026] [socache_shmcb:debug] [pid 618169:tid 618169] mod_socache_shmcb.c(530): AH00834: leaving socache_shmcb_store successfully
[Sat Aug 22 00:48:58.681881 2026] [ssl:debug] [pid 618169:tid 618169] ssl_engine_kernel.c(254): [client 216.73.216.122:40517] AH02034: Initial (No.1) HTTPS request received for child 11 (server 2blog.ilc.edu.tw:443)
[Sat Aug 22 00:48:58.682028 2026] [authz_core:debug] [pid 618169:tid 618169] mod_authz_core.c(815): [client 216.73.216.122:40517] AH01626: authorization result of Require all granted: granted
[Sat Aug 22 00:48:58.682032 2026] [authz_core:debug] [pid 618169:tid 618169] mod_authz_core.c(815): [client 216.73.216.122:40517] AH01626: authorization result of : granted
[Sat Aug 22 00:48:58.682134 2026] [authz_core:debug] [pid 618169:tid 618169] mod_authz_core.c(815): [client 216.73.216.122:40517] AH01626: authorization result of Require all granted: granted
[Sat Aug 22 00:48:58.682137 2026] [authz_core:debug] [pid 618169:tid 618169] mod_authz_core.c(815): [client 216.73.216.122:40517] AH01626: authorization result of : granted
[Sat Aug 22 00:48:58.697171 2026] [ssl:debug] [pid 618155:tid 618155] ssl_engine_kernel.c(2082): [client 216.73.216.122:46047] AH02041: Protocol: TLSv1.3, Cipher: TLS_AES_256_GCM_SHA384 (256/256 bits)
[Sat Aug 22 00:48:58.697216 2026] [socache_shmcb:debug] [pid 618155:tid 618155] mod_socache_shmcb.c(508): AH00831: socache_shmcb_store (0x53 -> subcache 19)
[Sat Aug 22 00:48:58.697220 2026] [socache_shmcb:debug] [pid 618155:tid 618155] mod_socache_shmcb.c(745): AH00842: expiring 1 and reclaiming 0 removed socache entries
[Sat Aug 22 00:48:58.697223 2026] [socache_shmcb:debug] [pid 618155:tid 618155] mod_socache_shmcb.c(765): AH00843: we now have 35 socache entries
[Sat Aug 22 00:48:58.697225 2026] [socache_shmcb:debug] [pid 618155:tid 618155] mod_socache_shmcb.c(860): AH00847: insert happened at idx=37, data=(11344:11376)
[Sat Aug 22 00:48:58.697227 2026] [socache_shmcb:debug] [pid 618155:tid 618155] mod_socache_shmcb.c(863): AH00848: finished insert, subcache: idx_pos/idx_used=2/36, data_pos/data_used=3544/8026
[Sat Aug 22 00:48:58.697229 2026] [socache_shmcb:debug] [pid 618155:tid 618155] mod_socache_shmcb.c(530): AH00834: leaving socache_shmcb_store successfully
[Sat Aug 22 00:48:58.697278 2026] [socache_shmcb:debug] [pid 618155:tid 618155] mod_socache_shmcb.c(508): AH00831: socache_shmcb_store (0x2f -> subcache 15)
[Sat Aug 22 00:48:58.697291 2026] [socache_shmcb:debug] [pid 618155:tid 618155] mod_socache_shmcb.c(860): AH00847: insert happened at idx=9, data=(10867:10899)
[Sat Aug 22 00:48:58.697293 2026] [socache_shmcb:debug] [pid 618155:tid 618155] mod_socache_shmcb.c(863): AH00848: finished insert, subcache: idx_pos/idx_used=47/51, data_pos/data_used=13548/11409
[Sat Aug 22 00:48:58.697295 2026] [socache_shmcb:debug] [pid 618155:tid 618155] mod_socache_shmcb.c(530): AH00834: leaving socache_shmcb_store successfully
[Sat Aug 22 00:48:58.697390 2026] [ssl:debug] [pid 618155:tid 618155] ssl_engine_kernel.c(254): [client 216.73.216.122:46047] AH02034: Initial (No.1) HTTPS request received for child 1 (server 2blog.ilc.edu.tw:443)
[Sat Aug 22 00:48:58.697546 2026] [authz_core:debug] [pid 618155:tid 618155] mod_authz_core.c(815): [client 216.73.216.122:46047] AH01626: authorization result of Require all granted: granted
[Sat Aug 22 00:48:58.697550 2026] [authz_core:debug] [pid 618155:tid 618155] mod_authz_core.c(815): [client 216.73.216.122:46047] AH01626: authorization result of : granted
[Sat Aug 22 00:48:58.697653 2026] [authz_core:debug] [pid 618155:tid 618155] mod_authz_core.c(815): [client 216.73.216.122:46047] AH01626: authorization result of Require all granted: granted
[Sat Aug 22 00:48:58.697657 2026] [authz_core:debug] [pid 618155:tid 618155] mod_authz_core.c(815): [client 216.73.216.122:46047] AH01626: authorization result of : granted
[Sat Aug 22 00:48:58.737941 2026] [ssl:debug] [pid 618247:tid 618247] ssl_engine_kernel.c(2082): [client 216.73.216.122:31951] AH02041: Protocol: TLSv1.3, Cipher: TLS_AES_256_GCM_SHA384 (256/256 bits)
[Sat Aug 22 00:48:58.738001 2026] [socache_shmcb:debug] [pid 618247:tid 618247] mod_socache_shmcb.c(508): AH00831: socache_shmcb_store (0xec -> subcache 12)
[Sat Aug 22 00:48:58.738007 2026] [socache_shmcb:debug] [pid 618247:tid 618247] mod_socache_shmcb.c(860): AH00847: insert happened at idx=62, data=(3085:3117)
[Sat Aug 22 00:48:58.738009 2026] [socache_shmcb:debug] [pid 618247:tid 618247] mod_socache_shmcb.c(863): AH00848: finished insert, subcache: idx_pos/idx_used=23/40, data_pos/data_used=8244/8931
[Sat Aug 22 00:48:58.738012 2026] [socache_shmcb:debug] [pid 618247:tid 618247] mod_socache_shmcb.c(530): AH00834: leaving socache_shmcb_store successfully
[Sat Aug 22 00:48:58.738064 2026] [socache_shmcb:debug] [pid 618247:tid 618247] mod_socache_shmcb.c(508): AH00831: socache_shmcb_store (0xba -> subcache 26)
[Sat Aug 22 00:48:58.738079 2026] [socache_shmcb:debug] [pid 618247:tid 618247] mod_socache_shmcb.c(745): AH00842: expiring 1 and reclaiming 0 removed socache entries
[Sat Aug 22 00:48:58.738081 2026] [socache_shmcb:debug] [pid 618247:tid 618247] mod_socache_shmcb.c(765): AH00843: we now have 46 socache entries
[Sat Aug 22 00:48:58.738083 2026] [socache_shmcb:debug] [pid 618247:tid 618247] mod_socache_shmcb.c(860): AH00847: insert happened at idx=68, data=(4217:4249)
[Sat Aug 22 00:48:58.738085 2026] [socache_shmcb:debug] [pid 618247:tid 618247] mod_socache_shmcb.c(863): AH00848: finished insert, subcache: idx_pos/idx_used=22/47, data_pos/data_used=7875/10431
[Sat Aug 22 00:48:58.738087 2026] [socache_shmcb:debug] [pid 618247:tid 618247] mod_socache_shmcb.c(530): AH00834: leaving socache_shmcb_store successfully
[Sat Aug 22 00:48:58.738188 2026] [ssl:debug] [pid 618247:tid 618247] ssl_engine_kernel.c(254): [client 216.73.216.122:31951] AH02034: Initial (No.1) HTTPS request received for child 23 (server 2blog.ilc.edu.tw:443)
[Sat Aug 22 00:48:58.738355 2026] [authz_core:debug] [pid 618247:tid 618247] mod_authz_core.c(815): [client 216.73.216.122:31951] AH01626: authorization result of Require all granted: granted
[Sat Aug 22 00:48:58.738360 2026] [authz_core:debug] [pid 618247:tid 618247] mod_authz_core.c(815): [client 216.73.216.122:31951] AH01626: authorization result of : granted
[Sat Aug 22 00:48:58.738493 2026] [authz_core:debug] [pid 618247:tid 618247] mod_authz_core.c(815): [client 216.73.216.122:31951] AH01626: authorization result of Require all granted: granted
[Sat Aug 22 00:48:58.738507 2026] [authz_core:debug] [pid 618247:tid 618247] mod_authz_core.c(815): [client 216.73.216.122:31951] AH01626: authorization result of : granted
[Sat Aug 22 00:48:58.763239 2026] [deflate:debug] [pid 618066:tid 618066] mod_deflate.c(909): [client 216.73.216.122:61548] AH01384: Zlib: Compressed 50166 to 9656 : URL /index.php
[Sat Aug 22 00:48:58.778725 2026] [ssl:debug] [pid 618141:tid 618141] ssl_engine_kernel.c(2082): [client 216.73.216.122:51223] AH02041: Protocol: TLSv1.3, Cipher: TLS_AES_256_GCM_SHA384 (256/256 bits)
[Sat Aug 22 00:48:58.778770 2026] [socache_shmcb:debug] [pid 618141:tid 618141] mod_socache_shmcb.c(508): AH00831: socache_shmcb_store (0x04 -> subcache 4)
[Sat Aug 22 00:48:58.778777 2026] [socache_shmcb:debug] [pid 618141:tid 618141] mod_socache_shmcb.c(860): AH00847: insert happened at idx=14, data=(11618:11650)
[Sat Aug 22 00:48:58.778779 2026] [socache_shmcb:debug] [pid 618141:tid 618141] mod_socache_shmcb.c(863): AH00848: finished insert, subcache: idx_pos/idx_used=60/43, data_pos/data_used=2244/9600
[Sat Aug 22 00:48:58.778781 2026] [socache_shmcb:debug] [pid 618141:tid 618141] mod_socache_shmcb.c(530): AH00834: leaving socache_shmcb_store successfully
[Sat Aug 22 00:48:58.778838 2026] [socache_shmcb:debug] [pid 618141:tid 618141] mod_socache_shmcb.c(508): AH00831: socache_shmcb_store (0x14 -> subcache 20)
[Sat Aug 22 00:48:58.778843 2026] [socache_shmcb:debug] [pid 618141:tid 618141] mod_socache_shmcb.c(798): AH00845: about to force-expire, subcache: idx_used=62, data_used=13861
[Sat Aug 22 00:48:58.778845 2026] [socache_shmcb:debug] [pid 618141:tid 618141] mod_socache_shmcb.c(824): AH00846: finished force-expire, subcache: idx_used=61, data_used=13635
[Sat Aug 22 00:48:58.778847 2026] [socache_shmcb:debug] [pid 618141:tid 618141] mod_socache_shmcb.c(860): AH00847: insert happened at idx=13, data=(11917:11949)
[Sat Aug 22 00:48:58.778848 2026] [socache_shmcb:debug] [pid 618141:tid 618141] mod_socache_shmcb.c(863): AH00848: finished insert, subcache: idx_pos/idx_used=40/62, data_pos/data_used=12146/13860
[Sat Aug 22 00:48:58.778850 2026] [socache_shmcb:debug] [pid 618141:tid 618141] mod_socache_shmcb.c(530): AH00834: leaving socache_shmcb_store successfully
[Sat Aug 22 00:48:58.778952 2026] [ssl:debug] [pid 618141:tid 618141] ssl_engine_kernel.c(254): [client 216.73.216.122:51223] AH02034: Initial (No.1) HTTPS request received for child 12 (server 2blog.ilc.edu.tw:443)
[Sat Aug 22 00:48:58.779104 2026] [authz_core:debug] [pid 618141:tid 618141] mod_authz_core.c(815): [client 216.73.216.122:51223] AH01626: authorization result of Require all granted: granted
[Sat Aug 22 00:48:58.779109 2026] [authz_core:debug] [pid 618141:tid 618141] mod_authz_core.c(815): [client 216.73.216.122:51223] AH01626: authorization result of : granted
[Sat Aug 22 00:48:58.779213 2026] [access_compat:error] [pid 618141:tid 618141] [client 216.73.216.122:51223] AH01797: client denied by server configuration: /var/www/html/2blog/xmlrpc.php
[Sat Aug 22 00:48:58.779222 2026] [headers:debug] [pid 618141:tid 618141] mod_headers.c(900): AH01503: headers: ap_headers_error_filter()
[Sat Aug 22 00:48:58.788577 2026] [ssl:debug] [pid 618243:tid 618243] ssl_engine_kernel.c(254): [client 216.73.216.122:64929] AH02034: Subsequent (No.2) HTTPS request received for child 20 (server 2blog.ilc.edu.tw:443)
[Sat Aug 22 00:48:58.788822 2026] [authz_core:debug] [pid 618243:tid 618243] mod_authz_core.c(815): [client 216.73.216.122:64929] AH01626: authorization result of Require all granted: granted
[Sat Aug 22 00:48:58.788830 2026] [authz_core:debug] [pid 618243:tid 618243] mod_authz_core.c(815): [client 216.73.216.122:64929] AH01626: authorization result of : granted
[Sat Aug 22 00:48:58.788998 2026] [access_compat:error] [pid 618243:tid 618243] [client 216.73.216.122:64929] AH01797: client denied by server configuration: /var/www/html/2blog/xmlrpc.php
[Sat Aug 22 00:48:58.789013 2026] [headers:debug] [pid 618243:tid 618243] mod_headers.c(900): AH01503: headers: ap_headers_error_filter()
[Sat Aug 22 00:48:58.820153 2026] [deflate:debug] [pid 618169:tid 618169] mod_deflate.c(909): [client 216.73.216.122:40517] AH01384: Zlib: Compressed 54355 to 10616 : URL /index.php
[Sat Aug 22 00:48:58.823428 2026] [ssl:debug] [pid 618234:tid 618234] ssl_engine_kernel.c(2082): [client 216.73.216.122:59895] AH02041: Protocol: TLSv1.3, Cipher: TLS_AES_256_GCM_SHA384 (256/256 bits)
[Sat Aug 22 00:48:58.823468 2026] [socache_shmcb:debug] [pid 618234:tid 618234] mod_socache_shmcb.c(508): AH00831: socache_shmcb_store (0xb3 -> subcache 19)
[Sat Aug 22 00:48:58.823482 2026] [socache_shmcb:debug] [pid 618234:tid 618234] mod_socache_shmcb.c(860): AH00847: insert happened at idx=38, data=(11570:11602)
[Sat Aug 22 00:48:58.823484 2026] [socache_shmcb:debug] [pid 618234:tid 618234] mod_socache_shmcb.c(863): AH00848: finished insert, subcache: idx_pos/idx_used=2/37, data_pos/data_used=3544/8252
[Sat Aug 22 00:48:58.823486 2026] [socache_shmcb:debug] [pid 618234:tid 618234] mod_socache_shmcb.c(530): AH00834: leaving socache_shmcb_store successfully
[Sat Aug 22 00:48:58.823524 2026] [socache_shmcb:debug] [pid 618234:tid 618234] mod_socache_shmcb.c(508): AH00831: socache_shmcb_store (0x7c -> subcache 28)
[Sat Aug 22 00:48:58.823534 2026] [socache_shmcb:debug] [pid 618234:tid 618234] mod_socache_shmcb.c(860): AH00847: insert happened at idx=71, data=(5196:5228)
[Sat Aug 22 00:48:58.823536 2026] [socache_shmcb:debug] [pid 618234:tid 618234] mod_socache_shmcb.c(863): AH00848: finished insert, subcache: idx_pos/idx_used=36/36, data_pos/data_used=11252/8034
[Sat Aug 22 00:48:58.823538 2026] [socache_shmcb:debug] [pid 618234:tid 618234] mod_socache_shmcb.c(530): AH00834: leaving socache_shmcb_store successfully
[Sat Aug 22 00:48:58.824513 2026] [deflate:debug] [pid 618250:tid 618250] mod_deflate.c(909): [client 216.73.216.122:65239] AH01384: Zlib: Compressed 131957 to 20390 : URL /index.php
[Sat Aug 22 00:48:58.858891 2026] [ssl:debug] [pid 618228:tid 618228] ssl_engine_kernel.c(254): [client 216.73.216.122:10556] AH02034: Subsequent (No.2) HTTPS request received for child 8 (server 2blog.ilc.edu.tw:443)
[Sat Aug 22 00:48:58.859076 2026] [authz_core:debug] [pid 618228:tid 618228] mod_authz_core.c(815): [client 216.73.216.122:10556] AH01626: authorization result of Require all granted: granted
[Sat Aug 22 00:48:58.859081 2026] [authz_core:debug] [pid 618228:tid 618228] mod_authz_core.c(815): [client 216.73.216.122:10556] AH01626: authorization result of : granted
[Sat Aug 22 00:48:58.859188 2026] [access_compat:error] [pid 618228:tid 618228] [client 216.73.216.122:10556] AH01797: client denied by server configuration: /var/www/html/2blog/xmlrpc.php
[Sat Aug 22 00:48:58.859197 2026] [headers:debug] [pid 618228:tid 618228] mod_headers.c(900): AH01503: headers: ap_headers_error_filter()
[Sat Aug 22 00:48:59.056112 2026] [ssl:debug] [pid 618247:tid 618247] ssl_engine_kernel.c(254): [client 216.73.216.122:31951] AH02034: Subsequent (No.2) HTTPS request received for child 23 (server 2blog.ilc.edu.tw:443), referer: https://2blog.ilc.edu.tw/sitemap.xml
[Sat Aug 22 00:48:59.056311 2026] [authz_core:debug] [pid 618247:tid 618247] mod_authz_core.c(815): [client 216.73.216.122:31951] AH01626: authorization result of Require all granted: granted, referer: https://2blog.ilc.edu.tw/sitemap.xml
[Sat Aug 22 00:48:59.056317 2026] [authz_core:debug] [pid 618247:tid 618247] mod_authz_core.c(815): [client 216.73.216.122:31951] AH01626: authorization result of : granted, referer: https://2blog.ilc.edu.tw/sitemap.xml
[Sat Aug 22 00:48:59.056426 2026] [authz_core:debug] [pid 618247:tid 618247] mod_authz_core.c(815): [client 216.73.216.122:31951] AH01626: authorization result of Require all granted: granted, referer: https://2blog.ilc.edu.tw/sitemap.xml
[Sat Aug 22 00:48:59.056430 2026] [authz_core:debug] [pid 618247:tid 618247] mod_authz_core.c(815): [client 216.73.216.122:31951] AH01626: authorization result of : granted, referer: https://2blog.ilc.edu.tw/sitemap.xml
[Sat Aug 22 00:48:59.069234 2026] [deflate:debug] [pid 618247:tid 618247] mod_deflate.c(909): [client 216.73.216.122:31951] AH01384: Zlib: Compressed 631 to 219 : URL /index.php, referer: https://2blog.ilc.edu.tw/sitemap.xml
[Sat Aug 22 00:48:59.080832 2026] [ssl:debug] [pid 618155:tid 618155] ssl_engine_kernel.c(254): [client 216.73.216.122:46047] AH02034: Subsequent (No.2) HTTPS request received for child 1 (server 2blog.ilc.edu.tw:443), referer: https://2blog.ilc.edu.tw/27428
[Sat Aug 22 00:48:59.081037 2026] [authz_core:debug] [pid 618155:tid 618155] mod_authz_core.c(815): [client 216.73.216.122:46047] AH01626: authorization result of Require all granted: granted, referer: https://2blog.ilc.edu.tw/27428
[Sat Aug 22 00:48:59.081043 2026] [authz_core:debug] [pid 618155:tid 618155] mod_authz_core.c(815): [client 216.73.216.122:46047] AH01626: authorization result of : granted, referer: https://2blog.ilc.edu.tw/27428
[Sat Aug 22 00:48:59.081144 2026] [authz_core:debug] [pid 618155:tid 618155] mod_authz_core.c(815): [client 216.73.216.122:46047] AH01626: authorization result of Require all granted: granted, referer: https://2blog.ilc.edu.tw/27428
[Sat Aug 22 00:48:59.081148 2026] [authz_core:debug] [pid 618155:tid 618155] mod_authz_core.c(815): [client 216.73.216.122:46047] AH01626: authorization result of : granted, referer: https://2blog.ilc.edu.tw/27428
[Sat Aug 22 00:48:59.257993 2026] [deflate:debug] [pid 618155:tid 618155] mod_deflate.c(909): [client 216.73.216.122:46047] AH01384: Zlib: Compressed 117418 to 16021 : URL /index.php, referer: https://2blog.ilc.edu.tw/27428
[Sat Aug 22 00:48:59.400848 2026] [ssl:debug] [pid 618237:tid 618237] ssl_engine_io.c(1150): [client 23.229.101.102:38941] AH02001: Connection closed to child 15 with standard shutdown (server 2blog.ilc.edu.tw:443)
[Sat Aug 22 00:48:59.527828 2026] [ssl:info] [pid 618039:tid 618039] [client 52.204.71.8:40141] AH01964: Connection to child 44 established (server 2blog.ilc.edu.tw:443)
[Sat Aug 22 00:48:59.528060 2026] [ssl:debug] [pid 618039:tid 618039] ssl_engine_kernel.c(2222): [client 52.204.71.8:40141] AH02043: SSL virtual host for servername 2blog.ilc.edu.tw found
[Sat Aug 22 00:48:59.591692 2026] [ssl:info] [pid 618012:tid 618012] [client 85.208.96.210:18548] AH01964: Connection to child 7 established (server 2blog.ilc.edu.tw:443)
[Sat Aug 22 00:48:59.591890 2026] [ssl:debug] [pid 618012:tid 618012] ssl_engine_kernel.c(2222): [client 85.208.96.210:18548] AH02043: SSL virtual host for servername 2blog.ilc.edu.tw found
[Sat Aug 22 00:48:59.743110 2026] [ssl:debug] [pid 618039:tid 618039] ssl_engine_kernel.c(2082): [client 52.204.71.8:40141] AH02041: Protocol: TLSv1.3, Cipher: TLS_AES_256_GCM_SHA384 (256/256 bits)
[Sat Aug 22 00:48:59.743158 2026] [socache_shmcb:debug] [pid 618039:tid 618039] mod_socache_shmcb.c(508): AH00831: socache_shmcb_store (0x34 -> subcache 20)
[Sat Aug 22 00:48:59.743164 2026] [socache_shmcb:debug] [pid 618039:tid 618039] mod_socache_shmcb.c(798): AH00845: about to force-expire, subcache: idx_used=62, data_used=13860
[Sat Aug 22 00:48:59.743166 2026] [socache_shmcb:debug] [pid 618039:tid 618039] mod_socache_shmcb.c(824): AH00846: finished force-expire, subcache: idx_used=61, data_used=13631
[Sat Aug 22 00:48:59.743169 2026] [socache_shmcb:debug] [pid 618039:tid 618039] mod_socache_shmcb.c(860): AH00847: insert happened at idx=14, data=(12142:12174)
[Sat Aug 22 00:48:59.743170 2026] [socache_shmcb:debug] [pid 618039:tid 618039] mod_socache_shmcb.c(863): AH00848: finished insert, subcache: idx_pos/idx_used=41/62, data_pos/data_used=12375/13844
[Sat Aug 22 00:48:59.743172 2026] [socache_shmcb:debug] [pid 618039:tid 618039] mod_socache_shmcb.c(530): AH00834: leaving socache_shmcb_store successfully
[Sat Aug 22 00:48:59.743219 2026] [socache_shmcb:debug] [pid 618039:tid 618039] mod_socache_shmcb.c(508): AH00831: socache_shmcb_store (0x68 -> subcache 8)
[Sat Aug 22 00:48:59.743224 2026] [socache_shmcb:debug] [pid 618039:tid 618039] mod_socache_shmcb.c(745): AH00842: expiring 2 and reclaiming 0 removed socache entries
[Sat Aug 22 00:48:59.743237 2026] [socache_shmcb:debug] [pid 618039:tid 618039] mod_socache_shmcb.c(765): AH00843: we now have 39 socache entries
[Sat Aug 22 00:48:59.743239 2026] [socache_shmcb:debug] [pid 618039:tid 618039] mod_socache_shmcb.c(860): AH00847: insert happened at idx=51, data=(820:852)
[Sat Aug 22 00:48:59.743241 2026] [socache_shmcb:debug] [pid 618039:tid 618039] mod_socache_shmcb.c(863): AH00848: finished insert, subcache: idx_pos/idx_used=12/40, data_pos/data_used=5964/8934
[Sat Aug 22 00:48:59.743243 2026] [socache_shmcb:debug] [pid 618039:tid 618039] mod_socache_shmcb.c(530): AH00834: leaving socache_shmcb_store successfully
[Sat Aug 22 00:48:59.743346 2026] [ssl:debug] [pid 618039:tid 618039] ssl_engine_kernel.c(254): [client 52.204.71.8:40141] AH02034: Initial (No.1) HTTPS request received for child 44 (server 2blog.ilc.edu.tw:443)
[Sat Aug 22 00:48:59.743509 2026] [authz_core:debug] [pid 618039:tid 618039] mod_authz_core.c(815): [client 52.204.71.8:40141] AH01626: authorization result of Require all granted: granted
[Sat Aug 22 00:48:59.743513 2026] [authz_core:debug] [pid 618039:tid 618039] mod_authz_core.c(815): [client 52.204.71.8:40141] AH01626: authorization result of : granted
[Sat Aug 22 00:48:59.743615 2026] [authz_core:debug] [pid 618039:tid 618039] mod_authz_core.c(815): [client 52.204.71.8:40141] AH01626: authorization result of Require all granted: granted
[Sat Aug 22 00:48:59.743618 2026] [authz_core:debug] [pid 618039:tid 618039] mod_authz_core.c(815): [client 52.204.71.8:40141] AH01626: authorization result of : granted
[Sat Aug 22 00:48:59.792642 2026] [ssl:debug] [pid 618012:tid 618012] ssl_engine_kernel.c(2082): [client 85.208.96.210:18548] AH02041: Protocol: TLSv1.3, Cipher: TLS_AES_256_GCM_SHA384 (256/256 bits)
[Sat Aug 22 00:48:59.792689 2026] [socache_shmcb:debug] [pid 618012:tid 618012] mod_socache_shmcb.c(508): AH00831: socache_shmcb_store (0xeb -> subcache 11)
[Sat Aug 22 00:48:59.792696 2026] [socache_shmcb:debug] [pid 618012:tid 618012] mod_socache_shmcb.c(745): AH00842: expiring 4 and reclaiming 0 removed socache entries
[Sat Aug 22 00:48:59.792698 2026] [socache_shmcb:debug] [pid 618012:tid 618012] mod_socache_shmcb.c(765): AH00843: we now have 48 socache entries
[Sat Aug 22 00:48:59.792699 2026] [socache_shmcb:debug] [pid 618012:tid 618012] mod_socache_shmcb.c(860): AH00847: insert happened at idx=13, data=(11823:11855)
[Sat Aug 22 00:48:59.792701 2026] [socache_shmcb:debug] [pid 618012:tid 618012] mod_socache_shmcb.c(863): AH00848: finished insert, subcache: idx_pos/idx_used=53/49, data_pos/data_used=1080/10957
[Sat Aug 22 00:48:59.792703 2026] [socache_shmcb:debug] [pid 618012:tid 618012] mod_socache_shmcb.c(530): AH00834: leaving socache_shmcb_store successfully
[Sat Aug 22 00:48:59.792747 2026] [socache_shmcb:debug] [pid 618012:tid 618012] mod_socache_shmcb.c(508): AH00831: socache_shmcb_store (0x77 -> subcache 23)
[Sat Aug 22 00:48:59.792751 2026] [socache_shmcb:debug] [pid 618012:tid 618012] mod_socache_shmcb.c(745): AH00842: expiring 4 and reclaiming 0 removed socache entries
[Sat Aug 22 00:48:59.792753 2026] [socache_shmcb:debug] [pid 618012:tid 618012] mod_socache_shmcb.c(765): AH00843: we now have 52 socache entries
[Sat Aug 22 00:48:59.792754 2026] [socache_shmcb:debug] [pid 618012:tid 618012] mod_socache_shmcb.c(860): AH00847: insert happened at idx=81, data=(7440:7472)
[Sat Aug 22 00:48:59.792756 2026] [socache_shmcb:debug] [pid 618012:tid 618012] mod_socache_shmcb.c(863): AH00848: finished insert, subcache: idx_pos/idx_used=29/53, data_pos/data_used=9654/11864
[Sat Aug 22 00:48:59.792758 2026] [socache_shmcb:debug] [pid 618012:tid 618012] mod_socache_shmcb.c(530): AH00834: leaving socache_shmcb_store successfully
[Sat Aug 22 00:48:59.874851 2026] [deflate:debug] [pid 618039:tid 618039] mod_deflate.c(909): [client 52.204.71.8:40141] AH01384: Zlib: Compressed 93050 to 25964 : URL /index.php
[Sat Aug 22 00:48:59.875062 2026] [ssl:debug] [pid 618039:tid 618039] ssl_engine_io.c(1150): [client 52.204.71.8:40141] AH02001: Connection closed to child 44 with standard shutdown (server 2blog.ilc.edu.tw:443)
[Sat Aug 22 00:48:59.930154 2026] [ssl:info] [pid 618241:tid 618241] [client 2401:e180:8d60:ee32:5069:13db:b3bc:d6:58390] AH01964: Connection to child 17 established (server 2blog.ilc.edu.tw:443)
[Sat Aug 22 00:48:59.930361 2026] [ssl:debug] [pid 618241:tid 618241] ssl_engine_kernel.c(2222): [client 2401:e180:8d60:ee32:5069:13db:b3bc:d6:58390] AH02043: SSL virtual host for servername www.ltjh.ilc.edu.tw found
[Sat Aug 22 00:48:59.930413 2026] [core:debug] [pid 618241:tid 618241] protocol.c(2460): [client 2401:e180:8d60:ee32:5069:13db:b3bc:d6:58390] AH03155: select protocol from , choices=h2,http/1.1 for server www.ltjh.ilc.edu.tw
[Sat Aug 22 00:48:59.930451 2026] [ssl:debug] [pid 618241:tid 618241] ssl_util_stapling.c(819): AH01951: stapling_cb: OCSP Stapling callback called
[Sat Aug 22 00:48:59.930456 2026] [ssl:info] [pid 618241:tid 618241] AH01926: stapling_get_certinfo: stapling not supported for certificate
[Sat Aug 22 00:48:59.969990 2026] [ssl:debug] [pid 618241:tid 618241] ssl_engine_kernel.c(2082): [client 2401:e180:8d60:ee32:5069:13db:b3bc:d6:58390] AH02041: Protocol: TLSv1.3, Cipher: TLS_AES_256_GCM_SHA384 (256/256 bits)
[Sat Aug 22 00:48:59.970043 2026] [socache_shmcb:debug] [pid 618241:tid 618241] mod_socache_shmcb.c(508): AH00831: socache_shmcb_store (0x43 -> subcache 3)
[Sat Aug 22 00:48:59.970063 2026] [socache_shmcb:debug] [pid 618241:tid 618241] mod_socache_shmcb.c(745): AH00842: expiring 1 and reclaiming 0 removed socache entries
[Sat Aug 22 00:48:59.970067 2026] [socache_shmcb:debug] [pid 618241:tid 618241] mod_socache_shmcb.c(765): AH00843: we now have 49 socache entries
[Sat Aug 22 00:48:59.970070 2026] [socache_shmcb:debug] [pid 618241:tid 618241] mod_socache_shmcb.c(860): AH00847: insert happened at idx=67, data=(4239:4271)
[Sat Aug 22 00:48:59.970072 2026] [socache_shmcb:debug] [pid 618241:tid 618241] mod_socache_shmcb.c(863): AH00848: finished insert, subcache: idx_pos/idx_used=18/50, data_pos/data_used=7141/11190
[Sat Aug 22 00:48:59.970075 2026] [socache_shmcb:debug] [pid 618241:tid 618241] mod_socache_shmcb.c(530): AH00834: leaving socache_shmcb_store successfully
[Sat Aug 22 00:48:59.970154 2026] [socache_shmcb:debug] [pid 618241:tid 618241] mod_socache_shmcb.c(508): AH00831: socache_shmcb_store (0x5c -> subcache 28)
[Sat Aug 22 00:48:59.970160 2026] [socache_shmcb:debug] [pid 618241:tid 618241] mod_socache_shmcb.c(860): AH00847: insert happened at idx=72, data=(5422:5454)
[Sat Aug 22 00:48:59.970161 2026] [socache_shmcb:debug] [pid 618241:tid 618241] mod_socache_shmcb.c(863): AH00848: finished insert, subcache: idx_pos/idx_used=36/37, data_pos/data_used=11252/8263
[Sat Aug 22 00:48:59.970164 2026] [socache_shmcb:debug] [pid 618241:tid 618241] mod_socache_shmcb.c(530): AH00834: leaving socache_shmcb_store successfully
[Sat Aug 22 00:48:59.975046 2026] [ssl:debug] [pid 618241:tid 618241] ssl_engine_kernel.c(254): [client 2401:e180:8d60:ee32:5069:13db:b3bc:d6:58390] AH02034: Initial (No.1) HTTPS request received for child 17 (server www.ltjh.ilc.edu.tw:443), referer: https://www.google.com/
[Sat Aug 22 00:48:59.975276 2026] [authz_core:debug] [pid 618241:tid 618241] mod_authz_core.c(815): [client 2401:e180:8d60:ee32:5069:13db:b3bc:d6:58390] AH01626: authorization result of Require all granted: granted, referer: https://www.google.com/
[Sat Aug 22 00:48:59.975285 2026] [authz_core:debug] [pid 618241:tid 618241] mod_authz_core.c(815): [client 2401:e180:8d60:ee32:5069:13db:b3bc:d6:58390] AH01626: authorization result of : granted, referer: https://www.google.com/
[Sat Aug 22 00:48:59.975457 2026] [authz_core:debug] [pid 618241:tid 618241] mod_authz_core.c(815): [client 2401:e180:8d60:ee32:5069:13db:b3bc:d6:58390] AH01626: authorization result of Require all granted: granted, referer: https://www.google.com/
[Sat Aug 22 00:48:59.975463 2026] [authz_core:debug] [pid 618241:tid 618241] mod_authz_core.c(815): [client 2401:e180:8d60:ee32:5069:13db:b3bc:d6:58390] AH01626: authorization result of : granted, referer: https://www.google.com/
[Sat Aug 22 00:48:59.991327 2026] [ssl:debug] [pid 618012:tid 618012] ssl_engine_kernel.c(254): [client 85.208.96.210:18548] AH02034: Initial (No.1) HTTPS request received for child 7 (server 2blog.ilc.edu.tw:443)
[Sat Aug 22 00:48:59.991495 2026] [authz_core:debug] [pid 618012:tid 618012] mod_authz_core.c(815): [client 85.208.96.210:18548] AH01626: authorization result of Require all granted: granted
[Sat Aug 22 00:48:59.991501 2026] [authz_core:debug] [pid 618012:tid 618012] mod_authz_core.c(815): [client 85.208.96.210:18548] AH01626: authorization result of : granted
[Sat Aug 22 00:48:59.991601 2026] [authz_core:debug] [pid 618012:tid 618012] mod_authz_core.c(815): [client 85.208.96.210:18548] AH01626: authorization result of Require all granted: granted
[Sat Aug 22 00:48:59.991604 2026] [authz_core:debug] [pid 618012:tid 618012] mod_authz_core.c(815): [client 85.208.96.210:18548] AH01626: authorization result of : granted
[Sat Aug 22 00:49:00.009979 2026] [deflate:debug] [pid 618012:tid 618012] mod_deflate.c(909): [client 85.208.96.210:18548] AH01384: Zlib: Compressed 41945 to 9736 : URL /index.php
[Sat Aug 22 00:49:00.010154 2026] [ssl:debug] [pid 618012:tid 618012] ssl_engine_io.c(1150): [client 85.208.96.210:18548] AH02001: Connection closed to child 7 with standard shutdown (server 2blog.ilc.edu.tw:443)
[Sat Aug 22 00:49:00.345626 2026] [deflate:debug] [pid 618241:tid 618241] mod_deflate.c(909): [client 2401:e180:8d60:ee32:5069:13db:b3bc:d6:58390] AH01384: Zlib: Compressed 52566 to 13336 : URL /index.php, referer: https://www.google.com/
[Sat Aug 22 00:49:00.525184 2026] [ssl:debug] [pid 618241:tid 618241] ssl_engine_kernel.c(254): [client 2401:e180:8d60:ee32:5069:13db:b3bc:d6:58390] AH02034: Subsequent (No.2) HTTPS request received for child 17 (server www.ltjh.ilc.edu.tw:443), referer: https://www.ltjh.ilc.edu.tw/?page_id=64
[Sat Aug 22 00:49:00.525372 2026] [authz_core:debug] [pid 618241:tid 618241] mod_authz_core.c(815): [client 2401:e180:8d60:ee32:5069:13db:b3bc:d6:58390] AH01626: authorization result of Require all granted: granted, referer: https://www.ltjh.ilc.edu.tw/?page_id=64
[Sat Aug 22 00:49:00.525377 2026] [authz_core:debug] [pid 618241:tid 618241] mod_authz_core.c(815): [client 2401:e180:8d60:ee32:5069:13db:b3bc:d6:58390] AH01626: authorization result of : granted, referer: https://www.ltjh.ilc.edu.tw/?page_id=64
[Sat Aug 22 00:49:00.526885 2026] [deflate:debug] [pid 618241:tid 618241] mod_deflate.c(909): [client 2401:e180:8d60:ee32:5069:13db:b3bc:d6:58390] AH01384: Zlib: Compressed 59016 to 35712 : URL /wp-includes/css/dashicons.min.css, referer: https://www.ltjh.ilc.edu.tw/?page_id=64
[Sat Aug 22 00:49:00.545447 2026] [authz_core:debug] [pid 618238:tid 618238] mod_authz_core.c(815): [client 2400:e920:0:2:f45d:ddff:fe00:7a:62909] AH01626: authorization result of Require all granted: granted, referer: http://ilta.ilc.edu.tw
[Sat Aug 22 00:49:00.545469 2026] [authz_core:debug] [pid 618238:tid 618238] mod_authz_core.c(815): [client 2400:e920:0:2:f45d:ddff:fe00:7a:62909] AH01626: authorization result of : granted, referer: http://ilta.ilc.edu.tw
[Sat Aug 22 00:49:00.555331 2026] [ssl:info] [pid 618249:tid 618249] [client 2401:e180:8d60:ee32:5069:13db:b3bc:d6:58391] AH01964: Connection to child 24 established (server 2blog.ilc.edu.tw:443)
[Sat Aug 22 00:49:00.555493 2026] [ssl:debug] [pid 618249:tid 618249] ssl_engine_kernel.c(2222): [client 2401:e180:8d60:ee32:5069:13db:b3bc:d6:58391] AH02043: SSL virtual host for servername www.ltjh.ilc.edu.tw found
[Sat Aug 22 00:49:00.555543 2026] [core:debug] [pid 618249:tid 618249] protocol.c(2460): [client 2401:e180:8d60:ee32:5069:13db:b3bc:d6:58391] AH03155: select protocol from , choices=http/1.1 for server www.ltjh.ilc.edu.tw
[Sat Aug 22 00:49:00.555584 2026] [ssl:debug] [pid 618249:tid 618249] ssl_util_stapling.c(819): AH01951: stapling_cb: OCSP Stapling callback called
[Sat Aug 22 00:49:00.555589 2026] [ssl:info] [pid 618249:tid 618249] AH01926: stapling_get_certinfo: stapling not supported for certificate
[Sat Aug 22 00:49:00.560051 2026] [ssl:info] [pid 618160:tid 618160] [client 2401:e180:8d60:ee32:5069:13db:b3bc:d6:58395] AH01964: Connection to child 3 established (server 2blog.ilc.edu.tw:443)
[Sat Aug 22 00:49:00.560227 2026] [ssl:debug] [pid 618160:tid 618160] ssl_engine_kernel.c(2222): [client 2401:e180:8d60:ee32:5069:13db:b3bc:d6:58395] AH02043: SSL virtual host for servername www.ltjh.ilc.edu.tw found
[Sat Aug 22 00:49:00.560272 2026] [core:debug] [pid 618160:tid 618160] protocol.c(2460): [client 2401:e180:8d60:ee32:5069:13db:b3bc:d6:58395] AH03155: select protocol from , choices=http/1.1 for server www.ltjh.ilc.edu.tw
[Sat Aug 22 00:49:00.560305 2026] [ssl:debug] [pid 618160:tid 618160] ssl_util_stapling.c(819): AH01951: stapling_cb: OCSP Stapling callback called
[Sat Aug 22 00:49:00.560310 2026] [ssl:info] [pid 618160:tid 618160] AH01926: stapling_get_certinfo: stapling not supported for certificate
[Sat Aug 22 00:49:00.560638 2026] [ssl:info] [pid 618237:tid 618237] [client 2401:e180:8d60:ee32:5069:13db:b3bc:d6:58396] AH01964: Connection to child 15 established (server 2blog.ilc.edu.tw:443)
[Sat Aug 22 00:49:00.560687 2026] [ssl:info] [pid 618242:tid 618242] [client 2401:e180:8d60:ee32:5069:13db:b3bc:d6:58392] AH01964: Connection to child 18 established (server 2blog.ilc.edu.tw:443)
[Sat Aug 22 00:49:00.560732 2026] [ssl:debug] [pid 618237:tid 618237] ssl_engine_kernel.c(2222): [client 2401:e180:8d60:ee32:5069:13db:b3bc:d6:58396] AH02043: SSL virtual host for servername 2blog.ilc.edu.tw found
[Sat Aug 22 00:49:00.560751 2026] [ssl:info] [pid 618039:tid 618039] [client 2401:e180:8d60:ee32:5069:13db:b3bc:d6:58394] AH01964: Connection to child 44 established (server 2blog.ilc.edu.tw:443)
[Sat Aug 22 00:49:00.560767 2026] [core:debug] [pid 618237:tid 618237] protocol.c(2460): [client 2401:e180:8d60:ee32:5069:13db:b3bc:d6:58396] AH03155: select protocol from , choices=h2,http/1.1 for server 2blog.ilc.edu.tw
[Sat Aug 22 00:49:00.560788 2026] [ssl:info] [pid 618012:tid 618012] [client 2401:e180:8d60:ee32:5069:13db:b3bc:d6:58393] AH01964: Connection to child 7 established (server 2blog.ilc.edu.tw:443)
[Sat Aug 22 00:49:00.560796 2026] [ssl:debug] [pid 618237:tid 618237] ssl_util_stapling.c(819): AH01951: stapling_cb: OCSP Stapling callback called
[Sat Aug 22 00:49:00.560800 2026] [ssl:info] [pid 618237:tid 618237] AH01926: stapling_get_certinfo: stapling not supported for certificate
[Sat Aug 22 00:49:00.560808 2026] [ssl:debug] [pid 618242:tid 618242] ssl_engine_kernel.c(2222): [client 2401:e180:8d60:ee32:5069:13db:b3bc:d6:58392] AH02043: SSL virtual host for servername www.ltjh.ilc.edu.tw found
[Sat Aug 22 00:49:00.560845 2026] [core:debug] [pid 618242:tid 618242] protocol.c(2460): [client 2401:e180:8d60:ee32:5069:13db:b3bc:d6:58392] AH03155: select protocol from , choices=http/1.1 for server www.ltjh.ilc.edu.tw
[Sat Aug 22 00:49:00.560873 2026] [ssl:debug] [pid 618242:tid 618242] ssl_util_stapling.c(819): AH01951: stapling_cb: OCSP Stapling callback called
[Sat Aug 22 00:49:00.560878 2026] [ssl:info] [pid 618242:tid 618242] AH01926: stapling_get_certinfo: stapling not supported for certificate
[Sat Aug 22 00:49:00.560888 2026] [ssl:debug] [pid 618012:tid 618012] ssl_engine_kernel.c(2222): [client 2401:e180:8d60:ee32:5069:13db:b3bc:d6:58393] AH02043: SSL virtual host for servername www.ltjh.ilc.edu.tw found
[Sat Aug 22 00:49:00.560908 2026] [ssl:debug] [pid 618039:tid 618039] ssl_engine_kernel.c(2222): [client 2401:e180:8d60:ee32:5069:13db:b3bc:d6:58394] AH02043: SSL virtual host for servername www.ltjh.ilc.edu.tw found
[Sat Aug 22 00:49:00.560925 2026] [core:debug] [pid 618012:tid 618012] protocol.c(2460): [client 2401:e180:8d60:ee32:5069:13db:b3bc:d6:58393] AH03155: select protocol from , choices=http/1.1 for server www.ltjh.ilc.edu.tw
[Sat Aug 22 00:49:00.560963 2026] [ssl:debug] [pid 618012:tid 618012] ssl_util_stapling.c(819): AH01951: stapling_cb: OCSP Stapling callback called
[Sat Aug 22 00:49:00.560965 2026] [core:debug] [pid 618039:tid 618039] protocol.c(2460): [client 2401:e180:8d60:ee32:5069:13db:b3bc:d6:58394] AH03155: select protocol from , choices=http/1.1 for server www.ltjh.ilc.edu.tw
[Sat Aug 22 00:49:00.560968 2026] [ssl:info] [pid 618012:tid 618012] AH01926: stapling_get_certinfo: stapling not supported for certificate
[Sat Aug 22 00:49:00.561009 2026] [ssl:debug] [pid 618039:tid 618039] ssl_util_stapling.c(819): AH01951: stapling_cb: OCSP Stapling callback called
[Sat Aug 22 00:49:00.561015 2026] [ssl:info] [pid 618039:tid 618039] AH01926: stapling_get_certinfo: stapling not supported for certificate
[Sat Aug 22 00:49:00.573131 2026] [ssl:debug] [pid 618241:tid 618241] ssl_engine_kernel.c(254): [client 2401:e180:8d60:ee32:5069:13db:b3bc:d6:58390] AH02034: Subsequent (No.3) HTTPS request received for child 17 (server www.ltjh.ilc.edu.tw:443), referer: https://www.ltjh.ilc.edu.tw/?page_id=64
[Sat Aug 22 00:49:00.573375 2026] [authz_core:debug] [pid 618241:tid 618241] mod_authz_core.c(815): [client 2401:e180:8d60:ee32:5069:13db:b3bc:d6:58390] AH01626: authorization result of Require all granted: granted, referer: https://www.ltjh.ilc.edu.tw/?page_id=64
[Sat Aug 22 00:49:00.573383 2026] [authz_core:debug] [pid 618241:tid 618241] mod_authz_core.c(815): [client 2401:e180:8d60:ee32:5069:13db:b3bc:d6:58390] AH01626: authorization result of : granted, referer: https://www.ltjh.ilc.edu.tw/?page_id=64
[Sat Aug 22 00:49:00.577774 2026] [deflate:debug] [pid 618241:tid 618241] mod_deflate.c(909): [client 2401:e180:8d60:ee32:5069:13db:b3bc:d6:58390] AH01384: Zlib: Compressed 201541 to 24111 : URL /wp-content/plugins/elementor/assets/css/frontend.min.css, referer: https://www.ltjh.ilc.edu.tw/?page_id=64
[Sat Aug 22 00:49:00.598203 2026] [ssl:debug] [pid 618249:tid 618249] ssl_engine_kernel.c(2082): [client 2401:e180:8d60:ee32:5069:13db:b3bc:d6:58391] AH02041: Protocol: TLSv1.3, Cipher: TLS_AES_256_GCM_SHA384 (256/256 bits)
[Sat Aug 22 00:49:00.598250 2026] [socache_shmcb:debug] [pid 618249:tid 618249] mod_socache_shmcb.c(508): AH00831: socache_shmcb_store (0x8f -> subcache 15)
[Sat Aug 22 00:49:00.598256 2026] [socache_shmcb:debug] [pid 618249:tid 618249] mod_socache_shmcb.c(860): AH00847: insert happened at idx=10, data=(11093:11125)
[Sat Aug 22 00:49:00.598258 2026] [socache_shmcb:debug] [pid 618249:tid 618249] mod_socache_shmcb.c(863): AH00848: finished insert, subcache: idx_pos/idx_used=47/52, data_pos/data_used=13548/11637
[Sat Aug 22 00:49:00.598260 2026] [socache_shmcb:debug] [pid 618249:tid 618249] mod_socache_shmcb.c(530): AH00834: leaving socache_shmcb_store successfully
[Sat Aug 22 00:49:00.598311 2026] [socache_shmcb:debug] [pid 618249:tid 618249] mod_socache_shmcb.c(508): AH00831: socache_shmcb_store (0x69 -> subcache 9)
[Sat Aug 22 00:49:00.598324 2026] [socache_shmcb:debug] [pid 618249:tid 618249] mod_socache_shmcb.c(860): AH00847: insert happened at idx=72, data=(5325:5357)
[Sat Aug 22 00:49:00.598326 2026] [socache_shmcb:debug] [pid 618249:tid 618249] mod_socache_shmcb.c(863): AH00848: finished insert, subcache: idx_pos/idx_used=27/46, data_pos/data_used=9122/10296
[Sat Aug 22 00:49:00.598328 2026] [socache_shmcb:debug] [pid 618249:tid 618249] mod_socache_shmcb.c(530): AH00834: leaving socache_shmcb_store successfully
[Sat Aug 22 00:49:00.605087 2026] [ssl:debug] [pid 618249:tid 618249] ssl_engine_kernel.c(254): [client 2401:e180:8d60:ee32:5069:13db:b3bc:d6:58391] AH02034: Initial (No.1) HTTPS request received for child 24 (server www.ltjh.ilc.edu.tw:443), referer: https://www.ltjh.ilc.edu.tw/?page_id=64
[Sat Aug 22 00:49:00.605268 2026] [authz_core:debug] [pid 618249:tid 618249] mod_authz_core.c(815): [client 2401:e180:8d60:ee32:5069:13db:b3bc:d6:58391] AH01626: authorization result of Require all granted: granted, referer: https://www.ltjh.ilc.edu.tw/?page_id=64
[Sat Aug 22 00:49:00.605273 2026] [authz_core:debug] [pid 618249:tid 618249] mod_authz_core.c(815): [client 2401:e180:8d60:ee32:5069:13db:b3bc:d6:58391] AH01626: authorization result of : granted, referer: https://www.ltjh.ilc.edu.tw/?page_id=64
[Sat Aug 22 00:49:00.605681 2026] [ssl:debug] [pid 618039:tid 618039] ssl_engine_kernel.c(2082): [client 2401:e180:8d60:ee32:5069:13db:b3bc:d6:58394] AH02041: Protocol: TLSv1.3, Cipher: TLS_AES_256_GCM_SHA384 (256/256 bits)
[Sat Aug 22 00:49:00.605730 2026] [socache_shmcb:debug] [pid 618039:tid 618039] mod_socache_shmcb.c(508): AH00831: socache_shmcb_store (0x8b -> subcache 11)
[Sat Aug 22 00:49:00.605743 2026] [socache_shmcb:debug] [pid 618039:tid 618039] mod_socache_shmcb.c(860): AH00847: insert happened at idx=14, data=(12037:12069)
[Sat Aug 22 00:49:00.605745 2026] [socache_shmcb:debug] [pid 618039:tid 618039] mod_socache_shmcb.c(863): AH00848: finished insert, subcache: idx_pos/idx_used=53/50, data_pos/data_used=1080/11186
[Sat Aug 22 00:49:00.605747 2026] [socache_shmcb:debug] [pid 618039:tid 618039] mod_socache_shmcb.c(530): AH00834: leaving socache_shmcb_store successfully
[Sat Aug 22 00:49:00.605758 2026] [deflate:debug] [pid 618249:tid 618249] mod_deflate.c(909): [client 2401:e180:8d60:ee32:5069:13db:b3bc:d6:58391] AH01384: Zlib: Compressed 20155 to 3794 : URL /wp-includes/css/admin-bar.min.css, referer: https://www.ltjh.ilc.edu.tw/?page_id=64
[Sat Aug 22 00:49:00.605791 2026] [socache_shmcb:debug] [pid 618039:tid 618039] mod_socache_shmcb.c(508): AH00831: socache_shmcb_store (0x4a -> subcache 10)
[Sat Aug 22 00:49:00.605795 2026] [socache_shmcb:debug] [pid 618039:tid 618039] mod_socache_shmcb.c(860): AH00847: insert happened at idx=87, data=(8525:8557)
[Sat Aug 22 00:49:00.605797 2026] [socache_shmcb:debug] [pid 618039:tid 618039] mod_socache_shmcb.c(863): AH00848: finished insert, subcache: idx_pos/idx_used=39/49, data_pos/data_used=11658/10960
[Sat Aug 22 00:49:00.605799 2026] [socache_shmcb:debug] [pid 618039:tid 618039] mod_socache_shmcb.c(530): AH00834: leaving socache_shmcb_store successfully
[Sat Aug 22 00:49:00.605800 2026] [ssl:debug] [pid 618242:tid 618242] ssl_engine_kernel.c(2082): [client 2401:e180:8d60:ee32:5069:13db:b3bc:d6:58392] AH02041: Protocol: TLSv1.3, Cipher: TLS_AES_256_GCM_SHA384 (256/256 bits)
[Sat Aug 22 00:49:00.605808 2026] [ssl:debug] [pid 618160:tid 618160] ssl_engine_kernel.c(2082): [client 2401:e180:8d60:ee32:5069:13db:b3bc:d6:58395] AH02041: Protocol: TLSv1.3, Cipher: TLS_AES_256_GCM_SHA384 (256/256 bits)
[Sat Aug 22 00:49:00.605827 2026] [ssl:debug] [pid 618237:tid 618237] ssl_engine_kernel.c(2082): [client 2401:e180:8d60:ee32:5069:13db:b3bc:d6:58396] AH02041: Protocol: TLSv1.3, Cipher: TLS_AES_256_GCM_SHA384 (256/256 bits)
[Sat Aug 22 00:49:00.605839 2026] [socache_shmcb:debug] [pid 618242:tid 618242] mod_socache_shmcb.c(508): AH00831: socache_shmcb_store (0xf7 -> subcache 23)
[Sat Aug 22 00:49:00.605857 2026] [socache_shmcb:debug] [pid 618242:tid 618242] mod_socache_shmcb.c(860): AH00847: insert happened at idx=82, data=(7654:7686)
[Sat Aug 22 00:49:00.605861 2026] [socache_shmcb:debug] [pid 618242:tid 618242] mod_socache_shmcb.c(863): AH00848: finished insert, subcache: idx_pos/idx_used=29/54, data_pos/data_used=9654/12093
[Sat Aug 22 00:49:00.605863 2026] [socache_shmcb:debug] [pid 618242:tid 618242] mod_socache_shmcb.c(530): AH00834: leaving socache_shmcb_store successfully
[Sat Aug 22 00:49:00.605872 2026] [socache_shmcb:debug] [pid 618160:tid 618160] mod_socache_shmcb.c(508): AH00831: socache_shmcb_store (0x4b -> subcache 11)
[Sat Aug 22 00:49:00.605877 2026] [socache_shmcb:debug] [pid 618160:tid 618160] mod_socache_shmcb.c(860): AH00847: insert happened at idx=15, data=(12266:12298)
[Sat Aug 22 00:49:00.605879 2026] [socache_shmcb:debug] [pid 618160:tid 618160] mod_socache_shmcb.c(863): AH00848: finished insert, subcache: idx_pos/idx_used=53/51, data_pos/data_used=1080/11415
[Sat Aug 22 00:49:00.605881 2026] [socache_shmcb:debug] [pid 618160:tid 618160] mod_socache_shmcb.c(530): AH00834: leaving socache_shmcb_store successfully
[Sat Aug 22 00:49:00.605887 2026] [socache_shmcb:debug] [pid 618237:tid 618237] mod_socache_shmcb.c(508): AH00831: socache_shmcb_store (0x2a -> subcache 10)
[Sat Aug 22 00:49:00.605893 2026] [ssl:debug] [pid 618039:tid 618039] ssl_engine_kernel.c(254): [client 2401:e180:8d60:ee32:5069:13db:b3bc:d6:58394] AH02034: Initial (No.1) HTTPS request received for child 44 (server www.ltjh.ilc.edu.tw:443), referer: https://www.ltjh.ilc.edu.tw/?page_id=64
[Sat Aug 22 00:49:00.605900 2026] [socache_shmcb:debug] [pid 618237:tid 618237] mod_socache_shmcb.c(860): AH00847: insert happened at idx=0, data=(8754:8786)
[Sat Aug 22 00:49:00.605904 2026] [socache_shmcb:debug] [pid 618237:tid 618237] mod_socache_shmcb.c(863): AH00848: finished insert, subcache: idx_pos/idx_used=39/50, data_pos/data_used=11658/11186
[Sat Aug 22 00:49:00.605907 2026] [socache_shmcb:debug] [pid 618237:tid 618237] mod_socache_shmcb.c(530): AH00834: leaving socache_shmcb_store successfully
[Sat Aug 22 00:49:00.605915 2026] [socache_shmcb:debug] [pid 618242:tid 618242] mod_socache_shmcb.c(508): AH00831: socache_shmcb_store (0xa8 -> subcache 8)
[Sat Aug 22 00:49:00.605924 2026] [socache_shmcb:debug] [pid 618242:tid 618242] mod_socache_shmcb.c(860): AH00847: insert happened at idx=52, data=(1034:1066)
[Sat Aug 22 00:49:00.605925 2026] [socache_shmcb:debug] [pid 618242:tid 618242] mod_socache_shmcb.c(863): AH00848: finished insert, subcache: idx_pos/idx_used=12/41, data_pos/data_used=5964/9163
[Sat Aug 22 00:49:00.605927 2026] [socache_shmcb:debug] [pid 618242:tid 618242] mod_socache_shmcb.c(530): AH00834: leaving socache_shmcb_store successfully
[Sat Aug 22 00:49:00.605931 2026] [socache_shmcb:debug] [pid 618160:tid 618160] mod_socache_shmcb.c(508): AH00831: socache_shmcb_store (0x90 -> subcache 16)
[Sat Aug 22 00:49:00.605937 2026] [socache_shmcb:debug] [pid 618160:tid 618160] mod_socache_shmcb.c(745): AH00842: expiring 2 and reclaiming 0 removed socache entries
[Sat Aug 22 00:49:00.605940 2026] [socache_shmcb:debug] [pid 618160:tid 618160] mod_socache_shmcb.c(765): AH00843: we now have 58 socache entries
[Sat Aug 22 00:49:00.605943 2026] [socache_shmcb:debug] [pid 618160:tid 618160] mod_socache_shmcb.c(860): AH00847: insert happened at idx=82, data=(7516:7548)
[Sat Aug 22 00:49:00.605946 2026] [socache_shmcb:debug] [pid 618160:tid 618160] mod_socache_shmcb.c(863): AH00848: finished insert, subcache: idx_pos/idx_used=24/59, data_pos/data_used=8432/13176
[Sat Aug 22 00:49:00.605949 2026] [socache_shmcb:debug] [pid 618160:tid 618160] mod_socache_shmcb.c(530): AH00834: leaving socache_shmcb_store successfully
[Sat Aug 22 00:49:00.605967 2026] [socache_shmcb:debug] [pid 618237:tid 618237] mod_socache_shmcb.c(508): AH00831: socache_shmcb_store (0xef -> subcache 15)
[Sat Aug 22 00:49:00.605975 2026] [socache_shmcb:debug] [pid 618237:tid 618237] mod_socache_shmcb.c(860): AH00847: insert happened at idx=11, data=(11321:11353)
[Sat Aug 22 00:49:00.605977 2026] [socache_shmcb:debug] [pid 618237:tid 618237] mod_socache_shmcb.c(863): AH00848: finished insert, subcache: idx_pos/idx_used=47/53, data_pos/data_used=13548/11863
[Sat Aug 22 00:49:00.605980 2026] [socache_shmcb:debug] [pid 618237:tid 618237] mod_socache_shmcb.c(530): AH00834: leaving socache_shmcb_store successfully
[Sat Aug 22 00:49:00.606006 2026] [ssl:debug] [pid 618012:tid 618012] ssl_engine_kernel.c(2082): [client 2401:e180:8d60:ee32:5069:13db:b3bc:d6:58393] AH02041: Protocol: TLSv1.3, Cipher: TLS_AES_256_GCM_SHA384 (256/256 bits)
[Sat Aug 22 00:49:00.606016 2026] [ssl:debug] [pid 618242:tid 618242] ssl_engine_kernel.c(254): [client 2401:e180:8d60:ee32:5069:13db:b3bc:d6:58392] AH02034: Initial (No.1) HTTPS request received for child 18 (server www.ltjh.ilc.edu.tw:443), referer: https://www.ltjh.ilc.edu.tw/?page_id=64
[Sat Aug 22 00:49:00.606035 2026] [socache_shmcb:debug] [pid 618012:tid 618012] mod_socache_shmcb.c(508): AH00831: socache_shmcb_store (0x64 -> subcache 4)
[Sat Aug 22 00:49:00.606041 2026] [socache_shmcb:debug] [pid 618012:tid 618012] mod_socache_shmcb.c(745): AH00842: expiring 1 and reclaiming 0 removed socache entries
[Sat Aug 22 00:49:00.606044 2026] [socache_shmcb:debug] [pid 618012:tid 618012] mod_socache_shmcb.c(765): AH00843: we now have 42 socache entries
[Sat Aug 22 00:49:00.606043 2026] [ssl:debug] [pid 618160:tid 618160] ssl_engine_kernel.c(254): [client 2401:e180:8d60:ee32:5069:13db:b3bc:d6:58395] AH02034: Initial (No.1) HTTPS request received for child 3 (server www.ltjh.ilc.edu.tw:443), referer: https://www.ltjh.ilc.edu.tw/?page_id=64
[Sat Aug 22 00:49:00.606045 2026] [authz_core:debug] [pid 618039:tid 618039] mod_authz_core.c(815): [client 2401:e180:8d60:ee32:5069:13db:b3bc:d6:58394] AH01626: authorization result of Require all granted: granted, referer: https://www.ltjh.ilc.edu.tw/?page_id=64
[Sat Aug 22 00:49:00.606047 2026] [socache_shmcb:debug] [pid 618012:tid 618012] mod_socache_shmcb.c(860): AH00847: insert happened at idx=15, data=(11844:11876)
[Sat Aug 22 00:49:00.606063 2026] [authz_core:debug] [pid 618039:tid 618039] mod_authz_core.c(815): [client 2401:e180:8d60:ee32:5069:13db:b3bc:d6:58394] AH01626: authorization result of : granted, referer: https://www.ltjh.ilc.edu.tw/?page_id=64
[Sat Aug 22 00:49:00.606065 2026] [socache_shmcb:debug] [pid 618012:tid 618012] mod_socache_shmcb.c(863): AH00848: finished insert, subcache: idx_pos/idx_used=61/43, data_pos/data_used=2470/9602
[Sat Aug 22 00:49:00.606068 2026] [socache_shmcb:debug] [pid 618012:tid 618012] mod_socache_shmcb.c(530): AH00834: leaving socache_shmcb_store successfully
[Sat Aug 22 00:49:00.606070 2026] [ssl:debug] [pid 618237:tid 618237] ssl_engine_kernel.c(254): [client 2401:e180:8d60:ee32:5069:13db:b3bc:d6:58396] AH02034: Initial (No.1) HTTPS request received for child 15 (server 2blog.ilc.edu.tw:443), referer: https://www.ltjh.ilc.edu.tw/?page_id=64
[Sat Aug 22 00:49:00.606110 2026] [socache_shmcb:debug] [pid 618012:tid 618012] mod_socache_shmcb.c(508): AH00831: socache_shmcb_store (0xb1 -> subcache 17)
[Sat Aug 22 00:49:00.606117 2026] [socache_shmcb:debug] [pid 618012:tid 618012] mod_socache_shmcb.c(860): AH00847: insert happened at idx=35, data=(10956:10988)
[Sat Aug 22 00:49:00.606120 2026] [socache_shmcb:debug] [pid 618012:tid 618012] mod_socache_shmcb.c(863): AH00848: finished insert, subcache: idx_pos/idx_used=79/45, data_pos/data_used=1168/10017
[Sat Aug 22 00:49:00.606123 2026] [socache_shmcb:debug] [pid 618012:tid 618012] mod_socache_shmcb.c(530): AH00834: leaving socache_shmcb_store successfully
