[Sat Aug 22 00:47:08.283145 2026] [deflate:debug] [pid 618016:tid 618016] mod_deflate.c(909): [client 2001:b400:e2ac:6263:78b8:d8f1:f1ae:1fd0:51933] AH01384: Zlib: Compressed 310 to 121 : URL /wp-content/uploads/sites/1355/elementor/css/post-155.css, referer: https://www.yies.ilc.edu.tw/
[Sat Aug 22 00:47:08.283269 2026] [deflate:debug] [pid 618136:tid 618136] mod_deflate.c(909): [client 2001:b400:e2ac:6263:78b8:d8f1:f1ae:1fd0:57859] AH01384: Zlib: Compressed 40207 to 2810 : URL /wp-content/cache/www.yies.ilc.edu.tw/wpfc-minified/d3qsjtyd/7kvk.css, referer: https://www.yies.ilc.edu.tw/
[Sat Aug 22 00:47:08.283435 2026] [ssl:debug] [pid 618022:tid 618022] ssl_engine_kernel.c(2082): [client 2001:b400:e2ac:6263:78b8:d8f1:f1ae:1fd0:62783] AH02041: Protocol: TLSv1.3, Cipher: TLS_AES_256_GCM_SHA384 (256/256 bits)
[Sat Aug 22 00:47:08.283469 2026] [socache_shmcb:debug] [pid 618022:tid 618022] mod_socache_shmcb.c(508): AH00831: socache_shmcb_store (0xfa -> subcache 26)
[Sat Aug 22 00:47:08.283474 2026] [socache_shmcb:debug] [pid 618022:tid 618022] mod_socache_shmcb.c(860): AH00847: insert happened at idx=57, data=(1781:1813)
[Sat Aug 22 00:47:08.283476 2026] [socache_shmcb:debug] [pid 618022:tid 618022] mod_socache_shmcb.c(863): AH00848: finished insert, subcache: idx_pos/idx_used=9/49, data_pos/data_used=4992/10882
[Sat Aug 22 00:47:08.283479 2026] [socache_shmcb:debug] [pid 618022:tid 618022] mod_socache_shmcb.c(530): AH00834: leaving socache_shmcb_store successfully
[Sat Aug 22 00:47:08.283517 2026] [socache_shmcb:debug] [pid 618022:tid 618022] mod_socache_shmcb.c(508): AH00831: socache_shmcb_store (0x4a -> subcache 10)
[Sat Aug 22 00:47:08.283520 2026] [socache_shmcb:debug] [pid 618022:tid 618022] mod_socache_shmcb.c(860): AH00847: insert happened at idx=65, data=(3606:3638)
[Sat Aug 22 00:47:08.283522 2026] [socache_shmcb:debug] [pid 618022:tid 618022] mod_socache_shmcb.c(863): AH00848: finished insert, subcache: idx_pos/idx_used=28/38, data_pos/data_used=9230/8468
[Sat Aug 22 00:47:08.283524 2026] [socache_shmcb:debug] [pid 618022:tid 618022] mod_socache_shmcb.c(530): AH00834: leaving socache_shmcb_store successfully
[Sat Aug 22 00:47:08.288485 2026] [ssl:debug] [pid 618022:tid 618022] ssl_engine_kernel.c(254): [client 2001:b400:e2ac:6263:78b8:d8f1:f1ae:1fd0:62783] AH02034: Initial (No.1) HTTPS request received for child 23 (server www.yies.ilc.edu.tw:443), referer: https://www.yies.ilc.edu.tw/
[Sat Aug 22 00:47:08.289253 2026] [authz_core:debug] [pid 618022:tid 618022] mod_authz_core.c(815): [client 2001:b400:e2ac:6263:78b8:d8f1:f1ae:1fd0:62783] AH01626: authorization result of Require all granted: granted, referer: https://www.yies.ilc.edu.tw/
[Sat Aug 22 00:47:08.289264 2026] [authz_core:debug] [pid 618022:tid 618022] mod_authz_core.c(815): [client 2001:b400:e2ac:6263:78b8:d8f1:f1ae:1fd0:62783] AH01626: authorization result of : granted, referer: https://www.yies.ilc.edu.tw/
[Sat Aug 22 00:47:08.289471 2026] [ssl:debug] [pid 618132:tid 618132] ssl_engine_kernel.c(2082): [client 2001:b400:e2ac:6263:78b8:d8f1:f1ae:1fd0:55052] AH02041: Protocol: TLSv1.3, Cipher: TLS_AES_256_GCM_SHA384 (256/256 bits)
[Sat Aug 22 00:47:08.289502 2026] [socache_shmcb:debug] [pid 618132:tid 618132] mod_socache_shmcb.c(508): AH00831: socache_shmcb_store (0x51 -> subcache 17)
[Sat Aug 22 00:47:08.289507 2026] [socache_shmcb:debug] [pid 618132:tid 618132] mod_socache_shmcb.c(860): AH00847: insert happened at idx=22, data=(8076:8108)
[Sat Aug 22 00:47:08.289509 2026] [socache_shmcb:debug] [pid 618132:tid 618132] mod_socache_shmcb.c(863): AH00848: finished insert, subcache: idx_pos/idx_used=66/45, data_pos/data_used=12123/10046
[Sat Aug 22 00:47:08.289511 2026] [socache_shmcb:debug] [pid 618132:tid 618132] mod_socache_shmcb.c(530): AH00834: leaving socache_shmcb_store successfully
[Sat Aug 22 00:47:08.289555 2026] [socache_shmcb:debug] [pid 618132:tid 618132] mod_socache_shmcb.c(508): AH00831: socache_shmcb_store (0x5d -> subcache 29)
[Sat Aug 22 00:47:08.289565 2026] [socache_shmcb:debug] [pid 618132:tid 618132] mod_socache_shmcb.c(745): AH00842: expiring 2 and reclaiming 0 removed socache entries
[Sat Aug 22 00:47:08.289568 2026] [socache_shmcb:debug] [pid 618132:tid 618132] mod_socache_shmcb.c(765): AH00843: we now have 33 socache entries
[Sat Aug 22 00:47:08.289570 2026] [socache_shmcb:debug] [pid 618132:tid 618132] mod_socache_shmcb.c(860): AH00847: insert happened at idx=56, data=(1692:1724)
[Sat Aug 22 00:47:08.289571 2026] [socache_shmcb:debug] [pid 618132:tid 618132] mod_socache_shmcb.c(863): AH00848: finished insert, subcache: idx_pos/idx_used=23/34, data_pos/data_used=8182/7603
[Sat Aug 22 00:47:08.289573 2026] [socache_shmcb:debug] [pid 618132:tid 618132] mod_socache_shmcb.c(530): AH00834: leaving socache_shmcb_store successfully
[Sat Aug 22 00:47:08.290475 2026] [ssl:debug] [pid 618132:tid 618132] ssl_engine_kernel.c(254): [client 2001:b400:e2ac:6263:78b8:d8f1:f1ae:1fd0:55052] AH02034: Initial (No.1) HTTPS request received for child 3 (server www.yies.ilc.edu.tw:443), referer: https://www.yies.ilc.edu.tw/
[Sat Aug 22 00:47:08.290744 2026] [deflate:debug] [pid 618022:tid 618022] mod_deflate.c(909): [client 2001:b400:e2ac:6263:78b8:d8f1:f1ae:1fd0:62783] AH01384: Zlib: Compressed 53220 to 6811 : URL /wp-content/cache/www.yies.ilc.edu.tw/wpfc-minified/7jvnp8ee/7kvk.css, referer: https://www.yies.ilc.edu.tw/
[Sat Aug 22 00:47:08.291448 2026] [authz_core:debug] [pid 618132:tid 618132] mod_authz_core.c(815): [client 2001:b400:e2ac:6263:78b8:d8f1:f1ae:1fd0:55052] AH01626: authorization result of Require all granted: granted, referer: https://www.yies.ilc.edu.tw/
[Sat Aug 22 00:47:08.291457 2026] [authz_core:debug] [pid 618132:tid 618132] mod_authz_core.c(815): [client 2001:b400:e2ac:6263:78b8:d8f1:f1ae:1fd0:55052] AH01626: authorization result of : granted, referer: https://www.yies.ilc.edu.tw/
[Sat Aug 22 00:47:08.291536 2026] [headers:debug] [pid 618138:tid 618138] mod_headers.c(900): AH01503: headers: ap_headers_error_filter()
[Sat Aug 22 00:47:08.296271 2026] [deflate:debug] [pid 618132:tid 618132] mod_deflate.c(909): [client 2001:b400:e2ac:6263:78b8:d8f1:f1ae:1fd0:55052] AH01384: Zlib: Compressed 101296 to 34526 : URL /wp-content/cache/www.yies.ilc.edu.tw/wpfc-minified/mbee01tu/7kvk.js, referer: https://www.yies.ilc.edu.tw/
[Sat Aug 22 00:47:08.297558 2026] [ssl:debug] [pid 618054:tid 618054] ssl_engine_kernel.c(254): [client 2001:b400:e2ac:6263:78b8:d8f1:f1ae:1fd0:61029] AH02034: Subsequent (No.4) HTTPS request received for child 59 (server www.yies.ilc.edu.tw:443), referer: https://www.yies.ilc.edu.tw/
[Sat Aug 22 00:47:08.299876 2026] [authz_core:debug] [pid 618054:tid 618054] mod_authz_core.c(815): [client 2001:b400:e2ac:6263:78b8:d8f1:f1ae:1fd0:61029] AH01626: authorization result of Require all granted: granted, referer: https://www.yies.ilc.edu.tw/
[Sat Aug 22 00:47:08.299900 2026] [authz_core:debug] [pid 618054:tid 618054] mod_authz_core.c(815): [client 2001:b400:e2ac:6263:78b8:d8f1:f1ae:1fd0:61029] AH01626: authorization result of : granted, referer: https://www.yies.ilc.edu.tw/
[Sat Aug 22 00:47:08.308190 2026] [ssl:debug] [pid 618133:tid 618133] ssl_engine_kernel.c(254): [client 34.75.231.121:34056] AH02034: Subsequent (No.11) HTTPS request received for child 4 (server www.ilc.edu.tw:443)
[Sat Aug 22 00:47:08.308353 2026] [authz_core:debug] [pid 618133:tid 618133] mod_authz_core.c(815): [client 34.75.231.121:34056] AH01626: authorization result of Require all granted: granted
[Sat Aug 22 00:47:08.308358 2026] [authz_core:debug] [pid 618133:tid 618133] mod_authz_core.c(815): [client 34.75.231.121:34056] AH01626: authorization result of : granted
[Sat Aug 22 00:47:08.308455 2026] [authz_core:debug] [pid 618133:tid 618133] mod_authz_core.c(815): [client 34.75.231.121:34056] AH01626: authorization result of Require all granted: granted
[Sat Aug 22 00:47:08.308458 2026] [authz_core:debug] [pid 618133:tid 618133] mod_authz_core.c(815): [client 34.75.231.121:34056] AH01626: authorization result of : granted
[Sat Aug 22 00:47:08.327422 2026] [ssl:debug] [pid 618016:tid 618016] ssl_engine_kernel.c(254): [client 2001:b400:e2ac:6263:78b8:d8f1:f1ae:1fd0:51933] AH02034: Subsequent (No.2) HTTPS request received for child 14 (server www.yies.ilc.edu.tw:443), referer: https://www.yies.ilc.edu.tw/
[Sat Aug 22 00:47:08.329678 2026] [authz_core:debug] [pid 618016:tid 618016] mod_authz_core.c(815): [client 2001:b400:e2ac:6263:78b8:d8f1:f1ae:1fd0:51933] AH01626: authorization result of Require all granted: granted, referer: https://www.yies.ilc.edu.tw/
[Sat Aug 22 00:47:08.329690 2026] [authz_core:debug] [pid 618016:tid 618016] mod_authz_core.c(815): [client 2001:b400:e2ac:6263:78b8:d8f1:f1ae:1fd0:51933] AH01626: authorization result of : granted, referer: https://www.yies.ilc.edu.tw/
[Sat Aug 22 00:47:08.341600 2026] [ssl:debug] [pid 618136:tid 618136] ssl_engine_kernel.c(254): [client 2001:b400:e2ac:6263:78b8:d8f1:f1ae:1fd0:57859] AH02034: Subsequent (No.2) HTTPS request received for child 8 (server www.yies.ilc.edu.tw:443), referer: https://www.yies.ilc.edu.tw/
[Sat Aug 22 00:47:08.341782 2026] [authz_core:debug] [pid 618136:tid 618136] mod_authz_core.c(815): [client 2001:b400:e2ac:6263:78b8:d8f1:f1ae:1fd0:57859] AH01626: authorization result of Require all granted: granted, referer: https://www.yies.ilc.edu.tw/
[Sat Aug 22 00:47:08.341787 2026] [authz_core:debug] [pid 618136:tid 618136] mod_authz_core.c(815): [client 2001:b400:e2ac:6263:78b8:d8f1:f1ae:1fd0:57859] AH01626: authorization result of : granted, referer: https://www.yies.ilc.edu.tw/
[Sat Aug 22 00:47:08.341971 2026] [deflate:debug] [pid 618136:tid 618136] mod_deflate.c(909): [client 2001:b400:e2ac:6263:78b8:d8f1:f1ae:1fd0:57859] AH01384: Zlib: Compressed 1718 to 700 : URL /wp-includes/js/hoverintent-js.min.js, referer: https://www.yies.ilc.edu.tw/
[Sat Aug 22 00:47:08.419740 2026] [ssl:info] [pid 613911:tid 613911] [client 140.111.67.10:64323] AH01964: Connection to child 15 established (server 2blog.ilc.edu.tw:443)
[Sat Aug 22 00:47:08.419863 2026] [ssl:info] [pid 613911:tid 613911] (70014)End of file found: [client 140.111.67.10:64323] AH02006: SSL handshake stopped: connection was closed
[Sat Aug 22 00:47:08.419869 2026] [ssl:info] [pid 613911:tid 613911] [client 140.111.67.10:64323] AH01998: Connection closed to child 15 with abortive shutdown (server 2blog.ilc.edu.tw:443)
[Sat Aug 22 00:47:08.427424 2026] [ssl:debug] [pid 618016:tid 618016] ssl_engine_kernel.c(254): [client 2001:b400:e2ac:6263:78b8:d8f1:f1ae:1fd0:51933] AH02034: Subsequent (No.3) HTTPS request received for child 14 (server www.yies.ilc.edu.tw:443), referer: https://www.yies.ilc.edu.tw/
[Sat Aug 22 00:47:08.427644 2026] [authz_core:debug] [pid 618016:tid 618016] mod_authz_core.c(815): [client 2001:b400:e2ac:6263:78b8:d8f1:f1ae:1fd0:51933] AH01626: authorization result of Require all granted: granted, referer: https://www.yies.ilc.edu.tw/
[Sat Aug 22 00:47:08.427651 2026] [authz_core:debug] [pid 618016:tid 618016] mod_authz_core.c(815): [client 2001:b400:e2ac:6263:78b8:d8f1:f1ae:1fd0:51933] AH01626: authorization result of : granted, referer: https://www.yies.ilc.edu.tw/
[Sat Aug 22 00:47:08.427913 2026] [deflate:debug] [pid 618016:tid 618016] mod_deflate.c(909): [client 2001:b400:e2ac:6263:78b8:d8f1:f1ae:1fd0:51933] AH01384: Zlib: Compressed 3487 to 1339 : URL /wp-includes/js/admin-bar.min.js, referer: https://www.yies.ilc.edu.tw/
[Sat Aug 22 00:47:08.428539 2026] [ssl:debug] [pid 618132:tid 618132] ssl_engine_kernel.c(254): [client 2001:b400:e2ac:6263:78b8:d8f1:f1ae:1fd0:55052] AH02034: Subsequent (No.2) HTTPS request received for child 3 (server www.yies.ilc.edu.tw:443), referer: https://www.yies.ilc.edu.tw/
[Sat Aug 22 00:47:08.428677 2026] [authz_core:debug] [pid 618132:tid 618132] mod_authz_core.c(815): [client 2001:b400:e2ac:6263:78b8:d8f1:f1ae:1fd0:55052] AH01626: authorization result of Require all granted: granted, referer: https://www.yies.ilc.edu.tw/
[Sat Aug 22 00:47:08.428681 2026] [authz_core:debug] [pid 618132:tid 618132] mod_authz_core.c(815): [client 2001:b400:e2ac:6263:78b8:d8f1:f1ae:1fd0:55052] AH01626: authorization result of : granted, referer: https://www.yies.ilc.edu.tw/
[Sat Aug 22 00:47:08.428933 2026] [deflate:debug] [pid 618132:tid 618132] mod_deflate.c(909): [client 2001:b400:e2ac:6263:78b8:d8f1:f1ae:1fd0:55052] AH01384: Zlib: Compressed 5520 to 1785 : URL /wp-includes/js/imagesloaded.min.js, referer: https://www.yies.ilc.edu.tw/
[Sat Aug 22 00:47:08.485097 2026] [ssl:debug] [pid 613414:tid 613414] ssl_engine_kernel.c(254): [client 34.75.231.121:34012] AH02034: Subsequent (No.12) HTTPS request received for child 22 (server www.ilc.edu.tw:443)
[Sat Aug 22 00:47:08.485311 2026] [authz_core:debug] [pid 613414:tid 613414] mod_authz_core.c(815): [client 34.75.231.121:34012] AH01626: authorization result of Require all granted: granted
[Sat Aug 22 00:47:08.485317 2026] [authz_core:debug] [pid 613414:tid 613414] mod_authz_core.c(815): [client 34.75.231.121:34012] AH01626: authorization result of : granted
[Sat Aug 22 00:47:08.485414 2026] [ssl:debug] [pid 618029:tid 618029] ssl_engine_kernel.c(254): [client 34.75.231.121:33978] AH02034: Subsequent (No.13) HTTPS request received for child 32 (server www.ilc.edu.tw:443)
[Sat Aug 22 00:47:08.485425 2026] [authz_core:debug] [pid 613414:tid 613414] mod_authz_core.c(815): [client 34.75.231.121:34012] AH01626: authorization result of Require all granted: granted
[Sat Aug 22 00:47:08.485432 2026] [authz_core:debug] [pid 613414:tid 613414] mod_authz_core.c(815): [client 34.75.231.121:34012] AH01626: authorization result of : granted
[Sat Aug 22 00:47:08.485564 2026] [authz_core:debug] [pid 618029:tid 618029] mod_authz_core.c(815): [client 34.75.231.121:33978] AH01626: authorization result of Require all granted: granted
[Sat Aug 22 00:47:08.485570 2026] [authz_core:debug] [pid 618029:tid 618029] mod_authz_core.c(815): [client 34.75.231.121:33978] AH01626: authorization result of : granted
[Sat Aug 22 00:47:08.485665 2026] [authz_core:debug] [pid 618029:tid 618029] mod_authz_core.c(815): [client 34.75.231.121:33978] AH01626: authorization result of Require all granted: granted
[Sat Aug 22 00:47:08.485669 2026] [authz_core:debug] [pid 618029:tid 618029] mod_authz_core.c(815): [client 34.75.231.121:33978] AH01626: authorization result of : granted
[Sat Aug 22 00:47:08.494485 2026] [ssl:debug] [pid 618054:tid 618054] ssl_engine_kernel.c(254): [client 2001:b400:e2ac:6263:78b8:d8f1:f1ae:1fd0:61029] AH02034: Subsequent (No.5) HTTPS request received for child 59 (server www.yies.ilc.edu.tw:443), referer: https://www.yies.ilc.edu.tw/
[Sat Aug 22 00:47:08.494655 2026] [authz_core:debug] [pid 618054:tid 618054] mod_authz_core.c(815): [client 2001:b400:e2ac:6263:78b8:d8f1:f1ae:1fd0:61029] AH01626: authorization result of Require all granted: granted, referer: https://www.yies.ilc.edu.tw/
[Sat Aug 22 00:47:08.494668 2026] [authz_core:debug] [pid 618054:tid 618054] mod_authz_core.c(815): [client 2001:b400:e2ac:6263:78b8:d8f1:f1ae:1fd0:61029] AH01626: authorization result of : granted, referer: https://www.yies.ilc.edu.tw/
[Sat Aug 22 00:47:08.495141 2026] [deflate:debug] [pid 618054:tid 618054] mod_deflate.c(909): [client 2001:b400:e2ac:6263:78b8:d8f1:f1ae:1fd0:61029] AH01384: Zlib: Compressed 19719 to 4232 : URL /wp-content/themes/oceanwp/assets/js/theme.min.js, referer: https://www.yies.ilc.edu.tw/
[Sat Aug 22 00:47:08.495615 2026] [ssl:debug] [pid 618132:tid 618132] ssl_engine_kernel.c(254): [client 2001:b400:e2ac:6263:78b8:d8f1:f1ae:1fd0:55052] AH02034: Subsequent (No.3) HTTPS request received for child 3 (server www.yies.ilc.edu.tw:443), referer: https://www.yies.ilc.edu.tw/
[Sat Aug 22 00:47:08.495776 2026] [authz_core:debug] [pid 618132:tid 618132] mod_authz_core.c(815): [client 2001:b400:e2ac:6263:78b8:d8f1:f1ae:1fd0:55052] AH01626: authorization result of Require all granted: granted, referer: https://www.yies.ilc.edu.tw/
[Sat Aug 22 00:47:08.495782 2026] [authz_core:debug] [pid 618132:tid 618132] mod_authz_core.c(815): [client 2001:b400:e2ac:6263:78b8:d8f1:f1ae:1fd0:55052] AH01626: authorization result of : granted, referer: https://www.yies.ilc.edu.tw/
[Sat Aug 22 00:47:08.496171 2026] [deflate:debug] [pid 618132:tid 618132] mod_deflate.c(909): [client 2001:b400:e2ac:6263:78b8:d8f1:f1ae:1fd0:55052] AH01384: Zlib: Compressed 14581 to 3765 : URL /wp-content/themes/oceanwp/assets/js/drop-down-mobile-menu.min.js, referer: https://www.yies.ilc.edu.tw/
[Sat Aug 22 00:47:08.505367 2026] [ssl:debug] [pid 618016:tid 618016] ssl_engine_kernel.c(254): [client 2001:b400:e2ac:6263:78b8:d8f1:f1ae:1fd0:51933] AH02034: Subsequent (No.4) HTTPS request received for child 14 (server www.yies.ilc.edu.tw:443), referer: https://www.yies.ilc.edu.tw/
[Sat Aug 22 00:47:08.505542 2026] [authz_core:debug] [pid 618016:tid 618016] mod_authz_core.c(815): [client 2001:b400:e2ac:6263:78b8:d8f1:f1ae:1fd0:51933] AH01626: authorization result of Require all granted: granted, referer: https://www.yies.ilc.edu.tw/
[Sat Aug 22 00:47:08.505546 2026] [authz_core:debug] [pid 618016:tid 618016] mod_authz_core.c(815): [client 2001:b400:e2ac:6263:78b8:d8f1:f1ae:1fd0:51933] AH01626: authorization result of : granted, referer: https://www.yies.ilc.edu.tw/
[Sat Aug 22 00:47:08.505813 2026] [deflate:debug] [pid 618016:tid 618016] mod_deflate.c(909): [client 2001:b400:e2ac:6263:78b8:d8f1:f1ae:1fd0:51933] AH01384: Zlib: Compressed 7540 to 2070 : URL /wp-content/themes/oceanwp/assets/js/drop-down-search.min.js, referer: https://www.yies.ilc.edu.tw/
[Sat Aug 22 00:47:08.512535 2026] [ssl:debug] [pid 618012:tid 618012] ssl_engine_kernel.c(254): [client 2001:b400:e2ac:6263:78b8:d8f1:f1ae:1fd0:52079] AH02034: Subsequent (No.3) HTTPS request received for child 7 (server www.yies.ilc.edu.tw:443), referer: https://www.yies.ilc.edu.tw/
[Sat Aug 22 00:47:08.512705 2026] [authz_core:debug] [pid 618012:tid 618012] mod_authz_core.c(815): [client 2001:b400:e2ac:6263:78b8:d8f1:f1ae:1fd0:52079] AH01626: authorization result of Require all granted: granted, referer: https://www.yies.ilc.edu.tw/
[Sat Aug 22 00:47:08.512710 2026] [authz_core:debug] [pid 618012:tid 618012] mod_authz_core.c(815): [client 2001:b400:e2ac:6263:78b8:d8f1:f1ae:1fd0:52079] AH01626: authorization result of : granted, referer: https://www.yies.ilc.edu.tw/
[Sat Aug 22 00:47:08.513376 2026] [deflate:debug] [pid 618012:tid 618012] mod_deflate.c(909): [client 2001:b400:e2ac:6263:78b8:d8f1:f1ae:1fd0:52079] AH01384: Zlib: Compressed 20216 to 7328 : URL /wp-content/themes/oceanwp/assets/js/vendors/magnific-popup.min.js, referer: https://www.yies.ilc.edu.tw/
[Sat Aug 22 00:47:08.513508 2026] [ssl:debug] [pid 618136:tid 618136] ssl_engine_kernel.c(254): [client 2001:b400:e2ac:6263:78b8:d8f1:f1ae:1fd0:57859] AH02034: Subsequent (No.3) HTTPS request received for child 8 (server www.yies.ilc.edu.tw:443), referer: https://www.yies.ilc.edu.tw/
[Sat Aug 22 00:47:08.513654 2026] [authz_core:debug] [pid 618136:tid 618136] mod_authz_core.c(815): [client 2001:b400:e2ac:6263:78b8:d8f1:f1ae:1fd0:57859] AH01626: authorization result of Require all granted: granted, referer: https://www.yies.ilc.edu.tw/
[Sat Aug 22 00:47:08.513658 2026] [authz_core:debug] [pid 618136:tid 618136] mod_authz_core.c(815): [client 2001:b400:e2ac:6263:78b8:d8f1:f1ae:1fd0:57859] AH01626: authorization result of : granted, referer: https://www.yies.ilc.edu.tw/
[Sat Aug 22 00:47:08.513860 2026] [deflate:debug] [pid 618136:tid 618136] mod_deflate.c(909): [client 2001:b400:e2ac:6263:78b8:d8f1:f1ae:1fd0:57859] AH01384: Zlib: Compressed 4111 to 1423 : URL /wp-content/themes/oceanwp/assets/js/ow-lightbox.min.js, referer: https://www.yies.ilc.edu.tw/
[Sat Aug 22 00:47:08.515399 2026] [ssl:debug] [pid 618022:tid 618022] ssl_engine_kernel.c(254): [client 2001:b400:e2ac:6263:78b8:d8f1:f1ae:1fd0:62783] AH02034: Subsequent (No.2) HTTPS request received for child 23 (server www.yies.ilc.edu.tw:443), referer: https://www.yies.ilc.edu.tw/
[Sat Aug 22 00:47:08.515568 2026] [authz_core:debug] [pid 618022:tid 618022] mod_authz_core.c(815): [client 2001:b400:e2ac:6263:78b8:d8f1:f1ae:1fd0:62783] AH01626: authorization result of Require all granted: granted, referer: https://www.yies.ilc.edu.tw/
[Sat Aug 22 00:47:08.515573 2026] [authz_core:debug] [pid 618022:tid 618022] mod_authz_core.c(815): [client 2001:b400:e2ac:6263:78b8:d8f1:f1ae:1fd0:62783] AH01626: authorization result of : granted, referer: https://www.yies.ilc.edu.tw/
[Sat Aug 22 00:47:08.517335 2026] [deflate:debug] [pid 618022:tid 618022] mod_deflate.c(909): [client 2001:b400:e2ac:6263:78b8:d8f1:f1ae:1fd0:62783] AH01384: Zlib: Compressed 57513 to 14083 : URL /wp-content/themes/oceanwp/assets/js/vendors/flickity.pkgd.min.js, referer: https://www.yies.ilc.edu.tw/
[Sat Aug 22 00:47:08.556601 2026] [ssl:debug] [pid 618132:tid 618132] ssl_engine_kernel.c(254): [client 2001:b400:e2ac:6263:78b8:d8f1:f1ae:1fd0:55052] AH02034: Subsequent (No.4) HTTPS request received for child 3 (server www.yies.ilc.edu.tw:443), referer: https://www.yies.ilc.edu.tw/
[Sat Aug 22 00:47:08.556880 2026] [authz_core:debug] [pid 618132:tid 618132] mod_authz_core.c(815): [client 2001:b400:e2ac:6263:78b8:d8f1:f1ae:1fd0:55052] AH01626: authorization result of Require all granted: granted, referer: https://www.yies.ilc.edu.tw/
[Sat Aug 22 00:47:08.556896 2026] [authz_core:debug] [pid 618132:tid 618132] mod_authz_core.c(815): [client 2001:b400:e2ac:6263:78b8:d8f1:f1ae:1fd0:55052] AH01626: authorization result of : granted, referer: https://www.yies.ilc.edu.tw/
[Sat Aug 22 00:47:08.557072 2026] [ssl:debug] [pid 618016:tid 618016] ssl_engine_kernel.c(254): [client 2001:b400:e2ac:6263:78b8:d8f1:f1ae:1fd0:51933] AH02034: Subsequent (No.5) HTTPS request received for child 14 (server www.yies.ilc.edu.tw:443), referer: https://www.yies.ilc.edu.tw/
[Sat Aug 22 00:47:08.557251 2026] [authz_core:debug] [pid 618016:tid 618016] mod_authz_core.c(815): [client 2001:b400:e2ac:6263:78b8:d8f1:f1ae:1fd0:51933] AH01626: authorization result of Require all granted: granted, referer: https://www.yies.ilc.edu.tw/
[Sat Aug 22 00:47:08.557257 2026] [authz_core:debug] [pid 618016:tid 618016] mod_authz_core.c(815): [client 2001:b400:e2ac:6263:78b8:d8f1:f1ae:1fd0:51933] AH01626: authorization result of : granted, referer: https://www.yies.ilc.edu.tw/
[Sat Aug 22 00:47:08.557346 2026] [deflate:debug] [pid 618132:tid 618132] mod_deflate.c(909): [client 2001:b400:e2ac:6263:78b8:d8f1:f1ae:1fd0:55052] AH01384: Zlib: Compressed 12402 to 3229 : URL /wp-content/themes/oceanwp/assets/js/scroll-effect.min.js, referer: https://www.yies.ilc.edu.tw/
[Sat Aug 22 00:47:08.557400 2026] [ssl:debug] [pid 618136:tid 618136] ssl_engine_kernel.c(254): [client 2001:b400:e2ac:6263:78b8:d8f1:f1ae:1fd0:57859] AH02034: Subsequent (No.4) HTTPS request received for child 8 (server www.yies.ilc.edu.tw:443), referer: https://www.yies.ilc.edu.tw/
[Sat Aug 22 00:47:08.557444 2026] [deflate:debug] [pid 618016:tid 618016] mod_deflate.c(909): [client 2001:b400:e2ac:6263:78b8:d8f1:f1ae:1fd0:51933] AH01384: Zlib: Compressed 2002 to 864 : URL /wp-content/themes/oceanwp/assets/js/ow-slider.min.js, referer: https://www.yies.ilc.edu.tw/
[Sat Aug 22 00:47:08.557548 2026] [authz_core:debug] [pid 618136:tid 618136] mod_authz_core.c(815): [client 2001:b400:e2ac:6263:78b8:d8f1:f1ae:1fd0:57859] AH01626: authorization result of Require all granted: granted, referer: https://www.yies.ilc.edu.tw/
[Sat Aug 22 00:47:08.557554 2026] [authz_core:debug] [pid 618136:tid 618136] mod_authz_core.c(815): [client 2001:b400:e2ac:6263:78b8:d8f1:f1ae:1fd0:57859] AH01626: authorization result of : granted, referer: https://www.yies.ilc.edu.tw/
[Sat Aug 22 00:47:08.557817 2026] [deflate:debug] [pid 618136:tid 618136] mod_deflate.c(909): [client 2001:b400:e2ac:6263:78b8:d8f1:f1ae:1fd0:57859] AH01384: Zlib: Compressed 8989 to 2304 : URL /wp-content/themes/oceanwp/assets/js/scroll-top.min.js, referer: https://www.yies.ilc.edu.tw/
[Sat Aug 22 00:47:08.571630 2026] [ssl:debug] [pid 618054:tid 618054] ssl_engine_kernel.c(254): [client 2001:b400:e2ac:6263:78b8:d8f1:f1ae:1fd0:61029] AH02034: Subsequent (No.6) HTTPS request received for child 59 (server www.yies.ilc.edu.tw:443), referer: https://www.yies.ilc.edu.tw/
[Sat Aug 22 00:47:08.571632 2026] [ssl:debug] [pid 618022:tid 618022] ssl_engine_kernel.c(254): [client 2001:b400:e2ac:6263:78b8:d8f1:f1ae:1fd0:62783] AH02034: Subsequent (No.3) HTTPS request received for child 23 (server www.yies.ilc.edu.tw:443), referer: https://www.yies.ilc.edu.tw/
[Sat Aug 22 00:47:08.571817 2026] [authz_core:debug] [pid 618022:tid 618022] mod_authz_core.c(815): [client 2001:b400:e2ac:6263:78b8:d8f1:f1ae:1fd0:62783] AH01626: authorization result of Require all granted: granted, referer: https://www.yies.ilc.edu.tw/
[Sat Aug 22 00:47:08.571818 2026] [authz_core:debug] [pid 618054:tid 618054] mod_authz_core.c(815): [client 2001:b400:e2ac:6263:78b8:d8f1:f1ae:1fd0:61029] AH01626: authorization result of Require all granted: granted, referer: https://www.yies.ilc.edu.tw/
[Sat Aug 22 00:47:08.571822 2026] [authz_core:debug] [pid 618022:tid 618022] mod_authz_core.c(815): [client 2001:b400:e2ac:6263:78b8:d8f1:f1ae:1fd0:62783] AH01626: authorization result of : granted, referer: https://www.yies.ilc.edu.tw/
[Sat Aug 22 00:47:08.571825 2026] [authz_core:debug] [pid 618054:tid 618054] mod_authz_core.c(815): [client 2001:b400:e2ac:6263:78b8:d8f1:f1ae:1fd0:61029] AH01626: authorization result of : granted, referer: https://www.yies.ilc.edu.tw/
[Sat Aug 22 00:47:08.572063 2026] [deflate:debug] [pid 618022:tid 618022] mod_deflate.c(909): [client 2001:b400:e2ac:6263:78b8:d8f1:f1ae:1fd0:62783] AH01384: Zlib: Compressed 5181 to 1510 : URL /wp-content/themes/oceanwp/assets/js/select.min.js, referer: https://www.yies.ilc.edu.tw/
[Sat Aug 22 00:47:08.572071 2026] [deflate:debug] [pid 618054:tid 618054] mod_deflate.c(909): [client 2001:b400:e2ac:6263:78b8:d8f1:f1ae:1fd0:61029] AH01384: Zlib: Compressed 4997 to 2197 : URL /wp-content/plugins/elementor/assets/js/webpack.runtime.min.js, referer: https://www.yies.ilc.edu.tw/
[Sat Aug 22 00:47:08.572298 2026] [ssl:debug] [pid 618012:tid 618012] ssl_engine_kernel.c(254): [client 2001:b400:e2ac:6263:78b8:d8f1:f1ae:1fd0:52079] AH02034: Subsequent (No.4) HTTPS request received for child 7 (server www.yies.ilc.edu.tw:443), referer: https://www.yies.ilc.edu.tw/
[Sat Aug 22 00:47:08.572428 2026] [authz_core:debug] [pid 618012:tid 618012] mod_authz_core.c(815): [client 2001:b400:e2ac:6263:78b8:d8f1:f1ae:1fd0:52079] AH01626: authorization result of Require all granted: granted, referer: https://www.yies.ilc.edu.tw/
[Sat Aug 22 00:47:08.572432 2026] [authz_core:debug] [pid 618012:tid 618012] mod_authz_core.c(815): [client 2001:b400:e2ac:6263:78b8:d8f1:f1ae:1fd0:52079] AH01626: authorization result of : granted, referer: https://www.yies.ilc.edu.tw/
[Sat Aug 22 00:47:08.572570 2026] [deflate:debug] [pid 618012:tid 618012] mod_deflate.c(909): [client 2001:b400:e2ac:6263:78b8:d8f1:f1ae:1fd0:52079] AH01384: Zlib: Compressed 712 to 422 : URL /wp-content/plugins/ocean-extra/includes/widgets/js/flickr.min.js, referer: https://www.yies.ilc.edu.tw/
[Sat Aug 22 00:47:08.589416 2026] [ssl:debug] [pid 618136:tid 618136] ssl_engine_kernel.c(254): [client 2001:b400:e2ac:6263:78b8:d8f1:f1ae:1fd0:57859] AH02034: Subsequent (No.5) HTTPS request received for child 8 (server www.yies.ilc.edu.tw:443), referer: https://www.yies.ilc.edu.tw/
[Sat Aug 22 00:47:08.589606 2026] [authz_core:debug] [pid 618136:tid 618136] mod_authz_core.c(815): [client 2001:b400:e2ac:6263:78b8:d8f1:f1ae:1fd0:57859] AH01626: authorization result of Require all granted: granted, referer: https://www.yies.ilc.edu.tw/
[Sat Aug 22 00:47:08.589611 2026] [authz_core:debug] [pid 618136:tid 618136] mod_authz_core.c(815): [client 2001:b400:e2ac:6263:78b8:d8f1:f1ae:1fd0:57859] AH01626: authorization result of : granted, referer: https://www.yies.ilc.edu.tw/
[Sat Aug 22 00:47:08.591646 2026] [deflate:debug] [pid 618136:tid 618136] mod_deflate.c(909): [client 2001:b400:e2ac:6263:78b8:d8f1:f1ae:1fd0:57859] AH01384: Zlib: Compressed 67411 to 18429 : URL /wp-content/plugins/elementor/assets/js/frontend-modules.min.js, referer: https://www.yies.ilc.edu.tw/
[Sat Aug 22 00:47:08.597363 2026] [ssl:debug] [pid 618016:tid 618016] ssl_engine_kernel.c(254): [client 2001:b400:e2ac:6263:78b8:d8f1:f1ae:1fd0:51933] AH02034: Subsequent (No.6) HTTPS request received for child 14 (server www.yies.ilc.edu.tw:443), referer: https://www.yies.ilc.edu.tw/
[Sat Aug 22 00:47:08.597579 2026] [authz_core:debug] [pid 618016:tid 618016] mod_authz_core.c(815): [client 2001:b400:e2ac:6263:78b8:d8f1:f1ae:1fd0:51933] AH01626: authorization result of Require all granted: granted, referer: https://www.yies.ilc.edu.tw/
[Sat Aug 22 00:47:08.597586 2026] [authz_core:debug] [pid 618016:tid 618016] mod_authz_core.c(815): [client 2001:b400:e2ac:6263:78b8:d8f1:f1ae:1fd0:51933] AH01626: authorization result of : granted, referer: https://www.yies.ilc.edu.tw/
[Sat Aug 22 00:47:08.597988 2026] [deflate:debug] [pid 618016:tid 618016] mod_deflate.c(909): [client 2001:b400:e2ac:6263:78b8:d8f1:f1ae:1fd0:51933] AH01384: Zlib: Compressed 12198 to 2975 : URL /wp-content/plugins/elementor/assets/lib/waypoints/waypoints.min.js, referer: https://www.yies.ilc.edu.tw/
[Sat Aug 22 00:47:08.598590 2026] [ssl:debug] [pid 618132:tid 618132] ssl_engine_kernel.c(254): [client 2001:b400:e2ac:6263:78b8:d8f1:f1ae:1fd0:55052] AH02034: Subsequent (No.5) HTTPS request received for child 3 (server www.yies.ilc.edu.tw:443), referer: https://www.yies.ilc.edu.tw/
[Sat Aug 22 00:47:08.598737 2026] [authz_core:debug] [pid 618132:tid 618132] mod_authz_core.c(815): [client 2001:b400:e2ac:6263:78b8:d8f1:f1ae:1fd0:55052] AH01626: authorization result of Require all granted: granted, referer: https://www.yies.ilc.edu.tw/
[Sat Aug 22 00:47:08.598742 2026] [authz_core:debug] [pid 618132:tid 618132] mod_authz_core.c(815): [client 2001:b400:e2ac:6263:78b8:d8f1:f1ae:1fd0:55052] AH01626: authorization result of : granted, referer: https://www.yies.ilc.edu.tw/
[Sat Aug 22 00:47:08.599476 2026] [deflate:debug] [pid 618132:tid 618132] mod_deflate.c(909): [client 2001:b400:e2ac:6263:78b8:d8f1:f1ae:1fd0:55052] AH01384: Zlib: Compressed 21464 to 7088 : URL /wp-includes/js/jquery/ui/core.min.js, referer: https://www.yies.ilc.edu.tw/
[Sat Aug 22 00:47:08.605504 2026] [ssl:debug] [pid 618012:tid 618012] ssl_engine_kernel.c(254): [client 2001:b400:e2ac:6263:78b8:d8f1:f1ae:1fd0:52079] AH02034: Subsequent (No.5) HTTPS request received for child 7 (server www.yies.ilc.edu.tw:443), referer: https://www.yies.ilc.edu.tw/
[Sat Aug 22 00:47:08.605668 2026] [authz_core:debug] [pid 618012:tid 618012] mod_authz_core.c(815): [client 2001:b400:e2ac:6263:78b8:d8f1:f1ae:1fd0:52079] AH01626: authorization result of Require all granted: granted, referer: https://www.yies.ilc.edu.tw/
[Sat Aug 22 00:47:08.605680 2026] [authz_core:debug] [pid 618012:tid 618012] mod_authz_core.c(815): [client 2001:b400:e2ac:6263:78b8:d8f1:f1ae:1fd0:52079] AH01626: authorization result of : granted, referer: https://www.yies.ilc.edu.tw/
[Sat Aug 22 00:47:08.606509 2026] [ssl:debug] [pid 618022:tid 618022] ssl_engine_kernel.c(254): [client 2001:b400:e2ac:6263:78b8:d8f1:f1ae:1fd0:62783] AH02034: Subsequent (No.4) HTTPS request received for child 23 (server www.yies.ilc.edu.tw:443), referer: https://www.yies.ilc.edu.tw/
[Sat Aug 22 00:47:08.606957 2026] [deflate:debug] [pid 618012:tid 618012] mod_deflate.c(909): [client 2001:b400:e2ac:6263:78b8:d8f1:f1ae:1fd0:52079] AH01384: Zlib: Compressed 40254 to 12204 : URL /wp-content/plugins/elementor/assets/js/frontend.min.js, referer: https://www.yies.ilc.edu.tw/
[Sat Aug 22 00:47:08.608060 2026] [authz_core:debug] [pid 618022:tid 618022] mod_authz_core.c(815): [client 2001:b400:e2ac:6263:78b8:d8f1:f1ae:1fd0:62783] AH01626: authorization result of Require all granted: granted, referer: https://www.yies.ilc.edu.tw/
[Sat Aug 22 00:47:08.608067 2026] [authz_core:debug] [pid 618022:tid 618022] mod_authz_core.c(815): [client 2001:b400:e2ac:6263:78b8:d8f1:f1ae:1fd0:62783] AH01626: authorization result of : granted, referer: https://www.yies.ilc.edu.tw/
[Sat Aug 22 00:47:08.614419 2026] [ssl:info] [pid 618126:tid 618126] [client 17.246.23.234:44520] AH01964: Connection to child 1 established (server 2blog.ilc.edu.tw:443)
[Sat Aug 22 00:47:08.614526 2026] [ssl:debug] [pid 618126:tid 618126] ssl_engine_kernel.c(2222): [client 17.246.23.234:44520] AH02043: SSL virtual host for servername 2blog.ilc.edu.tw found
[Sat Aug 22 00:47:08.614581 2026] [core:debug] [pid 618126:tid 618126] protocol.c(2460): [client 17.246.23.234:44520] AH03155: select protocol from , choices=http/1.1,h2 for server 2blog.ilc.edu.tw
[Sat Aug 22 00:47:08.643482 2026] [ssl:info] [pid 618069:tid 618069] [client 140.111.67.195:47764] AH01964: Connection to child 74 established (server 2blog.ilc.edu.tw:443)
[Sat Aug 22 00:47:08.643757 2026] [ssl:debug] [pid 618069:tid 618069] ssl_engine_kernel.c(2222): [client 140.111.67.195:47764] AH02043: SSL virtual host for servername www.ilc.edu.tw found
[Sat Aug 22 00:47:08.643782 2026] [socache_shmcb:debug] [pid 618069:tid 618069] mod_socache_shmcb.c(545): AH00835: socache_shmcb_retrieve (0xcd -> subcache 13)
[Sat Aug 22 00:47:08.643786 2026] [socache_shmcb:debug] [pid 618069:tid 618069] mod_socache_shmcb.c(896): AH00849: match at idx=46, data=13335
[Sat Aug 22 00:47:08.643788 2026] [socache_shmcb:debug] [pid 618069:tid 618069] mod_socache_shmcb.c(556): AH00836: leaving socache_shmcb_retrieve successfully
[Sat Aug 22 00:47:08.644513 2026] [ssl:debug] [pid 618069:tid 618069] ssl_engine_kernel.c(2082): [client 140.111.67.195:47764] AH02041: Protocol: TLSv1.3, Cipher: TLS_AES_256_GCM_SHA384 (256/256 bits)
[Sat Aug 22 00:47:08.644545 2026] [socache_shmcb:debug] [pid 618069:tid 618069] mod_socache_shmcb.c(508): AH00831: socache_shmcb_store (0x21 -> subcache 1)
[Sat Aug 22 00:47:08.644550 2026] [socache_shmcb:debug] [pid 618069:tid 618069] mod_socache_shmcb.c(745): AH00842: expiring 1 and reclaiming 0 removed socache entries
[Sat Aug 22 00:47:08.644553 2026] [socache_shmcb:debug] [pid 618069:tid 618069] mod_socache_shmcb.c(765): AH00843: we now have 43 socache entries
[Sat Aug 22 00:47:08.644555 2026] [socache_shmcb:debug] [pid 618069:tid 618069] mod_socache_shmcb.c(860): AH00847: insert happened at idx=61, data=(2816:2848)
[Sat Aug 22 00:47:08.644557 2026] [socache_shmcb:debug] [pid 618069:tid 618069] mod_socache_shmcb.c(863): AH00848: finished insert, subcache: idx_pos/idx_used=18/44, data_pos/data_used=7175/9715
[Sat Aug 22 00:47:08.644559 2026] [socache_shmcb:debug] [pid 618069:tid 618069] mod_socache_shmcb.c(530): AH00834: leaving socache_shmcb_store successfully
[Sat Aug 22 00:47:08.644663 2026] [ssl:debug] [pid 618069:tid 618069] ssl_engine_kernel.c(254): [client 140.111.67.195:47764] AH02034: Initial (No.1) HTTPS request received for child 74 (server www.ilc.edu.tw:443)
[Sat Aug 22 00:47:08.644863 2026] [authz_core:debug] [pid 618069:tid 618069] mod_authz_core.c(815): [client 140.111.67.195:47764] AH01626: authorization result of Require all granted: granted
[Sat Aug 22 00:47:08.644869 2026] [authz_core:debug] [pid 618069:tid 618069] mod_authz_core.c(815): [client 140.111.67.195:47764] AH01626: authorization result of : granted
[Sat Aug 22 00:47:08.660442 2026] [ssl:debug] [pid 618136:tid 618136] ssl_engine_kernel.c(254): [client 2001:b400:e2ac:6263:78b8:d8f1:f1ae:1fd0:57859] AH02034: Subsequent (No.6) HTTPS request received for child 8 (server www.yies.ilc.edu.tw:443), referer: https://www.yies.ilc.edu.tw/wp-content/cache/www.yies.ilc.edu.tw/wpfc-minified/8krzypee/7kvk.css
[Sat Aug 22 00:47:08.660625 2026] [authz_core:debug] [pid 618136:tid 618136] mod_authz_core.c(815): [client 2001:b400:e2ac:6263:78b8:d8f1:f1ae:1fd0:57859] AH01626: authorization result of Require all granted: granted, referer: https://www.yies.ilc.edu.tw/wp-content/cache/www.yies.ilc.edu.tw/wpfc-minified/8krzypee/7kvk.css
[Sat Aug 22 00:47:08.660631 2026] [authz_core:debug] [pid 618136:tid 618136] mod_authz_core.c(815): [client 2001:b400:e2ac:6263:78b8:d8f1:f1ae:1fd0:57859] AH01626: authorization result of : granted, referer: https://www.yies.ilc.edu.tw/wp-content/cache/www.yies.ilc.edu.tw/wpfc-minified/8krzypee/7kvk.css
[Sat Aug 22 00:47:08.665591 2026] [ssl:debug] [pid 618012:tid 618012] ssl_engine_kernel.c(254): [client 2001:b400:e2ac:6263:78b8:d8f1:f1ae:1fd0:52079] AH02034: Subsequent (No.6) HTTPS request received for child 7 (server www.yies.ilc.edu.tw:443), referer: https://www.yies.ilc.edu.tw/wp-content/cache/www.yies.ilc.edu.tw/wpfc-minified/8krzypee/7kvk.css
[Sat Aug 22 00:47:08.665797 2026] [authz_core:debug] [pid 618012:tid 618012] mod_authz_core.c(815): [client 2001:b400:e2ac:6263:78b8:d8f1:f1ae:1fd0:52079] AH01626: authorization result of Require all granted: granted, referer: https://www.yies.ilc.edu.tw/wp-content/cache/www.yies.ilc.edu.tw/wpfc-minified/8krzypee/7kvk.css
[Sat Aug 22 00:47:08.665803 2026] [authz_core:debug] [pid 618012:tid 618012] mod_authz_core.c(815): [client 2001:b400:e2ac:6263:78b8:d8f1:f1ae:1fd0:52079] AH01626: authorization result of : granted, referer: https://www.yies.ilc.edu.tw/wp-content/cache/www.yies.ilc.edu.tw/wpfc-minified/8krzypee/7kvk.css
[Sat Aug 22 00:47:08.696760 2026] [ssl:debug] [pid 618037:tid 618037] ssl_engine_kernel.c(254): [client 34.75.231.121:33960] AH02034: Subsequent (No.14) HTTPS request received for child 41 (server www.ilc.edu.tw:443)
[Sat Aug 22 00:47:08.696935 2026] [authz_core:debug] [pid 618037:tid 618037] mod_authz_core.c(815): [client 34.75.231.121:33960] AH01626: authorization result of Require all granted: granted
[Sat Aug 22 00:47:08.696940 2026] [authz_core:debug] [pid 618037:tid 618037] mod_authz_core.c(815): [client 34.75.231.121:33960] AH01626: authorization result of : granted
[Sat Aug 22 00:47:08.697054 2026] [authz_core:debug] [pid 618037:tid 618037] mod_authz_core.c(815): [client 34.75.231.121:33960] AH01626: authorization result of Require all granted: granted
[Sat Aug 22 00:47:08.697057 2026] [authz_core:debug] [pid 618037:tid 618037] mod_authz_core.c(815): [client 34.75.231.121:33960] AH01626: authorization result of : granted
[Sat Aug 22 00:47:08.783346 2026] [ssl:debug] [pid 618058:tid 618058] ssl_engine_kernel.c(254): [client 34.75.231.121:33968] AH02034: Subsequent (No.16) HTTPS request received for child 63 (server www.ilc.edu.tw:443)
[Sat Aug 22 00:47:08.783516 2026] [authz_core:debug] [pid 618058:tid 618058] mod_authz_core.c(815): [client 34.75.231.121:33968] AH01626: authorization result of Require all granted: granted
[Sat Aug 22 00:47:08.783521 2026] [authz_core:debug] [pid 618058:tid 618058] mod_authz_core.c(815): [client 34.75.231.121:33968] AH01626: authorization result of : granted
[Sat Aug 22 00:47:08.783624 2026] [authz_core:debug] [pid 618058:tid 618058] mod_authz_core.c(815): [client 34.75.231.121:33968] AH01626: authorization result of Require all granted: granted
[Sat Aug 22 00:47:08.783635 2026] [authz_core:debug] [pid 618058:tid 618058] mod_authz_core.c(815): [client 34.75.231.121:33968] AH01626: authorization result of : granted
[Sat Aug 22 00:47:08.814719 2026] [deflate:debug] [pid 618069:tid 618069] mod_deflate.c(909): [client 140.111.67.195:47764] AH01384: Zlib: Compressed 1357 to 567 : URL /wp-admin/admin-post.php
[Sat Aug 22 00:47:08.817525 2026] [ssl:debug] [pid 618125:tid 618125] ssl_engine_kernel.c(254): [client 34.75.231.121:33966] AH02034: Subsequent (No.15) HTTPS request received for child 0 (server www.ilc.edu.tw:443)
[Sat Aug 22 00:47:08.817679 2026] [authz_core:debug] [pid 618125:tid 618125] mod_authz_core.c(815): [client 34.75.231.121:33966] AH01626: authorization result of Require all granted: granted
[Sat Aug 22 00:47:08.817683 2026] [authz_core:debug] [pid 618125:tid 618125] mod_authz_core.c(815): [client 34.75.231.121:33966] AH01626: authorization result of : granted
[Sat Aug 22 00:47:08.817780 2026] [authz_core:debug] [pid 618125:tid 618125] mod_authz_core.c(815): [client 34.75.231.121:33966] AH01626: authorization result of Require all granted: granted
[Sat Aug 22 00:47:08.817783 2026] [authz_core:debug] [pid 618125:tid 618125] mod_authz_core.c(815): [client 34.75.231.121:33966] AH01626: authorization result of : granted
[Sat Aug 22 00:47:08.836506 2026] [ssl:debug] [pid 618136:tid 618136] ssl_engine_kernel.c(254): [client 2001:b400:e2ac:6263:78b8:d8f1:f1ae:1fd0:57859] AH02034: Subsequent (No.7) HTTPS request received for child 8 (server www.yies.ilc.edu.tw:443), referer: https://www.yies.ilc.edu.tw/
[Sat Aug 22 00:47:08.836701 2026] [authz_core:debug] [pid 618136:tid 618136] mod_authz_core.c(815): [client 2001:b400:e2ac:6263:78b8:d8f1:f1ae:1fd0:57859] AH01626: authorization result of Require all granted: granted, referer: https://www.yies.ilc.edu.tw/
[Sat Aug 22 00:47:08.836707 2026] [authz_core:debug] [pid 618136:tid 618136] mod_authz_core.c(815): [client 2001:b400:e2ac:6263:78b8:d8f1:f1ae:1fd0:57859] AH01626: authorization result of : granted, referer: https://www.yies.ilc.edu.tw/
[Sat Aug 22 00:47:08.836935 2026] [deflate:debug] [pid 618136:tid 618136] mod_deflate.c(909): [client 2001:b400:e2ac:6263:78b8:d8f1:f1ae:1fd0:57859] AH01384: Zlib: Compressed 3171 to 1263 : URL /wp-content/plugins/elementor/assets/js/video.d11c91c1b2b642a34601.bundle.min.js, referer: https://www.yies.ilc.edu.tw/
[Sat Aug 22 00:47:08.852847 2026] [ssl:debug] [pid 618126:tid 618126] ssl_engine_kernel.c(2082): [client 17.246.23.234:44520] AH02041: Protocol: TLSv1.3, Cipher: TLS_AES_256_GCM_SHA384 (256/256 bits)
[Sat Aug 22 00:47:08.852908 2026] [socache_shmcb:debug] [pid 618126:tid 618126] mod_socache_shmcb.c(508): AH00831: socache_shmcb_store (0xdf -> subcache 31)
[Sat Aug 22 00:47:08.852925 2026] [socache_shmcb:debug] [pid 618126:tid 618126] mod_socache_shmcb.c(860): AH00847: insert happened at idx=50, data=(570:602)
[Sat Aug 22 00:47:08.852927 2026] [socache_shmcb:debug] [pid 618126:tid 618126] mod_socache_shmcb.c(863): AH00848: finished insert, subcache: idx_pos/idx_used=5/46, data_pos/data_used=4378/10281
[Sat Aug 22 00:47:08.852929 2026] [socache_shmcb:debug] [pid 618126:tid 618126] mod_socache_shmcb.c(530): AH00834: leaving socache_shmcb_store successfully
[Sat Aug 22 00:47:08.853007 2026] [socache_shmcb:debug] [pid 618126:tid 618126] mod_socache_shmcb.c(508): AH00831: socache_shmcb_store (0xc4 -> subcache 4)
[Sat Aug 22 00:47:08.853015 2026] [socache_shmcb:debug] [pid 618126:tid 618126] mod_socache_shmcb.c(745): AH00842: expiring 1 and reclaiming 0 removed socache entries
[Sat Aug 22 00:47:08.853018 2026] [socache_shmcb:debug] [pid 618126:tid 618126] mod_socache_shmcb.c(765): AH00843: we now have 48 socache entries
[Sat Aug 22 00:47:08.853021 2026] [socache_shmcb:debug] [pid 618126:tid 618126] mod_socache_shmcb.c(860): AH00847: insert happened at idx=86, data=(8034:8066)
[Sat Aug 22 00:47:08.853024 2026] [socache_shmcb:debug] [pid 618126:tid 618126] mod_socache_shmcb.c(863): AH00848: finished insert, subcache: idx_pos/idx_used=38/49, data_pos/data_used=11220/10903
[Sat Aug 22 00:47:08.853039 2026] [socache_shmcb:debug] [pid 618126:tid 618126] mod_socache_shmcb.c(530): AH00834: leaving socache_shmcb_store successfully
[Sat Aug 22 00:47:08.853179 2026] [ssl:debug] [pid 618126:tid 618126] ssl_engine_kernel.c(254): [client 17.246.23.234:44520] AH02034: Initial (No.1) HTTPS request received for child 1 (server 2blog.ilc.edu.tw:443)
[Sat Aug 22 00:47:08.853335 2026] [authz_core:debug] [pid 618126:tid 618126] mod_authz_core.c(815): [client 17.246.23.234:44520] AH01626: authorization result of Require all granted: granted
[Sat Aug 22 00:47:08.853339 2026] [authz_core:debug] [pid 618126:tid 618126] mod_authz_core.c(815): [client 17.246.23.234:44520] AH01626: authorization result of : granted
[Sat Aug 22 00:47:08.853466 2026] [authz_core:debug] [pid 618126:tid 618126] mod_authz_core.c(815): [client 17.246.23.234:44520] AH01626: authorization result of Require all granted: granted
[Sat Aug 22 00:47:08.853470 2026] [authz_core:debug] [pid 618126:tid 618126] mod_authz_core.c(815): [client 17.246.23.234:44520] AH01626: authorization result of : granted
[Sat Aug 22 00:47:08.853480 2026] [php7:error] [pid 618126:tid 618126] [client 17.246.23.234:44520] script '/var/www/html/2blog/booksindex.php' not found or unable to stat
[Sat Aug 22 00:47:08.853488 2026] [headers:debug] [pid 618126:tid 618126] mod_headers.c(900): AH01503: headers: ap_headers_error_filter()
[Sat Aug 22 00:47:08.927378 2026] [ssl:debug] [pid 613414:tid 613414] ssl_engine_kernel.c(254): [client 34.75.231.121:34012] AH02034: Subsequent (No.13) HTTPS request received for child 22 (server www.ilc.edu.tw:443)
[Sat Aug 22 00:47:08.927561 2026] [authz_core:debug] [pid 613414:tid 613414] mod_authz_core.c(815): [client 34.75.231.121:34012] AH01626: authorization result of Require all granted: granted
[Sat Aug 22 00:47:08.927568 2026] [authz_core:debug] [pid 613414:tid 613414] mod_authz_core.c(815): [client 34.75.231.121:34012] AH01626: authorization result of : granted
[Sat Aug 22 00:47:08.927689 2026] [authz_core:debug] [pid 613414:tid 613414] mod_authz_core.c(815): [client 34.75.231.121:34012] AH01626: authorization result of Require all granted: granted
[Sat Aug 22 00:47:08.927694 2026] [authz_core:debug] [pid 613414:tid 613414] mod_authz_core.c(815): [client 34.75.231.121:34012] AH01626: authorization result of : granted
[Sat Aug 22 00:47:08.929244 2026] [ssl:debug] [pid 618029:tid 618029] ssl_engine_kernel.c(254): [client 34.75.231.121:33978] AH02034: Subsequent (No.14) HTTPS request received for child 32 (server www.ilc.edu.tw:443)
[Sat Aug 22 00:47:08.929444 2026] [authz_core:debug] [pid 618029:tid 618029] mod_authz_core.c(815): [client 34.75.231.121:33978] AH01626: authorization result of Require all granted: granted
[Sat Aug 22 00:47:08.929455 2026] [authz_core:debug] [pid 618029:tid 618029] mod_authz_core.c(815): [client 34.75.231.121:33978] AH01626: authorization result of : granted
[Sat Aug 22 00:47:08.929591 2026] [authz_core:debug] [pid 618029:tid 618029] mod_authz_core.c(815): [client 34.75.231.121:33978] AH01626: authorization result of Require all granted: granted
[Sat Aug 22 00:47:08.929598 2026] [authz_core:debug] [pid 618029:tid 618029] mod_authz_core.c(815): [client 34.75.231.121:33978] AH01626: authorization result of : granted
[Sat Aug 22 00:47:09.043888 2026] [ssl:debug] [pid 618133:tid 618133] ssl_engine_kernel.c(254): [client 34.75.231.121:34056] AH02034: Subsequent (No.12) HTTPS request received for child 4 (server www.ilc.edu.tw:443)
[Sat Aug 22 00:47:09.044090 2026] [authz_core:debug] [pid 618133:tid 618133] mod_authz_core.c(815): [client 34.75.231.121:34056] AH01626: authorization result of Require all granted: granted
[Sat Aug 22 00:47:09.044095 2026] [authz_core:debug] [pid 618133:tid 618133] mod_authz_core.c(815): [client 34.75.231.121:34056] AH01626: authorization result of : granted
[Sat Aug 22 00:47:09.044216 2026] [authz_core:debug] [pid 618133:tid 618133] mod_authz_core.c(815): [client 34.75.231.121:34056] AH01626: authorization result of Require all granted: granted
[Sat Aug 22 00:47:09.044221 2026] [authz_core:debug] [pid 618133:tid 618133] mod_authz_core.c(815): [client 34.75.231.121:34056] AH01626: authorization result of : granted
[Sat Aug 22 00:47:09.132685 2026] [watchdog:debug] [pid 618147:tid 618147] mod_watchdog.c(559): AH02980: Watchdog: nothing configured?
[Sat Aug 22 00:47:09.387481 2026] [ssl:debug] [pid 618058:tid 618058] ssl_engine_kernel.c(254): [client 34.75.231.121:33968] AH02034: Subsequent (No.17) HTTPS request received for child 63 (server www.ilc.edu.tw:443)
[Sat Aug 22 00:47:09.387689 2026] [authz_core:debug] [pid 618058:tid 618058] mod_authz_core.c(815): [client 34.75.231.121:33968] AH01626: authorization result of Require all granted: granted
[Sat Aug 22 00:47:09.387695 2026] [authz_core:debug] [pid 618058:tid 618058] mod_authz_core.c(815): [client 34.75.231.121:33968] AH01626: authorization result of : granted
[Sat Aug 22 00:47:09.387817 2026] [authz_core:debug] [pid 618058:tid 618058] mod_authz_core.c(815): [client 34.75.231.121:33968] AH01626: authorization result of Require all granted: granted
[Sat Aug 22 00:47:09.387822 2026] [authz_core:debug] [pid 618058:tid 618058] mod_authz_core.c(815): [client 34.75.231.121:33968] AH01626: authorization result of : granted
[Sat Aug 22 00:47:09.449070 2026] [ssl:debug] [pid 618131:tid 618131] ssl_engine_io.c(1150): [client 34.75.231.121:34046] AH02001: Connection closed to child 2 with standard shutdown (server www.ilc.edu.tw:443)
[Sat Aug 22 00:47:09.513964 2026] [ssl:debug] [pid 618037:tid 618037] ssl_engine_kernel.c(254): [client 34.75.231.121:33960] AH02034: Subsequent (No.15) HTTPS request received for child 41 (server www.ilc.edu.tw:443)
[Sat Aug 22 00:47:09.514203 2026] [authz_core:debug] [pid 618037:tid 618037] mod_authz_core.c(815): [client 34.75.231.121:33960] AH01626: authorization result of Require all granted: granted
[Sat Aug 22 00:47:09.514212 2026] [authz_core:debug] [pid 618037:tid 618037] mod_authz_core.c(815): [client 34.75.231.121:33960] AH01626: authorization result of : granted
[Sat Aug 22 00:47:09.514335 2026] [authz_core:debug] [pid 618037:tid 618037] mod_authz_core.c(815): [client 34.75.231.121:33960] AH01626: authorization result of Require all granted: granted
[Sat Aug 22 00:47:09.514339 2026] [authz_core:debug] [pid 618037:tid 618037] mod_authz_core.c(815): [client 34.75.231.121:33960] AH01626: authorization result of : granted
[Sat Aug 22 00:47:09.517039 2026] [ssl:debug] [pid 618019:tid 618019] ssl_engine_io.c(1150): [client 34.75.231.121:33952] AH02001: Connection closed to child 19 with standard shutdown (server www.ilc.edu.tw:443)
