[Sat Aug 22 00:47:04.885447 2026] [core:debug] [pid 618140:tid 618140] protocol.c(2460): [client 216.73.216.122:29938] AH03155: select protocol from , choices=h2,http/1.1 for server www.shjes.ilc.edu.tw
[Sat Aug 22 00:47:04.885450 2026] [ssl:debug] [pid 618139:tid 618139] ssl_util_stapling.c(819): AH01951: stapling_cb: OCSP Stapling callback called
[Sat Aug 22 00:47:04.885460 2026] [ssl:info] [pid 618139:tid 618139] AH01926: stapling_get_certinfo: stapling not supported for certificate
[Sat Aug 22 00:47:04.885540 2026] [ssl:debug] [pid 618140:tid 618140] ssl_util_stapling.c(819): AH01951: stapling_cb: OCSP Stapling callback called
[Sat Aug 22 00:47:04.885552 2026] [ssl:info] [pid 618140:tid 618140] AH01926: stapling_get_certinfo: stapling not supported for certificate
[Sat Aug 22 00:47:04.889087 2026] [ssl:debug] [pid 618133:tid 618133] ssl_engine_kernel.c(254): [client 34.75.231.121:34056] AH02034: Subsequent (No.3) HTTPS request received for child 4 (server www.ilc.edu.tw:443)
[Sat Aug 22 00:47:04.889307 2026] [authz_core:debug] [pid 618133:tid 618133] mod_authz_core.c(815): [client 34.75.231.121:34056] AH01626: authorization result of Require all granted: granted
[Sat Aug 22 00:47:04.889327 2026] [authz_core:debug] [pid 618133:tid 618133] mod_authz_core.c(815): [client 34.75.231.121:34056] AH01626: authorization result of : granted
[Sat Aug 22 00:47:04.889487 2026] [authz_core:debug] [pid 618133:tid 618133] mod_authz_core.c(815): [client 34.75.231.121:34056] AH01626: authorization result of Require all granted: granted
[Sat Aug 22 00:47:04.889494 2026] [authz_core:debug] [pid 618133:tid 618133] mod_authz_core.c(815): [client 34.75.231.121:34056] AH01626: authorization result of : granted
[Sat Aug 22 00:47:04.893098 2026] [ssl:info] [pid 618141:tid 618141] [client 216.73.216.122:42614] AH01964: Connection to child 12 established (server 2blog.ilc.edu.tw:443)
[Sat Aug 22 00:47:04.893453 2026] [ssl:debug] [pid 618141:tid 618141] ssl_engine_kernel.c(2222): [client 216.73.216.122:42614] AH02043: SSL virtual host for servername www.shjes.ilc.edu.tw found
[Sat Aug 22 00:47:04.893553 2026] [core:debug] [pid 618141:tid 618141] protocol.c(2460): [client 216.73.216.122:42614] AH03155: select protocol from , choices=h2,http/1.1 for server www.shjes.ilc.edu.tw
[Sat Aug 22 00:47:04.893615 2026] [ssl:debug] [pid 618141:tid 618141] ssl_util_stapling.c(819): AH01951: stapling_cb: OCSP Stapling callback called
[Sat Aug 22 00:47:04.893621 2026] [ssl:info] [pid 618141:tid 618141] AH01926: stapling_get_certinfo: stapling not supported for certificate
[Sat Aug 22 00:47:04.897344 2026] [ssl:info] [pid 618142:tid 618142] [client 216.73.216.122:7117] AH01964: Connection to child 13 established (server 2blog.ilc.edu.tw:443)
[Sat Aug 22 00:47:04.897787 2026] [ssl:debug] [pid 618142:tid 618142] ssl_engine_kernel.c(2222): [client 216.73.216.122:7117] AH02043: SSL virtual host for servername www.shjes.ilc.edu.tw found
[Sat Aug 22 00:47:04.897884 2026] [core:debug] [pid 618142:tid 618142] protocol.c(2460): [client 216.73.216.122:7117] AH03155: select protocol from , choices=h2,http/1.1 for server www.shjes.ilc.edu.tw
[Sat Aug 22 00:47:04.897948 2026] [ssl:debug] [pid 618142:tid 618142] ssl_util_stapling.c(819): AH01951: stapling_cb: OCSP Stapling callback called
[Sat Aug 22 00:47:04.897955 2026] [ssl:info] [pid 618142:tid 618142] AH01926: stapling_get_certinfo: stapling not supported for certificate
[Sat Aug 22 00:47:04.905599 2026] [ssl:info] [pid 618143:tid 618143] [client 216.73.216.122:3295] AH01964: Connection to child 16 established (server 2blog.ilc.edu.tw:443)
[Sat Aug 22 00:47:04.905984 2026] [ssl:debug] [pid 618143:tid 618143] ssl_engine_kernel.c(2222): [client 216.73.216.122:3295] AH02043: SSL virtual host for servername www.shjes.ilc.edu.tw found
[Sat Aug 22 00:47:04.906084 2026] [core:debug] [pid 618143:tid 618143] protocol.c(2460): [client 216.73.216.122:3295] AH03155: select protocol from , choices=h2,http/1.1 for server www.shjes.ilc.edu.tw
[Sat Aug 22 00:47:04.906150 2026] [ssl:debug] [pid 618143:tid 618143] ssl_util_stapling.c(819): AH01951: stapling_cb: OCSP Stapling callback called
[Sat Aug 22 00:47:04.906156 2026] [ssl:info] [pid 618143:tid 618143] AH01926: stapling_get_certinfo: stapling not supported for certificate
[Sat Aug 22 00:47:04.970591 2026] [ssl:info] [pid 618144:tid 618144] [client 216.73.216.122:54839] AH01964: Connection to child 17 established (server 2blog.ilc.edu.tw:443)
[Sat Aug 22 00:47:04.970972 2026] [ssl:debug] [pid 618144:tid 618144] ssl_engine_kernel.c(2222): [client 216.73.216.122:54839] AH02043: SSL virtual host for servername www.shjes.ilc.edu.tw found
[Sat Aug 22 00:47:04.971072 2026] [core:debug] [pid 618144:tid 618144] protocol.c(2460): [client 216.73.216.122:54839] AH03155: select protocol from , choices=h2,http/1.1 for server www.shjes.ilc.edu.tw
[Sat Aug 22 00:47:04.971137 2026] [ssl:debug] [pid 618144:tid 618144] ssl_util_stapling.c(819): AH01951: stapling_cb: OCSP Stapling callback called
[Sat Aug 22 00:47:04.971143 2026] [ssl:info] [pid 618144:tid 618144] AH01926: stapling_get_certinfo: stapling not supported for certificate
[Sat Aug 22 00:47:05.039058 2026] [ssl:debug] [pid 618058:tid 618058] ssl_engine_kernel.c(254): [client 34.75.231.121:33968] AH02034: Subsequent (No.9) HTTPS request received for child 63 (server www.ilc.edu.tw:443)
[Sat Aug 22 00:47:05.039258 2026] [authz_core:debug] [pid 618058:tid 618058] mod_authz_core.c(815): [client 34.75.231.121:33968] AH01626: authorization result of Require all granted: granted
[Sat Aug 22 00:47:05.039263 2026] [authz_core:debug] [pid 618058:tid 618058] mod_authz_core.c(815): [client 34.75.231.121:33968] AH01626: authorization result of : granted
[Sat Aug 22 00:47:05.039367 2026] [authz_core:debug] [pid 618058:tid 618058] mod_authz_core.c(815): [client 34.75.231.121:33968] AH01626: authorization result of Require all granted: granted
[Sat Aug 22 00:47:05.039370 2026] [authz_core:debug] [pid 618058:tid 618058] mod_authz_core.c(815): [client 34.75.231.121:33968] AH01626: authorization result of : granted
[Sat Aug 22 00:47:05.043294 2026] [ssl:info] [pid 618145:tid 618145] [client 216.73.216.122:34891] AH01964: Connection to child 20 established (server 2blog.ilc.edu.tw:443)
[Sat Aug 22 00:47:05.043739 2026] [ssl:debug] [pid 618145:tid 618145] ssl_engine_kernel.c(2222): [client 216.73.216.122:34891] AH02043: SSL virtual host for servername www.shjes.ilc.edu.tw found
[Sat Aug 22 00:47:05.043838 2026] [core:debug] [pid 618145:tid 618145] protocol.c(2460): [client 216.73.216.122:34891] AH03155: select protocol from , choices=h2,http/1.1 for server www.shjes.ilc.edu.tw
[Sat Aug 22 00:47:05.043902 2026] [ssl:debug] [pid 618145:tid 618145] ssl_util_stapling.c(819): AH01951: stapling_cb: OCSP Stapling callback called
[Sat Aug 22 00:47:05.043908 2026] [ssl:info] [pid 618145:tid 618145] AH01926: stapling_get_certinfo: stapling not supported for certificate
[Sat Aug 22 00:47:05.102907 2026] [ssl:debug] [pid 618139:tid 618139] ssl_engine_kernel.c(2082): [client 216.73.216.122:33417] AH02041: Protocol: TLSv1.3, Cipher: TLS_AES_256_GCM_SHA384 (256/256 bits)
[Sat Aug 22 00:47:05.102918 2026] [ssl:debug] [pid 618140:tid 618140] ssl_engine_kernel.c(2082): [client 216.73.216.122:29938] AH02041: Protocol: TLSv1.3, Cipher: TLS_AES_256_GCM_SHA384 (256/256 bits)
[Sat Aug 22 00:47:05.102983 2026] [socache_shmcb:debug] [pid 618139:tid 618139] mod_socache_shmcb.c(508): AH00831: socache_shmcb_store (0x94 -> subcache 20)
[Sat Aug 22 00:47:05.103000 2026] [socache_shmcb:debug] [pid 618139:tid 618139] mod_socache_shmcb.c(860): AH00847: insert happened at idx=80, data=(7216:7248)
[Sat Aug 22 00:47:05.103002 2026] [socache_shmcb:debug] [pid 618139:tid 618139] mod_socache_shmcb.c(863): AH00848: finished insert, subcache: idx_pos/idx_used=23/58, data_pos/data_used=8385/12925
[Sat Aug 22 00:47:05.103004 2026] [socache_shmcb:debug] [pid 618139:tid 618139] mod_socache_shmcb.c(530): AH00834: leaving socache_shmcb_store successfully
[Sat Aug 22 00:47:05.103027 2026] [socache_shmcb:debug] [pid 618140:tid 618140] mod_socache_shmcb.c(508): AH00831: socache_shmcb_store (0x09 -> subcache 9)
[Sat Aug 22 00:47:05.103038 2026] [socache_shmcb:debug] [pid 618140:tid 618140] mod_socache_shmcb.c(745): AH00842: expiring 1 and reclaiming 0 removed socache entries
[Sat Aug 22 00:47:05.103041 2026] [socache_shmcb:debug] [pid 618140:tid 618140] mod_socache_shmcb.c(765): AH00843: we now have 38 socache entries
[Sat Aug 22 00:47:05.103043 2026] [socache_shmcb:debug] [pid 618140:tid 618140] mod_socache_shmcb.c(860): AH00847: insert happened at idx=54, data=(1309:1341)
[Sat Aug 22 00:47:05.103045 2026] [socache_shmcb:debug] [pid 618140:tid 618140] mod_socache_shmcb.c(863): AH00848: finished insert, subcache: idx_pos/idx_used=16/39, data_pos/data_used=6676/8727
[Sat Aug 22 00:47:05.103046 2026] [socache_shmcb:debug] [pid 618140:tid 618140] mod_socache_shmcb.c(530): AH00834: leaving socache_shmcb_store successfully
[Sat Aug 22 00:47:05.103059 2026] [socache_shmcb:debug] [pid 618139:tid 618139] mod_socache_shmcb.c(508): AH00831: socache_shmcb_store (0x31 -> subcache 17)
[Sat Aug 22 00:47:05.103063 2026] [socache_shmcb:debug] [pid 618139:tid 618139] mod_socache_shmcb.c(745): AH00842: expiring 2 and reclaiming 0 removed socache entries
[Sat Aug 22 00:47:05.103074 2026] [socache_shmcb:debug] [pid 618139:tid 618139] mod_socache_shmcb.c(765): AH00843: we now have 42 socache entries
[Sat Aug 22 00:47:05.103076 2026] [socache_shmcb:debug] [pid 618139:tid 618139] mod_socache_shmcb.c(860): AH00847: insert happened at idx=20, data=(7633:7665)
[Sat Aug 22 00:47:05.103078 2026] [socache_shmcb:debug] [pid 618139:tid 618139] mod_socache_shmcb.c(863): AH00848: finished insert, subcache: idx_pos/idx_used=66/43, data_pos/data_used=12123/9604
[Sat Aug 22 00:47:05.103079 2026] [socache_shmcb:debug] [pid 618139:tid 618139] mod_socache_shmcb.c(530): AH00834: leaving socache_shmcb_store successfully
[Sat Aug 22 00:47:05.103090 2026] [socache_shmcb:debug] [pid 618140:tid 618140] mod_socache_shmcb.c(508): AH00831: socache_shmcb_store (0x7a -> subcache 26)
[Sat Aug 22 00:47:05.103098 2026] [socache_shmcb:debug] [pid 618140:tid 618140] mod_socache_shmcb.c(860): AH00847: insert happened at idx=55, data=(1337:1369)
[Sat Aug 22 00:47:05.103100 2026] [socache_shmcb:debug] [pid 618140:tid 618140] mod_socache_shmcb.c(863): AH00848: finished insert, subcache: idx_pos/idx_used=9/47, data_pos/data_used=4992/10439
[Sat Aug 22 00:47:05.103102 2026] [socache_shmcb:debug] [pid 618140:tid 618140] mod_socache_shmcb.c(530): AH00834: leaving socache_shmcb_store successfully
[Sat Aug 22 00:47:05.103217 2026] [ssl:debug] [pid 618139:tid 618139] ssl_engine_kernel.c(254): [client 216.73.216.122:33417] AH02034: Initial (No.1) HTTPS request received for child 10 (server www.shjes.ilc.edu.tw:443)
[Sat Aug 22 00:47:05.103225 2026] [ssl:debug] [pid 618140:tid 618140] ssl_engine_kernel.c(254): [client 216.73.216.122:29938] AH02034: Initial (No.1) HTTPS request received for child 11 (server www.shjes.ilc.edu.tw:443)
[Sat Aug 22 00:47:05.103473 2026] [authz_core:debug] [pid 618140:tid 618140] mod_authz_core.c(815): [client 216.73.216.122:29938] AH01626: authorization result of Require all granted: granted
[Sat Aug 22 00:47:05.103472 2026] [authz_core:debug] [pid 618139:tid 618139] mod_authz_core.c(815): [client 216.73.216.122:33417] AH01626: authorization result of Require all granted: granted
[Sat Aug 22 00:47:05.103478 2026] [authz_core:debug] [pid 618140:tid 618140] mod_authz_core.c(815): [client 216.73.216.122:29938] AH01626: authorization result of : granted
[Sat Aug 22 00:47:05.103481 2026] [authz_core:debug] [pid 618139:tid 618139] mod_authz_core.c(815): [client 216.73.216.122:33417] AH01626: authorization result of : granted
[Sat Aug 22 00:47:05.103998 2026] [authz_core:debug] [pid 618139:tid 618139] mod_authz_core.c(815): [client 216.73.216.122:33417] AH01626: authorization result of Require all granted: granted
[Sat Aug 22 00:47:05.104004 2026] [authz_core:debug] [pid 618139:tid 618139] mod_authz_core.c(815): [client 216.73.216.122:33417] AH01626: authorization result of : granted
[Sat Aug 22 00:47:05.104020 2026] [authz_core:debug] [pid 618140:tid 618140] mod_authz_core.c(815): [client 216.73.216.122:29938] AH01626: authorization result of Require all granted: granted
[Sat Aug 22 00:47:05.104026 2026] [authz_core:debug] [pid 618140:tid 618140] mod_authz_core.c(815): [client 216.73.216.122:29938] AH01626: authorization result of : granted
[Sat Aug 22 00:47:05.105966 2026] [ssl:debug] [pid 618037:tid 618037] ssl_engine_kernel.c(254): [client 34.75.231.121:33960] AH02034: Subsequent (No.7) HTTPS request received for child 41 (server www.ilc.edu.tw:443)
[Sat Aug 22 00:47:05.106172 2026] [authz_core:debug] [pid 618037:tid 618037] mod_authz_core.c(815): [client 34.75.231.121:33960] AH01626: authorization result of Require all granted: granted
[Sat Aug 22 00:47:05.106180 2026] [authz_core:debug] [pid 618037:tid 618037] mod_authz_core.c(815): [client 34.75.231.121:33960] AH01626: authorization result of : granted
[Sat Aug 22 00:47:05.106285 2026] [authz_core:debug] [pid 618037:tid 618037] mod_authz_core.c(815): [client 34.75.231.121:33960] AH01626: authorization result of Require all granted: granted
[Sat Aug 22 00:47:05.106289 2026] [authz_core:debug] [pid 618037:tid 618037] mod_authz_core.c(815): [client 34.75.231.121:33960] AH01626: authorization result of : granted
[Sat Aug 22 00:47:05.124146 2026] [ssl:debug] [pid 618142:tid 618142] ssl_engine_kernel.c(2082): [client 216.73.216.122:7117] AH02041: Protocol: TLSv1.3, Cipher: TLS_AES_256_GCM_SHA384 (256/256 bits)
[Sat Aug 22 00:47:05.124217 2026] [socache_shmcb:debug] [pid 618142:tid 618142] mod_socache_shmcb.c(508): AH00831: socache_shmcb_store (0x99 -> subcache 25)
[Sat Aug 22 00:47:05.124229 2026] [socache_shmcb:debug] [pid 618142:tid 618142] mod_socache_shmcb.c(860): AH00847: insert happened at idx=41, data=(12209:12241)
[Sat Aug 22 00:47:05.124231 2026] [socache_shmcb:debug] [pid 618142:tid 618142] mod_socache_shmcb.c(863): AH00848: finished insert, subcache: idx_pos/idx_used=6/36, data_pos/data_used=4396/8043
[Sat Aug 22 00:47:05.124234 2026] [socache_shmcb:debug] [pid 618142:tid 618142] mod_socache_shmcb.c(530): AH00834: leaving socache_shmcb_store successfully
[Sat Aug 22 00:47:05.124278 2026] [socache_shmcb:debug] [pid 618142:tid 618142] mod_socache_shmcb.c(508): AH00831: socache_shmcb_store (0xa7 -> subcache 7)
[Sat Aug 22 00:47:05.124288 2026] [socache_shmcb:debug] [pid 618142:tid 618142] mod_socache_shmcb.c(745): AH00842: expiring 1 and reclaiming 0 removed socache entries
[Sat Aug 22 00:47:05.124291 2026] [socache_shmcb:debug] [pid 618142:tid 618142] mod_socache_shmcb.c(765): AH00843: we now have 40 socache entries
[Sat Aug 22 00:47:05.124293 2026] [socache_shmcb:debug] [pid 618142:tid 618142] mod_socache_shmcb.c(860): AH00847: insert happened at idx=66, data=(3897:3929)
[Sat Aug 22 00:47:05.124294 2026] [socache_shmcb:debug] [pid 618142:tid 618142] mod_socache_shmcb.c(863): AH00848: finished insert, subcache: idx_pos/idx_used=26/41, data_pos/data_used=8818/9173
[Sat Aug 22 00:47:05.124296 2026] [socache_shmcb:debug] [pid 618142:tid 618142] mod_socache_shmcb.c(530): AH00834: leaving socache_shmcb_store successfully
[Sat Aug 22 00:47:05.124438 2026] [ssl:debug] [pid 618142:tid 618142] ssl_engine_kernel.c(254): [client 216.73.216.122:7117] AH02034: Initial (No.1) HTTPS request received for child 13 (server www.shjes.ilc.edu.tw:443)
[Sat Aug 22 00:47:05.124672 2026] [authz_core:debug] [pid 618142:tid 618142] mod_authz_core.c(815): [client 216.73.216.122:7117] AH01626: authorization result of Require all granted: granted
[Sat Aug 22 00:47:05.124677 2026] [authz_core:debug] [pid 618142:tid 618142] mod_authz_core.c(815): [client 216.73.216.122:7117] AH01626: authorization result of : granted
[Sat Aug 22 00:47:05.124738 2026] [ssl:debug] [pid 618141:tid 618141] ssl_engine_kernel.c(2082): [client 216.73.216.122:42614] AH02041: Protocol: TLSv1.3, Cipher: TLS_AES_256_GCM_SHA384 (256/256 bits)
[Sat Aug 22 00:47:05.124798 2026] [socache_shmcb:debug] [pid 618141:tid 618141] mod_socache_shmcb.c(508): AH00831: socache_shmcb_store (0xd5 -> subcache 21)
[Sat Aug 22 00:47:05.124812 2026] [socache_shmcb:debug] [pid 618141:tid 618141] mod_socache_shmcb.c(860): AH00847: insert happened at idx=39, data=(11679:11711)
[Sat Aug 22 00:47:05.124814 2026] [socache_shmcb:debug] [pid 618141:tid 618141] mod_socache_shmcb.c(863): AH00848: finished insert, subcache: idx_pos/idx_used=9/31, data_pos/data_used=5071/6838
[Sat Aug 22 00:47:05.124816 2026] [socache_shmcb:debug] [pid 618141:tid 618141] mod_socache_shmcb.c(530): AH00834: leaving socache_shmcb_store successfully
[Sat Aug 22 00:47:05.124855 2026] [socache_shmcb:debug] [pid 618141:tid 618141] mod_socache_shmcb.c(508): AH00831: socache_shmcb_store (0xa9 -> subcache 9)
[Sat Aug 22 00:47:05.124862 2026] [socache_shmcb:debug] [pid 618141:tid 618141] mod_socache_shmcb.c(860): AH00847: insert happened at idx=55, data=(1539:1571)
[Sat Aug 22 00:47:05.124864 2026] [socache_shmcb:debug] [pid 618141:tid 618141] mod_socache_shmcb.c(863): AH00848: finished insert, subcache: idx_pos/idx_used=16/40, data_pos/data_used=6676/8956
[Sat Aug 22 00:47:05.124866 2026] [socache_shmcb:debug] [pid 618141:tid 618141] mod_socache_shmcb.c(530): AH00834: leaving socache_shmcb_store successfully
[Sat Aug 22 00:47:05.125007 2026] [ssl:debug] [pid 618141:tid 618141] ssl_engine_kernel.c(254): [client 216.73.216.122:42614] AH02034: Initial (No.1) HTTPS request received for child 12 (server www.shjes.ilc.edu.tw:443)
[Sat Aug 22 00:47:05.125205 2026] [authz_core:debug] [pid 618141:tid 618141] mod_authz_core.c(815): [client 216.73.216.122:42614] AH01626: authorization result of Require all granted: granted
[Sat Aug 22 00:47:05.125211 2026] [authz_core:debug] [pid 618141:tid 618141] mod_authz_core.c(815): [client 216.73.216.122:42614] AH01626: authorization result of : granted
[Sat Aug 22 00:47:05.125240 2026] [authz_core:debug] [pid 618142:tid 618142] mod_authz_core.c(815): [client 216.73.216.122:7117] AH01626: authorization result of Require all granted: granted
[Sat Aug 22 00:47:05.125245 2026] [authz_core:debug] [pid 618142:tid 618142] mod_authz_core.c(815): [client 216.73.216.122:7117] AH01626: authorization result of : granted
[Sat Aug 22 00:47:05.125690 2026] [authz_core:debug] [pid 618141:tid 618141] mod_authz_core.c(815): [client 216.73.216.122:42614] AH01626: authorization result of Require all granted: granted
[Sat Aug 22 00:47:05.125697 2026] [authz_core:debug] [pid 618141:tid 618141] mod_authz_core.c(815): [client 216.73.216.122:42614] AH01626: authorization result of : granted
[Sat Aug 22 00:47:05.129603 2026] [deflate:debug] [pid 618140:tid 618140] mod_deflate.c(909): [client 216.73.216.122:29938] AH01384: Zlib: Compressed 50222 to 11894 : URL /index.php
[Sat Aug 22 00:47:05.140966 2026] [ssl:debug] [pid 618143:tid 618143] ssl_engine_kernel.c(2082): [client 216.73.216.122:3295] AH02041: Protocol: TLSv1.3, Cipher: TLS_AES_256_GCM_SHA384 (256/256 bits)
[Sat Aug 22 00:47:05.141046 2026] [socache_shmcb:debug] [pid 618143:tid 618143] mod_socache_shmcb.c(508): AH00831: socache_shmcb_store (0x8b -> subcache 11)
[Sat Aug 22 00:47:05.141058 2026] [socache_shmcb:debug] [pid 618143:tid 618143] mod_socache_shmcb.c(745): AH00842: expiring 4 and reclaiming 0 removed socache entries
[Sat Aug 22 00:47:05.141060 2026] [socache_shmcb:debug] [pid 618143:tid 618143] mod_socache_shmcb.c(765): AH00843: we now have 44 socache entries
[Sat Aug 22 00:47:05.141063 2026] [socache_shmcb:debug] [pid 618143:tid 618143] mod_socache_shmcb.c(860): AH00847: insert happened at idx=81, data=(7331:7363)
[Sat Aug 22 00:47:05.141065 2026] [socache_shmcb:debug] [pid 618143:tid 618143] mod_socache_shmcb.c(863): AH00848: finished insert, subcache: idx_pos/idx_used=37/45, data_pos/data_used=11385/10040
[Sat Aug 22 00:47:05.141067 2026] [socache_shmcb:debug] [pid 618143:tid 618143] mod_socache_shmcb.c(530): AH00834: leaving socache_shmcb_store successfully
[Sat Aug 22 00:47:05.141113 2026] [socache_shmcb:debug] [pid 618143:tid 618143] mod_socache_shmcb.c(508): AH00831: socache_shmcb_store (0x20 -> subcache 0)
[Sat Aug 22 00:47:05.141117 2026] [socache_shmcb:debug] [pid 618143:tid 618143] mod_socache_shmcb.c(745): AH00842: expiring 1 and reclaiming 0 removed socache entries
[Sat Aug 22 00:47:05.141119 2026] [socache_shmcb:debug] [pid 618143:tid 618143] mod_socache_shmcb.c(765): AH00843: we now have 35 socache entries
[Sat Aug 22 00:47:05.141121 2026] [socache_shmcb:debug] [pid 618143:tid 618143] mod_socache_shmcb.c(860): AH00847: insert happened at idx=57, data=(2058:2090)
[Sat Aug 22 00:47:05.141122 2026] [socache_shmcb:debug] [pid 618143:tid 618143] mod_socache_shmcb.c(863): AH00848: finished insert, subcache: idx_pos/idx_used=22/36, data_pos/data_used=8185/7967
[Sat Aug 22 00:47:05.141124 2026] [socache_shmcb:debug] [pid 618143:tid 618143] mod_socache_shmcb.c(530): AH00834: leaving socache_shmcb_store successfully
[Sat Aug 22 00:47:05.141317 2026] [ssl:debug] [pid 618143:tid 618143] ssl_engine_kernel.c(254): [client 216.73.216.122:3295] AH02034: Initial (No.1) HTTPS request received for child 16 (server www.shjes.ilc.edu.tw:443)
[Sat Aug 22 00:47:05.141579 2026] [authz_core:debug] [pid 618143:tid 618143] mod_authz_core.c(815): [client 216.73.216.122:3295] AH01626: authorization result of Require all granted: granted
[Sat Aug 22 00:47:05.141594 2026] [authz_core:debug] [pid 618143:tid 618143] mod_authz_core.c(815): [client 216.73.216.122:3295] AH01626: authorization result of : granted
[Sat Aug 22 00:47:05.142153 2026] [authz_core:debug] [pid 618143:tid 618143] mod_authz_core.c(815): [client 216.73.216.122:3295] AH01626: authorization result of Require all granted: granted
[Sat Aug 22 00:47:05.142157 2026] [authz_core:debug] [pid 618143:tid 618143] mod_authz_core.c(815): [client 216.73.216.122:3295] AH01626: authorization result of : granted
[Sat Aug 22 00:47:05.146563 2026] [deflate:debug] [pid 618142:tid 618142] mod_deflate.c(909): [client 216.73.216.122:7117] AH01384: Zlib: Compressed 47847 to 10409 : URL /index.php
[Sat Aug 22 00:47:05.147379 2026] [deflate:debug] [pid 618139:tid 618139] mod_deflate.c(909): [client 216.73.216.122:33417] AH01384: Zlib: Compressed 41794 to 10084 : URL /index.php
[Sat Aug 22 00:47:05.162983 2026] [ssl:info] [pid 618039:tid 618039] [client 216.73.216.122:30221] AH01964: Connection to child 44 established (server 2blog.ilc.edu.tw:443)
[Sat Aug 22 00:47:05.163238 2026] [ssl:debug] [pid 618039:tid 618039] ssl_engine_kernel.c(2222): [client 216.73.216.122:30221] AH02043: SSL virtual host for servername www.shjes.ilc.edu.tw found
[Sat Aug 22 00:47:05.163313 2026] [core:debug] [pid 618039:tid 618039] protocol.c(2460): [client 216.73.216.122:30221] AH03155: select protocol from , choices=h2,http/1.1 for server www.shjes.ilc.edu.tw
[Sat Aug 22 00:47:05.163365 2026] [ssl:debug] [pid 618039:tid 618039] ssl_util_stapling.c(819): AH01951: stapling_cb: OCSP Stapling callback called
[Sat Aug 22 00:47:05.163374 2026] [ssl:info] [pid 618039:tid 618039] AH01926: stapling_get_certinfo: stapling not supported for certificate
[Sat Aug 22 00:47:05.166630 2026] [deflate:debug] [pid 618141:tid 618141] mod_deflate.c(909): [client 216.73.216.122:42614] AH01384: Zlib: Compressed 34406 to 8542 : URL /index.php
[Sat Aug 22 00:47:05.170733 2026] [deflate:debug] [pid 618143:tid 618143] mod_deflate.c(909): [client 216.73.216.122:3295] AH01384: Zlib: Compressed 40144 to 10008 : URL /index.php
[Sat Aug 22 00:47:05.193929 2026] [ssl:debug] [pid 618144:tid 618144] ssl_engine_kernel.c(2082): [client 216.73.216.122:54839] AH02041: Protocol: TLSv1.3, Cipher: TLS_AES_256_GCM_SHA384 (256/256 bits)
[Sat Aug 22 00:47:05.194006 2026] [socache_shmcb:debug] [pid 618144:tid 618144] mod_socache_shmcb.c(508): AH00831: socache_shmcb_store (0x25 -> subcache 5)
[Sat Aug 22 00:47:05.194020 2026] [socache_shmcb:debug] [pid 618144:tid 618144] mod_socache_shmcb.c(860): AH00847: insert happened at idx=71, data=(5039:5071)
[Sat Aug 22 00:47:05.194022 2026] [socache_shmcb:debug] [pid 618144:tid 618144] mod_socache_shmcb.c(863): AH00848: finished insert, subcache: idx_pos/idx_used=16/56, data_pos/data_used=6667/12466
[Sat Aug 22 00:47:05.194024 2026] [socache_shmcb:debug] [pid 618144:tid 618144] mod_socache_shmcb.c(530): AH00834: leaving socache_shmcb_store successfully
[Sat Aug 22 00:47:05.194075 2026] [socache_shmcb:debug] [pid 618144:tid 618144] mod_socache_shmcb.c(508): AH00831: socache_shmcb_store (0x7e -> subcache 30)
[Sat Aug 22 00:47:05.194083 2026] [socache_shmcb:debug] [pid 618144:tid 618144] mod_socache_shmcb.c(860): AH00847: insert happened at idx=50, data=(211:243)
[Sat Aug 22 00:47:05.194085 2026] [socache_shmcb:debug] [pid 618144:tid 618144] mod_socache_shmcb.c(863): AH00848: finished insert, subcache: idx_pos/idx_used=10/41, data_pos/data_used=5219/9086
[Sat Aug 22 00:47:05.194087 2026] [socache_shmcb:debug] [pid 618144:tid 618144] mod_socache_shmcb.c(530): AH00834: leaving socache_shmcb_store successfully
[Sat Aug 22 00:47:05.194235 2026] [ssl:debug] [pid 618144:tid 618144] ssl_engine_kernel.c(254): [client 216.73.216.122:54839] AH02034: Initial (No.1) HTTPS request received for child 17 (server www.shjes.ilc.edu.tw:443)
[Sat Aug 22 00:47:05.194482 2026] [authz_core:debug] [pid 618144:tid 618144] mod_authz_core.c(815): [client 216.73.216.122:54839] AH01626: authorization result of Require all granted: granted
[Sat Aug 22 00:47:05.194497 2026] [authz_core:debug] [pid 618144:tid 618144] mod_authz_core.c(815): [client 216.73.216.122:54839] AH01626: authorization result of : granted
[Sat Aug 22 00:47:05.195157 2026] [authz_core:debug] [pid 618144:tid 618144] mod_authz_core.c(815): [client 216.73.216.122:54839] AH01626: authorization result of Require all granted: granted
[Sat Aug 22 00:47:05.195165 2026] [authz_core:debug] [pid 618144:tid 618144] mod_authz_core.c(815): [client 216.73.216.122:54839] AH01626: authorization result of : granted
[Sat Aug 22 00:47:05.216629 2026] [deflate:debug] [pid 618144:tid 618144] mod_deflate.c(909): [client 216.73.216.122:54839] AH01384: Zlib: Compressed 52499 to 11847 : URL /index.php
[Sat Aug 22 00:47:05.259839 2026] [ssl:debug] [pid 618145:tid 618145] ssl_engine_kernel.c(2082): [client 216.73.216.122:34891] AH02041: Protocol: TLSv1.3, Cipher: TLS_AES_256_GCM_SHA384 (256/256 bits)
[Sat Aug 22 00:47:05.259899 2026] [socache_shmcb:debug] [pid 618145:tid 618145] mod_socache_shmcb.c(508): AH00831: socache_shmcb_store (0x6a -> subcache 10)
[Sat Aug 22 00:47:05.259910 2026] [socache_shmcb:debug] [pid 618145:tid 618145] mod_socache_shmcb.c(860): AH00847: insert happened at idx=64, data=(3376:3408)
[Sat Aug 22 00:47:05.259913 2026] [socache_shmcb:debug] [pid 618145:tid 618145] mod_socache_shmcb.c(863): AH00848: finished insert, subcache: idx_pos/idx_used=28/37, data_pos/data_used=9230/8240
[Sat Aug 22 00:47:05.259915 2026] [socache_shmcb:debug] [pid 618145:tid 618145] mod_socache_shmcb.c(530): AH00834: leaving socache_shmcb_store successfully
[Sat Aug 22 00:47:05.259967 2026] [socache_shmcb:debug] [pid 618145:tid 618145] mod_socache_shmcb.c(508): AH00831: socache_shmcb_store (0x92 -> subcache 18)
[Sat Aug 22 00:47:05.259975 2026] [socache_shmcb:debug] [pid 618145:tid 618145] mod_socache_shmcb.c(745): AH00842: expiring 2 and reclaiming 0 removed socache entries
[Sat Aug 22 00:47:05.259977 2026] [socache_shmcb:debug] [pid 618145:tid 618145] mod_socache_shmcb.c(765): AH00843: we now have 44 socache entries
[Sat Aug 22 00:47:05.259979 2026] [socache_shmcb:debug] [pid 618145:tid 618145] mod_socache_shmcb.c(860): AH00847: insert happened at idx=43, data=(12787:12819)
[Sat Aug 22 00:47:05.259980 2026] [socache_shmcb:debug] [pid 618145:tid 618145] mod_socache_shmcb.c(863): AH00848: finished insert, subcache: idx_pos/idx_used=87/45, data_pos/data_used=2939/10077
[Sat Aug 22 00:47:05.259983 2026] [socache_shmcb:debug] [pid 618145:tid 618145] mod_socache_shmcb.c(530): AH00834: leaving socache_shmcb_store successfully
[Sat Aug 22 00:47:05.260128 2026] [ssl:debug] [pid 618145:tid 618145] ssl_engine_kernel.c(254): [client 216.73.216.122:34891] AH02034: Initial (No.1) HTTPS request received for child 20 (server www.shjes.ilc.edu.tw:443)
[Sat Aug 22 00:47:05.260371 2026] [authz_core:debug] [pid 618145:tid 618145] mod_authz_core.c(815): [client 216.73.216.122:34891] AH01626: authorization result of Require all granted: granted
[Sat Aug 22 00:47:05.260376 2026] [authz_core:debug] [pid 618145:tid 618145] mod_authz_core.c(815): [client 216.73.216.122:34891] AH01626: authorization result of : granted
[Sat Aug 22 00:47:05.260920 2026] [authz_core:debug] [pid 618145:tid 618145] mod_authz_core.c(815): [client 216.73.216.122:34891] AH01626: authorization result of Require all granted: granted
[Sat Aug 22 00:47:05.260924 2026] [authz_core:debug] [pid 618145:tid 618145] mod_authz_core.c(815): [client 216.73.216.122:34891] AH01626: authorization result of : granted
[Sat Aug 22 00:47:05.283461 2026] [deflate:debug] [pid 618145:tid 618145] mod_deflate.c(909): [client 216.73.216.122:34891] AH01384: Zlib: Compressed 40370 to 10050 : URL /index.php
[Sat Aug 22 00:47:05.328540 2026] [ssl:debug] [pid 618133:tid 618133] ssl_engine_kernel.c(254): [client 34.75.231.121:34056] AH02034: Subsequent (No.4) HTTPS request received for child 4 (server www.ilc.edu.tw:443)
[Sat Aug 22 00:47:05.328819 2026] [authz_core:debug] [pid 618133:tid 618133] mod_authz_core.c(815): [client 34.75.231.121:34056] AH01626: authorization result of Require all denied: denied
[Sat Aug 22 00:47:05.328839 2026] [authz_core:debug] [pid 618133:tid 618133] mod_authz_core.c(815): [client 34.75.231.121:34056] AH01626: authorization result of : denied
[Sat Aug 22 00:47:05.328843 2026] [authz_core:error] [pid 618133:tid 618133] [client 34.75.231.121:34056] AH01630: client denied by server configuration: /var/www/html/2blog/.htpasswd
[Sat Aug 22 00:47:05.328857 2026] [headers:debug] [pid 618133:tid 618133] mod_headers.c(900): AH01503: headers: ap_headers_error_filter()
[Sat Aug 22 00:47:05.373924 2026] [ssl:debug] [pid 618142:tid 618142] ssl_engine_kernel.c(254): [client 216.73.216.122:7117] AH02034: Subsequent (No.2) HTTPS request received for child 13 (server www.shjes.ilc.edu.tw:443)
[Sat Aug 22 00:47:05.374099 2026] [authz_core:debug] [pid 618142:tid 618142] mod_authz_core.c(815): [client 216.73.216.122:7117] AH01626: authorization result of Require all granted: granted
[Sat Aug 22 00:47:05.374104 2026] [authz_core:debug] [pid 618142:tid 618142] mod_authz_core.c(815): [client 216.73.216.122:7117] AH01626: authorization result of : granted
[Sat Aug 22 00:47:05.374205 2026] [authz_core:debug] [pid 618142:tid 618142] mod_authz_core.c(815): [client 216.73.216.122:7117] AH01626: authorization result of Require all granted: granted
[Sat Aug 22 00:47:05.374209 2026] [authz_core:debug] [pid 618142:tid 618142] mod_authz_core.c(815): [client 216.73.216.122:7117] AH01626: authorization result of : granted
[Sat Aug 22 00:47:05.385685 2026] [ssl:debug] [pid 618125:tid 618125] ssl_engine_kernel.c(254): [client 34.75.231.121:33966] AH02034: Subsequent (No.11) HTTPS request received for child 0 (server www.ilc.edu.tw:443)
[Sat Aug 22 00:47:05.385873 2026] [authz_core:debug] [pid 618125:tid 618125] mod_authz_core.c(815): [client 34.75.231.121:33966] AH01626: authorization result of Require all granted: granted
[Sat Aug 22 00:47:05.385881 2026] [authz_core:debug] [pid 618125:tid 618125] mod_authz_core.c(815): [client 34.75.231.121:33966] AH01626: authorization result of : granted
[Sat Aug 22 00:47:05.385991 2026] [authz_core:debug] [pid 618125:tid 618125] mod_authz_core.c(815): [client 34.75.231.121:33966] AH01626: authorization result of Require all granted: granted
[Sat Aug 22 00:47:05.385995 2026] [authz_core:debug] [pid 618125:tid 618125] mod_authz_core.c(815): [client 34.75.231.121:33966] AH01626: authorization result of : granted
[Sat Aug 22 00:47:05.388143 2026] [deflate:debug] [pid 618142:tid 618142] mod_deflate.c(909): [client 216.73.216.122:7117] AH01384: Zlib: Compressed 40960 to 10019 : URL /index.php
[Sat Aug 22 00:47:05.414105 2026] [ssl:debug] [pid 618039:tid 618039] ssl_engine_kernel.c(2082): [client 216.73.216.122:30221] AH02041: Protocol: TLSv1.3, Cipher: TLS_AES_256_GCM_SHA384 (256/256 bits)
[Sat Aug 22 00:47:05.414154 2026] [socache_shmcb:debug] [pid 618039:tid 618039] mod_socache_shmcb.c(508): AH00831: socache_shmcb_store (0x62 -> subcache 2)
[Sat Aug 22 00:47:05.414160 2026] [socache_shmcb:debug] [pid 618039:tid 618039] mod_socache_shmcb.c(860): AH00847: insert happened at idx=45, data=(13141:13173)
[Sat Aug 22 00:47:05.414162 2026] [socache_shmcb:debug] [pid 618039:tid 618039] mod_socache_shmcb.c(863): AH00848: finished insert, subcache: idx_pos/idx_used=9/37, data_pos/data_used=5103/8267
[Sat Aug 22 00:47:05.414164 2026] [socache_shmcb:debug] [pid 618039:tid 618039] mod_socache_shmcb.c(530): AH00834: leaving socache_shmcb_store successfully
[Sat Aug 22 00:47:05.414207 2026] [socache_shmcb:debug] [pid 618039:tid 618039] mod_socache_shmcb.c(508): AH00831: socache_shmcb_store (0xd3 -> subcache 19)
[Sat Aug 22 00:47:05.414221 2026] [socache_shmcb:debug] [pid 618039:tid 618039] mod_socache_shmcb.c(860): AH00847: insert happened at idx=30, data=(9776:9808)
[Sat Aug 22 00:47:05.414223 2026] [socache_shmcb:debug] [pid 618039:tid 618039] mod_socache_shmcb.c(863): AH00848: finished insert, subcache: idx_pos/idx_used=72/47, data_pos/data_used=13429/10441
[Sat Aug 22 00:47:05.414233 2026] [socache_shmcb:debug] [pid 618039:tid 618039] mod_socache_shmcb.c(530): AH00834: leaving socache_shmcb_store successfully
[Sat Aug 22 00:47:05.489588 2026] [ssl:debug] [pid 613414:tid 613414] ssl_engine_kernel.c(254): [client 34.75.231.121:34012] AH02034: Subsequent (No.6) HTTPS request received for child 22 (server www.ilc.edu.tw:443)
[Sat Aug 22 00:47:05.489817 2026] [authz_core:debug] [pid 613414:tid 613414] mod_authz_core.c(815): [client 34.75.231.121:34012] AH01626: authorization result of Require all granted: granted
[Sat Aug 22 00:47:05.489824 2026] [authz_core:debug] [pid 613414:tid 613414] mod_authz_core.c(815): [client 34.75.231.121:34012] AH01626: authorization result of : granted
[Sat Aug 22 00:47:05.490014 2026] [authz_core:debug] [pid 613414:tid 613414] mod_authz_core.c(815): [client 34.75.231.121:34012] AH01626: authorization result of Require all granted: granted
[Sat Aug 22 00:47:05.490068 2026] [authz_core:debug] [pid 613414:tid 613414] mod_authz_core.c(815): [client 34.75.231.121:34012] AH01626: authorization result of : granted
[Sat Aug 22 00:47:05.586739 2026] [ssl:debug] [pid 618133:tid 618133] ssl_engine_kernel.c(254): [client 34.75.231.121:34056] AH02034: Subsequent (No.5) HTTPS request received for child 4 (server www.ilc.edu.tw:443)
[Sat Aug 22 00:47:05.586944 2026] [authz_core:debug] [pid 618133:tid 618133] mod_authz_core.c(815): [client 34.75.231.121:34056] AH01626: authorization result of Require all granted: granted
[Sat Aug 22 00:47:05.586951 2026] [authz_core:debug] [pid 618133:tid 618133] mod_authz_core.c(815): [client 34.75.231.121:34056] AH01626: authorization result of : granted
[Sat Aug 22 00:47:05.587083 2026] [authz_core:debug] [pid 618133:tid 618133] mod_authz_core.c(815): [client 34.75.231.121:34056] AH01626: authorization result of Require all granted: granted
[Sat Aug 22 00:47:05.587088 2026] [authz_core:debug] [pid 618133:tid 618133] mod_authz_core.c(815): [client 34.75.231.121:34056] AH01626: authorization result of : granted
[Sat Aug 22 00:47:05.651576 2026] [ssl:debug] [pid 618066:tid 618066] ssl_engine_io.c(1150): [client 40.77.167.5:11112] AH02001: Connection closed to child 71 with standard shutdown (server www.ilc.edu.tw:443)
[Sat Aug 22 00:47:05.676467 2026] [ssl:debug] [pid 618058:tid 618058] ssl_engine_kernel.c(254): [client 34.75.231.121:33968] AH02034: Subsequent (No.10) HTTPS request received for child 63 (server www.ilc.edu.tw:443)
[Sat Aug 22 00:47:05.676659 2026] [authz_core:debug] [pid 618058:tid 618058] mod_authz_core.c(815): [client 34.75.231.121:33968] AH01626: authorization result of Require all granted: granted
[Sat Aug 22 00:47:05.676665 2026] [authz_core:debug] [pid 618058:tid 618058] mod_authz_core.c(815): [client 34.75.231.121:33968] AH01626: authorization result of : granted
[Sat Aug 22 00:47:05.676770 2026] [authz_core:debug] [pid 618058:tid 618058] mod_authz_core.c(815): [client 34.75.231.121:33968] AH01626: authorization result of Require all granted: granted
[Sat Aug 22 00:47:05.676773 2026] [authz_core:debug] [pid 618058:tid 618058] mod_authz_core.c(815): [client 34.75.231.121:33968] AH01626: authorization result of : granted
[Sat Aug 22 00:47:05.695472 2026] [ssl:debug] [pid 618037:tid 618037] ssl_engine_kernel.c(254): [client 34.75.231.121:33960] AH02034: Subsequent (No.8) HTTPS request received for child 41 (server www.ilc.edu.tw:443)
[Sat Aug 22 00:47:05.695636 2026] [authz_core:debug] [pid 618037:tid 618037] mod_authz_core.c(815): [client 34.75.231.121:33960] AH01626: authorization result of Require all granted: granted
[Sat Aug 22 00:47:05.695641 2026] [authz_core:debug] [pid 618037:tid 618037] mod_authz_core.c(815): [client 34.75.231.121:33960] AH01626: authorization result of : granted
[Sat Aug 22 00:47:05.695739 2026] [authz_core:debug] [pid 618037:tid 618037] mod_authz_core.c(815): [client 34.75.231.121:33960] AH01626: authorization result of Require all granted: granted
[Sat Aug 22 00:47:05.695742 2026] [authz_core:debug] [pid 618037:tid 618037] mod_authz_core.c(815): [client 34.75.231.121:33960] AH01626: authorization result of : granted
[Sat Aug 22 00:47:05.771075 2026] [ssl:debug] [pid 618029:tid 618029] ssl_engine_kernel.c(254): [client 34.75.231.121:33978] AH02034: Subsequent (No.8) HTTPS request received for child 32 (server www.ilc.edu.tw:443)
[Sat Aug 22 00:47:05.771243 2026] [authz_core:debug] [pid 618029:tid 618029] mod_authz_core.c(815): [client 34.75.231.121:33978] AH01626: authorization result of Require all granted: granted
[Sat Aug 22 00:47:05.771248 2026] [authz_core:debug] [pid 618029:tid 618029] mod_authz_core.c(815): [client 34.75.231.121:33978] AH01626: authorization result of : granted
[Sat Aug 22 00:47:05.771346 2026] [authz_core:debug] [pid 618029:tid 618029] mod_authz_core.c(815): [client 34.75.231.121:33978] AH01626: authorization result of Require all granted: granted
[Sat Aug 22 00:47:05.771351 2026] [authz_core:debug] [pid 618029:tid 618029] mod_authz_core.c(815): [client 34.75.231.121:33978] AH01626: authorization result of : granted
[Sat Aug 22 00:47:05.976830 2026] [ssl:debug] [pid 618133:tid 618133] ssl_engine_kernel.c(254): [client 34.75.231.121:34056] AH02034: Subsequent (No.6) HTTPS request received for child 4 (server www.ilc.edu.tw:443)
[Sat Aug 22 00:47:05.977020 2026] [authz_core:debug] [pid 618133:tid 618133] mod_authz_core.c(815): [client 34.75.231.121:34056] AH01626: authorization result of Require all granted: granted
[Sat Aug 22 00:47:05.977025 2026] [authz_core:debug] [pid 618133:tid 618133] mod_authz_core.c(815): [client 34.75.231.121:34056] AH01626: authorization result of : granted
[Sat Aug 22 00:47:05.977127 2026] [authz_core:debug] [pid 618133:tid 618133] mod_authz_core.c(815): [client 34.75.231.121:34056] AH01626: authorization result of Require all granted: granted
[Sat Aug 22 00:47:05.977131 2026] [authz_core:debug] [pid 618133:tid 618133] mod_authz_core.c(815): [client 34.75.231.121:34056] AH01626: authorization result of : granted
[Sat Aug 22 00:47:06.004984 2026] [reqtimeout:info] [pid 618069:tid 618069] [client 122.100.112.183:30526] AH01382: Request header read timeout
[Sat Aug 22 00:47:06.005090 2026] [ssl:debug] [pid 618069:tid 618069] ssl_engine_io.c(1150): [client 122.100.112.183:30526] AH02001: Connection closed to child 74 with standard shutdown (server www.tcjh.ilc.edu.tw:443)
[Sat Aug 22 00:47:06.016972 2026] [reqtimeout:info] [pid 613911:tid 613911] [client 122.100.112.183:30038] AH01382: Request header read timeout
[Sat Aug 22 00:47:06.017064 2026] [ssl:debug] [pid 613911:tid 613911] ssl_engine_io.c(1150): [client 122.100.112.183:30038] AH02001: Connection closed to child 15 with standard shutdown (server www.tcjh.ilc.edu.tw:443)
[Sat Aug 22 00:47:06.031837 2026] [ssl:debug] [pid 618037:tid 618037] ssl_engine_kernel.c(254): [client 34.75.231.121:33960] AH02034: Subsequent (No.9) HTTPS request received for child 41 (server www.ilc.edu.tw:443)
[Sat Aug 22 00:47:06.032020 2026] [authz_core:debug] [pid 618037:tid 618037] mod_authz_core.c(815): [client 34.75.231.121:33960] AH01626: authorization result of Require all granted: granted
[Sat Aug 22 00:47:06.032026 2026] [authz_core:debug] [pid 618037:tid 618037] mod_authz_core.c(815): [client 34.75.231.121:33960] AH01626: authorization result of : granted
[Sat Aug 22 00:47:06.032134 2026] [authz_core:debug] [pid 618037:tid 618037] mod_authz_core.c(815): [client 34.75.231.121:33960] AH01626: authorization result of Require all granted: granted
[Sat Aug 22 00:47:06.032138 2026] [authz_core:debug] [pid 618037:tid 618037] mod_authz_core.c(815): [client 34.75.231.121:33960] AH01626: authorization result of : granted
[Sat Aug 22 00:47:06.053784 2026] [ssl:debug] [pid 618058:tid 618058] ssl_engine_kernel.c(254): [client 34.75.231.121:33968] AH02034: Subsequent (No.11) HTTPS request received for child 63 (server www.ilc.edu.tw:443)
[Sat Aug 22 00:47:06.053960 2026] [authz_core:debug] [pid 618058:tid 618058] mod_authz_core.c(815): [client 34.75.231.121:33968] AH01626: authorization result of Require all granted: granted
[Sat Aug 22 00:47:06.053974 2026] [authz_core:debug] [pid 618058:tid 618058] mod_authz_core.c(815): [client 34.75.231.121:33968] AH01626: authorization result of : granted
[Sat Aug 22 00:47:06.054080 2026] [authz_core:debug] [pid 618058:tid 618058] mod_authz_core.c(815): [client 34.75.231.121:33968] AH01626: authorization result of Require all granted: granted
[Sat Aug 22 00:47:06.054083 2026] [authz_core:debug] [pid 618058:tid 618058] mod_authz_core.c(815): [client 34.75.231.121:33968] AH01626: authorization result of : granted
[Sat Aug 22 00:47:06.193621 2026] [ssl:debug] [pid 613414:tid 613414] ssl_engine_kernel.c(254): [client 34.75.231.121:34012] AH02034: Subsequent (No.7) HTTPS request received for child 22 (server www.ilc.edu.tw:443)
[Sat Aug 22 00:47:06.193847 2026] [authz_core:debug] [pid 613414:tid 613414] mod_authz_core.c(815): [client 34.75.231.121:34012] AH01626: authorization result of Require all granted: granted
[Sat Aug 22 00:47:06.193853 2026] [authz_core:debug] [pid 613414:tid 613414] mod_authz_core.c(815): [client 34.75.231.121:34012] AH01626: authorization result of : granted
[Sat Aug 22 00:47:06.193956 2026] [authz_core:debug] [pid 613414:tid 613414] mod_authz_core.c(815): [client 34.75.231.121:34012] AH01626: authorization result of Require all granted: granted
[Sat Aug 22 00:47:06.193960 2026] [authz_core:debug] [pid 613414:tid 613414] mod_authz_core.c(815): [client 34.75.231.121:34012] AH01626: authorization result of : granted
[Sat Aug 22 00:47:06.246323 2026] [ssl:debug] [pid 618036:tid 618036] ssl_engine_kernel.c(254): [client 2409:8a4c:c605:5926:2446:6b0d:acf9:2435:37824] AH02034: Subsequent (No.5) HTTPS request received for child 40 (server ilta.ilc.edu.tw:443), referer: https://ilta.ilc.edu.tw/2017/05/02/
[Sat Aug 22 00:47:06.246514 2026] [authz_core:debug] [pid 618036:tid 618036] mod_authz_core.c(815): [client 2409:8a4c:c605:5926:2446:6b0d:acf9:2435:37824] AH01626: authorization result of Require all granted: granted, referer: https://ilta.ilc.edu.tw/2017/05/02/
[Sat Aug 22 00:47:06.246522 2026] [authz_core:debug] [pid 618036:tid 618036] mod_authz_core.c(815): [client 2409:8a4c:c605:5926:2446:6b0d:acf9:2435:37824] AH01626: authorization result of : granted, referer: https://ilta.ilc.edu.tw/2017/05/02/
[Sat Aug 22 00:47:06.246757 2026] [deflate:debug] [pid 618036:tid 618036] mod_deflate.c(909): [client 2409:8a4c:c605:5926:2446:6b0d:acf9:2435:37824] AH01384: Zlib: Compressed 5181 to 1510 : URL /wp-content/themes/oceanwp/assets/js/select.min.js, referer: https://ilta.ilc.edu.tw/2017/05/02/
[Sat Aug 22 00:47:06.304993 2026] [ssl:debug] [pid 618125:tid 618125] ssl_engine_kernel.c(254): [client 34.75.231.121:33966] AH02034: Subsequent (No.12) HTTPS request received for child 0 (server www.ilc.edu.tw:443)
[Sat Aug 22 00:47:06.305178 2026] [authz_core:debug] [pid 618125:tid 618125] mod_authz_core.c(815): [client 34.75.231.121:33966] AH01626: authorization result of Require all granted: granted
[Sat Aug 22 00:47:06.305184 2026] [authz_core:debug] [pid 618125:tid 618125] mod_authz_core.c(815): [client 34.75.231.121:33966] AH01626: authorization result of : granted
[Sat Aug 22 00:47:06.305189 2026] [authz_core:debug] [pid 618132:tid 618132] mod_authz_core.c(815): [client 2400:e920:0:2:f45d:ddff:fe00:7a:54107] AH01626: authorization result of Require all granted: granted, referer: http://ilta.ilc.edu.tw
[Sat Aug 22 00:47:06.305206 2026] [authz_core:debug] [pid 618132:tid 618132] mod_authz_core.c(815): [client 2400:e920:0:2:f45d:ddff:fe00:7a:54107] AH01626: authorization result of : granted, referer: http://ilta.ilc.edu.tw
[Sat Aug 22 00:47:06.305289 2026] [authz_core:debug] [pid 618125:tid 618125] mod_authz_core.c(815): [client 34.75.231.121:33966] AH01626: authorization result of Require all granted: granted
[Sat Aug 22 00:47:06.305293 2026] [authz_core:debug] [pid 618125:tid 618125] mod_authz_core.c(815): [client 34.75.231.121:33966] AH01626: authorization result of : granted
[Sat Aug 22 00:47:06.339627 2026] [ssl:debug] [pid 618133:tid 618133] ssl_engine_kernel.c(254): [client 34.75.231.121:34056] AH02034: Subsequent (No.7) HTTPS request received for child 4 (server www.ilc.edu.tw:443)
[Sat Aug 22 00:47:06.339802 2026] [authz_core:debug] [pid 618133:tid 618133] mod_authz_core.c(815): [client 34.75.231.121:34056] AH01626: authorization result of Require all granted: granted
[Sat Aug 22 00:47:06.339807 2026] [authz_core:debug] [pid 618133:tid 618133] mod_authz_core.c(815): [client 34.75.231.121:34056] AH01626: authorization result of : granted
[Sat Aug 22 00:47:06.339919 2026] [authz_core:debug] [pid 618133:tid 618133] mod_authz_core.c(815): [client 34.75.231.121:34056] AH01626: authorization result of Require all granted: granted
[Sat Aug 22 00:47:06.339925 2026] [authz_core:debug] [pid 618133:tid 618133] mod_authz_core.c(815): [client 34.75.231.121:34056] AH01626: authorization result of : granted
[Sat Aug 22 00:47:06.391542 2026] [ssl:debug] [pid 618037:tid 618037] ssl_engine_kernel.c(254): [client 34.75.231.121:33960] AH02034: Subsequent (No.10) HTTPS request received for child 41 (server www.ilc.edu.tw:443)
[Sat Aug 22 00:47:06.391722 2026] [authz_core:debug] [pid 618037:tid 618037] mod_authz_core.c(815): [client 34.75.231.121:33960] AH01626: authorization result of Require all granted: granted
[Sat Aug 22 00:47:06.391728 2026] [authz_core:debug] [pid 618037:tid 618037] mod_authz_core.c(815): [client 34.75.231.121:33960] AH01626: authorization result of : granted
[Sat Aug 22 00:47:06.391831 2026] [authz_core:debug] [pid 618037:tid 618037] mod_authz_core.c(815): [client 34.75.231.121:33960] AH01626: authorization result of Require all granted: granted
[Sat Aug 22 00:47:06.391834 2026] [authz_core:debug] [pid 618037:tid 618037] mod_authz_core.c(815): [client 34.75.231.121:33960] AH01626: authorization result of : granted
[Sat Aug 22 00:47:06.423848 2026] [ssl:debug] [pid 618029:tid 618029] ssl_engine_kernel.c(254): [client 34.75.231.121:33978] AH02034: Subsequent (No.9) HTTPS request received for child 32 (server www.ilc.edu.tw:443)
[Sat Aug 22 00:47:06.424019 2026] [authz_core:debug] [pid 618029:tid 618029] mod_authz_core.c(815): [client 34.75.231.121:33978] AH01626: authorization result of Require all granted: granted
[Sat Aug 22 00:47:06.424023 2026] [authz_core:debug] [pid 618029:tid 618029] mod_authz_core.c(815): [client 34.75.231.121:33978] AH01626: authorization result of : granted
[Sat Aug 22 00:47:06.424142 2026] [authz_core:debug] [pid 618029:tid 618029] mod_authz_core.c(815): [client 34.75.231.121:33978] AH01626: authorization result of Require all granted: granted
[Sat Aug 22 00:47:06.424146 2026] [authz_core:debug] [pid 618029:tid 618029] mod_authz_core.c(815): [client 34.75.231.121:33978] AH01626: authorization result of : granted
[Sat Aug 22 00:47:06.440209 2026] [ssl:debug] [pid 618058:tid 618058] ssl_engine_kernel.c(254): [client 34.75.231.121:33968] AH02034: Subsequent (No.12) HTTPS request received for child 63 (server www.ilc.edu.tw:443)
[Sat Aug 22 00:47:06.440374 2026] [authz_core:debug] [pid 618058:tid 618058] mod_authz_core.c(815): [client 34.75.231.121:33968] AH01626: authorization result of Require all granted: granted
[Sat Aug 22 00:47:06.440379 2026] [authz_core:debug] [pid 618058:tid 618058] mod_authz_core.c(815): [client 34.75.231.121:33968] AH01626: authorization result of : granted
[Sat Aug 22 00:47:06.440478 2026] [authz_core:debug] [pid 618058:tid 618058] mod_authz_core.c(815): [client 34.75.231.121:33968] AH01626: authorization result of Require all granted: granted
[Sat Aug 22 00:47:06.440481 2026] [authz_core:debug] [pid 618058:tid 618058] mod_authz_core.c(815): [client 34.75.231.121:33968] AH01626: authorization result of : granted
[Sat Aug 22 00:47:06.616938 2026] [ssl:info] [pid 618136:tid 618136] [client 2400:e920:0:2:f45d:ddff:fe00:7a:54125] AH01964: Connection to child 8 established (server 2blog.ilc.edu.tw:443)
[Sat Aug 22 00:47:06.617103 2026] [ssl:debug] [pid 618136:tid 618136] ssl_engine_kernel.c(2222): [client 2400:e920:0:2:f45d:ddff:fe00:7a:54125] AH02043: SSL virtual host for servername ilta.ilc.edu.tw found
