[Sat Aug 22 00:47:00.116569 2026] [ssl:info] [pid 613184:tid 613184] [client 34.75.231.121:34004] AH01964: Connection to child 35 established (server 2blog.ilc.edu.tw:443)
[Sat Aug 22 00:47:00.116705 2026] [ssl:debug] [pid 613184:tid 613184] ssl_engine_kernel.c(2222): [client 34.75.231.121:34004] AH02043: SSL virtual host for servername www.ilc.edu.tw found
[Sat Aug 22 00:47:00.116746 2026] [core:debug] [pid 613184:tid 613184] protocol.c(2460): [client 34.75.231.121:34004] AH03155: select protocol from , choices=h2,http/1.1 for server www.ilc.edu.tw
[Sat Aug 22 00:47:00.116778 2026] [ssl:debug] [pid 613184:tid 613184] ssl_util_stapling.c(819): AH01951: stapling_cb: OCSP Stapling callback called
[Sat Aug 22 00:47:00.116782 2026] [ssl:info] [pid 613184:tid 613184] AH01926: stapling_get_certinfo: stapling not supported for certificate
[Sat Aug 22 00:47:00.267222 2026] [deflate:debug] [pid 618066:tid 618066] mod_deflate.c(909): [client 40.77.167.5:11112] AH01384: Zlib: Compressed 71191 to 14630 : URL /index.php
[Sat Aug 22 00:47:00.304530 2026] [ssl:debug] [pid 618036:tid 618036] ssl_engine_kernel.c(254): [client 2409:8a4c:c605:5926:2446:6b0d:acf9:2435:37824] AH02034: Subsequent (No.3) HTTPS request received for child 40 (server ilta.ilc.edu.tw:443), referer: https://ilta.ilc.edu.tw/2017/05/02/
[Sat Aug 22 00:47:00.304925 2026] [authz_core:debug] [pid 618036:tid 618036] mod_authz_core.c(815): [client 2409:8a4c:c605:5926:2446:6b0d:acf9:2435:37824] AH01626: authorization result of Require all granted: granted, referer: https://ilta.ilc.edu.tw/2017/05/02/
[Sat Aug 22 00:47:00.304942 2026] [authz_core:debug] [pid 618036:tid 618036] mod_authz_core.c(815): [client 2409:8a4c:c605:5926:2446:6b0d:acf9:2435:37824] AH01626: authorization result of : granted, referer: https://ilta.ilc.edu.tw/2017/05/02/
[Sat Aug 22 00:47:00.307095 2026] [deflate:debug] [pid 618036:tid 618036] mod_deflate.c(909): [client 2409:8a4c:c605:5926:2446:6b0d:acf9:2435:37824] AH01384: Zlib: Compressed 112428 to 14824 : URL /wp-content/cache/ilta.ilc.edu.tw/wpfc-minified/l07fx5lw/6wvk.css, referer: https://ilta.ilc.edu.tw/2017/05/02/
[Sat Aug 22 00:47:00.358778 2026] [ssl:debug] [pid 613184:tid 613184] ssl_engine_kernel.c(2082): [client 34.75.231.121:34004] AH02041: Protocol: TLSv1.3, Cipher: TLS_AES_256_GCM_SHA384 (256/256 bits)
[Sat Aug 22 00:47:00.358827 2026] [socache_shmcb:debug] [pid 613184:tid 613184] mod_socache_shmcb.c(508): AH00831: socache_shmcb_store (0x60 -> subcache 0)
[Sat Aug 22 00:47:00.358833 2026] [socache_shmcb:debug] [pid 613184:tid 613184] mod_socache_shmcb.c(860): AH00847: insert happened at idx=54, data=(1398:1430)
[Sat Aug 22 00:47:00.358835 2026] [socache_shmcb:debug] [pid 613184:tid 613184] mod_socache_shmcb.c(863): AH00848: finished insert, subcache: idx_pos/idx_used=21/34, data_pos/data_used=7961/7524
[Sat Aug 22 00:47:00.358837 2026] [socache_shmcb:debug] [pid 613184:tid 613184] mod_socache_shmcb.c(530): AH00834: leaving socache_shmcb_store successfully
[Sat Aug 22 00:47:00.358889 2026] [socache_shmcb:debug] [pid 613184:tid 613184] mod_socache_shmcb.c(508): AH00831: socache_shmcb_store (0x8e -> subcache 14)
[Sat Aug 22 00:47:00.358894 2026] [socache_shmcb:debug] [pid 613184:tid 613184] mod_socache_shmcb.c(860): AH00847: insert happened at idx=31, data=(10077:10109)
[Sat Aug 22 00:47:00.358896 2026] [socache_shmcb:debug] [pid 613184:tid 613184] mod_socache_shmcb.c(863): AH00848: finished insert, subcache: idx_pos/idx_used=77/43, data_pos/data_used=666/9635
[Sat Aug 22 00:47:00.358898 2026] [socache_shmcb:debug] [pid 613184:tid 613184] mod_socache_shmcb.c(530): AH00834: leaving socache_shmcb_store successfully
[Sat Aug 22 00:47:00.359204 2026] [ssl:debug] [pid 618038:tid 618038] ssl_engine_kernel.c(2082): [client 34.75.231.121:34028] AH02041: Protocol: TLSv1.3, Cipher: TLS_AES_256_GCM_SHA384 (256/256 bits)
[Sat Aug 22 00:47:00.359250 2026] [socache_shmcb:debug] [pid 618038:tid 618038] mod_socache_shmcb.c(508): AH00831: socache_shmcb_store (0x69 -> subcache 9)
[Sat Aug 22 00:47:00.359257 2026] [socache_shmcb:debug] [pid 618038:tid 618038] mod_socache_shmcb.c(860): AH00847: insert happened at idx=53, data=(1086:1118)
[Sat Aug 22 00:47:00.359260 2026] [socache_shmcb:debug] [pid 618038:tid 618038] mod_socache_shmcb.c(863): AH00848: finished insert, subcache: idx_pos/idx_used=15/39, data_pos/data_used=6451/8722
[Sat Aug 22 00:47:00.359262 2026] [socache_shmcb:debug] [pid 618038:tid 618038] mod_socache_shmcb.c(530): AH00834: leaving socache_shmcb_store successfully
[Sat Aug 22 00:47:00.359321 2026] [socache_shmcb:debug] [pid 618038:tid 618038] mod_socache_shmcb.c(508): AH00831: socache_shmcb_store (0xd5 -> subcache 21)
[Sat Aug 22 00:47:00.359326 2026] [socache_shmcb:debug] [pid 618038:tid 618038] mod_socache_shmcb.c(745): AH00842: expiring 1 and reclaiming 0 removed socache entries
[Sat Aug 22 00:47:00.359328 2026] [socache_shmcb:debug] [pid 618038:tid 618038] mod_socache_shmcb.c(765): AH00843: we now have 27 socache entries
[Sat Aug 22 00:47:00.359330 2026] [socache_shmcb:debug] [pid 618038:tid 618038] mod_socache_shmcb.c(860): AH00847: insert happened at idx=36, data=(11008:11040)
[Sat Aug 22 00:47:00.359332 2026] [socache_shmcb:debug] [pid 618038:tid 618038] mod_socache_shmcb.c(863): AH00848: finished insert, subcache: idx_pos/idx_used=9/28, data_pos/data_used=5071/6161
[Sat Aug 22 00:47:00.359334 2026] [socache_shmcb:debug] [pid 618038:tid 618038] mod_socache_shmcb.c(530): AH00834: leaving socache_shmcb_store successfully
[Sat Aug 22 00:47:00.360720 2026] [ssl:debug] [pid 618029:tid 618029] ssl_engine_kernel.c(2082): [client 34.75.231.121:33978] AH02041: Protocol: TLSv1.3, Cipher: TLS_AES_256_GCM_SHA384 (256/256 bits)
[Sat Aug 22 00:47:00.360751 2026] [socache_shmcb:debug] [pid 618029:tid 618029] mod_socache_shmcb.c(508): AH00831: socache_shmcb_store (0x83 -> subcache 3)
[Sat Aug 22 00:47:00.360767 2026] [socache_shmcb:debug] [pid 618029:tid 618029] mod_socache_shmcb.c(745): AH00842: expiring 2 and reclaiming 0 removed socache entries
[Sat Aug 22 00:47:00.360770 2026] [socache_shmcb:debug] [pid 618029:tid 618029] mod_socache_shmcb.c(765): AH00843: we now have 36 socache entries
[Sat Aug 22 00:47:00.360772 2026] [socache_shmcb:debug] [pid 618029:tid 618029] mod_socache_shmcb.c(860): AH00847: insert happened at idx=42, data=(12488:12520)
[Sat Aug 22 00:47:00.360774 2026] [socache_shmcb:debug] [pid 618029:tid 618029] mod_socache_shmcb.c(863): AH00848: finished insert, subcache: idx_pos/idx_used=6/37, data_pos/data_used=4452/8260
[Sat Aug 22 00:47:00.360775 2026] [socache_shmcb:debug] [pid 618029:tid 618029] mod_socache_shmcb.c(530): AH00834: leaving socache_shmcb_store successfully
[Sat Aug 22 00:47:00.360818 2026] [socache_shmcb:debug] [pid 618029:tid 618029] mod_socache_shmcb.c(508): AH00831: socache_shmcb_store (0x85 -> subcache 5)
[Sat Aug 22 00:47:00.360823 2026] [socache_shmcb:debug] [pid 618029:tid 618029] mod_socache_shmcb.c(745): AH00842: expiring 1 and reclaiming 0 removed socache entries
[Sat Aug 22 00:47:00.360825 2026] [socache_shmcb:debug] [pid 618029:tid 618029] mod_socache_shmcb.c(765): AH00843: we now have 53 socache entries
[Sat Aug 22 00:47:00.360826 2026] [socache_shmcb:debug] [pid 618029:tid 618029] mod_socache_shmcb.c(860): AH00847: insert happened at idx=69, data=(4592:4624)
[Sat Aug 22 00:47:00.360828 2026] [socache_shmcb:debug] [pid 618029:tid 618029] mod_socache_shmcb.c(863): AH00848: finished insert, subcache: idx_pos/idx_used=16/54, data_pos/data_used=6667/12012
[Sat Aug 22 00:47:00.360830 2026] [socache_shmcb:debug] [pid 618029:tid 618029] mod_socache_shmcb.c(530): AH00834: leaving socache_shmcb_store successfully
[Sat Aug 22 00:47:00.363525 2026] [ssl:debug] [pid 618048:tid 618048] ssl_engine_kernel.c(2082): [client 34.75.231.121:33974] AH02041: Protocol: TLSv1.3, Cipher: TLS_AES_256_GCM_SHA384 (256/256 bits)
[Sat Aug 22 00:47:00.363558 2026] [socache_shmcb:debug] [pid 618048:tid 618048] mod_socache_shmcb.c(508): AH00831: socache_shmcb_store (0xdb -> subcache 27)
[Sat Aug 22 00:47:00.363563 2026] [socache_shmcb:debug] [pid 618048:tid 618048] mod_socache_shmcb.c(745): AH00842: expiring 5 and reclaiming 0 removed socache entries
[Sat Aug 22 00:47:00.363565 2026] [socache_shmcb:debug] [pid 618048:tid 618048] mod_socache_shmcb.c(765): AH00843: we now have 41 socache entries
[Sat Aug 22 00:47:00.363567 2026] [socache_shmcb:debug] [pid 618048:tid 618048] mod_socache_shmcb.c(860): AH00847: insert happened at idx=30, data=(9836:9868)
[Sat Aug 22 00:47:00.363569 2026] [socache_shmcb:debug] [pid 618048:tid 618048] mod_socache_shmcb.c(863): AH00848: finished insert, subcache: idx_pos/idx_used=77/42, data_pos/data_used=756/9303
[Sat Aug 22 00:47:00.363571 2026] [socache_shmcb:debug] [pid 618048:tid 618048] mod_socache_shmcb.c(530): AH00834: leaving socache_shmcb_store successfully
[Sat Aug 22 00:47:00.363616 2026] [socache_shmcb:debug] [pid 618048:tid 618048] mod_socache_shmcb.c(508): AH00831: socache_shmcb_store (0x7c -> subcache 28)
[Sat Aug 22 00:47:00.363621 2026] [socache_shmcb:debug] [pid 618048:tid 618048] mod_socache_shmcb.c(860): AH00847: insert happened at idx=58, data=(2296:2328)
[Sat Aug 22 00:47:00.363622 2026] [socache_shmcb:debug] [pid 618048:tid 618048] mod_socache_shmcb.c(863): AH00848: finished insert, subcache: idx_pos/idx_used=27/32, data_pos/data_used=9240/7143
[Sat Aug 22 00:47:00.363624 2026] [socache_shmcb:debug] [pid 618048:tid 618048] mod_socache_shmcb.c(530): AH00834: leaving socache_shmcb_store successfully
[Sat Aug 22 00:47:00.369221 2026] [ssl:debug] [pid 618037:tid 618037] ssl_engine_kernel.c(2082): [client 34.75.231.121:33960] AH02041: Protocol: TLSv1.3, Cipher: TLS_AES_256_GCM_SHA384 (256/256 bits)
[Sat Aug 22 00:47:00.369261 2026] [socache_shmcb:debug] [pid 618037:tid 618037] mod_socache_shmcb.c(508): AH00831: socache_shmcb_store (0x55 -> subcache 21)
[Sat Aug 22 00:47:00.369266 2026] [socache_shmcb:debug] [pid 618037:tid 618037] mod_socache_shmcb.c(860): AH00847: insert happened at idx=37, data=(11232:11264)
[Sat Aug 22 00:47:00.369268 2026] [socache_shmcb:debug] [pid 618037:tid 618037] mod_socache_shmcb.c(863): AH00848: finished insert, subcache: idx_pos/idx_used=9/29, data_pos/data_used=5071/6385
[Sat Aug 22 00:47:00.369270 2026] [socache_shmcb:debug] [pid 618037:tid 618037] mod_socache_shmcb.c(530): AH00834: leaving socache_shmcb_store successfully
[Sat Aug 22 00:47:00.369309 2026] [socache_shmcb:debug] [pid 618037:tid 618037] mod_socache_shmcb.c(508): AH00831: socache_shmcb_store (0x99 -> subcache 25)
[Sat Aug 22 00:47:00.369323 2026] [socache_shmcb:debug] [pid 618037:tid 618037] mod_socache_shmcb.c(860): AH00847: insert happened at idx=39, data=(11761:11793)
[Sat Aug 22 00:47:00.369325 2026] [socache_shmcb:debug] [pid 618037:tid 618037] mod_socache_shmcb.c(863): AH00848: finished insert, subcache: idx_pos/idx_used=5/35, data_pos/data_used=4170/7815
[Sat Aug 22 00:47:00.369327 2026] [socache_shmcb:debug] [pid 618037:tid 618037] mod_socache_shmcb.c(530): AH00834: leaving socache_shmcb_store successfully
[Sat Aug 22 00:47:00.376976 2026] [ssl:debug] [pid 618125:tid 618125] ssl_engine_kernel.c(2082): [client 34.75.231.121:33966] AH02041: Protocol: TLSv1.3, Cipher: TLS_AES_256_GCM_SHA384 (256/256 bits)
[Sat Aug 22 00:47:00.376985 2026] [ssl:debug] [pid 613184:tid 613184] ssl_engine_kernel.c(254): [client 34.75.231.121:34004] AH02034: Initial (No.1) HTTPS request received for child 35 (server www.ilc.edu.tw:443)
[Sat Aug 22 00:47:00.376996 2026] [ssl:debug] [pid 618038:tid 618038] ssl_engine_kernel.c(254): [client 34.75.231.121:34028] AH02034: Initial (No.1) HTTPS request received for child 43 (server www.ilc.edu.tw:443)
[Sat Aug 22 00:47:00.377042 2026] [socache_shmcb:debug] [pid 618125:tid 618125] mod_socache_shmcb.c(508): AH00831: socache_shmcb_store (0xac -> subcache 12)
[Sat Aug 22 00:47:00.377057 2026] [socache_shmcb:debug] [pid 618125:tid 618125] mod_socache_shmcb.c(860): AH00847: insert happened at idx=45, data=(13120:13152)
[Sat Aug 22 00:47:00.377060 2026] [socache_shmcb:debug] [pid 618125:tid 618125] mod_socache_shmcb.c(863): AH00848: finished insert, subcache: idx_pos/idx_used=11/35, data_pos/data_used=5554/7790
[Sat Aug 22 00:47:00.377062 2026] [socache_shmcb:debug] [pid 618125:tid 618125] mod_socache_shmcb.c(530): AH00834: leaving socache_shmcb_store successfully
[Sat Aug 22 00:47:00.377113 2026] [ssl:debug] [pid 618022:tid 618022] ssl_engine_kernel.c(2082): [client 34.75.231.121:33956] AH02041: Protocol: TLSv1.3, Cipher: TLS_AES_256_GCM_SHA384 (256/256 bits)
[Sat Aug 22 00:47:00.377125 2026] [socache_shmcb:debug] [pid 618125:tid 618125] mod_socache_shmcb.c(508): AH00831: socache_shmcb_store (0x11 -> subcache 17)
[Sat Aug 22 00:47:00.377133 2026] [socache_shmcb:debug] [pid 618125:tid 618125] mod_socache_shmcb.c(860): AH00847: insert happened at idx=19, data=(7410:7442)
[Sat Aug 22 00:47:00.377135 2026] [socache_shmcb:debug] [pid 618125:tid 618125] mod_socache_shmcb.c(863): AH00848: finished insert, subcache: idx_pos/idx_used=64/44, data_pos/data_used=11684/9813
[Sat Aug 22 00:47:00.377137 2026] [socache_shmcb:debug] [pid 618125:tid 618125] mod_socache_shmcb.c(530): AH00834: leaving socache_shmcb_store successfully
[Sat Aug 22 00:47:00.377150 2026] [socache_shmcb:debug] [pid 618022:tid 618022] mod_socache_shmcb.c(508): AH00831: socache_shmcb_store (0xb0 -> subcache 16)
[Sat Aug 22 00:47:00.377156 2026] [socache_shmcb:debug] [pid 618022:tid 618022] mod_socache_shmcb.c(860): AH00847: insert happened at idx=62, data=(3024:3056)
[Sat Aug 22 00:47:00.377158 2026] [socache_shmcb:debug] [pid 618022:tid 618022] mod_socache_shmcb.c(863): AH00848: finished insert, subcache: idx_pos/idx_used=6/57, data_pos/data_used=4392/12720
[Sat Aug 22 00:47:00.377162 2026] [authz_core:debug] [pid 613184:tid 613184] mod_authz_core.c(815): [client 34.75.231.121:34004] AH01626: authorization result of Require all granted: granted
[Sat Aug 22 00:47:00.377165 2026] [authz_core:debug] [pid 618038:tid 618038] mod_authz_core.c(815): [client 34.75.231.121:34028] AH01626: authorization result of Require all granted: granted
[Sat Aug 22 00:47:00.377169 2026] [socache_shmcb:debug] [pid 618022:tid 618022] mod_socache_shmcb.c(530): AH00834: leaving socache_shmcb_store successfully
[Sat Aug 22 00:47:00.377172 2026] [authz_core:debug] [pid 613184:tid 613184] mod_authz_core.c(815): [client 34.75.231.121:34004] AH01626: authorization result of : granted
[Sat Aug 22 00:47:00.377174 2026] [authz_core:debug] [pid 618038:tid 618038] mod_authz_core.c(815): [client 34.75.231.121:34028] AH01626: authorization result of : granted
[Sat Aug 22 00:47:00.377225 2026] [socache_shmcb:debug] [pid 618022:tid 618022] mod_socache_shmcb.c(508): AH00831: socache_shmcb_store (0x46 -> subcache 6)
[Sat Aug 22 00:47:00.377231 2026] [socache_shmcb:debug] [pid 618022:tid 618022] mod_socache_shmcb.c(860): AH00847: insert happened at idx=43, data=(12699:12731)
[Sat Aug 22 00:47:00.377233 2026] [socache_shmcb:debug] [pid 618022:tid 618022] mod_socache_shmcb.c(863): AH00848: finished insert, subcache: idx_pos/idx_used=84/48, data_pos/data_used=2257/10666
[Sat Aug 22 00:47:00.377235 2026] [socache_shmcb:debug] [pid 618022:tid 618022] mod_socache_shmcb.c(530): AH00834: leaving socache_shmcb_store successfully
[Sat Aug 22 00:47:00.377279 2026] [authz_core:debug] [pid 618038:tid 618038] mod_authz_core.c(815): [client 34.75.231.121:34028] AH01626: authorization result of Require all granted: granted
[Sat Aug 22 00:47:00.377283 2026] [authz_core:debug] [pid 618038:tid 618038] mod_authz_core.c(815): [client 34.75.231.121:34028] AH01626: authorization result of : granted
[Sat Aug 22 00:47:00.377286 2026] [authz_core:debug] [pid 613184:tid 613184] mod_authz_core.c(815): [client 34.75.231.121:34004] AH01626: authorization result of Require all granted: granted
[Sat Aug 22 00:47:00.377290 2026] [authz_core:debug] [pid 613184:tid 613184] mod_authz_core.c(815): [client 34.75.231.121:34004] AH01626: authorization result of : granted
[Sat Aug 22 00:47:00.378627 2026] [ssl:debug] [pid 618029:tid 618029] ssl_engine_kernel.c(254): [client 34.75.231.121:33978] AH02034: Initial (No.1) HTTPS request received for child 32 (server www.ilc.edu.tw:443)
[Sat Aug 22 00:47:00.378647 2026] [ssl:debug] [pid 613414:tid 613414] ssl_engine_kernel.c(2082): [client 34.75.231.121:34012] AH02041: Protocol: TLSv1.3, Cipher: TLS_AES_256_GCM_SHA384 (256/256 bits)
[Sat Aug 22 00:47:00.378732 2026] [socache_shmcb:debug] [pid 613414:tid 613414] mod_socache_shmcb.c(508): AH00831: socache_shmcb_store (0x30 -> subcache 16)
[Sat Aug 22 00:47:00.378740 2026] [socache_shmcb:debug] [pid 613414:tid 613414] mod_socache_shmcb.c(860): AH00847: insert happened at idx=63, data=(3248:3280)
[Sat Aug 22 00:47:00.378742 2026] [socache_shmcb:debug] [pid 613414:tid 613414] mod_socache_shmcb.c(863): AH00848: finished insert, subcache: idx_pos/idx_used=6/58, data_pos/data_used=4392/12943
[Sat Aug 22 00:47:00.378744 2026] [socache_shmcb:debug] [pid 613414:tid 613414] mod_socache_shmcb.c(530): AH00834: leaving socache_shmcb_store successfully
[Sat Aug 22 00:47:00.378769 2026] [authz_core:debug] [pid 618029:tid 618029] mod_authz_core.c(815): [client 34.75.231.121:33978] AH01626: authorization result of Require all granted: granted
[Sat Aug 22 00:47:00.378774 2026] [authz_core:debug] [pid 618029:tid 618029] mod_authz_core.c(815): [client 34.75.231.121:33978] AH01626: authorization result of : granted
[Sat Aug 22 00:47:00.378791 2026] [socache_shmcb:debug] [pid 613414:tid 613414] mod_socache_shmcb.c(508): AH00831: socache_shmcb_store (0x82 -> subcache 2)
[Sat Aug 22 00:47:00.378795 2026] [socache_shmcb:debug] [pid 613414:tid 613414] mod_socache_shmcb.c(860): AH00847: insert happened at idx=43, data=(12693:12725)
[Sat Aug 22 00:47:00.378805 2026] [socache_shmcb:debug] [pid 613414:tid 613414] mod_socache_shmcb.c(863): AH00848: finished insert, subcache: idx_pos/idx_used=9/35, data_pos/data_used=5103/7814
[Sat Aug 22 00:47:00.378807 2026] [socache_shmcb:debug] [pid 613414:tid 613414] mod_socache_shmcb.c(530): AH00834: leaving socache_shmcb_store successfully
[Sat Aug 22 00:47:00.378818 2026] [ssl:debug] [pid 618058:tid 618058] ssl_engine_kernel.c(2082): [client 34.75.231.121:33968] AH02041: Protocol: TLSv1.3, Cipher: TLS_AES_256_GCM_SHA384 (256/256 bits)
[Sat Aug 22 00:47:00.378851 2026] [socache_shmcb:debug] [pid 618058:tid 618058] mod_socache_shmcb.c(508): AH00831: socache_shmcb_store (0x35 -> subcache 21)
[Sat Aug 22 00:47:00.378855 2026] [socache_shmcb:debug] [pid 618058:tid 618058] mod_socache_shmcb.c(860): AH00847: insert happened at idx=38, data=(11456:11488)
[Sat Aug 22 00:47:00.378857 2026] [socache_shmcb:debug] [pid 618058:tid 618058] mod_socache_shmcb.c(863): AH00848: finished insert, subcache: idx_pos/idx_used=9/30, data_pos/data_used=5071/6608
[Sat Aug 22 00:47:00.378859 2026] [socache_shmcb:debug] [pid 618058:tid 618058] mod_socache_shmcb.c(530): AH00834: leaving socache_shmcb_store successfully
[Sat Aug 22 00:47:00.378866 2026] [authz_core:debug] [pid 618029:tid 618029] mod_authz_core.c(815): [client 34.75.231.121:33978] AH01626: authorization result of Require all granted: granted
[Sat Aug 22 00:47:00.378870 2026] [authz_core:debug] [pid 618029:tid 618029] mod_authz_core.c(815): [client 34.75.231.121:33978] AH01626: authorization result of : granted
[Sat Aug 22 00:47:00.378901 2026] [socache_shmcb:debug] [pid 618058:tid 618058] mod_socache_shmcb.c(508): AH00831: socache_shmcb_store (0x1d -> subcache 29)
[Sat Aug 22 00:47:00.378913 2026] [socache_shmcb:debug] [pid 618058:tid 618058] mod_socache_shmcb.c(860): AH00847: insert happened at idx=55, data=(1469:1501)
[Sat Aug 22 00:47:00.378915 2026] [socache_shmcb:debug] [pid 618058:tid 618058] mod_socache_shmcb.c(863): AH00848: finished insert, subcache: idx_pos/idx_used=21/35, data_pos/data_used=7732/7824
[Sat Aug 22 00:47:00.378916 2026] [socache_shmcb:debug] [pid 618058:tid 618058] mod_socache_shmcb.c(530): AH00834: leaving socache_shmcb_store successfully
[Sat Aug 22 00:47:00.379560 2026] [ssl:debug] [pid 618048:tid 618048] ssl_engine_kernel.c(254): [client 34.75.231.121:33974] AH02034: Initial (No.1) HTTPS request received for child 53 (server www.ilc.edu.tw:443)
[Sat Aug 22 00:47:00.379713 2026] [authz_core:debug] [pid 618048:tid 618048] mod_authz_core.c(815): [client 34.75.231.121:33974] AH01626: authorization result of Require all granted: granted
[Sat Aug 22 00:47:00.379717 2026] [authz_core:debug] [pid 618048:tid 618048] mod_authz_core.c(815): [client 34.75.231.121:33974] AH01626: authorization result of : granted
[Sat Aug 22 00:47:00.379803 2026] [authz_core:debug] [pid 618048:tid 618048] mod_authz_core.c(815): [client 34.75.231.121:33974] AH01626: authorization result of Require all granted: granted
[Sat Aug 22 00:47:00.379807 2026] [authz_core:debug] [pid 618048:tid 618048] mod_authz_core.c(815): [client 34.75.231.121:33974] AH01626: authorization result of : granted
[Sat Aug 22 00:47:00.383573 2026] [ssl:debug] [pid 613414:tid 613414] ssl_engine_kernel.c(254): [client 34.75.231.121:34012] AH02034: Initial (No.1) HTTPS request received for child 22 (server www.ilc.edu.tw:443)
[Sat Aug 22 00:47:00.383716 2026] [authz_core:debug] [pid 613414:tid 613414] mod_authz_core.c(815): [client 34.75.231.121:34012] AH01626: authorization result of Require all granted: granted
[Sat Aug 22 00:47:00.383721 2026] [authz_core:debug] [pid 613414:tid 613414] mod_authz_core.c(815): [client 34.75.231.121:34012] AH01626: authorization result of : granted
[Sat Aug 22 00:47:00.383808 2026] [authz_core:debug] [pid 613414:tid 613414] mod_authz_core.c(815): [client 34.75.231.121:34012] AH01626: authorization result of Require all granted: granted
[Sat Aug 22 00:47:00.383811 2026] [authz_core:debug] [pid 613414:tid 613414] mod_authz_core.c(815): [client 34.75.231.121:34012] AH01626: authorization result of : granted
[Sat Aug 22 00:47:00.385397 2026] [ssl:debug] [pid 618037:tid 618037] ssl_engine_kernel.c(254): [client 34.75.231.121:33960] AH02034: Initial (No.1) HTTPS request received for child 41 (server www.ilc.edu.tw:443)
[Sat Aug 22 00:47:00.385530 2026] [authz_core:debug] [pid 618037:tid 618037] mod_authz_core.c(815): [client 34.75.231.121:33960] AH01626: authorization result of Require all granted: granted
[Sat Aug 22 00:47:00.385534 2026] [authz_core:debug] [pid 618037:tid 618037] mod_authz_core.c(815): [client 34.75.231.121:33960] AH01626: authorization result of : granted
[Sat Aug 22 00:47:00.385623 2026] [authz_core:debug] [pid 618037:tid 618037] mod_authz_core.c(815): [client 34.75.231.121:33960] AH01626: authorization result of Require all granted: granted
[Sat Aug 22 00:47:00.385626 2026] [authz_core:debug] [pid 618037:tid 618037] mod_authz_core.c(815): [client 34.75.231.121:33960] AH01626: authorization result of : granted
[Sat Aug 22 00:47:00.385815 2026] [ssl:debug] [pid 618022:tid 618022] ssl_engine_kernel.c(254): [client 34.75.231.121:33956] AH02034: Initial (No.1) HTTPS request received for child 23 (server www.ilc.edu.tw:443)
[Sat Aug 22 00:47:00.385958 2026] [authz_core:debug] [pid 618022:tid 618022] mod_authz_core.c(815): [client 34.75.231.121:33956] AH01626: authorization result of Require all granted: granted
[Sat Aug 22 00:47:00.385964 2026] [authz_core:debug] [pid 618022:tid 618022] mod_authz_core.c(815): [client 34.75.231.121:33956] AH01626: authorization result of : granted
[Sat Aug 22 00:47:00.385989 2026] [ssl:debug] [pid 618125:tid 618125] ssl_engine_kernel.c(254): [client 34.75.231.121:33966] AH02034: Initial (No.1) HTTPS request received for child 0 (server www.ilc.edu.tw:443)
[Sat Aug 22 00:47:00.386068 2026] [authz_core:debug] [pid 618022:tid 618022] mod_authz_core.c(815): [client 34.75.231.121:33956] AH01626: authorization result of Require all granted: granted
[Sat Aug 22 00:47:00.386072 2026] [authz_core:debug] [pid 618022:tid 618022] mod_authz_core.c(815): [client 34.75.231.121:33956] AH01626: authorization result of : granted
[Sat Aug 22 00:47:00.386197 2026] [authz_core:debug] [pid 618125:tid 618125] mod_authz_core.c(815): [client 34.75.231.121:33966] AH01626: authorization result of Require all granted: granted
[Sat Aug 22 00:47:00.386202 2026] [authz_core:debug] [pid 618125:tid 618125] mod_authz_core.c(815): [client 34.75.231.121:33966] AH01626: authorization result of : granted
[Sat Aug 22 00:47:00.386673 2026] [authz_core:debug] [pid 618125:tid 618125] mod_authz_core.c(815): [client 34.75.231.121:33966] AH01626: authorization result of Require all granted: granted
[Sat Aug 22 00:47:00.386680 2026] [authz_core:debug] [pid 618125:tid 618125] mod_authz_core.c(815): [client 34.75.231.121:33966] AH01626: authorization result of : granted
[Sat Aug 22 00:47:00.387572 2026] [ssl:debug] [pid 618019:tid 618019] ssl_engine_kernel.c(254): [client 34.75.231.121:33952] AH02034: Subsequent (No.3) HTTPS request received for child 19 (server www.ilc.edu.tw:443)
[Sat Aug 22 00:47:00.387759 2026] [authz_core:debug] [pid 618019:tid 618019] mod_authz_core.c(815): [client 34.75.231.121:33952] AH01626: authorization result of Require all granted: granted
[Sat Aug 22 00:47:00.387766 2026] [authz_core:debug] [pid 618019:tid 618019] mod_authz_core.c(815): [client 34.75.231.121:33952] AH01626: authorization result of : granted
[Sat Aug 22 00:47:00.387886 2026] [authz_core:debug] [pid 618019:tid 618019] mod_authz_core.c(815): [client 34.75.231.121:33952] AH01626: authorization result of Require all granted: granted
[Sat Aug 22 00:47:00.387893 2026] [authz_core:debug] [pid 618019:tid 618019] mod_authz_core.c(815): [client 34.75.231.121:33952] AH01626: authorization result of : granted
[Sat Aug 22 00:47:00.387905 2026] [ssl:debug] [pid 618058:tid 618058] ssl_engine_kernel.c(254): [client 34.75.231.121:33968] AH02034: Initial (No.1) HTTPS request received for child 63 (server www.ilc.edu.tw:443)
[Sat Aug 22 00:47:00.388045 2026] [authz_core:debug] [pid 618058:tid 618058] mod_authz_core.c(815): [client 34.75.231.121:33968] AH01626: authorization result of Require all granted: granted
[Sat Aug 22 00:47:00.388050 2026] [authz_core:debug] [pid 618058:tid 618058] mod_authz_core.c(815): [client 34.75.231.121:33968] AH01626: authorization result of : granted
[Sat Aug 22 00:47:00.388152 2026] [authz_core:debug] [pid 618058:tid 618058] mod_authz_core.c(815): [client 34.75.231.121:33968] AH01626: authorization result of Require all granted: granted
[Sat Aug 22 00:47:00.388168 2026] [authz_core:debug] [pid 618058:tid 618058] mod_authz_core.c(815): [client 34.75.231.121:33968] AH01626: authorization result of : granted
[Sat Aug 22 00:47:00.495160 2026] [ssl:debug] [pid 618066:tid 618066] ssl_engine_kernel.c(254): [client 40.77.167.5:11112] AH02034: Subsequent (No.2) HTTPS request received for child 71 (server www.ilc.edu.tw:443)
[Sat Aug 22 00:47:00.495319 2026] [authz_core:debug] [pid 618066:tid 618066] mod_authz_core.c(815): [client 40.77.167.5:11112] AH01626: authorization result of Require all granted: granted
[Sat Aug 22 00:47:00.495323 2026] [authz_core:debug] [pid 618066:tid 618066] mod_authz_core.c(815): [client 40.77.167.5:11112] AH01626: authorization result of : granted
[Sat Aug 22 00:47:00.495452 2026] [authz_core:debug] [pid 618066:tid 618066] mod_authz_core.c(815): [client 40.77.167.5:11112] AH01626: authorization result of Require all granted: granted
[Sat Aug 22 00:47:00.495456 2026] [authz_core:debug] [pid 618066:tid 618066] mod_authz_core.c(815): [client 40.77.167.5:11112] AH01626: authorization result of : granted
[Sat Aug 22 00:47:00.545050 2026] [ssl:debug] [pid 618018:tid 618018] ssl_engine_io.c(1150): [client 17.246.15.127:39946] AH02001: Connection closed to child 18 with standard shutdown (server 2blog.ilc.edu.tw:443)
[Sat Aug 22 00:47:00.646271 2026] [deflate:debug] [pid 618066:tid 618066] mod_deflate.c(909): [client 40.77.167.5:11112] AH01384: Zlib: Compressed 71221 to 14639 : URL /index.php
[Sat Aug 22 00:47:00.659975 2026] [ssl:debug] [pid 618012:tid 618012] ssl_engine_kernel.c(2082): [client 5.182.186.231:45088] AH02041: Protocol: TLSv1.3, Cipher: TLS_AES_256_GCM_SHA384 (256/256 bits)
[Sat Aug 22 00:47:00.660029 2026] [socache_shmcb:debug] [pid 618012:tid 618012] mod_socache_shmcb.c(508): AH00831: socache_shmcb_store (0xee -> subcache 14)
[Sat Aug 22 00:47:00.660035 2026] [socache_shmcb:debug] [pid 618012:tid 618012] mod_socache_shmcb.c(860): AH00847: insert happened at idx=32, data=(10301:10333)
[Sat Aug 22 00:47:00.660037 2026] [socache_shmcb:debug] [pid 618012:tid 618012] mod_socache_shmcb.c(863): AH00848: finished insert, subcache: idx_pos/idx_used=77/44, data_pos/data_used=666/9860
[Sat Aug 22 00:47:00.660039 2026] [socache_shmcb:debug] [pid 618012:tid 618012] mod_socache_shmcb.c(530): AH00834: leaving socache_shmcb_store successfully
[Sat Aug 22 00:47:00.660092 2026] [socache_shmcb:debug] [pid 618012:tid 618012] mod_socache_shmcb.c(508): AH00831: socache_shmcb_store (0x94 -> subcache 20)
[Sat Aug 22 00:47:00.660097 2026] [socache_shmcb:debug] [pid 618012:tid 618012] mod_socache_shmcb.c(860): AH00847: insert happened at idx=79, data=(6990:7022)
[Sat Aug 22 00:47:00.660098 2026] [socache_shmcb:debug] [pid 618012:tid 618012] mod_socache_shmcb.c(863): AH00848: finished insert, subcache: idx_pos/idx_used=23/57, data_pos/data_used=8385/12695
[Sat Aug 22 00:47:00.660100 2026] [socache_shmcb:debug] [pid 618012:tid 618012] mod_socache_shmcb.c(530): AH00834: leaving socache_shmcb_store successfully
[Sat Aug 22 00:47:00.664336 2026] [ssl:debug] [pid 618012:tid 618012] ssl_engine_kernel.c(254): [client 5.182.186.231:45088] AH02034: Initial (No.1) HTTPS request received for child 7 (server 2blog.ilc.edu.tw:443)
[Sat Aug 22 00:47:00.664502 2026] [authz_core:debug] [pid 618012:tid 618012] mod_authz_core.c(815): [client 5.182.186.231:45088] AH01626: authorization result of Require all granted: granted
[Sat Aug 22 00:47:00.664516 2026] [authz_core:debug] [pid 618012:tid 618012] mod_authz_core.c(815): [client 5.182.186.231:45088] AH01626: authorization result of : granted
[Sat Aug 22 00:47:00.669030 2026] [authz_core:debug] [pid 618012:tid 618012] mod_authz_core.c(815): [client 5.182.186.231:45088] AH01626: authorization result of Require all granted: granted
[Sat Aug 22 00:47:00.669037 2026] [authz_core:debug] [pid 618012:tid 618012] mod_authz_core.c(815): [client 5.182.186.231:45088] AH01626: authorization result of : granted
[Sat Aug 22 00:47:00.736377 2026] [ssl:info] [pid 618018:tid 618018] [client 34.75.231.121:33990] AH01964: Connection to child 18 established (server 2blog.ilc.edu.tw:443)
[Sat Aug 22 00:47:00.736538 2026] [ssl:debug] [pid 618018:tid 618018] ssl_engine_kernel.c(2222): [client 34.75.231.121:33990] AH02043: SSL virtual host for servername www.ilc.edu.tw found
[Sat Aug 22 00:47:00.736588 2026] [core:debug] [pid 618018:tid 618018] protocol.c(2460): [client 34.75.231.121:33990] AH03155: select protocol from , choices=h2,http/1.1 for server www.ilc.edu.tw
[Sat Aug 22 00:47:00.736622 2026] [ssl:debug] [pid 618018:tid 618018] ssl_util_stapling.c(819): AH01951: stapling_cb: OCSP Stapling callback called
[Sat Aug 22 00:47:00.736627 2026] [ssl:info] [pid 618018:tid 618018] AH01926: stapling_get_certinfo: stapling not supported for certificate
[Sat Aug 22 00:47:00.966096 2026] [ssl:debug] [pid 618018:tid 618018] ssl_engine_kernel.c(2082): [client 34.75.231.121:33990] AH02041: Protocol: TLSv1.3, Cipher: TLS_AES_256_GCM_SHA384 (256/256 bits)
[Sat Aug 22 00:47:00.966219 2026] [socache_shmcb:debug] [pid 618018:tid 618018] mod_socache_shmcb.c(508): AH00831: socache_shmcb_store (0x2e -> subcache 14)
[Sat Aug 22 00:47:00.966237 2026] [socache_shmcb:debug] [pid 618018:tid 618018] mod_socache_shmcb.c(860): AH00847: insert happened at idx=33, data=(10526:10558)
[Sat Aug 22 00:47:00.966246 2026] [socache_shmcb:debug] [pid 618018:tid 618018] mod_socache_shmcb.c(863): AH00848: finished insert, subcache: idx_pos/idx_used=77/45, data_pos/data_used=666/10084
[Sat Aug 22 00:47:00.966254 2026] [socache_shmcb:debug] [pid 618018:tid 618018] mod_socache_shmcb.c(530): AH00834: leaving socache_shmcb_store successfully
[Sat Aug 22 00:47:00.966387 2026] [socache_shmcb:debug] [pid 618018:tid 618018] mod_socache_shmcb.c(508): AH00831: socache_shmcb_store (0xec -> subcache 12)
[Sat Aug 22 00:47:00.966403 2026] [socache_shmcb:debug] [pid 618018:tid 618018] mod_socache_shmcb.c(860): AH00847: insert happened at idx=46, data=(13344:13376)
[Sat Aug 22 00:47:00.966411 2026] [socache_shmcb:debug] [pid 618018:tid 618018] mod_socache_shmcb.c(863): AH00848: finished insert, subcache: idx_pos/idx_used=11/36, data_pos/data_used=5554/8014
[Sat Aug 22 00:47:00.966418 2026] [socache_shmcb:debug] [pid 618018:tid 618018] mod_socache_shmcb.c(530): AH00834: leaving socache_shmcb_store successfully
[Sat Aug 22 00:47:00.967758 2026] [ssl:debug] [pid 618018:tid 618018] ssl_engine_kernel.c(254): [client 34.75.231.121:33990] AH02034: Initial (No.1) HTTPS request received for child 18 (server www.ilc.edu.tw:443)
[Sat Aug 22 00:47:00.968255 2026] [authz_core:debug] [pid 618018:tid 618018] mod_authz_core.c(815): [client 34.75.231.121:33990] AH01626: authorization result of Require all granted: granted
[Sat Aug 22 00:47:00.968271 2026] [authz_core:debug] [pid 618018:tid 618018] mod_authz_core.c(815): [client 34.75.231.121:33990] AH01626: authorization result of : granted
[Sat Aug 22 00:47:00.968547 2026] [authz_core:debug] [pid 618018:tid 618018] mod_authz_core.c(815): [client 34.75.231.121:33990] AH01626: authorization result of Require all granted: granted
[Sat Aug 22 00:47:00.968561 2026] [authz_core:debug] [pid 618018:tid 618018] mod_authz_core.c(815): [client 34.75.231.121:33990] AH01626: authorization result of : granted
[Sat Aug 22 00:47:01.080736 2026] [watchdog:debug] [pid 618126:tid 618126] mod_watchdog.c(559): AH02980: Watchdog: nothing configured?
[Sat Aug 22 00:47:01.081000 2026] [ssl:info] [pid 618126:tid 618126] [client 34.75.231.121:34036] AH01964: Connection to child 1 established (server 2blog.ilc.edu.tw:443)
[Sat Aug 22 00:47:01.081380 2026] [ssl:debug] [pid 618126:tid 618126] ssl_engine_kernel.c(2222): [client 34.75.231.121:34036] AH02043: SSL virtual host for servername www.ilc.edu.tw found
[Sat Aug 22 00:47:01.081513 2026] [core:debug] [pid 618126:tid 618126] protocol.c(2460): [client 34.75.231.121:34036] AH03155: select protocol from , choices=h2,http/1.1 for server www.ilc.edu.tw
[Sat Aug 22 00:47:01.081618 2026] [ssl:debug] [pid 618126:tid 618126] ssl_util_stapling.c(819): AH01951: stapling_cb: OCSP Stapling callback called
[Sat Aug 22 00:47:01.081628 2026] [ssl:info] [pid 618126:tid 618126] AH01926: stapling_get_certinfo: stapling not supported for certificate
[Sat Aug 22 00:47:01.141430 2026] [ssl:debug] [pid 618019:tid 618019] ssl_engine_kernel.c(254): [client 34.75.231.121:33952] AH02034: Subsequent (No.4) HTTPS request received for child 19 (server www.ilc.edu.tw:443)
[Sat Aug 22 00:47:01.141629 2026] [authz_core:debug] [pid 618019:tid 618019] mod_authz_core.c(815): [client 34.75.231.121:33952] AH01626: authorization result of Require all granted: granted
[Sat Aug 22 00:47:01.141634 2026] [authz_core:debug] [pid 618019:tid 618019] mod_authz_core.c(815): [client 34.75.231.121:33952] AH01626: authorization result of : granted
[Sat Aug 22 00:47:01.142731 2026] [deflate:debug] [pid 618019:tid 618019] mod_deflate.c(909): [client 34.75.231.121:33952] AH01384: Zlib: Compressed 41573 to 9918 : URL /wp-content/plugins/elementor-pro/assets/js/elements-handlers.min.js
[Sat Aug 22 00:47:01.157709 2026] [ssl:debug] [pid 618029:tid 618029] ssl_engine_kernel.c(254): [client 34.75.231.121:33978] AH02034: Subsequent (No.2) HTTPS request received for child 32 (server www.ilc.edu.tw:443)
[Sat Aug 22 00:47:01.158461 2026] [authz_core:debug] [pid 618029:tid 618029] mod_authz_core.c(815): [client 34.75.231.121:33978] AH01626: authorization result of Require all granted: granted
[Sat Aug 22 00:47:01.158473 2026] [authz_core:debug] [pid 618029:tid 618029] mod_authz_core.c(815): [client 34.75.231.121:33978] AH01626: authorization result of : granted
[Sat Aug 22 00:47:01.162879 2026] [deflate:debug] [pid 618029:tid 618029] mod_deflate.c(909): [client 34.75.231.121:33978] AH01384: Zlib: Compressed 101286 to 34518 : URL /wp-content/cache/www.ilc.edu.tw/wpfc-minified/difb1vbs/8141l.js
[Sat Aug 22 00:47:01.203928 2026] [ssl:debug] [pid 613414:tid 613414] ssl_engine_kernel.c(254): [client 34.75.231.121:34012] AH02034: Subsequent (No.2) HTTPS request received for child 22 (server www.ilc.edu.tw:443), referer: https://www.ilc.edu.tw
[Sat Aug 22 00:47:01.204238 2026] [authz_core:debug] [pid 613414:tid 613414] mod_authz_core.c(815): [client 34.75.231.121:34012] AH01626: authorization result of Require all granted: granted, referer: https://www.ilc.edu.tw
[Sat Aug 22 00:47:01.204254 2026] [authz_core:debug] [pid 613414:tid 613414] mod_authz_core.c(815): [client 34.75.231.121:34012] AH01626: authorization result of : granted, referer: https://www.ilc.edu.tw
[Sat Aug 22 00:47:01.204426 2026] [authz_core:debug] [pid 613414:tid 613414] mod_authz_core.c(815): [client 34.75.231.121:34012] AH01626: authorization result of Require all granted: granted, referer: https://www.ilc.edu.tw
[Sat Aug 22 00:47:01.204432 2026] [authz_core:debug] [pid 613414:tid 613414] mod_authz_core.c(815): [client 34.75.231.121:34012] AH01626: authorization result of : granted, referer: https://www.ilc.edu.tw
[Sat Aug 22 00:47:01.215248 2026] [ssl:debug] [pid 618125:tid 618125] ssl_engine_kernel.c(254): [client 34.75.231.121:33966] AH02034: Subsequent (No.2) HTTPS request received for child 0 (server www.ilc.edu.tw:443)
[Sat Aug 22 00:47:01.215498 2026] [authz_core:debug] [pid 618125:tid 618125] mod_authz_core.c(815): [client 34.75.231.121:33966] AH01626: authorization result of Require all granted: granted
[Sat Aug 22 00:47:01.215506 2026] [authz_core:debug] [pid 618125:tid 618125] mod_authz_core.c(815): [client 34.75.231.121:33966] AH01626: authorization result of : granted
[Sat Aug 22 00:47:01.215864 2026] [deflate:debug] [pid 618125:tid 618125] mod_deflate.c(909): [client 34.75.231.121:33966] AH01384: Zlib: Compressed 1718 to 700 : URL /wp-includes/js/hoverintent-js.min.js
[Sat Aug 22 00:47:01.217815 2026] [ssl:debug] [pid 618058:tid 618058] ssl_engine_kernel.c(254): [client 34.75.231.121:33968] AH02034: Subsequent (No.2) HTTPS request received for child 63 (server www.ilc.edu.tw:443)
[Sat Aug 22 00:47:01.217991 2026] [authz_core:debug] [pid 618058:tid 618058] mod_authz_core.c(815): [client 34.75.231.121:33968] AH01626: authorization result of Require all granted: granted
[Sat Aug 22 00:47:01.217996 2026] [authz_core:debug] [pid 618058:tid 618058] mod_authz_core.c(815): [client 34.75.231.121:33968] AH01626: authorization result of : granted
[Sat Aug 22 00:47:01.218637 2026] [ssl:debug] [pid 618038:tid 618038] ssl_engine_kernel.c(254): [client 34.75.231.121:34028] AH02034: Subsequent (No.2) HTTPS request received for child 43 (server www.ilc.edu.tw:443)
[Sat Aug 22 00:47:01.218850 2026] [authz_core:debug] [pid 618038:tid 618038] mod_authz_core.c(815): [client 34.75.231.121:34028] AH01626: authorization result of Require all granted: granted
[Sat Aug 22 00:47:01.218857 2026] [authz_core:debug] [pid 618038:tid 618038] mod_authz_core.c(815): [client 34.75.231.121:34028] AH01626: authorization result of : granted
[Sat Aug 22 00:47:01.219429 2026] [deflate:debug] [pid 618038:tid 618038] mod_deflate.c(909): [client 34.75.231.121:34028] AH01384: Zlib: Compressed 13577 to 4854 : URL /wp-includes/js/jquery/jquery-migrate.min.js
[Sat Aug 22 00:47:01.222143 2026] [deflate:debug] [pid 618058:tid 618058] mod_deflate.c(909): [client 34.75.231.121:33968] AH01384: Zlib: Compressed 87553 to 30350 : URL /wp-includes/js/jquery/jquery.min.js
[Sat Aug 22 00:47:01.247197 2026] [ssl:debug] [pid 613184:tid 613184] ssl_engine_kernel.c(254): [client 34.75.231.121:34004] AH02034: Subsequent (No.2) HTTPS request received for child 35 (server www.ilc.edu.tw:443)
[Sat Aug 22 00:47:01.247450 2026] [authz_core:debug] [pid 613184:tid 613184] mod_authz_core.c(815): [client 34.75.231.121:34004] AH01626: authorization result of Require all granted: granted
[Sat Aug 22 00:47:01.247460 2026] [authz_core:debug] [pid 613184:tid 613184] mod_authz_core.c(815): [client 34.75.231.121:34004] AH01626: authorization result of : granted
[Sat Aug 22 00:47:01.247843 2026] [deflate:debug] [pid 613184:tid 613184] mod_deflate.c(909): [client 34.75.231.121:34004] AH01384: Zlib: Compressed 5520 to 1785 : URL /wp-includes/js/imagesloaded.min.js
[Sat Aug 22 00:47:01.249043 2026] [ssl:debug] [pid 618048:tid 618048] ssl_engine_kernel.c(254): [client 34.75.231.121:33974] AH02034: Subsequent (No.2) HTTPS request received for child 53 (server www.ilc.edu.tw:443)
[Sat Aug 22 00:47:01.249222 2026] [authz_core:debug] [pid 618048:tid 618048] mod_authz_core.c(815): [client 34.75.231.121:33974] AH01626: authorization result of Require all granted: granted
[Sat Aug 22 00:47:01.249229 2026] [authz_core:debug] [pid 618048:tid 618048] mod_authz_core.c(815): [client 34.75.231.121:33974] AH01626: authorization result of : granted
[Sat Aug 22 00:47:01.249556 2026] [deflate:debug] [pid 618048:tid 618048] mod_deflate.c(909): [client 34.75.231.121:33974] AH01384: Zlib: Compressed 3487 to 1339 : URL /wp-includes/js/admin-bar.min.js
[Sat Aug 22 00:47:01.264961 2026] [ssl:debug] [pid 618022:tid 618022] ssl_engine_kernel.c(254): [client 34.75.231.121:33956] AH02034: Subsequent (No.2) HTTPS request received for child 23 (server www.ilc.edu.tw:443)
[Sat Aug 22 00:47:01.265269 2026] [authz_core:debug] [pid 618022:tid 618022] mod_authz_core.c(815): [client 34.75.231.121:33956] AH01626: authorization result of Require all granted: granted
[Sat Aug 22 00:47:01.265285 2026] [authz_core:debug] [pid 618022:tid 618022] mod_authz_core.c(815): [client 34.75.231.121:33956] AH01626: authorization result of : granted
[Sat Aug 22 00:47:01.265964 2026] [deflate:debug] [pid 618022:tid 618022] mod_deflate.c(909): [client 34.75.231.121:33956] AH01384: Zlib: Compressed 14581 to 3765 : URL /wp-content/themes/oceanwp/assets/js/drop-down-mobile-menu.min.js
[Sat Aug 22 00:47:01.298211 2026] [ssl:debug] [pid 618126:tid 618126] ssl_engine_kernel.c(2082): [client 34.75.231.121:34036] AH02041: Protocol: TLSv1.3, Cipher: TLS_AES_256_GCM_SHA384 (256/256 bits)
[Sat Aug 22 00:47:01.298281 2026] [socache_shmcb:debug] [pid 618126:tid 618126] mod_socache_shmcb.c(508): AH00831: socache_shmcb_store (0xc0 -> subcache 0)
[Sat Aug 22 00:47:01.298288 2026] [socache_shmcb:debug] [pid 618126:tid 618126] mod_socache_shmcb.c(860): AH00847: insert happened at idx=55, data=(1621:1653)
[Sat Aug 22 00:47:01.298291 2026] [socache_shmcb:debug] [pid 618126:tid 618126] mod_socache_shmcb.c(863): AH00848: finished insert, subcache: idx_pos/idx_used=21/35, data_pos/data_used=7961/7747
[Sat Aug 22 00:47:01.298293 2026] [socache_shmcb:debug] [pid 618126:tid 618126] mod_socache_shmcb.c(530): AH00834: leaving socache_shmcb_store successfully
[Sat Aug 22 00:47:01.298406 2026] [socache_shmcb:debug] [pid 618126:tid 618126] mod_socache_shmcb.c(508): AH00831: socache_shmcb_store (0x25 -> subcache 5)
[Sat Aug 22 00:47:01.298432 2026] [socache_shmcb:debug] [pid 618126:tid 618126] mod_socache_shmcb.c(860): AH00847: insert happened at idx=70, data=(4815:4847)
[Sat Aug 22 00:47:01.298435 2026] [socache_shmcb:debug] [pid 618126:tid 618126] mod_socache_shmcb.c(863): AH00848: finished insert, subcache: idx_pos/idx_used=16/55, data_pos/data_used=6667/12236
[Sat Aug 22 00:47:01.298437 2026] [socache_shmcb:debug] [pid 618126:tid 618126] mod_socache_shmcb.c(530): AH00834: leaving socache_shmcb_store successfully
[Sat Aug 22 00:47:01.300130 2026] [ssl:debug] [pid 618126:tid 618126] ssl_engine_kernel.c(254): [client 34.75.231.121:34036] AH02034: Initial (No.1) HTTPS request received for child 1 (server www.ilc.edu.tw:443)
[Sat Aug 22 00:47:01.300405 2026] [authz_core:debug] [pid 618126:tid 618126] mod_authz_core.c(815): [client 34.75.231.121:34036] AH01626: authorization result of Require all granted: granted
[Sat Aug 22 00:47:01.300413 2026] [authz_core:debug] [pid 618126:tid 618126] mod_authz_core.c(815): [client 34.75.231.121:34036] AH01626: authorization result of : granted
[Sat Aug 22 00:47:01.301460 2026] [deflate:debug] [pid 618126:tid 618126] mod_deflate.c(909): [client 34.75.231.121:34036] AH01384: Zlib: Compressed 19719 to 4232 : URL /wp-content/themes/oceanwp/assets/js/theme.min.js
[Sat Aug 22 00:47:01.389547 2026] [ssl:debug] [pid 618019:tid 618019] ssl_engine_kernel.c(254): [client 34.75.231.121:33952] AH02034: Subsequent (No.5) HTTPS request received for child 19 (server www.ilc.edu.tw:443)
[Sat Aug 22 00:47:01.389807 2026] [authz_core:debug] [pid 618019:tid 618019] mod_authz_core.c(815): [client 34.75.231.121:33952] AH01626: authorization result of Require all granted: granted
[Sat Aug 22 00:47:01.389817 2026] [authz_core:debug] [pid 618019:tid 618019] mod_authz_core.c(815): [client 34.75.231.121:33952] AH01626: authorization result of : granted
[Sat Aug 22 00:47:01.390692 2026] [deflate:debug] [pid 618019:tid 618019] mod_deflate.c(909): [client 34.75.231.121:33952] AH01384: Zlib: Compressed 20216 to 7328 : URL /wp-content/themes/oceanwp/assets/js/vendors/magnific-popup.min.js
[Sat Aug 22 00:47:01.461297 2026] [ssl:debug] [pid 618125:tid 618125] ssl_engine_kernel.c(254): [client 34.75.231.121:33966] AH02034: Subsequent (No.3) HTTPS request received for child 0 (server www.ilc.edu.tw:443)
[Sat Aug 22 00:47:01.461534 2026] [authz_core:debug] [pid 618125:tid 618125] mod_authz_core.c(815): [client 34.75.231.121:33966] AH01626: authorization result of Require all granted: granted
[Sat Aug 22 00:47:01.461544 2026] [authz_core:debug] [pid 618125:tid 618125] mod_authz_core.c(815): [client 34.75.231.121:33966] AH01626: authorization result of : granted
[Sat Aug 22 00:47:01.461825 2026] [deflate:debug] [pid 618125:tid 618125] mod_deflate.c(909): [client 34.75.231.121:33966] AH01384: Zlib: Compressed 2002 to 864 : URL /wp-content/themes/oceanwp/assets/js/ow-slider.min.js
[Sat Aug 22 00:47:01.487352 2026] [ssl:debug] [pid 613184:tid 613184] ssl_engine_kernel.c(254): [client 34.75.231.121:34004] AH02034: Subsequent (No.3) HTTPS request received for child 35 (server www.ilc.edu.tw:443)
[Sat Aug 22 00:47:01.487534 2026] [authz_core:debug] [pid 613184:tid 613184] mod_authz_core.c(815): [client 34.75.231.121:34004] AH01626: authorization result of Require all granted: granted
[Sat Aug 22 00:47:01.487539 2026] [authz_core:debug] [pid 613184:tid 613184] mod_authz_core.c(815): [client 34.75.231.121:34004] AH01626: authorization result of : granted
[Sat Aug 22 00:47:01.487949 2026] [deflate:debug] [pid 613184:tid 613184] mod_deflate.c(909): [client 34.75.231.121:34004] AH01384: Zlib: Compressed 12402 to 3229 : URL /wp-content/themes/oceanwp/assets/js/scroll-effect.min.js
[Sat Aug 22 00:47:01.510538 2026] [ssl:debug] [pid 618022:tid 618022] ssl_engine_kernel.c(254): [client 34.75.231.121:33956] AH02034: Subsequent (No.3) HTTPS request received for child 23 (server www.ilc.edu.tw:443)
[Sat Aug 22 00:47:01.510863 2026] [authz_core:debug] [pid 618022:tid 618022] mod_authz_core.c(815): [client 34.75.231.121:33956] AH01626: authorization result of Require all granted: granted
[Sat Aug 22 00:47:01.510873 2026] [authz_core:debug] [pid 618022:tid 618022] mod_authz_core.c(815): [client 34.75.231.121:33956] AH01626: authorization result of : granted
[Sat Aug 22 00:47:01.511303 2026] [deflate:debug] [pid 618022:tid 618022] mod_deflate.c(909): [client 34.75.231.121:33956] AH01384: Zlib: Compressed 8989 to 2304 : URL /wp-content/themes/oceanwp/assets/js/scroll-top.min.js
[Sat Aug 22 00:47:01.513155 2026] [ssl:debug] [pid 618048:tid 618048] ssl_engine_kernel.c(254): [client 34.75.231.121:33974] AH02034: Subsequent (No.3) HTTPS request received for child 53 (server www.ilc.edu.tw:443)
[Sat Aug 22 00:47:01.513388 2026] [authz_core:debug] [pid 618048:tid 618048] mod_authz_core.c(815): [client 34.75.231.121:33974] AH01626: authorization result of Require all granted: granted
[Sat Aug 22 00:47:01.513397 2026] [authz_core:debug] [pid 618048:tid 618048] mod_authz_core.c(815): [client 34.75.231.121:33974] AH01626: authorization result of : granted
[Sat Aug 22 00:47:01.513736 2026] [deflate:debug] [pid 618048:tid 618048] mod_deflate.c(909): [client 34.75.231.121:33974] AH01384: Zlib: Compressed 5181 to 1510 : URL /wp-content/themes/oceanwp/assets/js/select.min.js
[Sat Aug 22 00:47:01.519421 2026] [ssl:debug] [pid 618058:tid 618058] ssl_engine_kernel.c(254): [client 34.75.231.121:33968] AH02034: Subsequent (No.3) HTTPS request received for child 63 (server www.ilc.edu.tw:443)
[Sat Aug 22 00:47:01.519690 2026] [authz_core:debug] [pid 618058:tid 618058] mod_authz_core.c(815): [client 34.75.231.121:33968] AH01626: authorization result of Require all granted: granted
[Sat Aug 22 00:47:01.519701 2026] [authz_core:debug] [pid 618058:tid 618058] mod_authz_core.c(815): [client 34.75.231.121:33968] AH01626: authorization result of : granted
[Sat Aug 22 00:47:01.520221 2026] [deflate:debug] [pid 618058:tid 618058] mod_deflate.c(909): [client 34.75.231.121:33968] AH01384: Zlib: Compressed 4111 to 1423 : URL /wp-content/themes/oceanwp/assets/js/ow-lightbox.min.js
[Sat Aug 22 00:47:01.520497 2026] [ssl:debug] [pid 618126:tid 618126] ssl_engine_kernel.c(254): [client 34.75.231.121:34036] AH02034: Subsequent (No.2) HTTPS request received for child 1 (server www.ilc.edu.tw:443)
[Sat Aug 22 00:47:01.520811 2026] [authz_core:debug] [pid 618126:tid 618126] mod_authz_core.c(815): [client 34.75.231.121:34036] AH01626: authorization result of Require all granted: granted
[Sat Aug 22 00:47:01.520824 2026] [authz_core:debug] [pid 618126:tid 618126] mod_authz_core.c(815): [client 34.75.231.121:34036] AH01626: authorization result of : granted
