[Sat Aug 22 00:47:06.617149 2026] [core:debug] [pid 618136:tid 618136] protocol.c(2460): [client 2400:e920:0:2:f45d:ddff:fe00:7a:54125] AH03155: select protocol from , choices=http/1.1 for server ilta.ilc.edu.tw
[Sat Aug 22 00:47:06.719364 2026] [ssl:debug] [pid 618136:tid 618136] ssl_engine_kernel.c(2082): [client 2400:e920:0:2:f45d:ddff:fe00:7a:54125] AH02041: Protocol: TLSv1.3, Cipher: TLS_AES_256_GCM_SHA384 (256/256 bits)
[Sat Aug 22 00:47:06.719411 2026] [socache_shmcb:debug] [pid 618136:tid 618136] mod_socache_shmcb.c(508): AH00831: socache_shmcb_store (0xeb -> subcache 11)
[Sat Aug 22 00:47:06.719417 2026] [socache_shmcb:debug] [pid 618136:tid 618136] mod_socache_shmcb.c(860): AH00847: insert happened at idx=82, data=(7561:7593)
[Sat Aug 22 00:47:06.719419 2026] [socache_shmcb:debug] [pid 618136:tid 618136] mod_socache_shmcb.c(863): AH00848: finished insert, subcache: idx_pos/idx_used=37/46, data_pos/data_used=11385/10265
[Sat Aug 22 00:47:06.719421 2026] [socache_shmcb:debug] [pid 618136:tid 618136] mod_socache_shmcb.c(530): AH00834: leaving socache_shmcb_store successfully
[Sat Aug 22 00:47:06.719488 2026] [socache_shmcb:debug] [pid 618136:tid 618136] mod_socache_shmcb.c(508): AH00831: socache_shmcb_store (0xe2 -> subcache 2)
[Sat Aug 22 00:47:06.719493 2026] [socache_shmcb:debug] [pid 618136:tid 618136] mod_socache_shmcb.c(860): AH00847: insert happened at idx=46, data=(13370:13402)
[Sat Aug 22 00:47:06.719495 2026] [socache_shmcb:debug] [pid 618136:tid 618136] mod_socache_shmcb.c(863): AH00848: finished insert, subcache: idx_pos/idx_used=9/38, data_pos/data_used=5103/8491
[Sat Aug 22 00:47:06.719497 2026] [socache_shmcb:debug] [pid 618136:tid 618136] mod_socache_shmcb.c(530): AH00834: leaving socache_shmcb_store successfully
[Sat Aug 22 00:47:06.719759 2026] [ssl:debug] [pid 618136:tid 618136] ssl_engine_kernel.c(254): [client 2400:e920:0:2:f45d:ddff:fe00:7a:54125] AH02034: Initial (No.1) HTTPS request received for child 8 (server ilta.ilc.edu.tw:443), referer: http://ilta.ilc.edu.tw
[Sat Aug 22 00:47:06.719915 2026] [authz_core:debug] [pid 618136:tid 618136] mod_authz_core.c(815): [client 2400:e920:0:2:f45d:ddff:fe00:7a:54125] AH01626: authorization result of Require all granted: granted, referer: http://ilta.ilc.edu.tw
[Sat Aug 22 00:47:06.719919 2026] [authz_core:debug] [pid 618136:tid 618136] mod_authz_core.c(815): [client 2400:e920:0:2:f45d:ddff:fe00:7a:54125] AH01626: authorization result of : granted, referer: http://ilta.ilc.edu.tw
[Sat Aug 22 00:47:06.741509 2026] [ssl:debug] [pid 613414:tid 613414] ssl_engine_kernel.c(254): [client 34.75.231.121:34012] AH02034: Subsequent (No.8) HTTPS request received for child 22 (server www.ilc.edu.tw:443)
[Sat Aug 22 00:47:06.741676 2026] [authz_core:debug] [pid 613414:tid 613414] mod_authz_core.c(815): [client 34.75.231.121:34012] AH01626: authorization result of Require all granted: granted
[Sat Aug 22 00:47:06.741681 2026] [authz_core:debug] [pid 613414:tid 613414] mod_authz_core.c(815): [client 34.75.231.121:34012] AH01626: authorization result of : granted
[Sat Aug 22 00:47:06.741783 2026] [authz_core:debug] [pid 613414:tid 613414] mod_authz_core.c(815): [client 34.75.231.121:34012] AH01626: authorization result of Require all granted: granted
[Sat Aug 22 00:47:06.741787 2026] [authz_core:debug] [pid 613414:tid 613414] mod_authz_core.c(815): [client 34.75.231.121:34012] AH01626: authorization result of : granted
[Sat Aug 22 00:47:06.750349 2026] [ssl:debug] [pid 618126:tid 618126] ssl_engine_io.c(1150): [client 34.75.231.121:34036] AH02001: Connection closed to child 1 with standard shutdown (server www.ilc.edu.tw:443)
[Sat Aug 22 00:47:06.781689 2026] [deflate:debug] [pid 618038:tid 618038] mod_deflate.c(909): [client 52.167.144.16:20871] AH01384: Zlib: Compressed 111098 to 17837 : URL /index.php
[Sat Aug 22 00:47:06.804641 2026] [ssl:debug] [pid 618058:tid 618058] ssl_engine_kernel.c(254): [client 34.75.231.121:33968] AH02034: Subsequent (No.13) HTTPS request received for child 63 (server www.ilc.edu.tw:443)
[Sat Aug 22 00:47:06.804828 2026] [authz_core:debug] [pid 618058:tid 618058] mod_authz_core.c(815): [client 34.75.231.121:33968] AH01626: authorization result of Require all granted: granted
[Sat Aug 22 00:47:06.804834 2026] [authz_core:debug] [pid 618058:tid 618058] mod_authz_core.c(815): [client 34.75.231.121:33968] AH01626: authorization result of : granted
[Sat Aug 22 00:47:06.804994 2026] [authz_core:debug] [pid 618058:tid 618058] mod_authz_core.c(815): [client 34.75.231.121:33968] AH01626: authorization result of Require all granted: granted
[Sat Aug 22 00:47:06.805003 2026] [authz_core:debug] [pid 618058:tid 618058] mod_authz_core.c(815): [client 34.75.231.121:33968] AH01626: authorization result of : granted
[Sat Aug 22 00:47:06.816860 2026] [deflate:debug] [pid 618136:tid 618136] mod_deflate.c(909): [client 2400:e920:0:2:f45d:ddff:fe00:7a:54125] AH01384: Zlib: Compressed 13605 to 5006 : URL /wp-login.php, referer: http://ilta.ilc.edu.tw
[Sat Aug 22 00:47:06.824042 2026] [ssl:debug] [pid 618133:tid 618133] ssl_engine_kernel.c(254): [client 34.75.231.121:34056] AH02034: Subsequent (No.8) HTTPS request received for child 4 (server www.ilc.edu.tw:443)
[Sat Aug 22 00:47:06.824211 2026] [authz_core:debug] [pid 618133:tid 618133] mod_authz_core.c(815): [client 34.75.231.121:34056] AH01626: authorization result of Require all granted: granted
[Sat Aug 22 00:47:06.824216 2026] [authz_core:debug] [pid 618133:tid 618133] mod_authz_core.c(815): [client 34.75.231.121:34056] AH01626: authorization result of : granted
[Sat Aug 22 00:47:06.824325 2026] [authz_core:debug] [pid 618133:tid 618133] mod_authz_core.c(815): [client 34.75.231.121:34056] AH01626: authorization result of Require all granted: granted
[Sat Aug 22 00:47:06.824330 2026] [authz_core:debug] [pid 618133:tid 618133] mod_authz_core.c(815): [client 34.75.231.121:34056] AH01626: authorization result of : granted
[Sat Aug 22 00:47:07.033639 2026] [authz_core:debug] [pid 618022:tid 618022] mod_authz_core.c(815): [client 2400:e920:0:2:f45d:ddff:fe00:7a:54161] AH01626: authorization result of Require all granted: granted, referer: http://ilta.ilc.edu.tw
[Sat Aug 22 00:47:07.033662 2026] [authz_core:debug] [pid 618022:tid 618022] mod_authz_core.c(815): [client 2400:e920:0:2:f45d:ddff:fe00:7a:54161] AH01626: authorization result of : granted, referer: http://ilta.ilc.edu.tw
[Sat Aug 22 00:47:07.058938 2026] [ssl:debug] [pid 618029:tid 618029] ssl_engine_kernel.c(254): [client 34.75.231.121:33978] AH02034: Subsequent (No.10) HTTPS request received for child 32 (server www.ilc.edu.tw:443)
[Sat Aug 22 00:47:07.059123 2026] [authz_core:debug] [pid 618029:tid 618029] mod_authz_core.c(815): [client 34.75.231.121:33978] AH01626: authorization result of Require all granted: granted
[Sat Aug 22 00:47:07.059129 2026] [authz_core:debug] [pid 618029:tid 618029] mod_authz_core.c(815): [client 34.75.231.121:33978] AH01626: authorization result of : granted
[Sat Aug 22 00:47:07.059233 2026] [authz_core:debug] [pid 618029:tid 618029] mod_authz_core.c(815): [client 34.75.231.121:33978] AH01626: authorization result of Require all granted: granted
[Sat Aug 22 00:47:07.059237 2026] [authz_core:debug] [pid 618029:tid 618029] mod_authz_core.c(815): [client 34.75.231.121:33978] AH01626: authorization result of : granted
[Sat Aug 22 00:47:07.097486 2026] [ssl:debug] [pid 613414:tid 613414] ssl_engine_kernel.c(254): [client 34.75.231.121:34012] AH02034: Subsequent (No.9) HTTPS request received for child 22 (server www.ilc.edu.tw:443)
[Sat Aug 22 00:47:07.097653 2026] [authz_core:debug] [pid 613414:tid 613414] mod_authz_core.c(815): [client 34.75.231.121:34012] AH01626: authorization result of Require all granted: granted
[Sat Aug 22 00:47:07.097658 2026] [authz_core:debug] [pid 613414:tid 613414] mod_authz_core.c(815): [client 34.75.231.121:34012] AH01626: authorization result of : granted
[Sat Aug 22 00:47:07.097768 2026] [authz_core:debug] [pid 613414:tid 613414] mod_authz_core.c(815): [client 34.75.231.121:34012] AH01626: authorization result of Require all granted: granted
[Sat Aug 22 00:47:07.097772 2026] [authz_core:debug] [pid 613414:tid 613414] mod_authz_core.c(815): [client 34.75.231.121:34012] AH01626: authorization result of : granted
[Sat Aug 22 00:47:07.160388 2026] [ssl:debug] [pid 618125:tid 618125] ssl_engine_kernel.c(254): [client 34.75.231.121:33966] AH02034: Subsequent (No.13) HTTPS request received for child 0 (server www.ilc.edu.tw:443)
[Sat Aug 22 00:47:07.160559 2026] [authz_core:debug] [pid 618125:tid 618125] mod_authz_core.c(815): [client 34.75.231.121:33966] AH01626: authorization result of Require all granted: granted
[Sat Aug 22 00:47:07.160564 2026] [authz_core:debug] [pid 618125:tid 618125] mod_authz_core.c(815): [client 34.75.231.121:33966] AH01626: authorization result of : granted
[Sat Aug 22 00:47:07.160675 2026] [authz_core:debug] [pid 618125:tid 618125] mod_authz_core.c(815): [client 34.75.231.121:33966] AH01626: authorization result of Require all granted: granted
[Sat Aug 22 00:47:07.160680 2026] [authz_core:debug] [pid 618125:tid 618125] mod_authz_core.c(815): [client 34.75.231.121:33966] AH01626: authorization result of : granted
[Sat Aug 22 00:47:07.165807 2026] [ssl:debug] [pid 618037:tid 618037] ssl_engine_kernel.c(254): [client 34.75.231.121:33960] AH02034: Subsequent (No.11) HTTPS request received for child 41 (server www.ilc.edu.tw:443)
[Sat Aug 22 00:47:07.165974 2026] [authz_core:debug] [pid 618037:tid 618037] mod_authz_core.c(815): [client 34.75.231.121:33960] AH01626: authorization result of Require all granted: granted
[Sat Aug 22 00:47:07.165978 2026] [authz_core:debug] [pid 618037:tid 618037] mod_authz_core.c(815): [client 34.75.231.121:33960] AH01626: authorization result of : granted
[Sat Aug 22 00:47:07.166088 2026] [authz_core:debug] [pid 618037:tid 618037] mod_authz_core.c(815): [client 34.75.231.121:33960] AH01626: authorization result of Require all granted: granted
[Sat Aug 22 00:47:07.166092 2026] [authz_core:debug] [pid 618037:tid 618037] mod_authz_core.c(815): [client 34.75.231.121:33960] AH01626: authorization result of : granted
[Sat Aug 22 00:47:07.259139 2026] [ssl:info] [pid 618138:tid 618138] [client 34.236.41.241:64385] AH01964: Connection to child 9 established (server 2blog.ilc.edu.tw:443)
[Sat Aug 22 00:47:07.259477 2026] [ssl:debug] [pid 618138:tid 618138] ssl_engine_kernel.c(2222): [client 34.236.41.241:64385] AH02043: SSL virtual host for servername 2blog.ilc.edu.tw found
[Sat Aug 22 00:47:07.347033 2026] [ssl:debug] [pid 618133:tid 618133] ssl_engine_kernel.c(254): [client 34.75.231.121:34056] AH02034: Subsequent (No.9) HTTPS request received for child 4 (server www.ilc.edu.tw:443)
[Sat Aug 22 00:47:07.347219 2026] [authz_core:debug] [pid 618133:tid 618133] mod_authz_core.c(815): [client 34.75.231.121:34056] AH01626: authorization result of Require all granted: granted
[Sat Aug 22 00:47:07.347223 2026] [authz_core:debug] [pid 618133:tid 618133] mod_authz_core.c(815): [client 34.75.231.121:34056] AH01626: authorization result of : granted
[Sat Aug 22 00:47:07.347328 2026] [authz_core:debug] [pid 618133:tid 618133] mod_authz_core.c(815): [client 34.75.231.121:34056] AH01626: authorization result of Require all granted: granted
[Sat Aug 22 00:47:07.347332 2026] [authz_core:debug] [pid 618133:tid 618133] mod_authz_core.c(815): [client 34.75.231.121:34056] AH01626: authorization result of : granted
[Sat Aug 22 00:47:07.358759 2026] [ssl:info] [pid 618016:tid 618016] [client 2400:e920:0:2:f45d:ddff:fe00:7a:54181] AH01964: Connection to child 14 established (server 2blog.ilc.edu.tw:443)
[Sat Aug 22 00:47:07.358910 2026] [ssl:debug] [pid 618016:tid 618016] ssl_engine_kernel.c(2222): [client 2400:e920:0:2:f45d:ddff:fe00:7a:54181] AH02043: SSL virtual host for servername ilta.ilc.edu.tw found
[Sat Aug 22 00:47:07.358978 2026] [core:debug] [pid 618016:tid 618016] protocol.c(2460): [client 2400:e920:0:2:f45d:ddff:fe00:7a:54181] AH03155: select protocol from , choices=http/1.1 for server ilta.ilc.edu.tw
[Sat Aug 22 00:47:07.467505 2026] [ssl:debug] [pid 618016:tid 618016] ssl_engine_kernel.c(2082): [client 2400:e920:0:2:f45d:ddff:fe00:7a:54181] AH02041: Protocol: TLSv1.3, Cipher: TLS_AES_256_GCM_SHA384 (256/256 bits)
[Sat Aug 22 00:47:07.467561 2026] [socache_shmcb:debug] [pid 618016:tid 618016] mod_socache_shmcb.c(508): AH00831: socache_shmcb_store (0xeb -> subcache 11)
[Sat Aug 22 00:47:07.467567 2026] [socache_shmcb:debug] [pid 618016:tid 618016] mod_socache_shmcb.c(860): AH00847: insert happened at idx=83, data=(7786:7818)
[Sat Aug 22 00:47:07.467569 2026] [socache_shmcb:debug] [pid 618016:tid 618016] mod_socache_shmcb.c(863): AH00848: finished insert, subcache: idx_pos/idx_used=37/47, data_pos/data_used=11385/10490
[Sat Aug 22 00:47:07.467571 2026] [socache_shmcb:debug] [pid 618016:tid 618016] mod_socache_shmcb.c(530): AH00834: leaving socache_shmcb_store successfully
[Sat Aug 22 00:47:07.467629 2026] [socache_shmcb:debug] [pid 618016:tid 618016] mod_socache_shmcb.c(508): AH00831: socache_shmcb_store (0xbe -> subcache 30)
[Sat Aug 22 00:47:07.467642 2026] [socache_shmcb:debug] [pid 618016:tid 618016] mod_socache_shmcb.c(860): AH00847: insert happened at idx=51, data=(441:473)
[Sat Aug 22 00:47:07.467644 2026] [socache_shmcb:debug] [pid 618016:tid 618016] mod_socache_shmcb.c(863): AH00848: finished insert, subcache: idx_pos/idx_used=10/42, data_pos/data_used=5219/9310
[Sat Aug 22 00:47:07.467646 2026] [socache_shmcb:debug] [pid 618016:tid 618016] mod_socache_shmcb.c(530): AH00834: leaving socache_shmcb_store successfully
[Sat Aug 22 00:47:07.467914 2026] [ssl:debug] [pid 618016:tid 618016] ssl_engine_kernel.c(254): [client 2400:e920:0:2:f45d:ddff:fe00:7a:54181] AH02034: Initial (No.1) HTTPS request received for child 14 (server ilta.ilc.edu.tw:443), referer: http://ilta.ilc.edu.tw
[Sat Aug 22 00:47:07.468112 2026] [authz_core:debug] [pid 618016:tid 618016] mod_authz_core.c(815): [client 2400:e920:0:2:f45d:ddff:fe00:7a:54181] AH01626: authorization result of Require all granted: granted, referer: http://ilta.ilc.edu.tw
[Sat Aug 22 00:47:07.468118 2026] [authz_core:debug] [pid 618016:tid 618016] mod_authz_core.c(815): [client 2400:e920:0:2:f45d:ddff:fe00:7a:54181] AH01626: authorization result of : granted, referer: http://ilta.ilc.edu.tw
[Sat Aug 22 00:47:07.516501 2026] [ssl:debug] [pid 618037:tid 618037] ssl_engine_kernel.c(254): [client 34.75.231.121:33960] AH02034: Subsequent (No.12) HTTPS request received for child 41 (server www.ilc.edu.tw:443)
[Sat Aug 22 00:47:07.516691 2026] [authz_core:debug] [pid 618037:tid 618037] mod_authz_core.c(815): [client 34.75.231.121:33960] AH01626: authorization result of Require all granted: granted
[Sat Aug 22 00:47:07.516697 2026] [authz_core:debug] [pid 618037:tid 618037] mod_authz_core.c(815): [client 34.75.231.121:33960] AH01626: authorization result of : granted
[Sat Aug 22 00:47:07.516813 2026] [authz_core:debug] [pid 618037:tid 618037] mod_authz_core.c(815): [client 34.75.231.121:33960] AH01626: authorization result of Require all granted: granted
[Sat Aug 22 00:47:07.516819 2026] [authz_core:debug] [pid 618037:tid 618037] mod_authz_core.c(815): [client 34.75.231.121:33960] AH01626: authorization result of : granted
[Sat Aug 22 00:47:07.556354 2026] [ssl:debug] [pid 618138:tid 618138] ssl_engine_kernel.c(2082): [client 34.236.41.241:64385] AH02041: Protocol: TLSv1.3, Cipher: TLS_AES_256_GCM_SHA384 (256/256 bits)
[Sat Aug 22 00:47:07.556411 2026] [socache_shmcb:debug] [pid 618138:tid 618138] mod_socache_shmcb.c(508): AH00831: socache_shmcb_store (0x7a -> subcache 26)
[Sat Aug 22 00:47:07.556429 2026] [socache_shmcb:debug] [pid 618138:tid 618138] mod_socache_shmcb.c(860): AH00847: insert happened at idx=56, data=(1567:1599)
[Sat Aug 22 00:47:07.556432 2026] [socache_shmcb:debug] [pid 618138:tid 618138] mod_socache_shmcb.c(863): AH00848: finished insert, subcache: idx_pos/idx_used=9/48, data_pos/data_used=4992/10653
[Sat Aug 22 00:47:07.556443 2026] [socache_shmcb:debug] [pid 618138:tid 618138] mod_socache_shmcb.c(530): AH00834: leaving socache_shmcb_store successfully
[Sat Aug 22 00:47:07.556489 2026] [socache_shmcb:debug] [pid 618138:tid 618138] mod_socache_shmcb.c(508): AH00831: socache_shmcb_store (0xb1 -> subcache 17)
[Sat Aug 22 00:47:07.556497 2026] [socache_shmcb:debug] [pid 618138:tid 618138] mod_socache_shmcb.c(860): AH00847: insert happened at idx=21, data=(7863:7895)
[Sat Aug 22 00:47:07.556499 2026] [socache_shmcb:debug] [pid 618138:tid 618138] mod_socache_shmcb.c(863): AH00848: finished insert, subcache: idx_pos/idx_used=66/44, data_pos/data_used=12123/9817
[Sat Aug 22 00:47:07.556501 2026] [socache_shmcb:debug] [pid 618138:tid 618138] mod_socache_shmcb.c(530): AH00834: leaving socache_shmcb_store successfully
[Sat Aug 22 00:47:07.556612 2026] [ssl:debug] [pid 618138:tid 618138] ssl_engine_kernel.c(254): [client 34.236.41.241:64385] AH02034: Initial (No.1) HTTPS request received for child 9 (server 2blog.ilc.edu.tw:443)
[Sat Aug 22 00:47:07.556802 2026] [authz_core:debug] [pid 618138:tid 618138] mod_authz_core.c(815): [client 34.236.41.241:64385] AH01626: authorization result of Require all granted: granted
[Sat Aug 22 00:47:07.556807 2026] [authz_core:debug] [pid 618138:tid 618138] mod_authz_core.c(815): [client 34.236.41.241:64385] AH01626: authorization result of : granted
[Sat Aug 22 00:47:07.556916 2026] [authz_core:debug] [pid 618138:tid 618138] mod_authz_core.c(815): [client 34.236.41.241:64385] AH01626: authorization result of Require all granted: granted
[Sat Aug 22 00:47:07.556919 2026] [authz_core:debug] [pid 618138:tid 618138] mod_authz_core.c(815): [client 34.236.41.241:64385] AH01626: authorization result of : granted
[Sat Aug 22 00:47:07.561587 2026] [deflate:debug] [pid 618016:tid 618016] mod_deflate.c(909): [client 2400:e920:0:2:f45d:ddff:fe00:7a:54181] AH01384: Zlib: Compressed 13605 to 5007 : URL /wp-login.php, referer: http://ilta.ilc.edu.tw
[Sat Aug 22 00:47:07.593013 2026] [ssl:debug] [pid 613414:tid 613414] ssl_engine_kernel.c(254): [client 34.75.231.121:34012] AH02034: Subsequent (No.10) HTTPS request received for child 22 (server www.ilc.edu.tw:443)
[Sat Aug 22 00:47:07.593191 2026] [authz_core:debug] [pid 613414:tid 613414] mod_authz_core.c(815): [client 34.75.231.121:34012] AH01626: authorization result of Require all granted: granted
[Sat Aug 22 00:47:07.593197 2026] [authz_core:debug] [pid 613414:tid 613414] mod_authz_core.c(815): [client 34.75.231.121:34012] AH01626: authorization result of : granted
[Sat Aug 22 00:47:07.593301 2026] [authz_core:debug] [pid 613414:tid 613414] mod_authz_core.c(815): [client 34.75.231.121:34012] AH01626: authorization result of Require all granted: granted
[Sat Aug 22 00:47:07.593304 2026] [authz_core:debug] [pid 613414:tid 613414] mod_authz_core.c(815): [client 34.75.231.121:34012] AH01626: authorization result of : granted
[Sat Aug 22 00:47:07.629529 2026] [ssl:debug] [pid 618029:tid 618029] ssl_engine_kernel.c(254): [client 34.75.231.121:33978] AH02034: Subsequent (No.11) HTTPS request received for child 32 (server www.ilc.edu.tw:443)
[Sat Aug 22 00:47:07.629687 2026] [authz_core:debug] [pid 618029:tid 618029] mod_authz_core.c(815): [client 34.75.231.121:33978] AH01626: authorization result of Require all granted: granted
[Sat Aug 22 00:47:07.629692 2026] [authz_core:debug] [pid 618029:tid 618029] mod_authz_core.c(815): [client 34.75.231.121:33978] AH01626: authorization result of : granted
[Sat Aug 22 00:47:07.629795 2026] [authz_core:debug] [pid 618029:tid 618029] mod_authz_core.c(815): [client 34.75.231.121:33978] AH01626: authorization result of Require all granted: granted
[Sat Aug 22 00:47:07.629798 2026] [authz_core:debug] [pid 618029:tid 618029] mod_authz_core.c(815): [client 34.75.231.121:33978] AH01626: authorization result of : granted
[Sat Aug 22 00:47:07.643625 2026] [ssl:debug] [pid 618058:tid 618058] ssl_engine_kernel.c(254): [client 34.75.231.121:33968] AH02034: Subsequent (No.14) HTTPS request received for child 63 (server www.ilc.edu.tw:443)
[Sat Aug 22 00:47:07.643832 2026] [authz_core:debug] [pid 618058:tid 618058] mod_authz_core.c(815): [client 34.75.231.121:33968] AH01626: authorization result of Require all granted: granted
[Sat Aug 22 00:47:07.643839 2026] [authz_core:debug] [pid 618058:tid 618058] mod_authz_core.c(815): [client 34.75.231.121:33968] AH01626: authorization result of : granted
[Sat Aug 22 00:47:07.643947 2026] [authz_core:debug] [pid 618058:tid 618058] mod_authz_core.c(815): [client 34.75.231.121:33968] AH01626: authorization result of Require all granted: granted
[Sat Aug 22 00:47:07.643950 2026] [authz_core:debug] [pid 618058:tid 618058] mod_authz_core.c(815): [client 34.75.231.121:33968] AH01626: authorization result of : granted
[Sat Aug 22 00:47:07.671300 2026] [ssl:info] [pid 618136:tid 618136] (70014)End of file found: [client 2400:e920:0:2:f45d:ddff:fe00:7a:54125] AH01992: SSL library error 6 reading data
[Sat Aug 22 00:47:07.671369 2026] [ssl:debug] [pid 618136:tid 618136] ssl_engine_io.c(1150): [client 2400:e920:0:2:f45d:ddff:fe00:7a:54125] AH02001: Connection closed to child 8 with standard shutdown (server ilta.ilc.edu.tw:443)
[Sat Aug 22 00:47:07.679475 2026] [ssl:info] [pid 618016:tid 618016] (70014)End of file found: [client 2400:e920:0:2:f45d:ddff:fe00:7a:54181] AH01992: SSL library error 6 reading data
[Sat Aug 22 00:47:07.679538 2026] [ssl:debug] [pid 618016:tid 618016] ssl_engine_io.c(1150): [client 2400:e920:0:2:f45d:ddff:fe00:7a:54181] AH02001: Connection closed to child 14 with standard shutdown (server ilta.ilc.edu.tw:443)
[Sat Aug 22 00:47:07.743417 2026] [ssl:debug] [pid 618138:tid 618138] ssl_engine_io.c(1150): [client 34.236.41.241:64385] AH02001: Connection closed to child 9 with standard shutdown (server 2blog.ilc.edu.tw:443)
[Sat Aug 22 00:47:07.873542 2026] [ssl:debug] [pid 618133:tid 618133] ssl_engine_kernel.c(254): [client 34.75.231.121:34056] AH02034: Subsequent (No.10) HTTPS request received for child 4 (server www.ilc.edu.tw:443)
[Sat Aug 22 00:47:07.873760 2026] [authz_core:debug] [pid 618133:tid 618133] mod_authz_core.c(815): [client 34.75.231.121:34056] AH01626: authorization result of Require all granted: granted
[Sat Aug 22 00:47:07.873767 2026] [authz_core:debug] [pid 618133:tid 618133] mod_authz_core.c(815): [client 34.75.231.121:34056] AH01626: authorization result of : granted
[Sat Aug 22 00:47:07.873891 2026] [authz_core:debug] [pid 618133:tid 618133] mod_authz_core.c(815): [client 34.75.231.121:34056] AH01626: authorization result of Require all granted: granted
[Sat Aug 22 00:47:07.873895 2026] [authz_core:debug] [pid 618133:tid 618133] mod_authz_core.c(815): [client 34.75.231.121:34056] AH01626: authorization result of : granted
[Sat Aug 22 00:47:07.931646 2026] [ssl:info] [pid 618054:tid 618054] [client 2001:b400:e2ac:6263:78b8:d8f1:f1ae:1fd0:61029] AH01964: Connection to child 59 established (server 2blog.ilc.edu.tw:443)
[Sat Aug 22 00:47:07.932548 2026] [ssl:debug] [pid 618054:tid 618054] ssl_engine_kernel.c(2222): [client 2001:b400:e2ac:6263:78b8:d8f1:f1ae:1fd0:61029] AH02043: SSL virtual host for servername www.yies.ilc.edu.tw found
[Sat Aug 22 00:47:07.932628 2026] [core:debug] [pid 618054:tid 618054] protocol.c(2460): [client 2001:b400:e2ac:6263:78b8:d8f1:f1ae:1fd0:61029] AH03155: select protocol from , choices=h2,http/1.1 for server www.yies.ilc.edu.tw
[Sat Aug 22 00:47:07.932677 2026] [ssl:debug] [pid 618054:tid 618054] ssl_util_stapling.c(819): AH01951: stapling_cb: OCSP Stapling callback called
[Sat Aug 22 00:47:07.932685 2026] [ssl:info] [pid 618054:tid 618054] AH01926: stapling_get_certinfo: stapling not supported for certificate
[Sat Aug 22 00:47:07.937582 2026] [ssl:info] [pid 618012:tid 618012] [client 2001:b400:e2ac:6263:78b8:d8f1:f1ae:1fd0:52079] AH01964: Connection to child 7 established (server 2blog.ilc.edu.tw:443)
[Sat Aug 22 00:47:07.937821 2026] [ssl:debug] [pid 618012:tid 618012] ssl_engine_kernel.c(2222): [client 2001:b400:e2ac:6263:78b8:d8f1:f1ae:1fd0:52079] AH02043: SSL virtual host for servername www.yies.ilc.edu.tw found
[Sat Aug 22 00:47:07.937898 2026] [core:debug] [pid 618012:tid 618012] protocol.c(2460): [client 2001:b400:e2ac:6263:78b8:d8f1:f1ae:1fd0:52079] AH03155: select protocol from , choices=h2,http/1.1 for server www.yies.ilc.edu.tw
[Sat Aug 22 00:47:07.937944 2026] [ssl:debug] [pid 618012:tid 618012] ssl_util_stapling.c(819): AH01951: stapling_cb: OCSP Stapling callback called
[Sat Aug 22 00:47:07.937952 2026] [ssl:info] [pid 618012:tid 618012] AH01926: stapling_get_certinfo: stapling not supported for certificate
[Sat Aug 22 00:47:07.963475 2026] [ssl:debug] [pid 618054:tid 618054] ssl_engine_kernel.c(2082): [client 2001:b400:e2ac:6263:78b8:d8f1:f1ae:1fd0:61029] AH02041: Protocol: TLSv1.3, Cipher: TLS_AES_256_GCM_SHA384 (256/256 bits)
[Sat Aug 22 00:47:07.963525 2026] [socache_shmcb:debug] [pid 618054:tid 618054] mod_socache_shmcb.c(508): AH00831: socache_shmcb_store (0xe5 -> subcache 5)
[Sat Aug 22 00:47:07.963531 2026] [socache_shmcb:debug] [pid 618054:tid 618054] mod_socache_shmcb.c(745): AH00842: expiring 1 and reclaiming 0 removed socache entries
[Sat Aug 22 00:47:07.963534 2026] [socache_shmcb:debug] [pid 618054:tid 618054] mod_socache_shmcb.c(765): AH00843: we now have 55 socache entries
[Sat Aug 22 00:47:07.963536 2026] [socache_shmcb:debug] [pid 618054:tid 618054] mod_socache_shmcb.c(860): AH00847: insert happened at idx=72, data=(5269:5301)
[Sat Aug 22 00:47:07.963538 2026] [socache_shmcb:debug] [pid 618054:tid 618054] mod_socache_shmcb.c(863): AH00848: finished insert, subcache: idx_pos/idx_used=17/56, data_pos/data_used=6892/12469
[Sat Aug 22 00:47:07.963540 2026] [socache_shmcb:debug] [pid 618054:tid 618054] mod_socache_shmcb.c(530): AH00834: leaving socache_shmcb_store successfully
[Sat Aug 22 00:47:07.963591 2026] [socache_shmcb:debug] [pid 618054:tid 618054] mod_socache_shmcb.c(508): AH00831: socache_shmcb_store (0x58 -> subcache 24)
[Sat Aug 22 00:47:07.963596 2026] [socache_shmcb:debug] [pid 618054:tid 618054] mod_socache_shmcb.c(860): AH00847: insert happened at idx=49, data=(264:296)
[Sat Aug 22 00:47:07.963598 2026] [socache_shmcb:debug] [pid 618054:tid 618054] mod_socache_shmcb.c(863): AH00848: finished insert, subcache: idx_pos/idx_used=1/49, data_pos/data_used=3515/10842
[Sat Aug 22 00:47:07.963600 2026] [socache_shmcb:debug] [pid 618054:tid 618054] mod_socache_shmcb.c(530): AH00834: leaving socache_shmcb_store successfully
[Sat Aug 22 00:47:07.972518 2026] [ssl:debug] [pid 618054:tid 618054] ssl_engine_kernel.c(254): [client 2001:b400:e2ac:6263:78b8:d8f1:f1ae:1fd0:61029] AH02034: Initial (No.1) HTTPS request received for child 59 (server www.yies.ilc.edu.tw:443), referer: https://www.google.com/
[Sat Aug 22 00:47:07.972544 2026] [ssl:debug] [pid 618012:tid 618012] ssl_engine_kernel.c(2082): [client 2001:b400:e2ac:6263:78b8:d8f1:f1ae:1fd0:52079] AH02041: Protocol: TLSv1.3, Cipher: TLS_AES_256_GCM_SHA384 (256/256 bits)
[Sat Aug 22 00:47:07.972609 2026] [socache_shmcb:debug] [pid 618012:tid 618012] mod_socache_shmcb.c(508): AH00831: socache_shmcb_store (0x62 -> subcache 2)
[Sat Aug 22 00:47:07.972617 2026] [socache_shmcb:debug] [pid 618012:tid 618012] mod_socache_shmcb.c(860): AH00847: insert happened at idx=47, data=(13594:13626)
[Sat Aug 22 00:47:07.972619 2026] [socache_shmcb:debug] [pid 618012:tid 618012] mod_socache_shmcb.c(863): AH00848: finished insert, subcache: idx_pos/idx_used=9/39, data_pos/data_used=5103/8719
[Sat Aug 22 00:47:07.972621 2026] [socache_shmcb:debug] [pid 618012:tid 618012] mod_socache_shmcb.c(530): AH00834: leaving socache_shmcb_store successfully
[Sat Aug 22 00:47:07.972677 2026] [authz_core:debug] [pid 618054:tid 618054] mod_authz_core.c(815): [client 2001:b400:e2ac:6263:78b8:d8f1:f1ae:1fd0:61029] AH01626: authorization result of Require all granted: granted, referer: https://www.google.com/
[Sat Aug 22 00:47:07.972682 2026] [authz_core:debug] [pid 618054:tid 618054] mod_authz_core.c(815): [client 2001:b400:e2ac:6263:78b8:d8f1:f1ae:1fd0:61029] AH01626: authorization result of : granted, referer: https://www.google.com/
[Sat Aug 22 00:47:07.972682 2026] [socache_shmcb:debug] [pid 618012:tid 618012] mod_socache_shmcb.c(508): AH00831: socache_shmcb_store (0xf7 -> subcache 23)
[Sat Aug 22 00:47:07.972697 2026] [socache_shmcb:debug] [pid 618012:tid 618012] mod_socache_shmcb.c(860): AH00847: insert happened at idx=62, data=(3195:3227)
[Sat Aug 22 00:47:07.972699 2026] [socache_shmcb:debug] [pid 618012:tid 618012] mod_socache_shmcb.c(863): AH00848: finished insert, subcache: idx_pos/idx_used=13/50, data_pos/data_used=6119/11168
[Sat Aug 22 00:47:07.972701 2026] [socache_shmcb:debug] [pid 618012:tid 618012] mod_socache_shmcb.c(530): AH00834: leaving socache_shmcb_store successfully
[Sat Aug 22 00:47:07.972865 2026] [authz_core:debug] [pid 618054:tid 618054] mod_authz_core.c(815): [client 2001:b400:e2ac:6263:78b8:d8f1:f1ae:1fd0:61029] AH01626: authorization result of Require all granted: granted, referer: https://www.google.com/
[Sat Aug 22 00:47:07.972871 2026] [authz_core:debug] [pid 618054:tid 618054] mod_authz_core.c(815): [client 2001:b400:e2ac:6263:78b8:d8f1:f1ae:1fd0:61029] AH01626: authorization result of : granted, referer: https://www.google.com/
[Sat Aug 22 00:47:07.973974 2026] [ssl:debug] [pid 613414:tid 613414] ssl_engine_kernel.c(254): [client 34.75.231.121:34012] AH02034: Subsequent (No.11) HTTPS request received for child 22 (server www.ilc.edu.tw:443)
[Sat Aug 22 00:47:07.974188 2026] [authz_core:debug] [pid 613414:tid 613414] mod_authz_core.c(815): [client 34.75.231.121:34012] AH01626: authorization result of Require all granted: granted
[Sat Aug 22 00:47:07.974201 2026] [authz_core:debug] [pid 613414:tid 613414] mod_authz_core.c(815): [client 34.75.231.121:34012] AH01626: authorization result of : granted
[Sat Aug 22 00:47:07.974313 2026] [authz_core:debug] [pid 613414:tid 613414] mod_authz_core.c(815): [client 34.75.231.121:34012] AH01626: authorization result of Require all granted: granted
[Sat Aug 22 00:47:07.974317 2026] [authz_core:debug] [pid 613414:tid 613414] mod_authz_core.c(815): [client 34.75.231.121:34012] AH01626: authorization result of : granted
[Sat Aug 22 00:47:07.988151 2026] [deflate:debug] [pid 618054:tid 618054] mod_deflate.c(909): [client 2001:b400:e2ac:6263:78b8:d8f1:f1ae:1fd0:61029] AH01384: Zlib: Compressed 161597 to 26130 : URL /index.php, referer: https://www.google.com/
[Sat Aug 22 00:47:07.988170 2026] [authz_core:debug] [pid 618069:tid 618069] mod_authz_core.c(815): [client 3.226.34.98:8666] AH01626: authorization result of Require all granted: granted
[Sat Aug 22 00:47:07.988190 2026] [authz_core:debug] [pid 618069:tid 618069] mod_authz_core.c(815): [client 3.226.34.98:8666] AH01626: authorization result of : granted
[Sat Aug 22 00:47:07.989760 2026] [authz_core:debug] [pid 618069:tid 618069] mod_authz_core.c(815): [client 3.226.34.98:8666] AH01626: authorization result of Require all granted: granted
[Sat Aug 22 00:47:07.989774 2026] [authz_core:debug] [pid 618069:tid 618069] mod_authz_core.c(815): [client 3.226.34.98:8666] AH01626: authorization result of : granted
[Sat Aug 22 00:47:07.990904 2026] [deflate:debug] [pid 618069:tid 618069] mod_deflate.c(909): [client 3.226.34.98:8666] AH01384: Zlib: Compressed 800 to 384 : URL /wp-content/uploads/sites/2590/2021/07/
[Sat Aug 22 00:47:07.997087 2026] [ssl:debug] [pid 618029:tid 618029] ssl_engine_kernel.c(254): [client 34.75.231.121:33978] AH02034: Subsequent (No.12) HTTPS request received for child 32 (server www.ilc.edu.tw:443)
[Sat Aug 22 00:47:07.997254 2026] [authz_core:debug] [pid 618029:tid 618029] mod_authz_core.c(815): [client 34.75.231.121:33978] AH01626: authorization result of Require all granted: granted
[Sat Aug 22 00:47:07.997259 2026] [authz_core:debug] [pid 618029:tid 618029] mod_authz_core.c(815): [client 34.75.231.121:33978] AH01626: authorization result of : granted
[Sat Aug 22 00:47:07.997360 2026] [authz_core:debug] [pid 618029:tid 618029] mod_authz_core.c(815): [client 34.75.231.121:33978] AH01626: authorization result of Require all granted: granted
[Sat Aug 22 00:47:07.997372 2026] [authz_core:debug] [pid 618029:tid 618029] mod_authz_core.c(815): [client 34.75.231.121:33978] AH01626: authorization result of : granted
[Sat Aug 22 00:47:08.069797 2026] [ssl:debug] [pid 618037:tid 618037] ssl_engine_kernel.c(254): [client 34.75.231.121:33960] AH02034: Subsequent (No.13) HTTPS request received for child 41 (server www.ilc.edu.tw:443)
[Sat Aug 22 00:47:08.069983 2026] [authz_core:debug] [pid 618037:tid 618037] mod_authz_core.c(815): [client 34.75.231.121:33960] AH01626: authorization result of Require all granted: granted
[Sat Aug 22 00:47:08.069991 2026] [authz_core:debug] [pid 618037:tid 618037] mod_authz_core.c(815): [client 34.75.231.121:33960] AH01626: authorization result of : granted
[Sat Aug 22 00:47:08.070120 2026] [authz_core:debug] [pid 618037:tid 618037] mod_authz_core.c(815): [client 34.75.231.121:33960] AH01626: authorization result of Require all granted: granted
[Sat Aug 22 00:47:08.070124 2026] [authz_core:debug] [pid 618037:tid 618037] mod_authz_core.c(815): [client 34.75.231.121:33960] AH01626: authorization result of : granted
[Sat Aug 22 00:47:08.090598 2026] [headers:debug] [pid 613911:tid 613911] mod_headers.c(900): AH01503: headers: ap_headers_error_filter()
[Sat Aug 22 00:47:08.117867 2026] [ssl:info] [pid 618126:tid 618126] [client 2001:288:a201::66:125:32829] AH01964: Connection to child 1 established (server 2blog.ilc.edu.tw:443)
[Sat Aug 22 00:47:08.118072 2026] [ssl:debug] [pid 618126:tid 618126] ssl_engine_kernel.c(2252): [client 2001:288:a201::66:125:32829] AH02645: Server name not provided via TLS extension (using default/first virtual host)
[Sat Aug 22 00:47:08.118089 2026] [socache_shmcb:debug] [pid 618126:tid 618126] mod_socache_shmcb.c(545): AH00835: socache_shmcb_retrieve (0xcc -> subcache 12)
[Sat Aug 22 00:47:08.118114 2026] [socache_shmcb:debug] [pid 618126:tid 618126] mod_socache_shmcb.c(896): AH00849: match at idx=31, data=10043
[Sat Aug 22 00:47:08.118117 2026] [socache_shmcb:debug] [pid 618126:tid 618126] mod_socache_shmcb.c(556): AH00836: leaving socache_shmcb_retrieve successfully
[Sat Aug 22 00:47:08.119511 2026] [ssl:debug] [pid 618126:tid 618126] ssl_engine_kernel.c(2082): [client 2001:288:a201::66:125:32829] AH02041: Protocol: TLSv1.2, Cipher: ECDHE-RSA-AES256-GCM-SHA384 (256/256 bits)
[Sat Aug 22 00:47:08.119593 2026] [ssl:debug] [pid 618126:tid 618126] ssl_engine_kernel.c(254): [client 2001:288:a201::66:125:32829] AH02034: Initial (No.1) HTTPS request received for child 1 (server 2blog.ilc.edu.tw:443)
[Sat Aug 22 00:47:08.119826 2026] [authz_core:debug] [pid 618126:tid 618126] mod_authz_core.c(815): [client 2001:288:a201::66:125:32829] AH01626: authorization result of Require all granted: granted
[Sat Aug 22 00:47:08.119834 2026] [authz_core:debug] [pid 618126:tid 618126] mod_authz_core.c(815): [client 2001:288:a201::66:125:32829] AH01626: authorization result of : granted
[Sat Aug 22 00:47:08.119952 2026] [authz_core:debug] [pid 618126:tid 618126] mod_authz_core.c(815): [client 2001:288:a201::66:125:32829] AH01626: authorization result of Require all granted: granted
[Sat Aug 22 00:47:08.119955 2026] [authz_core:debug] [pid 618126:tid 618126] mod_authz_core.c(815): [client 2001:288:a201::66:125:32829] AH01626: authorization result of : granted
[Sat Aug 22 00:47:08.119965 2026] [php7:error] [pid 618126:tid 618126] [client 2001:288:a201::66:125:32829] script '/var/www/html/2blog/active.php' not found or unable to stat
[Sat Aug 22 00:47:08.119973 2026] [headers:debug] [pid 618126:tid 618126] mod_headers.c(900): AH01503: headers: ap_headers_error_filter()
[Sat Aug 22 00:47:08.120093 2026] [ssl:debug] [pid 618126:tid 618126] ssl_engine_io.c(1150): [client 2001:288:a201::66:125:32829] AH02001: Connection closed to child 1 with standard shutdown (server 2blog.ilc.edu.tw:443)
[Sat Aug 22 00:47:08.178737 2026] [ssl:debug] [pid 618054:tid 618054] ssl_engine_kernel.c(254): [client 2001:b400:e2ac:6263:78b8:d8f1:f1ae:1fd0:61029] AH02034: Subsequent (No.2) HTTPS request received for child 59 (server www.yies.ilc.edu.tw:443), referer: https://www.yies.ilc.edu.tw/
[Sat Aug 22 00:47:08.180920 2026] [ssl:debug] [pid 618012:tid 618012] ssl_engine_kernel.c(254): [client 2001:b400:e2ac:6263:78b8:d8f1:f1ae:1fd0:52079] AH02034: Initial (No.1) HTTPS request received for child 7 (server www.yies.ilc.edu.tw:443), referer: https://www.yies.ilc.edu.tw/
[Sat Aug 22 00:47:08.182006 2026] [authz_core:debug] [pid 618054:tid 618054] mod_authz_core.c(815): [client 2001:b400:e2ac:6263:78b8:d8f1:f1ae:1fd0:61029] AH01626: authorization result of Require all granted: granted, referer: https://www.yies.ilc.edu.tw/
[Sat Aug 22 00:47:08.182009 2026] [authz_core:debug] [pid 618012:tid 618012] mod_authz_core.c(815): [client 2001:b400:e2ac:6263:78b8:d8f1:f1ae:1fd0:52079] AH01626: authorization result of Require all granted: granted, referer: https://www.yies.ilc.edu.tw/
[Sat Aug 22 00:47:08.182014 2026] [authz_core:debug] [pid 618054:tid 618054] mod_authz_core.c(815): [client 2001:b400:e2ac:6263:78b8:d8f1:f1ae:1fd0:61029] AH01626: authorization result of : granted, referer: https://www.yies.ilc.edu.tw/
[Sat Aug 22 00:47:08.182019 2026] [authz_core:debug] [pid 618012:tid 618012] mod_authz_core.c(815): [client 2001:b400:e2ac:6263:78b8:d8f1:f1ae:1fd0:52079] AH01626: authorization result of : granted, referer: https://www.yies.ilc.edu.tw/
[Sat Aug 22 00:47:08.182346 2026] [deflate:debug] [pid 618012:tid 618012] mod_deflate.c(909): [client 2001:b400:e2ac:6263:78b8:d8f1:f1ae:1fd0:52079] AH01384: Zlib: Compressed 486 to 267 : URL /wp-content/cache/www.yies.ilc.edu.tw/wpfc-minified/dn666vp/7kvk.css, referer: https://www.yies.ilc.edu.tw/
[Sat Aug 22 00:47:08.184472 2026] [deflate:debug] [pid 618054:tid 618054] mod_deflate.c(909): [client 2001:b400:e2ac:6263:78b8:d8f1:f1ae:1fd0:61029] AH01384: Zlib: Compressed 79258 to 39708 : URL /wp-content/cache/www.yies.ilc.edu.tw/wpfc-minified/kb191fd3/7kvk.css, referer: https://www.yies.ilc.edu.tw/
[Sat Aug 22 00:47:08.193033 2026] [headers:debug] [pid 618066:tid 618066] mod_headers.c(900): AH01503: headers: ap_headers_error_filter()
[Sat Aug 22 00:47:08.200019 2026] [ssl:debug] [pid 618125:tid 618125] ssl_engine_kernel.c(254): [client 34.75.231.121:33966] AH02034: Subsequent (No.14) HTTPS request received for child 0 (server www.ilc.edu.tw:443)
[Sat Aug 22 00:47:08.200175 2026] [authz_core:debug] [pid 618125:tid 618125] mod_authz_core.c(815): [client 34.75.231.121:33966] AH01626: authorization result of Require all granted: granted
[Sat Aug 22 00:47:08.200179 2026] [authz_core:debug] [pid 618125:tid 618125] mod_authz_core.c(815): [client 34.75.231.121:33966] AH01626: authorization result of : granted
[Sat Aug 22 00:47:08.200275 2026] [authz_core:debug] [pid 618125:tid 618125] mod_authz_core.c(815): [client 34.75.231.121:33966] AH01626: authorization result of Require all granted: granted
[Sat Aug 22 00:47:08.200278 2026] [authz_core:debug] [pid 618125:tid 618125] mod_authz_core.c(815): [client 34.75.231.121:33966] AH01626: authorization result of : granted
[Sat Aug 22 00:47:08.234479 2026] [ssl:info] [pid 618136:tid 618136] [client 2001:b400:e2ac:6263:78b8:d8f1:f1ae:1fd0:57859] AH01964: Connection to child 8 established (server 2blog.ilc.edu.tw:443)
[Sat Aug 22 00:47:08.235409 2026] [ssl:debug] [pid 618136:tid 618136] ssl_engine_kernel.c(2222): [client 2001:b400:e2ac:6263:78b8:d8f1:f1ae:1fd0:57859] AH02043: SSL virtual host for servername www.yies.ilc.edu.tw found
[Sat Aug 22 00:47:08.235429 2026] [socache_shmcb:debug] [pid 618136:tid 618136] mod_socache_shmcb.c(545): AH00835: socache_shmcb_retrieve (0xf7 -> subcache 23)
[Sat Aug 22 00:47:08.235440 2026] [socache_shmcb:debug] [pid 618136:tid 618136] mod_socache_shmcb.c(896): AH00849: match at idx=62, data=3195
[Sat Aug 22 00:47:08.235442 2026] [socache_shmcb:debug] [pid 618136:tid 618136] mod_socache_shmcb.c(556): AH00836: leaving socache_shmcb_retrieve successfully
[Sat Aug 22 00:47:08.235561 2026] [core:debug] [pid 618136:tid 618136] protocol.c(2460): [client 2001:b400:e2ac:6263:78b8:d8f1:f1ae:1fd0:57859] AH03155: select protocol from , choices=h2,http/1.1 for server www.yies.ilc.edu.tw
[Sat Aug 22 00:47:08.237651 2026] [ssl:debug] [pid 618058:tid 618058] ssl_engine_kernel.c(254): [client 34.75.231.121:33968] AH02034: Subsequent (No.15) HTTPS request received for child 63 (server www.ilc.edu.tw:443)
[Sat Aug 22 00:47:08.237838 2026] [authz_core:debug] [pid 618058:tid 618058] mod_authz_core.c(815): [client 34.75.231.121:33968] AH01626: authorization result of Require all granted: granted
[Sat Aug 22 00:47:08.237845 2026] [authz_core:debug] [pid 618058:tid 618058] mod_authz_core.c(815): [client 34.75.231.121:33968] AH01626: authorization result of : granted
[Sat Aug 22 00:47:08.237981 2026] [authz_core:debug] [pid 618058:tid 618058] mod_authz_core.c(815): [client 34.75.231.121:33968] AH01626: authorization result of Require all granted: granted
[Sat Aug 22 00:47:08.237987 2026] [authz_core:debug] [pid 618058:tid 618058] mod_authz_core.c(815): [client 34.75.231.121:33968] AH01626: authorization result of : granted
[Sat Aug 22 00:47:08.247404 2026] [ssl:info] [pid 618016:tid 618016] [client 2001:b400:e2ac:6263:78b8:d8f1:f1ae:1fd0:51933] AH01964: Connection to child 14 established (server 2blog.ilc.edu.tw:443)
[Sat Aug 22 00:47:08.247627 2026] [ssl:debug] [pid 618016:tid 618016] ssl_engine_kernel.c(2222): [client 2001:b400:e2ac:6263:78b8:d8f1:f1ae:1fd0:51933] AH02043: SSL virtual host for servername www.yies.ilc.edu.tw found
[Sat Aug 22 00:47:08.247644 2026] [socache_shmcb:debug] [pid 618016:tid 618016] mod_socache_shmcb.c(545): AH00835: socache_shmcb_retrieve (0x62 -> subcache 2)
[Sat Aug 22 00:47:08.247648 2026] [socache_shmcb:debug] [pid 618016:tid 618016] mod_socache_shmcb.c(896): AH00849: match at idx=47, data=13594
[Sat Aug 22 00:47:08.247650 2026] [socache_shmcb:debug] [pid 618016:tid 618016] mod_socache_shmcb.c(556): AH00836: leaving socache_shmcb_retrieve successfully
[Sat Aug 22 00:47:08.247757 2026] [core:debug] [pid 618016:tid 618016] protocol.c(2460): [client 2001:b400:e2ac:6263:78b8:d8f1:f1ae:1fd0:51933] AH03155: select protocol from , choices=h2,http/1.1 for server www.yies.ilc.edu.tw
[Sat Aug 22 00:47:08.252463 2026] [ssl:info] [pid 618022:tid 618022] [client 2001:b400:e2ac:6263:78b8:d8f1:f1ae:1fd0:62783] AH01964: Connection to child 23 established (server 2blog.ilc.edu.tw:443)
[Sat Aug 22 00:47:08.252575 2026] [ssl:info] [pid 618132:tid 618132] [client 2001:b400:e2ac:6263:78b8:d8f1:f1ae:1fd0:55052] AH01964: Connection to child 3 established (server 2blog.ilc.edu.tw:443)
[Sat Aug 22 00:47:08.252658 2026] [ssl:debug] [pid 618022:tid 618022] ssl_engine_kernel.c(2222): [client 2001:b400:e2ac:6263:78b8:d8f1:f1ae:1fd0:62783] AH02043: SSL virtual host for servername www.yies.ilc.edu.tw found
[Sat Aug 22 00:47:08.252726 2026] [core:debug] [pid 618022:tid 618022] protocol.c(2460): [client 2001:b400:e2ac:6263:78b8:d8f1:f1ae:1fd0:62783] AH03155: select protocol from , choices=h2,http/1.1 for server www.yies.ilc.edu.tw
[Sat Aug 22 00:47:08.252759 2026] [ssl:debug] [pid 618022:tid 618022] ssl_util_stapling.c(819): AH01951: stapling_cb: OCSP Stapling callback called
[Sat Aug 22 00:47:08.252763 2026] [ssl:info] [pid 618022:tid 618022] AH01926: stapling_get_certinfo: stapling not supported for certificate
[Sat Aug 22 00:47:08.258563 2026] [ssl:debug] [pid 618132:tid 618132] ssl_engine_kernel.c(2222): [client 2001:b400:e2ac:6263:78b8:d8f1:f1ae:1fd0:55052] AH02043: SSL virtual host for servername www.yies.ilc.edu.tw found
[Sat Aug 22 00:47:08.258665 2026] [core:debug] [pid 618132:tid 618132] protocol.c(2460): [client 2001:b400:e2ac:6263:78b8:d8f1:f1ae:1fd0:55052] AH03155: select protocol from , choices=h2,http/1.1 for server www.yies.ilc.edu.tw
[Sat Aug 22 00:47:08.258714 2026] [ssl:debug] [pid 618132:tid 618132] ssl_util_stapling.c(819): AH01951: stapling_cb: OCSP Stapling callback called
[Sat Aug 22 00:47:08.258719 2026] [ssl:info] [pid 618132:tid 618132] AH01926: stapling_get_certinfo: stapling not supported for certificate
[Sat Aug 22 00:47:08.259655 2026] [ssl:debug] [pid 618136:tid 618136] ssl_engine_kernel.c(2082): [client 2001:b400:e2ac:6263:78b8:d8f1:f1ae:1fd0:57859] AH02041: Protocol: TLSv1.3, Cipher: TLS_AES_256_GCM_SHA384 (256/256 bits)
[Sat Aug 22 00:47:08.259690 2026] [socache_shmcb:debug] [pid 618136:tid 618136] mod_socache_shmcb.c(508): AH00831: socache_shmcb_store (0xd9 -> subcache 25)
[Sat Aug 22 00:47:08.259696 2026] [socache_shmcb:debug] [pid 618136:tid 618136] mod_socache_shmcb.c(860): AH00847: insert happened at idx=42, data=(12439:12471)
[Sat Aug 22 00:47:08.259698 2026] [socache_shmcb:debug] [pid 618136:tid 618136] mod_socache_shmcb.c(863): AH00848: finished insert, subcache: idx_pos/idx_used=6/37, data_pos/data_used=4396/8272
[Sat Aug 22 00:47:08.259700 2026] [socache_shmcb:debug] [pid 618136:tid 618136] mod_socache_shmcb.c(530): AH00834: leaving socache_shmcb_store successfully
[Sat Aug 22 00:47:08.259709 2026] [ssl:debug] [pid 618012:tid 618012] ssl_engine_kernel.c(254): [client 2001:b400:e2ac:6263:78b8:d8f1:f1ae:1fd0:52079] AH02034: Subsequent (No.2) HTTPS request received for child 7 (server www.yies.ilc.edu.tw:443), referer: https://www.yies.ilc.edu.tw/
[Sat Aug 22 00:47:08.259727 2026] [ssl:debug] [pid 618054:tid 618054] ssl_engine_kernel.c(254): [client 2001:b400:e2ac:6263:78b8:d8f1:f1ae:1fd0:61029] AH02034: Subsequent (No.3) HTTPS request received for child 59 (server www.yies.ilc.edu.tw:443), referer: https://www.yies.ilc.edu.tw/
[Sat Aug 22 00:47:08.260347 2026] [authz_core:debug] [pid 618054:tid 618054] mod_authz_core.c(815): [client 2001:b400:e2ac:6263:78b8:d8f1:f1ae:1fd0:61029] AH01626: authorization result of Require all granted: granted, referer: https://www.yies.ilc.edu.tw/
[Sat Aug 22 00:47:08.260355 2026] [authz_core:debug] [pid 618054:tid 618054] mod_authz_core.c(815): [client 2001:b400:e2ac:6263:78b8:d8f1:f1ae:1fd0:61029] AH01626: authorization result of : granted, referer: https://www.yies.ilc.edu.tw/
[Sat Aug 22 00:47:08.260674 2026] [deflate:debug] [pid 618054:tid 618054] mod_deflate.c(909): [client 2001:b400:e2ac:6263:78b8:d8f1:f1ae:1fd0:61029] AH01384: Zlib: Compressed 1196 to 379 : URL /wp-content/uploads/sites/1355/elementor/css/post-237.css, referer: https://www.yies.ilc.edu.tw/
[Sat Aug 22 00:47:08.260834 2026] [authz_core:debug] [pid 618012:tid 618012] mod_authz_core.c(815): [client 2001:b400:e2ac:6263:78b8:d8f1:f1ae:1fd0:52079] AH01626: authorization result of Require all granted: granted, referer: https://www.yies.ilc.edu.tw/
[Sat Aug 22 00:47:08.260856 2026] [authz_core:debug] [pid 618012:tid 618012] mod_authz_core.c(815): [client 2001:b400:e2ac:6263:78b8:d8f1:f1ae:1fd0:52079] AH01626: authorization result of : granted, referer: https://www.yies.ilc.edu.tw/
[Sat Aug 22 00:47:08.273267 2026] [deflate:debug] [pid 618012:tid 618012] mod_deflate.c(909): [client 2001:b400:e2ac:6263:78b8:d8f1:f1ae:1fd0:52079] AH01384: Zlib: Compressed 537509 to 86064 : URL /wp-content/cache/www.yies.ilc.edu.tw/wpfc-minified/8krzypee/7kvk.css, referer: https://www.yies.ilc.edu.tw/
[Sat Aug 22 00:47:08.281338 2026] [ssl:debug] [pid 618016:tid 618016] ssl_engine_kernel.c(2082): [client 2001:b400:e2ac:6263:78b8:d8f1:f1ae:1fd0:51933] AH02041: Protocol: TLSv1.3, Cipher: TLS_AES_256_GCM_SHA384 (256/256 bits)
[Sat Aug 22 00:47:08.281387 2026] [socache_shmcb:debug] [pid 618016:tid 618016] mod_socache_shmcb.c(508): AH00831: socache_shmcb_store (0x70 -> subcache 16)
[Sat Aug 22 00:47:08.281393 2026] [socache_shmcb:debug] [pid 618016:tid 618016] mod_socache_shmcb.c(860): AH00847: insert happened at idx=65, data=(3700:3732)
[Sat Aug 22 00:47:08.281390 2026] [ssl:debug] [pid 618136:tid 618136] ssl_engine_kernel.c(254): [client 2001:b400:e2ac:6263:78b8:d8f1:f1ae:1fd0:57859] AH02034: Initial (No.1) HTTPS request received for child 8 (server www.yies.ilc.edu.tw:443), referer: https://www.yies.ilc.edu.tw/
[Sat Aug 22 00:47:08.281395 2026] [socache_shmcb:debug] [pid 618016:tid 618016] mod_socache_shmcb.c(863): AH00848: finished insert, subcache: idx_pos/idx_used=7/59, data_pos/data_used=4617/13176
[Sat Aug 22 00:47:08.281411 2026] [socache_shmcb:debug] [pid 618016:tid 618016] mod_socache_shmcb.c(530): AH00834: leaving socache_shmcb_store successfully
[Sat Aug 22 00:47:08.282447 2026] [ssl:debug] [pid 618016:tid 618016] ssl_engine_kernel.c(254): [client 2001:b400:e2ac:6263:78b8:d8f1:f1ae:1fd0:51933] AH02034: Initial (No.1) HTTPS request received for child 14 (server www.yies.ilc.edu.tw:443), referer: https://www.yies.ilc.edu.tw/
[Sat Aug 22 00:47:08.282533 2026] [authz_core:debug] [pid 618136:tid 618136] mod_authz_core.c(815): [client 2001:b400:e2ac:6263:78b8:d8f1:f1ae:1fd0:57859] AH01626: authorization result of Require all granted: granted, referer: https://www.yies.ilc.edu.tw/
[Sat Aug 22 00:47:08.282544 2026] [authz_core:debug] [pid 618136:tid 618136] mod_authz_core.c(815): [client 2001:b400:e2ac:6263:78b8:d8f1:f1ae:1fd0:57859] AH01626: authorization result of : granted, referer: https://www.yies.ilc.edu.tw/
[Sat Aug 22 00:47:08.282822 2026] [authz_core:debug] [pid 618016:tid 618016] mod_authz_core.c(815): [client 2001:b400:e2ac:6263:78b8:d8f1:f1ae:1fd0:51933] AH01626: authorization result of Require all granted: granted, referer: https://www.yies.ilc.edu.tw/
[Sat Aug 22 00:47:08.282832 2026] [authz_core:debug] [pid 618016:tid 618016] mod_authz_core.c(815): [client 2001:b400:e2ac:6263:78b8:d8f1:f1ae:1fd0:51933] AH01626: authorization result of : granted, referer: https://www.yies.ilc.edu.tw/
