3.229.2.217 - - [22/Aug/2026:07:40:54 +0800] "GET /wp-content/uploads/sites/2193/6030/6030-3896383.png HTTP/1.1" 200 320520 "-" "Mozilla/5.0 AppleWebKit/537.36 (KHTML, like Gecko; compatible; Amazonbot/0.1; +https://developer.amazon.com/support/amazonbot) Chrome/119.0.6045.214 Safari/537.36"
34.215.240.225 - - [22/Aug/2026:07:40:54 +0800] "GET /api/v1/.env HTTP/1.1" 404 54906 "-" "Mozilla/5.0 (Windows NT 10.0; Win64; x64) AppleWebKit/537.36 (KHTML, like Gecko) Chrome/131.0.0.0 Safari/537.36"
::1 - - [22/Aug/2026:07:40:55 +0800] "OPTIONS * HTTP/1.0" 200 110 "-" "Apache/2.4.68 (Ubuntu) OpenSSL/3.0.19 (internal dummy connection)"
34.215.240.225 - - [22/Aug/2026:07:40:55 +0800] "GET /api/v2/.env HTTP/1.1" 404 54906 "-" "Mozilla/5.0 (Windows NT 10.0; Win64; x64) AppleWebKit/537.36 (KHTML, like Gecko) Chrome/131.0.0.0 Safari/537.36"
34.206.193.60 - - [22/Aug/2026:07:40:55 +0800] "GET /43789/author/lcswater/page/2/ HTTP/1.1" 200 15553 "-" "Mozilla/5.0 AppleWebKit/537.36 (KHTML, like Gecko; compatible; Amazonbot/0.1; +https://developer.amazon.com/support/amazonbot) Chrome/119.0.6045.214 Safari/537.36"
::1 - - [22/Aug/2026:07:40:56 +0800] "OPTIONS * HTTP/1.0" 200 110 "-" "Apache/2.4.68 (Ubuntu) OpenSSL/3.0.19 (internal dummy connection)"
34.215.240.225 - - [22/Aug/2026:07:40:56 +0800] "GET /rest/.env HTTP/1.1" 404 54906 "-" "Mozilla/5.0 (Windows NT 10.0; Win64; x64) AppleWebKit/537.36 (KHTML, like Gecko) Chrome/131.0.0.0 Safari/537.36"
100.55.60.118 - - [22/Aug/2026:07:40:54 +0800] "GET /codeigniter/.env HTTP/1.1" 404 50079 "-" "Mozilla/5.0 (Windows NT 10.0; Win64; x64) AppleWebKit/537.36 (KHTML, like Gecko) Chrome/131.0.0.0 Safari/537.36"
34.215.240.225 - - [22/Aug/2026:07:40:56 +0800] "GET /graphql/.env HTTP/1.1" 404 54906 "-" "Mozilla/5.0 (Windows NT 10.0; Win64; x64) AppleWebKit/537.36 (KHTML, like Gecko) Chrome/131.0.0.0 Safari/537.36"
198.46.167.92 - - [22/Aug/2026:07:40:57 +0800] "GET /wp-content/uploads/sites/1395/2023/03/%E6%8D%90%E8%B4%88%E5%9C%96%E6%9B%B8-768x594.jpg HTTP/1.1" 200 134736 "https://www.bhoes.ilc.edu.tw/2023/03/15/%E6%84%9B%E5%BF%83%E9%80%81%E6%9A%96%E6%8D%90%E8%B4%88%E5%9C%96%E6%9B%B8/" "Mozilla/5.0 (Macintosh; Intel Mac OS X 10_15_7) AppleWebKit/537.36 (KHTML, like Gecko) Chrome/131.0.0.0 Safari/537.36"
34.215.240.225 - - [22/Aug/2026:07:40:57 +0800] "GET /gateway/.env HTTP/1.1" 404 54906 "-" "Mozilla/5.0 (Windows NT 10.0; Win64; x64) AppleWebKit/537.36 (KHTML, like Gecko) Chrome/131.0.0.0 Safari/537.36"
2001:288:a201::66:125 - - [22/Aug/2026:07:40:58 +0800] "GET /blog/active.php HTTP/1.1" 301 1026 "-" "-"
2001:288:a201::66:125 - - [22/Aug/2026:07:40:58 +0800] "GET /blog/active.php HTTP/1.1" 404 1084 "-" "-"
52.54.95.127 - - [22/Aug/2026:07:40:58 +0800] "GET /wp-content/uploads/sites/848/6554/6554-3939216.jpg HTTP/1.1" 200 85625 "-" "Mozilla/5.0 AppleWebKit/537.36 (KHTML, like Gecko; compatible; Amazonbot/0.1; +https://developer.amazon.com/support/amazonbot) Chrome/119.0.6045.214 Safari/537.36"
140.111.67.10 - - [22/Aug/2026:07:40:58 +0800] "GET /" 301 273 "-" "-"
34.215.240.225 - - [22/Aug/2026:07:40:58 +0800] "GET /microservice/.env HTTP/1.1" 404 54906 "-" "Mozilla/5.0 (Windows NT 10.0; Win64; x64) AppleWebKit/537.36 (KHTML, like Gecko) Chrome/131.0.0.0 Safari/537.36"
100.55.60.118 - - [22/Aug/2026:07:40:57 +0800] "GET /cakephp/.env HTTP/1.1" 404 50074 "-" "Mozilla/5.0 (Windows NT 10.0; Win64; x64) AppleWebKit/537.36 (KHTML, like Gecko) Chrome/131.0.0.0 Safari/537.36"
34.215.240.225 - - [22/Aug/2026:07:40:59 +0800] "GET /service/.env HTTP/1.1" 404 54906 "-" "Mozilla/5.0 (Windows NT 10.0; Win64; x64) AppleWebKit/537.36 (KHTML, like Gecko) Chrome/131.0.0.0 Safari/537.36"
185.191.171.8 - - [22/Aug/2026:07:40:59 +0800] "GET /2016/10/26/105%E5%B9%B410%E6%9C%8829%E6%97%A5%E6%98%9F%E6%9C%9F%E5%85%AD%E3%80%90%E8%84%AB%E5%8F%A3%E7%BD%A9%EF%BC%81%E6%89%BE%E8%97%8D%E5%A4%A9%E5%BD%B1%E5%83%8F%E8%A1%8C%E5%8B%95%E8%A8%88%E5%8A%83%E3%80%91/ HTTP/1.1" 200 23377 "-" "Mozilla/5.0 (compatible; SemrushBot/7~bl; +http://www.semrush.com/bot.html)"
100.28.44.58 - - [22/Aug/2026:07:40:59 +0800] "GET /wp-content/uploads/sites/3363/23027/ HTTP/1.1" 200 5002 "-" "Mozilla/5.0 AppleWebKit/537.36 (KHTML, like Gecko; compatible; Amazonbot/0.1; +https://developer.amazon.com/support/amazonbot) Chrome/119.0.6045.214 Safari/537.36"
18.117.75.156 - - [22/Aug/2026:07:41:00 +0800] "GET / HTTP/1.1" 200 22350 "-" "Mozilla/5.0 (Macintosh; Intel Mac OS X 10_15_7) AppleWebKit/537.36 (KHTML, like Gecko) Chrome/131.0.0.0 Safari/537.36"
34.215.240.225 - - [22/Aug/2026:07:40:59 +0800] "GET /api/v3/.env HTTP/1.1" 404 54906 "-" "Mozilla/5.0 (Windows NT 10.0; Win64; x64) AppleWebKit/537.36 (KHTML, like Gecko) Chrome/131.0.0.0 Safari/537.36"
2001:288:a212:1:640f:71ba:b5d7:da54 - - [22/Aug/2026:07:41:00 +0800] "-" 408 4791 "-" "-"
18.117.75.156 - - [22/Aug/2026:07:41:00 +0800] "POST / HTTP/1.1" 200 17650 "-" "Mozilla/5.0 (Macintosh; Intel Mac OS X 10_15_7) AppleWebKit/537.36 (KHTML, like Gecko) Chrome/131.0.0.0 Safari/537.36"
34.215.240.225 - - [22/Aug/2026:07:41:00 +0800] "GET /api/dev/.env HTTP/1.1" 404 54906 "-" "Mozilla/5.0 (Windows NT 10.0; Win64; x64) AppleWebKit/537.36 (KHTML, like Gecko) Chrome/131.0.0.0 Safari/537.36"
18.117.75.156 - - [22/Aug/2026:07:41:01 +0800] "POST / HTTP/1.1" 200 17521 "-" "Mozilla/5.0 (Macintosh; Intel Mac OS X 10_15_7) AppleWebKit/537.36 (KHTML, like Gecko) Chrome/131.0.0.0 Safari/537.36"
34.215.240.225 - - [22/Aug/2026:07:41:01 +0800] "GET /api/staging/.env HTTP/1.1" 404 54906 "-" "Mozilla/5.0 (Windows NT 10.0; Win64; x64) AppleWebKit/537.36 (KHTML, like Gecko) Chrome/131.0.0.0 Safari/537.36"
40.77.167.18 - - [22/Aug/2026:07:41:01 +0800] "GET /?s=%E5%A4%A7%E6%A6%AE+%E4%BF%A1%E7%AE%B1 HTTP/1.1" 200 20465 "-" "Mozilla/5.0 AppleWebKit/537.36 (KHTML, like Gecko; compatible; bingbot/2.0; +http://www.bing.com/bingbot.htm) Chrome/116.0.1938.76 Safari/537.36"
44.215.231.15 - - [22/Aug/2026:07:41:02 +0800] "GET /wp-content/uploads/sites/848/6554/6554-3341257.jpg HTTP/1.1" 200 64140 "-" "Mozilla/5.0 AppleWebKit/537.36 (KHTML, like Gecko; compatible; Amazonbot/0.1; +https://developer.amazon.com/support/amazonbot) Chrome/119.0.6045.214 Safari/537.36"
18.117.75.156 - - [22/Aug/2026:07:41:01 +0800] "POST / HTTP/1.1" 200 17521 "-" "Mozilla/5.0 (Macintosh; Intel Mac OS X 10_15_7) AppleWebKit/537.36 (KHTML, like Gecko) Chrome/131.0.0.0 Safari/537.36"
100.55.60.118 - - [22/Aug/2026:07:40:59 +0800] "GET /zend/.env HTTP/1.1" 404 50059 "-" "Mozilla/5.0 (Windows NT 10.0; Win64; x64) AppleWebKit/537.36 (KHTML, like Gecko) Chrome/131.0.0.0 Safari/537.36"
34.215.240.225 - - [22/Aug/2026:07:41:02 +0800] "GET /vendor/.env HTTP/1.1" 404 54906 "-" "Mozilla/5.0 (Windows NT 10.0; Win64; x64) AppleWebKit/537.36 (KHTML, like Gecko) Chrome/131.0.0.0 Safari/537.36"
18.117.75.156 - - [22/Aug/2026:07:41:02 +0800] "GET /.git/config HTTP/1.1" 404 50836 "-" "Mozilla/5.0 (Macintosh; Intel Mac OS X 10_15_7) AppleWebKit/537.36 (KHTML, like Gecko) Chrome/131.0.0.0 Safari/537.36"
2001:288:a201::66:125 - - [22/Aug/2026:07:41:03 +0800] "GET /blog/active.php HTTP/1.1" 301 1026 "-" "-"
2001:288:a201::66:125 - - [22/Aug/2026:07:41:03 +0800] "GET /blog/active.php HTTP/1.1" 404 1084 "-" "-"
140.111.67.10 - - [22/Aug/2026:07:41:03 +0800] "GET /" 301 273 "-" "-"
34.215.240.225 - - [22/Aug/2026:07:41:03 +0800] "GET /lib/.env HTTP/1.1" 404 54906 "-" "Mozilla/5.0 (Windows NT 10.0; Win64; x64) AppleWebKit/537.36 (KHTML, like Gecko) Chrome/131.0.0.0 Safari/537.36"
18.117.75.156 - - [22/Aug/2026:07:41:03 +0800] "POST / HTTP/1.1" 200 17521 "-" "Mozilla/5.0 (Macintosh; Intel Mac OS X 10_15_7) AppleWebKit/537.36 (KHTML, like Gecko) Chrome/131.0.0.0 Safari/537.36"
17.22.237.89 - - [22/Aug/2026:07:41:03 +0800] "GET /robots.txt HTTP/1.1" 200 5546 "-" "Mozilla/5.0 (Macintosh; Intel Mac OS X 10_15_7) AppleWebKit/605.1.15 (KHTML, like Gecko) Version/17.4 Safari/605.1.15 (Applebot/0.1; +http://www.apple.com/go/applebot)"
18.117.75.156 - - [22/Aug/2026:07:41:03 +0800] "GET /.env HTTP/1.1" 404 50836 "-" "Mozilla/5.0 (Macintosh; Intel Mac OS X 10_15_7) AppleWebKit/537.36 (KHTML, like Gecko) Chrome/131.0.0.0 Safari/537.36"
2a03:2880:f802:15:: - - [22/Aug/2026:07:41:01 +0800] "GET /wp-login.php?key=xtszv375&_wpnonce=&action=ilc_logout&redirect_to=https%3A%2F%2Fgame.edu.kg HTTP/1.1" 302 8248 "-" "Mozilla/5.0 (X11; Linux x86_64) AppleWebKit/537.36 (KHTML, like Gecko) Chrome/145.0.0.0 Safari/537.36 (compatible; meta-externalagent/1.1 (+https://developers.facebook.com/docs/sharing/webmasters/crawler))"
17.22.237.89 - - [22/Aug/2026:07:41:04 +0800] "GET /%e8%bd%89%e7%9f%a5%e5%9c%8b%e6%95%99%e7%bd%b2%e8%be%a6%e7%90%86%e3%80%8c115%e5%b9%b4%e5%ba%a6%e5%8e%9f%e4%bd%8f%e6%b0%91%e6%97%8f%e6%96%87%e5%8c%96%e6%95%99%e6%a1%88%e8%a8%ad%e8%a8%88%e5%85%b1/ HTTP/1.1" 200 15365 "-" "Mozilla/5.0 (Macintosh; Intel Mac OS X 10_15_7) AppleWebKit/605.1.15 (KHTML, like Gecko) Version/17.4 Safari/605.1.15 (Applebot/0.1; +http://www.apple.com/go/applebot)"
34.215.240.225 - - [22/Aug/2026:07:41:03 +0800] "GET /resources/.env HTTP/1.1" 404 54906 "-" "Mozilla/5.0 (Windows NT 10.0; Win64; x64) AppleWebKit/537.36 (KHTML, like Gecko) Chrome/131.0.0.0 Safari/537.36"
18.117.75.156 - - [22/Aug/2026:07:41:04 +0800] "GET /.env.local HTTP/1.1" 404 50836 "-" "Mozilla/5.0 (Macintosh; Intel Mac OS X 10_15_7) AppleWebKit/537.36 (KHTML, like Gecko) Chrome/131.0.0.0 Safari/537.36"
34.123.149.87 - - [22/Aug/2026:07:41:04 +0800] "GET /6525/2020/10/29/1094-6%E7%92%B0%E6%95%99%E5%BE%AE%E9%9B%BB%E5%BD%B1%E7%BE%8E%E5%AD%B8%E8%AA%B2%E7%A8%8B/ HTTP/1.1" 200 14630 "-" "Mozilla/5.0 (Macintosh; Intel Mac OS X 10_15_7) AppleWebKit/537.36 (KHTML, like Gecko) Chrome/120.0.0.0 Safari/537.36"
34.215.240.225 - - [22/Aug/2026:07:41:04 +0800] "GET /assets/.env HTTP/1.1" 404 54906 "-" "Mozilla/5.0 (Windows NT 10.0; Win64; x64) AppleWebKit/537.36 (KHTML, like Gecko) Chrome/131.0.0.0 Safari/537.36"
18.117.75.156 - - [22/Aug/2026:07:41:05 +0800] "GET /.env.production HTTP/1.1" 404 50836 "-" "Mozilla/5.0 (Macintosh; Intel Mac OS X 10_15_7) AppleWebKit/537.36 (KHTML, like Gecko) Chrome/131.0.0.0 Safari/537.36"
100.55.60.118 - - [22/Aug/2026:07:41:03 +0800] "GET /yii/.env HTTP/1.1" 404 50069 "-" "Mozilla/5.0 (Windows NT 10.0; Win64; x64) AppleWebKit/537.36 (KHTML, like Gecko) Chrome/131.0.0.0 Safari/537.36"
34.215.240.225 - - [22/Aug/2026:07:41:05 +0800] "GET /uploads/.env HTTP/1.1" 404 54906 "-" "Mozilla/5.0 (Windows NT 10.0; Win64; x64) AppleWebKit/537.36 (KHTML, like Gecko) Chrome/131.0.0.0 Safari/537.36"
18.117.75.156 - - [22/Aug/2026:07:41:05 +0800] "GET /.env.staging HTTP/1.1" 404 50836 "-" "Mozilla/5.0 (Macintosh; Intel Mac OS X 10_15_7) AppleWebKit/537.36 (KHTML, like Gecko) Chrome/131.0.0.0 Safari/537.36"
18.117.75.156 - - [22/Aug/2026:07:41:06 +0800] "GET /.env.development HTTP/1.1" 404 50836 "-" "Mozilla/5.0 (Macintosh; Intel Mac OS X 10_15_7) AppleWebKit/537.36 (KHTML, like Gecko) Chrome/131.0.0.0 Safari/537.36"
34.215.240.225 - - [22/Aug/2026:07:41:06 +0800] "GET /internal/.env HTTP/1.1" 404 54906 "-" "Mozilla/5.0 (Windows NT 10.0; Win64; x64) AppleWebKit/537.36 (KHTML, like Gecko) Chrome/131.0.0.0 Safari/537.36"
18.117.75.156 - - [22/Aug/2026:07:41:06 +0800] "GET /.env.test HTTP/1.1" 404 50836 "-" "Mozilla/5.0 (Macintosh; Intel Mac OS X 10_15_7) AppleWebKit/537.36 (KHTML, like Gecko) Chrome/131.0.0.0 Safari/537.36"
18.117.75.156 - - [22/Aug/2026:07:41:07 +0800] "GET /.env.remote HTTP/1.1" 404 50836 "-" "Mozilla/5.0 (Macintosh; Intel Mac OS X 10_15_7) AppleWebKit/537.36 (KHTML, like Gecko) Chrome/131.0.0.0 Safari/537.36"
34.215.240.225 - - [22/Aug/2026:07:41:07 +0800] "GET /tools/.env HTTP/1.1" 404 54906 "-" "Mozilla/5.0 (Windows NT 10.0; Win64; x64) AppleWebKit/537.36 (KHTML, like Gecko) Chrome/131.0.0.0 Safari/537.36"
18.117.75.156 - - [22/Aug/2026:07:41:07 +0800] "GET /.env.bak HTTP/1.1" 404 50836 "-" "Mozilla/5.0 (Macintosh; Intel Mac OS X 10_15_7) AppleWebKit/537.36 (KHTML, like Gecko) Chrome/131.0.0.0 Safari/537.36"
34.235.239.240 - - [22/Aug/2026:07:41:07 +0800] "GET /wp-content/uploads/sites/847/6483/6483-2383918.gif HTTP/1.1" 200 17086 "-" "Mozilla/5.0 AppleWebKit/537.36 (KHTML, like Gecko; compatible; Amazonbot/0.1; +https://developer.amazon.com/support/amazonbot) Chrome/119.0.6045.214 Safari/537.36"
52.167.144.171 - - [22/Aug/2026:07:41:07 +0800] "GET / HTTP/1.1" 301 852 "-" "Mozilla/5.0 AppleWebKit/537.36 (KHTML, like Gecko; compatible; bingbot/2.0; +http://www.bing.com/bingbot.htm) Chrome/116.0.1938.76 Safari/537.36"
34.215.240.225 - - [22/Aug/2026:07:41:07 +0800] "GET /scripts/.env HTTP/1.1" 404 54906 "-" "Mozilla/5.0 (Windows NT 10.0; Win64; x64) AppleWebKit/537.36 (KHTML, like Gecko) Chrome/131.0.0.0 Safari/537.36"
18.117.75.156 - - [22/Aug/2026:07:41:07 +0800] "GET /.env.backup HTTP/1.1" 404 50836 "-" "Mozilla/5.0 (Macintosh; Intel Mac OS X 10_15_7) AppleWebKit/537.36 (KHTML, like Gecko) Chrome/131.0.0.0 Safari/537.36"
2001:288:a201::66:125 - - [22/Aug/2026:07:41:08 +0800] "GET /blog/active.php HTTP/1.1" 301 1026 "-" "-"
2001:288:a201::66:125 - - [22/Aug/2026:07:41:08 +0800] "GET /blog/active.php HTTP/1.1" 404 1084 "-" "-"
140.111.67.10 - - [22/Aug/2026:07:41:08 +0800] "GET /" 301 273 "-" "-"
100.55.60.118 - - [22/Aug/2026:07:41:06 +0800] "GET /laravel5/.env HTTP/1.1" 404 50069 "-" "Mozilla/5.0 (Windows NT 10.0; Win64; x64) AppleWebKit/537.36 (KHTML, like Gecko) Chrome/131.0.0.0 Safari/537.36"
18.117.75.156 - - [22/Aug/2026:07:41:08 +0800] "GET /.env.save HTTP/1.1" 404 50836 "-" "Mozilla/5.0 (Macintosh; Intel Mac OS X 10_15_7) AppleWebKit/537.36 (KHTML, like Gecko) Chrome/131.0.0.0 Safari/537.36"
34.215.240.225 - - [22/Aug/2026:07:41:08 +0800] "GET /bin/.env HTTP/1.1" 404 54906 "-" "Mozilla/5.0 (Windows NT 10.0; Win64; x64) AppleWebKit/537.36 (KHTML, like Gecko) Chrome/131.0.0.0 Safari/537.36"
52.167.144.171 - - [22/Aug/2026:07:41:08 +0800] "GET / HTTP/1.1" 200 19742 "-" "Mozilla/5.0 AppleWebKit/537.36 (KHTML, like Gecko; compatible; bingbot/2.0; +http://www.bing.com/bingbot.htm) Chrome/116.0.1938.76 Safari/537.36"
18.117.75.156 - - [22/Aug/2026:07:41:08 +0800] "GET /.env.old HTTP/1.1" 404 50836 "-" "Mozilla/5.0 (Macintosh; Intel Mac OS X 10_15_7) AppleWebKit/537.36 (KHTML, like Gecko) Chrome/131.0.0.0 Safari/537.36"
18.117.75.156 - - [22/Aug/2026:07:41:09 +0800] "GET /.env.sample HTTP/1.1" 404 50836 "-" "Mozilla/5.0 (Macintosh; Intel Mac OS X 10_15_7) AppleWebKit/537.36 (KHTML, like Gecko) Chrome/131.0.0.0 Safari/537.36"
34.215.240.225 - - [22/Aug/2026:07:41:09 +0800] "GET /sbin/.env HTTP/1.1" 404 54906 "-" "Mozilla/5.0 (Windows NT 10.0; Win64; x64) AppleWebKit/537.36 (KHTML, like Gecko) Chrome/131.0.0.0 Safari/537.36"
18.117.75.156 - - [22/Aug/2026:07:41:09 +0800] "GET /.env.example HTTP/1.1" 404 50836 "-" "Mozilla/5.0 (Macintosh; Intel Mac OS X 10_15_7) AppleWebKit/537.36 (KHTML, like Gecko) Chrome/131.0.0.0 Safari/537.36"
17.241.75.219 - - [22/Aug/2026:07:41:10 +0800] "GET /tcesinfo/wp-content/uploads/sites/93/2021/04/2021-04-02-08-28-43-%E7%9A%84%E8%9E%A2%E5%B9%95%E6%93%B7%E5%9C%96.png HTTP/1.1" 200 150671 "-" "Mozilla/5.0 (Macintosh; Intel Mac OS X 10_15_7) AppleWebKit/605.1.15 (KHTML, like Gecko) Version/17.4 Safari/605.1.15 (Applebot/0.1; +http://www.apple.com/go/applebot)"
34.215.240.225 - - [22/Aug/2026:07:41:09 +0800] "GET /local/.env HTTP/1.1" 404 54906 "-" "Mozilla/5.0 (Windows NT 10.0; Win64; x64) AppleWebKit/537.36 (KHTML, like Gecko) Chrome/131.0.0.0 Safari/537.36"
18.117.75.156 - - [22/Aug/2026:07:41:10 +0800] "GET /.env.dev HTTP/1.1" 404 50836 "-" "Mozilla/5.0 (Macintosh; Intel Mac OS X 10_15_7) AppleWebKit/537.36 (KHTML, like Gecko) Chrome/131.0.0.0 Safari/537.36"
18.117.75.156 - - [22/Aug/2026:07:41:10 +0800] "GET /.env.prod HTTP/1.1" 404 50836 "-" "Mozilla/5.0 (Macintosh; Intel Mac OS X 10_15_7) AppleWebKit/537.36 (KHTML, like Gecko) Chrome/131.0.0.0 Safari/537.36"
34.215.240.225 - - [22/Aug/2026:07:41:10 +0800] "GET /portal/.env HTTP/1.1" 404 54906 "-" "Mozilla/5.0 (Windows NT 10.0; Win64; x64) AppleWebKit/537.36 (KHTML, like Gecko) Chrome/131.0.0.0 Safari/537.36"
3.216.227.216 - - [22/Aug/2026:07:41:10 +0800] "GET /artschool/wp-content/uploads/sites/1683/2020/05/20161131a01.jpg HTTP/1.1" 200 209080 "-" "Mozilla/5.0 AppleWebKit/537.36 (KHTML, like Gecko; compatible; Amazonbot/0.1; +https://developer.amazon.com/support/amazonbot) Chrome/119.0.6045.214 Safari/537.36"
18.232.12.157 - - [22/Aug/2026:07:41:10 +0800] "GET /32745/2020/12/06/%E6%88%91%E6%AF%94%E8%AA%B0%E9%83%BD%E6%84%9B%E4%BD%A0-2/ HTTP/1.1" 200 92668 "-" "Mozilla/5.0 AppleWebKit/537.36 (KHTML, like Gecko; compatible; Amazonbot/0.1; +https://developer.amazon.com/support/amazonbot) Chrome/119.0.6045.214 Safari/537.36"
18.117.75.156 - - [22/Aug/2026:07:41:11 +0800] "GET /.env.stage HTTP/1.1" 404 50836 "-" "Mozilla/5.0 (Macintosh; Intel Mac OS X 10_15_7) AppleWebKit/537.36 (KHTML, like Gecko) Chrome/131.0.0.0 Safari/537.36"
100.55.60.118 - - [22/Aug/2026:07:41:09 +0800] "GET /v1/.env HTTP/1.1" 404 50094 "-" "Mozilla/5.0 (Windows NT 10.0; Win64; x64) AppleWebKit/537.36 (KHTML, like Gecko) Chrome/131.0.0.0 Safari/537.36"
17.241.75.38 - - [22/Aug/2026:07:41:11 +0800] "GET /6415/2016/11/17/105_3_5%e9%a8%8e%e4%b9%98%e8%87%aa%e8%a1%8c%e8%bb%8a%e5%8f%8a%e5%85%b1%e4%b9%98%e5%88%b6%e5%ba%a6/ HTTP/1.1" 200 14988 "-" "Mozilla/5.0 (Macintosh; Intel Mac OS X 10_15_7) AppleWebKit/605.1.15 (KHTML, like Gecko) Version/17.4 Safari/605.1.15 (Applebot/0.1; +http://www.apple.com/go/applebot)"
3.94.157.25 - - [22/Aug/2026:07:41:11 +0800] "GET /wp-content/uploads/sites/847/6483/6483-2381282.gif HTTP/1.1" 200 16918 "-" "Mozilla/5.0 AppleWebKit/537.36 (KHTML, like Gecko; compatible; Amazonbot/0.1; +https://developer.amazon.com/support/amazonbot) Chrome/119.0.6045.214 Safari/537.36"
34.42.229.145 - - [22/Aug/2026:07:41:11 +0800] "GET /2373/2025/04/02/114%E5%85%92%E7%AB%A5%E7%AF%80-%E8%81%BD%E8%A6%8B%E5%A4%A2%E6%83%B3%E7%9A%84%E8%81%B2%E9%9F%B3%E8%97%9D%E8%B5%B7%E7%99%BC%E5%85%89/ HTTP/1.1" 200 21867 "-" "Mozilla/5.0 (Macintosh; Intel Mac OS X 10_15_7) AppleWebKit/537.36 (KHTML, like Gecko) Chrome/120.0.0.0 Safari/537.36"
18.117.75.156 - - [22/Aug/2026:07:41:11 +0800] "GET /.env.ci HTTP/1.1" 404 50836 "-" "Mozilla/5.0 (Macintosh; Intel Mac OS X 10_15_7) AppleWebKit/537.36 (KHTML, like Gecko) Chrome/131.0.0.0 Safari/537.36"
34.215.240.225 - - [22/Aug/2026:07:41:11 +0800] "GET /dashboard/.env HTTP/1.1" 404 54906 "-" "Mozilla/5.0 (Windows NT 10.0; Win64; x64) AppleWebKit/537.36 (KHTML, like Gecko) Chrome/131.0.0.0 Safari/537.36"
18.117.75.156 - - [22/Aug/2026:07:41:11 +0800] "GET /.env.docker HTTP/1.1" 404 50836 "-" "Mozilla/5.0 (Macintosh; Intel Mac OS X 10_15_7) AppleWebKit/537.36 (KHTML, like Gecko) Chrome/131.0.0.0 Safari/537.36"
34.215.240.225 - - [22/Aug/2026:07:41:12 +0800] "GET /panel/.env HTTP/1.1" 404 54906 "-" "Mozilla/5.0 (Windows NT 10.0; Win64; x64) AppleWebKit/537.36 (KHTML, like Gecko) Chrome/131.0.0.0 Safari/537.36"
18.117.75.156 - - [22/Aug/2026:07:41:12 +0800] "GET /.env.live HTTP/1.1" 404 50836 "-" "Mozilla/5.0 (Macintosh; Intel Mac OS X 10_15_7) AppleWebKit/537.36 (KHTML, like Gecko) Chrome/131.0.0.0 Safari/537.36"
18.117.75.156 - - [22/Aug/2026:07:41:12 +0800] "GET /.env.preprod HTTP/1.1" 404 50836 "-" "Mozilla/5.0 (Macintosh; Intel Mac OS X 10_15_7) AppleWebKit/537.36 (KHTML, like Gecko) Chrome/131.0.0.0 Safari/537.36"
2001:288:a201::66:125 - - [22/Aug/2026:07:41:13 +0800] "GET /blog/active.php HTTP/1.1" 301 1026 "-" "-"
2001:288:a201::66:125 - - [22/Aug/2026:07:41:13 +0800] "GET /blog/active.php HTTP/1.1" 404 1084 "-" "-"
34.215.240.225 - - [22/Aug/2026:07:41:12 +0800] "GET /crm/.env HTTP/1.1" 404 54906 "-" "Mozilla/5.0 (Windows NT 10.0; Win64; x64) AppleWebKit/537.36 (KHTML, like Gecko) Chrome/131.0.0.0 Safari/537.36"
140.111.67.10 - - [22/Aug/2026:07:41:13 +0800] "GET /" 301 273 "-" "-"
18.117.75.156 - - [22/Aug/2026:07:41:13 +0800] "GET /.env.uat HTTP/1.1" 404 50836 "-" "Mozilla/5.0 (Macintosh; Intel Mac OS X 10_15_7) AppleWebKit/537.36 (KHTML, like Gecko) Chrome/131.0.0.0 Safari/537.36"
18.117.75.156 - - [22/Aug/2026:07:41:13 +0800] "GET /.env.dist HTTP/1.1" 404 50836 "-" "Mozilla/5.0 (Macintosh; Intel Mac OS X 10_15_7) AppleWebKit/537.36 (KHTML, like Gecko) Chrome/131.0.0.0 Safari/537.36"
34.215.240.225 - - [22/Aug/2026:07:41:13 +0800] "GET /erp/.env HTTP/1.1" 404 54906 "-" "Mozilla/5.0 (Windows NT 10.0; Win64; x64) AppleWebKit/537.36 (KHTML, like Gecko) Chrome/131.0.0.0 Safari/537.36"
100.55.60.118 - - [22/Aug/2026:07:41:12 +0800] "GET /v2/.env HTTP/1.1" 404 50084 "-" "Mozilla/5.0 (Windows NT 10.0; Win64; x64) AppleWebKit/537.36 (KHTML, like Gecko) Chrome/131.0.0.0 Safari/537.36"
18.117.75.156 - - [22/Aug/2026:07:41:14 +0800] "GET /.env.swp HTTP/1.1" 404 50836 "-" "Mozilla/5.0 (Macintosh; Intel Mac OS X 10_15_7) AppleWebKit/537.36 (KHTML, like Gecko) Chrome/131.0.0.0 Safari/537.36"
54.235.191.179 - - [22/Aug/2026:07:41:14 +0800] "GET /32745/wp-content/uploads/sites/1271/2022/06/safe_image-6-8-500x245.jpg HTTP/1.1" 200 28643 "-" "Mozilla/5.0 AppleWebKit/537.36 (KHTML, like Gecko; compatible; Amazonbot/0.1; +https://developer.amazon.com/support/amazonbot) Chrome/119.0.6045.214 Safari/537.36"
34.215.240.225 - - [22/Aug/2026:07:41:14 +0800] "GET /shop/.env HTTP/1.1" 404 54906 "-" "Mozilla/5.0 (Windows NT 10.0; Win64; x64) AppleWebKit/537.36 (KHTML, like Gecko) Chrome/131.0.0.0 Safari/537.36"
18.117.75.156 - - [22/Aug/2026:07:41:14 +0800] "GET /.env~ HTTP/1.1" 404 50836 "-" "Mozilla/5.0 (Macintosh; Intel Mac OS X 10_15_7) AppleWebKit/537.36 (KHTML, like Gecko) Chrome/131.0.0.0 Safari/537.36"
18.117.75.156 - - [22/Aug/2026:07:41:15 +0800] "GET /.env1 HTTP/1.1" 404 50836 "-" "Mozilla/5.0 (Macintosh; Intel Mac OS X 10_15_7) AppleWebKit/537.36 (KHTML, like Gecko) Chrome/131.0.0.0 Safari/537.36"
2408:821b:6519:fc50:8d56:57eb:c6cf:6f89 - - [22/Aug/2026:07:41:15 +0800] "GET /2010/12/29 HTTP/1.1" 301 5690 "-" "Mozilla/5.0 (Windows NT 10.0; Win64; x64) AppleWebKit/537.36 (KHTML, like Gecko) Chrome/116.0.0.0 Safari/537.36"
34.215.240.225 - - [22/Aug/2026:07:41:14 +0800] "GET /store/.env HTTP/1.1" 404 54906 "-" "Mozilla/5.0 (Windows NT 10.0; Win64; x64) AppleWebKit/537.36 (KHTML, like Gecko) Chrome/131.0.0.0 Safari/537.36"
18.117.75.156 - - [22/Aug/2026:07:41:15 +0800] "GET /.env2 HTTP/1.1" 404 50836 "-" "Mozilla/5.0 (Macintosh; Intel Mac OS X 10_15_7) AppleWebKit/537.36 (KHTML, like Gecko) Chrome/131.0.0.0 Safari/537.36"
52.71.46.142 - - [22/Aug/2026:07:41:15 +0800] "GET /wp-content/uploads/sites/1413/staatic/resources/f/fafb202c5157ee258782aca0e87cecc84c8a6a3 HTTP/1.1" 200 4608 "-" "Mozilla/5.0 AppleWebKit/537.36 (KHTML, like Gecko; compatible; Amazonbot/0.1; +https://developer.amazon.com/support/amazonbot) Chrome/119.0.6045.214 Safari/537.36"
34.215.240.225 - - [22/Aug/2026:07:41:15 +0800] "GET /saas/.env HTTP/1.1" 404 54906 "-" "Mozilla/5.0 (Windows NT 10.0; Win64; x64) AppleWebKit/537.36 (KHTML, like Gecko) Chrome/131.0.0.0 Safari/537.36"
18.117.75.156 - - [22/Aug/2026:07:41:15 +0800] "GET /.env_copy HTTP/1.1" 404 50836 "-" "Mozilla/5.0 (Macintosh; Intel Mac OS X 10_15_7) AppleWebKit/537.36 (KHTML, like Gecko) Chrome/131.0.0.0 Safari/537.36"
18.117.75.156 - - [22/Aug/2026:07:41:16 +0800] "GET /.env.txt HTTP/1.1" 404 50836 "-" "Mozilla/5.0 (Macintosh; Intel Mac OS X 10_15_7) AppleWebKit/537.36 (KHTML, like Gecko) Chrome/131.0.0.0 Safari/537.36"
34.215.240.225 - - [22/Aug/2026:07:41:16 +0800] "GET /client/.env HTTP/1.1" 404 54906 "-" "Mozilla/5.0 (Windows NT 10.0; Win64; x64) AppleWebKit/537.36 (KHTML, like Gecko) Chrome/131.0.0.0 Safari/537.36"
100.55.60.118 - - [22/Aug/2026:07:41:14 +0800] "GET /v3/.env HTTP/1.1" 404 50069 "-" "Mozilla/5.0 (Windows NT 10.0; Win64; x64) AppleWebKit/537.36 (KHTML, like Gecko) Chrome/131.0.0.0 Safari/537.36"
18.117.75.156 - - [22/Aug/2026:07:41:16 +0800] "GET /.env.json HTTP/1.1" 404 50836 "-" "Mozilla/5.0 (Macintosh; Intel Mac OS X 10_15_7) AppleWebKit/537.36 (KHTML, like Gecko) Chrome/131.0.0.0 Safari/537.36"
1.169.34.163 - - [22/Aug/2026:07:41:17 +0800] "GET /category/teaching/ HTTP/1.1" 200 20356 "-" "Mozilla/5.0 (Windows NT 10.0; Win64; x64) AppleWebKit/537.36 (KHTML, like Gecko) Chrome/151.0.0.0 Safari/537.36"
34.215.240.225 - - [22/Aug/2026:07:41:17 +0800] "GET /project/.env HTTP/1.1" 404 54906 "-" "Mozilla/5.0 (Windows NT 10.0; Win64; x64) AppleWebKit/537.36 (KHTML, like Gecko) Chrome/131.0.0.0 Safari/537.36"
18.117.75.156 - - [22/Aug/2026:07:41:17 +0800] "GET /.env.yaml HTTP/1.1" 404 50836 "-" "Mozilla/5.0 (Macintosh; Intel Mac OS X 10_15_7) AppleWebKit/537.36 (KHTML, like Gecko) Chrome/131.0.0.0 Safari/537.36"
1.169.34.163 - - [22/Aug/2026:07:41:17 +0800] "GET /wp-content/cache/isupport.ilc.edu.tw/wpfc-minified/fhgiw72a/ks8w.css HTTP/1.1" 200 40883 "https://isupport.ilc.edu.tw/category/teaching/" "Mozilla/5.0 (Windows NT 10.0; Win64; x64) AppleWebKit/537.36 (KHTML, like Gecko) Chrome/151.0.0.0 Safari/537.36"
1.169.34.163 - - [22/Aug/2026:07:41:17 +0800] "GET /wp-content/cache/isupport.ilc.edu.tw/wpfc-minified/jpyo1yc2/ks8w.css HTTP/1.1" 200 1496 "https://isupport.ilc.edu.tw/category/teaching/" "Mozilla/5.0 (Windows NT 10.0; Win64; x64) AppleWebKit/537.36 (KHTML, like Gecko) Chrome/151.0.0.0 Safari/537.36"
1.169.34.163 - - [22/Aug/2026:07:41:17 +0800] "GET /wp-content/cache/isupport.ilc.edu.tw/wpfc-minified/q9778z71/ksje.css HTTP/1.1" 200 12784 "https://isupport.ilc.edu.tw/category/teaching/" "Mozilla/5.0 (Windows NT 10.0; Win64; x64) AppleWebKit/537.36 (KHTML, like Gecko) Chrome/151.0.0.0 Safari/537.36"
1.169.34.163 - - [22/Aug/2026:07:41:17 +0800] "GET /wp-includes/js/hoverintent-js.min.js HTTP/1.1" 200 1597 "https://isupport.ilc.edu.tw/category/teaching/" "Mozilla/5.0 (Windows NT 10.0; Win64; x64) AppleWebKit/537.36 (KHTML, like Gecko) Chrome/151.0.0.0 Safari/537.36"
1.169.34.163 - - [22/Aug/2026:07:41:17 +0800] "GET /wp-content/cache/isupport.ilc.edu.tw/wpfc-minified/8jq1rsi9/ks8w.css HTTP/1.1" 200 53622 "https://isupport.ilc.edu.tw/category/teaching/" "Mozilla/5.0 (Windows NT 10.0; Win64; x64) AppleWebKit/537.36 (KHTML, like Gecko) Chrome/151.0.0.0 Safari/537.36"
1.169.34.163 - - [22/Aug/2026:07:41:17 +0800] "GET /wp-content/cache/isupport.ilc.edu.tw/wpfc-minified/10m74ssp/ks8x.js HTTP/1.1" 200 40352 "https://isupport.ilc.edu.tw/category/teaching/" "Mozilla/5.0 (Windows NT 10.0; Win64; x64) AppleWebKit/537.36 (KHTML, like Gecko) Chrome/151.0.0.0 Safari/537.36"
1.169.34.163 - - [22/Aug/2026:07:41:17 +0800] "GET /wp-includes/js/admin-bar.min.js HTTP/1.1" 200 2237 "https://isupport.ilc.edu.tw/category/teaching/" "Mozilla/5.0 (Windows NT 10.0; Win64; x64) AppleWebKit/537.36 (KHTML, like Gecko) Chrome/151.0.0.0 Safari/537.36"
1.169.34.163 - - [22/Aug/2026:07:41:17 +0800] "GET /wp-includes/js/imagesloaded.min.js HTTP/1.1" 200 2683 "https://isupport.ilc.edu.tw/category/teaching/" "Mozilla/5.0 (Windows NT 10.0; Win64; x64) AppleWebKit/537.36 (KHTML, like Gecko) Chrome/151.0.0.0 Safari/537.36"
1.169.34.163 - - [22/Aug/2026:07:41:17 +0800] "GET /wp-content/themes/oceanwp/assets/js/theme.min.js HTTP/1.1" 200 5130 "https://isupport.ilc.edu.tw/category/teaching/" "Mozilla/5.0 (Windows NT 10.0; Win64; x64) AppleWebKit/537.36 (KHTML, like Gecko) Chrome/151.0.0.0 Safari/537.36"
1.169.34.163 - - [22/Aug/2026:07:41:17 +0800] "GET /wp-content/themes/oceanwp/assets/js/vendors/sidr.js HTTP/1.1" 200 4102 "https://isupport.ilc.edu.tw/category/teaching/" "Mozilla/5.0 (Windows NT 10.0; Win64; x64) AppleWebKit/537.36 (KHTML, like Gecko) Chrome/151.0.0.0 Safari/537.36"
1.169.34.163 - - [22/Aug/2026:07:41:17 +0800] "GET /wp-content/themes/oceanwp/assets/js/sidebar-mobile-menu.min.js HTTP/1.1" 200 4731 "https://isupport.ilc.edu.tw/category/teaching/" "Mozilla/5.0 (Windows NT 10.0; Win64; x64) AppleWebKit/537.36 (KHTML, like Gecko) Chrome/151.0.0.0 Safari/537.36"
1.169.34.163 - - [22/Aug/2026:07:41:17 +0800] "GET /wp-content/themes/oceanwp/assets/js/equal-height-elements.min.js HTTP/1.1" 200 2606 "https://isupport.ilc.edu.tw/category/teaching/" "Mozilla/5.0 (Windows NT 10.0; Win64; x64) AppleWebKit/537.36 (KHTML, like Gecko) Chrome/151.0.0.0 Safari/537.36"
1.169.34.163 - - [22/Aug/2026:07:41:17 +0800] "GET /wp-content/themes/oceanwp/assets/js/drop-down-search.min.js HTTP/1.1" 200 2968 "https://isupport.ilc.edu.tw/category/teaching/" "Mozilla/5.0 (Windows NT 10.0; Win64; x64) AppleWebKit/537.36 (KHTML, like Gecko) Chrome/151.0.0.0 Safari/537.36"
1.169.34.163 - - [22/Aug/2026:07:41:17 +0800] "GET /wp-content/themes/oceanwp/assets/js/ow-lightbox.min.js HTTP/1.1" 200 2321 "https://isupport.ilc.edu.tw/category/teaching/" "Mozilla/5.0 (Windows NT 10.0; Win64; x64) AppleWebKit/537.36 (KHTML, like Gecko) Chrome/151.0.0.0 Safari/537.36"
1.169.34.163 - - [22/Aug/2026:07:41:17 +0800] "GET /wp-content/themes/oceanwp/assets/js/vendors/magnific-popup.min.js HTTP/1.1" 200 8270 "https://isupport.ilc.edu.tw/category/teaching/" "Mozilla/5.0 (Windows NT 10.0; Win64; x64) AppleWebKit/537.36 (KHTML, like Gecko) Chrome/151.0.0.0 Safari/537.36"
1.169.34.163 - - [22/Aug/2026:07:41:17 +0800] "GET /wp-content/themes/oceanwp/assets/js/ow-slider.min.js HTTP/1.1" 200 1761 "https://isupport.ilc.edu.tw/category/teaching/" "Mozilla/5.0 (Windows NT 10.0; Win64; x64) AppleWebKit/537.36 (KHTML, like Gecko) Chrome/151.0.0.0 Safari/537.36"
1.169.34.163 - - [22/Aug/2026:07:41:17 +0800] "GET /wp-content/themes/oceanwp/assets/js/scroll-effect.min.js HTTP/1.1" 200 4127 "https://isupport.ilc.edu.tw/category/teaching/" "Mozilla/5.0 (Windows NT 10.0; Win64; x64) AppleWebKit/537.36 (KHTML, like Gecko) Chrome/151.0.0.0 Safari/537.36"
1.169.34.163 - - [22/Aug/2026:07:41:17 +0800] "GET /wp-content/themes/oceanwp/assets/js/scroll-top.min.js HTTP/1.1" 200 3541 "https://isupport.ilc.edu.tw/category/teaching/" "Mozilla/5.0 (Windows NT 10.0; Win64; x64) AppleWebKit/537.36 (KHTML, like Gecko) Chrome/151.0.0.0 Safari/537.36"
1.169.34.163 - - [22/Aug/2026:07:41:17 +0800] "GET /wp-content/themes/oceanwp/assets/js/vendors/flickity.pkgd.min.js HTTP/1.1" 200 15048 "https://isupport.ilc.edu.tw/category/teaching/" "Mozilla/5.0 (Windows NT 10.0; Win64; x64) AppleWebKit/537.36 (KHTML, like Gecko) Chrome/151.0.0.0 Safari/537.36"
1.169.34.163 - - [22/Aug/2026:07:41:17 +0800] "GET /wp-content/themes/oceanwp/assets/js/select.min.js HTTP/1.1" 200 2408 "https://isupport.ilc.edu.tw/category/teaching/" "Mozilla/5.0 (Windows NT 10.0; Win64; x64) AppleWebKit/537.36 (KHTML, like Gecko) Chrome/151.0.0.0 Safari/537.36"
1.169.34.163 - - [22/Aug/2026:07:41:17 +0800] "GET /wp-content/themes/oceanwp/assets/js/ow-infinite-scroll.min.js HTTP/1.1" 200 8588 "https://isupport.ilc.edu.tw/category/teaching/" "Mozilla/5.0 (Windows NT 10.0; Win64; x64) AppleWebKit/537.36 (KHTML, like Gecko) Chrome/151.0.0.0 Safari/537.36"
1.169.34.163 - - [22/Aug/2026:07:41:17 +0800] "GET /wp-content/plugins/ocean-extra/includes/widgets/js/flickr.min.js HTTP/1.1" 200 1319 "https://isupport.ilc.edu.tw/category/teaching/" "Mozilla/5.0 (Windows NT 10.0; Win64; x64) AppleWebKit/537.36 (KHTML, like Gecko) Chrome/151.0.0.0 Safari/537.36"
1.169.34.163 - - [22/Aug/2026:07:41:17 +0800] "GET /wp-content/uploads/sites/3591/2023/04/%E6%95%B8%E4%BD%8D%E5%AD%B8%E7%BF%92%E6%94%AF%E6%8C%81%E5%B9%B3%E5%8F%B0logo_50.png HTTP/1.1" 200 3861 "https://isupport.ilc.edu.tw/category/teaching/" "Mozilla/5.0 (Windows NT 10.0; Win64; x64) AppleWebKit/537.36 (KHTML, like Gecko) Chrome/151.0.0.0 Safari/537.36"
1.169.34.163 - - [22/Aug/2026:07:41:17 +0800] "GET /wp-content/uploads/sites/3591/2022/12/banner_%E7%8E%A9%E8%BD%89%E6%95%99%E5%AD%B8-scaled-1.jpg HTTP/1.1" 200 97963 "https://isupport.ilc.edu.tw/category/teaching/" "Mozilla/5.0 (Windows NT 10.0; Win64; x64) AppleWebKit/537.36 (KHTML, like Gecko) Chrome/151.0.0.0 Safari/537.36"
18.117.75.156 - - [22/Aug/2026:07:41:17 +0800] "GET /.env.yml HTTP/1.1" 404 50836 "-" "Mozilla/5.0 (Macintosh; Intel Mac OS X 10_15_7) AppleWebKit/537.36 (KHTML, like Gecko) Chrome/131.0.0.0 Safari/537.36"
2001:288:a201::66:125 - - [22/Aug/2026:07:41:18 +0800] "GET /blog/active.php HTTP/1.1" 301 1026 "-" "-"
2001:288:a201::66:125 - - [22/Aug/2026:07:41:18 +0800] "GET /blog/active.php HTTP/1.1" 404 1084 "-" "-"
34.215.240.225 - - [22/Aug/2026:07:41:17 +0800] "GET /admin-panel/.env HTTP/1.1" 404 54906 "-" "Mozilla/5.0 (Windows NT 10.0; Win64; x64) AppleWebKit/537.36 (KHTML, like Gecko) Chrome/131.0.0.0 Safari/537.36"
140.111.67.10 - - [22/Aug/2026:07:41:18 +0800] "GET /" 301 273 "-" "-"
18.117.75.156 - - [22/Aug/2026:07:41:18 +0800] "GET /app/.env HTTP/1.1" 404 50836 "-" "Mozilla/5.0 (Macintosh; Intel Mac OS X 10_15_7) AppleWebKit/537.36 (KHTML, like Gecko) Chrome/131.0.0.0 Safari/537.36"
3.221.222.168 - - [22/Aug/2026:07:41:18 +0800] "GET /32745/wp-content/uploads/sites/1271/2022/02/safe_image-86-500x245.jpg HTTP/1.1" 200 24527 "-" "Mozilla/5.0 AppleWebKit/537.36 (KHTML, like Gecko; compatible; Amazonbot/0.1; +https://developer.amazon.com/support/amazonbot) Chrome/119.0.6045.214 Safari/537.36"
18.117.75.156 - - [22/Aug/2026:07:41:18 +0800] "GET /apps/.env HTTP/1.1" 404 50836 "-" "Mozilla/5.0 (Macintosh; Intel Mac OS X 10_15_7) AppleWebKit/537.36 (KHTML, like Gecko) Chrome/131.0.0.0 Safari/537.36"
1.169.34.163 - - [22/Aug/2026:07:41:18 +0800] "GET /wp-content/themes/oceanwp/assets/fonts/simple-line-icons/Simple-Line-Icons.woff2?v=2.4.0 HTTP/1.1" 200 30959 "https://isupport.ilc.edu.tw/wp-content/cache/isupport.ilc.edu.tw/wpfc-minified/8jq1rsi9/ks8w.css" "Mozilla/5.0 (Windows NT 10.0; Win64; x64) AppleWebKit/537.36 (KHTML, like Gecko) Chrome/151.0.0.0 Safari/537.36"
1.169.34.163 - - [22/Aug/2026:07:41:18 +0800] "GET /wp-content/themes/oceanwp/assets/fonts/fontawesome/webfonts/fa-solid-900.woff2 HTTP/1.1" 200 151246 "https://isupport.ilc.edu.tw/wp-content/cache/isupport.ilc.edu.tw/wpfc-minified/8jq1rsi9/ks8w.css" "Mozilla/5.0 (Windows NT 10.0; Win64; x64) AppleWebKit/537.36 (KHTML, like Gecko) Chrome/151.0.0.0 Safari/537.36"
1.169.34.163 - - [22/Aug/2026:07:41:18 +0800] "GET /wp-content/themes/oceanwp/assets/fonts/fontawesome/webfonts/fa-regular-400.woff2 HTTP/1.1" 200 25383 "https://isupport.ilc.edu.tw/wp-content/cache/isupport.ilc.edu.tw/wpfc-minified/8jq1rsi9/ks8w.css" "Mozilla/5.0 (Windows NT 10.0; Win64; x64) AppleWebKit/537.36 (KHTML, like Gecko) Chrome/151.0.0.0 Safari/537.36"
34.215.240.225 - - [22/Aug/2026:07:41:18 +0800] "GET /control-panel/.env HTTP/1.1" 404 54906 "-" "Mozilla/5.0 (Windows NT 10.0; Win64; x64) AppleWebKit/537.36 (KHTML, like Gecko) Chrome/131.0.0.0 Safari/537.36"
100.55.60.118 - - [22/Aug/2026:07:41:17 +0800] "GET /api/v1/.env HTTP/1.1" 404 50074 "-" "Mozilla/5.0 (Windows NT 10.0; Win64; x64) AppleWebKit/537.36 (KHTML, like Gecko) Chrome/131.0.0.0 Safari/537.36"
1.169.34.163 - - [22/Aug/2026:07:41:19 +0800] "GET /wp-content/uploads/sites/3591/2022/07/cropped-%E6%95%B8%E4%BD%8D%E5%AD%B8%E7%BF%92%E6%94%AF%E6%8C%81%E5%B9%B3%E5%8F%B0logo_lg-32x32.png HTTP/1.1" 200 1779 "https://isupport.ilc.edu.tw/category/teaching/" "Mozilla/5.0 (Windows NT 10.0; Win64; x64) AppleWebKit/537.36 (KHTML, like Gecko) Chrome/151.0.0.0 Safari/537.36"
18.117.75.156 - - [22/Aug/2026:07:41:19 +0800] "GET /api/.env HTTP/1.1" 404 50836 "-" "Mozilla/5.0 (Macintosh; Intel Mac OS X 10_15_7) AppleWebKit/537.36 (KHTML, like Gecko) Chrome/131.0.0.0 Safari/537.36"
34.215.240.225 - - [22/Aug/2026:07:41:19 +0800] "GET /user-panel/.env HTTP/1.1" 404 54906 "-" "Mozilla/5.0 (Windows NT 10.0; Win64; x64) AppleWebKit/537.36 (KHTML, like Gecko) Chrome/131.0.0.0 Safari/537.36"
18.117.75.156 - - [22/Aug/2026:07:41:19 +0800] "GET /web/.env HTTP/1.1" 404 50836 "-" "Mozilla/5.0 (Macintosh; Intel Mac OS X 10_15_7) AppleWebKit/537.36 (KHTML, like Gecko) Chrome/131.0.0.0 Safari/537.36"
34.234.197.175 - - [22/Aug/2026:07:41:19 +0800] "GET /40020/wp-content/themes/hueman/assets/front/fonts/titillium-semibold-webfont.svg HTTP/1.1" 200 60318 "-" "Mozilla/5.0 AppleWebKit/537.36 (KHTML, like Gecko; compatible; Amazonbot/0.1; +https://developer.amazon.com/support/amazonbot) Chrome/119.0.6045.214 Safari/537.36"
18.117.75.156 - - [22/Aug/2026:07:41:19 +0800] "GET /site/.env HTTP/1.1" 404 50836 "-" "Mozilla/5.0 (Macintosh; Intel Mac OS X 10_15_7) AppleWebKit/537.36 (KHTML, like Gecko) Chrome/131.0.0.0 Safari/537.36"
34.215.240.225 - - [22/Aug/2026:07:41:19 +0800] "GET /node/.env HTTP/1.1" 404 54906 "-" "Mozilla/5.0 (Windows NT 10.0; Win64; x64) AppleWebKit/537.36 (KHTML, like Gecko) Chrome/131.0.0.0 Safari/537.36"
18.117.75.156 - - [22/Aug/2026:07:41:20 +0800] "GET /public/.env HTTP/1.1" 404 50836 "-" "Mozilla/5.0 (Macintosh; Intel Mac OS X 10_15_7) AppleWebKit/537.36 (KHTML, like Gecko) Chrome/131.0.0.0 Safari/537.36"
18.117.75.156 - - [22/Aug/2026:07:41:20 +0800] "GET /admin/.env HTTP/1.1" 404 50836 "-" "Mozilla/5.0 (Macintosh; Intel Mac OS X 10_15_7) AppleWebKit/537.36 (KHTML, like Gecko) Chrome/131.0.0.0 Safari/537.36"
34.215.240.225 - - [22/Aug/2026:07:41:20 +0800] "GET /express/.env HTTP/1.1" 404 54906 "-" "Mozilla/5.0 (Windows NT 10.0; Win64; x64) AppleWebKit/537.36 (KHTML, like Gecko) Chrome/131.0.0.0 Safari/537.36"
54.197.102.71 - - [22/Aug/2026:07:41:20 +0800] "GET /wp-content/uploads/sites/2086/2184/2184-2542040.doc HTTP/1.1" 200 68314 "-" "Mozilla/5.0 AppleWebKit/537.36 (KHTML, like Gecko; compatible; Amazonbot/0.1; +https://developer.amazon.com/support/amazonbot) Chrome/119.0.6045.214 Safari/537.36"
18.117.75.156 - - [22/Aug/2026:07:41:21 +0800] "GET /backend/.env HTTP/1.1" 404 50836 "-" "Mozilla/5.0 (Macintosh; Intel Mac OS X 10_15_7) AppleWebKit/537.36 (KHTML, like Gecko) Chrome/131.0.0.0 Safari/537.36"
34.215.240.225 - - [22/Aug/2026:07:41:21 +0800] "GET /next/.env HTTP/1.1" 404 54906 "-" "Mozilla/5.0 (Windows NT 10.0; Win64; x64) AppleWebKit/537.36 (KHTML, like Gecko) Chrome/131.0.0.0 Safari/537.36"
100.55.60.118 - - [22/Aug/2026:07:41:19 +0800] "GET /api/v2/.env HTTP/1.1" 404 50069 "-" "Mozilla/5.0 (Windows NT 10.0; Win64; x64) AppleWebKit/537.36 (KHTML, like Gecko) Chrome/131.0.0.0 Safari/537.36"
18.117.75.156 - - [22/Aug/2026:07:41:21 +0800] "GET /server/.env HTTP/1.1" 404 50836 "-" "Mozilla/5.0 (Macintosh; Intel Mac OS X 10_15_7) AppleWebKit/537.36 (KHTML, like Gecko) Chrome/131.0.0.0 Safari/537.36"
18.117.75.156 - - [22/Aug/2026:07:41:22 +0800] "GET /frontend/.env HTTP/1.1" 404 50836 "-" "Mozilla/5.0 (Macintosh; Intel Mac OS X 10_15_7) AppleWebKit/537.36 (KHTML, like Gecko) Chrome/131.0.0.0 Safari/537.36"
34.197.28.78 - - [22/Aug/2026:07:41:22 +0800] "GET /4582/wp-json/wp/v2/posts/%22https:/2blog.ilc.edu.tw/wp-content/uploads/sites/63/4582/4582-558911.jpg/%22 HTTP/1.1" 404 6131 "-" "Mozilla/5.0 AppleWebKit/537.36 (KHTML, like Gecko; compatible; Amazonbot/0.1; +https://developer.amazon.com/support/amazonbot) Chrome/119.0.6045.214 Safari/537.36"
34.215.240.225 - - [22/Aug/2026:07:41:22 +0800] "GET /nuxt/.env HTTP/1.1" 404 54906 "-" "Mozilla/5.0 (Windows NT 10.0; Win64; x64) AppleWebKit/537.36 (KHTML, like Gecko) Chrome/131.0.0.0 Safari/537.36"
240e:935:a04:5403:0:1:0:11 - - [22/Aug/2026:07:41:22 +0800] "GET /2011/03/page/6 HTTP/1.1" 301 5765 "-" "Mozilla/5.0 (Windows NT 10.0; Win64; x64) AppleWebKit/537.36 (KHTML, like Gecko) Chrome/144.0.0.0 Safari/537.36"
18.117.75.156 - - [22/Aug/2026:07:41:22 +0800] "GET /src/.env HTTP/1.1" 404 50836 "-" "Mozilla/5.0 (Macintosh; Intel Mac OS X 10_15_7) AppleWebKit/537.36 (KHTML, like Gecko) Chrome/131.0.0.0 Safari/537.36"
240e:935:a04:5403:0:1:0:11 - - [22/Aug/2026:07:41:22 +0800] "GET /2011/03/page/6/ HTTP/1.1" 200 12437 "-" "Mozilla/5.0 (Windows NT 10.0; Win64; x64) AppleWebKit/537.36 (KHTML, like Gecko) Chrome/144.0.0.0 Safari/537.36"
2001:288:a201::66:125 - - [22/Aug/2026:07:41:23 +0800] "GET /blog/active.php HTTP/1.1" 301 1026 "-" "-"
2001:288:a201::66:125 - - [22/Aug/2026:07:41:23 +0800] "GET /blog/active.php HTTP/1.1" 404 1084 "-" "-"
34.215.240.225 - - [22/Aug/2026:07:41:22 +0800] "GET /nest/.env HTTP/1.1" 404 54906 "-" "Mozilla/5.0 (Windows NT 10.0; Win64; x64) AppleWebKit/537.36 (KHTML, like Gecko) Chrome/131.0.0.0 Safari/537.36"
18.117.75.156 - - [22/Aug/2026:07:41:23 +0800] "GET /core/.env HTTP/1.1" 404 50836 "-" "Mozilla/5.0 (Macintosh; Intel Mac OS X 10_15_7) AppleWebKit/537.36 (KHTML, like Gecko) Chrome/131.0.0.0 Safari/537.36"
140.111.67.10 - - [22/Aug/2026:07:41:23 +0800] "GET /" 301 273 "-" "-"
240e:935:a04:5403:0:1:0:11 - - [22/Aug/2026:07:41:23 +0800] "GET /wp-content/cache/ilta.ilc.edu.tw/wpfc-minified/30cml7nx/6wvk.css HTTP/1.1" 200 40877 "https://ilta.ilc.edu.tw/2011/03/page/6/" "Mozilla/5.0 (Windows NT 10.0; Win64; x64) AppleWebKit/537.36 (KHTML, like Gecko) Chrome/144.0.0.0 Safari/537.36"
216.73.216.20 - - [22/Aug/2026:07:41:23 +0800] "GET /6537/2019/10/16/page/1/ HTTP/1.1" 301 5710 "-" "Mozilla/5.0 AppleWebKit/537.36 (KHTML, like Gecko; compatible; ClaudeBot/1.0; +claudebot@anthropic.com)"
216.73.216.20 - - [22/Aug/2026:07:41:23 +0800] "GET /4925/2016/04/19/page/1/ HTTP/1.1" 301 5710 "-" "Mozilla/5.0 AppleWebKit/537.36 (KHTML, like Gecko; compatible; ClaudeBot/1.0; +claudebot@anthropic.com)"
216.73.216.20 - - [22/Aug/2026:07:41:23 +0800] "GET /6537/author/azone0402/page/14/ HTTP/1.1" 200 16416 "-" "Mozilla/5.0 AppleWebKit/537.36 (KHTML, like Gecko; compatible; ClaudeBot/1.0; +claudebot@anthropic.com)"
216.73.216.20 - - [22/Aug/2026:07:41:23 +0800] "GET /6537/author/azone0402/page/15/ HTTP/1.1" 200 16663 "-" "Mozilla/5.0 AppleWebKit/537.36 (KHTML, like Gecko; compatible; ClaudeBot/1.0; +claudebot@anthropic.com)"
216.73.216.20 - - [22/Aug/2026:07:41:23 +0800] "GET /6537/author/azone0402/page/16/ HTTP/1.1" 200 16624 "-" "Mozilla/5.0 AppleWebKit/537.36 (KHTML, like Gecko; compatible; ClaudeBot/1.0; +claudebot@anthropic.com)"
216.73.216.20 - - [22/Aug/2026:07:41:23 +0800] "GET /6537/author/gtyangya/page/9/ HTTP/1.1" 200 16870 "-" "Mozilla/5.0 AppleWebKit/537.36 (KHTML, like Gecko; compatible; ClaudeBot/1.0; +claudebot@anthropic.com)"
18.117.75.156 - - [22/Aug/2026:07:41:23 +0800] "GET /core/app/.env HTTP/1.1" 404 50836 "-" "Mozilla/5.0 (Macintosh; Intel Mac OS X 10_15_7) AppleWebKit/537.36 (KHTML, like Gecko) Chrome/131.0.0.0 Safari/537.36"
216.73.216.20 - - [22/Aug/2026:07:41:23 +0800] "GET /6537/2019/10/16/ HTTP/1.1" 200 11213 "https://2blog.ilc.edu.tw/6537/2019/10/16/page/1/" "Mozilla/5.0 AppleWebKit/537.36 (KHTML, like Gecko; compatible; ClaudeBot/1.0; +claudebot@anthropic.com)"
216.73.216.20 - - [22/Aug/2026:07:41:23 +0800] "GET /6537/author/gtyangya/page/8/ HTTP/1.1" 200 16859 "-" "Mozilla/5.0 AppleWebKit/537.36 (KHTML, like Gecko; compatible; ClaudeBot/1.0; +claudebot@anthropic.com)"
216.73.216.20 - - [22/Aug/2026:07:41:23 +0800] "GET /category/c-95647/page/1/ HTTP/1.1" 301 5722 "-" "Mozilla/5.0 AppleWebKit/537.36 (KHTML, like Gecko; compatible; ClaudeBot/1.0; +claudebot@anthropic.com)"
216.73.216.20 - - [22/Aug/2026:07:41:23 +0800] "GET /4925/2016/04/19/ HTTP/1.1" 200 9852 "https://2blog.ilc.edu.tw/4925/2016/04/19/page/1/" "Mozilla/5.0 AppleWebKit/537.36 (KHTML, like Gecko; compatible; ClaudeBot/1.0; +claudebot@anthropic.com)"
216.73.216.20 - - [22/Aug/2026:07:41:23 +0800] "GET /2373/category/c-8573/page/23/ HTTP/1.1" 200 22356 "-" "Mozilla/5.0 AppleWebKit/537.36 (KHTML, like Gecko; compatible; ClaudeBot/1.0; +claudebot@anthropic.com)"
240e:935:a04:5403:0:1:0:11 - - [22/Aug/2026:07:41:23 +0800] "GET /wp-content/cache/ilta.ilc.edu.tw/wpfc-minified/l07fx5lw/6wvk.css HTTP/1.1" 200 15782 "https://ilta.ilc.edu.tw/2011/03/page/6/" "Mozilla/5.0 (Windows NT 10.0; Win64; x64) AppleWebKit/537.36 (KHTML, like Gecko) Chrome/144.0.0.0 Safari/537.36"
34.215.240.225 - - [22/Aug/2026:07:41:23 +0800] "GET /react/.env HTTP/1.1" 404 54906 "-" "Mozilla/5.0 (Windows NT 10.0; Win64; x64) AppleWebKit/537.36 (KHTML, like Gecko) Chrome/131.0.0.0 Safari/537.36"
216.73.216.20 - - [22/Aug/2026:07:41:24 +0800] "GET /category/c-95647/ HTTP/1.1" 200 15554 "https://www.ltes.ilc.edu.tw/category/c-95647/page/1/" "Mozilla/5.0 AppleWebKit/537.36 (KHTML, like Gecko; compatible; ClaudeBot/1.0; +claudebot@anthropic.com)"
240e:935:a04:5403:0:1:0:11 - - [22/Aug/2026:07:41:24 +0800] "GET /wp-content/cache/ilta.ilc.edu.tw/wpfc-minified/qm0ohmet/6wvk.css HTTP/1.1" 200 1496 "https://ilta.ilc.edu.tw/2011/03/page/6/" "Mozilla/5.0 (Windows NT 10.0; Win64; x64) AppleWebKit/537.36 (KHTML, like Gecko) Chrome/144.0.0.0 Safari/537.36"
54.225.98.148 - - [22/Aug/2026:07:41:23 +0800] "GET /39664/wp-json/wp/v2/comments?post=207 HTTP/1.1" 200 6011 "-" "Mozilla/5.0 AppleWebKit/537.36 (KHTML, like Gecko; compatible; Amazonbot/0.1; +https://developer.amazon.com/support/amazonbot) Chrome/119.0.6045.214 Safari/537.36"
240e:935:a04:5403:0:1:0:11 - - [22/Aug/2026:07:41:24 +0800] "GET /wp-content/cache/ilta.ilc.edu.tw/wpfc-minified/7vo8n6iy/6wvk.css HTTP/1.1" 200 61047 "https://ilta.ilc.edu.tw/2011/03/page/6/" "Mozilla/5.0 (Windows NT 10.0; Win64; x64) AppleWebKit/537.36 (KHTML, like Gecko) Chrome/144.0.0.0 Safari/537.36"
18.117.75.156 - - [22/Aug/2026:07:41:24 +0800] "GET /config/.env HTTP/1.1" 404 50836 "-" "Mozilla/5.0 (Macintosh; Intel Mac OS X 10_15_7) AppleWebKit/537.36 (KHTML, like Gecko) Chrome/131.0.0.0 Safari/537.36"
240e:935:a04:5403:0:1:0:11 - - [22/Aug/2026:07:41:24 +0800] "GET /wp-content/cache/ilta.ilc.edu.tw/wpfc-minified/1qjpbzp9/6wvk.js HTTP/1.1" 200 35549 "https://ilta.ilc.edu.tw/2011/03/page/6/" "Mozilla/5.0 (Windows NT 10.0; Win64; x64) AppleWebKit/537.36 (KHTML, like Gecko) Chrome/144.0.0.0 Safari/537.36"
34.230.124.21 - - [22/Aug/2026:07:41:24 +0800] "GET /wp-content/uploads/sites/881/staatic/resources/e/912b6c6b35679cc0b80eb89fc3937d39aca5e34 HTTP/1.1" 200 999 "-" "Mozilla/5.0 AppleWebKit/537.36 (KHTML, like Gecko; compatible; Amazonbot/0.1; +https://developer.amazon.com/support/amazonbot) Chrome/119.0.6045.214 Safari/537.36"
240e:935:a04:5403:0:1:0:11 - - [22/Aug/2026:07:41:24 +0800] "GET /wp-includes/js/hoverintent-js.min.js HTTP/1.1" 200 6392 "https://ilta.ilc.edu.tw/2011/03/page/6/" "Mozilla/5.0 (Windows NT 10.0; Win64; x64) AppleWebKit/537.36 (KHTML, like Gecko) Chrome/144.0.0.0 Safari/537.36"
240e:935:a04:5403:0:1:0:11 - - [22/Aug/2026:07:41:24 +0800] "GET /wp-includes/js/admin-bar.min.js HTTP/1.1" 200 2237 "https://ilta.ilc.edu.tw/2011/03/page/6/" "Mozilla/5.0 (Windows NT 10.0; Win64; x64) AppleWebKit/537.36 (KHTML, like Gecko) Chrome/144.0.0.0 Safari/537.36"
240e:935:a04:5403:0:1:0:11 - - [22/Aug/2026:07:41:24 +0800] "GET /wp-includes/js/imagesloaded.min.js HTTP/1.1" 200 2683 "https://ilta.ilc.edu.tw/2011/03/page/6/" "Mozilla/5.0 (Windows NT 10.0; Win64; x64) AppleWebKit/537.36 (KHTML, like Gecko) Chrome/144.0.0.0 Safari/537.36"
18.117.75.156 - - [22/Aug/2026:07:41:24 +0800] "GET /private/.env HTTP/1.1" 404 50836 "-" "Mozilla/5.0 (Macintosh; Intel Mac OS X 10_15_7) AppleWebKit/537.36 (KHTML, like Gecko) Chrome/131.0.0.0 Safari/537.36"
100.55.60.118 - - [22/Aug/2026:07:41:22 +0800] "GET /rest/.env HTTP/1.1" 404 50064 "-" "Mozilla/5.0 (Windows NT 10.0; Win64; x64) AppleWebKit/537.36 (KHTML, like Gecko) Chrome/131.0.0.0 Safari/537.36"
240e:935:a04:5403:0:1:0:11 - - [22/Aug/2026:07:41:24 +0800] "GET /wp-content/themes/oceanwp/assets/js/theme.min.js HTTP/1.1" 200 5130 "https://ilta.ilc.edu.tw/2011/03/page/6/" "Mozilla/5.0 (Windows NT 10.0; Win64; x64) AppleWebKit/537.36 (KHTML, like Gecko) Chrome/144.0.0.0 Safari/537.36"
240e:935:a04:5403:0:1:0:11 - - [22/Aug/2026:07:41:24 +0800] "GET /wp-content/themes/oceanwp/assets/js/drop-down-mobile-menu.min.js HTTP/1.1" 200 4663 "https://ilta.ilc.edu.tw/2011/03/page/6/" "Mozilla/5.0 (Windows NT 10.0; Win64; x64) AppleWebKit/537.36 (KHTML, like Gecko) Chrome/144.0.0.0 Safari/537.36"
240e:935:a04:5403:0:1:0:11 - - [22/Aug/2026:07:41:24 +0800] "GET /wp-content/themes/oceanwp/assets/js/drop-down-search.min.js HTTP/1.1" 200 7763 "https://ilta.ilc.edu.tw/2011/03/page/6/" "Mozilla/5.0 (Windows NT 10.0; Win64; x64) AppleWebKit/537.36 (KHTML, like Gecko) Chrome/144.0.0.0 Safari/537.36"
240e:935:a04:5403:0:1:0:11 - - [22/Aug/2026:07:41:24 +0800] "GET /wp-content/themes/oceanwp/assets/js/vendors/magnific-popup.min.js HTTP/1.1" 200 13065 "https://ilta.ilc.edu.tw/2011/03/page/6/" "Mozilla/5.0 (Windows NT 10.0; Win64; x64) AppleWebKit/537.36 (KHTML, like Gecko) Chrome/144.0.0.0 Safari/537.36"
34.215.240.225 - - [22/Aug/2026:07:41:24 +0800] "GET /vue/.env HTTP/1.1" 404 54906 "-" "Mozilla/5.0 (Windows NT 10.0; Win64; x64) AppleWebKit/537.36 (KHTML, like Gecko) Chrome/131.0.0.0 Safari/537.36"
240e:935:a04:5403:0:1:0:11 - - [22/Aug/2026:07:41:24 +0800] "GET /wp-content/themes/oceanwp/assets/js/ow-lightbox.min.js HTTP/1.1" 200 2321 "https://ilta.ilc.edu.tw/2011/03/page/6/" "Mozilla/5.0 (Windows NT 10.0; Win64; x64) AppleWebKit/537.36 (KHTML, like Gecko) Chrome/144.0.0.0 Safari/537.36"
18.117.75.156 - - [22/Aug/2026:07:41:24 +0800] "GET /application/.env HTTP/1.1" 404 50836 "-" "Mozilla/5.0 (Macintosh; Intel Mac OS X 10_15_7) AppleWebKit/537.36 (KHTML, like Gecko) Chrome/131.0.0.0 Safari/537.36"
240e:935:a04:5403:0:1:0:11 - - [22/Aug/2026:07:41:25 +0800] "GET /wp-content/themes/oceanwp/assets/js/vendors/flickity.pkgd.min.js HTTP/1.1" 200 15048 "https://ilta.ilc.edu.tw/2011/03/page/6/" "Mozilla/5.0 (Windows NT 10.0; Win64; x64) AppleWebKit/537.36 (KHTML, like Gecko) Chrome/144.0.0.0 Safari/537.36"
240e:935:a04:5403:0:1:0:11 - - [22/Aug/2026:07:41:25 +0800] "GET /wp-content/themes/oceanwp/assets/js/ow-slider.min.js HTTP/1.1" 200 1761 "https://ilta.ilc.edu.tw/2011/03/page/6/" "Mozilla/5.0 (Windows NT 10.0; Win64; x64) AppleWebKit/537.36 (KHTML, like Gecko) Chrome/144.0.0.0 Safari/537.36"
240e:935:a04:5403:0:1:0:11 - - [22/Aug/2026:07:41:25 +0800] "GET /wp-content/themes/oceanwp/assets/js/scroll-effect.min.js HTTP/1.1" 200 4127 "https://ilta.ilc.edu.tw/2011/03/page/6/" "Mozilla/5.0 (Windows NT 10.0; Win64; x64) AppleWebKit/537.36 (KHTML, like Gecko) Chrome/144.0.0.0 Safari/537.36"
240e:935:a04:5403:0:1:0:11 - - [22/Aug/2026:07:41:25 +0800] "GET /wp-content/themes/oceanwp/assets/js/scroll-top.min.js HTTP/1.1" 200 3202 "https://ilta.ilc.edu.tw/2011/03/page/6/" "Mozilla/5.0 (Windows NT 10.0; Win64; x64) AppleWebKit/537.36 (KHTML, like Gecko) Chrome/144.0.0.0 Safari/537.36"
