3.144.99.169 - - [22/Aug/2026:07:38:34 +0800] "GET /key.json HTTP/1.1" 301 840 "-" "Mozilla/5.0 (Windows NT 10.0; Win64; x64) AppleWebKit/537.36 (KHTML, like Gecko) Chrome/131.0.0.0 Safari/537.36"
18.237.61.196 - - [22/Aug/2026:07:38:37 +0800] "GET /htdocs/.env HTTP/1.1" 404 51421 "-" "Mozilla/5.0 (Windows NT 10.0; Win64; x64) AppleWebKit/537.36 (KHTML, like Gecko) Chrome/131.0.0.0 Safari/537.36"
98.80.170.237 - - [22/Aug/2026:07:38:37 +0800] "GET /kafka/.env HTTP/1.1" 404 83369 "-" "Mozilla/5.0 (Windows NT 10.0; Win64; x64) AppleWebKit/537.36 (KHTML, like Gecko) Chrome/131.0.0.0 Safari/537.36"
216.244.66.226 - - [22/Aug/2026:07:38:37 +0800] "GET /?s=VIPREG2024+1xbet+promo+code+for+registration+Vietnam HTTP/1.1" 200 24888 "-" "Mozilla/5.0 (compatible; DotBot/1.2; +https://opensiteexplorer.org/dotbot; help@moz.com)"
18.237.61.196 - - [22/Aug/2026:07:38:37 +0800] "GET /www/.env HTTP/1.1" 404 51421 "-" "Mozilla/5.0 (Windows NT 10.0; Win64; x64) AppleWebKit/537.36 (KHTML, like Gecko) Chrome/131.0.0.0 Safari/537.36"
18.237.61.196 - - [22/Aug/2026:07:38:37 +0800] "GET /html/.env HTTP/1.1" 404 51421 "-" "Mozilla/5.0 (Windows NT 10.0; Win64; x64) AppleWebKit/537.36 (KHTML, like Gecko) Chrome/131.0.0.0 Safari/537.36"
98.80.170.237 - - [22/Aug/2026:07:38:37 +0800] "GET /queue/.env HTTP/1.1" 404 83369 "-" "Mozilla/5.0 (Windows NT 10.0; Win64; x64) AppleWebKit/537.36 (KHTML, like Gecko) Chrome/131.0.0.0 Safari/537.36"
18.237.61.196 - - [22/Aug/2026:07:38:37 +0800] "GET /live/.env HTTP/1.1" 404 51421 "-" "Mozilla/5.0 (Windows NT 10.0; Win64; x64) AppleWebKit/537.36 (KHTML, like Gecko) Chrome/131.0.0.0 Safari/537.36"
2001:288:a201::66:125 - - [22/Aug/2026:07:38:38 +0800] "GET /blog/active.php HTTP/1.1" 301 1026 "-" "-"
2001:288:a201::66:125 - - [22/Aug/2026:07:38:38 +0800] "GET /blog/active.php HTTP/1.1" 404 1084 "-" "-"
85.208.96.193 - - [22/Aug/2026:07:38:38 +0800] "GET /3860/2022/10/13/%E8%81%B2%E5%97%BD%E3%80%81%E5%8F%A3%E6%B0%A3%E3%80%81%E6%B0%A3%E5%8F%A3/ HTTP/1.1" 200 29333 "-" "Mozilla/5.0 (compatible; SemrushBot/7~bl; +http://www.semrush.com/bot.html)"
140.111.67.10 - - [22/Aug/2026:07:38:38 +0800] "GET /" 301 273 "-" "-"
18.237.61.196 - - [22/Aug/2026:07:38:38 +0800] "GET /prod/.env HTTP/1.1" 404 51421 "-" "Mozilla/5.0 (Windows NT 10.0; Win64; x64) AppleWebKit/537.36 (KHTML, like Gecko) Chrome/131.0.0.0 Safari/537.36"
34.234.197.175 - - [22/Aug/2026:07:38:38 +0800] "GET /6488/wp-json/wp/v2/posts/%22https:/2blog.ilc.edu.tw/wp-content/uploads/sites/2813/6488/6488-2793733.png/%22 HTTP/1.1" 404 6131 "-" "Mozilla/5.0 AppleWebKit/537.36 (KHTML, like Gecko; compatible; Amazonbot/0.1; +https://developer.amazon.com/support/amazonbot) Chrome/119.0.6045.214 Safari/537.36"
18.237.61.196 - - [22/Aug/2026:07:38:38 +0800] "GET /dev/.env HTTP/1.1" 404 51421 "-" "Mozilla/5.0 (Windows NT 10.0; Win64; x64) AppleWebKit/537.36 (KHTML, like Gecko) Chrome/131.0.0.0 Safari/537.36"
98.80.170.237 - - [22/Aug/2026:07:38:38 +0800] "GET /worker/.env HTTP/1.1" 404 83369 "-" "Mozilla/5.0 (Windows NT 10.0; Win64; x64) AppleWebKit/537.36 (KHTML, like Gecko) Chrome/131.0.0.0 Safari/537.36"
18.237.61.196 - - [22/Aug/2026:07:38:38 +0800] "GET /staging/.env HTTP/1.1" 404 51421 "-" "Mozilla/5.0 (Windows NT 10.0; Win64; x64) AppleWebKit/537.36 (KHTML, like Gecko) Chrome/131.0.0.0 Safari/537.36"
::1 - - [22/Aug/2026:07:38:39 +0800] "OPTIONS * HTTP/1.0" 200 110 "-" "Apache/2.4.68 (Ubuntu) OpenSSL/3.0.19 (internal dummy connection)"
18.237.61.196 - - [22/Aug/2026:07:38:39 +0800] "GET /opt/.env HTTP/1.1" 404 51421 "-" "Mozilla/5.0 (Windows NT 10.0; Win64; x64) AppleWebKit/537.36 (KHTML, like Gecko) Chrome/131.0.0.0 Safari/537.36"
98.80.170.237 - - [22/Aug/2026:07:38:39 +0800] "GET /job/.env HTTP/1.1" 404 83369 "-" "Mozilla/5.0 (Windows NT 10.0; Win64; x64) AppleWebKit/537.36 (KHTML, like Gecko) Chrome/131.0.0.0 Safari/537.36"
240e:958:1200:402:be06:333a:7cc8:8 - - [22/Aug/2026:07:38:39 +0800] "GET /3860/category/c-839/c-11110 HTTP/1.1" 301 5752 "-" "Mozilla/5.0 (Windows NT 10.0; Win64; x64) AppleWebKit/537.36 (KHTML, like Gecko) Chrome/144.0.0.0 Safari/537.36"
3.144.99.169 - - [22/Aug/2026:07:38:37 +0800] "GET /keyfile.json HTTP/1.1" 301 844 "-" "Mozilla/5.0 (Windows NT 10.0; Win64; x64) AppleWebKit/537.36 (KHTML, like Gecko) Chrome/131.0.0.0 Safari/537.36"
216.244.66.226 - - [22/Aug/2026:07:38:39 +0800] "GET /blog/blog/22/archives/202011 HTTP/1.1" 404 35276 "-" "Mozilla/5.0 (compatible; DotBot/1.2; +https://opensiteexplorer.org/dotbot; help@moz.com)"
18.237.61.196 - - [22/Aug/2026:07:38:39 +0800] "GET /laravel/.env HTTP/1.1" 404 51421 "-" "Mozilla/5.0 (Windows NT 10.0; Win64; x64) AppleWebKit/537.36 (KHTML, like Gecko) Chrome/131.0.0.0 Safari/537.36"
18.237.61.196 - - [22/Aug/2026:07:38:39 +0800] "GET /symfony/.env HTTP/1.1" 404 51421 "-" "Mozilla/5.0 (Windows NT 10.0; Win64; x64) AppleWebKit/537.36 (KHTML, like Gecko) Chrome/131.0.0.0 Safari/537.36"
240e:958:1200:402:be06:333a:7cc8:8 - - [22/Aug/2026:07:38:39 +0800] "GET /3860/category/c-839/c-11110/ HTTP/1.1" 200 23177 "-" "Mozilla/5.0 (Windows NT 10.0; Win64; x64) AppleWebKit/537.36 (KHTML, like Gecko) Chrome/144.0.0.0 Safari/537.36"
::1 - - [22/Aug/2026:07:38:40 +0800] "OPTIONS * HTTP/1.0" 200 110 "-" "Apache/2.4.68 (Ubuntu) OpenSSL/3.0.19 (internal dummy connection)"
18.237.61.196 - - [22/Aug/2026:07:38:40 +0800] "GET /wordpress/.env HTTP/1.1" 404 51421 "-" "Mozilla/5.0 (Windows NT 10.0; Win64; x64) AppleWebKit/537.36 (KHTML, like Gecko) Chrome/131.0.0.0 Safari/537.36"
98.80.170.237 - - [22/Aug/2026:07:38:39 +0800] "GET /test/.env HTTP/1.1" 404 83369 "-" "Mozilla/5.0 (Windows NT 10.0; Win64; x64) AppleWebKit/537.36 (KHTML, like Gecko) Chrome/131.0.0.0 Safari/537.36"
18.237.61.196 - - [22/Aug/2026:07:38:40 +0800] "GET /wp/.env HTTP/1.1" 404 51421 "-" "Mozilla/5.0 (Windows NT 10.0; Win64; x64) AppleWebKit/537.36 (KHTML, like Gecko) Chrome/131.0.0.0 Safari/537.36"
240e:958:1200:402:be06:333a:7cc8:8 - - [22/Aug/2026:07:38:40 +0800] "GET /3860/wp-content/cache/2blog.ilc.edu.tw/wpfc-minified/dsvp51ho/5woba.css HTTP/1.1" 200 40886 "https://2blog.ilc.edu.tw/3860/category/c-839/c-11110/" "Mozilla/5.0 (Windows NT 10.0; Win64; x64) AppleWebKit/537.36 (KHTML, like Gecko) Chrome/144.0.0.0 Safari/537.36"
18.237.61.196 - - [22/Aug/2026:07:38:40 +0800] "GET /cms/.env HTTP/1.1" 404 51421 "-" "Mozilla/5.0 (Windows NT 10.0; Win64; x64) AppleWebKit/537.36 (KHTML, like Gecko) Chrome/131.0.0.0 Safari/537.36"
98.80.170.237 - - [22/Aug/2026:07:38:40 +0800] "GET /qa/.env HTTP/1.1" 404 83369 "-" "Mozilla/5.0 (Windows NT 10.0; Win64; x64) AppleWebKit/537.36 (KHTML, like Gecko) Chrome/131.0.0.0 Safari/537.36"
18.237.61.196 - - [22/Aug/2026:07:38:40 +0800] "GET /drupal/.env HTTP/1.1" 404 51421 "-" "Mozilla/5.0 (Windows NT 10.0; Win64; x64) AppleWebKit/537.36 (KHTML, like Gecko) Chrome/131.0.0.0 Safari/537.36"
240e:958:1200:402:be06:333a:7cc8:8 - - [22/Aug/2026:07:38:41 +0800] "GET /3860/wp-content/cache/2blog.ilc.edu.tw/wpfc-minified/6o39im4d/5woba.css HTTP/1.1" 200 15980 "https://2blog.ilc.edu.tw/3860/category/c-839/c-11110/" "Mozilla/5.0 (Windows NT 10.0; Win64; x64) AppleWebKit/537.36 (KHTML, like Gecko) Chrome/144.0.0.0 Safari/537.36"
240e:958:1200:402:be06:333a:7cc8:8 - - [22/Aug/2026:07:38:41 +0800] "GET /3860/wp-content/cache/2blog.ilc.edu.tw/wpfc-minified/ck0v2a7/5wolc.css HTTP/1.1" 200 13724 "https://2blog.ilc.edu.tw/3860/category/c-839/c-11110/" "Mozilla/5.0 (Windows NT 10.0; Win64; x64) AppleWebKit/537.36 (KHTML, like Gecko) Chrome/144.0.0.0 Safari/537.36"
240e:958:1200:402:be06:333a:7cc8:8 - - [22/Aug/2026:07:38:41 +0800] "GET /3860/wp-content/cache/2blog.ilc.edu.tw/wpfc-minified/2n9laxoh/5wolc.css HTTP/1.1" 200 30996 "https://2blog.ilc.edu.tw/3860/category/c-839/c-11110/" "Mozilla/5.0 (Windows NT 10.0; Win64; x64) AppleWebKit/537.36 (KHTML, like Gecko) Chrome/144.0.0.0 Safari/537.36"
240e:958:1200:402:be06:333a:7cc8:8 - - [22/Aug/2026:07:38:41 +0800] "GET /3860/wp-content/cache/2blog.ilc.edu.tw/wpfc-minified/dew18x1z/5wolc.js HTTP/1.1" 200 60581 "https://2blog.ilc.edu.tw/3860/category/c-839/c-11110/" "Mozilla/5.0 (Windows NT 10.0; Win64; x64) AppleWebKit/537.36 (KHTML, like Gecko) Chrome/144.0.0.0 Safari/537.36"
240e:958:1200:402:be06:333a:7cc8:8 - - [22/Aug/2026:07:38:41 +0800] "GET /3860/wp-includes/js/hoverintent-js.min.js HTTP/1.1" 200 6391 "https://2blog.ilc.edu.tw/3860/category/c-839/c-11110/" "Mozilla/5.0 (Windows NT 10.0; Win64; x64) AppleWebKit/537.36 (KHTML, like Gecko) Chrome/144.0.0.0 Safari/537.36"
240e:958:1200:402:be06:333a:7cc8:8 - - [22/Aug/2026:07:38:41 +0800] "GET /3860/wp-includes/js/admin-bar.min.js HTTP/1.1" 200 7031 "https://2blog.ilc.edu.tw/3860/category/c-839/c-11110/" "Mozilla/5.0 (Windows NT 10.0; Win64; x64) AppleWebKit/537.36 (KHTML, like Gecko) Chrome/144.0.0.0 Safari/537.36"
18.237.61.196 - - [22/Aug/2026:07:38:41 +0800] "GET /joomla/.env HTTP/1.1" 404 51421 "-" "Mozilla/5.0 (Windows NT 10.0; Win64; x64) AppleWebKit/537.36 (KHTML, like Gecko) Chrome/131.0.0.0 Safari/537.36"
2408:863c:61:13::2 - - [22/Aug/2026:07:38:41 +0800] "-" 408 4802 "-" "-"
216.244.66.226 - - [22/Aug/2026:07:38:41 +0800] "GET /blog/blog/6351 HTTP/1.1" 404 35276 "-" "Mozilla/5.0 (compatible; DotBot/1.2; +https://opensiteexplorer.org/dotbot; help@moz.com)"
98.80.170.237 - - [22/Aug/2026:07:38:41 +0800] "GET /preview/.env HTTP/1.1" 404 83369 "-" "Mozilla/5.0 (Windows NT 10.0; Win64; x64) AppleWebKit/537.36 (KHTML, like Gecko) Chrome/131.0.0.0 Safari/537.36"
18.237.61.196 - - [22/Aug/2026:07:38:41 +0800] "GET /magento/.env HTTP/1.1" 404 51421 "-" "Mozilla/5.0 (Windows NT 10.0; Win64; x64) AppleWebKit/537.36 (KHTML, like Gecko) Chrome/131.0.0.0 Safari/537.36"
3.144.99.169 - - [22/Aug/2026:07:38:39 +0800] "GET /firebase-adminsdk.json HTTP/1.1" 301 854 "-" "Mozilla/5.0 (Windows NT 10.0; Win64; x64) AppleWebKit/537.36 (KHTML, like Gecko) Chrome/131.0.0.0 Safari/537.36"
240e:958:1200:402:be06:333a:7cc8:8 - - [22/Aug/2026:07:38:41 +0800] "GET /3860/wp-includes/js/wp-embed.min.js HTTP/1.1" 200 1573 "https://2blog.ilc.edu.tw/3860/category/c-839/c-11110/" "Mozilla/5.0 (Windows NT 10.0; Win64; x64) AppleWebKit/537.36 (KHTML, like Gecko) Chrome/144.0.0.0 Safari/537.36"
18.237.61.196 - - [22/Aug/2026:07:38:41 +0800] "GET /shopify/.env HTTP/1.1" 404 51421 "-" "Mozilla/5.0 (Windows NT 10.0; Win64; x64) AppleWebKit/537.36 (KHTML, like Gecko) Chrome/131.0.0.0 Safari/537.36"
185.191.171.13 - - [22/Aug/2026:07:38:41 +0800] "GET /cges102111/page/2/ HTTP/1.1" 200 22378 "-" "Mozilla/5.0 (compatible; SemrushBot/7~bl; +http://www.semrush.com/bot.html)"
18.237.61.196 - - [22/Aug/2026:07:38:42 +0800] "GET /prestashop/.env HTTP/1.1" 404 51421 "-" "Mozilla/5.0 (Windows NT 10.0; Win64; x64) AppleWebKit/537.36 (KHTML, like Gecko) Chrome/131.0.0.0 Safari/537.36"
240e:958:1200:402:be06:333a:7cc8:8 - - [22/Aug/2026:07:38:42 +0800] "GET /3860/wp-content/themes/mynote/assets/webfonts/fa-solid-900.woff2 HTTP/1.1" 200 60555 "https://2blog.ilc.edu.tw/3860/wp-content/cache/2blog.ilc.edu.tw/wpfc-minified/2n9laxoh/5wolc.css" "Mozilla/5.0 (Windows NT 10.0; Win64; x64) AppleWebKit/537.36 (KHTML, like Gecko) Chrome/144.0.0.0 Safari/537.36"
98.80.170.237 - - [22/Aug/2026:07:38:42 +0800] "GET /beta/.env HTTP/1.1" 404 83369 "-" "Mozilla/5.0 (Windows NT 10.0; Win64; x64) AppleWebKit/537.36 (KHTML, like Gecko) Chrome/131.0.0.0 Safari/537.36"
18.237.61.196 - - [22/Aug/2026:07:38:42 +0800] "GET /codeigniter/.env HTTP/1.1" 404 51421 "-" "Mozilla/5.0 (Windows NT 10.0; Win64; x64) AppleWebKit/537.36 (KHTML, like Gecko) Chrome/131.0.0.0 Safari/537.36"
2409:8754:34a0:29:0:3:0:4 - - [22/Aug/2026:07:38:42 +0800] "GET /favicon.ico HTTP/1.1" 302 1240 "https://2blog.ilc.edu.tw/1950/" "Mozilla/5.0 (Windows NT 10.0; Win64; x64) AppleWebKit/537.36 (KHTML, like Gecko) Chrome/144.0.0.0 Safari/537.36"
18.237.61.196 - - [22/Aug/2026:07:38:42 +0800] "GET /cakephp/.env HTTP/1.1" 404 51421 "-" "Mozilla/5.0 (Windows NT 10.0; Win64; x64) AppleWebKit/537.36 (KHTML, like Gecko) Chrome/131.0.0.0 Safari/537.36"
240e:958:1200:402:be06:333a:7cc8:8 - - [22/Aug/2026:07:38:42 +0800] "GET /3860/wp-content/uploads/sites/1494/2020/11/cropped-2020-11-16-1-32x32.png HTTP/1.1" 200 2260 "https://2blog.ilc.edu.tw/3860/category/c-839/c-11110/" "Mozilla/5.0 (Windows NT 10.0; Win64; x64) AppleWebKit/537.36 (KHTML, like Gecko) Chrome/144.0.0.0 Safari/537.36"
98.80.170.237 - - [22/Aug/2026:07:38:42 +0800] "GET /uat/.env HTTP/1.1" 404 83369 "-" "Mozilla/5.0 (Windows NT 10.0; Win64; x64) AppleWebKit/537.36 (KHTML, like Gecko) Chrome/131.0.0.0 Safari/537.36"
66.249.79.137 - - [22/Aug/2026:07:38:41 +0800] "GET /wp-login.php?action=ilc_logout&_wpnonce=43754d0aad&redirect_to=//pis-center.ru/gallery/23562/ HTTP/1.1" 302 8244 "-" "Mozilla/5.0 (Linux; Android 6.0.1; Nexus 5X Build/MMB29P) AppleWebKit/537.36 (KHTML, like Gecko) Chrome/151.0.7922.137 Mobile Safari/537.36 (compatible; Googlebot/2.1; +http://www.google.com/bot.html)"
66.249.71.9 - - [22/Aug/2026:07:38:40 +0800] "GET /wp-login.php?action=ilc_logout&_wpnonce=43754d0aad&redirect_to=http://ekspertplyus2010.ru/job/52576/ HTTP/1.1" 302 8251 "-" "Mozilla/5.0 (Linux; Android 6.0.1; Nexus 5X Build/MMB29P) AppleWebKit/537.36 (KHTML, like Gecko) Chrome/151.0.7922.137 Mobile Safari/537.36 (compatible; Googlebot/2.1; +http://www.google.com/bot.html)"
66.249.79.137 - - [22/Aug/2026:07:38:41 +0800] "GET /wp-login.php?action=ilc_logout&_wpnonce=43754d0aad&redirect_to=http://irinazubareva.ru/creator/10014/ HTTP/1.1" 302 8252 "-" "Mozilla/5.0 (Linux; Android 6.0.1; Nexus 5X Build/MMB29P) AppleWebKit/537.36 (KHTML, like Gecko) Chrome/151.0.7922.137 Mobile Safari/537.36 (compatible; Googlebot/2.1; +http://www.google.com/bot.html)"
2001:288:a201::66:125 - - [22/Aug/2026:07:38:43 +0800] "GET /blog/active.php HTTP/1.1" 404 1084 "-" "-"
2409:8754:34a0:29:0:3:0:4 - - [22/Aug/2026:07:38:43 +0800] "GET /wp-includes/images/w-logo-blue-white-bg.png HTTP/1.1" 200 4946 "https://2blog.ilc.edu.tw/1950/" "Mozilla/5.0 (Windows NT 10.0; Win64; x64) AppleWebKit/537.36 (KHTML, like Gecko) Chrome/144.0.0.0 Safari/537.36"
18.237.61.196 - - [22/Aug/2026:07:38:43 +0800] "GET /zend/.env HTTP/1.1" 404 51421 "-" "Mozilla/5.0 (Windows NT 10.0; Win64; x64) AppleWebKit/537.36 (KHTML, like Gecko) Chrome/131.0.0.0 Safari/537.36"
2001:288:a201::66:125 - - [22/Aug/2026:07:38:43 +0800] "GET /blog/active.php HTTP/1.1" 301 1026 "-" "-"
140.111.67.10 - - [22/Aug/2026:07:38:43 +0800] "GET /" 301 273 "-" "-"
216.244.66.226 - - [22/Aug/2026:07:38:43 +0800] "GET /?s=VIPREG2024+1xbet+promocode+Portugal HTTP/1.1" 200 24820 "-" "Mozilla/5.0 (compatible; DotBot/1.2; +https://opensiteexplorer.org/dotbot; help@moz.com)"
18.237.61.196 - - [22/Aug/2026:07:38:43 +0800] "GET /yii/.env HTTP/1.1" 404 51421 "-" "Mozilla/5.0 (Windows NT 10.0; Win64; x64) AppleWebKit/537.36 (KHTML, like Gecko) Chrome/131.0.0.0 Safari/537.36"
3.211.105.134 - - [22/Aug/2026:07:38:43 +0800] "GET /wp-content/uploads/sites/404/16751/previews-med/16751-1695922.gif HTTP/1.1" 200 832 "-" "Mozilla/5.0 AppleWebKit/537.36 (KHTML, like Gecko; compatible; Amazonbot/0.1; +https://developer.amazon.com/support/amazonbot) Chrome/119.0.6045.214 Safari/537.36"
98.80.170.237 - - [22/Aug/2026:07:38:43 +0800] "GET /stage/.env HTTP/1.1" 404 83369 "-" "Mozilla/5.0 (Windows NT 10.0; Win64; x64) AppleWebKit/537.36 (KHTML, like Gecko) Chrome/131.0.0.0 Safari/537.36"
18.237.61.196 - - [22/Aug/2026:07:38:43 +0800] "GET /laravel5/.env HTTP/1.1" 404 51421 "-" "Mozilla/5.0 (Windows NT 10.0; Win64; x64) AppleWebKit/537.36 (KHTML, like Gecko) Chrome/131.0.0.0 Safari/537.36"
3.219.80.71 - - [22/Aug/2026:07:38:43 +0800] "GET /6554/wp-json/oembed/1.0/embed?url=https://2blog.ilc.edu.tw/6554/2013/01/17/102_%25e5%25ae%259c%25e8%2598%25ad%25e7%25b8%25a3%25e7%25ab%258b%25e5%2587%25b1%25e6%2597%258b%25e5%259c%258b%25e6%25b0%2591%25e4%25b8%25ad%25e5%25ad%25b8%25e5%2585%25a8%25e9%259d%25a2%25ef%25a4%2598%25e5%25af%25a6%25e7%25af%2580%25e8%2583%25bd%25e6%25b8%259b%25e7%25a2%25b3%25e5%25af%25a6%25e6%2596%25bd%25e8%25a8%2588/ HTTP/1.1" 200 8993 "-" "Mozilla/5.0 AppleWebKit/537.36 (KHTML, like Gecko; compatible; Amazonbot/0.1; +https://developer.amazon.com/support/amazonbot) Chrome/119.0.6045.214 Safari/537.36"
52.203.237.170 - - [22/Aug/2026:07:38:44 +0800] "GET /blog/blog/6488/post/22058/109902 HTTP/1.1" 301 1060 "-" "Mozilla/5.0 AppleWebKit/537.36 (KHTML, like Gecko; compatible; Amazonbot/0.1; +https://developer.amazon.com/support/amazonbot) Chrome/119.0.6045.214 Safari/537.36"
18.237.61.196 - - [22/Aug/2026:07:38:43 +0800] "GET /v1/.env HTTP/1.1" 404 51421 "-" "Mozilla/5.0 (Windows NT 10.0; Win64; x64) AppleWebKit/537.36 (KHTML, like Gecko) Chrome/131.0.0.0 Safari/537.36"
18.237.61.196 - - [22/Aug/2026:07:38:44 +0800] "GET /v2/.env HTTP/1.1" 404 51421 "-" "Mozilla/5.0 (Windows NT 10.0; Win64; x64) AppleWebKit/537.36 (KHTML, like Gecko) Chrome/131.0.0.0 Safari/537.36"
3.144.99.169 - - [22/Aug/2026:07:38:42 +0800] "GET /firebase-key.json HTTP/1.1" 301 849 "-" "Mozilla/5.0 (Windows NT 10.0; Win64; x64) AppleWebKit/537.36 (KHTML, like Gecko) Chrome/131.0.0.0 Safari/537.36"
98.80.170.237 - - [22/Aug/2026:07:38:44 +0800] "GET /development/.env HTTP/1.1" 404 83369 "-" "Mozilla/5.0 (Windows NT 10.0; Win64; x64) AppleWebKit/537.36 (KHTML, like Gecko) Chrome/131.0.0.0 Safari/537.36"
34.171.68.95 - - [22/Aug/2026:07:38:44 +0800] "GET /27304/2022/03/29/%E8%B3%80%E6%9C%AC%E6%A0%A1%E5%8F%83%E5%8A%A0110%E5%AD%B8%E5%B9%B4%E5%BA%A6%E5%AE%9C%E8%98%AD%E7%B8%A3%E6%9C%AC%E5%9C%9F%E8%AA%9E%E8%A8%80%E6%95%99%E5%AD%B8%E7%AB%B6%E8%B3%BD%E7%8D%B2%E5%BE%97/ HTTP/1.1" 200 17891 "-" "Mozilla/5.0 (Macintosh; Intel Mac OS X 10_15_7) AppleWebKit/537.36 (KHTML, like Gecko) Chrome/120.0.0.0 Safari/537.36"
18.237.61.196 - - [22/Aug/2026:07:38:44 +0800] "GET /v3/.env HTTP/1.1" 404 51421 "-" "Mozilla/5.0 (Windows NT 10.0; Win64; x64) AppleWebKit/537.36 (KHTML, like Gecko) Chrome/131.0.0.0 Safari/537.36"
216.244.66.226 - - [22/Aug/2026:07:38:44 +0800] "GET /?s=VIPREG2024+onexbet+promo+code+Belgium HTTP/1.1" 200 24828 "-" "Mozilla/5.0 (compatible; DotBot/1.2; +https://opensiteexplorer.org/dotbot; help@moz.com)"
34.233.219.155 - - [22/Aug/2026:07:38:44 +0800] "GET /blog/blog/6488/post/22058/109902 HTTP/1.1" 404 25485 "-" "Mozilla/5.0 AppleWebKit/537.36 (KHTML, like Gecko; compatible; Amazonbot/0.1; +https://developer.amazon.com/support/amazonbot) Chrome/119.0.6045.214 Safari/537.36"
18.237.61.196 - - [22/Aug/2026:07:38:44 +0800] "GET /api/v1/.env HTTP/1.1" 404 51421 "-" "Mozilla/5.0 (Windows NT 10.0; Win64; x64) AppleWebKit/537.36 (KHTML, like Gecko) Chrome/131.0.0.0 Safari/537.36"
98.80.170.237 - - [22/Aug/2026:07:38:44 +0800] "GET /production/.env HTTP/1.1" 404 83369 "-" "Mozilla/5.0 (Windows NT 10.0; Win64; x64) AppleWebKit/537.36 (KHTML, like Gecko) Chrome/131.0.0.0 Safari/537.36"
18.237.61.196 - - [22/Aug/2026:07:38:45 +0800] "GET /api/v2/.env HTTP/1.1" 404 51421 "-" "Mozilla/5.0 (Windows NT 10.0; Win64; x64) AppleWebKit/537.36 (KHTML, like Gecko) Chrome/131.0.0.0 Safari/537.36"
18.237.61.196 - - [22/Aug/2026:07:38:45 +0800] "GET /rest/.env HTTP/1.1" 404 51421 "-" "Mozilla/5.0 (Windows NT 10.0; Win64; x64) AppleWebKit/537.36 (KHTML, like Gecko) Chrome/131.0.0.0 Safari/537.36"
18.237.61.196 - - [22/Aug/2026:07:38:45 +0800] "GET /graphql/.env HTTP/1.1" 404 51421 "-" "Mozilla/5.0 (Windows NT 10.0; Win64; x64) AppleWebKit/537.36 (KHTML, like Gecko) Chrome/131.0.0.0 Safari/537.36"
98.80.170.237 - - [22/Aug/2026:07:38:45 +0800] "GET /config/app/.env HTTP/1.1" 404 83369 "-" "Mozilla/5.0 (Windows NT 10.0; Win64; x64) AppleWebKit/537.36 (KHTML, like Gecko) Chrome/131.0.0.0 Safari/537.36"
18.237.61.196 - - [22/Aug/2026:07:38:46 +0800] "GET /gateway/.env HTTP/1.1" 404 51421 "-" "Mozilla/5.0 (Windows NT 10.0; Win64; x64) AppleWebKit/537.36 (KHTML, like Gecko) Chrome/131.0.0.0 Safari/537.36"
2a03:2880:f802:33:: - - [22/Aug/2026:07:38:44 +0800] "GET /wp-login.php?key=uayj1374&_wpnonce=&action=ilc_logout&redirect_to=https%3A%2F%2Fwww.aayyy.com HTTP/1.1" 302 8250 "-" "Mozilla/5.0 (Macintosh; Intel Mac OS X 10_15_7) AppleWebKit/537.36 (KHTML, like Gecko) Chrome/145.0.0.0 Safari/537.36 (compatible; meta-externalagent/1.1 (+https://developers.facebook.com/docs/sharing/webmasters/crawler))"
216.244.66.226 - - [22/Aug/2026:07:38:46 +0800] "GET /?s=VIPREG2024+onexbet+promo+code+Ecuador HTTP/1.1" 200 24828 "-" "Mozilla/5.0 (compatible; DotBot/1.2; +https://opensiteexplorer.org/dotbot; help@moz.com)"
98.80.170.237 - - [22/Aug/2026:07:38:46 +0800] "GET /phpinfo.php HTTP/1.1" 404 973 "-" "Mozilla/5.0 (Windows NT 10.0; Win64; x64) AppleWebKit/537.36 (KHTML, like Gecko) Chrome/131.0.0.0 Safari/537.36"
18.237.61.196 - - [22/Aug/2026:07:38:46 +0800] "GET /microservice/.env HTTP/1.1" 404 51421 "-" "Mozilla/5.0 (Windows NT 10.0; Win64; x64) AppleWebKit/537.36 (KHTML, like Gecko) Chrome/131.0.0.0 Safari/537.36"
98.80.170.237 - - [22/Aug/2026:07:38:46 +0800] "GET /info.php HTTP/1.1" 404 973 "-" "Mozilla/5.0 (Windows NT 10.0; Win64; x64) AppleWebKit/537.36 (KHTML, like Gecko) Chrome/131.0.0.0 Safari/537.36"
18.237.61.196 - - [22/Aug/2026:07:38:46 +0800] "GET /service/.env HTTP/1.1" 404 51421 "-" "Mozilla/5.0 (Windows NT 10.0; Win64; x64) AppleWebKit/537.36 (KHTML, like Gecko) Chrome/131.0.0.0 Safari/537.36"
98.80.170.237 - - [22/Aug/2026:07:38:46 +0800] "GET /php.php HTTP/1.1" 404 973 "-" "Mozilla/5.0 (Windows NT 10.0; Win64; x64) AppleWebKit/537.36 (KHTML, like Gecko) Chrome/131.0.0.0 Safari/537.36"
52.167.144.230 - - [22/Aug/2026:07:38:46 +0800] "GET /1003/?s=boystudio HTTP/1.1" 200 13733 "-" "Mozilla/5.0 AppleWebKit/537.36 (KHTML, like Gecko; compatible; bingbot/2.0; +http://www.bing.com/bingbot.htm) Chrome/116.0.1938.76 Safari/537.36"
2408:872f:c00:403::2b1 - - [22/Aug/2026:07:38:46 +0800] "GET /kkes101/2023/01 HTTP/1.1" 301 5766 "-" "Mozilla/5.0 (Windows NT 10.0; Win64; x64) AppleWebKit/537.36 (KHTML, like Gecko) Chrome/144.0.0.0 Safari/537.36"
18.237.61.196 - - [22/Aug/2026:07:38:46 +0800] "GET /api/v3/.env HTTP/1.1" 404 51421 "-" "Mozilla/5.0 (Windows NT 10.0; Win64; x64) AppleWebKit/537.36 (KHTML, like Gecko) Chrome/131.0.0.0 Safari/537.36"
98.80.170.237 - - [22/Aug/2026:07:38:47 +0800] "GET /i.php HTTP/1.1" 404 973 "-" "Mozilla/5.0 (Windows NT 10.0; Win64; x64) AppleWebKit/537.36 (KHTML, like Gecko) Chrome/131.0.0.0 Safari/537.36"
::1 - - [22/Aug/2026:07:38:47 +0800] "OPTIONS * HTTP/1.0" 200 110 "-" "Apache/2.4.68 (Ubuntu) OpenSSL/3.0.19 (internal dummy connection)"
18.237.61.196 - - [22/Aug/2026:07:38:47 +0800] "GET /api/dev/.env HTTP/1.1" 404 51421 "-" "Mozilla/5.0 (Windows NT 10.0; Win64; x64) AppleWebKit/537.36 (KHTML, like Gecko) Chrome/131.0.0.0 Safari/537.36"
98.80.170.237 - - [22/Aug/2026:07:38:47 +0800] "GET /pi.php HTTP/1.1" 404 973 "-" "Mozilla/5.0 (Windows NT 10.0; Win64; x64) AppleWebKit/537.36 (KHTML, like Gecko) Chrome/131.0.0.0 Safari/537.36"
18.215.112.101 - - [22/Aug/2026:07:38:47 +0800] "GET /wp-content/uploads/sites/2640/6569/6569-2804375.jpg HTTP/1.1" 200 28687 "-" "Mozilla/5.0 AppleWebKit/537.36 (KHTML, like Gecko; compatible; Amazonbot/0.1; +https://developer.amazon.com/support/amazonbot) Chrome/119.0.6045.214 Safari/537.36"
2408:872f:c00:403::2b1 - - [22/Aug/2026:07:38:47 +0800] "GET /kkes101/2023/01/ HTTP/1.1" 200 9556 "-" "Mozilla/5.0 (Windows NT 10.0; Win64; x64) AppleWebKit/537.36 (KHTML, like Gecko) Chrome/144.0.0.0 Safari/537.36"
98.80.170.237 - - [22/Aug/2026:07:38:47 +0800] "GET /pinfo.php HTTP/1.1" 404 973 "-" "Mozilla/5.0 (Windows NT 10.0; Win64; x64) AppleWebKit/537.36 (KHTML, like Gecko) Chrome/131.0.0.0 Safari/537.36"
18.237.61.196 - - [22/Aug/2026:07:38:47 +0800] "GET /api/staging/.env HTTP/1.1" 404 51421 "-" "Mozilla/5.0 (Windows NT 10.0; Win64; x64) AppleWebKit/537.36 (KHTML, like Gecko) Chrome/131.0.0.0 Safari/537.36"
98.80.170.237 - - [22/Aug/2026:07:38:47 +0800] "GET /test.php HTTP/1.1" 404 973 "-" "Mozilla/5.0 (Windows NT 10.0; Win64; x64) AppleWebKit/537.36 (KHTML, like Gecko) Chrome/131.0.0.0 Safari/537.36"
18.237.61.196 - - [22/Aug/2026:07:38:47 +0800] "GET /vendor/.env HTTP/1.1" 404 51421 "-" "Mozilla/5.0 (Windows NT 10.0; Win64; x64) AppleWebKit/537.36 (KHTML, like Gecko) Chrome/131.0.0.0 Safari/537.36"
216.244.66.226 - - [22/Aug/2026:07:38:47 +0800] "GET /?s=VIPREG2024+one+x+bet+promo+code+Hungary HTTP/1.1" 200 24836 "-" "Mozilla/5.0 (compatible; DotBot/1.2; +https://opensiteexplorer.org/dotbot; help@moz.com)"
44.223.116.149 - - [22/Aug/2026:07:38:47 +0800] "GET /6488/wp-json/wp/v2/categories?post=24337 HTTP/1.1" 200 7496 "-" "Mozilla/5.0 AppleWebKit/537.36 (KHTML, like Gecko; compatible; Amazonbot/0.1; +https://developer.amazon.com/support/amazonbot) Chrome/119.0.6045.214 Safari/537.36"
2408:872f:c00:403::2b1 - - [22/Aug/2026:07:38:48 +0800] "GET /kkes101/wp-content/cache/2blog.ilc.edu.tw/wpfc-minified/76uwzjzo/6aico.css HTTP/1.1" 200 40891 "https://2blog.ilc.edu.tw/kkes101/2023/01/" "Mozilla/5.0 (Windows NT 10.0; Win64; x64) AppleWebKit/537.36 (KHTML, like Gecko) Chrome/144.0.0.0 Safari/537.36"
2001:288:a201::66:125 - - [22/Aug/2026:07:38:48 +0800] "GET /blog/active.php HTTP/1.1" 404 1084 "-" "-"
2001:288:a201::66:125 - - [22/Aug/2026:07:38:48 +0800] "GET /blog/active.php HTTP/1.1" 301 1026 "-" "-"
::1 - - [22/Aug/2026:07:38:48 +0800] "OPTIONS * HTTP/1.0" 200 110 "-" "Apache/2.4.68 (Ubuntu) OpenSSL/3.0.19 (internal dummy connection)"
98.80.170.237 - - [22/Aug/2026:07:38:48 +0800] "GET /phpinfo HTTP/1.1" 404 83369 "-" "Mozilla/5.0 (Windows NT 10.0; Win64; x64) AppleWebKit/537.36 (KHTML, like Gecko) Chrome/131.0.0.0 Safari/537.36"
18.237.61.196 - - [22/Aug/2026:07:38:48 +0800] "GET /lib/.env HTTP/1.1" 404 51421 "-" "Mozilla/5.0 (Windows NT 10.0; Win64; x64) AppleWebKit/537.36 (KHTML, like Gecko) Chrome/131.0.0.0 Safari/537.36"
140.111.67.10 - - [22/Aug/2026:07:38:48 +0800] "GET /" 301 273 "-" "-"
3.144.99.169 - - [22/Aug/2026:07:38:45 +0800] "GET /wp-json/ HTTP/1.1" 200 27726 "-" "Mozilla/5.0 (X11; Linux x86_64) AppleWebKit/537.36 (KHTML, like Gecko) Chrome/131.0.0.0 Safari/537.36"
18.237.61.196 - - [22/Aug/2026:07:38:48 +0800] "GET /resources/.env HTTP/1.1" 404 51421 "-" "Mozilla/5.0 (Windows NT 10.0; Win64; x64) AppleWebKit/537.36 (KHTML, like Gecko) Chrome/131.0.0.0 Safari/537.36"
54.90.244.132 - - [22/Aug/2026:07:38:48 +0800] "GET /wp-content/uploads/sites/1413/staatic/resources/8/8155f14210c9612526699ee8d143aafb616fa8b HTTP/1.1" 200 110652 "-" "Mozilla/5.0 AppleWebKit/537.36 (KHTML, like Gecko; compatible; Amazonbot/0.1; +https://developer.amazon.com/support/amazonbot) Chrome/119.0.6045.214 Safari/537.36"
2408:872f:c00:403::2b1 - - [22/Aug/2026:07:38:48 +0800] "GET /kkes101/wp-content/cache/2blog.ilc.edu.tw/wpfc-minified/6yofz14g/6aico.css HTTP/1.1" 200 15782 "https://2blog.ilc.edu.tw/kkes101/2023/01/" "Mozilla/5.0 (Windows NT 10.0; Win64; x64) AppleWebKit/537.36 (KHTML, like Gecko) Chrome/144.0.0.0 Safari/537.36"
98.80.170.237 - - [22/Aug/2026:07:38:48 +0800] "GET /p.php HTTP/1.1" 404 973 "-" "Mozilla/5.0 (Windows NT 10.0; Win64; x64) AppleWebKit/537.36 (KHTML, like Gecko) Chrome/131.0.0.0 Safari/537.36"
18.237.61.196 - - [22/Aug/2026:07:38:48 +0800] "GET /assets/.env HTTP/1.1" 404 51421 "-" "Mozilla/5.0 (Windows NT 10.0; Win64; x64) AppleWebKit/537.36 (KHTML, like Gecko) Chrome/131.0.0.0 Safari/537.36"
98.80.170.237 - - [22/Aug/2026:07:38:48 +0800] "GET /debug.php HTTP/1.1" 404 973 "-" "Mozilla/5.0 (Windows NT 10.0; Win64; x64) AppleWebKit/537.36 (KHTML, like Gecko) Chrome/131.0.0.0 Safari/537.36"
18.237.61.196 - - [22/Aug/2026:07:38:49 +0800] "GET /uploads/.env HTTP/1.1" 404 51421 "-" "Mozilla/5.0 (Windows NT 10.0; Win64; x64) AppleWebKit/537.36 (KHTML, like Gecko) Chrome/131.0.0.0 Safari/537.36"
2408:872f:c00:403::2b1 - - [22/Aug/2026:07:38:49 +0800] "GET /kkes101/wp-content/themes/oceanwp/assets/js/theme.min.js HTTP/1.1" 200 5130 "https://2blog.ilc.edu.tw/kkes101/2023/01/" "Mozilla/5.0 (Windows NT 10.0; Win64; x64) AppleWebKit/537.36 (KHTML, like Gecko) Chrome/144.0.0.0 Safari/537.36"
::1 - - [22/Aug/2026:07:38:49 +0800] "OPTIONS * HTTP/1.0" 200 110 "-" "Apache/2.4.68 (Ubuntu) OpenSSL/3.0.19 (internal dummy connection)"
98.80.170.237 - - [22/Aug/2026:07:38:49 +0800] "GET /admin/phpinfo.php HTTP/1.1" 404 973 "-" "Mozilla/5.0 (Windows NT 10.0; Win64; x64) AppleWebKit/537.36 (KHTML, like Gecko) Chrome/131.0.0.0 Safari/537.36"
18.237.61.196 - - [22/Aug/2026:07:38:49 +0800] "GET /internal/.env HTTP/1.1" 404 51421 "-" "Mozilla/5.0 (Windows NT 10.0; Win64; x64) AppleWebKit/537.36 (KHTML, like Gecko) Chrome/131.0.0.0 Safari/537.36"
98.80.170.237 - - [22/Aug/2026:07:38:49 +0800] "GET /test/phpinfo.php HTTP/1.1" 404 973 "-" "Mozilla/5.0 (Windows NT 10.0; Win64; x64) AppleWebKit/537.36 (KHTML, like Gecko) Chrome/131.0.0.0 Safari/537.36"
2408:872f:c00:403::2b1 - - [22/Aug/2026:07:38:49 +0800] "GET /kkes101/wp-content/themes/oceanwp/assets/js/vendors/flickity.pkgd.min.js HTTP/1.1" 200 15048 "https://2blog.ilc.edu.tw/kkes101/2023/01/" "Mozilla/5.0 (Windows NT 10.0; Win64; x64) AppleWebKit/537.36 (KHTML, like Gecko) Chrome/144.0.0.0 Safari/537.36"
98.80.170.237 - - [22/Aug/2026:07:38:49 +0800] "GET /dev/phpinfo.php HTTP/1.1" 404 973 "-" "Mozilla/5.0 (Windows NT 10.0; Win64; x64) AppleWebKit/537.36 (KHTML, like Gecko) Chrome/131.0.0.0 Safari/537.36"
216.244.66.226 - - [22/Aug/2026:07:38:49 +0800] "GET /blog/blog/868/post/97509/645549 HTTP/1.1" 404 35276 "-" "Mozilla/5.0 (compatible; DotBot/1.2; +https://opensiteexplorer.org/dotbot; help@moz.com)"
18.237.61.196 - - [22/Aug/2026:07:38:49 +0800] "GET /tools/.env HTTP/1.1" 404 51421 "-" "Mozilla/5.0 (Windows NT 10.0; Win64; x64) AppleWebKit/537.36 (KHTML, like Gecko) Chrome/131.0.0.0 Safari/537.36"
98.80.170.237 - - [22/Aug/2026:07:38:49 +0800] "GET /old/phpinfo.php HTTP/1.1" 404 973 "-" "Mozilla/5.0 (Windows NT 10.0; Win64; x64) AppleWebKit/537.36 (KHTML, like Gecko) Chrome/131.0.0.0 Safari/537.36"
18.237.61.196 - - [22/Aug/2026:07:38:49 +0800] "GET /scripts/.env HTTP/1.1" 404 51421 "-" "Mozilla/5.0 (Windows NT 10.0; Win64; x64) AppleWebKit/537.36 (KHTML, like Gecko) Chrome/131.0.0.0 Safari/537.36"
98.80.170.237 - - [22/Aug/2026:07:38:50 +0800] "GET /tmp/phpinfo.php HTTP/1.1" 404 973 "-" "Mozilla/5.0 (Windows NT 10.0; Win64; x64) AppleWebKit/537.36 (KHTML, like Gecko) Chrome/131.0.0.0 Safari/537.36"
::1 - - [22/Aug/2026:07:38:50 +0800] "OPTIONS * HTTP/1.0" 200 110 "-" "Apache/2.4.68 (Ubuntu) OpenSSL/3.0.19 (internal dummy connection)"
18.237.61.196 - - [22/Aug/2026:07:38:50 +0800] "GET /bin/.env HTTP/1.1" 404 51421 "-" "Mozilla/5.0 (Windows NT 10.0; Win64; x64) AppleWebKit/537.36 (KHTML, like Gecko) Chrome/131.0.0.0 Safari/537.36"
98.80.170.237 - - [22/Aug/2026:07:38:50 +0800] "GET /public/phpinfo.php HTTP/1.1" 404 973 "-" "Mozilla/5.0 (Windows NT 10.0; Win64; x64) AppleWebKit/537.36 (KHTML, like Gecko) Chrome/131.0.0.0 Safari/537.36"
18.237.61.196 - - [22/Aug/2026:07:38:50 +0800] "GET /sbin/.env HTTP/1.1" 404 51421 "-" "Mozilla/5.0 (Windows NT 10.0; Win64; x64) AppleWebKit/537.36 (KHTML, like Gecko) Chrome/131.0.0.0 Safari/537.36"
98.80.170.237 - - [22/Aug/2026:07:38:50 +0800] "GET /info HTTP/1.1" 404 83369 "-" "Mozilla/5.0 (Windows NT 10.0; Win64; x64) AppleWebKit/537.36 (KHTML, like Gecko) Chrome/131.0.0.0 Safari/537.36"
18.237.61.196 - - [22/Aug/2026:07:38:50 +0800] "GET /local/.env HTTP/1.1" 404 51421 "-" "Mozilla/5.0 (Windows NT 10.0; Win64; x64) AppleWebKit/537.36 (KHTML, like Gecko) Chrome/131.0.0.0 Safari/537.36"
3.144.99.169 - - [22/Aug/2026:07:38:48 +0800] "GET /wp-login.php HTTP/1.1" 200 6346 "-" "Mozilla/5.0 (X11; Linux x86_64) AppleWebKit/537.36 (KHTML, like Gecko) Chrome/131.0.0.0 Safari/537.36"
98.80.170.237 - - [22/Aug/2026:07:38:51 +0800] "GET /php-info.php HTTP/1.1" 404 973 "-" "Mozilla/5.0 (Windows NT 10.0; Win64; x64) AppleWebKit/537.36 (KHTML, like Gecko) Chrome/131.0.0.0 Safari/537.36"
18.237.61.196 - - [22/Aug/2026:07:38:51 +0800] "GET /portal/.env HTTP/1.1" 404 51421 "-" "Mozilla/5.0 (Windows NT 10.0; Win64; x64) AppleWebKit/537.36 (KHTML, like Gecko) Chrome/131.0.0.0 Safari/537.36"
::1 - - [22/Aug/2026:07:38:51 +0800] "OPTIONS * HTTP/1.0" 200 110 "-" "Apache/2.4.68 (Ubuntu) OpenSSL/3.0.19 (internal dummy connection)"
98.80.170.237 - - [22/Aug/2026:07:38:51 +0800] "GET /phpversion.php HTTP/1.1" 404 973 "-" "Mozilla/5.0 (Windows NT 10.0; Win64; x64) AppleWebKit/537.36 (KHTML, like Gecko) Chrome/131.0.0.0 Safari/537.36"
18.237.61.196 - - [22/Aug/2026:07:38:51 +0800] "GET /dashboard/.env HTTP/1.1" 404 51421 "-" "Mozilla/5.0 (Windows NT 10.0; Win64; x64) AppleWebKit/537.36 (KHTML, like Gecko) Chrome/131.0.0.0 Safari/537.36"
216.244.66.226 - - [22/Aug/2026:07:38:51 +0800] "GET /blog/gallery/6573/6573-2148066.jpg HTTP/1.1" 404 35276 "-" "Mozilla/5.0 (compatible; DotBot/1.2; +https://opensiteexplorer.org/dotbot; help@moz.com)"
98.80.170.237 - - [22/Aug/2026:07:38:51 +0800] "GET /_phpinfo.php HTTP/1.1" 404 973 "-" "Mozilla/5.0 (Windows NT 10.0; Win64; x64) AppleWebKit/537.36 (KHTML, like Gecko) Chrome/131.0.0.0 Safari/537.36"
34.206.193.60 - - [22/Aug/2026:07:38:51 +0800] "GET /wp-content/uploads/sites/2724/2022/02/?C=N;O%3DA HTTP/1.1" 200 1114 "-" "Mozilla/5.0 AppleWebKit/537.36 (KHTML, like Gecko; compatible; Amazonbot/0.1; +https://developer.amazon.com/support/amazonbot) Chrome/119.0.6045.214 Safari/537.36"
18.237.61.196 - - [22/Aug/2026:07:38:51 +0800] "GET /panel/.env HTTP/1.1" 404 51421 "-" "Mozilla/5.0 (Windows NT 10.0; Win64; x64) AppleWebKit/537.36 (KHTML, like Gecko) Chrome/131.0.0.0 Safari/537.36"
98.80.170.237 - - [22/Aug/2026:07:38:51 +0800] "GET /old_phpinfo.php HTTP/1.1" 404 973 "-" "Mozilla/5.0 (Windows NT 10.0; Win64; x64) AppleWebKit/537.36 (KHTML, like Gecko) Chrome/131.0.0.0 Safari/537.36"
18.237.61.196 - - [22/Aug/2026:07:38:51 +0800] "GET /crm/.env HTTP/1.1" 404 51421 "-" "Mozilla/5.0 (Windows NT 10.0; Win64; x64) AppleWebKit/537.36 (KHTML, like Gecko) Chrome/131.0.0.0 Safari/537.36"
66.249.71.9 - - [22/Aug/2026:07:38:49 +0800] "GET /wp-login.php?action=ilc_logout&_wpnonce=43754d0aad&redirect_to=http://newveteranmosproc.ru/creator/74031/ HTTP/1.1" 302 3449 "-" "Mozilla/5.0 (Linux; Android 6.0.1; Nexus 5X Build/MMB29P) AppleWebKit/537.36 (KHTML, like Gecko) Chrome/151.0.7922.137 Mobile Safari/537.36 (compatible; GoogleOther)"
98.80.170.237 - - [22/Aug/2026:07:38:52 +0800] "GET /server-info.php HTTP/1.1" 404 973 "-" "Mozilla/5.0 (Windows NT 10.0; Win64; x64) AppleWebKit/537.36 (KHTML, like Gecko) Chrome/131.0.0.0 Safari/537.36"
::1 - - [22/Aug/2026:07:38:52 +0800] "OPTIONS * HTTP/1.0" 200 110 "-" "Apache/2.4.68 (Ubuntu) OpenSSL/3.0.19 (internal dummy connection)"
98.80.170.237 - - [22/Aug/2026:07:38:52 +0800] "GET /server-status.php HTTP/1.1" 404 973 "-" "Mozilla/5.0 (Windows NT 10.0; Win64; x64) AppleWebKit/537.36 (KHTML, like Gecko) Chrome/131.0.0.0 Safari/537.36"
18.237.61.196 - - [22/Aug/2026:07:38:52 +0800] "GET /erp/.env HTTP/1.1" 404 51421 "-" "Mozilla/5.0 (Windows NT 10.0; Win64; x64) AppleWebKit/537.36 (KHTML, like Gecko) Chrome/131.0.0.0 Safari/537.36"
18.237.61.196 - - [22/Aug/2026:07:38:52 +0800] "GET /shop/.env HTTP/1.1" 404 51421 "-" "Mozilla/5.0 (Windows NT 10.0; Win64; x64) AppleWebKit/537.36 (KHTML, like Gecko) Chrome/131.0.0.0 Safari/537.36"
216.73.216.20 - - [22/Aug/2026:07:38:52 +0800] "GET /babybaby/2025/10/17/10-13-10-17%e3%80%8a%e8%aa%8d%e8%ad%98%e5%90%8c%e5%ad%b8-%e7%8c%9c%e7%8c%9c%e6%88%91%e6%98%af%e8%aa%b0%e3%80%8b/ HTTP/1.1" 200 20931 "-" "Mozilla/5.0 AppleWebKit/537.36 (KHTML, like Gecko; compatible; ClaudeBot/1.0; +claudebot@anthropic.com)"
98.80.170.237 - - [22/Aug/2026:07:38:52 +0800] "GET /_profiler/phpinfo HTTP/1.1" 404 83369 "-" "Mozilla/5.0 (Windows NT 10.0; Win64; x64) AppleWebKit/537.36 (KHTML, like Gecko) Chrome/131.0.0.0 Safari/537.36"
216.73.216.20 - - [22/Aug/2026:07:38:52 +0800] "GET /babybaby/2025/10/09/2025-10-07%ef%bd%9e10-09%e3%80%8a%e8%aa%8d%e8%ad%98%e5%b8%ab%e9%95%b7%ef%bd%9e%e5%b0%8f%e5%b0%8f%e7%a6%ae%e7%89%a9%e5%82%b3%e5%bf%83%e6%84%8f%e3%80%8b/ HTTP/1.1" 200 19529 "-" "Mozilla/5.0 AppleWebKit/537.36 (KHTML, like Gecko; compatible; ClaudeBot/1.0; +claudebot@anthropic.com)"
216.73.216.20 - - [22/Aug/2026:07:38:52 +0800] "GET /babybaby/2025/10/31/1027-1031%e3%80%8a%e8%aa%8d%e8%ad%98%e5%90%8c%e5%ad%b8-%e4%bd%a0%e6%98%af%e6%88%91%e7%9a%84%e5%b0%8f%e9%8f%a1%e5%ad%90%e3%80%8bvs%e3%80%8a%e8%90%ac%e8%81%96%e7%af%80%e3%80%8b/ HTTP/1.1" 200 21353 "-" "Mozilla/5.0 AppleWebKit/537.36 (KHTML, like Gecko; compatible; ClaudeBot/1.0; +claudebot@anthropic.com)"
216.73.216.20 - - [22/Aug/2026:07:38:52 +0800] "GET /babybaby/2025/09/19/0915-0919%e3%80%8a%e5%b9%bc%e5%85%92%e5%9c%92%e7%9a%84%e8%80%81%e5%b8%ab%e5%80%91%ef%bd%9e%e8%aa%8d%e8%ad%98%e6%a0%a1%e9%95%b7%e5%8f%8a%e5%a4%aa%e9%99%bd%e7%8f%ad%e8%80%81%e5%b8%ab%e3%80%8b/ HTTP/1.1" 200 21879 "-" "Mozilla/5.0 AppleWebKit/537.36 (KHTML, like Gecko; compatible; ClaudeBot/1.0; +claudebot@anthropic.com)"
18.237.61.196 - - [22/Aug/2026:07:38:52 +0800] "GET /store/.env HTTP/1.1" 404 51421 "-" "Mozilla/5.0 (Windows NT 10.0; Win64; x64) AppleWebKit/537.36 (KHTML, like Gecko) Chrome/131.0.0.0 Safari/537.36"
216.73.216.20 - - [22/Aug/2026:07:38:52 +0800] "GET /babybaby/2025/09/26/0922-0926%e3%80%8a%e5%b9%bc%e5%85%92%e5%9c%92%e7%9a%84%e8%80%81%e5%b8%ab%e5%80%91%ef%bd%9e%e8%aa%8d%e8%ad%98%e8%ad%b7%e5%a3%ab%e3%80%81%e5%bb%9a%e5%b7%a5%e9%98%bf%e5%a7%a8%e5%8f%8a%e5%b7%a5%e5%8f%8b/ HTTP/1.1" 200 27734 "-" "Mozilla/5.0 AppleWebKit/537.36 (KHTML, like Gecko; compatible; ClaudeBot/1.0; +claudebot@anthropic.com)"
2001:288:a201::66:125 - - [22/Aug/2026:07:38:53 +0800] "GET /blog/active.php HTTP/1.1" 404 1084 "-" "-"
2001:288:a201::66:125 - - [22/Aug/2026:07:38:53 +0800] "GET /blog/active.php HTTP/1.1" 301 1026 "-" "-"
18.237.61.196 - - [22/Aug/2026:07:38:53 +0800] "GET /saas/.env HTTP/1.1" 404 51421 "-" "Mozilla/5.0 (Windows NT 10.0; Win64; x64) AppleWebKit/537.36 (KHTML, like Gecko) Chrome/131.0.0.0 Safari/537.36"
216.244.66.226 - - [22/Aug/2026:07:38:53 +0800] "GET /?s=VIPREG2024+1xbet+promo+code+list+Somalia HTTP/1.1" 200 24840 "-" "Mozilla/5.0 (compatible; DotBot/1.2; +https://opensiteexplorer.org/dotbot; help@moz.com)"
140.111.67.10 - - [22/Aug/2026:07:38:53 +0800] "GET /" 301 273 "-" "-"
98.80.170.237 - - [22/Aug/2026:07:38:53 +0800] "GET /_environment HTTP/1.1" 404 83369 "-" "Mozilla/5.0 (Windows NT 10.0; Win64; x64) AppleWebKit/537.36 (KHTML, like Gecko) Chrome/131.0.0.0 Safari/537.36"
216.73.216.20 - - [22/Aug/2026:07:38:53 +0800] "GET /6537/wp-json/wp/v2/posts/5124 HTTP/1.1" 200 15618 "-" "Mozilla/5.0 AppleWebKit/537.36 (KHTML, like Gecko; compatible; ClaudeBot/1.0; +claudebot@anthropic.com)"
18.237.61.196 - - [22/Aug/2026:07:38:53 +0800] "GET /client/.env HTTP/1.1" 404 51421 "-" "Mozilla/5.0 (Windows NT 10.0; Win64; x64) AppleWebKit/537.36 (KHTML, like Gecko) Chrome/131.0.0.0 Safari/537.36"
216.73.216.20 - - [22/Aug/2026:07:38:53 +0800] "GET /2542 HTTP/1.1" 301 5673 "-" "Mozilla/5.0 AppleWebKit/537.36 (KHTML, like Gecko; compatible; ClaudeBot/1.0; +claudebot@anthropic.com)"
216.73.216.20 - - [22/Aug/2026:07:38:53 +0800] "GET /health/ HTTP/1.1" 200 13928 "-" "Mozilla/5.0 AppleWebKit/537.36 (KHTML, like Gecko; compatible; ClaudeBot/1.0; +claudebot@anthropic.com)"
216.73.216.20 - - [22/Aug/2026:07:38:53 +0800] "GET /28271 HTTP/1.1" 301 5674 "-" "Mozilla/5.0 AppleWebKit/537.36 (KHTML, like Gecko; compatible; ClaudeBot/1.0; +claudebot@anthropic.com)"
216.73.216.20 - - [22/Aug/2026:07:38:53 +0800] "GET /2535/ HTTP/1.1" 200 33760 "-" "Mozilla/5.0 AppleWebKit/537.36 (KHTML, like Gecko; compatible; ClaudeBot/1.0; +claudebot@anthropic.com)"
98.80.170.237 - - [22/Aug/2026:07:38:53 +0800] "GET /webroot/index.php/_environment HTTP/1.1" 301 917 "-" "Mozilla/5.0 (Windows NT 10.0; Win64; x64) AppleWebKit/537.36 (KHTML, like Gecko) Chrome/131.0.0.0 Safari/537.36"
216.73.216.20 - - [22/Aug/2026:07:38:53 +0800] "GET /2013/07/ HTTP/1.1" 200 20267 "-" "Mozilla/5.0 AppleWebKit/537.36 (KHTML, like Gecko; compatible; ClaudeBot/1.0; +claudebot@anthropic.com)"
18.237.61.196 - - [22/Aug/2026:07:38:53 +0800] "GET /project/.env HTTP/1.1" 404 51421 "-" "Mozilla/5.0 (Windows NT 10.0; Win64; x64) AppleWebKit/537.36 (KHTML, like Gecko) Chrome/131.0.0.0 Safari/537.36"
216.73.216.20 - - [22/Aug/2026:07:38:53 +0800] "GET /2011/02/19/ HTTP/1.1" 200 18754 "-" "Mozilla/5.0 AppleWebKit/537.36 (KHTML, like Gecko; compatible; ClaudeBot/1.0; +claudebot@anthropic.com)"
216.73.216.20 - - [22/Aug/2026:07:38:53 +0800] "GET /2011/06/10/ HTTP/1.1" 200 18855 "-" "Mozilla/5.0 AppleWebKit/537.36 (KHTML, like Gecko; compatible; ClaudeBot/1.0; +claudebot@anthropic.com)"
216.73.216.20 - - [22/Aug/2026:07:38:53 +0800] "GET /21321/ HTTP/1.1" 200 29120 "-" "Mozilla/5.0 AppleWebKit/537.36 (KHTML, like Gecko; compatible; ClaudeBot/1.0; +claudebot@anthropic.com)"
3.144.99.169 - - [22/Aug/2026:07:38:51 +0800] "POST /wp-json/batch/v1 HTTP/1.1" 200 22014 "-" "Mozilla/5.0 (X11; Linux x86_64) AppleWebKit/537.36 (KHTML, like Gecko) Chrome/131.0.0.0 Safari/537.36"
216.73.216.20 - - [22/Aug/2026:07:38:53 +0800] "GET /2542/ HTTP/1.1" 200 10487 "https://2blog.ilc.edu.tw/2542" "Mozilla/5.0 AppleWebKit/537.36 (KHTML, like Gecko; compatible; ClaudeBot/1.0; +claudebot@anthropic.com)"
98.80.170.237 - - [22/Aug/2026:07:38:53 +0800] "GET /mail/phpinfo.php HTTP/1.1" 404 973 "-" "Mozilla/5.0 (Windows NT 10.0; Win64; x64) AppleWebKit/537.36 (KHTML, like Gecko) Chrome/131.0.0.0 Safari/537.36"
18.237.61.196 - - [22/Aug/2026:07:38:53 +0800] "GET /admin-panel/.env HTTP/1.1" 404 51421 "-" "Mozilla/5.0 (Windows NT 10.0; Win64; x64) AppleWebKit/537.36 (KHTML, like Gecko) Chrome/131.0.0.0 Safari/537.36"
216.73.216.20 - - [22/Aug/2026:07:38:54 +0800] "GET /2011/02/ HTTP/1.1" 200 14466 "-" "Mozilla/5.0 AppleWebKit/537.36 (KHTML, like Gecko; compatible; ClaudeBot/1.0; +claudebot@anthropic.com)"
98.80.170.237 - - [22/Aug/2026:07:38:54 +0800] "GET /cpanel/phpinfo.php HTTP/1.1" 404 973 "-" "Mozilla/5.0 (Windows NT 10.0; Win64; x64) AppleWebKit/537.36 (KHTML, like Gecko) Chrome/131.0.0.0 Safari/537.36"
216.73.216.20 - - [22/Aug/2026:07:38:53 +0800] "GET /28271/ HTTP/1.1" 200 7622 "https://2blog.ilc.edu.tw/28271" "Mozilla/5.0 AppleWebKit/537.36 (KHTML, like Gecko; compatible; ClaudeBot/1.0; +claudebot@anthropic.com)"
18.237.61.196 - - [22/Aug/2026:07:38:54 +0800] "GET /control-panel/.env HTTP/1.1" 404 51421 "-" "Mozilla/5.0 (Windows NT 10.0; Win64; x64) AppleWebKit/537.36 (KHTML, like Gecko) Chrome/131.0.0.0 Safari/537.36"
98.80.170.237 - - [22/Aug/2026:07:38:54 +0800] "GET /hosting/phpinfo.php HTTP/1.1" 404 973 "-" "Mozilla/5.0 (Windows NT 10.0; Win64; x64) AppleWebKit/537.36 (KHTML, like Gecko) Chrome/131.0.0.0 Safari/537.36"
98.80.170.237 - - [22/Aug/2026:07:38:54 +0800] "GET /webmail/phpinfo.php HTTP/1.1" 404 973 "-" "Mozilla/5.0 (Windows NT 10.0; Win64; x64) AppleWebKit/537.36 (KHTML, like Gecko) Chrome/131.0.0.0 Safari/537.36"
18.237.61.196 - - [22/Aug/2026:07:38:54 +0800] "GET /user-panel/.env HTTP/1.1" 404 51421 "-" "Mozilla/5.0 (Windows NT 10.0; Win64; x64) AppleWebKit/537.36 (KHTML, like Gecko) Chrome/131.0.0.0 Safari/537.36"
18.213.102.186 - - [22/Aug/2026:07:38:54 +0800] "GET /kkes301/wp-content/uploads/sites/2888/2025/06/IMG_9798-225x300.jpg HTTP/1.1" 200 23146 "-" "Mozilla/5.0 AppleWebKit/537.36 (KHTML, like Gecko; compatible; Amazonbot/0.1; +https://developer.amazon.com/support/amazonbot) Chrome/119.0.6045.214 Safari/537.36"
98.80.170.237 - - [22/Aug/2026:07:38:54 +0800] "GET /smtp/phpinfo.php HTTP/1.1" 404 973 "-" "Mozilla/5.0 (Windows NT 10.0; Win64; x64) AppleWebKit/537.36 (KHTML, like Gecko) Chrome/131.0.0.0 Safari/537.36"
18.237.61.196 - - [22/Aug/2026:07:38:54 +0800] "GET /node/.env HTTP/1.1" 404 51421 "-" "Mozilla/5.0 (Windows NT 10.0; Win64; x64) AppleWebKit/537.36 (KHTML, like Gecko) Chrome/131.0.0.0 Safari/537.36"
18.237.61.196 - - [22/Aug/2026:07:38:55 +0800] "GET /express/.env HTTP/1.1" 404 51421 "-" "Mozilla/5.0 (Windows NT 10.0; Win64; x64) AppleWebKit/537.36 (KHTML, like Gecko) Chrome/131.0.0.0 Safari/537.36"
98.80.170.237 - - [22/Aug/2026:07:38:55 +0800] "GET /phpinfo.php.bak HTTP/1.1" 404 83369 "-" "Mozilla/5.0 (Windows NT 10.0; Win64; x64) AppleWebKit/537.36 (KHTML, like Gecko) Chrome/131.0.0.0 Safari/537.36"
2a10:4a00:4f3b:eea1:e129:fcfa:e7a8:30fe - - [22/Aug/2026:07:38:55 +0800] "GET /1279/2015/03/19/02-15-scratch-2-0-%E8%A7%92%E8%89%B2%E7%9A%84%E6%BB%91%E5%8B%95-%E6%BB%91%E8%A1%8C-%E5%B7%AB%E5%A9%86%E9%A3%9B%E4%B8%8A%E9%9D%92%E5%A4%A9/ HTTP/1.1" 200 18241 "-" "Mozilla/5.0 (Macintosh; Intel Mac OS X 10.15; rv:144.0) Gecko/20100101 Firefox/144.0"
18.237.61.196 - - [22/Aug/2026:07:38:55 +0800] "GET /next/.env HTTP/1.1" 404 51421 "-" "Mozilla/5.0 (Windows NT 10.0; Win64; x64) AppleWebKit/537.36 (KHTML, like Gecko) Chrome/131.0.0.0 Safari/537.36"
216.244.66.226 - - [22/Aug/2026:07:38:55 +0800] "GET /?s=VIPREG2024+promo+code+1xbet+2024+Indonesia HTTP/1.1" 200 24848 "-" "Mozilla/5.0 (compatible; DotBot/1.2; +https://opensiteexplorer.org/dotbot; help@moz.com)"
34.10.180.98 - - [22/Aug/2026:07:38:55 +0800] "GET /4950/2011/12/29/google-sketchup-3d%E7%B9%AA%E5%9C%96%E4%BA%94-%E9%99%A4%E6%B3%95%E7%B9%AA%E5%9C%96%E6%B3%95/ HTTP/1.1" 200 17392 "-" "Mozilla/5.0 (Macintosh; Intel Mac OS X 10_15_7) AppleWebKit/537.36 (KHTML, like Gecko) Chrome/120.0.0.0 Safari/537.36"
18.237.61.196 - - [22/Aug/2026:07:38:55 +0800] "GET /nuxt/.env HTTP/1.1" 404 51421 "-" "Mozilla/5.0 (Windows NT 10.0; Win64; x64) AppleWebKit/537.36 (KHTML, like Gecko) Chrome/131.0.0.0 Safari/537.36"
98.80.170.237 - - [22/Aug/2026:07:38:55 +0800] "GET /phpinfo.php.old HTTP/1.1" 404 83369 "-" "Mozilla/5.0 (Windows NT 10.0; Win64; x64) AppleWebKit/537.36 (KHTML, like Gecko) Chrome/131.0.0.0 Safari/537.36"
18.237.61.196 - - [22/Aug/2026:07:38:56 +0800] "GET /nest/.env HTTP/1.1" 404 51421 "-" "Mozilla/5.0 (Windows NT 10.0; Win64; x64) AppleWebKit/537.36 (KHTML, like Gecko) Chrome/131.0.0.0 Safari/537.36"
34.10.180.98 - - [22/Aug/2026:07:38:56 +0800] "GET /amy6998/2025/06/30/114%E5%B9%B46%E6%9C%8813%E6%97%A5%E4%BF%8A%E4%BB%81%E8%80%81%E5%B8%AB%E7%94%9F%E6%97%A5%E5%BF%AB%E6%A8%82/ HTTP/1.1" 200 17639 "-" "Mozilla/5.0 (Macintosh; Intel Mac OS X 10_15_7) AppleWebKit/537.36 (KHTML, like Gecko) Chrome/120.0.0.0 Safari/537.36"
18.237.61.196 - - [22/Aug/2026:07:38:56 +0800] "GET /react/.env HTTP/1.1" 404 51421 "-" "Mozilla/5.0 (Windows NT 10.0; Win64; x64) AppleWebKit/537.36 (KHTML, like Gecko) Chrome/131.0.0.0 Safari/537.36"
66.249.79.137 - - [22/Aug/2026:07:38:54 +0800] "GET /wp-login.php?action=ilc_logout&_wpnonce=43754d0aad&redirect_to=http://shumoff52.ru/gallery/9635/ HTTP/1.1" 302 8247 "-" "Mozilla/5.0 (Linux; Android 6.0.1; Nexus 5X Build/MMB29P) AppleWebKit/537.36 (KHTML, like Gecko) Chrome/151.0.7922.137 Mobile Safari/537.36 (compatible; Googlebot/2.1; +http://www.google.com/bot.html)"
18.237.61.196 - - [22/Aug/2026:07:38:56 +0800] "GET /vue/.env HTTP/1.1" 404 51421 "-" "Mozilla/5.0 (Windows NT 10.0; Win64; x64) AppleWebKit/537.36 (KHTML, like Gecko) Chrome/131.0.0.0 Safari/537.36"
98.80.170.237 - - [22/Aug/2026:07:38:56 +0800] "GET /phpinfo.php~ HTTP/1.1" 404 83369 "-" "Mozilla/5.0 (Windows NT 10.0; Win64; x64) AppleWebKit/537.36 (KHTML, like Gecko) Chrome/131.0.0.0 Safari/537.36"
3.144.99.169 - - [22/Aug/2026:07:38:54 +0800] "POST /index.php?rest_route=/batch/v1 HTTP/1.1" 500 1470 "-" "Mozilla/5.0 (X11; Linux x86_64) AppleWebKit/537.36 (KHTML, like Gecko) Chrome/131.0.0.0 Safari/537.36"
18.237.61.196 - - [22/Aug/2026:07:38:56 +0800] "GET /angular/.env HTTP/1.1" 404 51421 "-" "Mozilla/5.0 (Windows NT 10.0; Win64; x64) AppleWebKit/537.36 (KHTML, like Gecko) Chrome/131.0.0.0 Safari/537.36"
::1 - - [22/Aug/2026:07:38:57 +0800] "OPTIONS * HTTP/1.0" 200 110 "-" "Apache/2.4.68 (Ubuntu) OpenSSL/3.0.19 (internal dummy connection)"
18.237.61.196 - - [22/Aug/2026:07:38:57 +0800] "GET /svelte/.env HTTP/1.1" 404 51421 "-" "Mozilla/5.0 (Windows NT 10.0; Win64; x64) AppleWebKit/537.36 (KHTML, like Gecko) Chrome/131.0.0.0 Safari/537.36"
98.80.170.237 - - [22/Aug/2026:07:38:57 +0800] "GET /info.php.bak HTTP/1.1" 404 83369 "-" "Mozilla/5.0 (Windows NT 10.0; Win64; x64) AppleWebKit/537.36 (KHTML, like Gecko) Chrome/131.0.0.0 Safari/537.36"
18.237.61.196 - - [22/Aug/2026:07:38:57 +0800] "GET /vite/.env HTTP/1.1" 404 51421 "-" "Mozilla/5.0 (Windows NT 10.0; Win64; x64) AppleWebKit/537.36 (KHTML, like Gecko) Chrome/131.0.0.0 Safari/537.36"
18.237.61.196 - - [22/Aug/2026:07:38:57 +0800] "GET /backup/.env HTTP/1.1" 404 51421 "-" "Mozilla/5.0 (Windows NT 10.0; Win64; x64) AppleWebKit/537.36 (KHTML, like Gecko) Chrome/131.0.0.0 Safari/537.36"
216.244.66.226 - - [22/Aug/2026:07:38:57 +0800] "GET /blog/5809 HTTP/1.1" 404 35276 "-" "Mozilla/5.0 (compatible; DotBot/1.2; +https://opensiteexplorer.org/dotbot; help@moz.com)"
2001:288:a201::66:125 - - [22/Aug/2026:07:38:58 +0800] "GET /blog/active.php HTTP/1.1" 404 1084 "-" "-"
98.80.170.237 - - [22/Aug/2026:07:38:57 +0800] "GET /phpinfo.php.save HTTP/1.1" 404 83369 "-" "Mozilla/5.0 (Windows NT 10.0; Win64; x64) AppleWebKit/537.36 (KHTML, like Gecko) Chrome/131.0.0.0 Safari/537.36"
2001:288:a201::66:125 - - [22/Aug/2026:07:38:58 +0800] "GET /blog/active.php HTTP/1.1" 301 1026 "-" "-"
54.83.240.58 - - [22/Aug/2026:07:38:58 +0800] "GET /wp-content/uploads/sites/2193/6030/6030-3896354.jpg HTTP/1.1" 200 61612 "-" "Mozilla/5.0 AppleWebKit/537.36 (KHTML, like Gecko; compatible; Amazonbot/0.1; +https://developer.amazon.com/support/amazonbot) Chrome/119.0.6045.214 Safari/537.36"
18.237.61.196 - - [22/Aug/2026:07:38:58 +0800] "GET /backups/.env HTTP/1.1" 404 51421 "-" "Mozilla/5.0 (Windows NT 10.0; Win64; x64) AppleWebKit/537.36 (KHTML, like Gecko) Chrome/131.0.0.0 Safari/537.36"
::1 - - [22/Aug/2026:07:38:58 +0800] "OPTIONS * HTTP/1.0" 200 110 "-" "Apache/2.4.68 (Ubuntu) OpenSSL/3.0.19 (internal dummy connection)"
140.111.67.10 - - [22/Aug/2026:07:38:58 +0800] "GET /" 301 273 "-" "-"
18.237.61.196 - - [22/Aug/2026:07:38:58 +0800] "GET /old/.env HTTP/1.1" 404 51421 "-" "Mozilla/5.0 (Windows NT 10.0; Win64; x64) AppleWebKit/537.36 (KHTML, like Gecko) Chrome/131.0.0.0 Safari/537.36"
