216.73.216.20 - - [22/Aug/2026:07:45:18 +0800] "GET /57/2014/03/12/1030226%e5%9c%8b%e4%b8%ad%e7%a4%be%e5%9c%98%e5%a4%96%e5%b8%ab%e5%8d%94%e5%90%8c%e6%95%99%e5%ad%b8/ HTTP/1.1" 200 10069 "https://2blog.ilc.edu.tw/57/?p=175" "Mozilla/5.0 AppleWebKit/537.36 (KHTML, like Gecko; compatible; ClaudeBot/1.0; +claudebot@anthropic.com)"
216.73.216.20 - - [22/Aug/2026:07:45:18 +0800] "GET /57/?p=248 HTTP/1.1" 301 875 "-" "Mozilla/5.0 AppleWebKit/537.36 (KHTML, like Gecko; compatible; ClaudeBot/1.0; +claudebot@anthropic.com)"
216.73.216.20 - - [22/Aug/2026:07:45:18 +0800] "GET /33/2022/06/05/6-8%e8%aa%b2%e7%a8%8b%e9%80%b2%e5%ba%a6%e5%9b%9e%e5%ae%b6%e4%bd%9c%e6%a5%ad-2/ HTTP/1.1" 200 9323 "https://2blog.ilc.edu.tw/33/?p=580" "Mozilla/5.0 AppleWebKit/537.36 (KHTML, like Gecko; compatible; ClaudeBot/1.0; +claudebot@anthropic.com)"
216.73.216.20 - - [22/Aug/2026:07:45:18 +0800] "GET /57/2014/03/27/1030401-%e6%a1%8c%e9%81%8a%e8%9e%8d%e5%85%a5%e8%aa%b2%e7%a8%8b%e6%95%99%e5%ad%b8%e5%a2%9e%e8%83%bd%e7%a0%94%e7%bf%92/ HTTP/1.1" 200 10340 "https://2blog.ilc.edu.tw/57/?p=180" "Mozilla/5.0 AppleWebKit/537.36 (KHTML, like Gecko; compatible; ClaudeBot/1.0; +claudebot@anthropic.com)"
216.73.216.20 - - [22/Aug/2026:07:45:18 +0800] "GET /57/2014/03/11/1030310-%e9%a0%ad%e5%9f%8e%e5%9c%8b%e4%b8%ad%e4%b9%9d%e8%b2%ab%e8%a8%aa%e8%a6%96/ HTTP/1.1" 200 10068 "https://2blog.ilc.edu.tw/57/?p=174" "Mozilla/5.0 AppleWebKit/537.36 (KHTML, like Gecko; compatible; ClaudeBot/1.0; +claudebot@anthropic.com)"
216.73.216.20 - - [22/Aug/2026:07:45:18 +0800] "GET /57/?p=178 HTTP/1.1" 301 958 "-" "Mozilla/5.0 AppleWebKit/537.36 (KHTML, like Gecko; compatible; ClaudeBot/1.0; +claudebot@anthropic.com)"
216.73.216.20 - - [22/Aug/2026:07:45:18 +0800] "GET /57/2016/03/08/1050126%ef%bc%bb%e6%9c%89%e6%95%88%e6%95%99%e5%ad%b8%ef%bc%bd%e5%af%92%e5%81%87%e5%85%b1%e5%90%8c%e5%82%99%e8%aa%b2/ HTTP/1.1" 200 10111 "https://2blog.ilc.edu.tw/57/?p=248" "Mozilla/5.0 AppleWebKit/537.36 (KHTML, like Gecko; compatible; ClaudeBot/1.0; +claudebot@anthropic.com)"
216.73.216.20 - - [22/Aug/2026:07:45:18 +0800] "GET /shin/wp-json/wp/v2/users/3239 HTTP/1.1" 200 1591 "-" "Mozilla/5.0 AppleWebKit/537.36 (KHTML, like Gecko; compatible; ClaudeBot/1.0; +claudebot@anthropic.com)"
216.73.216.20 - - [22/Aug/2026:07:45:18 +0800] "GET /57/?p=202 HTTP/1.1" 301 799 "-" "Mozilla/5.0 AppleWebKit/537.36 (KHTML, like Gecko; compatible; ClaudeBot/1.0; +claudebot@anthropic.com)"
216.73.216.20 - - [22/Aug/2026:07:45:18 +0800] "GET /57/2014/03/12/1030524%e3%80%811030531%e3%80%811030607%e3%80%811030614%e5%8a%8d%e6%a9%8b%e5%a4%a7%e5%ad%b8%e5%9c%a8%e8%81%b7%e8%8b%b1%e8%aa%9e%e6%95%99%e5%b8%ab%e5%9f%b9%e8%a8%93%e5%a0%b1%e5%90%8d%ef%bc%88103-3-28/ HTTP/1.1" 200 10354 "https://2blog.ilc.edu.tw/57/?p=178" "Mozilla/5.0 AppleWebKit/537.36 (KHTML, like Gecko; compatible; ClaudeBot/1.0; +claudebot@anthropic.com)"
216.73.216.20 - - [22/Aug/2026:07:45:18 +0800] "GET /tcesinfo/page/16/ HTTP/1.1" 200 11194 "-" "Mozilla/5.0 AppleWebKit/537.36 (KHTML, like Gecko; compatible; ClaudeBot/1.0; +claudebot@anthropic.com)"
216.73.216.20 - - [22/Aug/2026:07:45:19 +0800] "GET /57/?p=10 HTTP/1.1" 301 812 "-" "Mozilla/5.0 AppleWebKit/537.36 (KHTML, like Gecko; compatible; ClaudeBot/1.0; +claudebot@anthropic.com)"
74.7.243.227 - - [22/Aug/2026:07:45:18 +0800] "GET /scweb/ereport/detail.asp?c_id=2719&nickname=suesue HTTP/1.1" 404 69148 "https://2blog.ilc.edu.tw" "Mozilla/5.0 AppleWebKit/537.36 (KHTML, like Gecko; compatible; GPTBot/1.4; +https://openai.com/gptbot)"
216.73.216.20 - - [22/Aug/2026:07:45:19 +0800] "GET /6038/?p=19 HTTP/1.1" 301 882 "-" "Mozilla/5.0 AppleWebKit/537.36 (KHTML, like Gecko; compatible; ClaudeBot/1.0; +claudebot@anthropic.com)"
216.73.216.20 - - [22/Aug/2026:07:45:19 +0800] "GET /57/2014/05/26/1030607-tkt-cambridge-et-training-day-3/ HTTP/1.1" 200 9798 "https://2blog.ilc.edu.tw/57/?p=202" "Mozilla/5.0 AppleWebKit/537.36 (KHTML, like Gecko; compatible; ClaudeBot/1.0; +claudebot@anthropic.com)"
216.73.216.20 - - [22/Aug/2026:07:45:19 +0800] "GET /57/?p=274 HTTP/1.1" 301 950 "-" "Mozilla/5.0 AppleWebKit/537.36 (KHTML, like Gecko; compatible; ClaudeBot/1.0; +claudebot@anthropic.com)"
216.73.216.20 - - [22/Aug/2026:07:45:19 +0800] "GET /57/2008/09/06/970902-%e8%bc%94%e5%b0%8e%e5%9c%98%e8%a8%8a%e6%81%af/ HTTP/1.1" 200 10032 "https://2blog.ilc.edu.tw/57/?p=10" "Mozilla/5.0 AppleWebKit/537.36 (KHTML, like Gecko; compatible; ClaudeBot/1.0; +claudebot@anthropic.com)"
216.73.216.20 - - [22/Aug/2026:07:45:18 +0800] "GET /barbiagirl/wp-json/wp/v2/posts/10 HTTP/1.1" 200 51196 "-" "Mozilla/5.0 AppleWebKit/537.36 (KHTML, like Gecko; compatible; ClaudeBot/1.0; +claudebot@anthropic.com)"
91.230.168.161 - - [22/Aug/2026:07:45:19 +0800] "GET / HTTP/1.1" 200 106253 "-" "Mozilla/5.0 (X11; Ubuntu; Linux x86_64; rv:134.0) Gecko/20100101 Firefox/134.0"
216.73.216.20 - - [22/Aug/2026:07:45:19 +0800] "GET /6038/2015/11/04/104%e5%ae%9c%e8%98%ad%e7%b8%a3%e5%ad%b8%e7%94%9f%e7%be%8e%e8%a1%93%e6%af%94%e8%b3%bd%e6%a6%ae%e7%8d%b2%e4%bd%b3%e7%b8%be/ HTTP/1.1" 200 25409 "https://2blog.ilc.edu.tw/6038/?p=19" "Mozilla/5.0 AppleWebKit/537.36 (KHTML, like Gecko; compatible; ClaudeBot/1.0; +claudebot@anthropic.com)"
216.73.216.20 - - [22/Aug/2026:07:45:19 +0800] "GET /57/2017/09/26/%e3%80%8c%e7%b9%aa%e6%9c%ac%e8%8b%b1%e9%96%b1%e6%9c%83-%e8%ae%93%e8%8b%b1%e6%96%87%e7%b9%aa%e6%9c%ac%e7%bf%bb%e8%bd%89%e5%ad%a9%e5%ad%90%e7%9a%84%e9%96%b1%e8%ae%80%e6%80%9d%e7%b6%ad%e3%80%8d/ HTTP/1.1" 200 10176 "https://2blog.ilc.edu.tw/57/?p=274" "Mozilla/5.0 AppleWebKit/537.36 (KHTML, like Gecko; compatible; ClaudeBot/1.0; +claudebot@anthropic.com)"
216.73.216.20 - - [22/Aug/2026:07:45:19 +0800] "GET /25158/wp-json/oembed/1.0/embed?format=xml HTTP/1.1" 400 1224 "-" "Mozilla/5.0 AppleWebKit/537.36 (KHTML, like Gecko; compatible; ClaudeBot/1.0; +claudebot@anthropic.com)"
216.73.216.20 - - [22/Aug/2026:07:45:19 +0800] "GET /6325/category/c-20802/ HTTP/1.1" 200 11601 "-" "Mozilla/5.0 AppleWebKit/537.36 (KHTML, like Gecko; compatible; ClaudeBot/1.0; +claudebot@anthropic.com)"
216.73.216.20 - - [22/Aug/2026:07:45:19 +0800] "GET /57/?p=273 HTTP/1.1" 301 5686 "-" "Mozilla/5.0 AppleWebKit/537.36 (KHTML, like Gecko; compatible; ClaudeBot/1.0; +claudebot@anthropic.com)"
216.73.216.20 - - [22/Aug/2026:07:45:19 +0800] "GET /4925/2020/02/19/ HTTP/1.1" 200 9783 "-" "Mozilla/5.0 AppleWebKit/537.36 (KHTML, like Gecko; compatible; ClaudeBot/1.0; +claudebot@anthropic.com)"
240e:95d:c03:702::80 - - [22/Aug/2026:07:45:19 +0800] "GET /tag/learning-platform/page/3/ HTTP/1.1" 200 20159 "-" "Mozilla/5.0 (Windows NT 10.0; Win64; x64) AppleWebKit/537.36 (KHTML, like Gecko) Chrome/144.0.0.0 Safari/537.36"
216.73.216.20 - - [22/Aug/2026:07:45:19 +0800] "GET /4925/?p=4841 HTTP/1.1" 301 5700 "-" "Mozilla/5.0 AppleWebKit/537.36 (KHTML, like Gecko; compatible; ClaudeBot/1.0; +claudebot@anthropic.com)"
100.55.60.118 - - [22/Aug/2026:07:45:16 +0800] "GET /k8s/.env HTTP/1.1" 404 54891 "-" "Mozilla/5.0 (Windows NT 10.0; Win64; x64) AppleWebKit/537.36 (KHTML, like Gecko) Chrome/131.0.0.0 Safari/537.36"
216.73.216.20 - - [22/Aug/2026:07:45:19 +0800] "GET /6325/wp-json/wp/v2/categories/31 HTTP/1.1" 200 1815 "-" "Mozilla/5.0 AppleWebKit/537.36 (KHTML, like Gecko; compatible; ClaudeBot/1.0; +claudebot@anthropic.com)"
216.73.216.20 - - [22/Aug/2026:07:45:19 +0800] "GET /57/2017/09/13/%e3%80%8c%e5%b7%ae%e7%95%b0%e5%8c%96%e6%95%99%e5%ad%b8%e6%95%99%e6%a1%88%e8%a8%ad%e8%a8%88%e3%80%8d-%e7%bf%b0%e6%9e%97%e7%89%88l3-b4/ HTTP/1.1" 200 10672 "https://2blog.ilc.edu.tw/57/?p=273" "Mozilla/5.0 AppleWebKit/537.36 (KHTML, like Gecko; compatible; ClaudeBot/1.0; +claudebot@anthropic.com)"
216.73.216.20 - - [22/Aug/2026:07:45:19 +0800] "GET /24435/?p=143 HTTP/1.1" 301 869 "-" "Mozilla/5.0 AppleWebKit/537.36 (KHTML, like Gecko; compatible; ClaudeBot/1.0; +claudebot@anthropic.com)"
::1 - - [22/Aug/2026:07:45:20 +0800] "OPTIONS * HTTP/1.0" 200 110 "-" "Apache/2.4.68 (Ubuntu) OpenSSL/3.0.19 (internal dummy connection)"
216.73.216.20 - - [22/Aug/2026:07:45:20 +0800] "GET /57/?p=221 HTTP/1.1" 301 875 "-" "Mozilla/5.0 AppleWebKit/537.36 (KHTML, like Gecko; compatible; ClaudeBot/1.0; +claudebot@anthropic.com)"
216.73.216.20 - - [22/Aug/2026:07:45:20 +0800] "GET /4925/2016/04/19/%e8%8b%b1%e8%aa%9e%e8%aa%b2%e7%a8%8b-%e9%ab%98%e5%b9%b4%e7%b4%9a%e6%9f%a5%e5%ad%97%e5%85%b8%e6%af%94%e8%b3%bd%e4%ba%8c/ HTTP/1.1" 200 11904 "https://2blog.ilc.edu.tw/4925/?p=4841" "Mozilla/5.0 AppleWebKit/537.36 (KHTML, like Gecko; compatible; ClaudeBot/1.0; +claudebot@anthropic.com)"
216.73.216.20 - - [22/Aug/2026:07:45:19 +0800] "GET /20978/page/93/ HTTP/1.1" 200 12052 "-" "Mozilla/5.0 AppleWebKit/537.36 (KHTML, like Gecko; compatible; ClaudeBot/1.0; +claudebot@anthropic.com)"
216.73.216.20 - - [22/Aug/2026:07:45:20 +0800] "GET /24435/2021/04/13/1100413%e6%a0%a1%e5%a4%96%e6%95%99%e5%ad%b8%e6%a9%98%e4%b9%8b%e9%84%89%e8%b6%85%e5%93%81%e7%83%98%e7%84%99/ HTTP/1.1" 200 9616 "https://2blog.ilc.edu.tw/24435/?p=143" "Mozilla/5.0 AppleWebKit/537.36 (KHTML, like Gecko; compatible; ClaudeBot/1.0; +claudebot@anthropic.com)"
216.73.216.20 - - [22/Aug/2026:07:45:20 +0800] "GET /57/?p=101 HTTP/1.1" 301 822 "-" "Mozilla/5.0 AppleWebKit/537.36 (KHTML, like Gecko; compatible; ClaudeBot/1.0; +claudebot@anthropic.com)"
240e:95d:c03:702::80 - - [22/Aug/2026:07:45:20 +0800] "GET /wp-content/cache/isupport.ilc.edu.tw/wpfc-minified/fhgiw72a/ks8w.css HTTP/1.1" 200 40883 "https://isupport.ilc.edu.tw/tag/learning-platform/page/3/" "Mozilla/5.0 (Windows NT 10.0; Win64; x64) AppleWebKit/537.36 (KHTML, like Gecko) Chrome/144.0.0.0 Safari/537.36"
216.73.216.20 - - [22/Aug/2026:07:45:20 +0800] "GET /rainbow123/wp-login.php?action=lostpassword HTTP/1.1" 200 3757 "-" "Mozilla/5.0 AppleWebKit/537.36 (KHTML, like Gecko; compatible; ClaudeBot/1.0; +claudebot@anthropic.com)"
216.73.216.20 - - [22/Aug/2026:07:45:20 +0800] "GET /57/2014/12/04/1031125%ef%bc%bb%e5%ad%b8%e7%bf%92%e6%88%90%e5%b0%b1%e8%a9%95%e9%87%8f%ef%bc%bd%e4%b8%ad%e8%8f%af%e5%9c%8b%e4%b8%ad/ HTTP/1.1" 200 10106 "https://2blog.ilc.edu.tw/57/?p=221" "Mozilla/5.0 AppleWebKit/537.36 (KHTML, like Gecko; compatible; ClaudeBot/1.0; +claudebot@anthropic.com)"
216.73.216.20 - - [22/Aug/2026:07:45:20 +0800] "GET /57/2012/12/10/1011224-%e8%88%88%e4%b8%ad%e5%9c%8b%e4%b8%ad%e8%a8%aa%e8%a6%96/ HTTP/1.1" 200 10012 "https://2blog.ilc.edu.tw/57/?p=101" "Mozilla/5.0 AppleWebKit/537.36 (KHTML, like Gecko; compatible; ClaudeBot/1.0; +claudebot@anthropic.com)"
216.73.216.20 - - [22/Aug/2026:07:45:20 +0800] "GET /6537/wp-json/wp/v2/users/3927 HTTP/1.1" 200 1591 "-" "Mozilla/5.0 AppleWebKit/537.36 (KHTML, like Gecko; compatible; ClaudeBot/1.0; +claudebot@anthropic.com)"
216.73.216.20 - - [22/Aug/2026:07:45:20 +0800] "GET /57/?p=54 HTTP/1.1" 301 944 "-" "Mozilla/5.0 AppleWebKit/537.36 (KHTML, like Gecko; compatible; ClaudeBot/1.0; +claudebot@anthropic.com)"
216.73.216.20 - - [22/Aug/2026:07:45:20 +0800] "GET /6537/2013/09/30/ HTTP/1.1" 200 9986 "-" "Mozilla/5.0 AppleWebKit/537.36 (KHTML, like Gecko; compatible; ClaudeBot/1.0; +claudebot@anthropic.com)"
216.73.216.20 - - [22/Aug/2026:07:45:20 +0800] "GET /6448/category/slug/feed/ HTTP/1.1" 200 1648 "-" "Mozilla/5.0 AppleWebKit/537.36 (KHTML, like Gecko; compatible; ClaudeBot/1.0; +claudebot@anthropic.com)"
216.73.216.20 - - [22/Aug/2026:07:45:20 +0800] "GET /57/?p=252 HTTP/1.1" 301 839 "-" "Mozilla/5.0 AppleWebKit/537.36 (KHTML, like Gecko; compatible; ClaudeBot/1.0; +claudebot@anthropic.com)"
216.73.216.20 - - [22/Aug/2026:07:45:20 +0800] "GET /sun520/?p=43206 HTTP/1.1" 301 836 "-" "Mozilla/5.0 AppleWebKit/537.36 (KHTML, like Gecko; compatible; ClaudeBot/1.0; +claudebot@anthropic.com)"
157.245.243.118 - - [22/Aug/2026:07:45:20 +0800] "GET / HTTP/1.1" 200 22889 "-" "Mozilla/5.0 (compatible; InternetMeasurement/1.0; +https://internet-measurement.com/)"
34.10.180.98 - - [22/Aug/2026:07:45:20 +0800] "GET /6538/wp-json/oembed/1.0/embed?url=https://2blog.ilc.edu.tw/6538/2020/11/17/109-4-7%25e5%25ad%25b8%25e6%25a0%25a1%25e7%2592%25b0%25e5%25a2%2583%25e7%2589%25b9%25e8%2589%25b23/ HTTP/1.1" 200 8281 "-" "Mozilla/5.0 (Macintosh; Intel Mac OS X 10_15_7) AppleWebKit/537.36 (KHTML, like Gecko) Chrome/120.0.0.0 Safari/537.36"
240e:95d:c03:702::80 - - [22/Aug/2026:07:45:20 +0800] "GET /wp-content/cache/isupport.ilc.edu.tw/wpfc-minified/jpyo1yc2/ks8w.css HTTP/1.1" 200 1157 "https://isupport.ilc.edu.tw/tag/learning-platform/page/3/" "Mozilla/5.0 (Windows NT 10.0; Win64; x64) AppleWebKit/537.36 (KHTML, like Gecko) Chrome/144.0.0.0 Safari/537.36"
216.73.216.20 - - [22/Aug/2026:07:45:20 +0800] "GET /57/2011/11/22/1001122%e5%a4%9a%e5%85%83%e8%a9%95%e9%87%8f%e5%9c%a8%e6%95%99%e5%ad%b8%e4%b8%8a%e7%9a%84%e9%81%8b%e7%94%a8song-and-chant%e6%95%99%e5%ad%b8-%e6%9e%97%e9%88%ba%e6%88%90%e8%80%81%e5%b8%ab/ HTTP/1.1" 200 10407 "https://2blog.ilc.edu.tw/57/?p=54" "Mozilla/5.0 AppleWebKit/537.36 (KHTML, like Gecko; compatible; ClaudeBot/1.0; +claudebot@anthropic.com)"
216.73.216.20 - - [22/Aug/2026:07:45:20 +0800] "GET /tcesinfo/2020/08/02/ HTTP/1.1" 200 9837 "-" "Mozilla/5.0 AppleWebKit/537.36 (KHTML, like Gecko; compatible; ClaudeBot/1.0; +claudebot@anthropic.com)"
216.73.216.20 - - [22/Aug/2026:07:45:20 +0800] "GET /20978/page/88/ HTTP/1.1" 200 12003 "-" "Mozilla/5.0 AppleWebKit/537.36 (KHTML, like Gecko; compatible; ClaudeBot/1.0; +claudebot@anthropic.com)"
216.73.216.20 - - [22/Aug/2026:07:45:20 +0800] "GET /57/2016/05/10/1050411%ef%bc%bb%e4%b9%9d%e8%b2%ab%e8%a8%aa%e8%a6%96%ef%bc%bd%e7%be%85%e6%9d%b1/ HTTP/1.1" 200 9835 "https://2blog.ilc.edu.tw/57/?p=252" "Mozilla/5.0 AppleWebKit/537.36 (KHTML, like Gecko; compatible; ClaudeBot/1.0; +claudebot@anthropic.com)"
216.73.216.20 - - [22/Aug/2026:07:45:21 +0800] "GET /sun520/2026/04/02/%e5%a5%bd%e8%81%b2%e6%b4%bb%e7%94%9f%e6%b4%bb%e7%9a%84%e8%81%b2%e9%9f%b3/ HTTP/1.1" 200 17521 "https://2blog.ilc.edu.tw/sun520/?p=43206" "Mozilla/5.0 AppleWebKit/537.36 (KHTML, like Gecko; compatible; ClaudeBot/1.0; +claudebot@anthropic.com)"
216.73.216.20 - - [22/Aug/2026:07:45:21 +0800] "GET /57/?p=229 HTTP/1.1" 301 956 "-" "Mozilla/5.0 AppleWebKit/537.36 (KHTML, like Gecko; compatible; ClaudeBot/1.0; +claudebot@anthropic.com)"
216.73.216.20 - - [22/Aug/2026:07:45:21 +0800] "GET /19761/?p=4 HTTP/1.1" 301 889 "-" "Mozilla/5.0 AppleWebKit/537.36 (KHTML, like Gecko; compatible; ClaudeBot/1.0; +claudebot@anthropic.com)"
216.73.216.20 - - [22/Aug/2026:07:45:21 +0800] "GET /57/?p=207 HTTP/1.1" 301 871 "-" "Mozilla/5.0 AppleWebKit/537.36 (KHTML, like Gecko; compatible; ClaudeBot/1.0; +claudebot@anthropic.com)"
216.73.216.20 - - [22/Aug/2026:07:45:21 +0800] "GET /6038/?p=16 HTTP/1.1" 301 891 "-" "Mozilla/5.0 AppleWebKit/537.36 (KHTML, like Gecko; compatible; ClaudeBot/1.0; +claudebot@anthropic.com)"
216.73.216.20 - - [22/Aug/2026:07:45:21 +0800] "GET /57/?p=283 HTTP/1.1" 301 929 "-" "Mozilla/5.0 AppleWebKit/537.36 (KHTML, like Gecko; compatible; ClaudeBot/1.0; +claudebot@anthropic.com)"
216.73.216.20 - - [22/Aug/2026:07:45:21 +0800] "GET /57/2015/03/23/1040121%ef%bc%bb%e9%81%a9%e6%80%a7%e6%95%99%e5%ad%b8%ef%bc%bd%e6%95%99%e5%ad%b8%e5%bf%83%e5%be%97%e5%88%86%e4%ba%ab%ef%bc%88%e8%ac%9b%e5%b8%ab%ef%bc%9a%e8%94%a1%e6%98%95%e7%92%81%e3%80%81%e8%94%a1/ HTTP/1.1" 200 10265 "https://2blog.ilc.edu.tw/57/?p=229" "Mozilla/5.0 AppleWebKit/537.36 (KHTML, like Gecko; compatible; ClaudeBot/1.0; +claudebot@anthropic.com)"
216.73.216.20 - - [22/Aug/2026:07:45:21 +0800] "GET /6038/?p=18 HTTP/1.1" 301 845 "-" "Mozilla/5.0 AppleWebKit/537.36 (KHTML, like Gecko; compatible; ClaudeBot/1.0; +claudebot@anthropic.com)"
216.73.216.20 - - [22/Aug/2026:07:45:21 +0800] "GET /19761/2012/05/16/100-09-14%e8%87%ba%e7%81%a3%e6%af%8d%e8%aa%9e%e6%97%a5%e6%8e%a8%e8%a1%8c%e5%b0%8f%e7%b5%84%e6%9c%83%e8%ad%b0%e7%b4%80%e9%8c%84/ HTTP/1.1" 200 10087 "https://2blog.ilc.edu.tw/19761/?p=4" "Mozilla/5.0 AppleWebKit/537.36 (KHTML, like Gecko; compatible; ClaudeBot/1.0; +claudebot@anthropic.com)"
216.73.216.20 - - [22/Aug/2026:07:45:21 +0800] "GET /57/2014/05/28/103%e5%b9%b4%e5%ba%a6%e4%b9%9d%e8%b2%ab%e8%a8%aa%e8%a6%96%e6%95%99%e5%ad%b8%e7%a4%ba%e4%be%8b%e5%88%86%e4%ba%ab/ HTTP/1.1" 200 10238 "https://2blog.ilc.edu.tw/57/?p=207" "Mozilla/5.0 AppleWebKit/537.36 (KHTML, like Gecko; compatible; ClaudeBot/1.0; +claudebot@anthropic.com)"
216.73.216.20 - - [22/Aug/2026:07:45:21 +0800] "GET /43042/2024/07/ HTTP/1.1" 200 9703 "-" "Mozilla/5.0 AppleWebKit/537.36 (KHTML, like Gecko; compatible; ClaudeBot/1.0; +claudebot@anthropic.com)"
::1 - - [22/Aug/2026:07:45:22 +0800] "OPTIONS * HTTP/1.0" 200 110 "-" "Apache/2.4.68 (Ubuntu) OpenSSL/3.0.19 (internal dummy connection)"
216.73.216.20 - - [22/Aug/2026:07:45:21 +0800] "GET /57/?p=170 HTTP/1.1" 301 806 "-" "Mozilla/5.0 AppleWebKit/537.36 (KHTML, like Gecko; compatible; ClaudeBot/1.0; +claudebot@anthropic.com)"
240e:95d:c03:702::80 - - [22/Aug/2026:07:45:22 +0800] "GET /wp-content/themes/oceanwp/assets/js/ow-lightbox.min.js HTTP/1.1" 200 2321 "https://isupport.ilc.edu.tw/tag/learning-platform/page/3/" "Mozilla/5.0 (Windows NT 10.0; Win64; x64) AppleWebKit/537.36 (KHTML, like Gecko) Chrome/144.0.0.0 Safari/537.36"
216.73.216.20 - - [22/Aug/2026:07:45:21 +0800] "GET /3642/2017/10/17/ HTTP/1.1" 200 11401 "-" "Mozilla/5.0 AppleWebKit/537.36 (KHTML, like Gecko; compatible; ClaudeBot/1.0; +claudebot@anthropic.com)"
216.73.216.20 - - [22/Aug/2026:07:45:22 +0800] "GET /6038/2015/10/12/104%e4%b8%8a%e6%a0%a1%e5%85%a7%e7%be%8e%e8%a1%93%e6%af%94%e8%b3%bd%e5%be%97%e7%8d%8e%e5%90%8d%e5%96%ae%e5%8f%8a%e4%bd%9c%e5%93%81/ HTTP/1.1" 200 25467 "https://2blog.ilc.edu.tw/6038/?p=16" "Mozilla/5.0 AppleWebKit/537.36 (KHTML, like Gecko; compatible; ClaudeBot/1.0; +claudebot@anthropic.com)"
216.73.216.20 - - [22/Aug/2026:07:45:21 +0800] "GET /a262/wp-json/wp/v2/users/1563 HTTP/1.1" 200 1614 "-" "Mozilla/5.0 AppleWebKit/537.36 (KHTML, like Gecko; compatible; ClaudeBot/1.0; +claudebot@anthropic.com)"
216.73.216.20 - - [22/Aug/2026:07:45:22 +0800] "GET /57/2018/12/28/1071224%e5%ae%9c%e8%98%ad%e7%b8%a3%e5%85%ac%e9%96%8b%e8%aa%b2%e5%8d%9a%e8%a6%bd%e6%9c%83%e5%be%a9%e8%88%88%e5%9c%8b%e4%b8%ad%e8%8b%b1%e8%aa%9e%e7%a7%91%e6%95%99%e5%ad%b8/ HTTP/1.1" 200 10040 "https://2blog.ilc.edu.tw/57/?p=283" "Mozilla/5.0 AppleWebKit/537.36 (KHTML, like Gecko; compatible; ClaudeBot/1.0; +claudebot@anthropic.com)"
216.73.216.20 - - [22/Aug/2026:07:45:22 +0800] "GET /6038/2015/11/02/%e6%9f%af%e6%9e%97%e5%bf%83%e9%80%9a%e8%a8%8a66%e6%9c%9f%e5%87%ba%e5%88%8a%e5%9b%89/ HTTP/1.1" 200 25373 "https://2blog.ilc.edu.tw/6038/?p=18" "Mozilla/5.0 AppleWebKit/537.36 (KHTML, like Gecko; compatible; ClaudeBot/1.0; +claudebot@anthropic.com)"
216.73.216.20 - - [22/Aug/2026:07:45:22 +0800] "GET /57/2014/01/14/1030114-useful-website-to-share-free-worksheet/ HTTP/1.1" 200 10086 "https://2blog.ilc.edu.tw/57/?p=170" "Mozilla/5.0 AppleWebKit/537.36 (KHTML, like Gecko; compatible; ClaudeBot/1.0; +claudebot@anthropic.com)"
216.73.216.20 - - [22/Aug/2026:07:45:22 +0800] "GET /19761/?p=3 HTTP/1.1" 301 901 "-" "Mozilla/5.0 AppleWebKit/537.36 (KHTML, like Gecko; compatible; ClaudeBot/1.0; +claudebot@anthropic.com)"
74.7.243.227 - - [22/Aug/2026:07:45:22 +0800] "GET /scweb/ereport/images/IMG_0425_2.JPG HTTP/1.1" 404 69148 "https://2blog.ilc.edu.tw" "Mozilla/5.0 AppleWebKit/537.36 (KHTML, like Gecko; compatible; GPTBot/1.4; +https://openai.com/gptbot)"
240e:95d:c03:702::80 - - [22/Aug/2026:07:45:22 +0800] "GET /wp-content/themes/oceanwp/assets/js/ow-slider.min.js HTTP/1.1" 200 1761 "https://isupport.ilc.edu.tw/tag/learning-platform/page/3/" "Mozilla/5.0 (Windows NT 10.0; Win64; x64) AppleWebKit/537.36 (KHTML, like Gecko) Chrome/144.0.0.0 Safari/537.36"
216.73.216.20 - - [22/Aug/2026:07:45:22 +0800] "GET /57/?p=94 HTTP/1.1" 301 840 "-" "Mozilla/5.0 AppleWebKit/537.36 (KHTML, like Gecko; compatible; ClaudeBot/1.0; +claudebot@anthropic.com)"
216.73.216.20 - - [22/Aug/2026:07:45:22 +0800] "GET /57/?p=162 HTTP/1.1" 301 798 "-" "Mozilla/5.0 AppleWebKit/537.36 (KHTML, like Gecko; compatible; ClaudeBot/1.0; +claudebot@anthropic.com)"
216.73.216.20 - - [22/Aug/2026:07:45:22 +0800] "GET /19761/2012/04/03/100%e5%ad%b8%e5%b9%b4%e6%8e%a8%e5%8b%95%e8%87%ba%e7%81%a3%e6%af%8d%e8%aa%9e%e6%97%a5%e6%b4%bb%e5%8b%95%e5%af%a6%e6%96%bd%e8%a8%88%e7%95%ab/ HTTP/1.1" 200 13053 "https://2blog.ilc.edu.tw/19761/?p=3" "Mozilla/5.0 AppleWebKit/537.36 (KHTML, like Gecko; compatible; ClaudeBot/1.0; +claudebot@anthropic.com)"
216.73.216.20 - - [22/Aug/2026:07:45:22 +0800] "GET /6325/wp-json/wp/v2/categories/38 HTTP/1.1" 200 1884 "-" "Mozilla/5.0 AppleWebKit/537.36 (KHTML, like Gecko; compatible; ClaudeBot/1.0; +claudebot@anthropic.com)"
216.73.216.20 - - [22/Aug/2026:07:45:22 +0800] "GET /57/2012/12/05/1011203-%e5%a3%af%e5%9c%8d%e5%9c%8b%e4%b8%ad%e6%95%99%e5%ad%b8%e8%a8%aa%e8%a6%96/ HTTP/1.1" 200 10110 "https://2blog.ilc.edu.tw/57/?p=94" "Mozilla/5.0 AppleWebKit/537.36 (KHTML, like Gecko; compatible; ClaudeBot/1.0; +claudebot@anthropic.com)"
240e:95d:c03:702::80 - - [22/Aug/2026:07:45:22 +0800] "GET /wp-content/themes/oceanwp/assets/js/select.min.js HTTP/1.1" 200 2408 "https://isupport.ilc.edu.tw/tag/learning-platform/page/3/" "Mozilla/5.0 (Windows NT 10.0; Win64; x64) AppleWebKit/537.36 (KHTML, like Gecko) Chrome/144.0.0.0 Safari/537.36"
216.73.216.20 - - [22/Aug/2026:07:45:22 +0800] "GET /1297/2021/05/17/709/ HTTP/1.1" 200 9760 "-" "Mozilla/5.0 AppleWebKit/537.36 (KHTML, like Gecko; compatible; ClaudeBot/1.0; +claudebot@anthropic.com)"
216.73.216.20 - - [22/Aug/2026:07:45:22 +0800] "GET /57/2013/11/01/1021211-eta-rebekah-allison-in-guo-hua/ HTTP/1.1" 200 10093 "https://2blog.ilc.edu.tw/57/?p=162" "Mozilla/5.0 AppleWebKit/537.36 (KHTML, like Gecko; compatible; ClaudeBot/1.0; +claudebot@anthropic.com)"
216.73.216.20 - - [22/Aug/2026:07:45:22 +0800] "GET /ytes1234/page/2/ HTTP/1.1" 200 14484 "-" "Mozilla/5.0 AppleWebKit/537.36 (KHTML, like Gecko; compatible; ClaudeBot/1.0; +claudebot@anthropic.com)"
::1 - - [22/Aug/2026:07:45:23 +0800] "OPTIONS * HTTP/1.0" 200 110 "-" "Apache/2.4.68 (Ubuntu) OpenSSL/3.0.19 (internal dummy connection)"
2001:288:a201::66:125 - - [22/Aug/2026:07:45:23 +0800] "GET /blog/active.php HTTP/1.1" 301 1026 "-" "-"
2001:288:a201::66:125 - - [22/Aug/2026:07:45:23 +0800] "GET /blog/active.php HTTP/1.1" 404 1084 "-" "-"
216.73.216.20 - - [22/Aug/2026:07:45:22 +0800] "GET /6325/wp-json/wp/v2/categories/34 HTTP/1.1" 200 1884 "-" "Mozilla/5.0 AppleWebKit/537.36 (KHTML, like Gecko; compatible; ClaudeBot/1.0; +claudebot@anthropic.com)"
216.73.216.20 - - [22/Aug/2026:07:45:23 +0800] "GET /57/?p=281 HTTP/1.1" 301 860 "-" "Mozilla/5.0 AppleWebKit/537.36 (KHTML, like Gecko; compatible; ClaudeBot/1.0; +claudebot@anthropic.com)"
216.73.216.20 - - [22/Aug/2026:07:45:23 +0800] "GET /57/?p=100 HTTP/1.1" 301 841 "-" "Mozilla/5.0 AppleWebKit/537.36 (KHTML, like Gecko; compatible; ClaudeBot/1.0; +claudebot@anthropic.com)"
140.111.67.10 - - [22/Aug/2026:07:45:23 +0800] "GET /" 301 273 "-" "-"
216.73.216.20 - - [22/Aug/2026:07:45:23 +0800] "GET /sun520/?p=44465 HTTP/1.1" 301 910 "-" "Mozilla/5.0 AppleWebKit/537.36 (KHTML, like Gecko; compatible; ClaudeBot/1.0; +claudebot@anthropic.com)"
216.73.216.20 - - [22/Aug/2026:07:45:23 +0800] "GET /57/2018/10/20/1070921%e5%8f%ac%e9%9b%86%e4%ba%ba%e6%9a%a8cil%e8%aa%b2%e7%a8%8b%e8%a8%ad%e8%a8%88%e7%a0%94%e7%bf%92/ HTTP/1.1" 200 9990 "https://2blog.ilc.edu.tw/57/?p=281" "Mozilla/5.0 AppleWebKit/537.36 (KHTML, like Gecko; compatible; ClaudeBot/1.0; +claudebot@anthropic.com)"
216.73.216.20 - - [22/Aug/2026:07:45:23 +0800] "GET /57/2012/12/10/1011221-%e8%a3%9c%e6%95%91%e6%95%99%e5%ad%b8%e5%a2%9e%e8%83%bd%e7%a0%94%e7%bf%921/ HTTP/1.1" 200 10146 "https://2blog.ilc.edu.tw/57/?p=100" "Mozilla/5.0 AppleWebKit/537.36 (KHTML, like Gecko; compatible; ClaudeBot/1.0; +claudebot@anthropic.com)"
216.73.216.20 - - [22/Aug/2026:07:45:23 +0800] "GET /57/?p=141 HTTP/1.1" 301 930 "-" "Mozilla/5.0 AppleWebKit/537.36 (KHTML, like Gecko; compatible; ClaudeBot/1.0; +claudebot@anthropic.com)"
216.73.216.20 - - [22/Aug/2026:07:45:23 +0800] "GET /sun520/2026/04/24/%e6%96%b0%e8%81%b2%e6%b4%bb-%e7%8e%a9%e8%81%b2%e9%9f%b3%e3%80%88%e8%ba%ab%e9%ab%94%e9%9f%b3%e6%a8%82%e6%9c%83-%e7%8e%a9%e6%a8%82%e5%99%a8%e3%80%89/ HTTP/1.1" 200 21881 "https://2blog.ilc.edu.tw/sun520/?p=44465" "Mozilla/5.0 AppleWebKit/537.36 (KHTML, like Gecko; compatible; ClaudeBot/1.0; +claudebot@anthropic.com)"
216.73.216.20 - - [22/Aug/2026:07:45:23 +0800] "GET /57/2013/09/30/1021015-%e5%a4%96%e5%9f%a0%e5%8f%83%e8%a8%aa%e5%9f%ba%e9%9a%86%e5%9c%8b%e6%95%99%e8%8b%b1%e8%aa%9e%e8%bc%94%e5%b0%8e%e5%9c%98%e8%88%87%e8%8b%b1%e8%b3%87%e4%b8%ad%e5%bf%83/ HTTP/1.1" 200 10149 "https://2blog.ilc.edu.tw/57/?p=141" "Mozilla/5.0 AppleWebKit/537.36 (KHTML, like Gecko; compatible; ClaudeBot/1.0; +claudebot@anthropic.com)"
216.73.216.20 - - [22/Aug/2026:07:45:23 +0800] "GET /1297/wp-json/wp/v2/users/1044 HTTP/1.1" 200 1695 "-" "Mozilla/5.0 AppleWebKit/537.36 (KHTML, like Gecko; compatible; ClaudeBot/1.0; +claudebot@anthropic.com)"
216.73.216.20 - - [22/Aug/2026:07:45:23 +0800] "GET /a262/?p=1 HTTP/1.1" 301 773 "-" "Mozilla/5.0 AppleWebKit/537.36 (KHTML, like Gecko; compatible; ClaudeBot/1.0; +claudebot@anthropic.com)"
216.73.216.20 - - [22/Aug/2026:07:45:23 +0800] "GET /1/?p=18759 HTTP/1.1" 301 979 "-" "Mozilla/5.0 AppleWebKit/537.36 (KHTML, like Gecko; compatible; ClaudeBot/1.0; +claudebot@anthropic.com)"
::1 - - [22/Aug/2026:07:45:24 +0800] "OPTIONS * HTTP/1.0" 200 110 "-" "Apache/2.4.68 (Ubuntu) OpenSSL/3.0.19 (internal dummy connection)"
216.73.216.20 - - [22/Aug/2026:07:45:23 +0800] "GET /57/?p=103 HTTP/1.1" 301 893 "-" "Mozilla/5.0 AppleWebKit/537.36 (KHTML, like Gecko; compatible; ClaudeBot/1.0; +claudebot@anthropic.com)"
216.73.216.20 - - [22/Aug/2026:07:45:24 +0800] "GET /57/?p=181 HTTP/1.1" 301 876 "-" "Mozilla/5.0 AppleWebKit/537.36 (KHTML, like Gecko; compatible; ClaudeBot/1.0; +claudebot@anthropic.com)"
216.73.216.20 - - [22/Aug/2026:07:45:24 +0800] "GET /a262/2024/09/23/hello-world/ HTTP/1.1" 200 9159 "https://2blog.ilc.edu.tw/a262/?p=1" "Mozilla/5.0 AppleWebKit/537.36 (KHTML, like Gecko; compatible; ClaudeBot/1.0; +claudebot@anthropic.com)"
216.73.216.20 - - [22/Aug/2026:07:45:24 +0800] "GET /57/?p=57 HTTP/1.1" 301 799 "-" "Mozilla/5.0 AppleWebKit/537.36 (KHTML, like Gecko; compatible; ClaudeBot/1.0; +claudebot@anthropic.com)"
216.73.216.20 - - [22/Aug/2026:07:45:24 +0800] "GET /1/2020/09/09/%e8%bd%89%e7%9f%a5%e9%81%a0%e6%9d%b1%e7%a7%91%e6%8a%80%e5%a4%a7%e5%ad%b8%e8%be%a6%e7%90%86cnc%e9%9b%95%e5%88%bb%e6%a9%9f%e5%8f%8a%e9%9b%b7%e5%b0%84%e9%9b%95%e5%88%bb%e6%a9%9f%e5%b7%a5%e4%bd%9c-2/ HTTP/1.1" 200 17350 "https://2blog.ilc.edu.tw/1/?p=18759" "Mozilla/5.0 AppleWebKit/537.36 (KHTML, like Gecko; compatible; ClaudeBot/1.0; +claudebot@anthropic.com)"
216.73.216.20 - - [22/Aug/2026:07:45:24 +0800] "GET /57/2013/01/14/1020121%e8%8b%b1%e8%aa%9e%e6%9c%89%e6%95%88%e6%95%99%e5%ad%b8%e8%aa%b2%e7%a8%8b%e8%a8%ad%e8%a8%88%e5%a2%9e%e8%83%bd%e7%a0%94%e7%bf%92/ HTTP/1.1" 200 10033 "https://2blog.ilc.edu.tw/57/?p=103" "Mozilla/5.0 AppleWebKit/537.36 (KHTML, like Gecko; compatible; ClaudeBot/1.0; +claudebot@anthropic.com)"
216.73.216.20 - - [22/Aug/2026:07:45:24 +0800] "GET /57/2014/03/27/1030407-%e4%b9%9d%e8%b2%ab%e6%95%99%e5%ad%b8%e8%bc%94%e5%b0%8e%e8%a8%aa%e8%a6%96%e5%8d%97%e5%ae%89%e5%9c%8b%e4%b8%ad/ HTTP/1.1" 200 10286 "https://2blog.ilc.edu.tw/57/?p=181" "Mozilla/5.0 AppleWebKit/537.36 (KHTML, like Gecko; compatible; ClaudeBot/1.0; +claudebot@anthropic.com)"
216.73.216.20 - - [22/Aug/2026:07:45:24 +0800] "GET /57/2012/02/23/3%e6%9c%8813%e6%97%a5%e7%a0%94%e7%bf%92/ HTTP/1.1" 200 10282 "https://2blog.ilc.edu.tw/57/?p=57" "Mozilla/5.0 AppleWebKit/537.36 (KHTML, like Gecko; compatible; ClaudeBot/1.0; +claudebot@anthropic.com)"
216.73.216.20 - - [22/Aug/2026:07:45:24 +0800] "GET /57/wp-json/wp/v2/users/2561 HTTP/1.1" 200 1601 "-" "Mozilla/5.0 AppleWebKit/537.36 (KHTML, like Gecko; compatible; ClaudeBot/1.0; +claudebot@anthropic.com)"
216.73.216.20 - - [22/Aug/2026:07:45:24 +0800] "GET /1/?p=18783 HTTP/1.1" 301 983 "-" "Mozilla/5.0 AppleWebKit/537.36 (KHTML, like Gecko; compatible; ClaudeBot/1.0; +claudebot@anthropic.com)"
216.73.216.20 - - [22/Aug/2026:07:45:24 +0800] "GET /sun520/?p=39309 HTTP/1.1" 301 899 "-" "Mozilla/5.0 AppleWebKit/537.36 (KHTML, like Gecko; compatible; ClaudeBot/1.0; +claudebot@anthropic.com)"
216.73.216.20 - - [22/Aug/2026:07:45:24 +0800] "GET /43042/2024/06/ HTTP/1.1" 200 10226 "-" "Mozilla/5.0 AppleWebKit/537.36 (KHTML, like Gecko; compatible; ClaudeBot/1.0; +claudebot@anthropic.com)"
216.73.216.20 - - [22/Aug/2026:07:45:24 +0800] "GET /72/?p=977 HTTP/1.1" 301 803 "-" "Mozilla/5.0 AppleWebKit/537.36 (KHTML, like Gecko; compatible; ClaudeBot/1.0; +claudebot@anthropic.com)"
216.73.216.20 - - [22/Aug/2026:07:45:24 +0800] "GET /1/2020/11/05/%e8%bd%89%e7%9f%a5%e5%9c%8b%e7%ab%8b%e4%b8%ad%e5%a4%ae%e5%a4%a7%e5%ad%b8%e5%85%a8%e7%90%83%e5%ae%9a%e4%bd%8d%e7%a7%91%e5%ad%b8%e8%88%87%e6%87%89%e7%94%a8%e7%a0%94%e7%a9%b6%e4%b8%ad%e5%bf%83%e8%be%a6/ HTTP/1.1" 200 17186 "https://2blog.ilc.edu.tw/1/?p=18783" "Mozilla/5.0 AppleWebKit/537.36 (KHTML, like Gecko; compatible; ClaudeBot/1.0; +claudebot@anthropic.com)"
::1 - - [22/Aug/2026:07:45:25 +0800] "OPTIONS * HTTP/1.0" 200 110 "-" "Apache/2.4.68 (Ubuntu) OpenSSL/3.0.19 (internal dummy connection)"
216.73.216.20 - - [22/Aug/2026:07:45:25 +0800] "GET /sun520/2025/12/26/%e9%a1%8f%e8%89%b2%e5%a4%a7%e5%86%92%e9%9a%aa%e9%bb%8f%e5%9c%9f%e8%ae%8a%e8%ae%8a%e8%ae%8a%e9%a1%8f%e8%89%b2%e8%93%8b%e5%8d%b0%e7%95%ab/ HTTP/1.1" 200 16918 "https://2blog.ilc.edu.tw/sun520/?p=39309" "Mozilla/5.0 AppleWebKit/537.36 (KHTML, like Gecko; compatible; ClaudeBot/1.0; +claudebot@anthropic.com)"
216.73.216.20 - - [22/Aug/2026:07:45:25 +0800] "GET /57/?p=153 HTTP/1.1" 301 958 "-" "Mozilla/5.0 AppleWebKit/537.36 (KHTML, like Gecko; compatible; ClaudeBot/1.0; +claudebot@anthropic.com)"
216.73.216.20 - - [22/Aug/2026:07:45:25 +0800] "GET /72/2021/05/04/1100504%e7%8f%ad%e9%9a%9b%e8%b3%bd%e8%b7%91/ HTTP/1.1" 200 9407 "https://2blog.ilc.edu.tw/72/?p=977" "Mozilla/5.0 AppleWebKit/537.36 (KHTML, like Gecko; compatible; ClaudeBot/1.0; +claudebot@anthropic.com)"
216.73.216.20 - - [22/Aug/2026:07:45:25 +0800] "GET /57/?p=199 HTTP/1.1" 301 798 "-" "Mozilla/5.0 AppleWebKit/537.36 (KHTML, like Gecko; compatible; ClaudeBot/1.0; +claudebot@anthropic.com)"
216.73.216.20 - - [22/Aug/2026:07:45:25 +0800] "GET /57/2013/09/30/1021111-%e5%8d%81%e4%ba%8c%e5%b9%b4%e5%9c%8b%e6%95%99%e4%ba%94%e5%a0%82%e8%aa%b2-%e4%b9%9d%e8%b2%ab%e8%a8%aa%e8%a6%96%e8%88%87%e5%88%b0%e6%a0%a1%e6%9c%8d%e5%8b%99%e5%88%a9%e6%be%a4%e5%9c%8b%e4%b8%ad/ HTTP/1.1" 200 10372 "https://2blog.ilc.edu.tw/57/?p=153" "Mozilla/5.0 AppleWebKit/537.36 (KHTML, like Gecko; compatible; ClaudeBot/1.0; +claudebot@anthropic.com)"
216.73.216.20 - - [22/Aug/2026:07:45:25 +0800] "GET /72/?p=867 HTTP/1.1" 301 763 "-" "Mozilla/5.0 AppleWebKit/537.36 (KHTML, like Gecko; compatible; ClaudeBot/1.0; +claudebot@anthropic.com)"
216.73.216.20 - - [22/Aug/2026:07:45:25 +0800] "GET /57/?p=155 HTTP/1.1" 301 912 "-" "Mozilla/5.0 AppleWebKit/537.36 (KHTML, like Gecko; compatible; ClaudeBot/1.0; +claudebot@anthropic.com)"
216.73.216.20 - - [22/Aug/2026:07:45:25 +0800] "GET /57/2014/05/26/1030604-eta-rebekah-allison-in-guo-hua/ HTTP/1.1" 200 9940 "https://2blog.ilc.edu.tw/57/?p=199" "Mozilla/5.0 AppleWebKit/537.36 (KHTML, like Gecko; compatible; ClaudeBot/1.0; +claudebot@anthropic.com)"
216.73.216.20 - - [22/Aug/2026:07:45:25 +0800] "GET /72/2020/11/17/867/ HTTP/1.1" 200 9731 "https://2blog.ilc.edu.tw/72/?p=867" "Mozilla/5.0 AppleWebKit/537.36 (KHTML, like Gecko; compatible; ClaudeBot/1.0; +claudebot@anthropic.com)"
216.73.216.20 - - [22/Aug/2026:07:45:25 +0800] "GET /57/2013/11/01/1021126-%e5%88%b0%e6%a0%a1%e6%9c%8d%e5%8b%99%e6%9d%b1%e5%85%89%e5%9c%8b%e4%b8%ad%e8%a9%95%e9%87%8f%e6%a8%99%e6%ba%96%e5%af%a6%e5%8b%99%e5%88%86%e4%ba%ab/ HTTP/1.1" 200 10254 "https://2blog.ilc.edu.tw/57/?p=155" "Mozilla/5.0 AppleWebKit/537.36 (KHTML, like Gecko; compatible; ClaudeBot/1.0; +claudebot@anthropic.com)"
216.73.216.20 - - [22/Aug/2026:07:45:25 +0800] "GET /6325/wp-json/wp/v2/categories/36 HTTP/1.1" 200 1884 "-" "Mozilla/5.0 AppleWebKit/537.36 (KHTML, like Gecko; compatible; ClaudeBot/1.0; +claudebot@anthropic.com)"
216.73.216.20 - - [22/Aug/2026:07:45:25 +0800] "GET /1/?p=19346 HTTP/1.1" 301 983 "-" "Mozilla/5.0 AppleWebKit/537.36 (KHTML, like Gecko; compatible; ClaudeBot/1.0; +claudebot@anthropic.com)"
17.241.227.90 - - [22/Aug/2026:07:45:24 +0800] "GET /32745/2020/04/25/page/5/ HTTP/1.1" 200 91133 "-" "Mozilla/5.0 (Macintosh; Intel Mac OS X 10_15_7) AppleWebKit/605.1.15 (KHTML, like Gecko) Version/17.4 Safari/605.1.15 (Applebot/0.1; +http://www.apple.com/go/applebot)"
216.73.216.20 - - [22/Aug/2026:07:45:25 +0800] "GET /57/?p=183 HTTP/1.1" 301 876 "-" "Mozilla/5.0 AppleWebKit/537.36 (KHTML, like Gecko; compatible; ClaudeBot/1.0; +claudebot@anthropic.com)"
::1 - - [22/Aug/2026:07:45:26 +0800] "OPTIONS * HTTP/1.0" 200 110 "-" "Apache/2.4.68 (Ubuntu) OpenSSL/3.0.19 (internal dummy connection)"
216.73.216.20 - - [22/Aug/2026:07:45:26 +0800] "GET /1/2021/09/14/%e8%bd%89%e7%9f%a5%e5%9c%8b%e7%ab%8b%e6%9d%b1%e8%8f%af%e5%a4%a7%e5%ad%b8%e8%be%a6%e7%90%86%e3%80%8c%e5%85%a8%e5%9c%8b%e5%9c%8b%e6%b0%91%e5%b0%8f%e5%ad%b8%e6%95%99%e5%b8%ab%e7%a0%94%e7%bf%92%e3%80%8d/ HTTP/1.1" 200 16414 "https://2blog.ilc.edu.tw/1/?p=19346" "Mozilla/5.0 AppleWebKit/537.36 (KHTML, like Gecko; compatible; ClaudeBot/1.0; +claudebot@anthropic.com)"
216.73.216.20 - - [22/Aug/2026:07:45:26 +0800] "GET /57/?p=154 HTTP/1.1" 301 948 "-" "Mozilla/5.0 AppleWebKit/537.36 (KHTML, like Gecko; compatible; ClaudeBot/1.0; +claudebot@anthropic.com)"
216.73.216.20 - - [22/Aug/2026:07:45:26 +0800] "GET /57/2014/03/27/1030408-%e5%ad%b8%e7%94%9f%e5%ad%b8%e7%bf%92%e6%88%90%e5%b0%b1%e8%a9%95%e9%87%8f%e7%9f%a5%e8%83%bd%e7%a0%94%e7%bf%92/ HTTP/1.1" 200 10628 "https://2blog.ilc.edu.tw/57/?p=183" "Mozilla/5.0 AppleWebKit/537.36 (KHTML, like Gecko; compatible; ClaudeBot/1.0; +claudebot@anthropic.com)"
216.73.216.20 - - [22/Aug/2026:07:45:25 +0800] "GET /3642/wp-json/wp/v2/posts/2493 HTTP/1.1" 200 17053 "-" "Mozilla/5.0 AppleWebKit/537.36 (KHTML, like Gecko; compatible; ClaudeBot/1.0; +claudebot@anthropic.com)"
216.73.216.20 - - [22/Aug/2026:07:45:26 +0800] "GET /57/author/mengfang/feed/ HTTP/1.1" 200 1720 "-" "Mozilla/5.0 AppleWebKit/537.36 (KHTML, like Gecko; compatible; ClaudeBot/1.0; +claudebot@anthropic.com)"
216.73.216.20 - - [22/Aug/2026:07:45:26 +0800] "GET /57/2013/11/01/1021112-%e6%9c%89%e6%95%88%e6%95%99%e5%ad%b8%e5%a2%9e%e8%83%bd%e7%a0%94%e7%bf%92%e8%8a%b1%e8%93%ae%e7%b8%a3%e5%8c%96%e4%bb%81%e5%9c%8b%e4%b8%ad%e5%a4%ae%e5%9c%98%e8%bc%94%e5%b0%8e%e5%93%a1/ HTTP/1.1" 200 10518 "https://2blog.ilc.edu.tw/57/?p=154" "Mozilla/5.0 AppleWebKit/537.36 (KHTML, like Gecko; compatible; ClaudeBot/1.0; +claudebot@anthropic.com)"
216.73.216.20 - - [22/Aug/2026:07:45:26 +0800] "GET /5882/wp-json/wp/v2/posts/6581 HTTP/1.1" 200 35667 "-" "Mozilla/5.0 AppleWebKit/537.36 (KHTML, like Gecko; compatible; ClaudeBot/1.0; +claudebot@anthropic.com)"
216.73.216.20 - - [22/Aug/2026:07:45:26 +0800] "GET /57/?p=19 HTTP/1.1" 301 812 "-" "Mozilla/5.0 AppleWebKit/537.36 (KHTML, like Gecko; compatible; ClaudeBot/1.0; +claudebot@anthropic.com)"
216.73.216.20 - - [22/Aug/2026:07:45:26 +0800] "GET /tsesgenderequality/wp-json/oembed/1.0/embed HTTP/1.1" 400 1156 "-" "Mozilla/5.0 AppleWebKit/537.36 (KHTML, like Gecko; compatible; ClaudeBot/1.0; +claudebot@anthropic.com)"
216.73.216.20 - - [22/Aug/2026:07:45:26 +0800] "GET /57/2009/08/26/980826-%e8%bc%94%e5%b0%8e%e5%9c%98%e8%a8%8a%e6%81%af/ HTTP/1.1" 200 10030 "https://2blog.ilc.edu.tw/57/?p=19" "Mozilla/5.0 AppleWebKit/537.36 (KHTML, like Gecko; compatible; ClaudeBot/1.0; +claudebot@anthropic.com)"
216.73.216.20 - - [22/Aug/2026:07:45:26 +0800] "GET /6325/wp-json/wp/v2/categories/37 HTTP/1.1" 200 1884 "-" "Mozilla/5.0 AppleWebKit/537.36 (KHTML, like Gecko; compatible; ClaudeBot/1.0; +claudebot@anthropic.com)"
::1 - - [22/Aug/2026:07:45:27 +0800] "OPTIONS * HTTP/1.0" 200 110 "-" "Apache/2.4.68 (Ubuntu) OpenSSL/3.0.19 (internal dummy connection)"
216.73.216.20 - - [22/Aug/2026:07:45:26 +0800] "GET /57/?p=210 HTTP/1.1" 301 835 "-" "Mozilla/5.0 AppleWebKit/537.36 (KHTML, like Gecko; compatible; ClaudeBot/1.0; +claudebot@anthropic.com)"
216.73.216.20 - - [22/Aug/2026:07:45:27 +0800] "GET /57/?p=78 HTTP/1.1" 301 840 "-" "Mozilla/5.0 AppleWebKit/537.36 (KHTML, like Gecko; compatible; ClaudeBot/1.0; +claudebot@anthropic.com)"
216.73.216.20 - - [22/Aug/2026:07:45:27 +0800] "GET /57/?p=231 HTTP/1.1" 301 857 "-" "Mozilla/5.0 AppleWebKit/537.36 (KHTML, like Gecko; compatible; ClaudeBot/1.0; +claudebot@anthropic.com)"
216.73.216.20 - - [22/Aug/2026:07:45:27 +0800] "GET /57/2014/06/04/1030520-eeg-%e9%a0%92%e7%8d%8e%e6%9a%a8%e6%aa%a2%e8%a8%8e%e6%9c%83%e8%ad%b0/ HTTP/1.1" 200 9924 "https://2blog.ilc.edu.tw/57/?p=210" "Mozilla/5.0 AppleWebKit/537.36 (KHTML, like Gecko; compatible; ClaudeBot/1.0; +claudebot@anthropic.com)"
216.73.216.20 - - [22/Aug/2026:07:45:27 +0800] "GET /57/?p=255 HTTP/1.1" 301 839 "-" "Mozilla/5.0 AppleWebKit/537.36 (KHTML, like Gecko; compatible; ClaudeBot/1.0; +claudebot@anthropic.com)"
216.73.216.20 - - [22/Aug/2026:07:45:27 +0800] "GET /57/2012/10/06/21011005%e5%8f%ac%e9%9b%86%e4%ba%ba%e6%9a%a8%e5%a2%9e%e8%83%bd%e7%a0%94%e7%bf%92/ HTTP/1.1" 200 9822 "https://2blog.ilc.edu.tw/57/?p=78" "Mozilla/5.0 AppleWebKit/537.36 (KHTML, like Gecko; compatible; ClaudeBot/1.0; +claudebot@anthropic.com)"
100.55.60.118 - - [22/Aug/2026:07:45:23 +0800] "GET /terraform/.env HTTP/1.1" 404 54876 "-" "Mozilla/5.0 (Windows NT 10.0; Win64; x64) AppleWebKit/537.36 (KHTML, like Gecko) Chrome/131.0.0.0 Safari/537.36"
1.169.35.50 - - [22/Aug/2026:07:45:27 +0800] "GET / HTTP/1.1" 200 30637 "https://www.google.com/" "Mozilla/5.0 (iPhone; CPU iPhone OS 26_3_0 like Mac OS X) AppleWebKit/605.1.15 (KHTML, like Gecko) CriOS/146.0.7680.40 Mobile/15E148 Safari/604.1"
216.73.216.20 - - [22/Aug/2026:07:45:27 +0800] "GET /57/2015/04/03/1040323%ef%bc%bb%e4%b9%9d%e8%b2%ab%e8%a8%aa%e8%a6%96%ef%bc%bd%e7%a4%81%e6%ba%aa%e5%9c%8b%e4%b8%ad/ HTTP/1.1" 200 9889 "https://2blog.ilc.edu.tw/57/?p=231" "Mozilla/5.0 AppleWebKit/537.36 (KHTML, like Gecko; compatible; ClaudeBot/1.0; +claudebot@anthropic.com)"
1.169.35.50 - - [22/Aug/2026:07:45:27 +0800] "GET /wp-content/cache/www.pces.ilc.edu.tw/wpfc-minified/8m0o15xc/6vo4.css HTTP/1.1" 200 40894 "https://www.pces.ilc.edu.tw/" "Mozilla/5.0 (iPhone; CPU iPhone OS 26_3_0 like Mac OS X) AppleWebKit/605.1.15 (KHTML, like Gecko) CriOS/146.0.7680.40 Mobile/15E148 Safari/604.1"
1.169.35.50 - - [22/Aug/2026:07:45:27 +0800] "GET /wp-content/cache/www.pces.ilc.edu.tw/wpfc-minified/2qbg3bbr/6vo4.css HTTP/1.1" 200 25131 "https://www.pces.ilc.edu.tw/" "Mozilla/5.0 (iPhone; CPU iPhone OS 26_3_0 like Mac OS X) AppleWebKit/605.1.15 (KHTML, like Gecko) CriOS/146.0.7680.40 Mobile/15E148 Safari/604.1"
1.169.35.50 - - [22/Aug/2026:07:45:27 +0800] "GET /wp-content/cache/www.pces.ilc.edu.tw/wpfc-minified/8vg91md5/6vo4.css HTTP/1.1" 200 20582 "https://www.pces.ilc.edu.tw/" "Mozilla/5.0 (iPhone; CPU iPhone OS 26_3_0 like Mac OS X) AppleWebKit/605.1.15 (KHTML, like Gecko) CriOS/146.0.7680.40 Mobile/15E148 Safari/604.1"
1.169.35.50 - - [22/Aug/2026:07:45:27 +0800] "GET /wp-content/cache/www.pces.ilc.edu.tw/wpfc-minified/kd9ooq0r/6vo4.js HTTP/1.1" 200 40358 "https://www.pces.ilc.edu.tw/" "Mozilla/5.0 (iPhone; CPU iPhone OS 26_3_0 like Mac OS X) AppleWebKit/605.1.15 (KHTML, like Gecko) CriOS/146.0.7680.40 Mobile/15E148 Safari/604.1"
1.169.35.50 - - [22/Aug/2026:07:45:27 +0800] "GET /wp-content/uploads/sites/1663/elementor/css/post-138.css HTTP/1.1" 200 939 "https://www.pces.ilc.edu.tw/" "Mozilla/5.0 (iPhone; CPU iPhone OS 26_3_0 like Mac OS X) AppleWebKit/605.1.15 (KHTML, like Gecko) CriOS/146.0.7680.40 Mobile/15E148 Safari/604.1"
216.73.216.20 - - [22/Aug/2026:07:45:27 +0800] "GET /57/2016/05/10/1050502%ef%bc%bb%e4%b9%9d%e8%b2%ab%e8%a8%aa%e8%a6%96%ef%bc%bd%e8%98%87%e6%be%b3/ HTTP/1.1" 200 9896 "https://2blog.ilc.edu.tw/57/?p=255" "Mozilla/5.0 AppleWebKit/537.36 (KHTML, like Gecko; compatible; ClaudeBot/1.0; +claudebot@anthropic.com)"
1.169.35.50 - - [22/Aug/2026:07:45:27 +0800] "GET /wp-content/cache/www.pces.ilc.edu.tw/wpfc-minified/k0e58tkr/6vo4.css HTTP/1.1" 200 9635 "https://www.pces.ilc.edu.tw/" "Mozilla/5.0 (iPhone; CPU iPhone OS 26_3_0 like Mac OS X) AppleWebKit/605.1.15 (KHTML, like Gecko) CriOS/146.0.7680.40 Mobile/15E148 Safari/604.1"
1.169.35.50 - - [22/Aug/2026:07:45:27 +0800] "GET /wp-content/uploads/sites/1663/2025/10/%E9%B4%A8%E6%AF%94.png HTTP/1.1" 200 110834 "https://www.pces.ilc.edu.tw/" "Mozilla/5.0 (iPhone; CPU iPhone OS 26_3_0 like Mac OS X) AppleWebKit/605.1.15 (KHTML, like Gecko) CriOS/146.0.7680.40 Mobile/15E148 Safari/604.1"
1.169.35.50 - - [22/Aug/2026:07:45:27 +0800] "GET /wp-content/cache/www.pces.ilc.edu.tw/wpfc-minified/2yp3jown/6vo4.css HTTP/1.1" 200 5962 "https://www.pces.ilc.edu.tw/" "Mozilla/5.0 (iPhone; CPU iPhone OS 26_3_0 like Mac OS X) AppleWebKit/605.1.15 (KHTML, like Gecko) CriOS/146.0.7680.40 Mobile/15E148 Safari/604.1"
1.169.35.50 - - [22/Aug/2026:07:45:27 +0800] "GET /wp-content/uploads/sites/1663/elementor/css/post-95.css HTTP/1.1" 200 1268 "https://www.pces.ilc.edu.tw/" "Mozilla/5.0 (iPhone; CPU iPhone OS 26_3_0 like Mac OS X) AppleWebKit/605.1.15 (KHTML, like Gecko) CriOS/146.0.7680.40 Mobile/15E148 Safari/604.1"
1.169.35.50 - - [22/Aug/2026:07:45:27 +0800] "GET /wp-content/cache/www.pces.ilc.edu.tw/wpfc-minified/drbl7s7o/6vo4.css HTTP/1.1" 200 59079 "https://www.pces.ilc.edu.tw/" "Mozilla/5.0 (iPhone; CPU iPhone OS 26_3_0 like Mac OS X) AppleWebKit/605.1.15 (KHTML, like Gecko) CriOS/146.0.7680.40 Mobile/15E148 Safari/604.1"
216.73.216.20 - - [22/Aug/2026:07:45:27 +0800] "GET /57/wp-json/wp/v2/users/2562 HTTP/1.1" 200 1583 "-" "Mozilla/5.0 AppleWebKit/537.36 (KHTML, like Gecko; compatible; ClaudeBot/1.0; +claudebot@anthropic.com)"
1.169.35.50 - - [22/Aug/2026:07:45:27 +0800] "GET /wp-includes/js/hoverintent-js.min.js HTTP/1.1" 200 1597 "https://www.pces.ilc.edu.tw/" "Mozilla/5.0 (iPhone; CPU iPhone OS 26_3_0 like Mac OS X) AppleWebKit/605.1.15 (KHTML, like Gecko) CriOS/146.0.7680.40 Mobile/15E148 Safari/604.1"
1.169.35.50 - - [22/Aug/2026:07:45:27 +0800] "GET /wp-includes/js/admin-bar.min.js HTTP/1.1" 200 2237 "https://www.pces.ilc.edu.tw/" "Mozilla/5.0 (iPhone; CPU iPhone OS 26_3_0 like Mac OS X) AppleWebKit/605.1.15 (KHTML, like Gecko) CriOS/146.0.7680.40 Mobile/15E148 Safari/604.1"
1.169.35.50 - - [22/Aug/2026:07:45:27 +0800] "GET /wp-content/cache/www.pces.ilc.edu.tw/wpfc-minified/max6ug5s/6vo4.css HTTP/1.1" 200 47303 "https://www.pces.ilc.edu.tw/" "Mozilla/5.0 (iPhone; CPU iPhone OS 26_3_0 like Mac OS X) AppleWebKit/605.1.15 (KHTML, like Gecko) CriOS/146.0.7680.40 Mobile/15E148 Safari/604.1"
1.169.35.50 - - [22/Aug/2026:07:45:27 +0800] "GET /wp-includes/js/imagesloaded.min.js HTTP/1.1" 200 2683 "https://www.pces.ilc.edu.tw/" "Mozilla/5.0 (iPhone; CPU iPhone OS 26_3_0 like Mac OS X) AppleWebKit/605.1.15 (KHTML, like Gecko) CriOS/146.0.7680.40 Mobile/15E148 Safari/604.1"
1.169.35.50 - - [22/Aug/2026:07:45:27 +0800] "GET /wp-content/themes/oceanwp/assets/js/theme.min.js HTTP/1.1" 200 5130 "https://www.pces.ilc.edu.tw/" "Mozilla/5.0 (iPhone; CPU iPhone OS 26_3_0 like Mac OS X) AppleWebKit/605.1.15 (KHTML, like Gecko) CriOS/146.0.7680.40 Mobile/15E148 Safari/604.1"
74.7.243.227 - - [22/Aug/2026:07:45:27 +0800] "GET /scweb/ereport/images/IMG_9048.JPG HTTP/1.1" 404 69148 "https://2blog.ilc.edu.tw" "Mozilla/5.0 AppleWebKit/537.36 (KHTML, like Gecko; compatible; GPTBot/1.4; +https://openai.com/gptbot)"
1.169.35.50 - - [22/Aug/2026:07:45:27 +0800] "GET /wp-content/themes/oceanwp/assets/js/drop-down-search.min.js HTTP/1.1" 200 2968 "https://www.pces.ilc.edu.tw/" "Mozilla/5.0 (iPhone; CPU iPhone OS 26_3_0 like Mac OS X) AppleWebKit/605.1.15 (KHTML, like Gecko) CriOS/146.0.7680.40 Mobile/15E148 Safari/604.1"
1.169.35.50 - - [22/Aug/2026:07:45:27 +0800] "GET /wp-content/themes/oceanwp/assets/js/ow-lightbox.min.js HTTP/1.1" 200 2321 "https://www.pces.ilc.edu.tw/" "Mozilla/5.0 (iPhone; CPU iPhone OS 26_3_0 like Mac OS X) AppleWebKit/605.1.15 (KHTML, like Gecko) CriOS/146.0.7680.40 Mobile/15E148 Safari/604.1"
1.169.35.50 - - [22/Aug/2026:07:45:27 +0800] "GET /wp-content/themes/oceanwp/assets/js/ow-slider.min.js HTTP/1.1" 200 1761 "https://www.pces.ilc.edu.tw/" "Mozilla/5.0 (iPhone; CPU iPhone OS 26_3_0 like Mac OS X) AppleWebKit/605.1.15 (KHTML, like Gecko) CriOS/146.0.7680.40 Mobile/15E148 Safari/604.1"
1.169.35.50 - - [22/Aug/2026:07:45:27 +0800] "GET /wp-content/themes/oceanwp/assets/js/vendors/flickity.pkgd.min.js HTTP/1.1" 200 15048 "https://www.pces.ilc.edu.tw/" "Mozilla/5.0 (iPhone; CPU iPhone OS 26_3_0 like Mac OS X) AppleWebKit/605.1.15 (KHTML, like Gecko) CriOS/146.0.7680.40 Mobile/15E148 Safari/604.1"
216.73.216.20 - - [22/Aug/2026:07:45:27 +0800] "GET /24435/wp-login.php?action=lostpassword HTTP/1.1" 200 3607 "-" "Mozilla/5.0 AppleWebKit/537.36 (KHTML, like Gecko; compatible; ClaudeBot/1.0; +claudebot@anthropic.com)"
1.169.35.50 - - [22/Aug/2026:07:45:27 +0800] "GET /wp-content/themes/oceanwp/assets/js/scroll-top.min.js HTTP/1.1" 200 3202 "https://www.pces.ilc.edu.tw/" "Mozilla/5.0 (iPhone; CPU iPhone OS 26_3_0 like Mac OS X) AppleWebKit/605.1.15 (KHTML, like Gecko) CriOS/146.0.7680.40 Mobile/15E148 Safari/604.1"
1.169.35.50 - - [22/Aug/2026:07:45:27 +0800] "GET /wp-content/themes/oceanwp/assets/js/scroll-effect.min.js HTTP/1.1" 200 4127 "https://www.pces.ilc.edu.tw/" "Mozilla/5.0 (iPhone; CPU iPhone OS 26_3_0 like Mac OS X) AppleWebKit/605.1.15 (KHTML, like Gecko) CriOS/146.0.7680.40 Mobile/15E148 Safari/604.1"
1.169.35.50 - - [22/Aug/2026:07:45:27 +0800] "GET /wp-content/themes/oceanwp/assets/js/select.min.js HTTP/1.1" 200 2408 "https://www.pces.ilc.edu.tw/" "Mozilla/5.0 (iPhone; CPU iPhone OS 26_3_0 like Mac OS X) AppleWebKit/605.1.15 (KHTML, like Gecko) CriOS/146.0.7680.40 Mobile/15E148 Safari/604.1"
1.169.35.50 - - [22/Aug/2026:07:45:27 +0800] "GET /wp-content/plugins/elementor-pro/assets/js/webpack-pro.runtime.min.js HTTP/1.1" 200 3562 "https://www.pces.ilc.edu.tw/" "Mozilla/5.0 (iPhone; CPU iPhone OS 26_3_0 like Mac OS X) AppleWebKit/605.1.15 (KHTML, like Gecko) CriOS/146.0.7680.40 Mobile/15E148 Safari/604.1"
1.169.35.50 - - [22/Aug/2026:07:45:27 +0800] "GET /wp-includes/js/dist/hooks.min.js HTTP/1.1" 200 2421 "https://www.pces.ilc.edu.tw/" "Mozilla/5.0 (iPhone; CPU iPhone OS 26_3_0 like Mac OS X) AppleWebKit/605.1.15 (KHTML, like Gecko) CriOS/146.0.7680.40 Mobile/15E148 Safari/604.1"
1.169.35.50 - - [22/Aug/2026:07:45:27 +0800] "GET /wp-content/plugins/elementor-pro/assets/js/frontend.min.js HTTP/1.1" 200 7574 "https://www.pces.ilc.edu.tw/" "Mozilla/5.0 (iPhone; CPU iPhone OS 26_3_0 like Mac OS X) AppleWebKit/605.1.15 (KHTML, like Gecko) CriOS/146.0.7680.40 Mobile/15E148 Safari/604.1"
1.169.35.50 - - [22/Aug/2026:07:45:27 +0800] "GET /wp-content/plugins/elementor/assets/js/webpack.runtime.min.js HTTP/1.1" 200 3095 "https://www.pces.ilc.edu.tw/" "Mozilla/5.0 (iPhone; CPU iPhone OS 26_3_0 like Mac OS X) AppleWebKit/605.1.15 (KHTML, like Gecko) CriOS/146.0.7680.40 Mobile/15E148 Safari/604.1"
1.169.35.50 - - [22/Aug/2026:07:45:27 +0800] "GET /wp-content/plugins/elementor/assets/js/frontend-modules.min.js HTTP/1.1" 200 19416 "https://www.pces.ilc.edu.tw/" "Mozilla/5.0 (iPhone; CPU iPhone OS 26_3_0 like Mac OS X) AppleWebKit/605.1.15 (KHTML, like Gecko) CriOS/146.0.7680.40 Mobile/15E148 Safari/604.1"
1.169.35.50 - - [22/Aug/2026:07:45:27 +0800] "GET /wp-content/plugins/elementor/assets/lib/waypoints/waypoints.min.js HTTP/1.1" 200 3873 "https://www.pces.ilc.edu.tw/" "Mozilla/5.0 (iPhone; CPU iPhone OS 26_3_0 like Mac OS X) AppleWebKit/605.1.15 (KHTML, like Gecko) CriOS/146.0.7680.40 Mobile/15E148 Safari/604.1"
1.169.35.50 - - [22/Aug/2026:07:45:27 +0800] "GET /wp-includes/js/jquery/ui/core.min.js HTTP/1.1" 200 7986 "https://www.pces.ilc.edu.tw/" "Mozilla/5.0 (iPhone; CPU iPhone OS 26_3_0 like Mac OS X) AppleWebKit/605.1.15 (KHTML, like Gecko) CriOS/146.0.7680.40 Mobile/15E148 Safari/604.1"
1.169.35.50 - - [22/Aug/2026:07:45:27 +0800] "GET /wp-content/plugins/elementor-pro/assets/js/elements-handlers.min.js HTTP/1.1" 200 10882 "https://www.pces.ilc.edu.tw/" "Mozilla/5.0 (iPhone; CPU iPhone OS 26_3_0 like Mac OS X) AppleWebKit/605.1.15 (KHTML, like Gecko) CriOS/146.0.7680.40 Mobile/15E148 Safari/604.1"
1.169.35.50 - - [22/Aug/2026:07:45:27 +0800] "GET /wp-content/plugins/elementor/assets/js/frontend.min.js HTTP/1.1" 200 13169 "https://www.pces.ilc.edu.tw/" "Mozilla/5.0 (iPhone; CPU iPhone OS 26_3_0 like Mac OS X) AppleWebKit/605.1.15 (KHTML, like Gecko) CriOS/146.0.7680.40 Mobile/15E148 Safari/604.1"
1.169.35.50 - - [22/Aug/2026:07:45:27 +0800] "GET /wp-content/uploads/sites/1663/2026/02/%E5%8F%B0%E6%97%A5%E4%BA%A4%E6%B5%81%E5%BE%BD%E7%AB%A02025-2.png HTTP/1.1" 200 125580 "https://www.pces.ilc.edu.tw/" "Mozilla/5.0 (iPhone; CPU iPhone OS 26_3_0 like Mac OS X) AppleWebKit/605.1.15 (KHTML, like Gecko) CriOS/146.0.7680.40 Mobile/15E148 Safari/604.1"
1.169.35.50 - - [22/Aug/2026:07:45:27 +0800] "GET /wp-content/uploads/sites/1663/2020/08/%E8%9E%A2%E5%B9%95%E6%93%B7%E5%8F%96%E7%95%AB%E9%9D%A2-2025-08-01-132210.png HTTP/1.1" 200 106748 "https://www.pces.ilc.edu.tw/" "Mozilla/5.0 (iPhone; CPU iPhone OS 26_3_0 like Mac OS X) AppleWebKit/605.1.15 (KHTML, like Gecko) CriOS/146.0.7680.40 Mobile/15E148 Safari/604.1"
216.73.216.20 - - [22/Aug/2026:07:45:27 +0800] "GET /6325/category/c-20801/ HTTP/1.1" 200 11392 "-" "Mozilla/5.0 AppleWebKit/537.36 (KHTML, like Gecko; compatible; ClaudeBot/1.0; +claudebot@anthropic.com)"
2001:288:a201::66:125 - - [22/Aug/2026:07:45:28 +0800] "GET /blog/active.php HTTP/1.1" 301 1026 "-" "-"
2001:288:a201::66:125 - - [22/Aug/2026:07:45:28 +0800] "GET /blog/active.php HTTP/1.1" 404 1084 "-" "-"
1.169.35.50 - - [22/Aug/2026:07:45:28 +0800] "GET /favicon.ico HTTP/1.1" 302 5863 "-" "Mozilla/5.0 (iPhone; CPU iPhone OS 26_3_0 like Mac OS X) AppleWebKit/605.1.15 (KHTML, like Gecko) CriOS/146.0.7680.40 Mobile/15E148 Safari/604.1"
