2407:4b00:4c0a:8944:964:78f0:fce6:43db - - [22/Aug/2026:07:42:13 +0800] "GET /wp-content/uploads/sites/449/21820/21820-2261462.jpg HTTP/1.1" 200 8980 "https://www.tces.ilc.edu.tw/" "Mozilla/5.0 (Windows NT 10.0; Win64; x64) AppleWebKit/537.36 (KHTML, like Gecko) Chrome/151.0.0.0 Safari/537.36"
2407:4b00:4c0a:8944:964:78f0:fce6:43db - - [22/Aug/2026:07:42:13 +0800] "GET /wp-includes/js/hoverintent-js.min.js HTTP/1.1" 200 1597 "https://www.tces.ilc.edu.tw/" "Mozilla/5.0 (Windows NT 10.0; Win64; x64) AppleWebKit/537.36 (KHTML, like Gecko) Chrome/151.0.0.0 Safari/537.36"
2407:4b00:4c0a:8944:964:78f0:fce6:43db - - [22/Aug/2026:07:42:13 +0800] "GET /wp-includes/js/imagesloaded.min.js HTTP/1.1" 200 7486 "https://www.tces.ilc.edu.tw/" "Mozilla/5.0 (Windows NT 10.0; Win64; x64) AppleWebKit/537.36 (KHTML, like Gecko) Chrome/151.0.0.0 Safari/537.36"
2407:4b00:4c0a:8944:964:78f0:fce6:43db - - [22/Aug/2026:07:42:13 +0800] "GET /wp-includes/js/admin-bar.min.js HTTP/1.1" 200 2237 "https://www.tces.ilc.edu.tw/" "Mozilla/5.0 (Windows NT 10.0; Win64; x64) AppleWebKit/537.36 (KHTML, like Gecko) Chrome/151.0.0.0 Safari/537.36"
2407:4b00:4c0a:8944:964:78f0:fce6:43db - - [22/Aug/2026:07:42:13 +0800] "GET /wp-content/themes/oceanwp/assets/js/theme.min.js HTTP/1.1" 200 9933 "https://www.tces.ilc.edu.tw/" "Mozilla/5.0 (Windows NT 10.0; Win64; x64) AppleWebKit/537.36 (KHTML, like Gecko) Chrome/151.0.0.0 Safari/537.36"
2407:4b00:4c0a:8944:964:78f0:fce6:43db - - [22/Aug/2026:07:42:13 +0800] "GET /wp-content/themes/oceanwp/assets/js/drop-down-mobile-menu.min.js HTTP/1.1" 200 4663 "https://www.tces.ilc.edu.tw/" "Mozilla/5.0 (Windows NT 10.0; Win64; x64) AppleWebKit/537.36 (KHTML, like Gecko) Chrome/151.0.0.0 Safari/537.36"
2407:4b00:4c0a:8944:964:78f0:fce6:43db - - [22/Aug/2026:07:42:13 +0800] "GET /wp-content/themes/oceanwp/assets/js/drop-down-search.min.js HTTP/1.1" 200 2968 "https://www.tces.ilc.edu.tw/" "Mozilla/5.0 (Windows NT 10.0; Win64; x64) AppleWebKit/537.36 (KHTML, like Gecko) Chrome/151.0.0.0 Safari/537.36"
2407:4b00:4c0a:8944:964:78f0:fce6:43db - - [22/Aug/2026:07:42:13 +0800] "GET /wp-content/themes/oceanwp/assets/js/ow-lightbox.min.js HTTP/1.1" 200 2321 "https://www.tces.ilc.edu.tw/" "Mozilla/5.0 (Windows NT 10.0; Win64; x64) AppleWebKit/537.36 (KHTML, like Gecko) Chrome/151.0.0.0 Safari/537.36"
2407:4b00:4c0a:8944:964:78f0:fce6:43db - - [22/Aug/2026:07:42:13 +0800] "GET /wp-content/themes/oceanwp/assets/js/vendors/magnific-popup.min.js HTTP/1.1" 200 8270 "https://www.tces.ilc.edu.tw/" "Mozilla/5.0 (Windows NT 10.0; Win64; x64) AppleWebKit/537.36 (KHTML, like Gecko) Chrome/151.0.0.0 Safari/537.36"
2407:4b00:4c0a:8944:964:78f0:fce6:43db - - [22/Aug/2026:07:42:13 +0800] "GET /wp-content/uploads/sites/449/21820/21820-3606001.jpg HTTP/1.1" 200 573252 "https://www.tces.ilc.edu.tw/" "Mozilla/5.0 (Windows NT 10.0; Win64; x64) AppleWebKit/537.36 (KHTML, like Gecko) Chrome/151.0.0.0 Safari/537.36"
2407:4b00:4c0a:8944:964:78f0:fce6:43db - - [22/Aug/2026:07:42:13 +0800] "GET /wp-content/themes/oceanwp/assets/js/vendors/flickity.pkgd.min.js HTTP/1.1" 200 15048 "https://www.tces.ilc.edu.tw/" "Mozilla/5.0 (Windows NT 10.0; Win64; x64) AppleWebKit/537.36 (KHTML, like Gecko) Chrome/151.0.0.0 Safari/537.36"
2407:4b00:4c0a:8944:964:78f0:fce6:43db - - [22/Aug/2026:07:42:13 +0800] "GET /wp-content/themes/oceanwp/assets/js/ow-slider.min.js HTTP/1.1" 200 1761 "https://www.tces.ilc.edu.tw/" "Mozilla/5.0 (Windows NT 10.0; Win64; x64) AppleWebKit/537.36 (KHTML, like Gecko) Chrome/151.0.0.0 Safari/537.36"
2407:4b00:4c0a:8944:964:78f0:fce6:43db - - [22/Aug/2026:07:42:13 +0800] "GET /wp-content/uploads/sites/449/21820/21820-1360244.png HTTP/1.1" 200 19035 "https://www.tces.ilc.edu.tw/" "Mozilla/5.0 (Windows NT 10.0; Win64; x64) AppleWebKit/537.36 (KHTML, like Gecko) Chrome/151.0.0.0 Safari/537.36"
2407:4b00:4c0a:8944:964:78f0:fce6:43db - - [22/Aug/2026:07:42:13 +0800] "GET /wp-content/uploads/sites/449/21820/21820-4004347.jpg HTTP/1.1" 200 22156 "https://www.tces.ilc.edu.tw/" "Mozilla/5.0 (Windows NT 10.0; Win64; x64) AppleWebKit/537.36 (KHTML, like Gecko) Chrome/151.0.0.0 Safari/537.36"
2407:4b00:4c0a:8944:964:78f0:fce6:43db - - [22/Aug/2026:07:42:13 +0800] "GET /wp-content/themes/oceanwp/assets/fonts/fontawesome/webfonts/fa-solid-900.woff2 HTTP/1.1" 200 151246 "https://www.tces.ilc.edu.tw/wp-content/cache/www.tces.ilc.edu.tw/wpfc-minified/mcjcx99s/77oe.css" "Mozilla/5.0 (Windows NT 10.0; Win64; x64) AppleWebKit/537.36 (KHTML, like Gecko) Chrome/151.0.0.0 Safari/537.36"
18.117.75.156 - - [22/Aug/2026:07:42:13 +0800] "GET /notify/.env HTTP/1.1" 404 50836 "-" "Mozilla/5.0 (Macintosh; Intel Mac OS X 10_15_7) AppleWebKit/537.36 (KHTML, like Gecko) Chrome/131.0.0.0 Safari/537.36"
34.215.240.225 - - [22/Aug/2026:07:42:13 +0800] "GET /kafka/.env HTTP/1.1" 404 54906 "-" "Mozilla/5.0 (Windows NT 10.0; Win64; x64) AppleWebKit/537.36 (KHTML, like Gecko) Chrome/131.0.0.0 Safari/537.36"
2407:4b00:4c0a:8944:964:78f0:fce6:43db - - [22/Aug/2026:07:42:14 +0800] "GET /wp-content/uploads/sites/449/2024/06/%E9%A0%AD%E5%9F%8E%E5%9C%8B%E5%B0%8F%E5%B9%B3%E9%9D%A2%E9%85%8D%E7%BD%AE%E5%9C%961130516.jpg HTTP/1.1" 200 15544 "https://www.tces.ilc.edu.tw/" "Mozilla/5.0 (Windows NT 10.0; Win64; x64) AppleWebKit/537.36 (KHTML, like Gecko) Chrome/151.0.0.0 Safari/537.36"
2407:4b00:4c0a:8944:964:78f0:fce6:43db - - [22/Aug/2026:07:42:14 +0800] "GET /wp-content/themes/oceanwp/assets/js/scroll-effect.min.js HTTP/1.1" 200 4127 "https://www.tces.ilc.edu.tw/" "Mozilla/5.0 (Windows NT 10.0; Win64; x64) AppleWebKit/537.36 (KHTML, like Gecko) Chrome/151.0.0.0 Safari/537.36"
2407:4b00:4c0a:8944:964:78f0:fce6:43db - - [22/Aug/2026:07:42:14 +0800] "GET /wp-content/themes/oceanwp/assets/js/scroll-top.min.js HTTP/1.1" 200 3202 "https://www.tces.ilc.edu.tw/" "Mozilla/5.0 (Windows NT 10.0; Win64; x64) AppleWebKit/537.36 (KHTML, like Gecko) Chrome/151.0.0.0 Safari/537.36"
100.55.60.118 - - [22/Aug/2026:07:42:12 +0800] "GET /local/.env HTTP/1.1" 404 50084 "-" "Mozilla/5.0 (Windows NT 10.0; Win64; x64) AppleWebKit/537.36 (KHTML, like Gecko) Chrome/131.0.0.0 Safari/537.36"
2407:4b00:4c0a:8944:964:78f0:fce6:43db - - [22/Aug/2026:07:42:14 +0800] "GET /wp-content/themes/oceanwp/assets/js/select.min.js HTTP/1.1" 200 2408 "https://www.tces.ilc.edu.tw/" "Mozilla/5.0 (Windows NT 10.0; Win64; x64) AppleWebKit/537.36 (KHTML, like Gecko) Chrome/151.0.0.0 Safari/537.36"
2407:4b00:4c0a:8944:964:78f0:fce6:43db - - [22/Aug/2026:07:42:14 +0800] "GET /wp-content/plugins/ocean-extra/includes/widgets/js/flickr.min.js HTTP/1.1" 200 1319 "https://www.tces.ilc.edu.tw/" "Mozilla/5.0 (Windows NT 10.0; Win64; x64) AppleWebKit/537.36 (KHTML, like Gecko) Chrome/151.0.0.0 Safari/537.36"
2407:4b00:4c0a:8944:964:78f0:fce6:43db - - [22/Aug/2026:07:42:14 +0800] "GET /wp-content/uploads/sites/449/21820/21820-2491341.jpg HTTP/1.1" 200 5608 "https://www.tces.ilc.edu.tw/" "Mozilla/5.0 (Windows NT 10.0; Win64; x64) AppleWebKit/537.36 (KHTML, like Gecko) Chrome/151.0.0.0 Safari/537.36"
2407:4b00:4c0a:8944:964:78f0:fce6:43db - - [22/Aug/2026:07:42:14 +0800] "GET /wp-content/uploads/sites/449/21820/21820-2387377.png HTTP/1.1" 200 14622 "https://www.tces.ilc.edu.tw/" "Mozilla/5.0 (Windows NT 10.0; Win64; x64) AppleWebKit/537.36 (KHTML, like Gecko) Chrome/151.0.0.0 Safari/537.36"
2407:4b00:4c0a:8944:964:78f0:fce6:43db - - [22/Aug/2026:07:42:13 +0800] "GET /wp-content/uploads/sites/449/2024/04/County.png HTTP/1.1" 200 686382 "https://www.tces.ilc.edu.tw/" "Mozilla/5.0 (Windows NT 10.0; Win64; x64) AppleWebKit/537.36 (KHTML, like Gecko) Chrome/151.0.0.0 Safari/537.36"
2407:4b00:4c0a:8944:964:78f0:fce6:43db - - [22/Aug/2026:07:42:14 +0800] "GET /wp-content/uploads/sites/449/2020/08/108.jpg HTTP/1.1" 200 23557 "https://www.tces.ilc.edu.tw/" "Mozilla/5.0 (Windows NT 10.0; Win64; x64) AppleWebKit/537.36 (KHTML, like Gecko) Chrome/151.0.0.0 Safari/537.36"
2407:4b00:4c0a:8944:964:78f0:fce6:43db - - [22/Aug/2026:07:42:14 +0800] "GET /wp-content/uploads/sites/449/2026/04/%E8%9E%A2%E5%B9%95%E6%93%B7%E5%8F%96%E7%95%AB%E9%9D%A2-2026-04-28-102701.png HTTP/1.1" 200 18603 "https://www.tces.ilc.edu.tw/" "Mozilla/5.0 (Windows NT 10.0; Win64; x64) AppleWebKit/537.36 (KHTML, like Gecko) Chrome/151.0.0.0 Safari/537.36"
2407:4b00:4c0a:8944:964:78f0:fce6:43db - - [22/Aug/2026:07:42:14 +0800] "GET /wp-content/uploads/sites/449/2024/09/2024-09-23_090802.png HTTP/1.1" 200 55018 "https://www.tces.ilc.edu.tw/" "Mozilla/5.0 (Windows NT 10.0; Win64; x64) AppleWebKit/537.36 (KHTML, like Gecko) Chrome/151.0.0.0 Safari/537.36"
2407:4b00:4c0a:8944:964:78f0:fce6:43db - - [22/Aug/2026:07:42:14 +0800] "GET /wp-content/uploads/sites/449/21820/21820-1360226.gif HTTP/1.1" 200 11727 "https://www.tces.ilc.edu.tw/" "Mozilla/5.0 (Windows NT 10.0; Win64; x64) AppleWebKit/537.36 (KHTML, like Gecko) Chrome/151.0.0.0 Safari/537.36"
2407:4b00:4c0a:8944:964:78f0:fce6:43db - - [22/Aug/2026:07:42:14 +0800] "GET /wp-content/uploads/sites/449/21820/21820-1360228.jpg HTTP/1.1" 200 7128 "https://www.tces.ilc.edu.tw/" "Mozilla/5.0 (Windows NT 10.0; Win64; x64) AppleWebKit/537.36 (KHTML, like Gecko) Chrome/151.0.0.0 Safari/537.36"
2407:4b00:4c0a:8944:964:78f0:fce6:43db - - [22/Aug/2026:07:42:14 +0800] "GET /wp-content/uploads/sites/449/21820/21820-1360234.jpg HTTP/1.1" 200 6013 "https://www.tces.ilc.edu.tw/" "Mozilla/5.0 (Windows NT 10.0; Win64; x64) AppleWebKit/537.36 (KHTML, like Gecko) Chrome/151.0.0.0 Safari/537.36"
2407:4b00:4c0a:8944:964:78f0:fce6:43db - - [22/Aug/2026:07:42:14 +0800] "GET /wp-content/uploads/sites/449/21820/21820-1360229.jpg HTTP/1.1" 200 10265 "https://www.tces.ilc.edu.tw/" "Mozilla/5.0 (Windows NT 10.0; Win64; x64) AppleWebKit/537.36 (KHTML, like Gecko) Chrome/151.0.0.0 Safari/537.36"
2407:4b00:4c0a:8944:964:78f0:fce6:43db - - [22/Aug/2026:07:42:14 +0800] "GET /wp-content/uploads/sites/449/21820/21820-1360233.jpg HTTP/1.1" 200 6545 "https://www.tces.ilc.edu.tw/" "Mozilla/5.0 (Windows NT 10.0; Win64; x64) AppleWebKit/537.36 (KHTML, like Gecko) Chrome/151.0.0.0 Safari/537.36"
2407:4b00:4c0a:8944:964:78f0:fce6:43db - - [22/Aug/2026:07:42:14 +0800] "GET /wp-content/uploads/sites/449/21820/21820-1360241.png HTTP/1.1" 200 12553 "https://www.tces.ilc.edu.tw/" "Mozilla/5.0 (Windows NT 10.0; Win64; x64) AppleWebKit/537.36 (KHTML, like Gecko) Chrome/151.0.0.0 Safari/537.36"
2407:4b00:4c0a:8944:964:78f0:fce6:43db - - [22/Aug/2026:07:42:14 +0800] "GET /wp-content/uploads/sites/449/21820/21820-1369983.jpg HTTP/1.1" 200 11467 "https://www.tces.ilc.edu.tw/" "Mozilla/5.0 (Windows NT 10.0; Win64; x64) AppleWebKit/537.36 (KHTML, like Gecko) Chrome/151.0.0.0 Safari/537.36"
2407:4b00:4c0a:8944:964:78f0:fce6:43db - - [22/Aug/2026:07:42:14 +0800] "GET /wp-content/uploads/sites/449/21820/21820-1360235.jpg HTTP/1.1" 200 17074 "https://www.tces.ilc.edu.tw/" "Mozilla/5.0 (Windows NT 10.0; Win64; x64) AppleWebKit/537.36 (KHTML, like Gecko) Chrome/151.0.0.0 Safari/537.36"
2407:4b00:4c0a:8944:964:78f0:fce6:43db - - [22/Aug/2026:07:42:14 +0800] "GET /wp-content/uploads/sites/449/21820/21820-1411881.png HTTP/1.1" 200 20763 "https://www.tces.ilc.edu.tw/" "Mozilla/5.0 (Windows NT 10.0; Win64; x64) AppleWebKit/537.36 (KHTML, like Gecko) Chrome/151.0.0.0 Safari/537.36"
2407:4b00:4c0a:8944:964:78f0:fce6:43db - - [22/Aug/2026:07:42:14 +0800] "GET /wp-content/uploads/sites/449/21820/21820-1461398.png HTTP/1.1" 200 3912 "https://www.tces.ilc.edu.tw/" "Mozilla/5.0 (Windows NT 10.0; Win64; x64) AppleWebKit/537.36 (KHTML, like Gecko) Chrome/151.0.0.0 Safari/537.36"
2407:4b00:4c0a:8944:964:78f0:fce6:43db - - [22/Aug/2026:07:42:14 +0800] "GET /wp-content/uploads/sites/449/21820/21820-1637435.jpg HTTP/1.1" 200 13766 "https://www.tces.ilc.edu.tw/" "Mozilla/5.0 (Windows NT 10.0; Win64; x64) AppleWebKit/537.36 (KHTML, like Gecko) Chrome/151.0.0.0 Safari/537.36"
18.117.75.156 - - [22/Aug/2026:07:42:14 +0800] "GET /sender/.env HTTP/1.1" 404 50836 "-" "Mozilla/5.0 (Macintosh; Intel Mac OS X 10_15_7) AppleWebKit/537.36 (KHTML, like Gecko) Chrome/131.0.0.0 Safari/537.36"
34.215.240.225 - - [22/Aug/2026:07:42:14 +0800] "GET /queue/.env HTTP/1.1" 404 54906 "-" "Mozilla/5.0 (Windows NT 10.0; Win64; x64) AppleWebKit/537.36 (KHTML, like Gecko) Chrome/131.0.0.0 Safari/537.36"
18.117.75.156 - - [22/Aug/2026:07:42:14 +0800] "GET /campaign/.env HTTP/1.1" 404 50836 "-" "Mozilla/5.0 (Macintosh; Intel Mac OS X 10_15_7) AppleWebKit/537.36 (KHTML, like Gecko) Chrome/131.0.0.0 Safari/537.36"
18.117.75.156 - - [22/Aug/2026:07:42:15 +0800] "GET /newsletter/.env HTTP/1.1" 404 50836 "-" "Mozilla/5.0 (Macintosh; Intel Mac OS X 10_15_7) AppleWebKit/537.36 (KHTML, like Gecko) Chrome/131.0.0.0 Safari/537.36"
2407:4b00:4c0a:8944:964:78f0:fce6:43db - - [22/Aug/2026:07:42:14 +0800] "GET /wp-content/uploads/sites/449/21820/21820-1976399.png HTTP/1.1" 200 12496 "https://www.tces.ilc.edu.tw/" "Mozilla/5.0 (Windows NT 10.0; Win64; x64) AppleWebKit/537.36 (KHTML, like Gecko) Chrome/151.0.0.0 Safari/537.36"
2407:4b00:4c0a:8944:964:78f0:fce6:43db - - [22/Aug/2026:07:42:14 +0800] "GET /wp-content/uploads/sites/449/21820/21820-1725956.jpg HTTP/1.1" 200 26379 "https://www.tces.ilc.edu.tw/" "Mozilla/5.0 (Windows NT 10.0; Win64; x64) AppleWebKit/537.36 (KHTML, like Gecko) Chrome/151.0.0.0 Safari/537.36"
2407:4b00:4c0a:8944:964:78f0:fce6:43db - - [22/Aug/2026:07:42:14 +0800] "GET /wp-content/uploads/sites/449/21820/21820-1725955.jpg HTTP/1.1" 200 26463 "https://www.tces.ilc.edu.tw/" "Mozilla/5.0 (Windows NT 10.0; Win64; x64) AppleWebKit/537.36 (KHTML, like Gecko) Chrome/151.0.0.0 Safari/537.36"
2407:4b00:4c0a:8944:964:78f0:fce6:43db - - [22/Aug/2026:07:42:14 +0800] "GET /wp-content/uploads/sites/449/21820/21820-1804392.gif HTTP/1.1" 200 36984 "https://www.tces.ilc.edu.tw/" "Mozilla/5.0 (Windows NT 10.0; Win64; x64) AppleWebKit/537.36 (KHTML, like Gecko) Chrome/151.0.0.0 Safari/537.36"
2407:4b00:4c0a:8944:964:78f0:fce6:43db - - [22/Aug/2026:07:42:14 +0800] "GET /wp-content/uploads/sites/449/21820/21820-1839283.jpg HTTP/1.1" 200 6591 "https://www.tces.ilc.edu.tw/" "Mozilla/5.0 (Windows NT 10.0; Win64; x64) AppleWebKit/537.36 (KHTML, like Gecko) Chrome/151.0.0.0 Safari/537.36"
2407:4b00:4c0a:8944:964:78f0:fce6:43db - - [22/Aug/2026:07:42:14 +0800] "GET /wp-content/uploads/sites/449/21820/21820-1641079.jpg HTTP/1.1" 200 20509 "https://www.tces.ilc.edu.tw/" "Mozilla/5.0 (Windows NT 10.0; Win64; x64) AppleWebKit/537.36 (KHTML, like Gecko) Chrome/151.0.0.0 Safari/537.36"
34.215.240.225 - - [22/Aug/2026:07:42:15 +0800] "GET /worker/.env HTTP/1.1" 404 54906 "-" "Mozilla/5.0 (Windows NT 10.0; Win64; x64) AppleWebKit/537.36 (KHTML, like Gecko) Chrome/131.0.0.0 Safari/537.36"
2407:4b00:4c0a:8944:964:78f0:fce6:43db - - [22/Aug/2026:07:42:15 +0800] "GET /wp-content/uploads/sites/449/21820/21820-2386308.png HTTP/1.1" 200 18042 "https://www.tces.ilc.edu.tw/" "Mozilla/5.0 (Windows NT 10.0; Win64; x64) AppleWebKit/537.36 (KHTML, like Gecko) Chrome/151.0.0.0 Safari/537.36"
2407:4b00:4c0a:8944:964:78f0:fce6:43db - - [22/Aug/2026:07:42:15 +0800] "GET /wp-content/uploads/sites/449/21820/21820-1988914.jpg HTTP/1.1" 200 32989 "https://www.tces.ilc.edu.tw/" "Mozilla/5.0 (Windows NT 10.0; Win64; x64) AppleWebKit/537.36 (KHTML, like Gecko) Chrome/151.0.0.0 Safari/537.36"
2407:4b00:4c0a:8944:964:78f0:fce6:43db - - [22/Aug/2026:07:42:15 +0800] "GET /wp-content/uploads/sites/449/2021/08/%E5%9A%B4%E9%87%8D%E7%89%B9%E6%AE%8A%E5%82%B3%E6%9F%93%E6%80%A7%E8%82%BA%E7%82%8E%E5%B0%88%E5%8D%80-%E7%B6%B2%E7%AB%99%E9%80%A3%E7%B5%90%E5%9C%96%E7%A4%BA.jpg HTTP/1.1" 200 5631 "https://www.tces.ilc.edu.tw/" "Mozilla/5.0 (Windows NT 10.0; Win64; x64) AppleWebKit/537.36 (KHTML, like Gecko) Chrome/151.0.0.0 Safari/537.36"
18.117.75.156 - - [22/Aug/2026:07:42:15 +0800] "GET /ses/.env HTTP/1.1" 404 50836 "-" "Mozilla/5.0 (Macintosh; Intel Mac OS X 10_15_7) AppleWebKit/537.36 (KHTML, like Gecko) Chrome/131.0.0.0 Safari/537.36"
34.215.240.225 - - [22/Aug/2026:07:42:15 +0800] "GET /job/.env HTTP/1.1" 404 54906 "-" "Mozilla/5.0 (Windows NT 10.0; Win64; x64) AppleWebKit/537.36 (KHTML, like Gecko) Chrome/131.0.0.0 Safari/537.36"
18.117.75.156 - - [22/Aug/2026:07:42:16 +0800] "GET /sendgrid/.env HTTP/1.1" 404 50836 "-" "Mozilla/5.0 (Macintosh; Intel Mac OS X 10_15_7) AppleWebKit/537.36 (KHTML, like Gecko) Chrome/131.0.0.0 Safari/537.36"
100.55.60.118 - - [22/Aug/2026:07:42:14 +0800] "GET /portal/.env HTTP/1.1" 404 50079 "-" "Mozilla/5.0 (Windows NT 10.0; Win64; x64) AppleWebKit/537.36 (KHTML, like Gecko) Chrome/131.0.0.0 Safari/537.36"
34.56.53.225 - - [22/Aug/2026:07:42:16 +0800] "GET /5026/2021/01/20/%E7%AC%AC12%E5%B1%86%E7%A7%91%E6%8A%80%E7%AB%B6%E8%B3%BD%E6%88%90%E7%B8%BE%E6%8F%AD%E6%9B%89/ HTTP/1.1" 200 14682 "-" "Mozilla/5.0 (Macintosh; Intel Mac OS X 10_15_7) AppleWebKit/537.36 (KHTML, like Gecko) Chrome/120.0.0.0 Safari/537.36"
35.201.243.26 - - [22/Aug/2026:07:42:16 +0800] "HEAD /blog/gallery/1328/1328-154244.jpg HTTP/1.1" 301 716 "-" "Mozilla/5.0 (X11; Linux x86_64) AppleWebKit/537.36 (KHTML, like Gecko) Chrome/139.0.0.0 Safari/537.36"
2407:4b00:4c0a:8944:964:78f0:fce6:43db - - [22/Aug/2026:07:42:15 +0800] "GET /wp-content/uploads/sites/449/21820/21820-2957968.jpg HTTP/1.1" 200 5473 "https://www.tces.ilc.edu.tw/" "Mozilla/5.0 (Windows NT 10.0; Win64; x64) AppleWebKit/537.36 (KHTML, like Gecko) Chrome/151.0.0.0 Safari/537.36"
2407:4b00:4c0a:8944:964:78f0:fce6:43db - - [22/Aug/2026:07:42:15 +0800] "GET /wp-content/uploads/sites/449/21820/21820-2389949.jpg HTTP/1.1" 200 6134 "https://www.tces.ilc.edu.tw/" "Mozilla/5.0 (Windows NT 10.0; Win64; x64) AppleWebKit/537.36 (KHTML, like Gecko) Chrome/151.0.0.0 Safari/537.36"
2407:4b00:4c0a:8944:964:78f0:fce6:43db - - [22/Aug/2026:07:42:15 +0800] "GET /wp-content/uploads/sites/449/21820/21820-2667705.png HTTP/1.1" 200 30834 "https://www.tces.ilc.edu.tw/" "Mozilla/5.0 (Windows NT 10.0; Win64; x64) AppleWebKit/537.36 (KHTML, like Gecko) Chrome/151.0.0.0 Safari/537.36"
2407:4b00:4c0a:8944:964:78f0:fce6:43db - - [22/Aug/2026:07:42:15 +0800] "GET /wp-content/uploads/sites/449/21820/21820-2616451.gif HTTP/1.1" 200 141008 "https://www.tces.ilc.edu.tw/" "Mozilla/5.0 (Windows NT 10.0; Win64; x64) AppleWebKit/537.36 (KHTML, like Gecko) Chrome/151.0.0.0 Safari/537.36"
3.226.106.93 - - [22/Aug/2026:07:42:15 +0800] "GET /wp-content/uploads/sites/847/6483/6483-2382161.gif HTTP/1.1" 200 20050 "-" "Mozilla/5.0 AppleWebKit/537.36 (KHTML, like Gecko; compatible; Amazonbot/0.1; +https://developer.amazon.com/support/amazonbot) Chrome/119.0.6045.214 Safari/537.36"
3.93.98.99 - - [22/Aug/2026:07:42:16 +0800] "GET /wp-content/uploads/sites/2616/6486/6486-3946257.jpg HTTP/1.1" 200 98258 "-" "Mozilla/5.0 AppleWebKit/537.36 (KHTML, like Gecko; compatible; Amazonbot/0.1; +https://developer.amazon.com/support/amazonbot) Chrome/119.0.6045.214 Safari/537.36"
18.117.75.156 - - [22/Aug/2026:07:42:16 +0800] "GET /sparkpost/.env HTTP/1.1" 404 50836 "-" "Mozilla/5.0 (Macintosh; Intel Mac OS X 10_15_7) AppleWebKit/537.36 (KHTML, like Gecko) Chrome/131.0.0.0 Safari/537.36"
34.215.240.225 - - [22/Aug/2026:07:42:16 +0800] "GET /test/.env HTTP/1.1" 404 54906 "-" "Mozilla/5.0 (Windows NT 10.0; Win64; x64) AppleWebKit/537.36 (KHTML, like Gecko) Chrome/131.0.0.0 Safari/537.36"
141.148.136.21 - - [22/Aug/2026:07:42:16 +0800] "GET /2017/01/31/%E7%AC%AC226%E6%9C%9F2017-01-31%E4%BA%8C%E5%A5%BD%E5%BA%B7%E9%81%93%E7%9B%B8%E5%A0%B1%E6%9C%AC%E6%AC%A1%E6%9C%8938%E9%A0%85 HTTP/1.1" 301 5814 "-" "Mozilla/5.0 (X11; Linux aarch64) AppleWebKit/537.36 (KHTML, like Gecko) Chrome/139.0.0.0 Safari/537.36"
18.117.75.156 - - [22/Aug/2026:07:42:17 +0800] "GET /postmark/.env HTTP/1.1" 404 50836 "-" "Mozilla/5.0 (Macintosh; Intel Mac OS X 10_15_7) AppleWebKit/537.36 (KHTML, like Gecko) Chrome/131.0.0.0 Safari/537.36"
141.148.136.21 - - [22/Aug/2026:07:42:17 +0800] "GET /2017/01/31/%E7%AC%AC226%E6%9C%9F2017-01-31%E4%BA%8C%E5%A5%BD%E5%BA%B7%E9%81%93%E7%9B%B8%E5%A0%B1%E6%9C%AC%E6%AC%A1%E6%9C%8938%E9%A0%85/ HTTP/1.1" 200 26193 "https://ilta.ilc.edu.tw/2017/01/31/%E7%AC%AC226%E6%9C%9F2017-01-31%E4%BA%8C%E5%A5%BD%E5%BA%B7%E9%81%93%E7%9B%B8%E5%A0%B1%E6%9C%AC%E6%AC%A1%E6%9C%8938%E9%A0%85" "Mozilla/5.0 (X11; Linux aarch64) AppleWebKit/537.36 (KHTML, like Gecko) Chrome/139.0.0.0 Safari/537.36"
140.111.67.195 - - [22/Aug/2026:07:42:17 +0800] "GET /wp-admin/admin-post.php?action=steps_ad HTTP/1.1" 200 6425 "-" "node-fetch/1.0 (+https://github.com/bitinn/node-fetch)"
34.215.240.225 - - [22/Aug/2026:07:42:17 +0800] "GET /qa/.env HTTP/1.1" 404 54906 "-" "Mozilla/5.0 (Windows NT 10.0; Win64; x64) AppleWebKit/537.36 (KHTML, like Gecko) Chrome/131.0.0.0 Safari/537.36"
18.117.75.156 - - [22/Aug/2026:07:42:17 +0800] "GET /mailgun/.env HTTP/1.1" 404 50836 "-" "Mozilla/5.0 (Macintosh; Intel Mac OS X 10_15_7) AppleWebKit/537.36 (KHTML, like Gecko) Chrome/131.0.0.0 Safari/537.36"
2001:288:a201::66:125 - - [22/Aug/2026:07:42:18 +0800] "GET /blog/active.php HTTP/1.1" 301 1026 "-" "-"
52.167.144.140 - - [22/Aug/2026:07:42:17 +0800] "GET /?s=ro%E6%A8%82%E5%9C%92+%E8%A1%A8%E6%83%85%E7%AC%A6%E8%99%9F%E8%A8%AD%E5%AE%9A HTTP/1.1" 200 20509 "-" "Mozilla/5.0 AppleWebKit/537.36 (KHTML, like Gecko; compatible; bingbot/2.0; +http://www.bing.com/bingbot.htm) Chrome/116.0.1938.76 Safari/537.36"
2001:288:a201::66:125 - - [22/Aug/2026:07:42:18 +0800] "GET /blog/active.php HTTP/1.1" 404 1084 "-" "-"
140.111.67.10 - - [22/Aug/2026:07:42:18 +0800] "GET /" 301 273 "-" "-"
18.117.75.156 - - [22/Aug/2026:07:42:18 +0800] "GET /mandrill/.env HTTP/1.1" 404 50836 "-" "Mozilla/5.0 (Macintosh; Intel Mac OS X 10_15_7) AppleWebKit/537.36 (KHTML, like Gecko) Chrome/131.0.0.0 Safari/537.36"
52.45.92.83 - - [22/Aug/2026:07:42:18 +0800] "GET /4582/wp-json/wp/v2/posts/%22https:/2blog.ilc.edu.tw/wp-content/uploads/sites/63/4582/4582-558903.jpg/%22 HTTP/1.1" 404 6131 "-" "Mozilla/5.0 AppleWebKit/537.36 (KHTML, like Gecko; compatible; Amazonbot/0.1; +https://developer.amazon.com/support/amazonbot) Chrome/119.0.6045.214 Safari/537.36"
34.215.240.225 - - [22/Aug/2026:07:42:18 +0800] "GET /preview/.env HTTP/1.1" 404 54906 "-" "Mozilla/5.0 (Windows NT 10.0; Win64; x64) AppleWebKit/537.36 (KHTML, like Gecko) Chrome/131.0.0.0 Safari/537.36"
18.117.75.156 - - [22/Aug/2026:07:42:18 +0800] "GET /mailjet/.env HTTP/1.1" 404 50836 "-" "Mozilla/5.0 (Macintosh; Intel Mac OS X 10_15_7) AppleWebKit/537.36 (KHTML, like Gecko) Chrome/131.0.0.0 Safari/537.36"
18.117.75.156 - - [22/Aug/2026:07:42:19 +0800] "GET /brevo/.env HTTP/1.1" 404 50836 "-" "Mozilla/5.0 (Macintosh; Intel Mac OS X 10_15_7) AppleWebKit/537.36 (KHTML, like Gecko) Chrome/131.0.0.0 Safari/537.36"
34.215.240.225 - - [22/Aug/2026:07:42:18 +0800] "GET /beta/.env HTTP/1.1" 404 54906 "-" "Mozilla/5.0 (Windows NT 10.0; Win64; x64) AppleWebKit/537.36 (KHTML, like Gecko) Chrome/131.0.0.0 Safari/537.36"
100.55.60.118 - - [22/Aug/2026:07:42:17 +0800] "GET /dashboard/.env HTTP/1.1" 404 50084 "-" "Mozilla/5.0 (Windows NT 10.0; Win64; x64) AppleWebKit/537.36 (KHTML, like Gecko) Chrome/131.0.0.0 Safari/537.36"
::1 - - [22/Aug/2026:07:42:19 +0800] "OPTIONS * HTTP/1.0" 200 110 "-" "Apache/2.4.68 (Ubuntu) OpenSSL/3.0.19 (internal dummy connection)"
18.117.75.156 - - [22/Aug/2026:07:42:19 +0800] "GET /transactional/.env HTTP/1.1" 404 50836 "-" "Mozilla/5.0 (Macintosh; Intel Mac OS X 10_15_7) AppleWebKit/537.36 (KHTML, like Gecko) Chrome/131.0.0.0 Safari/537.36"
34.215.240.225 - - [22/Aug/2026:07:42:19 +0800] "GET /uat/.env HTTP/1.1" 404 54906 "-" "Mozilla/5.0 (Windows NT 10.0; Win64; x64) AppleWebKit/537.36 (KHTML, like Gecko) Chrome/131.0.0.0 Safari/537.36"
17.22.245.69 - - [22/Aug/2026:07:42:20 +0800] "GET /6437/wp-content/cache/2blog.ilc.edu.tw/wpfc-minified/kljdouyp/g0p7l.js HTTP/1.1" 200 6437 "https://2blog.ilc.edu.tw/6437/2020/10/10/109_%e5%ad%b8%e6%a0%a1%e7%92%b0%e6%95%99%e7%89%b9%e8%89%b2%e8%88%87%e5%89%b5%e6%96%b0_%e8%a8%ad%e7%bd%ae%e6%b0%b4%e8%b3%87%e6%ba%90%e5%88%a9%e7%94%a8%e8%a8%ad%e6%96%bd/" "Mozilla/5.0 (Macintosh; Intel Mac OS X 10_15_7) AppleWebKit/605.1.15 (KHTML, like Gecko) Version/17.4 Safari/605.1.15 (Applebot/0.1; +http://www.apple.com/go/applebot)"
18.117.75.156 - - [22/Aug/2026:07:42:20 +0800] "GET /bulk/.env HTTP/1.1" 404 50836 "-" "Mozilla/5.0 (Macintosh; Intel Mac OS X 10_15_7) AppleWebKit/537.36 (KHTML, like Gecko) Chrome/131.0.0.0 Safari/537.36"
18.117.75.156 - - [22/Aug/2026:07:42:20 +0800] "GET /aws/.env HTTP/1.1" 404 50836 "-" "Mozilla/5.0 (Macintosh; Intel Mac OS X 10_15_7) AppleWebKit/537.36 (KHTML, like Gecko) Chrome/131.0.0.0 Safari/537.36"
::1 - - [22/Aug/2026:07:42:20 +0800] "OPTIONS * HTTP/1.0" 200 110 "-" "Apache/2.4.68 (Ubuntu) OpenSSL/3.0.19 (internal dummy connection)"
34.215.240.225 - - [22/Aug/2026:07:42:20 +0800] "GET /stage/.env HTTP/1.1" 404 54906 "-" "Mozilla/5.0 (Windows NT 10.0; Win64; x64) AppleWebKit/537.36 (KHTML, like Gecko) Chrome/131.0.0.0 Safari/537.36"
17.22.245.69 - - [22/Aug/2026:07:42:20 +0800] "GET /6437/wp-content/cache/2blog.ilc.edu.tw/wpfc-minified/9l8b8mln/dtlp1.js HTTP/1.1" 200 35563 "https://2blog.ilc.edu.tw/6437/2020/10/10/109_%e5%ad%b8%e6%a0%a1%e7%92%b0%e6%95%99%e7%89%b9%e8%89%b2%e8%88%87%e5%89%b5%e6%96%b0_%e8%a8%ad%e7%bd%ae%e6%b0%b4%e8%b3%87%e6%ba%90%e5%88%a9%e7%94%a8%e8%a8%ad%e6%96%bd/" "Mozilla/5.0 (Macintosh; Intel Mac OS X 10_15_7) AppleWebKit/605.1.15 (KHTML, like Gecko) Version/17.4 Safari/605.1.15 (Applebot/0.1; +http://www.apple.com/go/applebot)"
18.117.75.156 - - [22/Aug/2026:07:42:20 +0800] "GET /azure/.env HTTP/1.1" 404 50836 "-" "Mozilla/5.0 (Macintosh; Intel Mac OS X 10_15_7) AppleWebKit/537.36 (KHTML, like Gecko) Chrome/131.0.0.0 Safari/537.36"
34.215.240.225 - - [22/Aug/2026:07:42:21 +0800] "GET /development/.env HTTP/1.1" 404 54906 "-" "Mozilla/5.0 (Windows NT 10.0; Win64; x64) AppleWebKit/537.36 (KHTML, like Gecko) Chrome/131.0.0.0 Safari/537.36"
18.117.75.156 - - [22/Aug/2026:07:42:21 +0800] "GET /gcp/.env HTTP/1.1" 404 50836 "-" "Mozilla/5.0 (Macintosh; Intel Mac OS X 10_15_7) AppleWebKit/537.36 (KHTML, like Gecko) Chrome/131.0.0.0 Safari/537.36"
::1 - - [22/Aug/2026:07:42:21 +0800] "OPTIONS * HTTP/1.0" 200 110 "-" "Apache/2.4.68 (Ubuntu) OpenSSL/3.0.19 (internal dummy connection)"
100.55.60.118 - - [22/Aug/2026:07:42:19 +0800] "GET /panel/.env HTTP/1.1" 404 50089 "-" "Mozilla/5.0 (Windows NT 10.0; Win64; x64) AppleWebKit/537.36 (KHTML, like Gecko) Chrome/131.0.0.0 Safari/537.36"
50.19.102.70 - - [22/Aug/2026:07:42:21 +0800] "GET /wp-content/uploads/sites/3591/simply-static/temp-files/simply-static-3591-1736315609/wp-json/oembed/1.0/embed/index.html?url=https:///7525/ HTTP/1.1" 404 914 "-" "Mozilla/5.0 AppleWebKit/537.36 (KHTML, like Gecko; compatible; Amazonbot/0.1; +https://developer.amazon.com/support/amazonbot) Chrome/119.0.6045.214 Safari/537.36"
18.117.75.156 - - [22/Aug/2026:07:42:21 +0800] "GET /cloud/.env HTTP/1.1" 404 50836 "-" "Mozilla/5.0 (Macintosh; Intel Mac OS X 10_15_7) AppleWebKit/537.36 (KHTML, like Gecko) Chrome/131.0.0.0 Safari/537.36"
34.215.240.225 - - [22/Aug/2026:07:42:21 +0800] "GET /production/.env HTTP/1.1" 404 54906 "-" "Mozilla/5.0 (Windows NT 10.0; Win64; x64) AppleWebKit/537.36 (KHTML, like Gecko) Chrome/131.0.0.0 Safari/537.36"
17.22.245.69 - - [22/Aug/2026:07:42:22 +0800] "GET /6437/wp-includes/js/hoverintent-js.min.js HTTP/1.1" 200 1597 "https://2blog.ilc.edu.tw/6437/2020/10/10/109_%e5%ad%b8%e6%a0%a1%e7%92%b0%e6%95%99%e7%89%b9%e8%89%b2%e8%88%87%e5%89%b5%e6%96%b0_%e8%a8%ad%e7%bd%ae%e6%b0%b4%e8%b3%87%e6%ba%90%e5%88%a9%e7%94%a8%e8%a8%ad%e6%96%bd/" "Mozilla/5.0 (Macintosh; Intel Mac OS X 10_15_7) AppleWebKit/605.1.15 (KHTML, like Gecko) Version/17.4 Safari/605.1.15 (Applebot/0.1; +http://www.apple.com/go/applebot)"
18.117.75.156 - - [22/Aug/2026:07:42:22 +0800] "GET /infrastructure/.env HTTP/1.1" 404 50836 "-" "Mozilla/5.0 (Macintosh; Intel Mac OS X 10_15_7) AppleWebKit/537.36 (KHTML, like Gecko) Chrome/131.0.0.0 Safari/537.36"
54.156.55.147 - - [22/Aug/2026:07:42:22 +0800] "GET /wp-content/uploads/sites/2193/6030/6030-3896389.jpg HTTP/1.1" 200 105574 "-" "Mozilla/5.0 AppleWebKit/537.36 (KHTML, like Gecko; compatible; Amazonbot/0.1; +https://developer.amazon.com/support/amazonbot) Chrome/119.0.6045.214 Safari/537.36"
::1 - - [22/Aug/2026:07:42:22 +0800] "OPTIONS * HTTP/1.0" 200 110 "-" "Apache/2.4.68 (Ubuntu) OpenSSL/3.0.19 (internal dummy connection)"
18.117.75.156 - - [22/Aug/2026:07:42:22 +0800] "GET /docker/.env HTTP/1.1" 404 50836 "-" "Mozilla/5.0 (Macintosh; Intel Mac OS X 10_15_7) AppleWebKit/537.36 (KHTML, like Gecko) Chrome/131.0.0.0 Safari/537.36"
34.215.240.225 - - [22/Aug/2026:07:42:22 +0800] "GET /config/app/.env HTTP/1.1" 404 54906 "-" "Mozilla/5.0 (Windows NT 10.0; Win64; x64) AppleWebKit/537.36 (KHTML, like Gecko) Chrome/131.0.0.0 Safari/537.36"
2001:288:a201::66:125 - - [22/Aug/2026:07:42:23 +0800] "GET /blog/active.php HTTP/1.1" 301 1026 "-" "-"
2001:288:a201::66:125 - - [22/Aug/2026:07:42:23 +0800] "GET /blog/active.php HTTP/1.1" 404 1084 "-" "-"
140.111.67.10 - - [22/Aug/2026:07:42:23 +0800] "GET /" 301 273 "-" "-"
18.117.75.156 - - [22/Aug/2026:07:42:23 +0800] "GET /k8s/.env HTTP/1.1" 404 50836 "-" "Mozilla/5.0 (Macintosh; Intel Mac OS X 10_15_7) AppleWebKit/537.36 (KHTML, like Gecko) Chrome/131.0.0.0 Safari/537.36"
34.215.240.225 - - [22/Aug/2026:07:42:23 +0800] "GET /phpinfo.php HTTP/1.1" 404 973 "-" "Mozilla/5.0 (Windows NT 10.0; Win64; x64) AppleWebKit/537.36 (KHTML, like Gecko) Chrome/131.0.0.0 Safari/537.36"
34.215.240.225 - - [22/Aug/2026:07:42:23 +0800] "GET /info.php HTTP/1.1" 404 973 "-" "Mozilla/5.0 (Windows NT 10.0; Win64; x64) AppleWebKit/537.36 (KHTML, like Gecko) Chrome/131.0.0.0 Safari/537.36"
::1 - - [22/Aug/2026:07:42:23 +0800] "OPTIONS * HTTP/1.0" 200 110 "-" "Apache/2.4.68 (Ubuntu) OpenSSL/3.0.19 (internal dummy connection)"
17.22.245.69 - - [22/Aug/2026:07:42:23 +0800] "GET /6437/wp-includes/js/admin-bar.min.js HTTP/1.1" 200 2237 "https://2blog.ilc.edu.tw/6437/2020/10/10/109_%e5%ad%b8%e6%a0%a1%e7%92%b0%e6%95%99%e7%89%b9%e8%89%b2%e8%88%87%e5%89%b5%e6%96%b0_%e8%a8%ad%e7%bd%ae%e6%b0%b4%e8%b3%87%e6%ba%90%e5%88%a9%e7%94%a8%e8%a8%ad%e6%96%bd/" "Mozilla/5.0 (Macintosh; Intel Mac OS X 10_15_7) AppleWebKit/605.1.15 (KHTML, like Gecko) Version/17.4 Safari/605.1.15 (Applebot/0.1; +http://www.apple.com/go/applebot)"
34.215.240.225 - - [22/Aug/2026:07:42:23 +0800] "GET /php.php HTTP/1.1" 404 973 "-" "Mozilla/5.0 (Windows NT 10.0; Win64; x64) AppleWebKit/537.36 (KHTML, like Gecko) Chrome/131.0.0.0 Safari/537.36"
18.117.75.156 - - [22/Aug/2026:07:42:23 +0800] "GET /kubernetes/.env HTTP/1.1" 404 50836 "-" "Mozilla/5.0 (Macintosh; Intel Mac OS X 10_15_7) AppleWebKit/537.36 (KHTML, like Gecko) Chrome/131.0.0.0 Safari/537.36"
18.232.11.247 - - [22/Aug/2026:07:42:23 +0800] "GET /1003/wp-json/oembed/1.0/embed?url=https://2blog.ilc.edu.tw/1003/2021/01/04/%25e3%2580%2590%25e9%2596%25b1%25e8%25ae%2580e%25e4%25b8%2596%25e4%25bb%25a3%25e3%2580%25913%25e8%25b3%2587%25e6%2596%2599%25e6%2594%25b6%25e9%259b%2586%25e6%259c%2589%25e6%2596%25b9%25e6%25b3%2595/ HTTP/1.1" 200 8654 "-" "Mozilla/5.0 AppleWebKit/537.36 (KHTML, like Gecko; compatible; Amazonbot/0.1; +https://developer.amazon.com/support/amazonbot) Chrome/119.0.6045.214 Safari/537.36"
34.215.240.225 - - [22/Aug/2026:07:42:24 +0800] "GET /i.php HTTP/1.1" 404 973 "-" "Mozilla/5.0 (Windows NT 10.0; Win64; x64) AppleWebKit/537.36 (KHTML, like Gecko) Chrome/131.0.0.0 Safari/537.36"
34.215.240.225 - - [22/Aug/2026:07:42:24 +0800] "GET /pi.php HTTP/1.1" 404 973 "-" "Mozilla/5.0 (Windows NT 10.0; Win64; x64) AppleWebKit/537.36 (KHTML, like Gecko) Chrome/131.0.0.0 Safari/537.36"
18.117.75.156 - - [22/Aug/2026:07:42:24 +0800] "GET /terraform/.env HTTP/1.1" 404 50836 "-" "Mozilla/5.0 (Macintosh; Intel Mac OS X 10_15_7) AppleWebKit/537.36 (KHTML, like Gecko) Chrome/131.0.0.0 Safari/537.36"
34.215.240.225 - - [22/Aug/2026:07:42:24 +0800] "GET /pinfo.php HTTP/1.1" 404 973 "-" "Mozilla/5.0 (Windows NT 10.0; Win64; x64) AppleWebKit/537.36 (KHTML, like Gecko) Chrome/131.0.0.0 Safari/537.36"
100.55.60.118 - - [22/Aug/2026:07:42:22 +0800] "GET /crm/.env HTTP/1.1" 404 50074 "-" "Mozilla/5.0 (Windows NT 10.0; Win64; x64) AppleWebKit/537.36 (KHTML, like Gecko) Chrome/131.0.0.0 Safari/537.36"
::1 - - [22/Aug/2026:07:42:24 +0800] "OPTIONS * HTTP/1.0" 200 110 "-" "Apache/2.4.68 (Ubuntu) OpenSSL/3.0.19 (internal dummy connection)"
34.215.240.225 - - [22/Aug/2026:07:42:24 +0800] "GET /test.php HTTP/1.1" 404 973 "-" "Mozilla/5.0 (Windows NT 10.0; Win64; x64) AppleWebKit/537.36 (KHTML, like Gecko) Chrome/131.0.0.0 Safari/537.36"
18.117.75.156 - - [22/Aug/2026:07:42:24 +0800] "GET /ansible/.env HTTP/1.1" 404 50836 "-" "Mozilla/5.0 (Macintosh; Intel Mac OS X 10_15_7) AppleWebKit/537.36 (KHTML, like Gecko) Chrome/131.0.0.0 Safari/537.36"
17.22.245.69 - - [22/Aug/2026:07:42:25 +0800] "GET /6437/wp-includes/js/imagesloaded.min.js HTTP/1.1" 200 2683 "https://2blog.ilc.edu.tw/6437/2020/10/10/109_%e5%ad%b8%e6%a0%a1%e7%92%b0%e6%95%99%e7%89%b9%e8%89%b2%e8%88%87%e5%89%b5%e6%96%b0_%e8%a8%ad%e7%bd%ae%e6%b0%b4%e8%b3%87%e6%ba%90%e5%88%a9%e7%94%a8%e8%a8%ad%e6%96%bd/" "Mozilla/5.0 (Macintosh; Intel Mac OS X 10_15_7) AppleWebKit/605.1.15 (KHTML, like Gecko) Version/17.4 Safari/605.1.15 (Applebot/0.1; +http://www.apple.com/go/applebot)"
34.215.240.225 - - [22/Aug/2026:07:42:24 +0800] "GET /phpinfo HTTP/1.1" 404 54906 "-" "Mozilla/5.0 (Windows NT 10.0; Win64; x64) AppleWebKit/537.36 (KHTML, like Gecko) Chrome/131.0.0.0 Safari/537.36"
18.117.75.156 - - [22/Aug/2026:07:42:25 +0800] "GET /.git/.env HTTP/1.1" 404 50836 "-" "Mozilla/5.0 (Macintosh; Intel Mac OS X 10_15_7) AppleWebKit/537.36 (KHTML, like Gecko) Chrome/131.0.0.0 Safari/537.36"
34.215.240.225 - - [22/Aug/2026:07:42:25 +0800] "GET /p.php HTTP/1.1" 404 973 "-" "Mozilla/5.0 (Windows NT 10.0; Win64; x64) AppleWebKit/537.36 (KHTML, like Gecko) Chrome/131.0.0.0 Safari/537.36"
34.215.240.225 - - [22/Aug/2026:07:42:25 +0800] "GET /debug.php HTTP/1.1" 404 973 "-" "Mozilla/5.0 (Windows NT 10.0; Win64; x64) AppleWebKit/537.36 (KHTML, like Gecko) Chrome/131.0.0.0 Safari/537.36"
18.117.75.156 - - [22/Aug/2026:07:42:25 +0800] "GET /ci/.env HTTP/1.1" 404 50836 "-" "Mozilla/5.0 (Macintosh; Intel Mac OS X 10_15_7) AppleWebKit/537.36 (KHTML, like Gecko) Chrome/131.0.0.0 Safari/537.36"
185.191.171.19 - - [22/Aug/2026:07:42:25 +0800] "GET /5798/page/64/ HTTP/1.1" 200 23870 "-" "Mozilla/5.0 (compatible; SemrushBot/7~bl; +http://www.semrush.com/bot.html)"
34.215.240.225 - - [22/Aug/2026:07:42:26 +0800] "GET /admin/phpinfo.php HTTP/1.1" 404 973 "-" "Mozilla/5.0 (Windows NT 10.0; Win64; x64) AppleWebKit/537.36 (KHTML, like Gecko) Chrome/131.0.0.0 Safari/537.36"
34.215.240.225 - - [22/Aug/2026:07:42:26 +0800] "GET /test/phpinfo.php HTTP/1.1" 404 973 "-" "Mozilla/5.0 (Windows NT 10.0; Win64; x64) AppleWebKit/537.36 (KHTML, like Gecko) Chrome/131.0.0.0 Safari/537.36"
18.117.75.156 - - [22/Aug/2026:07:42:26 +0800] "GET /cd/.env HTTP/1.1" 404 50836 "-" "Mozilla/5.0 (Macintosh; Intel Mac OS X 10_15_7) AppleWebKit/537.36 (KHTML, like Gecko) Chrome/131.0.0.0 Safari/537.36"
34.215.240.225 - - [22/Aug/2026:07:42:26 +0800] "GET /dev/phpinfo.php HTTP/1.1" 404 973 "-" "Mozilla/5.0 (Windows NT 10.0; Win64; x64) AppleWebKit/537.36 (KHTML, like Gecko) Chrome/131.0.0.0 Safari/537.36"
17.22.245.69 - - [22/Aug/2026:07:42:26 +0800] "GET /6437/wp-content/themes/oceanwp/assets/js/theme.min.js HTTP/1.1" 200 5130 "https://2blog.ilc.edu.tw/6437/2020/10/10/109_%e5%ad%b8%e6%a0%a1%e7%92%b0%e6%95%99%e7%89%b9%e8%89%b2%e8%88%87%e5%89%b5%e6%96%b0_%e8%a8%ad%e7%bd%ae%e6%b0%b4%e8%b3%87%e6%ba%90%e5%88%a9%e7%94%a8%e8%a8%ad%e6%96%bd/" "Mozilla/5.0 (Macintosh; Intel Mac OS X 10_15_7) AppleWebKit/605.1.15 (KHTML, like Gecko) Version/17.4 Safari/605.1.15 (Applebot/0.1; +http://www.apple.com/go/applebot)"
34.215.240.225 - - [22/Aug/2026:07:42:26 +0800] "GET /old/phpinfo.php HTTP/1.1" 404 973 "-" "Mozilla/5.0 (Windows NT 10.0; Win64; x64) AppleWebKit/537.36 (KHTML, like Gecko) Chrome/131.0.0.0 Safari/537.36"
18.117.75.156 - - [22/Aug/2026:07:42:26 +0800] "GET /jenkins/.env HTTP/1.1" 404 50836 "-" "Mozilla/5.0 (Macintosh; Intel Mac OS X 10_15_7) AppleWebKit/537.36 (KHTML, like Gecko) Chrome/131.0.0.0 Safari/537.36"
34.215.240.225 - - [22/Aug/2026:07:42:26 +0800] "GET /tmp/phpinfo.php HTTP/1.1" 404 973 "-" "Mozilla/5.0 (Windows NT 10.0; Win64; x64) AppleWebKit/537.36 (KHTML, like Gecko) Chrome/131.0.0.0 Safari/537.36"
2409:8c28:202:20::78 - - [22/Aug/2026:07:42:26 +0800] "GET /868/category/c-4849/c-2170 HTTP/1.1" 301 5751 "-" "Mozilla/5.0 (Windows NT 10.0; Win64; x64) AppleWebKit/537.36 (KHTML, like Gecko) Chrome/144.0.0.0 Safari/537.36"
34.42.229.145 - - [22/Aug/2026:07:42:26 +0800] "GET /wp-json/oembed/1.0/embed?url=https://www.cses.ilc.edu.tw/2018/08/30/1070830%25e5%25a7%258b%25e6%25a5%25ad%25e5%25bc%258f%25e5%258f%258b%25e5%2596%2584%25e6%25a0%25a1%25e5%259c%2592%25e5%258f%258d%25e9%259c%25b8%25e5%2587%258c%25e5%25ae%25a3%25e5%25b0%258e/ HTTP/1.1" 200 8501 "-" "Mozilla/5.0 (Macintosh; Intel Mac OS X 10_15_7) AppleWebKit/537.36 (KHTML, like Gecko) Chrome/120.0.0.0 Safari/537.36"
34.215.240.225 - - [22/Aug/2026:07:42:27 +0800] "GET /public/phpinfo.php HTTP/1.1" 404 973 "-" "Mozilla/5.0 (Windows NT 10.0; Win64; x64) AppleWebKit/537.36 (KHTML, like Gecko) Chrome/131.0.0.0 Safari/537.36"
100.55.60.118 - - [22/Aug/2026:07:42:25 +0800] "GET /erp/.env HTTP/1.1" 404 50074 "-" "Mozilla/5.0 (Windows NT 10.0; Win64; x64) AppleWebKit/537.36 (KHTML, like Gecko) Chrome/131.0.0.0 Safari/537.36"
18.117.75.156 - - [22/Aug/2026:07:42:27 +0800] "GET /gitlab/.env HTTP/1.1" 404 50836 "-" "Mozilla/5.0 (Macintosh; Intel Mac OS X 10_15_7) AppleWebKit/537.36 (KHTML, like Gecko) Chrome/131.0.0.0 Safari/537.36"
34.230.124.21 - - [22/Aug/2026:07:42:26 +0800] "GET /wp-content/uploads/sites/2193/6030/6030-3896380.jpg HTTP/1.1" 200 38924 "-" "Mozilla/5.0 AppleWebKit/537.36 (KHTML, like Gecko; compatible; Amazonbot/0.1; +https://developer.amazon.com/support/amazonbot) Chrome/119.0.6045.214 Safari/537.36"
2409:8c28:202:20::78 - - [22/Aug/2026:07:42:27 +0800] "GET /868/category/c-4849/c-2170/ HTTP/1.1" 200 14814 "-" "Mozilla/5.0 (Windows NT 10.0; Win64; x64) AppleWebKit/537.36 (KHTML, like Gecko) Chrome/144.0.0.0 Safari/537.36"
34.215.240.225 - - [22/Aug/2026:07:42:27 +0800] "GET /info HTTP/1.1" 404 54906 "-" "Mozilla/5.0 (Windows NT 10.0; Win64; x64) AppleWebKit/537.36 (KHTML, like Gecko) Chrome/131.0.0.0 Safari/537.36"
2409:8c28:202:20::78 - - [22/Aug/2026:07:42:27 +0800] "GET /868/wp-content/cache/2blog.ilc.edu.tw/wpfc-minified/8lw6462p/5woku.css HTTP/1.1" 200 40884 "https://2blog.ilc.edu.tw/868/category/c-4849/c-2170/" "Mozilla/5.0 (Windows NT 10.0; Win64; x64) AppleWebKit/537.36 (KHTML, like Gecko) Chrome/144.0.0.0 Safari/537.36"
18.117.75.156 - - [22/Aug/2026:07:42:27 +0800] "GET /github/.env HTTP/1.1" 404 50836 "-" "Mozilla/5.0 (Macintosh; Intel Mac OS X 10_15_7) AppleWebKit/537.36 (KHTML, like Gecko) Chrome/131.0.0.0 Safari/537.36"
17.22.245.69 - - [22/Aug/2026:07:42:28 +0800] "GET /6437/wp-content/themes/oceanwp/assets/js/drop-down-search.min.js HTTP/1.1" 200 2968 "https://2blog.ilc.edu.tw/6437/2020/10/10/109_%e5%ad%b8%e6%a0%a1%e7%92%b0%e6%95%99%e7%89%b9%e8%89%b2%e8%88%87%e5%89%b5%e6%96%b0_%e8%a8%ad%e7%bd%ae%e6%b0%b4%e8%b3%87%e6%ba%90%e5%88%a9%e7%94%a8%e8%a8%ad%e6%96%bd/" "Mozilla/5.0 (Macintosh; Intel Mac OS X 10_15_7) AppleWebKit/605.1.15 (KHTML, like Gecko) Version/17.4 Safari/605.1.15 (Applebot/0.1; +http://www.apple.com/go/applebot)"
34.215.240.225 - - [22/Aug/2026:07:42:28 +0800] "GET /php-info.php HTTP/1.1" 404 973 "-" "Mozilla/5.0 (Windows NT 10.0; Win64; x64) AppleWebKit/537.36 (KHTML, like Gecko) Chrome/131.0.0.0 Safari/537.36"
2001:288:a201::66:125 - - [22/Aug/2026:07:42:28 +0800] "GET /blog/active.php HTTP/1.1" 301 1026 "-" "-"
2001:288:a201::66:125 - - [22/Aug/2026:07:42:28 +0800] "GET /blog/active.php HTTP/1.1" 404 1084 "-" "-"
2409:8c28:202:20::78 - - [22/Aug/2026:07:42:28 +0800] "GET /868/wp-content/cache/2blog.ilc.edu.tw/wpfc-minified/7nvg1c6t/5woku.css HTTP/1.1" 200 16319 "https://2blog.ilc.edu.tw/868/category/c-4849/c-2170/" "Mozilla/5.0 (Windows NT 10.0; Win64; x64) AppleWebKit/537.36 (KHTML, like Gecko) Chrome/144.0.0.0 Safari/537.36"
2409:8c28:202:20::78 - - [22/Aug/2026:07:42:28 +0800] "GET /868/wp-content/cache/2blog.ilc.edu.tw/wpfc-minified/13m1ver4/5wob8.css HTTP/1.1" 200 19348 "https://2blog.ilc.edu.tw/868/category/c-4849/c-2170/" "Mozilla/5.0 (Windows NT 10.0; Win64; x64) AppleWebKit/537.36 (KHTML, like Gecko) Chrome/144.0.0.0 Safari/537.36"
34.215.240.225 - - [22/Aug/2026:07:42:28 +0800] "GET /phpversion.php HTTP/1.1" 404 973 "-" "Mozilla/5.0 (Windows NT 10.0; Win64; x64) AppleWebKit/537.36 (KHTML, like Gecko) Chrome/131.0.0.0 Safari/537.36"
2409:8c28:202:20::78 - - [22/Aug/2026:07:42:28 +0800] "GET /868/wp-content/themes/hueman/assets/front/webfonts/fa-regular-400.woff2?v=5.15.2 HTTP/1.1" 200 14439 "https://2blog.ilc.edu.tw/868/category/c-4849/c-2170/" "Mozilla/5.0 (Windows NT 10.0; Win64; x64) AppleWebKit/537.36 (KHTML, like Gecko) Chrome/144.0.0.0 Safari/537.36"
140.111.67.10 - - [22/Aug/2026:07:42:28 +0800] "GET /" 301 273 "-" "-"
18.117.75.156 - - [22/Aug/2026:07:42:28 +0800] "GET /actions/.env HTTP/1.1" 404 50836 "-" "Mozilla/5.0 (Macintosh; Intel Mac OS X 10_15_7) AppleWebKit/537.36 (KHTML, like Gecko) Chrome/131.0.0.0 Safari/537.36"
34.215.240.225 - - [22/Aug/2026:07:42:28 +0800] "GET /_phpinfo.php HTTP/1.1" 404 973 "-" "Mozilla/5.0 (Windows NT 10.0; Win64; x64) AppleWebKit/537.36 (KHTML, like Gecko) Chrome/131.0.0.0 Safari/537.36"
2409:8c28:202:20::78 - - [22/Aug/2026:07:42:28 +0800] "GET /868/wp-content/themes/hueman/assets/front/webfonts/fa-solid-900.woff2?v=5.15.2 HTTP/1.1" 200 81301 "https://2blog.ilc.edu.tw/868/category/c-4849/c-2170/" "Mozilla/5.0 (Windows NT 10.0; Win64; x64) AppleWebKit/537.36 (KHTML, like Gecko) Chrome/144.0.0.0 Safari/537.36"
2409:8c28:202:20::78 - - [22/Aug/2026:07:42:28 +0800] "GET /868/wp-content/themes/hueman/assets/front/fonts/titillium-light-webfont.woff HTTP/1.1" 200 25606 "https://2blog.ilc.edu.tw/868/category/c-4849/c-2170/" "Mozilla/5.0 (Windows NT 10.0; Win64; x64) AppleWebKit/537.36 (KHTML, like Gecko) Chrome/144.0.0.0 Safari/537.36"
2409:8c28:202:20::78 - - [22/Aug/2026:07:42:28 +0800] "GET /868/wp-content/themes/hueman/assets/front/fonts/titillium-lightitalic-webfont.woff HTTP/1.1" 200 27654 "https://2blog.ilc.edu.tw/868/category/c-4849/c-2170/" "Mozilla/5.0 (Windows NT 10.0; Win64; x64) AppleWebKit/537.36 (KHTML, like Gecko) Chrome/144.0.0.0 Safari/537.36"
34.215.240.225 - - [22/Aug/2026:07:42:28 +0800] "GET /old_phpinfo.php HTTP/1.1" 404 973 "-" "Mozilla/5.0 (Windows NT 10.0; Win64; x64) AppleWebKit/537.36 (KHTML, like Gecko) Chrome/131.0.0.0 Safari/537.36"
2409:8c28:202:20::78 - - [22/Aug/2026:07:42:28 +0800] "GET /868/wp-includes/js/hoverintent-js.min.js HTTP/1.1" 200 1597 "https://2blog.ilc.edu.tw/868/category/c-4849/c-2170/" "Mozilla/5.0 (Windows NT 10.0; Win64; x64) AppleWebKit/537.36 (KHTML, like Gecko) Chrome/144.0.0.0 Safari/537.36"
2409:8c28:202:20::78 - - [22/Aug/2026:07:42:28 +0800] "GET /868/wp-includes/js/admin-bar.min.js HTTP/1.1" 200 2237 "https://2blog.ilc.edu.tw/868/category/c-4849/c-2170/" "Mozilla/5.0 (Windows NT 10.0; Win64; x64) AppleWebKit/537.36 (KHTML, like Gecko) Chrome/144.0.0.0 Safari/537.36"
18.117.75.156 - - [22/Aug/2026:07:42:28 +0800] "GET /circleci/.env HTTP/1.1" 404 50836 "-" "Mozilla/5.0 (Macintosh; Intel Mac OS X 10_15_7) AppleWebKit/537.36 (KHTML, like Gecko) Chrome/131.0.0.0 Safari/537.36"
34.215.240.225 - - [22/Aug/2026:07:42:28 +0800] "GET /server-info.php HTTP/1.1" 404 973 "-" "Mozilla/5.0 (Windows NT 10.0; Win64; x64) AppleWebKit/537.36 (KHTML, like Gecko) Chrome/131.0.0.0 Safari/537.36"
2409:8c28:202:20::78 - - [22/Aug/2026:07:42:29 +0800] "GET /868/wp-includes/js/underscore.min.js HTTP/1.1" 200 8191 "https://2blog.ilc.edu.tw/868/category/c-4849/c-2170/" "Mozilla/5.0 (Windows NT 10.0; Win64; x64) AppleWebKit/537.36 (KHTML, like Gecko) Chrome/144.0.0.0 Safari/537.36"
34.215.240.225 - - [22/Aug/2026:07:42:29 +0800] "GET /server-status.php HTTP/1.1" 404 973 "-" "Mozilla/5.0 (Windows NT 10.0; Win64; x64) AppleWebKit/537.36 (KHTML, like Gecko) Chrome/131.0.0.0 Safari/537.36"
2409:8c28:202:20::78 - - [22/Aug/2026:07:42:29 +0800] "GET /868/wp-content/themes/hueman/assets/front/js/scripts.min.js HTTP/1.1" 200 22643 "https://2blog.ilc.edu.tw/868/category/c-4849/c-2170/" "Mozilla/5.0 (Windows NT 10.0; Win64; x64) AppleWebKit/537.36 (KHTML, like Gecko) Chrome/144.0.0.0 Safari/537.36"
18.117.75.156 - - [22/Aug/2026:07:42:29 +0800] "GET /travis/.env HTTP/1.1" 404 50836 "-" "Mozilla/5.0 (Macintosh; Intel Mac OS X 10_15_7) AppleWebKit/537.36 (KHTML, like Gecko) Chrome/131.0.0.0 Safari/537.36"
17.22.245.69 - - [22/Aug/2026:07:42:29 +0800] "GET /6437/wp-content/themes/oceanwp/assets/js/vendors/magnific-popup.min.js HTTP/1.1" 200 8270 "https://2blog.ilc.edu.tw/6437/2020/10/10/109_%e5%ad%b8%e6%a0%a1%e7%92%b0%e6%95%99%e7%89%b9%e8%89%b2%e8%88%87%e5%89%b5%e6%96%b0_%e8%a8%ad%e7%bd%ae%e6%b0%b4%e8%b3%87%e6%ba%90%e5%88%a9%e7%94%a8%e8%a8%ad%e6%96%bd/" "Mozilla/5.0 (Macintosh; Intel Mac OS X 10_15_7) AppleWebKit/605.1.15 (KHTML, like Gecko) Version/17.4 Safari/605.1.15 (Applebot/0.1; +http://www.apple.com/go/applebot)"
100.55.60.118 - - [22/Aug/2026:07:42:27 +0800] "GET /shop/.env HTTP/1.1" 404 50084 "-" "Mozilla/5.0 (Windows NT 10.0; Win64; x64) AppleWebKit/537.36 (KHTML, like Gecko) Chrome/131.0.0.0 Safari/537.36"
34.56.53.225 - - [22/Aug/2026:07:42:29 +0800] "GET /6030/2014/05/21/%E6%A8%99%E6%BA%96%E4%B8%89%E3%80%81%E5%AD%B8%E6%A0%A1%E7%A4%BE%E6%9C%83%E7%92%B0%E5%A2%83/ HTTP/1.1" 200 16783 "-" "Mozilla/5.0 (Macintosh; Intel Mac OS X 10_15_7) AppleWebKit/537.36 (KHTML, like Gecko) Chrome/120.0.0.0 Safari/537.36"
34.215.240.225 - - [22/Aug/2026:07:42:29 +0800] "GET /_profiler/phpinfo HTTP/1.1" 404 54906 "-" "Mozilla/5.0 (Windows NT 10.0; Win64; x64) AppleWebKit/537.36 (KHTML, like Gecko) Chrome/131.0.0.0 Safari/537.36"
34.56.53.225 - - [22/Aug/2026:07:42:29 +0800] "GET /2023/07/16/%E5%8A%A0%E5%BC%B7%E6%9A%91%E6%9C%9F%E9%98%B2%E6%B2%BB%E7%8A%AF%E7%BD%AA%E5%8F%8A%E5%AD%B8%E7%94%9F%E8%97%A5%E7%89%A9%E6%BF%AB%E7%94%A8%E5%AE%A3%E5%B0%8E/ HTTP/1.1" 200 16646 "-" "Mozilla/5.0 (Macintosh; Intel Mac OS X 10_15_7) AppleWebKit/537.36 (KHTML, like Gecko) Chrome/120.0.0.0 Safari/537.36"
18.117.75.156 - - [22/Aug/2026:07:42:29 +0800] "GET /buildkite/.env HTTP/1.1" 404 50836 "-" "Mozilla/5.0 (Macintosh; Intel Mac OS X 10_15_7) AppleWebKit/537.36 (KHTML, like Gecko) Chrome/131.0.0.0 Safari/537.36"
140.111.67.195 - - [22/Aug/2026:07:42:29 +0800] "GET /wp-admin/admin-post.php?action=steps_ad HTTP/1.1" 200 1973 "-" "node-fetch/1.0 (+https://github.com/bitinn/node-fetch)"
18.117.75.156 - - [22/Aug/2026:07:42:30 +0800] "GET /mysql/.env HTTP/1.1" 404 50836 "-" "Mozilla/5.0 (Macintosh; Intel Mac OS X 10_15_7) AppleWebKit/537.36 (KHTML, like Gecko) Chrome/131.0.0.0 Safari/537.36"
34.215.240.225 - - [22/Aug/2026:07:42:30 +0800] "GET /_environment HTTP/1.1" 404 54906 "-" "Mozilla/5.0 (Windows NT 10.0; Win64; x64) AppleWebKit/537.36 (KHTML, like Gecko) Chrome/131.0.0.0 Safari/537.36"
18.117.75.156 - - [22/Aug/2026:07:42:30 +0800] "GET /postgres/.env HTTP/1.1" 404 50836 "-" "Mozilla/5.0 (Macintosh; Intel Mac OS X 10_15_7) AppleWebKit/537.36 (KHTML, like Gecko) Chrome/131.0.0.0 Safari/537.36"
17.22.245.69 - - [22/Aug/2026:07:42:30 +0800] "GET /6437/wp-content/themes/oceanwp/assets/js/ow-slider.min.js HTTP/1.1" 200 1761 "https://2blog.ilc.edu.tw/6437/2020/10/10/109_%e5%ad%b8%e6%a0%a1%e7%92%b0%e6%95%99%e7%89%b9%e8%89%b2%e8%88%87%e5%89%b5%e6%96%b0_%e8%a8%ad%e7%bd%ae%e6%b0%b4%e8%b3%87%e6%ba%90%e5%88%a9%e7%94%a8%e8%a8%ad%e6%96%bd/" "Mozilla/5.0 (Macintosh; Intel Mac OS X 10_15_7) AppleWebKit/605.1.15 (KHTML, like Gecko) Version/17.4 Safari/605.1.15 (Applebot/0.1; +http://www.apple.com/go/applebot)"
18.117.75.156 - - [22/Aug/2026:07:42:31 +0800] "GET /mongodb/.env HTTP/1.1" 404 50836 "-" "Mozilla/5.0 (Macintosh; Intel Mac OS X 10_15_7) AppleWebKit/537.36 (KHTML, like Gecko) Chrome/131.0.0.0 Safari/537.36"
34.215.240.225 - - [22/Aug/2026:07:42:30 +0800] "GET /webroot/index.php/_environment HTTP/1.1" 301 943 "-" "Mozilla/5.0 (Windows NT 10.0; Win64; x64) AppleWebKit/537.36 (KHTML, like Gecko) Chrome/131.0.0.0 Safari/537.36"
34.215.240.225 - - [22/Aug/2026:07:42:31 +0800] "GET /mail/phpinfo.php HTTP/1.1" 404 973 "-" "Mozilla/5.0 (Windows NT 10.0; Win64; x64) AppleWebKit/537.36 (KHTML, like Gecko) Chrome/131.0.0.0 Safari/537.36"
98.82.39.241 - - [22/Aug/2026:07:42:31 +0800] "GET /wp-content/uploads/sites/847/6483/previews/6483-2380428.gif HTTP/1.1" 200 3568 "-" "Mozilla/5.0 AppleWebKit/537.36 (KHTML, like Gecko; compatible; Amazonbot/0.1; +https://developer.amazon.com/support/amazonbot) Chrome/119.0.6045.214 Safari/537.36"
18.117.75.156 - - [22/Aug/2026:07:42:31 +0800] "GET /redis/.env HTTP/1.1" 404 50836 "-" "Mozilla/5.0 (Macintosh; Intel Mac OS X 10_15_7) AppleWebKit/537.36 (KHTML, like Gecko) Chrome/131.0.0.0 Safari/537.36"
34.215.240.225 - - [22/Aug/2026:07:42:31 +0800] "GET /cpanel/phpinfo.php HTTP/1.1" 404 973 "-" "Mozilla/5.0 (Windows NT 10.0; Win64; x64) AppleWebKit/537.36 (KHTML, like Gecko) Chrome/131.0.0.0 Safari/537.36"
34.215.240.225 - - [22/Aug/2026:07:42:31 +0800] "GET /hosting/phpinfo.php HTTP/1.1" 404 973 "-" "Mozilla/5.0 (Windows NT 10.0; Win64; x64) AppleWebKit/537.36 (KHTML, like Gecko) Chrome/131.0.0.0 Safari/537.36"
100.55.60.118 - - [22/Aug/2026:07:42:30 +0800] "GET /store/.env HTTP/1.1" 404 50089 "-" "Mozilla/5.0 (Windows NT 10.0; Win64; x64) AppleWebKit/537.36 (KHTML, like Gecko) Chrome/131.0.0.0 Safari/537.36"
18.117.75.156 - - [22/Aug/2026:07:42:31 +0800] "GET /elasticsearch/.env HTTP/1.1" 404 50836 "-" "Mozilla/5.0 (Macintosh; Intel Mac OS X 10_15_7) AppleWebKit/537.36 (KHTML, like Gecko) Chrome/131.0.0.0 Safari/537.36"
34.215.240.225 - - [22/Aug/2026:07:42:32 +0800] "GET /webmail/phpinfo.php HTTP/1.1" 404 973 "-" "Mozilla/5.0 (Windows NT 10.0; Win64; x64) AppleWebKit/537.36 (KHTML, like Gecko) Chrome/131.0.0.0 Safari/537.36"
