34.215.240.225 - - [22/Aug/2026:07:42:32 +0800] "GET /smtp/phpinfo.php HTTP/1.1" 404 973 "-" "Mozilla/5.0 (Windows NT 10.0; Win64; x64) AppleWebKit/537.36 (KHTML, like Gecko) Chrome/131.0.0.0 Safari/537.36"
3.222.190.107 - - [22/Aug/2026:07:42:32 +0800] "GET /41795/wp-json/wp/v2/posts/452 HTTP/1.1" 200 9859 "-" "Mozilla/5.0 AppleWebKit/537.36 (KHTML, like Gecko; compatible; Amazonbot/0.1; +https://developer.amazon.com/support/amazonbot) Chrome/119.0.6045.214 Safari/537.36"
17.22.245.69 - - [22/Aug/2026:07:42:32 +0800] "POST /6437/wp-json/ilc-summary/v1/popular-posts HTTP/1.1" 201 1401 "https://2blog.ilc.edu.tw/6437/2020/10/10/109_%e5%ad%b8%e6%a0%a1%e7%92%b0%e6%95%99%e7%89%b9%e8%89%b2%e8%88%87%e5%89%b5%e6%96%b0_%e8%a8%ad%e7%bd%ae%e6%b0%b4%e8%b3%87%e6%ba%90%e5%88%a9%e7%94%a8%e8%a8%ad%e6%96%bd/" "Mozilla/5.0 (Macintosh; Intel Mac OS X 10_15_7) AppleWebKit/605.1.15 (KHTML, like Gecko) Version/17.4 Safari/605.1.15 (Applebot/0.1; +http://www.apple.com/go/applebot)"
18.117.75.156 - - [22/Aug/2026:07:42:32 +0800] "GET /rabbitmq/.env HTTP/1.1" 404 50836 "-" "Mozilla/5.0 (Macintosh; Intel Mac OS X 10_15_7) AppleWebKit/537.36 (KHTML, like Gecko) Chrome/131.0.0.0 Safari/537.36"
34.215.240.225 - - [22/Aug/2026:07:42:32 +0800] "GET /phpinfo.php.bak HTTP/1.1" 404 54906 "-" "Mozilla/5.0 (Windows NT 10.0; Win64; x64) AppleWebKit/537.36 (KHTML, like Gecko) Chrome/131.0.0.0 Safari/537.36"
2001:288:a201::66:125 - - [22/Aug/2026:07:42:33 +0800] "GET /blog/active.php HTTP/1.1" 301 1026 "-" "-"
18.117.75.156 - - [22/Aug/2026:07:42:32 +0800] "GET /kafka/.env HTTP/1.1" 404 50836 "-" "Mozilla/5.0 (Macintosh; Intel Mac OS X 10_15_7) AppleWebKit/537.36 (KHTML, like Gecko) Chrome/131.0.0.0 Safari/537.36"
2001:288:a201::66:125 - - [22/Aug/2026:07:42:33 +0800] "GET /blog/active.php HTTP/1.1" 404 1084 "-" "-"
140.111.67.10 - - [22/Aug/2026:07:42:33 +0800] "GET /" 301 273 "-" "-"
18.117.75.156 - - [22/Aug/2026:07:42:33 +0800] "GET /queue/.env HTTP/1.1" 404 50836 "-" "Mozilla/5.0 (Macintosh; Intel Mac OS X 10_15_7) AppleWebKit/537.36 (KHTML, like Gecko) Chrome/131.0.0.0 Safari/537.36"
34.215.240.225 - - [22/Aug/2026:07:42:33 +0800] "GET /phpinfo.php.old HTTP/1.1" 404 54906 "-" "Mozilla/5.0 (Windows NT 10.0; Win64; x64) AppleWebKit/537.36 (KHTML, like Gecko) Chrome/131.0.0.0 Safari/537.36"
17.22.245.69 - - [22/Aug/2026:07:42:33 +0800] "GET /6437/wp-content/themes/oceanwp/assets/js/scroll-top.min.js HTTP/1.1" 200 3202 "https://2blog.ilc.edu.tw/6437/2020/10/10/109_%e5%ad%b8%e6%a0%a1%e7%92%b0%e6%95%99%e7%89%b9%e8%89%b2%e8%88%87%e5%89%b5%e6%96%b0_%e8%a8%ad%e7%bd%ae%e6%b0%b4%e8%b3%87%e6%ba%90%e5%88%a9%e7%94%a8%e8%a8%ad%e6%96%bd/" "Mozilla/5.0 (Macintosh; Intel Mac OS X 10_15_7) AppleWebKit/605.1.15 (KHTML, like Gecko) Version/17.4 Safari/605.1.15 (Applebot/0.1; +http://www.apple.com/go/applebot)"
18.117.75.156 - - [22/Aug/2026:07:42:33 +0800] "GET /worker/.env HTTP/1.1" 404 50836 "-" "Mozilla/5.0 (Macintosh; Intel Mac OS X 10_15_7) AppleWebKit/537.36 (KHTML, like Gecko) Chrome/131.0.0.0 Safari/537.36"
216.73.216.20 - - [22/Aug/2026:07:42:34 +0800] "GET /babybaby/2025/11/07/1103-1107%e3%80%8a%e8%aa%8d%e8%ad%98%e5%90%8c%e5%ad%b8-%e5%a5%bd%e6%9c%8b%e5%8f%8b%e4%b8%80%e8%b5%b7%e7%8e%a9%e3%80%8b/ HTTP/1.1" 200 21016 "-" "Mozilla/5.0 AppleWebKit/537.36 (KHTML, like Gecko; compatible; ClaudeBot/1.0; +claudebot@anthropic.com)"
216.73.216.20 - - [22/Aug/2026:07:42:34 +0800] "GET /6537/2014/11/30/%e4%b8%89-12-%e6%8e%a8%e8%a1%8c%e6%a9%9f%e9%97%9c%e7%b6%a0%e8%89%b2%e6%8e%a1%e8%b3%bc%e6%8e%a8%e5%8b%95%e6%96%b9%e6%a1%88%e5%8a%a0%e5%bc%b7%e8%be%a6%e7%90%86%e7%92%b0%e4%bf%9d%e6%a8%99%e7%ab%a0/ HTTP/1.1" 200 16261 "-" "Mozilla/5.0 AppleWebKit/537.36 (KHTML, like Gecko; compatible; ClaudeBot/1.0; +claudebot@anthropic.com)"
216.73.216.20 - - [22/Aug/2026:07:42:34 +0800] "GET /6537/2014/10/21/%e4%ba%8c-2-%e5%af%a6%e6%96%bd%e7%92%b0%e5%a2%83%e6%95%99%e8%82%b2%e6%9c%ac%e4%bd%8d%e8%aa%b2%e7%a8%8b%e4%b8%a6%e8%9e%8d%e5%85%a5%e5%90%84%e7%a7%91%e6%95%99%e5%ad%b8-5/ HTTP/1.1" 200 16006 "-" "Mozilla/5.0 AppleWebKit/537.36 (KHTML, like Gecko; compatible; ClaudeBot/1.0; +claudebot@anthropic.com)"
18.117.75.156 - - [22/Aug/2026:07:42:34 +0800] "GET /job/.env HTTP/1.1" 404 50836 "-" "Mozilla/5.0 (Macintosh; Intel Mac OS X 10_15_7) AppleWebKit/537.36 (KHTML, like Gecko) Chrome/131.0.0.0 Safari/537.36"
34.215.240.225 - - [22/Aug/2026:07:42:34 +0800] "GET /phpinfo.php~ HTTP/1.1" 404 54906 "-" "Mozilla/5.0 (Windows NT 10.0; Win64; x64) AppleWebKit/537.36 (KHTML, like Gecko) Chrome/131.0.0.0 Safari/537.36"
52.45.92.83 - - [22/Aug/2026:07:42:34 +0800] "GET /wp-content/uploads/sites/848/6554/6554-3341295.jpg HTTP/1.1" 200 111029 "-" "Mozilla/5.0 AppleWebKit/537.36 (KHTML, like Gecko; compatible; Amazonbot/0.1; +https://developer.amazon.com/support/amazonbot) Chrome/119.0.6045.214 Safari/537.36"
216.73.216.20 - - [22/Aug/2026:07:42:34 +0800] "GET /6537/2014/11/25/%e4%b8%89-11-%e5%8f%83%e8%88%87%e6%a0%a1%e5%a4%96%e7%92%b0%e4%bf%9d%e6%9c%8d%e5%8b%99%e6%b4%bb%e5%8b%95-3/ HTTP/1.1" 200 11477 "-" "Mozilla/5.0 AppleWebKit/537.36 (KHTML, like Gecko; compatible; ClaudeBot/1.0; +claudebot@anthropic.com)"
216.73.216.20 - - [22/Aug/2026:07:42:34 +0800] "GET /tcesinfo/wp-json/oembed/1.0/embed?url=https%3A%2F%2F2blog.ilc.edu.tw%2Ftcesinfo%2F2021%2F05%2F04%2F%25e5%25ae%25a2%25e8%25a3%25bd%25e5%258c%2596-elementary-os-6-0-beta%2F HTTP/1.1" 200 3435 "-" "Mozilla/5.0 AppleWebKit/537.36 (KHTML, like Gecko; compatible; ClaudeBot/1.0; +claudebot@anthropic.com)"
216.73.216.20 - - [22/Aug/2026:07:42:34 +0800] "GET /tcesinfo/wp-json/oembed/1.0/embed?format=xml&url=https%3A%2F%2F2blog.ilc.edu.tw%2Ftcesinfo%2F2021%2F05%2F04%2F%25e5%25ae%25a2%25e8%25a3%25bd%25e5%258c%2596-elementary-os-6-0-beta%2F HTTP/1.1" 200 2660 "-" "Mozilla/5.0 AppleWebKit/537.36 (KHTML, like Gecko; compatible; ClaudeBot/1.0; +claudebot@anthropic.com)"
216.73.216.20 - - [22/Aug/2026:07:42:34 +0800] "GET /tcesinfo/wp-json/oembed/1.0/embed?url=https%3A%2F%2F2blog.ilc.edu.tw%2Ftcesinfo%2F2021%2F05%2F04%2F%25e5%25ae%25a2%25e8%25a3%25bd%25e5%258c%2596-linux-mint-20-1-mate-x64%2F HTTP/1.1" 200 3784 "-" "Mozilla/5.0 AppleWebKit/537.36 (KHTML, like Gecko; compatible; ClaudeBot/1.0; +claudebot@anthropic.com)"
216.73.216.20 - - [22/Aug/2026:07:42:34 +0800] "GET /tcesinfo/wp-json/oembed/1.0/embed?url=https%3A%2F%2F2blog.ilc.edu.tw%2Ftcesinfo%2F2021%2F05%2F04%2F%25e5%25ae%25a2%25e8%25a3%25bd%25e5%258c%2596-pop_os-linux-20-04%2F HTTP/1.1" 200 3757 "-" "Mozilla/5.0 AppleWebKit/537.36 (KHTML, like Gecko; compatible; ClaudeBot/1.0; +claudebot@anthropic.com)"
100.55.60.118 - - [22/Aug/2026:07:42:32 +0800] "GET /saas/.env HTTP/1.1" 404 50059 "-" "Mozilla/5.0 (Windows NT 10.0; Win64; x64) AppleWebKit/537.36 (KHTML, like Gecko) Chrome/131.0.0.0 Safari/537.36"
18.117.75.156 - - [22/Aug/2026:07:42:34 +0800] "GET /test/.env HTTP/1.1" 404 50836 "-" "Mozilla/5.0 (Macintosh; Intel Mac OS X 10_15_7) AppleWebKit/537.36 (KHTML, like Gecko) Chrome/131.0.0.0 Safari/537.36"
34.215.240.225 - - [22/Aug/2026:07:42:34 +0800] "GET /info.php.bak HTTP/1.1" 404 54906 "-" "Mozilla/5.0 (Windows NT 10.0; Win64; x64) AppleWebKit/537.36 (KHTML, like Gecko) Chrome/131.0.0.0 Safari/537.36"
18.117.75.156 - - [22/Aug/2026:07:42:35 +0800] "GET /qa/.env HTTP/1.1" 404 50836 "-" "Mozilla/5.0 (Macintosh; Intel Mac OS X 10_15_7) AppleWebKit/537.36 (KHTML, like Gecko) Chrome/131.0.0.0 Safari/537.36"
18.117.75.156 - - [22/Aug/2026:07:42:35 +0800] "GET /preview/.env HTTP/1.1" 404 50836 "-" "Mozilla/5.0 (Macintosh; Intel Mac OS X 10_15_7) AppleWebKit/537.36 (KHTML, like Gecko) Chrome/131.0.0.0 Safari/537.36"
34.215.240.225 - - [22/Aug/2026:07:42:35 +0800] "GET /phpinfo.php.save HTTP/1.1" 404 54906 "-" "Mozilla/5.0 (Windows NT 10.0; Win64; x64) AppleWebKit/537.36 (KHTML, like Gecko) Chrome/131.0.0.0 Safari/537.36"
85.208.96.197 - - [22/Aug/2026:07:42:36 +0800] "GET /tcesinfo/2021/04/27/ HTTP/1.1" 200 14931 "-" "Mozilla/5.0 (compatible; SemrushBot/7~bl; +http://www.semrush.com/bot.html)"
18.117.75.156 - - [22/Aug/2026:07:42:36 +0800] "GET /beta/.env HTTP/1.1" 404 50836 "-" "Mozilla/5.0 (Macintosh; Intel Mac OS X 10_15_7) AppleWebKit/537.36 (KHTML, like Gecko) Chrome/131.0.0.0 Safari/537.36"
34.215.240.225 - - [22/Aug/2026:07:42:36 +0800] "GET /staging/phpinfo.php HTTP/1.1" 404 973 "-" "Mozilla/5.0 (Windows NT 10.0; Win64; x64) AppleWebKit/537.36 (KHTML, like Gecko) Chrome/131.0.0.0 Safari/537.36"
34.215.240.225 - - [22/Aug/2026:07:42:36 +0800] "GET /beta/phpinfo.php HTTP/1.1" 404 973 "-" "Mozilla/5.0 (Windows NT 10.0; Win64; x64) AppleWebKit/537.36 (KHTML, like Gecko) Chrome/131.0.0.0 Safari/537.36"
140.111.67.195 - - [22/Aug/2026:07:42:36 +0800] "GET /wp-admin/admin-post.php?action=steps_ad HTTP/1.1" 200 1973 "-" "node-fetch/1.0 (+https://github.com/bitinn/node-fetch)"
216.73.216.20 - - [22/Aug/2026:07:42:36 +0800] "GET /sun520/wp-content/uploads/sites/3900/2026/03/IMG_9404-300x200.jpg HTTP/1.1" 200 20186 "-" "Mozilla/5.0 AppleWebKit/537.36 (KHTML, like Gecko; compatible; ClaudeBot/1.0; +claudebot@anthropic.com)"
18.117.75.156 - - [22/Aug/2026:07:42:36 +0800] "GET /uat/.env HTTP/1.1" 404 50836 "-" "Mozilla/5.0 (Macintosh; Intel Mac OS X 10_15_7) AppleWebKit/537.36 (KHTML, like Gecko) Chrome/131.0.0.0 Safari/537.36"
34.215.240.225 - - [22/Aug/2026:07:42:36 +0800] "GET /uat/phpinfo.php HTTP/1.1" 404 973 "-" "Mozilla/5.0 (Windows NT 10.0; Win64; x64) AppleWebKit/537.36 (KHTML, like Gecko) Chrome/131.0.0.0 Safari/537.36"
34.215.240.225 - - [22/Aug/2026:07:42:37 +0800] "GET /qa/phpinfo.php HTTP/1.1" 404 973 "-" "Mozilla/5.0 (Windows NT 10.0; Win64; x64) AppleWebKit/537.36 (KHTML, like Gecko) Chrome/131.0.0.0 Safari/537.36"
216.73.216.20 - - [22/Aug/2026:07:42:37 +0800] "GET /sun520/wp-content/uploads/sites/3900/2026/03/IMG_8972-300x200.jpg HTTP/1.1" 200 17803 "-" "Mozilla/5.0 AppleWebKit/537.36 (KHTML, like Gecko; compatible; ClaudeBot/1.0; +claudebot@anthropic.com)"
2a03:2880:f802:43:: - - [22/Aug/2026:07:42:35 +0800] "GET /wp-login.php?key=xdo6u375&_wpnonce=&action=ilc_logout&redirect_to=https%3A%2F%2Fgame.edu.kg HTTP/1.1" 302 8248 "-" "Mozilla/5.0 (Windows NT 10.0; Win64; x64) AppleWebKit/537.36 (KHTML, like Gecko) Chrome/145.0.0.0 Safari/537.36 (compatible; meta-externalagent/1.1 (+https://developers.facebook.com/docs/sharing/webmasters/crawler))"
216.73.216.20 - - [22/Aug/2026:07:42:37 +0800] "GET /sun520/wp-content/uploads/sites/3900/2026/03/IMG_9963-300x200.jpg HTTP/1.1" 200 16983 "-" "Mozilla/5.0 AppleWebKit/537.36 (KHTML, like Gecko; compatible; ClaudeBot/1.0; +claudebot@anthropic.com)"
34.215.240.225 - - [22/Aug/2026:07:42:37 +0800] "GET /preview/phpinfo.php HTTP/1.1" 404 973 "-" "Mozilla/5.0 (Windows NT 10.0; Win64; x64) AppleWebKit/537.36 (KHTML, like Gecko) Chrome/131.0.0.0 Safari/537.36"
100.55.60.118 - - [22/Aug/2026:07:42:35 +0800] "GET /client/.env HTTP/1.1" 404 50079 "-" "Mozilla/5.0 (Windows NT 10.0; Win64; x64) AppleWebKit/537.36 (KHTML, like Gecko) Chrome/131.0.0.0 Safari/537.36"
18.117.75.156 - - [22/Aug/2026:07:42:37 +0800] "GET /stage/.env HTTP/1.1" 404 50836 "-" "Mozilla/5.0 (Macintosh; Intel Mac OS X 10_15_7) AppleWebKit/537.36 (KHTML, like Gecko) Chrome/131.0.0.0 Safari/537.36"
216.73.216.20 - - [22/Aug/2026:07:42:37 +0800] "GET /sun520/wp-content/uploads/sites/3900/2026/03/IMG_9735-300x200.jpg HTTP/1.1" 200 21406 "-" "Mozilla/5.0 AppleWebKit/537.36 (KHTML, like Gecko; compatible; ClaudeBot/1.0; +claudebot@anthropic.com)"
216.73.216.20 - - [22/Aug/2026:07:42:37 +0800] "GET /sun520/wp-content/uploads/sites/3900/2026/03/IMG_8985-300x200.jpg HTTP/1.1" 200 17909 "-" "Mozilla/5.0 AppleWebKit/537.36 (KHTML, like Gecko; compatible; ClaudeBot/1.0; +claudebot@anthropic.com)"
216.73.216.20 - - [22/Aug/2026:07:42:37 +0800] "GET /sun520/wp-content/uploads/sites/3900/2026/03/IMG_9364-300x200.jpg HTTP/1.1" 200 19742 "-" "Mozilla/5.0 AppleWebKit/537.36 (KHTML, like Gecko; compatible; ClaudeBot/1.0; +claudebot@anthropic.com)"
34.215.240.225 - - [22/Aug/2026:07:42:37 +0800] "GET /www/phpinfo.php HTTP/1.1" 404 973 "-" "Mozilla/5.0 (Windows NT 10.0; Win64; x64) AppleWebKit/537.36 (KHTML, like Gecko) Chrome/131.0.0.0 Safari/537.36"
216.73.216.20 - - [22/Aug/2026:07:42:37 +0800] "GET /sun520/wp-content/uploads/sites/3900/2026/04/IMG_2192-300x200.jpg HTTP/1.1" 200 22494 "-" "Mozilla/5.0 AppleWebKit/537.36 (KHTML, like Gecko; compatible; ClaudeBot/1.0; +claudebot@anthropic.com)"
216.73.216.20 - - [22/Aug/2026:07:42:37 +0800] "GET /sun520/wp-content/uploads/sites/3900/2026/04/IMG_2196-300x200.jpg HTTP/1.1" 200 18857 "-" "Mozilla/5.0 AppleWebKit/537.36 (KHTML, like Gecko; compatible; ClaudeBot/1.0; +claudebot@anthropic.com)"
34.215.240.225 - - [22/Aug/2026:07:42:37 +0800] "GET /htdocs/phpinfo.php HTTP/1.1" 404 973 "-" "Mozilla/5.0 (Windows NT 10.0; Win64; x64) AppleWebKit/537.36 (KHTML, like Gecko) Chrome/131.0.0.0 Safari/537.36"
18.117.75.156 - - [22/Aug/2026:07:42:37 +0800] "GET /development/.env HTTP/1.1" 404 50836 "-" "Mozilla/5.0 (Macintosh; Intel Mac OS X 10_15_7) AppleWebKit/537.36 (KHTML, like Gecko) Chrome/131.0.0.0 Safari/537.36"
216.73.216.20 - - [22/Aug/2026:07:42:37 +0800] "GET /sun520/wp-content/uploads/sites/3900/2026/04/IMG_2018-300x200.jpg HTTP/1.1" 200 17001 "-" "Mozilla/5.0 AppleWebKit/537.36 (KHTML, like Gecko; compatible; ClaudeBot/1.0; +claudebot@anthropic.com)"
216.73.216.20 - - [22/Aug/2026:07:42:37 +0800] "GET /sun520/wp-content/uploads/sites/3900/2026/03/IMG_9746-300x200.jpg HTTP/1.1" 200 15916 "-" "Mozilla/5.0 AppleWebKit/537.36 (KHTML, like Gecko; compatible; ClaudeBot/1.0; +claudebot@anthropic.com)"
216.73.216.20 - - [22/Aug/2026:07:42:37 +0800] "GET /sun520/wp-content/uploads/sites/3900/2026/03/IMG_8904-300x200.jpg HTTP/1.1" 200 24194 "-" "Mozilla/5.0 AppleWebKit/537.36 (KHTML, like Gecko; compatible; ClaudeBot/1.0; +claudebot@anthropic.com)"
216.73.216.20 - - [22/Aug/2026:07:42:37 +0800] "GET /sun520/wp-content/uploads/sites/3900/2026/03/IMG_9960-300x200.jpg HTTP/1.1" 200 17528 "-" "Mozilla/5.0 AppleWebKit/537.36 (KHTML, like Gecko; compatible; ClaudeBot/1.0; +claudebot@anthropic.com)"
216.73.216.20 - - [22/Aug/2026:07:42:37 +0800] "GET /sun520/wp-content/uploads/sites/3900/2026/03/IMG_8954-300x200.jpg HTTP/1.1" 200 15854 "-" "Mozilla/5.0 AppleWebKit/537.36 (KHTML, like Gecko; compatible; ClaudeBot/1.0; +claudebot@anthropic.com)"
216.73.216.20 - - [22/Aug/2026:07:42:37 +0800] "GET /sun520/wp-content/uploads/sites/3900/2026/03/IMG_9873-300x200.jpg HTTP/1.1" 200 14157 "-" "Mozilla/5.0 AppleWebKit/537.36 (KHTML, like Gecko; compatible; ClaudeBot/1.0; +claudebot@anthropic.com)"
34.215.240.225 - - [22/Aug/2026:07:42:37 +0800] "GET /public_html/phpinfo.php HTTP/1.1" 404 973 "-" "Mozilla/5.0 (Windows NT 10.0; Win64; x64) AppleWebKit/537.36 (KHTML, like Gecko) Chrome/131.0.0.0 Safari/537.36"
216.73.216.20 - - [22/Aug/2026:07:42:37 +0800] "GET /sun520/wp-content/uploads/sites/3900/2026/03/IMG_9982-300x200.jpg HTTP/1.1" 200 18114 "-" "Mozilla/5.0 AppleWebKit/537.36 (KHTML, like Gecko; compatible; ClaudeBot/1.0; +claudebot@anthropic.com)"
216.73.216.20 - - [22/Aug/2026:07:42:38 +0800] "GET /sun520/wp-content/uploads/sites/3900/2026/03/IMG_9740-300x200.jpg HTTP/1.1" 200 15218 "-" "Mozilla/5.0 AppleWebKit/537.36 (KHTML, like Gecko; compatible; ClaudeBot/1.0; +claudebot@anthropic.com)"
34.215.240.225 - - [22/Aug/2026:07:42:38 +0800] "GET /site/phpinfo.php HTTP/1.1" 404 973 "-" "Mozilla/5.0 (Windows NT 10.0; Win64; x64) AppleWebKit/537.36 (KHTML, like Gecko) Chrome/131.0.0.0 Safari/537.36"
216.73.216.20 - - [22/Aug/2026:07:42:38 +0800] "GET /sun520/wp-content/uploads/sites/3900/2026/03/IMG_8980-300x200.jpg HTTP/1.1" 200 13779 "-" "Mozilla/5.0 AppleWebKit/537.36 (KHTML, like Gecko; compatible; ClaudeBot/1.0; +claudebot@anthropic.com)"
18.117.75.156 - - [22/Aug/2026:07:42:38 +0800] "GET /production/.env HTTP/1.1" 404 50836 "-" "Mozilla/5.0 (Macintosh; Intel Mac OS X 10_15_7) AppleWebKit/537.36 (KHTML, like Gecko) Chrome/131.0.0.0 Safari/537.36"
216.73.216.20 - - [22/Aug/2026:07:42:38 +0800] "GET /sun520/wp-content/uploads/sites/3900/2026/03/IMG_9202-300x200.jpg HTTP/1.1" 200 17105 "-" "Mozilla/5.0 AppleWebKit/537.36 (KHTML, like Gecko; compatible; ClaudeBot/1.0; +claudebot@anthropic.com)"
34.215.240.225 - - [22/Aug/2026:07:42:38 +0800] "GET /docs/phpinfo.php HTTP/1.1" 404 973 "-" "Mozilla/5.0 (Windows NT 10.0; Win64; x64) AppleWebKit/537.36 (KHTML, like Gecko) Chrome/131.0.0.0 Safari/537.36"
216.73.216.20 - - [22/Aug/2026:07:42:38 +0800] "GET /sun520/wp-content/uploads/sites/3900/2026/03/IMG_9503-300x200.jpg HTTP/1.1" 200 16597 "-" "Mozilla/5.0 AppleWebKit/537.36 (KHTML, like Gecko; compatible; ClaudeBot/1.0; +claudebot@anthropic.com)"
216.73.216.20 - - [22/Aug/2026:07:42:38 +0800] "GET /sun520/wp-content/uploads/sites/3900/2026/03/IMG_9641-300x200.jpg HTTP/1.1" 200 17219 "-" "Mozilla/5.0 AppleWebKit/537.36 (KHTML, like Gecko; compatible; ClaudeBot/1.0; +claudebot@anthropic.com)"
216.73.216.20 - - [22/Aug/2026:07:42:38 +0800] "GET /sun520/wp-content/uploads/sites/3900/2026/03/IMG_9384-300x200.jpg HTTP/1.1" 200 17160 "-" "Mozilla/5.0 AppleWebKit/537.36 (KHTML, like Gecko; compatible; ClaudeBot/1.0; +claudebot@anthropic.com)"
34.215.240.225 - - [22/Aug/2026:07:42:38 +0800] "GET /wp-admin/phpinfo.php HTTP/1.1" 404 973 "-" "Mozilla/5.0 (Windows NT 10.0; Win64; x64) AppleWebKit/537.36 (KHTML, like Gecko) Chrome/131.0.0.0 Safari/537.36"
18.117.75.156 - - [22/Aug/2026:07:42:38 +0800] "GET /config/app/.env HTTP/1.1" 404 50836 "-" "Mozilla/5.0 (Macintosh; Intel Mac OS X 10_15_7) AppleWebKit/537.36 (KHTML, like Gecko) Chrome/131.0.0.0 Safari/537.36"
216.73.216.20 - - [22/Aug/2026:07:42:38 +0800] "GET /sun520/wp-content/uploads/sites/3900/2026/03/IMG_9253-300x200.jpg HTTP/1.1" 200 14538 "-" "Mozilla/5.0 AppleWebKit/537.36 (KHTML, like Gecko; compatible; ClaudeBot/1.0; +claudebot@anthropic.com)"
216.73.216.20 - - [22/Aug/2026:07:42:38 +0800] "GET /sun520/wp-content/uploads/sites/3900/2026/03/IMG_8933-300x200.jpg HTTP/1.1" 200 13044 "-" "Mozilla/5.0 AppleWebKit/537.36 (KHTML, like Gecko; compatible; ClaudeBot/1.0; +claudebot@anthropic.com)"
34.215.240.225 - - [22/Aug/2026:07:42:38 +0800] "GET /administrator/phpinfo.php HTTP/1.1" 404 973 "-" "Mozilla/5.0 (Windows NT 10.0; Win64; x64) AppleWebKit/537.36 (KHTML, like Gecko) Chrome/131.0.0.0 Safari/537.36"
216.73.216.20 - - [22/Aug/2026:07:42:38 +0800] "GET /sun520/wp-content/uploads/sites/3900/2026/03/IMG_9574-300x200.jpg HTTP/1.1" 200 15083 "-" "Mozilla/5.0 AppleWebKit/537.36 (KHTML, like Gecko; compatible; ClaudeBot/1.0; +claudebot@anthropic.com)"
18.117.75.156 - - [22/Aug/2026:07:42:38 +0800] "GET /phpinfo.php HTTP/1.1" 404 973 "-" "Mozilla/5.0 (Macintosh; Intel Mac OS X 10_15_7) AppleWebKit/537.36 (KHTML, like Gecko) Chrome/131.0.0.0 Safari/537.36"
216.73.216.20 - - [22/Aug/2026:07:42:38 +0800] "GET /sun520/wp-content/uploads/sites/3900/2026/03/IMG_8906-300x200.jpg HTTP/1.1" 200 19274 "-" "Mozilla/5.0 AppleWebKit/537.36 (KHTML, like Gecko; compatible; ClaudeBot/1.0; +claudebot@anthropic.com)"
34.215.240.225 - - [22/Aug/2026:07:42:38 +0800] "GET /core/phpinfo.php HTTP/1.1" 404 973 "-" "Mozilla/5.0 (Windows NT 10.0; Win64; x64) AppleWebKit/537.36 (KHTML, like Gecko) Chrome/131.0.0.0 Safari/537.36"
216.73.216.20 - - [22/Aug/2026:07:42:39 +0800] "GET /sun520/wp-content/uploads/sites/3900/2026/03/IMG_9660-300x200.jpg HTTP/1.1" 200 17378 "-" "Mozilla/5.0 AppleWebKit/537.36 (KHTML, like Gecko; compatible; ClaudeBot/1.0; +claudebot@anthropic.com)"
2001:288:a201::66:125 - - [22/Aug/2026:07:42:39 +0800] "GET /blog/active.php HTTP/1.1" 301 1026 "-" "-"
216.73.216.20 - - [22/Aug/2026:07:42:39 +0800] "GET /sun520/wp-content/uploads/sites/3900/2026/03/IMG_9280-300x200.jpg HTTP/1.1" 200 21965 "-" "Mozilla/5.0 AppleWebKit/537.36 (KHTML, like Gecko; compatible; ClaudeBot/1.0; +claudebot@anthropic.com)"
18.117.75.156 - - [22/Aug/2026:07:42:39 +0800] "GET /info.php HTTP/1.1" 404 973 "-" "Mozilla/5.0 (Macintosh; Intel Mac OS X 10_15_7) AppleWebKit/537.36 (KHTML, like Gecko) Chrome/131.0.0.0 Safari/537.36"
34.215.240.225 - - [22/Aug/2026:07:42:39 +0800] "GET /includes/phpinfo.php HTTP/1.1" 404 973 "-" "Mozilla/5.0 (Windows NT 10.0; Win64; x64) AppleWebKit/537.36 (KHTML, like Gecko) Chrome/131.0.0.0 Safari/537.36"
216.73.216.20 - - [22/Aug/2026:07:42:39 +0800] "GET /sun520/wp-content/uploads/sites/3900/2026/03/IMG_9507-300x200.jpg HTTP/1.1" 200 15447 "-" "Mozilla/5.0 AppleWebKit/537.36 (KHTML, like Gecko; compatible; ClaudeBot/1.0; +claudebot@anthropic.com)"
216.73.216.20 - - [22/Aug/2026:07:42:39 +0800] "GET /sun520/wp-content/uploads/sites/3900/2026/03/IMG_9708-300x200.jpg HTTP/1.1" 200 18055 "-" "Mozilla/5.0 AppleWebKit/537.36 (KHTML, like Gecko; compatible; ClaudeBot/1.0; +claudebot@anthropic.com)"
216.73.216.20 - - [22/Aug/2026:07:42:39 +0800] "GET /sun520/wp-content/uploads/sites/3900/2026/03/IMG_9972-300x200.jpg HTTP/1.1" 200 18479 "-" "Mozilla/5.0 AppleWebKit/537.36 (KHTML, like Gecko; compatible; ClaudeBot/1.0; +claudebot@anthropic.com)"
18.117.75.156 - - [22/Aug/2026:07:42:39 +0800] "GET /php.php HTTP/1.1" 404 973 "-" "Mozilla/5.0 (Macintosh; Intel Mac OS X 10_15_7) AppleWebKit/537.36 (KHTML, like Gecko) Chrome/131.0.0.0 Safari/537.36"
216.73.216.20 - - [22/Aug/2026:07:42:39 +0800] "GET /sun520/wp-content/uploads/sites/3900/2026/03/IMG_9552-300x200.jpg HTTP/1.1" 200 15934 "-" "Mozilla/5.0 AppleWebKit/537.36 (KHTML, like Gecko; compatible; ClaudeBot/1.0; +claudebot@anthropic.com)"
216.73.216.20 - - [22/Aug/2026:07:42:39 +0800] "GET /sun520/wp-content/uploads/sites/3900/2026/04/IMG_1966-300x200.jpg HTTP/1.1" 200 16488 "-" "Mozilla/5.0 AppleWebKit/537.36 (KHTML, like Gecko; compatible; ClaudeBot/1.0; +claudebot@anthropic.com)"
100.55.60.118 - - [22/Aug/2026:07:42:37 +0800] "GET /project/.env HTTP/1.1" 404 50064 "-" "Mozilla/5.0 (Windows NT 10.0; Win64; x64) AppleWebKit/537.36 (KHTML, like Gecko) Chrome/131.0.0.0 Safari/537.36"
140.111.67.10 - - [22/Aug/2026:07:42:39 +0800] "GET /" 301 273 "-" "-"
2001:288:a201::66:125 - - [22/Aug/2026:07:42:39 +0800] "GET /blog/active.php HTTP/1.1" 404 1084 "-" "-"
192.241.136.223 - - [22/Aug/2026:07:42:39 +0800] "GET /blog/imgs/thumbs_up.gif HTTP/1.1" 301 1042 "http://blog.ilc.edu.tw/" "Mozilla/5.0 (Windows NT 10.0; Win64; x64) AppleWebKit/537.36 (KHTML, like Gecko) Chrome/104.0.5112.81 Safari/537.36"
3.211.181.86 - - [22/Aug/2026:07:42:39 +0800] "GET /wp-content/uploads/sites/847/6483/previews/6483-2380434.gif HTTP/1.1" 200 3581 "-" "Mozilla/5.0 AppleWebKit/537.36 (KHTML, like Gecko; compatible; Amazonbot/0.1; +https://developer.amazon.com/support/amazonbot) Chrome/119.0.6045.214 Safari/537.36"
216.73.216.20 - - [22/Aug/2026:07:42:39 +0800] "GET /sun520/wp-content/uploads/sites/3900/2026/03/IMG_9504-300x200.jpg HTTP/1.1" 200 15592 "-" "Mozilla/5.0 AppleWebKit/537.36 (KHTML, like Gecko; compatible; ClaudeBot/1.0; +claudebot@anthropic.com)"
34.215.240.225 - - [22/Aug/2026:07:42:39 +0800] "GET /service-account.json HTTP/1.1" 404 54906 "-" "Mozilla/5.0 (Windows NT 10.0; Win64; x64) AppleWebKit/537.36 (KHTML, like Gecko) Chrome/131.0.0.0 Safari/537.36"
18.117.75.156 - - [22/Aug/2026:07:42:39 +0800] "GET /i.php HTTP/1.1" 404 973 "-" "Mozilla/5.0 (Macintosh; Intel Mac OS X 10_15_7) AppleWebKit/537.36 (KHTML, like Gecko) Chrome/131.0.0.0 Safari/537.36"
216.73.216.20 - - [22/Aug/2026:07:42:39 +0800] "GET /sun520/wp-content/uploads/sites/3900/2026/04/IMG_2005-300x200.jpg HTTP/1.1" 200 16862 "-" "Mozilla/5.0 AppleWebKit/537.36 (KHTML, like Gecko; compatible; ClaudeBot/1.0; +claudebot@anthropic.com)"
216.73.216.20 - - [22/Aug/2026:07:42:39 +0800] "GET /sun520/wp-content/uploads/sites/3900/2026/03/IMG_9964-300x200.jpg HTTP/1.1" 200 17369 "-" "Mozilla/5.0 AppleWebKit/537.36 (KHTML, like Gecko; compatible; ClaudeBot/1.0; +claudebot@anthropic.com)"
216.73.216.20 - - [22/Aug/2026:07:42:40 +0800] "GET /sun520/wp-content/uploads/sites/3900/2026/03/IMG_9904-300x200.jpg HTTP/1.1" 200 13405 "-" "Mozilla/5.0 AppleWebKit/537.36 (KHTML, like Gecko; compatible; ClaudeBot/1.0; +claudebot@anthropic.com)"
18.117.75.156 - - [22/Aug/2026:07:42:40 +0800] "GET /pi.php HTTP/1.1" 404 973 "-" "Mozilla/5.0 (Macintosh; Intel Mac OS X 10_15_7) AppleWebKit/537.36 (KHTML, like Gecko) Chrome/131.0.0.0 Safari/537.36"
184.73.167.217 - - [22/Aug/2026:07:42:40 +0800] "GET /kkes603/wp-content/uploads/sites/2892/2023/09/472147-768x576.jpg HTTP/1.1" 200 98208 "-" "Mozilla/5.0 AppleWebKit/537.36 (KHTML, like Gecko; compatible; Amazonbot/0.1; +https://developer.amazon.com/support/amazonbot) Chrome/119.0.6045.214 Safari/537.36"
216.73.216.20 - - [22/Aug/2026:07:42:40 +0800] "GET /sun520/wp-content/uploads/sites/3900/2026/04/IMG_2015-300x200.jpg HTTP/1.1" 200 16127 "-" "Mozilla/5.0 AppleWebKit/537.36 (KHTML, like Gecko; compatible; ClaudeBot/1.0; +claudebot@anthropic.com)"
216.73.216.20 - - [22/Aug/2026:07:42:40 +0800] "GET /sun520/wp-content/uploads/sites/3900/2026/03/IMG_9689-300x200.jpg HTTP/1.1" 200 12387 "-" "Mozilla/5.0 AppleWebKit/537.36 (KHTML, like Gecko; compatible; ClaudeBot/1.0; +claudebot@anthropic.com)"
216.73.216.20 - - [22/Aug/2026:07:42:39 +0800] "GET /27304/wp-content/uploads/sites/2614/2021/12/20210908_132936-scaled.jpg HTTP/1.1" 200 538124 "-" "Mozilla/5.0 AppleWebKit/537.36 (KHTML, like Gecko; compatible; ClaudeBot/1.0; +claudebot@anthropic.com)"
216.73.216.20 - - [22/Aug/2026:07:42:40 +0800] "GET /sun520/wp-content/uploads/sites/3900/2026/03/IMG_9979-300x200.jpg HTTP/1.1" 200 12466 "-" "Mozilla/5.0 AppleWebKit/537.36 (KHTML, like Gecko; compatible; ClaudeBot/1.0; +claudebot@anthropic.com)"
18.117.75.156 - - [22/Aug/2026:07:42:40 +0800] "GET /pinfo.php HTTP/1.1" 404 973 "-" "Mozilla/5.0 (Macintosh; Intel Mac OS X 10_15_7) AppleWebKit/537.36 (KHTML, like Gecko) Chrome/131.0.0.0 Safari/537.36"
216.73.216.20 - - [22/Aug/2026:07:42:40 +0800] "GET /sun520/wp-content/uploads/sites/3900/2026/03/IMG_9352-300x200.jpg HTTP/1.1" 200 16747 "-" "Mozilla/5.0 AppleWebKit/537.36 (KHTML, like Gecko; compatible; ClaudeBot/1.0; +claudebot@anthropic.com)"
34.215.240.225 - - [22/Aug/2026:07:42:40 +0800] "GET /sa.json HTTP/1.1" 404 54906 "-" "Mozilla/5.0 (Windows NT 10.0; Win64; x64) AppleWebKit/537.36 (KHTML, like Gecko) Chrome/131.0.0.0 Safari/537.36"
216.73.216.20 - - [22/Aug/2026:07:42:40 +0800] "GET /sun520/wp-content/uploads/sites/3900/2026/03/IMG_8965-300x200.jpg HTTP/1.1" 200 17648 "-" "Mozilla/5.0 AppleWebKit/537.36 (KHTML, like Gecko; compatible; ClaudeBot/1.0; +claudebot@anthropic.com)"
18.117.75.156 - - [22/Aug/2026:07:42:40 +0800] "GET /test.php HTTP/1.1" 404 973 "-" "Mozilla/5.0 (Macintosh; Intel Mac OS X 10_15_7) AppleWebKit/537.36 (KHTML, like Gecko) Chrome/131.0.0.0 Safari/537.36"
216.73.216.20 - - [22/Aug/2026:07:42:40 +0800] "GET /sun520/wp-content/uploads/sites/3900/2026/04/IMG_2178-300x200.jpg HTTP/1.1" 200 20200 "-" "Mozilla/5.0 AppleWebKit/537.36 (KHTML, like Gecko; compatible; ClaudeBot/1.0; +claudebot@anthropic.com)"
216.73.216.20 - - [22/Aug/2026:07:42:40 +0800] "GET /sun520/wp-content/uploads/sites/3900/2026/03/IMG_9699-300x200.jpg HTTP/1.1" 200 17669 "-" "Mozilla/5.0 AppleWebKit/537.36 (KHTML, like Gecko; compatible; ClaudeBot/1.0; +claudebot@anthropic.com)"
216.73.216.20 - - [22/Aug/2026:07:42:40 +0800] "GET /sun520/wp-content/uploads/sites/3900/2026/03/IMG_8909-300x200.jpg HTTP/1.1" 200 19552 "-" "Mozilla/5.0 AppleWebKit/537.36 (KHTML, like Gecko; compatible; ClaudeBot/1.0; +claudebot@anthropic.com)"
216.73.216.20 - - [22/Aug/2026:07:42:40 +0800] "GET /sun520/wp-content/uploads/sites/3900/2026/03/IMG_9529-300x200.jpg HTTP/1.1" 200 13929 "-" "Mozilla/5.0 AppleWebKit/537.36 (KHTML, like Gecko; compatible; ClaudeBot/1.0; +claudebot@anthropic.com)"
18.117.75.156 - - [22/Aug/2026:07:42:40 +0800] "GET /phpinfo HTTP/1.1" 404 50836 "-" "Mozilla/5.0 (Macintosh; Intel Mac OS X 10_15_7) AppleWebKit/537.36 (KHTML, like Gecko) Chrome/131.0.0.0 Safari/537.36"
216.73.216.20 - - [22/Aug/2026:07:42:40 +0800] "GET /sun520/wp-content/uploads/sites/3900/2026/03/IMG_9965-300x200.jpg HTTP/1.1" 200 17223 "-" "Mozilla/5.0 AppleWebKit/537.36 (KHTML, like Gecko; compatible; ClaudeBot/1.0; +claudebot@anthropic.com)"
216.73.216.20 - - [22/Aug/2026:07:42:41 +0800] "GET /sun520/wp-content/uploads/sites/3900/2026/03/IMG_9014-300x200.jpg HTTP/1.1" 200 14203 "-" "Mozilla/5.0 AppleWebKit/537.36 (KHTML, like Gecko; compatible; ClaudeBot/1.0; +claudebot@anthropic.com)"
216.73.216.20 - - [22/Aug/2026:07:42:41 +0800] "GET /sun520/wp-content/uploads/sites/3900/2026/03/IMG_9236-300x200.jpg HTTP/1.1" 200 19234 "-" "Mozilla/5.0 AppleWebKit/537.36 (KHTML, like Gecko; compatible; ClaudeBot/1.0; +claudebot@anthropic.com)"
34.215.240.225 - - [22/Aug/2026:07:42:40 +0800] "GET /gcp-key.json HTTP/1.1" 404 54906 "-" "Mozilla/5.0 (Windows NT 10.0; Win64; x64) AppleWebKit/537.36 (KHTML, like Gecko) Chrome/131.0.0.0 Safari/537.36"
67.207.82.221 - - [22/Aug/2026:07:42:41 +0800] "GET /blog/imgs/thumbs_up.gif HTTP/1.1" 404 25426 "http://blog.ilc.edu.tw/" "Mozilla/5.0 (Windows NT 10.0; Win64; x64) AppleWebKit/537.36 (KHTML, like Gecko) Chrome/104.0.5112.81 Safari/537.36"
216.73.216.20 - - [22/Aug/2026:07:42:41 +0800] "GET /sun520/wp-content/uploads/sites/3900/2026/03/IMG_9985-300x200.jpg HTTP/1.1" 200 17369 "-" "Mozilla/5.0 AppleWebKit/537.36 (KHTML, like Gecko; compatible; ClaudeBot/1.0; +claudebot@anthropic.com)"
18.117.75.156 - - [22/Aug/2026:07:42:41 +0800] "GET /p.php HTTP/1.1" 404 973 "-" "Mozilla/5.0 (Macintosh; Intel Mac OS X 10_15_7) AppleWebKit/537.36 (KHTML, like Gecko) Chrome/131.0.0.0 Safari/537.36"
216.73.216.20 - - [22/Aug/2026:07:42:41 +0800] "GET /sun520/wp-content/uploads/sites/3900/2026/03/IMG_9070-300x200.jpg HTTP/1.1" 200 15308 "-" "Mozilla/5.0 AppleWebKit/537.36 (KHTML, like Gecko; compatible; ClaudeBot/1.0; +claudebot@anthropic.com)"
216.73.216.20 - - [22/Aug/2026:07:42:41 +0800] "GET /sun520/wp-content/uploads/sites/3900/2026/03/IMG_9028-300x200.jpg HTTP/1.1" 200 17066 "-" "Mozilla/5.0 AppleWebKit/537.36 (KHTML, like Gecko; compatible; ClaudeBot/1.0; +claudebot@anthropic.com)"
216.73.216.20 - - [22/Aug/2026:07:42:41 +0800] "GET /sun520/wp-content/uploads/sites/3900/2026/03/IMG_8792-300x200.jpg HTTP/1.1" 200 18228 "-" "Mozilla/5.0 AppleWebKit/537.36 (KHTML, like Gecko; compatible; ClaudeBot/1.0; +claudebot@anthropic.com)"
18.117.75.156 - - [22/Aug/2026:07:42:41 +0800] "GET /debug.php HTTP/1.1" 404 973 "-" "Mozilla/5.0 (Macintosh; Intel Mac OS X 10_15_7) AppleWebKit/537.36 (KHTML, like Gecko) Chrome/131.0.0.0 Safari/537.36"
216.73.216.20 - - [22/Aug/2026:07:42:41 +0800] "GET /sun520/wp-content/uploads/sites/3900/2026/03/IMG_9558-300x200.jpg HTTP/1.1" 200 14244 "-" "Mozilla/5.0 AppleWebKit/537.36 (KHTML, like Gecko; compatible; ClaudeBot/1.0; +claudebot@anthropic.com)"
216.73.216.20 - - [22/Aug/2026:07:42:41 +0800] "GET /sun520/wp-content/uploads/sites/3900/2026/04/IMG_2007-300x200.jpg HTTP/1.1" 200 17835 "-" "Mozilla/5.0 AppleWebKit/537.36 (KHTML, like Gecko; compatible; ClaudeBot/1.0; +claudebot@anthropic.com)"
216.73.216.20 - - [22/Aug/2026:07:42:41 +0800] "GET /sun520/wp-content/uploads/sites/3900/2026/03/IMG_8772-300x200.jpg HTTP/1.1" 200 16945 "-" "Mozilla/5.0 AppleWebKit/537.36 (KHTML, like Gecko; compatible; ClaudeBot/1.0; +claudebot@anthropic.com)"
18.117.75.156 - - [22/Aug/2026:07:42:41 +0800] "GET /admin/phpinfo.php HTTP/1.1" 404 973 "-" "Mozilla/5.0 (Macintosh; Intel Mac OS X 10_15_7) AppleWebKit/537.36 (KHTML, like Gecko) Chrome/131.0.0.0 Safari/537.36"
216.73.216.20 - - [22/Aug/2026:07:42:41 +0800] "GET /sun520/wp-content/uploads/sites/3900/2026/03/IMG_8741-300x200.jpg HTTP/1.1" 200 20843 "-" "Mozilla/5.0 AppleWebKit/537.36 (KHTML, like Gecko; compatible; ClaudeBot/1.0; +claudebot@anthropic.com)"
34.215.240.225 - - [22/Aug/2026:07:42:41 +0800] "GET /gcp-credentials.json HTTP/1.1" 404 54906 "-" "Mozilla/5.0 (Windows NT 10.0; Win64; x64) AppleWebKit/537.36 (KHTML, like Gecko) Chrome/131.0.0.0 Safari/537.36"
216.73.216.20 - - [22/Aug/2026:07:42:41 +0800] "GET /sun520/wp-content/uploads/sites/3900/2026/03/IMG_8982-300x200.jpg HTTP/1.1" 200 13303 "-" "Mozilla/5.0 AppleWebKit/537.36 (KHTML, like Gecko; compatible; ClaudeBot/1.0; +claudebot@anthropic.com)"
100.55.60.118 - - [22/Aug/2026:07:42:40 +0800] "GET /admin-panel/.env HTTP/1.1" 404 50089 "-" "Mozilla/5.0 (Windows NT 10.0; Win64; x64) AppleWebKit/537.36 (KHTML, like Gecko) Chrome/131.0.0.0 Safari/537.36"
216.73.216.20 - - [22/Aug/2026:07:42:42 +0800] "GET /sun520/wp-content/uploads/sites/3900/2026/03/IMG_9643-300x200.jpg HTTP/1.1" 200 18340 "-" "Mozilla/5.0 AppleWebKit/537.36 (KHTML, like Gecko; compatible; ClaudeBot/1.0; +claudebot@anthropic.com)"
18.117.75.156 - - [22/Aug/2026:07:42:42 +0800] "GET /test/phpinfo.php HTTP/1.1" 404 973 "-" "Mozilla/5.0 (Macintosh; Intel Mac OS X 10_15_7) AppleWebKit/537.36 (KHTML, like Gecko) Chrome/131.0.0.0 Safari/537.36"
216.73.216.20 - - [22/Aug/2026:07:42:42 +0800] "GET /sun520/wp-content/uploads/sites/3900/2026/03/IMG_9976-300x200.jpg HTTP/1.1" 200 13775 "-" "Mozilla/5.0 AppleWebKit/537.36 (KHTML, like Gecko; compatible; ClaudeBot/1.0; +claudebot@anthropic.com)"
216.73.216.20 - - [22/Aug/2026:07:42:42 +0800] "GET /sun520/wp-content/uploads/sites/3900/2026/03/IMG_8875-300x200.jpg HTTP/1.1" 200 17586 "-" "Mozilla/5.0 AppleWebKit/537.36 (KHTML, like Gecko; compatible; ClaudeBot/1.0; +claudebot@anthropic.com)"
216.73.216.20 - - [22/Aug/2026:07:42:42 +0800] "GET /sun520/wp-content/uploads/sites/3900/2026/03/IMG_9111-300x200.jpg HTTP/1.1" 200 13666 "-" "Mozilla/5.0 AppleWebKit/537.36 (KHTML, like Gecko; compatible; ClaudeBot/1.0; +claudebot@anthropic.com)"
18.117.75.156 - - [22/Aug/2026:07:42:42 +0800] "GET /dev/phpinfo.php HTTP/1.1" 404 973 "-" "Mozilla/5.0 (Macintosh; Intel Mac OS X 10_15_7) AppleWebKit/537.36 (KHTML, like Gecko) Chrome/131.0.0.0 Safari/537.36"
216.73.216.20 - - [22/Aug/2026:07:42:42 +0800] "GET /sun520/wp-content/uploads/sites/3900/2026/03/IMG_9072-300x200.jpg HTTP/1.1" 200 16089 "-" "Mozilla/5.0 AppleWebKit/537.36 (KHTML, like Gecko; compatible; ClaudeBot/1.0; +claudebot@anthropic.com)"
54.197.178.107 - - [22/Aug/2026:07:42:42 +0800] "GET /wp-content/uploads/sites/848/6554/6554-2841663.jpg HTTP/1.1" 200 62033 "-" "Mozilla/5.0 AppleWebKit/537.36 (KHTML, like Gecko; compatible; Amazonbot/0.1; +https://developer.amazon.com/support/amazonbot) Chrome/119.0.6045.214 Safari/537.36"
185.191.171.5 - - [22/Aug/2026:07:42:42 +0800] "GET /27438/2014/10/ HTTP/1.1" 200 15747 "-" "Mozilla/5.0 (compatible; SemrushBot/7~bl; +http://www.semrush.com/bot.html)"
216.73.216.20 - - [22/Aug/2026:07:42:42 +0800] "GET /sun520/wp-content/uploads/sites/3900/2026/04/IMG_2155-300x200.jpg HTTP/1.1" 200 19504 "-" "Mozilla/5.0 AppleWebKit/537.36 (KHTML, like Gecko; compatible; ClaudeBot/1.0; +claudebot@anthropic.com)"
216.73.216.20 - - [22/Aug/2026:07:42:42 +0800] "GET /sun520/wp-content/uploads/sites/3900/2026/03/IMG_9256-300x200.jpg HTTP/1.1" 200 19842 "-" "Mozilla/5.0 AppleWebKit/537.36 (KHTML, like Gecko; compatible; ClaudeBot/1.0; +claudebot@anthropic.com)"
18.117.75.156 - - [22/Aug/2026:07:42:42 +0800] "GET /old/phpinfo.php HTTP/1.1" 404 973 "-" "Mozilla/5.0 (Macintosh; Intel Mac OS X 10_15_7) AppleWebKit/537.36 (KHTML, like Gecko) Chrome/131.0.0.0 Safari/537.36"
216.73.216.20 - - [22/Aug/2026:07:42:42 +0800] "GET /sun520/wp-content/uploads/sites/3900/2026/03/IMG_9684-300x200.jpg HTTP/1.1" 200 16812 "-" "Mozilla/5.0 AppleWebKit/537.36 (KHTML, like Gecko; compatible; ClaudeBot/1.0; +claudebot@anthropic.com)"
34.215.240.225 - - [22/Aug/2026:07:42:42 +0800] "GET /gcp-sa.json HTTP/1.1" 404 54906 "-" "Mozilla/5.0 (Windows NT 10.0; Win64; x64) AppleWebKit/537.36 (KHTML, like Gecko) Chrome/131.0.0.0 Safari/537.36"
216.73.216.20 - - [22/Aug/2026:07:42:42 +0800] "GET /sun520/wp-content/uploads/sites/3900/2026/03/IMG_9232-300x200.jpg HTTP/1.1" 200 18932 "-" "Mozilla/5.0 AppleWebKit/537.36 (KHTML, like Gecko; compatible; ClaudeBot/1.0; +claudebot@anthropic.com)"
216.73.216.20 - - [22/Aug/2026:07:42:42 +0800] "GET /sun520/wp-content/uploads/sites/3900/2026/03/IMG_9302-300x200.jpg HTTP/1.1" 200 15908 "-" "Mozilla/5.0 AppleWebKit/537.36 (KHTML, like Gecko; compatible; ClaudeBot/1.0; +claudebot@anthropic.com)"
18.117.75.156 - - [22/Aug/2026:07:42:42 +0800] "GET /tmp/phpinfo.php HTTP/1.1" 404 973 "-" "Mozilla/5.0 (Macintosh; Intel Mac OS X 10_15_7) AppleWebKit/537.36 (KHTML, like Gecko) Chrome/131.0.0.0 Safari/537.36"
216.73.216.20 - - [22/Aug/2026:07:42:43 +0800] "GET /sun520/wp-content/uploads/sites/3900/2026/03/IMG_9666-300x200.jpg HTTP/1.1" 200 13312 "-" "Mozilla/5.0 AppleWebKit/537.36 (KHTML, like Gecko; compatible; ClaudeBot/1.0; +claudebot@anthropic.com)"
216.73.216.20 - - [22/Aug/2026:07:42:43 +0800] "GET /sun520/wp-content/uploads/sites/3900/2026/03/IMG_9657-300x200.jpg HTTP/1.1" 200 17867 "-" "Mozilla/5.0 AppleWebKit/537.36 (KHTML, like Gecko; compatible; ClaudeBot/1.0; +claudebot@anthropic.com)"
2001:288:a201::66:125 - - [22/Aug/2026:07:42:43 +0800] "GET /blog/active.php HTTP/1.1" 301 1026 "-" "-"
2001:288:a201::66:125 - - [22/Aug/2026:07:42:43 +0800] "GET /blog/active.php HTTP/1.1" 404 1084 "-" "-"
18.117.75.156 - - [22/Aug/2026:07:42:43 +0800] "GET /public/phpinfo.php HTTP/1.1" 404 973 "-" "Mozilla/5.0 (Macintosh; Intel Mac OS X 10_15_7) AppleWebKit/537.36 (KHTML, like Gecko) Chrome/131.0.0.0 Safari/537.36"
216.73.216.20 - - [22/Aug/2026:07:42:43 +0800] "GET /sun520/wp-content/uploads/sites/3900/2026/03/IMG_9802-300x200.jpg HTTP/1.1" 200 17852 "-" "Mozilla/5.0 AppleWebKit/537.36 (KHTML, like Gecko; compatible; ClaudeBot/1.0; +claudebot@anthropic.com)"
140.111.67.10 - - [22/Aug/2026:07:42:43 +0800] "GET /" 301 273 "-" "-"
216.73.216.20 - - [22/Aug/2026:07:42:43 +0800] "GET /sun520/wp-content/uploads/sites/3900/2026/04/IMG_1981-300x200.jpg HTTP/1.1" 200 18667 "-" "Mozilla/5.0 AppleWebKit/537.36 (KHTML, like Gecko; compatible; ClaudeBot/1.0; +claudebot@anthropic.com)"
216.73.216.20 - - [22/Aug/2026:07:42:43 +0800] "GET /sun520/wp-content/uploads/sites/3900/2026/03/IMG_9687-300x200.jpg HTTP/1.1" 200 15295 "-" "Mozilla/5.0 AppleWebKit/537.36 (KHTML, like Gecko; compatible; ClaudeBot/1.0; +claudebot@anthropic.com)"
34.215.240.225 - - [22/Aug/2026:07:42:43 +0800] "GET /credentials.json HTTP/1.1" 404 54906 "-" "Mozilla/5.0 (Windows NT 10.0; Win64; x64) AppleWebKit/537.36 (KHTML, like Gecko) Chrome/131.0.0.0 Safari/537.36"
216.73.216.20 - - [22/Aug/2026:07:42:43 +0800] "GET /sun520/wp-content/uploads/sites/3900/2026/03/IMG_9042-300x200.jpg HTTP/1.1" 200 13639 "-" "Mozilla/5.0 AppleWebKit/537.36 (KHTML, like Gecko; compatible; ClaudeBot/1.0; +claudebot@anthropic.com)"
216.73.216.20 - - [22/Aug/2026:07:42:43 +0800] "GET /sun520/wp-content/uploads/sites/3900/2026/03/IMG_9375-300x200.jpg HTTP/1.1" 200 14156 "-" "Mozilla/5.0 AppleWebKit/537.36 (KHTML, like Gecko; compatible; ClaudeBot/1.0; +claudebot@anthropic.com)"
::1 - - [22/Aug/2026:07:42:43 +0800] "OPTIONS * HTTP/1.0" 200 110 "-" "Apache/2.4.68 (Ubuntu) OpenSSL/3.0.19 (internal dummy connection)"
18.117.75.156 - - [22/Aug/2026:07:42:43 +0800] "GET /info HTTP/1.1" 404 50836 "-" "Mozilla/5.0 (Macintosh; Intel Mac OS X 10_15_7) AppleWebKit/537.36 (KHTML, like Gecko) Chrome/131.0.0.0 Safari/537.36"
216.73.216.20 - - [22/Aug/2026:07:42:43 +0800] "GET /1297/wp-json/oembed/1.0/embed?format=xml&url=https%3A%2F%2F2blog.ilc.edu.tw%2F1297%2F2021%2F03%2F03%2F%25e6%2589%2593%25e5%25a4%25aa%25e9%25bc%2593%25e5%259b%2589%2F HTTP/1.1" 200 2390 "-" "Mozilla/5.0 AppleWebKit/537.36 (KHTML, like Gecko; compatible; ClaudeBot/1.0; +claudebot@anthropic.com)"
216.73.216.20 - - [22/Aug/2026:07:42:43 +0800] "GET /sun520/wp-content/uploads/sites/3900/2026/03/IMG_9348-300x200.jpg HTTP/1.1" 200 15626 "-" "Mozilla/5.0 AppleWebKit/537.36 (KHTML, like Gecko; compatible; ClaudeBot/1.0; +claudebot@anthropic.com)"
216.73.216.20 - - [22/Aug/2026:07:42:43 +0800] "GET /sun520/wp-content/uploads/sites/3900/2026/03/IMG_8775-300x200.jpg HTTP/1.1" 200 17659 "-" "Mozilla/5.0 AppleWebKit/537.36 (KHTML, like Gecko; compatible; ClaudeBot/1.0; +claudebot@anthropic.com)"
216.73.216.20 - - [22/Aug/2026:07:42:43 +0800] "GET /sun520/wp-content/uploads/sites/3900/2026/03/IMG_9367-300x200.jpg HTTP/1.1" 200 15439 "-" "Mozilla/5.0 AppleWebKit/537.36 (KHTML, like Gecko; compatible; ClaudeBot/1.0; +claudebot@anthropic.com)"
18.117.75.156 - - [22/Aug/2026:07:42:44 +0800] "GET /php-info.php HTTP/1.1" 404 973 "-" "Mozilla/5.0 (Macintosh; Intel Mac OS X 10_15_7) AppleWebKit/537.36 (KHTML, like Gecko) Chrome/131.0.0.0 Safari/537.36"
216.73.216.20 - - [22/Aug/2026:07:42:44 +0800] "GET /sun520/wp-content/uploads/sites/3900/2026/03/IMG_9975-300x200.jpg HTTP/1.1" 200 17700 "-" "Mozilla/5.0 AppleWebKit/537.36 (KHTML, like Gecko; compatible; ClaudeBot/1.0; +claudebot@anthropic.com)"
216.73.216.20 - - [22/Aug/2026:07:42:44 +0800] "GET /sun520/wp-content/uploads/sites/3900/2026/03/IMG_9596-300x200.jpg HTTP/1.1" 200 17408 "-" "Mozilla/5.0 AppleWebKit/537.36 (KHTML, like Gecko; compatible; ClaudeBot/1.0; +claudebot@anthropic.com)"
34.215.240.225 - - [22/Aug/2026:07:42:43 +0800] "GET /google-credentials.json HTTP/1.1" 404 54906 "-" "Mozilla/5.0 (Windows NT 10.0; Win64; x64) AppleWebKit/537.36 (KHTML, like Gecko) Chrome/131.0.0.0 Safari/537.36"
216.73.216.20 - - [22/Aug/2026:07:42:44 +0800] "GET /sun520/wp-content/uploads/sites/3900/2026/03/IMG_9682-300x200.jpg HTTP/1.1" 200 18405 "-" "Mozilla/5.0 AppleWebKit/537.36 (KHTML, like Gecko; compatible; ClaudeBot/1.0; +claudebot@anthropic.com)"
18.117.75.156 - - [22/Aug/2026:07:42:44 +0800] "GET /phpversion.php HTTP/1.1" 404 973 "-" "Mozilla/5.0 (Macintosh; Intel Mac OS X 10_15_7) AppleWebKit/537.36 (KHTML, like Gecko) Chrome/131.0.0.0 Safari/537.36"
216.73.216.20 - - [22/Aug/2026:07:42:44 +0800] "GET /sun520/wp-content/uploads/sites/3900/2026/04/IMG_2159-300x200.jpg HTTP/1.1" 200 17264 "-" "Mozilla/5.0 AppleWebKit/537.36 (KHTML, like Gecko; compatible; ClaudeBot/1.0; +claudebot@anthropic.com)"
216.73.216.20 - - [22/Aug/2026:07:42:44 +0800] "GET /sun520/wp-content/uploads/sites/3900/2026/03/IMG_9159-300x200.jpg HTTP/1.1" 200 15445 "-" "Mozilla/5.0 AppleWebKit/537.36 (KHTML, like Gecko; compatible; ClaudeBot/1.0; +claudebot@anthropic.com)"
216.73.216.20 - - [22/Aug/2026:07:42:44 +0800] "GET /sun520/wp-content/uploads/sites/3900/2026/03/IMG_9331-300x200.jpg HTTP/1.1" 200 14858 "-" "Mozilla/5.0 AppleWebKit/537.36 (KHTML, like Gecko; compatible; ClaudeBot/1.0; +claudebot@anthropic.com)"
18.117.75.156 - - [22/Aug/2026:07:42:44 +0800] "GET /_phpinfo.php HTTP/1.1" 404 973 "-" "Mozilla/5.0 (Macintosh; Intel Mac OS X 10_15_7) AppleWebKit/537.36 (KHTML, like Gecko) Chrome/131.0.0.0 Safari/537.36"
100.55.60.118 - - [22/Aug/2026:07:42:42 +0800] "GET /control-panel/.env HTTP/1.1" 404 50084 "-" "Mozilla/5.0 (Windows NT 10.0; Win64; x64) AppleWebKit/537.36 (KHTML, like Gecko) Chrome/131.0.0.0 Safari/537.36"
216.73.216.20 - - [22/Aug/2026:07:42:44 +0800] "GET /sun520/wp-content/uploads/sites/3900/2026/04/IMG_1925-300x200.jpg HTTP/1.1" 200 17653 "-" "Mozilla/5.0 AppleWebKit/537.36 (KHTML, like Gecko; compatible; ClaudeBot/1.0; +claudebot@anthropic.com)"
216.73.216.20 - - [22/Aug/2026:07:42:44 +0800] "GET /sun520/wp-content/uploads/sites/3900/2026/04/IMG_2012-300x200.jpg HTTP/1.1" 200 15597 "-" "Mozilla/5.0 AppleWebKit/537.36 (KHTML, like Gecko; compatible; ClaudeBot/1.0; +claudebot@anthropic.com)"
::1 - - [22/Aug/2026:07:42:44 +0800] "OPTIONS * HTTP/1.0" 200 110 "-" "Apache/2.4.68 (Ubuntu) OpenSSL/3.0.19 (internal dummy connection)"
216.73.216.20 - - [22/Aug/2026:07:42:44 +0800] "GET /sun520/wp-content/uploads/sites/3900/2026/04/IMG_2000-300x200.jpg HTTP/1.1" 200 17607 "-" "Mozilla/5.0 AppleWebKit/537.36 (KHTML, like Gecko; compatible; ClaudeBot/1.0; +claudebot@anthropic.com)"
18.117.75.156 - - [22/Aug/2026:07:42:44 +0800] "GET /old_phpinfo.php HTTP/1.1" 404 973 "-" "Mozilla/5.0 (Macintosh; Intel Mac OS X 10_15_7) AppleWebKit/537.36 (KHTML, like Gecko) Chrome/131.0.0.0 Safari/537.36"
216.73.216.20 - - [22/Aug/2026:07:42:44 +0800] "GET /sun520/wp-content/uploads/sites/3900/2026/04/IMG_3205-300x200.jpg HTTP/1.1" 200 18721 "-" "Mozilla/5.0 AppleWebKit/537.36 (KHTML, like Gecko; compatible; ClaudeBot/1.0; +claudebot@anthropic.com)"
34.215.240.225 - - [22/Aug/2026:07:42:44 +0800] "GET /google-key.json HTTP/1.1" 404 54906 "-" "Mozilla/5.0 (Windows NT 10.0; Win64; x64) AppleWebKit/537.36 (KHTML, like Gecko) Chrome/131.0.0.0 Safari/537.36"
216.73.216.20 - - [22/Aug/2026:07:42:44 +0800] "GET /sun520/wp-content/uploads/sites/3900/2026/04/IMG_2139-300x200.jpg HTTP/1.1" 200 17833 "-" "Mozilla/5.0 AppleWebKit/537.36 (KHTML, like Gecko; compatible; ClaudeBot/1.0; +claudebot@anthropic.com)"
216.73.216.20 - - [22/Aug/2026:07:42:45 +0800] "GET /sun520/wp-content/uploads/sites/3900/2026/04/IMG_2995-300x200.jpg HTTP/1.1" 200 13373 "-" "Mozilla/5.0 AppleWebKit/537.36 (KHTML, like Gecko; compatible; ClaudeBot/1.0; +claudebot@anthropic.com)"
18.117.75.156 - - [22/Aug/2026:07:42:45 +0800] "GET /server-info.php HTTP/1.1" 404 973 "-" "Mozilla/5.0 (Macintosh; Intel Mac OS X 10_15_7) AppleWebKit/537.36 (KHTML, like Gecko) Chrome/131.0.0.0 Safari/537.36"
85.208.96.205 - - [22/Aug/2026:07:42:45 +0800] "GET /868/44170/ HTTP/1.1" 200 21458 "-" "Mozilla/5.0 (compatible; SemrushBot/7~bl; +http://www.semrush.com/bot.html)"
216.73.216.20 - - [22/Aug/2026:07:42:45 +0800] "GET /sun520/wp-content/uploads/sites/3900/2026/04/IMG_3203-300x200.jpg HTTP/1.1" 200 18317 "-" "Mozilla/5.0 AppleWebKit/537.36 (KHTML, like Gecko; compatible; ClaudeBot/1.0; +claudebot@anthropic.com)"
2001:288:a212:1:640f:71ba:b5d7:da54 - - [22/Aug/2026:07:42:45 +0800] "-" 408 339 "-" "-"
216.73.216.20 - - [22/Aug/2026:07:42:45 +0800] "GET /sun520/wp-content/uploads/sites/3900/2026/03/IMG_9155-300x200.jpg HTTP/1.1" 200 14389 "-" "Mozilla/5.0 AppleWebKit/537.36 (KHTML, like Gecko; compatible; ClaudeBot/1.0; +claudebot@anthropic.com)"
18.117.75.156 - - [22/Aug/2026:07:42:45 +0800] "GET /server-status.php HTTP/1.1" 404 973 "-" "Mozilla/5.0 (Macintosh; Intel Mac OS X 10_15_7) AppleWebKit/537.36 (KHTML, like Gecko) Chrome/131.0.0.0 Safari/537.36"
34.215.240.225 - - [22/Aug/2026:07:42:45 +0800] "GET /.config/gcloud/application_default_credentials.json HTTP/1.1" 404 54906 "-" "Mozilla/5.0 (Windows NT 10.0; Win64; x64) AppleWebKit/537.36 (KHTML, like Gecko) Chrome/131.0.0.0 Safari/537.36"
216.73.216.20 - - [22/Aug/2026:07:42:45 +0800] "GET /sun520/wp-content/uploads/sites/3900/2026/04/IMG_2425-300x200.jpg HTTP/1.1" 200 22697 "-" "Mozilla/5.0 AppleWebKit/537.36 (KHTML, like Gecko; compatible; ClaudeBot/1.0; +claudebot@anthropic.com)"
216.73.216.20 - - [22/Aug/2026:07:42:45 +0800] "GET /babybaby/wp-json/oembed/1.0/embed?url=https%3A%2F%2F2blog.ilc.edu.tw%2Fbabybaby%2F2026%2F04%2F30%2F31950%2F HTTP/1.1" 200 3301 "-" "Mozilla/5.0 AppleWebKit/537.36 (KHTML, like Gecko; compatible; ClaudeBot/1.0; +claudebot@anthropic.com)"
::1 - - [22/Aug/2026:07:42:45 +0800] "OPTIONS * HTTP/1.0" 200 110 "-" "Apache/2.4.68 (Ubuntu) OpenSSL/3.0.19 (internal dummy connection)"
216.73.216.20 - - [22/Aug/2026:07:42:45 +0800] "GET /sun520/wp-json/oembed/1.0/embed?url=https%3A%2F%2F2blog.ilc.edu.tw%2Fsun520%2F2026%2F06%2F12%2F%25e6%25a8%2582%25e8%2581%25b2%25e9%259f%25b3%2F HTTP/1.1" 200 3248 "-" "Mozilla/5.0 AppleWebKit/537.36 (KHTML, like Gecko; compatible; ClaudeBot/1.0; +claudebot@anthropic.com)"
216.73.216.20 - - [22/Aug/2026:07:42:45 +0800] "GET /1297/wp-content/uploads/sites/498/2021/03/2222222222-1-scaled.jpg HTTP/1.1" 200 640705 "-" "Mozilla/5.0 AppleWebKit/537.36 (KHTML, like Gecko; compatible; ClaudeBot/1.0; +claudebot@anthropic.com)"
216.73.216.20 - - [22/Aug/2026:07:42:45 +0800] "GET /sun520/wp-json/oembed/1.0/embed?url=https%3A%2F%2F2blog.ilc.edu.tw%2Fsun520%2F2026%2F05%2F08%2F%25e7%258e%25a9%25e8%2581%25b2%25e9%259f%25b3-2%2F HTTP/1.1" 200 3244 "-" "Mozilla/5.0 AppleWebKit/537.36 (KHTML, like Gecko; compatible; ClaudeBot/1.0; +claudebot@anthropic.com)"
18.117.75.156 - - [22/Aug/2026:07:42:45 +0800] "GET /_profiler/phpinfo HTTP/1.1" 404 50836 "-" "Mozilla/5.0 (Macintosh; Intel Mac OS X 10_15_7) AppleWebKit/537.36 (KHTML, like Gecko) Chrome/131.0.0.0 Safari/537.36"
216.73.216.20 - - [22/Aug/2026:07:42:45 +0800] "GET /sun520/wp-json/oembed/1.0/embed?url=https%3A%2F%2F2blog.ilc.edu.tw%2Fsun520%2F2026%2F05%2F29%2F%25e5%2589%25b5%25e8%2581%25b2%25e9%259f%25b3%2F HTTP/1.1" 200 8042 "-" "Mozilla/5.0 AppleWebKit/537.36 (KHTML, like Gecko; compatible; ClaudeBot/1.0; +claudebot@anthropic.com)"
216.73.216.20 - - [22/Aug/2026:07:42:45 +0800] "GET /babybaby/wp-json/oembed/1.0/embed?format=xml&url=https%3A%2F%2F2blog.ilc.edu.tw%2Fbabybaby%2F2026%2F04%2F30%2F31950%2F HTTP/1.1" 200 2200 "-" "Mozilla/5.0 AppleWebKit/537.36 (KHTML, like Gecko; compatible; ClaudeBot/1.0; +claudebot@anthropic.com)"
216.73.216.20 - - [22/Aug/2026:07:42:45 +0800] "GET /sun520/wp-json/oembed/1.0/embed?format=xml&url=https%3A%2F%2F2blog.ilc.edu.tw%2Fsun520%2F2026%2F06%2F12%2F%25e6%25a8%2582%25e8%2581%25b2%25e9%259f%25b3%2F HTTP/1.1" 200 2193 "-" "Mozilla/5.0 AppleWebKit/537.36 (KHTML, like Gecko; compatible; ClaudeBot/1.0; +claudebot@anthropic.com)"
216.73.216.20 - - [22/Aug/2026:07:42:46 +0800] "GET /wp-content/uploads/sites/1966/6537/6537-3320285.jpg HTTP/1.1" 200 26269 "-" "Mozilla/5.0 AppleWebKit/537.36 (KHTML, like Gecko; compatible; ClaudeBot/1.0; +claudebot@anthropic.com)"
216.73.216.20 - - [22/Aug/2026:07:42:46 +0800] "GET /sun520/wp-json/oembed/1.0/embed?format=xml&url=https%3A%2F%2F2blog.ilc.edu.tw%2Fsun520%2F2026%2F05%2F08%2F%25e7%258e%25a9%25e8%2581%25b2%25e9%259f%25b3-2%2F HTTP/1.1" 200 2187 "-" "Mozilla/5.0 AppleWebKit/537.36 (KHTML, like Gecko; compatible; ClaudeBot/1.0; +claudebot@anthropic.com)"
18.117.75.156 - - [22/Aug/2026:07:42:46 +0800] "GET /_environment HTTP/1.1" 404 50836 "-" "Mozilla/5.0 (Macintosh; Intel Mac OS X 10_15_7) AppleWebKit/537.36 (KHTML, like Gecko) Chrome/131.0.0.0 Safari/537.36"
18.211.148.239 - - [22/Aug/2026:07:42:46 +0800] "GET /wp-content/uploads/sites/848/6554/6554-2841674.jpg HTTP/1.1" 200 77811 "-" "Mozilla/5.0 AppleWebKit/537.36 (KHTML, like Gecko; compatible; Amazonbot/0.1; +https://developer.amazon.com/support/amazonbot) Chrome/119.0.6045.214 Safari/537.36"
