216.73.216.20 - - [22/Aug/2026:07:42:46 +0800] "GET /lione/wp-content/cache/2blog.ilc.edu.tw/wpfc-minified/9k213cj5/a53lh.js HTTP/1.1" 200 1596 "-" "Mozilla/5.0 AppleWebKit/537.36 (KHTML, like Gecko; compatible; ClaudeBot/1.0; +claudebot@anthropic.com)"
216.73.216.20 - - [22/Aug/2026:07:42:46 +0800] "GET /sun520/wp-json/oembed/1.0/embed?format=xml&url=https%3A%2F%2F2blog.ilc.edu.tw%2Fsun520%2F2026%2F05%2F29%2F%25e5%2589%25b5%25e8%2581%25b2%25e9%259f%25b3%2F HTTP/1.1" 200 2196 "-" "Mozilla/5.0 AppleWebKit/537.36 (KHTML, like Gecko; compatible; ClaudeBot/1.0; +claudebot@anthropic.com)"
34.215.240.225 - - [22/Aug/2026:07:42:46 +0800] "GET /application_default_credentials.json HTTP/1.1" 404 54906 "-" "Mozilla/5.0 (Windows NT 10.0; Win64; x64) AppleWebKit/537.36 (KHTML, like Gecko) Chrome/131.0.0.0 Safari/537.36"
216.73.216.20 - - [22/Aug/2026:07:42:46 +0800] "GET /babybaby/?p=31950 HTTP/1.1" 301 771 "-" "Mozilla/5.0 AppleWebKit/537.36 (KHTML, like Gecko; compatible; ClaudeBot/1.0; +claudebot@anthropic.com)"
216.73.216.20 - - [22/Aug/2026:07:42:46 +0800] "GET /wp-content/uploads/sites/1966/6537/6537-3320278.jpg HTTP/1.1" 200 23507 "-" "Mozilla/5.0 AppleWebKit/537.36 (KHTML, like Gecko; compatible; ClaudeBot/1.0; +claudebot@anthropic.com)"
18.117.75.156 - - [22/Aug/2026:07:42:46 +0800] "GET /webroot/index.php/_environment HTTP/1.1" 301 943 "-" "Mozilla/5.0 (Macintosh; Intel Mac OS X 10_15_7) AppleWebKit/537.36 (KHTML, like Gecko) Chrome/131.0.0.0 Safari/537.36"
::1 - - [22/Aug/2026:07:42:46 +0800] "OPTIONS * HTTP/1.0" 200 110 "-" "Apache/2.4.68 (Ubuntu) OpenSSL/3.0.19 (internal dummy connection)"
216.73.216.20 - - [22/Aug/2026:07:42:46 +0800] "GET /wp-content/uploads/sites/1966/6537/6537-3320289.jpg HTTP/1.1" 200 19451 "-" "Mozilla/5.0 AppleWebKit/537.36 (KHTML, like Gecko; compatible; ClaudeBot/1.0; +claudebot@anthropic.com)"
216.73.216.20 - - [22/Aug/2026:07:42:46 +0800] "GET /wp-content/uploads/sites/1966/6537/6537-3321051.jpg HTTP/1.1" 200 22691 "-" "Mozilla/5.0 AppleWebKit/537.36 (KHTML, like Gecko; compatible; ClaudeBot/1.0; +claudebot@anthropic.com)"
216.73.216.20 - - [22/Aug/2026:07:42:46 +0800] "GET /babybaby/2026/04/30/31950/ HTTP/1.1" 200 18005 "https://2blog.ilc.edu.tw/babybaby/?p=31950" "Mozilla/5.0 AppleWebKit/537.36 (KHTML, like Gecko; compatible; ClaudeBot/1.0; +claudebot@anthropic.com)"
216.73.216.20 - - [22/Aug/2026:07:42:46 +0800] "GET /wp-content/uploads/sites/1966/6537/6537-3320292.jpg HTTP/1.1" 200 24595 "-" "Mozilla/5.0 AppleWebKit/537.36 (KHTML, like Gecko; compatible; ClaudeBot/1.0; +claudebot@anthropic.com)"
18.117.75.156 - - [22/Aug/2026:07:42:46 +0800] "GET /mail/phpinfo.php HTTP/1.1" 404 973 "-" "Mozilla/5.0 (Macintosh; Intel Mac OS X 10_15_7) AppleWebKit/537.36 (KHTML, like Gecko) Chrome/131.0.0.0 Safari/537.36"
216.73.216.20 - - [22/Aug/2026:07:42:46 +0800] "GET /1297/wp-content/uploads/sites/498/2021/03/4444444444-1.jpg HTTP/1.1" 200 147435 "-" "Mozilla/5.0 AppleWebKit/537.36 (KHTML, like Gecko; compatible; ClaudeBot/1.0; +claudebot@anthropic.com)"
216.73.216.20 - - [22/Aug/2026:07:42:47 +0800] "GET /43042/wp-content/cache/2blog.ilc.edu.tw/wpfc-minified/dq3klan4/g0nxz.js HTTP/1.1" 200 1598 "-" "Mozilla/5.0 AppleWebKit/537.36 (KHTML, like Gecko; compatible; ClaudeBot/1.0; +claudebot@anthropic.com)"
34.215.240.225 - - [22/Aug/2026:07:42:46 +0800] "GET /key.json HTTP/1.1" 404 54906 "-" "Mozilla/5.0 (Windows NT 10.0; Win64; x64) AppleWebKit/537.36 (KHTML, like Gecko) Chrome/131.0.0.0 Safari/537.36"
18.117.75.156 - - [22/Aug/2026:07:42:47 +0800] "GET /cpanel/phpinfo.php HTTP/1.1" 404 973 "-" "Mozilla/5.0 (Macintosh; Intel Mac OS X 10_15_7) AppleWebKit/537.36 (KHTML, like Gecko) Chrome/131.0.0.0 Safari/537.36"
216.73.216.20 - - [22/Aug/2026:07:42:46 +0800] "GET /1297/wp-content/uploads/sites/498/2021/03/9999999999-scaled.jpg HTTP/1.1" 200 474727 "-" "Mozilla/5.0 AppleWebKit/537.36 (KHTML, like Gecko; compatible; ClaudeBot/1.0; +claudebot@anthropic.com)"
216.73.216.20 - - [22/Aug/2026:07:42:47 +0800] "GET /1297/wp-content/uploads/sites/498/2021/03/33333333333.jpg HTTP/1.1" 200 280606 "-" "Mozilla/5.0 AppleWebKit/537.36 (KHTML, like Gecko; compatible; ClaudeBot/1.0; +claudebot@anthropic.com)"
216.73.216.20 - - [22/Aug/2026:07:42:47 +0800] "GET /wp-content/uploads/sites/1966/6537/6537-3320272.jpg HTTP/1.1" 200 27631 "-" "Mozilla/5.0 AppleWebKit/537.36 (KHTML, like Gecko; compatible; ClaudeBot/1.0; +claudebot@anthropic.com)"
216.73.216.20 - - [22/Aug/2026:07:42:47 +0800] "GET /wp-content/uploads/sites/1966/6537/6537-3321033.jpg HTTP/1.1" 200 19793 "-" "Mozilla/5.0 AppleWebKit/537.36 (KHTML, like Gecko; compatible; ClaudeBot/1.0; +claudebot@anthropic.com)"
100.55.60.118 - - [22/Aug/2026:07:42:45 +0800] "GET /user-panel/.env HTTP/1.1" 404 50079 "-" "Mozilla/5.0 (Windows NT 10.0; Win64; x64) AppleWebKit/537.36 (KHTML, like Gecko) Chrome/131.0.0.0 Safari/537.36"
18.117.75.156 - - [22/Aug/2026:07:42:47 +0800] "GET /hosting/phpinfo.php HTTP/1.1" 404 973 "-" "Mozilla/5.0 (Macintosh; Intel Mac OS X 10_15_7) AppleWebKit/537.36 (KHTML, like Gecko) Chrome/131.0.0.0 Safari/537.36"
216.73.216.20 - - [22/Aug/2026:07:42:47 +0800] "GET /babybaby/?p=33594 HTTP/1.1" 301 847 "-" "Mozilla/5.0 AppleWebKit/537.36 (KHTML, like Gecko; compatible; ClaudeBot/1.0; +claudebot@anthropic.com)"
216.73.216.20 - - [22/Aug/2026:07:42:47 +0800] "GET /wp-content/uploads/sites/1966/6537/6537-3321042.jpg HTTP/1.1" 200 24692 "-" "Mozilla/5.0 AppleWebKit/537.36 (KHTML, like Gecko; compatible; ClaudeBot/1.0; +claudebot@anthropic.com)"
85.208.96.206 - - [22/Aug/2026:07:42:47 +0800] "GET /27438/2016/05/27/%E7%AB%A5%E7%8E%A9%E7%9C%9F%E5%A5%BD%E7%8E%A9/ HTTP/1.1" 200 17427 "-" "Mozilla/5.0 (compatible; SemrushBot/7~bl; +http://www.semrush.com/bot.html)"
136.119.35.120 - - [22/Aug/2026:07:42:47 +0800] "GET /yleerc/2026/03/04/%E5%AE%9C%E8%98%AD%E9%85%B7%E8%8B%B1%E5%B0%88%E5%8D%80%E6%9A%A8%E8%8B%B1%E8%AA%9E%E8%87%AA%E4%B8%BB%E6%AA%A2%E6%B8%AC%E7%B3%BB%E7%B5%B1%E7%8D%8E%E5%8B%B5%E8%A8%88%E7%95%AB%E3%80%8A%E5%AD%B8%E7%94%9F/ HTTP/1.1" 200 24829 "-" "Mozilla/5.0 (Macintosh; Intel Mac OS X 10_15_7) AppleWebKit/537.36 (KHTML, like Gecko) Chrome/120.0.0.0 Safari/537.36"
216.73.216.20 - - [22/Aug/2026:07:42:47 +0800] "GET /babybaby/?p=32959 HTTP/1.1" 301 829 "-" "Mozilla/5.0 AppleWebKit/537.36 (KHTML, like Gecko; compatible; ClaudeBot/1.0; +claudebot@anthropic.com)"
18.117.75.156 - - [22/Aug/2026:07:42:47 +0800] "GET /webmail/phpinfo.php HTTP/1.1" 404 973 "-" "Mozilla/5.0 (Macintosh; Intel Mac OS X 10_15_7) AppleWebKit/537.36 (KHTML, like Gecko) Chrome/131.0.0.0 Safari/537.36"
216.73.216.20 - - [22/Aug/2026:07:42:47 +0800] "GET /wp-content/uploads/sites/1966/6537/6537-3320276.jpg HTTP/1.1" 200 25189 "-" "Mozilla/5.0 AppleWebKit/537.36 (KHTML, like Gecko; compatible; ClaudeBot/1.0; +claudebot@anthropic.com)"
216.73.216.20 - - [22/Aug/2026:07:42:47 +0800] "GET /babybaby/2026/05/22/0518-0522%e3%80%8a%e5%a5%bd%e5%a5%bd%e5%96%9d%e7%9a%84%e6%9e%9c%e6%b1%81%e3%80%8b/ HTTP/1.1" 200 19015 "https://2blog.ilc.edu.tw/babybaby/?p=33594" "Mozilla/5.0 AppleWebKit/537.36 (KHTML, like Gecko; compatible; ClaudeBot/1.0; +claudebot@anthropic.com)"
216.73.216.20 - - [22/Aug/2026:07:42:47 +0800] "GET /babybaby/?p=30661 HTTP/1.1" 301 860 "-" "Mozilla/5.0 AppleWebKit/537.36 (KHTML, like Gecko; compatible; ClaudeBot/1.0; +claudebot@anthropic.com)"
34.215.240.225 - - [22/Aug/2026:07:42:47 +0800] "GET /keyfile.json HTTP/1.1" 404 54906 "-" "Mozilla/5.0 (Windows NT 10.0; Win64; x64) AppleWebKit/537.36 (KHTML, like Gecko) Chrome/131.0.0.0 Safari/537.36"
18.117.75.156 - - [22/Aug/2026:07:42:47 +0800] "GET /smtp/phpinfo.php HTTP/1.1" 404 973 "-" "Mozilla/5.0 (Macintosh; Intel Mac OS X 10_15_7) AppleWebKit/537.36 (KHTML, like Gecko) Chrome/131.0.0.0 Safari/537.36"
216.73.216.20 - - [22/Aug/2026:07:42:47 +0800] "GET /babybaby/2026/05/15/0511-0515%e3%80%8a%e6%b0%b4%e6%9e%9c%e6%8b%bc%e7%9b%a4%e3%80%8b/ HTTP/1.1" 200 20683 "https://2blog.ilc.edu.tw/babybaby/?p=32959" "Mozilla/5.0 AppleWebKit/537.36 (KHTML, like Gecko; compatible; ClaudeBot/1.0; +claudebot@anthropic.com)"
216.73.216.20 - - [22/Aug/2026:07:42:47 +0800] "GET /babybaby/?p=28966 HTTP/1.1" 301 847 "-" "Mozilla/5.0 AppleWebKit/537.36 (KHTML, like Gecko; compatible; ClaudeBot/1.0; +claudebot@anthropic.com)"
2001:288:a201::66:125 - - [22/Aug/2026:07:42:48 +0800] "GET /blog/active.php HTTP/1.1" 404 1084 "-" "-"
184.72.95.195 - - [22/Aug/2026:07:42:47 +0800] "GET /6509/wp-json/oembed/1.0/embed?format=xml&url=https://2blog.ilc.edu.tw/6509/2022/03/09/%25e5%2585%25ac%25e5%2591%258a%25ef%25bc%259a%25e8%25bd%2589%25e7%259f%25a5%25e9%2587%2591%25e8%25bb%258a%25e6%2595%2599%25e8%2582%25b2%25e5%259f%25ba%25e9%2587%2591%25e6%259c%2583%25e8%25be%25a6%25e7%2590%2586%25e3%2580%258c2022%25e5%25b9%25b4%25e6%25b8%259b%25e7%25a2%25b3%25e5%25a4%25a7%25e4%25bd%259c%25e6%2588%25b0/ HTTP/1.1" 200 7442 "-" "Mozilla/5.0 AppleWebKit/537.36 (KHTML, like Gecko; compatible; Amazonbot/0.1; +https://developer.amazon.com/support/amazonbot) Chrome/119.0.6045.214 Safari/537.36"
216.73.216.20 - - [22/Aug/2026:07:42:48 +0800] "GET /babybaby/2026/04/10/04-07-04-10%e3%80%8a-%e9%80%99%e6%98%af%e4%bb%80%e9%ba%bc%e6%b0%b4%e6%9e%9c%e2%85%b1-%e3%80%8b/ HTTP/1.1" 200 15898 "https://2blog.ilc.edu.tw/babybaby/?p=30661" "Mozilla/5.0 AppleWebKit/537.36 (KHTML, like Gecko; compatible; ClaudeBot/1.0; +claudebot@anthropic.com)"
2001:288:a201::66:125 - - [22/Aug/2026:07:42:48 +0800] "GET /blog/active.php HTTP/1.1" 301 1026 "-" "-"
216.73.216.20 - - [22/Aug/2026:07:42:48 +0800] "GET /babybaby/2026/03/13/0309-0313%e3%80%8a%e6%b0%b4%e6%9e%9c%e5%93%aa%e8%a3%a1%e8%b2%b7%ef%bc%9f%e3%80%8b/ HTTP/1.1" 200 16928 "https://2blog.ilc.edu.tw/babybaby/?p=28966" "Mozilla/5.0 AppleWebKit/537.36 (KHTML, like Gecko; compatible; ClaudeBot/1.0; +claudebot@anthropic.com)"
140.111.67.10 - - [22/Aug/2026:07:42:48 +0800] "GET /" 301 273 "-" "-"
18.117.75.156 - - [22/Aug/2026:07:42:48 +0800] "GET /phpinfo.php.bak HTTP/1.1" 404 50836 "-" "Mozilla/5.0 (Macintosh; Intel Mac OS X 10_15_7) AppleWebKit/537.36 (KHTML, like Gecko) Chrome/131.0.0.0 Safari/537.36"
142.93.55.192 - - [22/Aug/2026:07:42:48 +0800] "GET /blog/gallery/2800/previews-med/2800-506069.gif HTTP/1.1" 301 1088 "http://blog.ilc.edu.tw/" "Mozilla/5.0 (Windows NT 10.0; Win64; x64) AppleWebKit/537.36 (KHTML, like Gecko) Chrome/112.0.0.0 Safari/537.36"
142.93.253.145 - - [22/Aug/2026:07:42:48 +0800] "GET /blog/gallery/2800/previews/2800-510646.jpg HTTP/1.1" 301 1080 "http://blog.ilc.edu.tw/" "Mozilla/5.0 (Windows NT 10.0; Win64; x64) AppleWebKit/537.36 (KHTML, like Gecko) Chrome/112.0.0.0 Safari/537.36"
104.248.53.221 - - [22/Aug/2026:07:42:48 +0800] "GET /blog/gallery/2800/previews/2800-510662.jpg HTTP/1.1" 301 1080 "http://blog.ilc.edu.tw/" "Mozilla/5.0 (Windows NT 10.0; Win64; x64) AppleWebKit/537.36 (KHTML, like Gecko) Chrome/112.0.0.0 Safari/537.36"
157.245.81.142 - - [22/Aug/2026:07:42:48 +0800] "GET /blog/gallery/2800/previews-med/2800-504749.gif HTTP/1.1" 301 1088 "http://blog.ilc.edu.tw/" "Mozilla/5.0 (Windows NT 10.0; Win64; x64) AppleWebKit/537.36 (KHTML, like Gecko) Chrome/112.0.0.0 Safari/537.36"
216.73.216.20 - - [22/Aug/2026:07:42:48 +0800] "GET /1297/wp-content/uploads/sites/498/2021/03/11111111-scaled.jpg HTTP/1.1" 200 585511 "-" "Mozilla/5.0 AppleWebKit/537.36 (KHTML, like Gecko; compatible; ClaudeBot/1.0; +claudebot@anthropic.com)"
34.215.240.225 - - [22/Aug/2026:07:42:48 +0800] "GET /firebase-adminsdk.json HTTP/1.1" 404 54906 "-" "Mozilla/5.0 (Windows NT 10.0; Win64; x64) AppleWebKit/537.36 (KHTML, like Gecko) Chrome/131.0.0.0 Safari/537.36"
18.117.75.156 - - [22/Aug/2026:07:42:48 +0800] "GET /phpinfo.php.old HTTP/1.1" 404 50836 "-" "Mozilla/5.0 (Macintosh; Intel Mac OS X 10_15_7) AppleWebKit/537.36 (KHTML, like Gecko) Chrome/131.0.0.0 Safari/537.36"
34.205.163.103 - - [22/Aug/2026:07:42:48 +0800] "GET /wp-content/uploads/sites/1326/2024/12/IMG_E8030-690x388.jpg HTTP/1.1" 200 68745 "-" "Mozilla/5.0 AppleWebKit/537.36 (KHTML, like Gecko; compatible; Amazonbot/0.1; +https://developer.amazon.com/support/amazonbot) Chrome/119.0.6045.214 Safari/537.36"
216.73.216.20 - - [22/Aug/2026:07:42:48 +0800] "GET /wp-content/uploads/sites/1966/6537/6537-3321043.jpg HTTP/1.1" 200 25500 "-" "Mozilla/5.0 AppleWebKit/537.36 (KHTML, like Gecko; compatible; ClaudeBot/1.0; +claudebot@anthropic.com)"
216.73.216.20 - - [22/Aug/2026:07:42:48 +0800] "GET /wp-content/uploads/sites/1966/6537/6537-3321056.jpg HTTP/1.1" 200 29035 "-" "Mozilla/5.0 AppleWebKit/537.36 (KHTML, like Gecko; compatible; ClaudeBot/1.0; +claudebot@anthropic.com)"
216.73.216.20 - - [22/Aug/2026:07:42:48 +0800] "GET /wp-content/uploads/sites/1966/6537/6537-3321037.jpg HTTP/1.1" 200 24828 "-" "Mozilla/5.0 AppleWebKit/537.36 (KHTML, like Gecko; compatible; ClaudeBot/1.0; +claudebot@anthropic.com)"
216.73.216.20 - - [22/Aug/2026:07:42:47 +0800] "GET /wp-content/uploads/sites/1966/6537/6537-3321031.jpg HTTP/1.1" 200 17638 "-" "Mozilla/5.0 AppleWebKit/537.36 (KHTML, like Gecko; compatible; ClaudeBot/1.0; +claudebot@anthropic.com)"
216.73.216.20 - - [22/Aug/2026:07:42:48 +0800] "GET /wp-content/uploads/sites/1966/6537/6537-3321050.jpg HTTP/1.1" 200 26502 "-" "Mozilla/5.0 AppleWebKit/537.36 (KHTML, like Gecko; compatible; ClaudeBot/1.0; +claudebot@anthropic.com)"
216.73.216.20 - - [22/Aug/2026:07:42:48 +0800] "GET /wp-content/uploads/sites/1966/6537/6537-3321052.jpg HTTP/1.1" 200 26090 "-" "Mozilla/5.0 AppleWebKit/537.36 (KHTML, like Gecko; compatible; ClaudeBot/1.0; +claudebot@anthropic.com)"
216.73.216.20 - - [22/Aug/2026:07:42:48 +0800] "GET /wp-content/uploads/sites/1966/6537/6537-3321049.jpg HTTP/1.1" 200 21884 "-" "Mozilla/5.0 AppleWebKit/537.36 (KHTML, like Gecko; compatible; ClaudeBot/1.0; +claudebot@anthropic.com)"
18.117.75.156 - - [22/Aug/2026:07:42:49 +0800] "GET /phpinfo.php~ HTTP/1.1" 404 50836 "-" "Mozilla/5.0 (Macintosh; Intel Mac OS X 10_15_7) AppleWebKit/537.36 (KHTML, like Gecko) Chrome/131.0.0.0 Safari/537.36"
216.73.216.20 - - [22/Aug/2026:07:42:49 +0800] "GET /wp-content/uploads/sites/1966/6537/6537-3321047.jpg HTTP/1.1" 200 21923 "-" "Mozilla/5.0 AppleWebKit/537.36 (KHTML, like Gecko; compatible; ClaudeBot/1.0; +claudebot@anthropic.com)"
216.73.216.20 - - [22/Aug/2026:07:42:49 +0800] "GET /wp-content/uploads/sites/1966/6537/6537-3321055.jpg HTTP/1.1" 200 20990 "-" "Mozilla/5.0 AppleWebKit/537.36 (KHTML, like Gecko; compatible; ClaudeBot/1.0; +claudebot@anthropic.com)"
216.73.216.20 - - [22/Aug/2026:07:42:49 +0800] "GET /babybaby/?p=30170 HTTP/1.1" 301 869 "-" "Mozilla/5.0 AppleWebKit/537.36 (KHTML, like Gecko; compatible; ClaudeBot/1.0; +claudebot@anthropic.com)"
34.215.240.225 - - [22/Aug/2026:07:42:49 +0800] "GET /firebase-key.json HTTP/1.1" 404 54906 "-" "Mozilla/5.0 (Windows NT 10.0; Win64; x64) AppleWebKit/537.36 (KHTML, like Gecko) Chrome/131.0.0.0 Safari/537.36"
216.73.216.20 - - [22/Aug/2026:07:42:49 +0800] "GET /wp-content/uploads/sites/1966/6537/6537-3321030.jpg HTTP/1.1" 200 18544 "-" "Mozilla/5.0 AppleWebKit/537.36 (KHTML, like Gecko; compatible; ClaudeBot/1.0; +claudebot@anthropic.com)"
216.73.216.20 - - [22/Aug/2026:07:42:49 +0800] "GET /wp-content/uploads/sites/1966/6537/6537-3321029.jpg HTTP/1.1" 200 18460 "-" "Mozilla/5.0 AppleWebKit/537.36 (KHTML, like Gecko; compatible; ClaudeBot/1.0; +claudebot@anthropic.com)"
216.73.216.20 - - [22/Aug/2026:07:42:49 +0800] "GET /wp-content/uploads/sites/1966/6537/6537-3321048.jpg HTTP/1.1" 200 25509 "-" "Mozilla/5.0 AppleWebKit/537.36 (KHTML, like Gecko; compatible; ClaudeBot/1.0; +claudebot@anthropic.com)"
216.73.216.20 - - [22/Aug/2026:07:42:49 +0800] "GET /babybaby/2026/04/02/03-30-04-02%e3%80%8a%e6%88%91%e6%9c%83%e8%b2%b7%e6%b0%b4%e6%9e%9cvs%e5%85%92%e7%ab%a5%e7%af%80%e3%80%8b/ HTTP/1.1" 200 22120 "https://2blog.ilc.edu.tw/babybaby/?p=30170" "Mozilla/5.0 AppleWebKit/537.36 (KHTML, like Gecko; compatible; ClaudeBot/1.0; +claudebot@anthropic.com)"
18.117.75.156 - - [22/Aug/2026:07:42:49 +0800] "GET /info.php.bak HTTP/1.1" 404 50836 "-" "Mozilla/5.0 (Macintosh; Intel Mac OS X 10_15_7) AppleWebKit/537.36 (KHTML, like Gecko) Chrome/131.0.0.0 Safari/537.36"
216.73.216.20 - - [22/Aug/2026:07:42:49 +0800] "GET /barbiagirl/wp-content/cache/2blog.ilc.edu.tw/wpfc-minified/8bkjg44a/3uee.js HTTP/1.1" 200 1939 "-" "Mozilla/5.0 AppleWebKit/537.36 (KHTML, like Gecko; compatible; ClaudeBot/1.0; +claudebot@anthropic.com)"
206.81.10.38 - - [22/Aug/2026:07:42:49 +0800] "GET /blog/imgs/thumbs_up.gif HTTP/1.1" 404 25426 "http://blog.ilc.edu.tw/" "Mozilla/5.0 (Windows NT 10.0; Win64; x64) AppleWebKit/537.36 (KHTML, like Gecko) Chrome/112.0.0.0 Safari/537.36"
192.81.217.31 - - [22/Aug/2026:07:42:49 +0800] "GET /blog/gallery/2800/previews/2800-510646.jpg HTTP/1.1" 404 25426 "http://blog.ilc.edu.tw/" "Mozilla/5.0 (Windows NT 10.0; Win64; x64) AppleWebKit/537.36 (KHTML, like Gecko) Chrome/112.0.0.0 Safari/537.36"
134.122.18.25 - - [22/Aug/2026:07:42:49 +0800] "GET /blog/gallery/2800/previews-med/2800-504750.gif HTTP/1.1" 404 25426 "http://blog.ilc.edu.tw/" "Mozilla/5.0 (Windows NT 10.0; Win64; x64) AppleWebKit/537.36 (KHTML, like Gecko) Chrome/112.0.0.0 Safari/537.36"
157.245.92.216 - - [22/Aug/2026:07:42:49 +0800] "GET /blog/gallery/2800/previews-med/2800-504751.gif HTTP/1.1" 404 25426 "http://blog.ilc.edu.tw/" "Mozilla/5.0 (Windows NT 10.0; Win64; x64) AppleWebKit/537.36 (KHTML, like Gecko) Chrome/112.0.0.0 Safari/537.36"
18.117.75.156 - - [22/Aug/2026:07:42:49 +0800] "GET /phpinfo.php.save HTTP/1.1" 404 50836 "-" "Mozilla/5.0 (Macintosh; Intel Mac OS X 10_15_7) AppleWebKit/537.36 (KHTML, like Gecko) Chrome/131.0.0.0 Safari/537.36"
216.73.216.20 - - [22/Aug/2026:07:42:50 +0800] "GET /babybaby/?p=34140 HTTP/1.1" 301 829 "-" "Mozilla/5.0 AppleWebKit/537.36 (KHTML, like Gecko; compatible; ClaudeBot/1.0; +claudebot@anthropic.com)"
100.55.60.118 - - [22/Aug/2026:07:42:48 +0800] "GET /node/.env HTTP/1.1" 404 50079 "-" "Mozilla/5.0 (Windows NT 10.0; Win64; x64) AppleWebKit/537.36 (KHTML, like Gecko) Chrome/131.0.0.0 Safari/537.36"
216.73.216.20 - - [22/Aug/2026:07:42:50 +0800] "GET /babybaby/?p=30989 HTTP/1.1" 301 1177 "-" "Mozilla/5.0 AppleWebKit/537.36 (KHTML, like Gecko; compatible; ClaudeBot/1.0; +claudebot@anthropic.com)"
216.73.216.20 - - [22/Aug/2026:07:42:50 +0800] "GET /babybaby/2026/05/29/0525-0529%e3%80%8a%e6%b0%b4%e6%9e%9c%e5%84%aa%e6%a0%bc%e3%80%8b/ HTTP/1.1" 200 19779 "https://2blog.ilc.edu.tw/babybaby/?p=34140" "Mozilla/5.0 AppleWebKit/537.36 (KHTML, like Gecko; compatible; ClaudeBot/1.0; +claudebot@anthropic.com)"
216.73.216.20 - - [22/Aug/2026:07:42:50 +0800] "GET /flart/wp-content/cache/2blog.ilc.edu.tw/wpfc-minified/r8i757z/hfzep.js HTTP/1.1" 200 1596 "-" "Mozilla/5.0 AppleWebKit/537.36 (KHTML, like Gecko; compatible; ClaudeBot/1.0; +claudebot@anthropic.com)"
18.117.75.156 - - [22/Aug/2026:07:42:50 +0800] "GET /staging/phpinfo.php HTTP/1.1" 404 973 "-" "Mozilla/5.0 (Macintosh; Intel Mac OS X 10_15_7) AppleWebKit/537.36 (KHTML, like Gecko) Chrome/131.0.0.0 Safari/537.36"
216.73.216.20 - - [22/Aug/2026:07:42:50 +0800] "GET /babybaby/2026/04/17/0413-0417%e3%80%8a%e6%b0%b4%e6%9e%9c%e7%9a%84%e5%90%83%e6%b3%95%e3%80%8b/ HTTP/1.1" 200 19176 "https://2blog.ilc.edu.tw/babybaby/?p=30989" "Mozilla/5.0 AppleWebKit/537.36 (KHTML, like Gecko; compatible; ClaudeBot/1.0; +claudebot@anthropic.com)"
216.73.216.20 - - [22/Aug/2026:07:42:50 +0800] "GET /babybaby/?p=32404 HTTP/1.1" 301 931 "-" "Mozilla/5.0 AppleWebKit/537.36 (KHTML, like Gecko; compatible; ClaudeBot/1.0; +claudebot@anthropic.com)"
216.73.216.20 - - [22/Aug/2026:07:42:49 +0800] "GET /wp-content/uploads/sites/1966/6537/6537-3321040.jpg HTTP/1.1" 200 23883 "-" "Mozilla/5.0 AppleWebKit/537.36 (KHTML, like Gecko; compatible; ClaudeBot/1.0; +claudebot@anthropic.com)"
216.73.216.20 - - [22/Aug/2026:07:42:50 +0800] "GET /wp-content/uploads/sites/1966/6537/6537-3320280.jpg HTTP/1.1" 200 38058 "-" "Mozilla/5.0 AppleWebKit/537.36 (KHTML, like Gecko; compatible; ClaudeBot/1.0; +claudebot@anthropic.com)"
216.73.216.20 - - [22/Aug/2026:07:42:49 +0800] "GET /wp-content/uploads/sites/1966/6537/6537-3321032.jpg HTTP/1.1" 200 22337 "-" "Mozilla/5.0 AppleWebKit/537.36 (KHTML, like Gecko; compatible; ClaudeBot/1.0; +claudebot@anthropic.com)"
216.73.216.20 - - [22/Aug/2026:07:42:50 +0800] "GET /wp-content/uploads/sites/1966/6537/6537-3321041.jpg HTTP/1.1" 200 20358 "-" "Mozilla/5.0 AppleWebKit/537.36 (KHTML, like Gecko; compatible; ClaudeBot/1.0; +claudebot@anthropic.com)"
216.73.216.20 - - [22/Aug/2026:07:42:49 +0800] "GET /wp-content/uploads/sites/1966/6537/6537-3321044.jpg HTTP/1.1" 200 23269 "-" "Mozilla/5.0 AppleWebKit/537.36 (KHTML, like Gecko; compatible; ClaudeBot/1.0; +claudebot@anthropic.com)"
216.73.216.20 - - [22/Aug/2026:07:42:50 +0800] "GET /wp-content/uploads/sites/1966/6537/6537-3321046.jpg HTTP/1.1" 200 24649 "-" "Mozilla/5.0 AppleWebKit/537.36 (KHTML, like Gecko; compatible; ClaudeBot/1.0; +claudebot@anthropic.com)"
18.117.75.156 - - [22/Aug/2026:07:42:50 +0800] "GET /beta/phpinfo.php HTTP/1.1" 404 973 "-" "Mozilla/5.0 (Macintosh; Intel Mac OS X 10_15_7) AppleWebKit/537.36 (KHTML, like Gecko) Chrome/131.0.0.0 Safari/537.36"
216.73.216.20 - - [22/Aug/2026:07:42:50 +0800] "GET /a262/wp-content/cache/2blog.ilc.edu.tw/wpfc-minified/esyggjke/6by7g.js HTTP/1.1" 200 1597 "-" "Mozilla/5.0 AppleWebKit/537.36 (KHTML, like Gecko; compatible; ClaudeBot/1.0; +claudebot@anthropic.com)"
216.73.216.20 - - [22/Aug/2026:07:42:50 +0800] "GET /babybaby/2026/05/08/0504-0508%e3%80%8a%e6%88%91%e6%9c%83%e5%88%87%e6%b0%b4%e6%9e%9c%e3%80%8bvs%e3%80%8a%e6%af%8d%e8%a6%aa%e7%af%80-%e6%84%9b%e7%9a%84%e5%ae%88%e8%ad%b7%e8%80%85%e3%80%8b/ HTTP/1.1" 200 19638 "https://2blog.ilc.edu.tw/babybaby/?p=32404" "Mozilla/5.0 AppleWebKit/537.36 (KHTML, like Gecko; compatible; ClaudeBot/1.0; +claudebot@anthropic.com)"
18.117.75.156 - - [22/Aug/2026:07:42:50 +0800] "GET /uat/phpinfo.php HTTP/1.1" 404 973 "-" "Mozilla/5.0 (Macintosh; Intel Mac OS X 10_15_7) AppleWebKit/537.36 (KHTML, like Gecko) Chrome/131.0.0.0 Safari/537.36"
216.73.216.20 - - [22/Aug/2026:07:42:50 +0800] "GET /babybaby/?p=34719 HTTP/1.1" 301 829 "-" "Mozilla/5.0 AppleWebKit/537.36 (KHTML, like Gecko; compatible; ClaudeBot/1.0; +claudebot@anthropic.com)"
216.73.216.20 - - [22/Aug/2026:07:42:51 +0800] "GET /wp-content/uploads/sites/1966/6537/6537-3321045.jpg HTTP/1.1" 200 20249 "-" "Mozilla/5.0 AppleWebKit/537.36 (KHTML, like Gecko; compatible; ClaudeBot/1.0; +claudebot@anthropic.com)"
216.73.216.20 - - [22/Aug/2026:07:42:51 +0800] "GET /babybaby/?p=29360 HTTP/1.1" 301 838 "-" "Mozilla/5.0 AppleWebKit/537.36 (KHTML, like Gecko; compatible; ClaudeBot/1.0; +claudebot@anthropic.com)"
18.117.75.156 - - [22/Aug/2026:07:42:51 +0800] "GET /qa/phpinfo.php HTTP/1.1" 404 973 "-" "Mozilla/5.0 (Macintosh; Intel Mac OS X 10_15_7) AppleWebKit/537.36 (KHTML, like Gecko) Chrome/131.0.0.0 Safari/537.36"
216.73.216.20 - - [22/Aug/2026:07:42:51 +0800] "GET /babybaby/2026/06/05/0601-0605%e3%80%8a%e6%b0%b4%e6%9e%9c%e8%8f%9c%e5%96%ae%e3%80%8b/ HTTP/1.1" 200 18041 "https://2blog.ilc.edu.tw/babybaby/?p=34719" "Mozilla/5.0 AppleWebKit/537.36 (KHTML, like Gecko; compatible; ClaudeBot/1.0; +claudebot@anthropic.com)"
216.73.216.20 - - [22/Aug/2026:07:42:51 +0800] "GET /53/wp-content/cache/2blog.ilc.edu.tw/wpfc-minified/qkybrv0l/hd8nq.js HTTP/1.1" 200 1596 "-" "Mozilla/5.0 AppleWebKit/537.36 (KHTML, like Gecko; compatible; ClaudeBot/1.0; +claudebot@anthropic.com)"
216.73.216.20 - - [22/Aug/2026:07:42:51 +0800] "GET /27304/wp-json/oembed/1.0/embed?url=https%3A%2F%2F2blog.ilc.edu.tw%2F27304%2F2021%2F09%2F09%2F3746%2F20210908_132936%2F%23main HTTP/1.1" 200 3539 "-" "Mozilla/5.0 AppleWebKit/537.36 (KHTML, like Gecko; compatible; ClaudeBot/1.0; +claudebot@anthropic.com)"
216.73.216.20 - - [22/Aug/2026:07:42:51 +0800] "GET /babybaby/?p=31382 HTTP/1.1" 301 848 "-" "Mozilla/5.0 AppleWebKit/537.36 (KHTML, like Gecko; compatible; ClaudeBot/1.0; +claudebot@anthropic.com)"
216.73.216.20 - - [22/Aug/2026:07:42:51 +0800] "GET /babybaby/2026/03/20/0316-0320%e3%80%8a%e6%88%91%e6%9c%83%e8%b2%b7%e6%b0%b4%e6%9e%9c%e3%80%8b/ HTTP/1.1" 200 16612 "https://2blog.ilc.edu.tw/babybaby/?p=29360" "Mozilla/5.0 AppleWebKit/537.36 (KHTML, like Gecko; compatible; ClaudeBot/1.0; +claudebot@anthropic.com)"
18.117.75.156 - - [22/Aug/2026:07:42:51 +0800] "GET /preview/phpinfo.php HTTP/1.1" 404 973 "-" "Mozilla/5.0 (Macintosh; Intel Mac OS X 10_15_7) AppleWebKit/537.36 (KHTML, like Gecko) Chrome/131.0.0.0 Safari/537.36"
216.73.216.20 - - [22/Aug/2026:07:42:51 +0800] "GET /babybaby/?p=35463 HTTP/1.1" 301 838 "-" "Mozilla/5.0 AppleWebKit/537.36 (KHTML, like Gecko; compatible; ClaudeBot/1.0; +claudebot@anthropic.com)"
216.73.216.20 - - [22/Aug/2026:07:42:51 +0800] "GET /a2021110/wp-content/cache/2blog.ilc.edu.tw/wpfc-minified/f54wwwrg/8e67l.js HTTP/1.1" 200 35527 "-" "Mozilla/5.0 AppleWebKit/537.36 (KHTML, like Gecko; compatible; ClaudeBot/1.0; +claudebot@anthropic.com)"
34.56.53.225 - - [22/Aug/2026:07:42:51 +0800] "GET /24659/2021/07/20/109%E5%AD%B8%E5%B9%B4%E5%BA%A6%E7%AC%AC%E5%9B%9B%E6%AC%A1%E5%B9%B4%E6%AE%B5%E6%9C%83%E8%AD%B0/ HTTP/1.1" 200 20729 "-" "Mozilla/5.0 (Macintosh; Intel Mac OS X 10_15_7) AppleWebKit/537.36 (KHTML, like Gecko) Chrome/120.0.0.0 Safari/537.36"
216.73.216.20 - - [22/Aug/2026:07:42:51 +0800] "GET /babybaby/2026/04/24/0420-0424%e3%80%8a%e6%88%91%e6%9c%83%e7%a8%ae%e6%b0%b4%e6%9e%9c-%e2%85%b0%e3%80%8b/ HTTP/1.1" 200 19367 "https://2blog.ilc.edu.tw/babybaby/?p=31382" "Mozilla/5.0 AppleWebKit/537.36 (KHTML, like Gecko; compatible; ClaudeBot/1.0; +claudebot@anthropic.com)"
216.73.216.20 - - [22/Aug/2026:07:42:51 +0800] "GET /27304/wp-json/oembed/1.0/embed?format=xml&url=https%3A%2F%2F2blog.ilc.edu.tw%2F27304%2F2021%2F09%2F09%2F3746%2F20210908_132936%2F%23main HTTP/1.1" 200 2304 "-" "Mozilla/5.0 AppleWebKit/537.36 (KHTML, like Gecko; compatible; ClaudeBot/1.0; +claudebot@anthropic.com)"
18.117.75.156 - - [22/Aug/2026:07:42:51 +0800] "GET /www/phpinfo.php HTTP/1.1" 404 973 "-" "Mozilla/5.0 (Macintosh; Intel Mac OS X 10_15_7) AppleWebKit/537.36 (KHTML, like Gecko) Chrome/131.0.0.0 Safari/537.36"
216.73.216.20 - - [22/Aug/2026:07:42:51 +0800] "GET /36393/wp-content/cache/2blog.ilc.edu.tw/wpfc-minified/lw3kgcx8/8f1vm.js HTTP/1.1" 200 1600 "-" "Mozilla/5.0 AppleWebKit/537.36 (KHTML, like Gecko; compatible; ClaudeBot/1.0; +claudebot@anthropic.com)"
216.73.216.20 - - [22/Aug/2026:07:42:51 +0800] "GET /babybaby/2026/06/18/0615-0618%e3%80%8a%e6%88%91%e6%98%af%e5%b0%8f%e8%80%81%e9%97%86%e3%80%8b/ HTTP/1.1" 200 16044 "https://2blog.ilc.edu.tw/babybaby/?p=35463" "Mozilla/5.0 AppleWebKit/537.36 (KHTML, like Gecko; compatible; ClaudeBot/1.0; +claudebot@anthropic.com)"
216.73.216.20 - - [22/Aug/2026:07:42:51 +0800] "GET /43042/wp-content/cache/2blog.ilc.edu.tw/wpfc-minified/lw0eska6/61mdv.js HTTP/1.1" 200 35521 "-" "Mozilla/5.0 AppleWebKit/537.36 (KHTML, like Gecko; compatible; ClaudeBot/1.0; +claudebot@anthropic.com)"
216.73.216.20 - - [22/Aug/2026:07:42:51 +0800] "GET /tsesgenderequality/wp-content/cache/2blog.ilc.edu.tw/wpfc-minified/2m6kyns7/bgwl8.js HTTP/1.1" 200 1605 "-" "Mozilla/5.0 AppleWebKit/537.36 (KHTML, like Gecko; compatible; ClaudeBot/1.0; +claudebot@anthropic.com)"
18.117.75.156 - - [22/Aug/2026:07:42:51 +0800] "GET /htdocs/phpinfo.php HTTP/1.1" 404 973 "-" "Mozilla/5.0 (Macintosh; Intel Mac OS X 10_15_7) AppleWebKit/537.36 (KHTML, like Gecko) Chrome/131.0.0.0 Safari/537.36"
216.73.216.20 - - [22/Aug/2026:07:42:52 +0800] "GET /24435/wp-content/cache/2blog.ilc.edu.tw/wpfc-minified/ef9lxemi/g0q22.js HTTP/1.1" 200 1599 "-" "Mozilla/5.0 AppleWebKit/537.36 (KHTML, like Gecko; compatible; ClaudeBot/1.0; +claudebot@anthropic.com)"
216.73.216.20 - - [22/Aug/2026:07:42:52 +0800] "GET /ytes1234/wp-content/cache/2blog.ilc.edu.tw/wpfc-minified/eql1nyk1/5wsjo.js HTTP/1.1" 200 1600 "-" "Mozilla/5.0 AppleWebKit/537.36 (KHTML, like Gecko; compatible; ClaudeBot/1.0; +claudebot@anthropic.com)"
216.73.216.20 - - [22/Aug/2026:07:42:52 +0800] "GET /25158/wp-content/cache/2blog.ilc.edu.tw/wpfc-minified/2qbt5sz7/2kn05.js HTTP/1.1" 200 1600 "-" "Mozilla/5.0 AppleWebKit/537.36 (KHTML, like Gecko; compatible; ClaudeBot/1.0; +claudebot@anthropic.com)"
18.117.75.156 - - [22/Aug/2026:07:42:52 +0800] "GET /public_html/phpinfo.php HTTP/1.1" 404 973 "-" "Mozilla/5.0 (Macintosh; Intel Mac OS X 10_15_7) AppleWebKit/537.36 (KHTML, like Gecko) Chrome/131.0.0.0 Safari/537.36"
216.73.216.20 - - [22/Aug/2026:07:42:52 +0800] "GET /25146/wp-content/cache/2blog.ilc.edu.tw/wpfc-minified/rjkcys/fjiev.js HTTP/1.1" 200 1599 "-" "Mozilla/5.0 AppleWebKit/537.36 (KHTML, like Gecko; compatible; ClaudeBot/1.0; +claudebot@anthropic.com)"
216.73.216.20 - - [22/Aug/2026:07:42:52 +0800] "GET /43042/wp-content/cache/2blog.ilc.edu.tw/wpfc-minified/m9ktxxi1/61mdv.css HTTP/1.1" 200 32190 "-" "Mozilla/5.0 AppleWebKit/537.36 (KHTML, like Gecko; compatible; ClaudeBot/1.0; +claudebot@anthropic.com)"
18.117.75.156 - - [22/Aug/2026:07:42:52 +0800] "GET /site/phpinfo.php HTTP/1.1" 404 973 "-" "Mozilla/5.0 (Macintosh; Intel Mac OS X 10_15_7) AppleWebKit/537.36 (KHTML, like Gecko) Chrome/131.0.0.0 Safari/537.36"
216.73.216.20 - - [22/Aug/2026:07:42:52 +0800] "GET /25149/wp-content/cache/2blog.ilc.edu.tw/wpfc-minified/1pvaqeab/849bz.js HTTP/1.1" 200 1599 "-" "Mozilla/5.0 AppleWebKit/537.36 (KHTML, like Gecko; compatible; ClaudeBot/1.0; +claudebot@anthropic.com)"
216.73.216.20 - - [22/Aug/2026:07:42:52 +0800] "GET /a2021110/wp-content/cache/2blog.ilc.edu.tw/wpfc-minified/fqfanijt/8e67l.css HTTP/1.1" 200 17892 "-" "Mozilla/5.0 AppleWebKit/537.36 (KHTML, like Gecko; compatible; ClaudeBot/1.0; +claudebot@anthropic.com)"
2408:8221:592f:a240:c236:56ff:fe41:9a63 - - [22/Aug/2026:07:42:52 +0800] "GET /2015/06/23 HTTP/1.1" 301 5709 "-" "Mozilla/5.0 (Windows NT 10.0; Win64; x64) AppleWebKit/537.36 (KHTML, like Gecko) Chrome/106.0.5249.119 Safari/537.36"
100.55.60.118 - - [22/Aug/2026:07:42:50 +0800] "GET /express/.env HTTP/1.1" 404 50064 "-" "Mozilla/5.0 (Windows NT 10.0; Win64; x64) AppleWebKit/537.36 (KHTML, like Gecko) Chrome/131.0.0.0 Safari/537.36"
216.73.216.20 - - [22/Aug/2026:07:42:52 +0800] "GET /6325/wp-content/cache/2blog.ilc.edu.tw/wpfc-minified/dtnlclel/5x6sh.js HTTP/1.1" 200 1598 "-" "Mozilla/5.0 AppleWebKit/537.36 (KHTML, like Gecko; compatible; ClaudeBot/1.0; +claudebot@anthropic.com)"
18.117.75.156 - - [22/Aug/2026:07:42:52 +0800] "GET /docs/phpinfo.php HTTP/1.1" 404 973 "-" "Mozilla/5.0 (Macintosh; Intel Mac OS X 10_15_7) AppleWebKit/537.36 (KHTML, like Gecko) Chrome/131.0.0.0 Safari/537.36"
216.73.216.20 - - [22/Aug/2026:07:42:52 +0800] "GET /tsesgenderequality/wp-content/cache/2blog.ilc.edu.tw/wpfc-minified/md9vcgzl/aafww.css HTTP/1.1" 200 32190 "-" "Mozilla/5.0 AppleWebKit/537.36 (KHTML, like Gecko; compatible; ClaudeBot/1.0; +claudebot@anthropic.com)"
54.159.98.248 - - [22/Aug/2026:07:42:52 +0800] "GET /kkes603/wp-content/uploads/sites/2892/2024/07/20231221_090911_s-1536x864.jpg HTTP/1.1" 200 233590 "-" "Mozilla/5.0 AppleWebKit/537.36 (KHTML, like Gecko; compatible; Amazonbot/0.1; +https://developer.amazon.com/support/amazonbot) Chrome/119.0.6045.214 Safari/537.36"
216.73.216.20 - - [22/Aug/2026:07:42:52 +0800] "GET /2529/wp-content/cache/2blog.ilc.edu.tw/wpfc-minified/edjugg1m/g0pq9.js HTTP/1.1" 200 1598 "-" "Mozilla/5.0 AppleWebKit/537.36 (KHTML, like Gecko; compatible; ClaudeBot/1.0; +claudebot@anthropic.com)"
216.73.216.20 - - [22/Aug/2026:07:42:52 +0800] "GET /33/wp-content/cache/2blog.ilc.edu.tw/wpfc-minified/7xb9atrv/fuhpd.js HTTP/1.1" 200 1595 "-" "Mozilla/5.0 AppleWebKit/537.36 (KHTML, like Gecko; compatible; ClaudeBot/1.0; +claudebot@anthropic.com)"
18.117.75.156 - - [22/Aug/2026:07:42:53 +0800] "GET /wp-admin/phpinfo.php HTTP/1.1" 404 973 "-" "Mozilla/5.0 (Macintosh; Intel Mac OS X 10_15_7) AppleWebKit/537.36 (KHTML, like Gecko) Chrome/131.0.0.0 Safari/537.36"
216.73.216.20 - - [22/Aug/2026:07:42:53 +0800] "GET /a2021110/wp-content/cache/2blog.ilc.edu.tw/wpfc-minified/jota71to/8e67l.css HTTP/1.1" 200 1113 "-" "Mozilla/5.0 AppleWebKit/537.36 (KHTML, like Gecko; compatible; ClaudeBot/1.0; +claudebot@anthropic.com)"
2001:288:a201::66:125 - - [22/Aug/2026:07:42:53 +0800] "GET /blog/active.php HTTP/1.1" 301 1026 "-" "-"
216.73.216.20 - - [22/Aug/2026:07:42:53 +0800] "GET /43042/wp-content/cache/2blog.ilc.edu.tw/wpfc-minified/1pvdz5ny/61mdv.css HTTP/1.1" 200 40844 "-" "Mozilla/5.0 AppleWebKit/537.36 (KHTML, like Gecko; compatible; ClaudeBot/1.0; +claudebot@anthropic.com)"
2001:288:a201::66:125 - - [22/Aug/2026:07:42:53 +0800] "GET /blog/active.php HTTP/1.1" 404 1084 "-" "-"
216.73.216.20 - - [22/Aug/2026:07:42:53 +0800] "GET /1297/wp-content/cache/2blog.ilc.edu.tw/wpfc-minified/lp2nv2ng/5wol8.js HTTP/1.1" 200 1598 "-" "Mozilla/5.0 AppleWebKit/537.36 (KHTML, like Gecko; compatible; ClaudeBot/1.0; +claudebot@anthropic.com)"
44.223.193.255 - - [22/Aug/2026:07:42:52 +0800] "GET /wp-content/uploads/sites/1326/2024/12/IMG_E8051-2048x1152.jpg HTTP/1.1" 200 292255 "-" "Mozilla/5.0 AppleWebKit/537.36 (KHTML, like Gecko; compatible; Amazonbot/0.1; +https://developer.amazon.com/support/amazonbot) Chrome/119.0.6045.214 Safari/537.36"
140.111.67.10 - - [22/Aug/2026:07:42:53 +0800] "GET /" 301 273 "-" "-"
216.73.216.20 - - [22/Aug/2026:07:42:53 +0800] "GET /a2021110/wp-content/cache/2blog.ilc.edu.tw/wpfc-minified/m9kc49o6/8e67l.css HTTP/1.1" 200 1667 "-" "Mozilla/5.0 AppleWebKit/537.36 (KHTML, like Gecko; compatible; ClaudeBot/1.0; +claudebot@anthropic.com)"
18.117.75.156 - - [22/Aug/2026:07:42:53 +0800] "GET /administrator/phpinfo.php HTTP/1.1" 404 973 "-" "Mozilla/5.0 (Macintosh; Intel Mac OS X 10_15_7) AppleWebKit/537.36 (KHTML, like Gecko) Chrome/131.0.0.0 Safari/537.36"
216.73.216.20 - - [22/Aug/2026:07:42:53 +0800] "GET /tsesgenderequality/wp-content/cache/2blog.ilc.edu.tw/wpfc-minified/lykusxkr/aafww.css HTTP/1.1" 200 1113 "-" "Mozilla/5.0 AppleWebKit/537.36 (KHTML, like Gecko; compatible; ClaudeBot/1.0; +claudebot@anthropic.com)"
216.73.216.20 - - [22/Aug/2026:07:42:53 +0800] "GET /43042/wp-content/cache/2blog.ilc.edu.tw/wpfc-minified/96oqqjom/61mdv.css HTTP/1.1" 200 2051 "-" "Mozilla/5.0 AppleWebKit/537.36 (KHTML, like Gecko; compatible; ClaudeBot/1.0; +claudebot@anthropic.com)"
18.117.75.156 - - [22/Aug/2026:07:42:53 +0800] "GET /core/phpinfo.php HTTP/1.1" 404 973 "-" "Mozilla/5.0 (Macintosh; Intel Mac OS X 10_15_7) AppleWebKit/537.36 (KHTML, like Gecko) Chrome/131.0.0.0 Safari/537.36"
216.73.216.20 - - [22/Aug/2026:07:42:53 +0800] "GET /27304/2021/09/09/3746/20210908_132938/ HTTP/1.1" 200 9229 "-" "Mozilla/5.0 AppleWebKit/537.36 (KHTML, like Gecko; compatible; ClaudeBot/1.0; +claudebot@anthropic.com)"
216.73.216.20 - - [22/Aug/2026:07:42:53 +0800] "GET /shin/wp-content/cache/2blog.ilc.edu.tw/wpfc-minified/jnirf23t/5wu6j.js HTTP/1.1" 200 1596 "-" "Mozilla/5.0 AppleWebKit/537.36 (KHTML, like Gecko; compatible; ClaudeBot/1.0; +claudebot@anthropic.com)"
34.215.240.225 - - [22/Aug/2026:07:42:53 +0800] "POST /index.php?rest_route=/batch/v1 HTTP/1.1" 500 6255 "-" "Mozilla/5.0 (Windows NT 10.0; Win64; x64) AppleWebKit/537.36 (KHTML, like Gecko) Chrome/131.0.0.0 Safari/537.36"
216.73.216.20 - - [22/Aug/2026:07:42:53 +0800] "GET /43042/wp-content/cache/2blog.ilc.edu.tw/wpfc-minified/8w1b87x0/61mdv.css HTTP/1.1" 200 15738 "-" "Mozilla/5.0 AppleWebKit/537.36 (KHTML, like Gecko; compatible; ClaudeBot/1.0; +claudebot@anthropic.com)"
18.117.75.156 - - [22/Aug/2026:07:42:53 +0800] "GET /includes/phpinfo.php HTTP/1.1" 404 973 "-" "Mozilla/5.0 (Macintosh; Intel Mac OS X 10_15_7) AppleWebKit/537.36 (KHTML, like Gecko) Chrome/131.0.0.0 Safari/537.36"
216.73.216.20 - - [22/Aug/2026:07:42:53 +0800] "GET /tsesgenderequality/wp-content/cache/2blog.ilc.edu.tw/wpfc-minified/8iff73aw/aafww.css HTTP/1.1" 200 2051 "-" "Mozilla/5.0 AppleWebKit/537.36 (KHTML, like Gecko; compatible; ClaudeBot/1.0; +claudebot@anthropic.com)"
216.73.216.20 - - [22/Aug/2026:07:42:53 +0800] "GET /tsesgenderequality/wp-content/cache/2blog.ilc.edu.tw/wpfc-minified/du49bdgq/aafww.css HTTP/1.1" 200 40863 "-" "Mozilla/5.0 AppleWebKit/537.36 (KHTML, like Gecko; compatible; ClaudeBot/1.0; +claudebot@anthropic.com)"
216.73.216.20 - - [22/Aug/2026:07:42:54 +0800] "GET /33/wp-content/cache/2blog.ilc.edu.tw/wpfc-minified/kddt2j7l/fuhpd.js HTTP/1.1" 200 35514 "-" "Mozilla/5.0 AppleWebKit/537.36 (KHTML, like Gecko; compatible; ClaudeBot/1.0; +claudebot@anthropic.com)"
216.73.216.20 - - [22/Aug/2026:07:42:54 +0800] "GET /tsesgenderequality/wp-content/cache/2blog.ilc.edu.tw/wpfc-minified/epeficky/aafww.js HTTP/1.1" 200 35535 "-" "Mozilla/5.0 AppleWebKit/537.36 (KHTML, like Gecko; compatible; ClaudeBot/1.0; +claudebot@anthropic.com)"
18.117.75.156 - - [22/Aug/2026:07:42:54 +0800] "GET /service-account.json HTTP/1.1" 404 50836 "-" "Mozilla/5.0 (Macintosh; Intel Mac OS X 10_15_7) AppleWebKit/537.36 (KHTML, like Gecko) Chrome/131.0.0.0 Safari/537.36"
216.73.216.20 - - [22/Aug/2026:07:42:54 +0800] "GET /a2021110/wp-content/cache/2blog.ilc.edu.tw/wpfc-minified/f44ros6k/8e67l.css HTTP/1.1" 200 9596 "-" "Mozilla/5.0 AppleWebKit/537.36 (KHTML, like Gecko; compatible; ClaudeBot/1.0; +claudebot@anthropic.com)"
34.215.240.225 - - [22/Aug/2026:07:42:54 +0800] "GET / HTTP/1.1" 200 26046 "-" "Mozilla/5.0 (Windows NT 10.0; Win64; x64) AppleWebKit/537.36 (KHTML, like Gecko) Chrome/131.0.0.0 Safari/537.36"
216.73.216.20 - - [22/Aug/2026:07:42:54 +0800] "GET /a2021110/wp-content/cache/2blog.ilc.edu.tw/wpfc-minified/qa9f00xi/8e67l.css HTTP/1.1" 200 18510 "-" "Mozilla/5.0 AppleWebKit/537.36 (KHTML, like Gecko; compatible; ClaudeBot/1.0; +claudebot@anthropic.com)"
216.73.216.20 - - [22/Aug/2026:07:42:54 +0800] "GET /43042/wp-content/cache/2blog.ilc.edu.tw/wpfc-minified/879brcj0/61mdv.css HTTP/1.1" 200 1113 "-" "Mozilla/5.0 AppleWebKit/537.36 (KHTML, like Gecko; compatible; ClaudeBot/1.0; +claudebot@anthropic.com)"
216.73.216.20 - - [22/Aug/2026:07:42:54 +0800] "GET /a2021110/wp-content/cache/2blog.ilc.edu.tw/wpfc-minified/7ugocb31/8e67l.css HTTP/1.1" 200 40848 "-" "Mozilla/5.0 AppleWebKit/537.36 (KHTML, like Gecko; compatible; ClaudeBot/1.0; +claudebot@anthropic.com)"
216.73.216.20 - - [22/Aug/2026:07:42:54 +0800] "GET /tsesgenderequality/wp-content/cache/2blog.ilc.edu.tw/wpfc-minified/e2du12mi/aafww.css HTTP/1.1" 200 15738 "-" "Mozilla/5.0 AppleWebKit/537.36 (KHTML, like Gecko; compatible; ClaudeBot/1.0; +claudebot@anthropic.com)"
18.117.75.156 - - [22/Aug/2026:07:42:54 +0800] "GET /sa.json HTTP/1.1" 404 50836 "-" "Mozilla/5.0 (Macintosh; Intel Mac OS X 10_15_7) AppleWebKit/537.36 (KHTML, like Gecko) Chrome/131.0.0.0 Safari/537.36"
216.73.216.20 - - [22/Aug/2026:07:42:54 +0800] "GET /33/wp-content/cache/2blog.ilc.edu.tw/wpfc-minified/7xwmmgbx/fuhpd.css HTTP/1.1" 200 40839 "-" "Mozilla/5.0 AppleWebKit/537.36 (KHTML, like Gecko; compatible; ClaudeBot/1.0; +claudebot@anthropic.com)"
::1 - - [22/Aug/2026:07:42:54 +0800] "OPTIONS * HTTP/1.0" 200 110 "-" "Apache/2.4.68 (Ubuntu) OpenSSL/3.0.19 (internal dummy connection)"
216.73.216.20 - - [22/Aug/2026:07:42:54 +0800] "GET /33/wp-content/cache/2blog.ilc.edu.tw/wpfc-minified/mov78kvd/fuhpd.css HTTP/1.1" 200 15936 "-" "Mozilla/5.0 AppleWebKit/537.36 (KHTML, like Gecko; compatible; ClaudeBot/1.0; +claudebot@anthropic.com)"
216.73.216.20 - - [22/Aug/2026:07:42:54 +0800] "GET /33/wp-content/cache/2blog.ilc.edu.tw/wpfc-minified/fs9rb1aw/fuhpd.css HTTP/1.1" 200 11855 "-" "Mozilla/5.0 AppleWebKit/537.36 (KHTML, like Gecko; compatible; ClaudeBot/1.0; +claudebot@anthropic.com)"
100.55.60.118 - - [22/Aug/2026:07:42:53 +0800] "GET /next/.env HTTP/1.1" 404 50084 "-" "Mozilla/5.0 (Windows NT 10.0; Win64; x64) AppleWebKit/537.36 (KHTML, like Gecko) Chrome/131.0.0.0 Safari/537.36"
216.73.216.20 - - [22/Aug/2026:07:42:54 +0800] "GET /25149/wp-content/cache/2blog.ilc.edu.tw/wpfc-minified/7m5b2b3d/soro.css HTTP/1.1" 200 41456 "-" "Mozilla/5.0 AppleWebKit/537.36 (KHTML, like Gecko; compatible; ClaudeBot/1.0; +claudebot@anthropic.com)"
216.73.216.20 - - [22/Aug/2026:07:42:55 +0800] "GET /33/wp-content/cache/2blog.ilc.edu.tw/wpfc-minified/efbpxzu0/fuhpd.css HTTP/1.1" 200 2289 "-" "Mozilla/5.0 AppleWebKit/537.36 (KHTML, like Gecko; compatible; ClaudeBot/1.0; +claudebot@anthropic.com)"
18.117.75.156 - - [22/Aug/2026:07:42:54 +0800] "GET /gcp-key.json HTTP/1.1" 404 50836 "-" "Mozilla/5.0 (Macintosh; Intel Mac OS X 10_15_7) AppleWebKit/537.36 (KHTML, like Gecko) Chrome/131.0.0.0 Safari/537.36"
216.73.216.20 - - [22/Aug/2026:07:42:55 +0800] "GET /33/wp-content/cache/2blog.ilc.edu.tw/wpfc-minified/fbvlq8d/fuhpd.css HTTP/1.1" 200 2782 "-" "Mozilla/5.0 AppleWebKit/537.36 (KHTML, like Gecko; compatible; ClaudeBot/1.0; +claudebot@anthropic.com)"
34.215.240.225 - - [22/Aug/2026:07:42:55 +0800] "GET /api/v1/auto_login HTTP/1.1" 404 59835 "-" "Mozilla/5.0 (Windows NT 10.0; Win64; x64) AppleWebKit/537.36 (KHTML, like Gecko) Chrome/131.0.0.0 Safari/537.36"
18.117.75.156 - - [22/Aug/2026:07:42:55 +0800] "GET /gcp-credentials.json HTTP/1.1" 404 50836 "-" "Mozilla/5.0 (Macintosh; Intel Mac OS X 10_15_7) AppleWebKit/537.36 (KHTML, like Gecko) Chrome/131.0.0.0 Safari/537.36"
216.73.216.20 - - [22/Aug/2026:07:42:55 +0800] "GET /babybaby/wp-json/wp/v2/posts/33594 HTTP/1.1" 200 279168 "-" "Mozilla/5.0 AppleWebKit/537.36 (KHTML, like Gecko; compatible; ClaudeBot/1.0; +claudebot@anthropic.com)"
216.73.216.20 - - [22/Aug/2026:07:42:55 +0800] "GET /babybaby/wp-json/wp/v2/posts/31950 HTTP/1.1" 200 234717 "-" "Mozilla/5.0 AppleWebKit/537.36 (KHTML, like Gecko; compatible; ClaudeBot/1.0; +claudebot@anthropic.com)"
216.73.216.20 - - [22/Aug/2026:07:42:55 +0800] "GET /babybaby/wp-json/wp/v2/posts/32959 HTTP/1.1" 200 325184 "-" "Mozilla/5.0 AppleWebKit/537.36 (KHTML, like Gecko; compatible; ClaudeBot/1.0; +claudebot@anthropic.com)"
216.73.216.20 - - [22/Aug/2026:07:42:55 +0800] "GET /babybaby/wp-json/wp/v2/posts/30661 HTTP/1.1" 200 169521 "-" "Mozilla/5.0 AppleWebKit/537.36 (KHTML, like Gecko; compatible; ClaudeBot/1.0; +claudebot@anthropic.com)"
216.73.216.20 - - [22/Aug/2026:07:42:55 +0800] "GET /babybaby/wp-json/wp/v2/posts/28966 HTTP/1.1" 200 202871 "-" "Mozilla/5.0 AppleWebKit/537.36 (KHTML, like Gecko; compatible; ClaudeBot/1.0; +claudebot@anthropic.com)"
3.217.82.254 - - [22/Aug/2026:07:42:55 +0800] "GET /3753/2009/01/ HTTP/1.1" 200 32733 "-" "Mozilla/5.0 AppleWebKit/537.36 (KHTML, like Gecko; compatible; Amazonbot/0.1; +https://developer.amazon.com/support/amazonbot) Chrome/119.0.6045.214 Safari/537.36"
18.117.75.156 - - [22/Aug/2026:07:42:55 +0800] "GET /gcp-sa.json HTTP/1.1" 404 50836 "-" "Mozilla/5.0 (Macintosh; Intel Mac OS X 10_15_7) AppleWebKit/537.36 (KHTML, like Gecko) Chrome/131.0.0.0 Safari/537.36"
216.73.216.20 - - [22/Aug/2026:07:42:55 +0800] "GET /babybaby/wp-json/wp/v2/posts/34140 HTTP/1.1" 200 295434 "-" "Mozilla/5.0 AppleWebKit/537.36 (KHTML, like Gecko; compatible; ClaudeBot/1.0; +claudebot@anthropic.com)"
18.117.75.156 - - [22/Aug/2026:07:42:56 +0800] "GET /credentials.json HTTP/1.1" 404 50836 "-" "Mozilla/5.0 (Macintosh; Intel Mac OS X 10_15_7) AppleWebKit/537.36 (KHTML, like Gecko) Chrome/131.0.0.0 Safari/537.36"
34.215.240.225 - - [22/Aug/2026:07:42:55 +0800] "POST /api/v1/auto_login HTTP/1.1" 404 54906 "-" "Mozilla/5.0 (Windows NT 10.0; Win64; x64) AppleWebKit/537.36 (KHTML, like Gecko) Chrome/131.0.0.0 Safari/537.36"
216.73.216.20 - - [22/Aug/2026:07:42:56 +0800] "GET /rainbow123/?p=49788 HTTP/1.1" 301 873 "-" "Mozilla/5.0 AppleWebKit/537.36 (KHTML, like Gecko; compatible; ClaudeBot/1.0; +claudebot@anthropic.com)"
216.73.216.20 - - [22/Aug/2026:07:42:56 +0800] "GET /babybaby/wp-json/wp/v2/posts/34719 HTTP/1.1" 200 252228 "-" "Mozilla/5.0 AppleWebKit/537.36 (KHTML, like Gecko; compatible; ClaudeBot/1.0; +claudebot@anthropic.com)"
216.73.216.20 - - [22/Aug/2026:07:42:56 +0800] "GET /rainbow123/?p=52954 HTTP/1.1" 301 949 "-" "Mozilla/5.0 AppleWebKit/537.36 (KHTML, like Gecko; compatible; ClaudeBot/1.0; +claudebot@anthropic.com)"
216.73.216.20 - - [22/Aug/2026:07:42:56 +0800] "GET /rainbow123/2026/03/25/115-03-09-0320%e7%8e%a9%e5%87%ba%e5%a4%a7%e7%8e%a9%e5%ae%b6-%e7%a9%8d%e6%9c%a8%e6%80%8e%e9%ba%bc%e7%8e%a9/ HTTP/1.1" 200 26052 "https://2blog.ilc.edu.tw/rainbow123/?p=49788" "Mozilla/5.0 AppleWebKit/537.36 (KHTML, like Gecko; compatible; ClaudeBot/1.0; +claudebot@anthropic.com)"
216.73.216.20 - - [22/Aug/2026:07:42:56 +0800] "GET /rainbow123/?p=53820 HTTP/1.1" 301 878 "-" "Mozilla/5.0 AppleWebKit/537.36 (KHTML, like Gecko; compatible; ClaudeBot/1.0; +claudebot@anthropic.com)"
216.73.216.20 - - [22/Aug/2026:07:42:56 +0800] "GET /rainbow123/?p=51405 HTTP/1.1" 301 5749 "-" "Mozilla/5.0 AppleWebKit/537.36 (KHTML, like Gecko; compatible; ClaudeBot/1.0; +claudebot@anthropic.com)"
216.73.216.20 - - [22/Aug/2026:07:42:56 +0800] "GET /babybaby/wp-json/wp/v2/posts/29360 HTTP/1.1" 200 193672 "-" "Mozilla/5.0 AppleWebKit/537.36 (KHTML, like Gecko; compatible; ClaudeBot/1.0; +claudebot@anthropic.com)"
216.73.216.20 - - [22/Aug/2026:07:42:56 +0800] "GET /rainbow123/2026/05/15/115-05-04-115-05-15%e7%8e%a9%e5%87%ba%e5%a4%a7%e7%8e%a9%e5%ae%b6%e5%bb%ba%e6%a7%8b%e5%be%ae%e5%9e%8b%e4%b8%96%e7%95%8c%e8%88%87%e7%94%a8%e7%a9%8d%e6%9c%a8%e8%aa%aa%e6%95%85%e4%ba%8b/ HTTP/1.1" 200 23795 "https://2blog.ilc.edu.tw/rainbow123/?p=52954" "Mozilla/5.0 AppleWebKit/537.36 (KHTML, like Gecko; compatible; ClaudeBot/1.0; +claudebot@anthropic.com)"
216.73.216.20 - - [22/Aug/2026:07:42:56 +0800] "GET /rainbow123/?p=52137 HTTP/1.1" 301 5672 "-" "Mozilla/5.0 AppleWebKit/537.36 (KHTML, like Gecko; compatible; ClaudeBot/1.0; +claudebot@anthropic.com)"
216.73.216.20 - - [22/Aug/2026:07:42:56 +0800] "GET /rainbow123/2026/05/29/115-05-18-115-05-29-%e7%8e%a9%e5%87%ba%e5%a4%a7%e7%8e%a9%e5%ae%b6%e5%b0%8f%e5%b0%8f%e8%a8%ad%e8%a8%88%e5%b8%ab/ HTTP/1.1" 200 20536 "https://2blog.ilc.edu.tw/rainbow123/?p=53820" "Mozilla/5.0 AppleWebKit/537.36 (KHTML, like Gecko; compatible; ClaudeBot/1.0; +claudebot@anthropic.com)"
18.117.75.156 - - [22/Aug/2026:07:42:56 +0800] "GET /google-credentials.json HTTP/1.1" 404 50836 "-" "Mozilla/5.0 (Macintosh; Intel Mac OS X 10_15_7) AppleWebKit/537.36 (KHTML, like Gecko) Chrome/131.0.0.0 Safari/537.36"
216.73.216.20 - - [22/Aug/2026:07:42:56 +0800] "GET /babybaby/wp-json/wp/v2/posts/35463 HTTP/1.1" 200 185023 "-" "Mozilla/5.0 AppleWebKit/537.36 (KHTML, like Gecko; compatible; ClaudeBot/1.0; +claudebot@anthropic.com)"
216.73.216.20 - - [22/Aug/2026:07:42:57 +0800] "GET /rainbow123/2026/04/17/11504-07-04-17%e6%88%91%e6%98%af%e5%a4%a7%e7%8e%a9%e5%ae%b6-%e7%a9%8d%e6%9c%a8%e8%ae%8a%e8%ae%8a%e8%ae%8a%e6%a0%a1%e5%a4%96%e6%95%99%e5%ad%b8-%e7%b6%a0%e8%89%b2%e5%8d%9a%e8%a6%bd%e6%9c%83/ HTTP/1.1" 200 22277 "https://2blog.ilc.edu.tw/rainbow123/?p=51405" "Mozilla/5.0 AppleWebKit/537.36 (KHTML, like Gecko; compatible; ClaudeBot/1.0; +claudebot@anthropic.com)"
216.73.216.20 - - [22/Aug/2026:07:42:56 +0800] "GET /27304/wp-json/wp/v2/media/3754 HTTP/1.1" 200 5492 "-" "Mozilla/5.0 AppleWebKit/537.36 (KHTML, like Gecko; compatible; ClaudeBot/1.0; +claudebot@anthropic.com)"
216.73.216.20 - - [22/Aug/2026:07:42:57 +0800] "GET /27304/?p=3754 HTTP/1.1" 301 5670 "-" "Mozilla/5.0 AppleWebKit/537.36 (KHTML, like Gecko; compatible; ClaudeBot/1.0; +claudebot@anthropic.com)"
216.73.216.20 - - [22/Aug/2026:07:42:57 +0800] "GET /rainbow123/2026/04/30/115-04-20-115-04-30%e7%8e%a9%e5%87%ba%e5%a4%a7%e7%8e%a9%e5%ae%b6-%e7%ab%8b%e9%ab%94%e5%bb%ba%e7%af%89%e5%b8%ab/ HTTP/1.1" 200 23038 "https://2blog.ilc.edu.tw/rainbow123/?p=52137" "Mozilla/5.0 AppleWebKit/537.36 (KHTML, like Gecko; compatible; ClaudeBot/1.0; +claudebot@anthropic.com)"
216.73.216.20 - - [22/Aug/2026:07:42:56 +0800] "GET /babybaby/wp-json/wp/v2/posts/31382 HTTP/1.1" 200 295087 "-" "Mozilla/5.0 AppleWebKit/537.36 (KHTML, like Gecko; compatible; ClaudeBot/1.0; +claudebot@anthropic.com)"
216.73.216.20 - - [22/Aug/2026:07:42:57 +0800] "GET /6537/?p=5176 HTTP/1.1" 301 919 "-" "Mozilla/5.0 AppleWebKit/537.36 (KHTML, like Gecko; compatible; ClaudeBot/1.0; +claudebot@anthropic.com)"
216.73.216.20 - - [22/Aug/2026:07:42:57 +0800] "GET /27304/2021/09/09/3746/20210908_132936/ HTTP/1.1" 200 8997 "https://2blog.ilc.edu.tw/27304/?p=3754" "Mozilla/5.0 AppleWebKit/537.36 (KHTML, like Gecko; compatible; ClaudeBot/1.0; +claudebot@anthropic.com)"
216.73.216.20 - - [22/Aug/2026:07:42:57 +0800] "GET /6537/?p=5244 HTTP/1.1" 301 866 "-" "Mozilla/5.0 AppleWebKit/537.36 (KHTML, like Gecko; compatible; ClaudeBot/1.0; +claudebot@anthropic.com)"
216.73.216.20 - - [22/Aug/2026:07:42:57 +0800] "GET /1297/?p=619 HTTP/1.1" 301 825 "-" "Mozilla/5.0 AppleWebKit/537.36 (KHTML, like Gecko; compatible; ClaudeBot/1.0; +claudebot@anthropic.com)"
18.117.75.156 - - [22/Aug/2026:07:42:57 +0800] "GET /google-key.json HTTP/1.1" 404 50836 "-" "Mozilla/5.0 (Macintosh; Intel Mac OS X 10_15_7) AppleWebKit/537.36 (KHTML, like Gecko) Chrome/131.0.0.0 Safari/537.36"
216.73.216.20 - - [22/Aug/2026:07:42:57 +0800] "GET /6537/2015/11/11/%e4%ba%8c-1-%e5%af%a6%e6%96%bd%e6%88%b6%e5%a4%96%e7%92%b0%e5%a2%83%e6%95%99%e5%ad%b8%e5%8f%8a%e7%94%9f%e6%85%8b%e6%97%85%e9%81%8a-3/ HTTP/1.1" 200 14420 "https://2blog.ilc.edu.tw/6537/?p=5176" "Mozilla/5.0 AppleWebKit/537.36 (KHTML, like Gecko; compatible; ClaudeBot/1.0; +claudebot@anthropic.com)"
216.73.216.20 - - [22/Aug/2026:07:42:57 +0800] "GET /57/?p=1741 HTTP/1.1" 301 871 "-" "Mozilla/5.0 AppleWebKit/537.36 (KHTML, like Gecko; compatible; ClaudeBot/1.0; +claudebot@anthropic.com)"
216.73.216.20 - - [22/Aug/2026:07:42:57 +0800] "GET /1297/?p=592 HTTP/1.1" 301 834 "-" "Mozilla/5.0 AppleWebKit/537.36 (KHTML, like Gecko; compatible; ClaudeBot/1.0; +claudebot@anthropic.com)"
100.55.60.118 - - [22/Aug/2026:07:42:55 +0800] "GET /nuxt/.env HTTP/1.1" 404 50074 "-" "Mozilla/5.0 (Windows NT 10.0; Win64; x64) AppleWebKit/537.36 (KHTML, like Gecko) Chrome/131.0.0.0 Safari/537.36"
216.73.216.20 - - [22/Aug/2026:07:42:57 +0800] "GET /6537/2016/11/11/105_%e5%9b%9b%e3%80%8135%e8%9e%8d%e5%85%a5%e8%aa%b2%e7%a8%8b%e6%95%99%e5%ad%b8/ HTTP/1.1" 200 11312 "https://2blog.ilc.edu.tw/6537/?p=5244" "Mozilla/5.0 AppleWebKit/537.36 (KHTML, like Gecko; compatible; ClaudeBot/1.0; +claudebot@anthropic.com)"
