216.73.216.20 - - [22/Aug/2026:07:43:42 +0800] "GET /sun520/wp-content/uploads/sites/3900/2026/03/IMG_9528-300x200.jpg HTTP/1.1" 200 11086 "-" "Mozilla/5.0 AppleWebKit/537.36 (KHTML, like Gecko; compatible; ClaudeBot/1.0; +claudebot@anthropic.com)"
216.73.216.20 - - [22/Aug/2026:07:43:42 +0800] "GET /sun520/wp-content/uploads/sites/3900/2026/04/IMG_2082-300x200.jpg HTTP/1.1" 200 15540 "-" "Mozilla/5.0 AppleWebKit/537.36 (KHTML, like Gecko; compatible; ClaudeBot/1.0; +claudebot@anthropic.com)"
54.187.34.52 - - [22/Aug/2026:07:43:42 +0800] "GET /api/v1/auto_login HTTP/1.1" 404 46664 "-" "Mozilla/5.0 (Windows NT 10.0; Win64; x64) AppleWebKit/537.36 (KHTML, like Gecko) Chrome/131.0.0.0 Safari/537.36"
216.73.216.20 - - [22/Aug/2026:07:43:42 +0800] "GET /sun520/wp-content/uploads/sites/3900/2026/04/IMG_2137-300x200.jpg HTTP/1.1" 200 20301 "-" "Mozilla/5.0 AppleWebKit/537.36 (KHTML, like Gecko; compatible; ClaudeBot/1.0; +claudebot@anthropic.com)"
216.73.216.20 - - [22/Aug/2026:07:43:43 +0800] "GET /sun520/wp-content/uploads/sites/3900/2026/04/IMG_2064-300x200.jpg HTTP/1.1" 200 16051 "-" "Mozilla/5.0 AppleWebKit/537.36 (KHTML, like Gecko; compatible; ClaudeBot/1.0; +claudebot@anthropic.com)"
2408:8656:82f0:f300::14 - - [22/Aug/2026:07:43:43 +0800] "GET /17160/wp-includes/css/admin-bar.min.css HTTP/1.1" 200 4685 "https://2blog.ilc.edu.tw/17160/tag/is/" "Mozilla/5.0 (Windows NT 10.0; Win64; x64) AppleWebKit/537.36 (KHTML, like Gecko) Chrome/144.0.0.0 Safari/537.36"
2408:8656:82f0:f300::14 - - [22/Aug/2026:07:43:43 +0800] "GET /17160/wp-includes/css/dist/block-library/style.min.css HTTP/1.1" 200 16119 "https://2blog.ilc.edu.tw/17160/tag/is/" "Mozilla/5.0 (Windows NT 10.0; Win64; x64) AppleWebKit/537.36 (KHTML, like Gecko) Chrome/144.0.0.0 Safari/537.36"
2408:8656:82f0:f300::14 - - [22/Aug/2026:07:43:43 +0800] "GET /17160/wp-content/plugins/google-drive-embedder/css/gdm-blocks.css HTTP/1.1" 200 5954 "https://2blog.ilc.edu.tw/17160/tag/is/" "Mozilla/5.0 (Windows NT 10.0; Win64; x64) AppleWebKit/537.36 (KHTML, like Gecko) Chrome/144.0.0.0 Safari/537.36"
2408:8656:82f0:f300::14 - - [22/Aug/2026:07:43:43 +0800] "GET /17160/wp-content/themes/oceanwp/assets/css/style.min.css HTTP/1.1" 200 32994 "https://2blog.ilc.edu.tw/17160/tag/is/" "Mozilla/5.0 (Windows NT 10.0; Win64; x64) AppleWebKit/537.36 (KHTML, like Gecko) Chrome/144.0.0.0 Safari/537.36"
2408:8656:82f0:f300::14 - - [22/Aug/2026:07:43:43 +0800] "GET /17160/wp-content/themes/oceanwp/assets/fonts/fontawesome/css/all.min.css HTTP/1.1" 200 28179 "https://2blog.ilc.edu.tw/17160/tag/is/" "Mozilla/5.0 (Windows NT 10.0; Win64; x64) AppleWebKit/537.36 (KHTML, like Gecko) Chrome/144.0.0.0 Safari/537.36"
2408:8656:82f0:f300::14 - - [22/Aug/2026:07:43:43 +0800] "GET /17160/wp-content/themes/oceanwp-child-theme-master2/style.css HTTP/1.1" 200 1715 "https://2blog.ilc.edu.tw/17160/tag/is/" "Mozilla/5.0 (Windows NT 10.0; Win64; x64) AppleWebKit/537.36 (KHTML, like Gecko) Chrome/144.0.0.0 Safari/537.36"
216.73.216.20 - - [22/Aug/2026:07:43:43 +0800] "GET /sun520/wp-content/uploads/sites/3900/2026/04/IMG_1933-300x200.jpg HTTP/1.1" 200 17987 "-" "Mozilla/5.0 AppleWebKit/537.36 (KHTML, like Gecko; compatible; ClaudeBot/1.0; +claudebot@anthropic.com)"
2001:288:a201::66:125 - - [22/Aug/2026:07:43:43 +0800] "GET /blog/active.php HTTP/1.1" 301 1026 "-" "-"
2001:288:a201::66:125 - - [22/Aug/2026:07:43:43 +0800] "GET /blog/active.php HTTP/1.1" 404 1084 "-" "-"
216.73.216.20 - - [22/Aug/2026:07:43:43 +0800] "GET /sun520/wp-content/uploads/sites/3900/2026/03/IMG_9004-300x200.jpg HTTP/1.1" 200 14937 "-" "Mozilla/5.0 AppleWebKit/537.36 (KHTML, like Gecko; compatible; ClaudeBot/1.0; +claudebot@anthropic.com)"
140.111.67.10 - - [22/Aug/2026:07:43:43 +0800] "GET /" 301 273 "-" "-"
216.73.216.20 - - [22/Aug/2026:07:43:43 +0800] "GET /sun520/wp-content/uploads/sites/3900/2026/03/IMG_8817-300x200.jpg HTTP/1.1" 200 13794 "-" "Mozilla/5.0 AppleWebKit/537.36 (KHTML, like Gecko; compatible; ClaudeBot/1.0; +claudebot@anthropic.com)"
2408:8656:82f0:f300::14 - - [22/Aug/2026:07:43:43 +0800] "GET /17160/wp-content/themes/oceanwp/assets/css/third/simple-line-icons.min.css HTTP/1.1" 200 3321 "https://2blog.ilc.edu.tw/17160/tag/is/" "Mozilla/5.0 (Windows NT 10.0; Win64; x64) AppleWebKit/537.36 (KHTML, like Gecko) Chrome/144.0.0.0 Safari/537.36"
216.73.216.20 - - [22/Aug/2026:07:43:43 +0800] "GET /sun520/wp-content/uploads/sites/3900/2026/03/IMG_9469-300x200.jpg HTTP/1.1" 200 14805 "-" "Mozilla/5.0 AppleWebKit/537.36 (KHTML, like Gecko; compatible; ClaudeBot/1.0; +claudebot@anthropic.com)"
2408:8656:82f0:f300::14 - - [22/Aug/2026:07:43:43 +0800] "GET /17160/wp-includes/js/jquery/jquery.min.js HTTP/1.1" 200 31359 "https://2blog.ilc.edu.tw/17160/tag/is/" "Mozilla/5.0 (Windows NT 10.0; Win64; x64) AppleWebKit/537.36 (KHTML, like Gecko) Chrome/144.0.0.0 Safari/537.36"
2408:8656:82f0:f300::14 - - [22/Aug/2026:07:43:43 +0800] "GET /17160/wp-includes/js/jquery/jquery-migrate.min.js HTTP/1.1" 200 5752 "https://2blog.ilc.edu.tw/17160/tag/is/" "Mozilla/5.0 (Windows NT 10.0; Win64; x64) AppleWebKit/537.36 (KHTML, like Gecko) Chrome/144.0.0.0 Safari/537.36"
54.187.34.52 - - [22/Aug/2026:07:43:43 +0800] "POST /api/v1/auto_login HTTP/1.1" 404 41734 "-" "Mozilla/5.0 (Windows NT 10.0; Win64; x64) AppleWebKit/537.36 (KHTML, like Gecko) Chrome/131.0.0.0 Safari/537.36"
216.73.216.20 - - [22/Aug/2026:07:43:43 +0800] "GET /sun520/wp-content/uploads/sites/3900/2026/03/IMG_9454-300x200.jpg HTTP/1.1" 200 13732 "-" "Mozilla/5.0 AppleWebKit/537.36 (KHTML, like Gecko; compatible; ClaudeBot/1.0; +claudebot@anthropic.com)"
216.73.216.20 - - [22/Aug/2026:07:43:43 +0800] "GET /sun520/wp-content/uploads/sites/3900/2026/04/IMG_2114-300x200.jpg HTTP/1.1" 200 14299 "-" "Mozilla/5.0 AppleWebKit/537.36 (KHTML, like Gecko; compatible; ClaudeBot/1.0; +claudebot@anthropic.com)"
34.199.252.22 - - [22/Aug/2026:07:43:43 +0800] "GET /wp-content/uploads/sites/156/2023/04/?C=D;O%3DD HTTP/1.1" 200 1112 "-" "Mozilla/5.0 AppleWebKit/537.36 (KHTML, like Gecko; compatible; Amazonbot/0.1; +https://developer.amazon.com/support/amazonbot) Chrome/119.0.6045.214 Safari/537.36"
2408:8656:82f0:f300::14 - - [22/Aug/2026:07:43:43 +0800] "GET /17160/wp-includes/js/hoverintent-js.min.js HTTP/1.1" 200 1597 "https://2blog.ilc.edu.tw/17160/tag/is/" "Mozilla/5.0 (Windows NT 10.0; Win64; x64) AppleWebKit/537.36 (KHTML, like Gecko) Chrome/144.0.0.0 Safari/537.36"
216.73.216.20 - - [22/Aug/2026:07:43:43 +0800] "GET /sun520/wp-content/uploads/sites/3900/2026/03/IMG_9284-300x200.jpg HTTP/1.1" 200 17606 "-" "Mozilla/5.0 AppleWebKit/537.36 (KHTML, like Gecko; compatible; ClaudeBot/1.0; +claudebot@anthropic.com)"
2408:8656:82f0:f300::14 - - [22/Aug/2026:07:43:43 +0800] "GET /17160/wp-includes/js/admin-bar.min.js HTTP/1.1" 200 2237 "https://2blog.ilc.edu.tw/17160/tag/is/" "Mozilla/5.0 (Windows NT 10.0; Win64; x64) AppleWebKit/537.36 (KHTML, like Gecko) Chrome/144.0.0.0 Safari/537.36"
216.73.216.20 - - [22/Aug/2026:07:43:43 +0800] "GET /sun520/wp-content/uploads/sites/3900/2026/04/IMG_2092-300x200.jpg HTTP/1.1" 200 15107 "-" "Mozilla/5.0 AppleWebKit/537.36 (KHTML, like Gecko; compatible; ClaudeBot/1.0; +claudebot@anthropic.com)"
216.73.216.20 - - [22/Aug/2026:07:43:43 +0800] "GET /sun520/wp-content/uploads/sites/3900/2026/03/IMG_9450-300x200.jpg HTTP/1.1" 200 15755 "-" "Mozilla/5.0 AppleWebKit/537.36 (KHTML, like Gecko; compatible; ClaudeBot/1.0; +claudebot@anthropic.com)"
216.73.216.20 - - [22/Aug/2026:07:43:43 +0800] "GET /sun520/wp-content/uploads/sites/3900/2026/04/IMG_1507-300x200.jpg HTTP/1.1" 200 17749 "-" "Mozilla/5.0 AppleWebKit/537.36 (KHTML, like Gecko; compatible; ClaudeBot/1.0; +claudebot@anthropic.com)"
2408:8656:82f0:f300::14 - - [22/Aug/2026:07:43:44 +0800] "GET /17160/wp-includes/js/imagesloaded.min.js HTTP/1.1" 200 2683 "https://2blog.ilc.edu.tw/17160/tag/is/" "Mozilla/5.0 (Windows NT 10.0; Win64; x64) AppleWebKit/537.36 (KHTML, like Gecko) Chrome/144.0.0.0 Safari/537.36"
2408:8656:82f0:f300::14 - - [22/Aug/2026:07:43:44 +0800] "GET /17160/wp-content/themes/oceanwp/assets/js/theme.min.js HTTP/1.1" 200 5130 "https://2blog.ilc.edu.tw/17160/tag/is/" "Mozilla/5.0 (Windows NT 10.0; Win64; x64) AppleWebKit/537.36 (KHTML, like Gecko) Chrome/144.0.0.0 Safari/537.36"
216.73.216.20 - - [22/Aug/2026:07:43:44 +0800] "GET /sun520/wp-content/uploads/sites/3900/2026/04/IMG_2432-300x200.jpg HTTP/1.1" 200 18577 "-" "Mozilla/5.0 AppleWebKit/537.36 (KHTML, like Gecko; compatible; ClaudeBot/1.0; +claudebot@anthropic.com)"
2408:8656:82f0:f300::14 - - [22/Aug/2026:07:43:44 +0800] "GET /17160/wp-content/themes/oceanwp/assets/js/drop-down-mobile-menu.min.js HTTP/1.1" 200 4663 "https://2blog.ilc.edu.tw/17160/tag/is/" "Mozilla/5.0 (Windows NT 10.0; Win64; x64) AppleWebKit/537.36 (KHTML, like Gecko) Chrome/144.0.0.0 Safari/537.36"
2408:8656:82f0:f300::14 - - [22/Aug/2026:07:43:44 +0800] "GET /17160/wp-content/themes/oceanwp/assets/js/ow-lightbox.min.js HTTP/1.1" 200 2321 "https://2blog.ilc.edu.tw/17160/tag/is/" "Mozilla/5.0 (Windows NT 10.0; Win64; x64) AppleWebKit/537.36 (KHTML, like Gecko) Chrome/144.0.0.0 Safari/537.36"
2408:8656:82f0:f300::14 - - [22/Aug/2026:07:43:44 +0800] "GET /17160/wp-content/themes/oceanwp/assets/js/vendors/magnific-popup.min.js HTTP/1.1" 200 8270 "https://2blog.ilc.edu.tw/17160/tag/is/" "Mozilla/5.0 (Windows NT 10.0; Win64; x64) AppleWebKit/537.36 (KHTML, like Gecko) Chrome/144.0.0.0 Safari/537.36"
2408:8656:82f0:f300::14 - - [22/Aug/2026:07:43:44 +0800] "GET /17160/wp-content/themes/oceanwp/assets/js/drop-down-search.min.js HTTP/1.1" 200 2968 "https://2blog.ilc.edu.tw/17160/tag/is/" "Mozilla/5.0 (Windows NT 10.0; Win64; x64) AppleWebKit/537.36 (KHTML, like Gecko) Chrome/144.0.0.0 Safari/537.36"
216.73.216.20 - - [22/Aug/2026:07:43:44 +0800] "GET /sun520/wp-content/uploads/sites/3900/2026/03/IMG_9427-300x200.jpg HTTP/1.1" 200 15526 "-" "Mozilla/5.0 AppleWebKit/537.36 (KHTML, like Gecko; compatible; ClaudeBot/1.0; +claudebot@anthropic.com)"
216.73.216.20 - - [22/Aug/2026:07:43:44 +0800] "GET /sun520/wp-content/uploads/sites/3900/2026/04/IMG_2404-300x200.jpg HTTP/1.1" 200 18971 "-" "Mozilla/5.0 AppleWebKit/537.36 (KHTML, like Gecko; compatible; ClaudeBot/1.0; +claudebot@anthropic.com)"
2407:4b00:4c04:845b:8b9e:836b:2a4f:e5f5 - - [22/Aug/2026:07:43:44 +0800] "-" 408 4801 "-" "-"
216.73.216.20 - - [22/Aug/2026:07:43:44 +0800] "GET /sun520/wp-content/uploads/sites/3900/2026/04/IMG_1969-300x200.jpg HTTP/1.1" 200 16973 "-" "Mozilla/5.0 AppleWebKit/537.36 (KHTML, like Gecko; compatible; ClaudeBot/1.0; +claudebot@anthropic.com)"
2408:8656:82f0:f300::14 - - [22/Aug/2026:07:43:44 +0800] "GET /17160/wp-content/themes/oceanwp/assets/fonts/simple-line-icons/Simple-Line-Icons.woff2?v=2.4.0 HTTP/1.1" 200 30959 "https://2blog.ilc.edu.tw/17160/wp-content/themes/oceanwp/assets/css/third/simple-line-icons.min.css" "Mozilla/5.0 (Windows NT 10.0; Win64; x64) AppleWebKit/537.36 (KHTML, like Gecko) Chrome/144.0.0.0 Safari/537.36"
100.55.60.118 - - [22/Aug/2026:07:43:42 +0800] "GET /exapi/.env HTTP/1.1" 404 50089 "-" "Mozilla/5.0 (Windows NT 10.0; Win64; x64) AppleWebKit/537.36 (KHTML, like Gecko) Chrome/131.0.0.0 Safari/537.36"
2408:8656:82f0:f300::14 - - [22/Aug/2026:07:43:44 +0800] "GET /17160/wp-content/themes/oceanwp/assets/js/ow-slider.min.js HTTP/1.1" 200 1761 "https://2blog.ilc.edu.tw/17160/tag/is/" "Mozilla/5.0 (Windows NT 10.0; Win64; x64) AppleWebKit/537.36 (KHTML, like Gecko) Chrome/144.0.0.0 Safari/537.36"
2408:8656:82f0:f300::14 - - [22/Aug/2026:07:43:44 +0800] "GET /17160/wp-content/themes/oceanwp/assets/js/vendors/flickity.pkgd.min.js HTTP/1.1" 200 15048 "https://2blog.ilc.edu.tw/17160/tag/is/" "Mozilla/5.0 (Windows NT 10.0; Win64; x64) AppleWebKit/537.36 (KHTML, like Gecko) Chrome/144.0.0.0 Safari/537.36"
216.73.216.20 - - [22/Aug/2026:07:43:44 +0800] "GET /sun520/wp-content/uploads/sites/3900/2026/04/IMG_1504-300x200.jpg HTTP/1.1" 200 17477 "-" "Mozilla/5.0 AppleWebKit/537.36 (KHTML, like Gecko; compatible; ClaudeBot/1.0; +claudebot@anthropic.com)"
2408:8656:82f0:f300::14 - - [22/Aug/2026:07:43:44 +0800] "GET /17160/wp-content/themes/oceanwp/assets/js/scroll-top.min.js HTTP/1.1" 200 3202 "https://2blog.ilc.edu.tw/17160/tag/is/" "Mozilla/5.0 (Windows NT 10.0; Win64; x64) AppleWebKit/537.36 (KHTML, like Gecko) Chrome/144.0.0.0 Safari/537.36"
2408:8656:82f0:f300::14 - - [22/Aug/2026:07:43:44 +0800] "GET /17160/wp-content/themes/oceanwp/assets/js/scroll-effect.min.js HTTP/1.1" 200 4127 "https://2blog.ilc.edu.tw/17160/tag/is/" "Mozilla/5.0 (Windows NT 10.0; Win64; x64) AppleWebKit/537.36 (KHTML, like Gecko) Chrome/144.0.0.0 Safari/537.36"
216.73.216.20 - - [22/Aug/2026:07:43:44 +0800] "GET /sun520/wp-content/uploads/sites/3900/2026/03/IMG_9474-300x200.jpg HTTP/1.1" 200 15330 "-" "Mozilla/5.0 AppleWebKit/537.36 (KHTML, like Gecko; compatible; ClaudeBot/1.0; +claudebot@anthropic.com)"
2408:8656:82f0:f300::14 - - [22/Aug/2026:07:43:44 +0800] "GET /17160/wp-content/themes/oceanwp/assets/fonts/fontawesome/webfonts/fa-solid-900.woff2 HTTP/1.1" 200 151246 "https://2blog.ilc.edu.tw/17160/wp-content/themes/oceanwp/assets/fonts/fontawesome/css/all.min.css" "Mozilla/5.0 (Windows NT 10.0; Win64; x64) AppleWebKit/537.36 (KHTML, like Gecko) Chrome/144.0.0.0 Safari/537.36"
216.73.216.20 - - [22/Aug/2026:07:43:44 +0800] "GET /sun520/wp-content/uploads/sites/3900/2026/03/IMG_9579-300x200.jpg HTTP/1.1" 200 17764 "-" "Mozilla/5.0 AppleWebKit/537.36 (KHTML, like Gecko; compatible; ClaudeBot/1.0; +claudebot@anthropic.com)"
216.73.216.20 - - [22/Aug/2026:07:43:44 +0800] "GET /sun520/wp-content/uploads/sites/3900/2026/03/IMG_8793-300x200.jpg HTTP/1.1" 200 19679 "-" "Mozilla/5.0 AppleWebKit/537.36 (KHTML, like Gecko; compatible; ClaudeBot/1.0; +claudebot@anthropic.com)"
2408:8656:82f0:f300::14 - - [22/Aug/2026:07:43:44 +0800] "GET /17160/wp-content/themes/oceanwp/assets/js/select.min.js HTTP/1.1" 200 2408 "https://2blog.ilc.edu.tw/17160/tag/is/" "Mozilla/5.0 (Windows NT 10.0; Win64; x64) AppleWebKit/537.36 (KHTML, like Gecko) Chrome/144.0.0.0 Safari/537.36"
216.73.216.20 - - [22/Aug/2026:07:43:44 +0800] "GET /sun520/wp-content/uploads/sites/3900/2026/03/IMG_9343-300x200.jpg HTTP/1.1" 200 13751 "-" "Mozilla/5.0 AppleWebKit/537.36 (KHTML, like Gecko; compatible; ClaudeBot/1.0; +claudebot@anthropic.com)"
2407:4b00:4c04:845b:8b9e:836b:2a4f:e5f5 - - [22/Aug/2026:07:43:44 +0800] "-" 408 4794 "-" "-"
216.73.216.20 - - [22/Aug/2026:07:43:44 +0800] "GET /sun520/wp-content/uploads/sites/3900/2026/03/IMG_9315-300x200.jpg HTTP/1.1" 200 14724 "-" "Mozilla/5.0 AppleWebKit/537.36 (KHTML, like Gecko; compatible; ClaudeBot/1.0; +claudebot@anthropic.com)"
216.73.216.20 - - [22/Aug/2026:07:43:44 +0800] "GET /sun520/wp-content/uploads/sites/3900/2026/03/IMG_9485-300x200.jpg HTTP/1.1" 200 16701 "-" "Mozilla/5.0 AppleWebKit/537.36 (KHTML, like Gecko; compatible; ClaudeBot/1.0; +claudebot@anthropic.com)"
216.73.216.20 - - [22/Aug/2026:07:43:45 +0800] "GET /sun520/wp-content/uploads/sites/3900/2026/03/IMG_8890-300x200.jpg HTTP/1.1" 200 18575 "-" "Mozilla/5.0 AppleWebKit/537.36 (KHTML, like Gecko; compatible; ClaudeBot/1.0; +claudebot@anthropic.com)"
216.73.216.20 - - [22/Aug/2026:07:43:45 +0800] "GET /sun520/wp-content/uploads/sites/3900/2026/03/IMG_9411-300x200.jpg HTTP/1.1" 200 16262 "-" "Mozilla/5.0 AppleWebKit/537.36 (KHTML, like Gecko; compatible; ClaudeBot/1.0; +claudebot@anthropic.com)"
2408:8656:82f0:f300::14 - - [22/Aug/2026:07:43:45 +0800] "GET /17160/wp-content/uploads/sites/1249/2019/11/cropped-logo1-32x32.png HTTP/1.1" 200 3652 "https://2blog.ilc.edu.tw/17160/tag/is/" "Mozilla/5.0 (Windows NT 10.0; Win64; x64) AppleWebKit/537.36 (KHTML, like Gecko) Chrome/144.0.0.0 Safari/537.36"
216.73.216.20 - - [22/Aug/2026:07:43:45 +0800] "GET /sun520/wp-content/uploads/sites/3900/2026/03/IMG_9828-300x200.jpg HTTP/1.1" 200 13061 "-" "Mozilla/5.0 AppleWebKit/537.36 (KHTML, like Gecko; compatible; ClaudeBot/1.0; +claudebot@anthropic.com)"
216.73.216.20 - - [22/Aug/2026:07:43:45 +0800] "GET /sun520/wp-content/uploads/sites/3900/2026/03/IMG_9248-300x200.jpg HTTP/1.1" 200 20587 "-" "Mozilla/5.0 AppleWebKit/537.36 (KHTML, like Gecko; compatible; ClaudeBot/1.0; +claudebot@anthropic.com)"
216.73.216.20 - - [22/Aug/2026:07:43:45 +0800] "GET /sun520/wp-content/uploads/sites/3900/2026/03/IMG_8823-300x200.jpg HTTP/1.1" 200 13813 "-" "Mozilla/5.0 AppleWebKit/537.36 (KHTML, like Gecko; compatible; ClaudeBot/1.0; +claudebot@anthropic.com)"
216.73.216.20 - - [22/Aug/2026:07:43:45 +0800] "GET /sun520/wp-content/uploads/sites/3900/2026/04/IMG_2168-300x200.jpg HTTP/1.1" 200 18537 "-" "Mozilla/5.0 AppleWebKit/537.36 (KHTML, like Gecko; compatible; ClaudeBot/1.0; +claudebot@anthropic.com)"
216.73.216.20 - - [22/Aug/2026:07:43:45 +0800] "GET /sun520/wp-content/uploads/sites/3900/2026/03/IMG_9673-300x200.jpg HTTP/1.1" 200 18525 "-" "Mozilla/5.0 AppleWebKit/537.36 (KHTML, like Gecko; compatible; ClaudeBot/1.0; +claudebot@anthropic.com)"
216.73.216.20 - - [22/Aug/2026:07:43:45 +0800] "GET /sun520/wp-content/uploads/sites/3900/2026/03/IMG_9425-300x200.jpg HTTP/1.1" 200 14927 "-" "Mozilla/5.0 AppleWebKit/537.36 (KHTML, like Gecko; compatible; ClaudeBot/1.0; +claudebot@anthropic.com)"
216.73.216.20 - - [22/Aug/2026:07:43:45 +0800] "GET /sun520/wp-content/uploads/sites/3900/2026/03/IMG_9046-300x200.jpg HTTP/1.1" 200 12801 "-" "Mozilla/5.0 AppleWebKit/537.36 (KHTML, like Gecko; compatible; ClaudeBot/1.0; +claudebot@anthropic.com)"
216.73.216.20 - - [22/Aug/2026:07:43:45 +0800] "GET /sun520/wp-content/uploads/sites/3900/2026/03/IMG_8819-300x200.jpg HTTP/1.1" 200 16279 "-" "Mozilla/5.0 AppleWebKit/537.36 (KHTML, like Gecko; compatible; ClaudeBot/1.0; +claudebot@anthropic.com)"
216.73.216.20 - - [22/Aug/2026:07:43:46 +0800] "GET /sun520/wp-content/uploads/sites/3900/2026/03/IMG_9055-300x200.jpg HTTP/1.1" 200 15229 "-" "Mozilla/5.0 AppleWebKit/537.36 (KHTML, like Gecko; compatible; ClaudeBot/1.0; +claudebot@anthropic.com)"
216.73.216.20 - - [22/Aug/2026:07:43:46 +0800] "GET /sun520/wp-content/uploads/sites/3900/2026/03/IMG_9696-300x200.jpg HTTP/1.1" 200 15952 "-" "Mozilla/5.0 AppleWebKit/537.36 (KHTML, like Gecko; compatible; ClaudeBot/1.0; +claudebot@anthropic.com)"
216.73.216.20 - - [22/Aug/2026:07:43:46 +0800] "GET /sun520/wp-content/uploads/sites/3900/2026/04/IMG_2080-300x200.jpg HTTP/1.1" 200 14106 "-" "Mozilla/5.0 AppleWebKit/537.36 (KHTML, like Gecko; compatible; ClaudeBot/1.0; +claudebot@anthropic.com)"
216.73.216.20 - - [22/Aug/2026:07:43:46 +0800] "GET /sun520/wp-content/uploads/sites/3900/2026/03/IMG_9116-300x200.jpg HTTP/1.1" 200 14715 "-" "Mozilla/5.0 AppleWebKit/537.36 (KHTML, like Gecko; compatible; ClaudeBot/1.0; +claudebot@anthropic.com)"
216.73.216.20 - - [22/Aug/2026:07:43:46 +0800] "GET /sun520/wp-content/uploads/sites/3900/2026/03/IMG_9417-300x200.jpg HTTP/1.1" 200 14998 "-" "Mozilla/5.0 AppleWebKit/537.36 (KHTML, like Gecko; compatible; ClaudeBot/1.0; +claudebot@anthropic.com)"
216.73.216.20 - - [22/Aug/2026:07:43:46 +0800] "GET /sun520/wp-content/uploads/sites/3900/2026/04/IMG_2133-300x200.jpg HTTP/1.1" 200 19568 "-" "Mozilla/5.0 AppleWebKit/537.36 (KHTML, like Gecko; compatible; ClaudeBot/1.0; +claudebot@anthropic.com)"
34.30.223.149 - - [22/Aug/2026:07:43:46 +0800] "GET /2010/03/16/%E8%90%AC%E5%AF%8C%E5%9C%8B%E5%B0%8F%E8%A1%8C%E6%94%BF%E5%B7%A5%E4%BD%9Csop-2/ HTTP/1.1" 200 25231 "-" "Mozilla/5.0 (Macintosh; Intel Mac OS X 10_15_7) AppleWebKit/537.36 (KHTML, like Gecko) Chrome/120.0.0.0 Safari/537.36"
216.73.216.20 - - [22/Aug/2026:07:43:46 +0800] "GET /sun520/wp-content/uploads/sites/3900/2026/03/IMG_8821-300x200.jpg HTTP/1.1" 200 13324 "-" "Mozilla/5.0 AppleWebKit/537.36 (KHTML, like Gecko; compatible; ClaudeBot/1.0; +claudebot@anthropic.com)"
216.74.67.25 - - [22/Aug/2026:07:43:46 +0800] "GET /wp-content/uploads/sites/1306/2011/03/5156-1632222-300x227.jpg HTTP/1.1" 200 52307 "http://www.wfes.ilc.edu.tw/2011/03/02/%E8%90%AC%E5%AF%8C%E5%9C%8B%E5%B0%8F%E5%AD%B8%E6%A0%A1%E9%A1%98%E6%99%AF-2/" "Mozilla/5.0 (Macintosh; Intel Mac OS X 10_15_7) AppleWebKit/537.36 (KHTML, like Gecko) Chrome/131.0.0.0 Safari/537.36"
216.73.216.20 - - [22/Aug/2026:07:43:46 +0800] "GET /sun520/wp-content/uploads/sites/3900/2026/03/IMG_9492-300x200.jpg HTTP/1.1" 200 17259 "-" "Mozilla/5.0 AppleWebKit/537.36 (KHTML, like Gecko; compatible; ClaudeBot/1.0; +claudebot@anthropic.com)"
2a03:2880:f802:5:: - - [22/Aug/2026:07:43:45 +0800] "GET /wp-login.php?key=hpue3375&_wpnonce=&action=ilc_logout&redirect_to=https%3A%2F%2Fwww.aayyy.com HTTP/1.1" 302 8250 "-" "Mozilla/5.0 (Windows NT 10.0; Win64; x64) AppleWebKit/537.36 (KHTML, like Gecko) Chrome/145.0.0.0 Safari/537.36 Edg/145.0.0.0 (compatible; meta-externalagent/1.1 (+https://developers.facebook.com/docs/sharing/webmasters/crawler))"
100.55.60.118 - - [22/Aug/2026:07:43:45 +0800] "GET /sitemaps/.env HTTP/1.1" 404 50079 "-" "Mozilla/5.0 (Windows NT 10.0; Win64; x64) AppleWebKit/537.36 (KHTML, like Gecko) Chrome/131.0.0.0 Safari/537.36"
216.73.216.20 - - [22/Aug/2026:07:43:46 +0800] "GET /sun520/wp-content/uploads/sites/3900/2026/04/IMG_1904-300x200.jpg HTTP/1.1" 200 16481 "-" "Mozilla/5.0 AppleWebKit/537.36 (KHTML, like Gecko; compatible; ClaudeBot/1.0; +claudebot@anthropic.com)"
216.73.216.20 - - [22/Aug/2026:07:43:46 +0800] "GET /sun520/wp-content/uploads/sites/3900/2026/03/IMG_8991-300x200.jpg HTTP/1.1" 200 14795 "-" "Mozilla/5.0 AppleWebKit/537.36 (KHTML, like Gecko; compatible; ClaudeBot/1.0; +claudebot@anthropic.com)"
216.73.216.20 - - [22/Aug/2026:07:43:47 +0800] "GET /sun520/wp-content/uploads/sites/3900/2026/03/IMG_9431-300x200.jpg HTTP/1.1" 200 14415 "-" "Mozilla/5.0 AppleWebKit/537.36 (KHTML, like Gecko; compatible; ClaudeBot/1.0; +claudebot@anthropic.com)"
216.73.216.20 - - [22/Aug/2026:07:43:47 +0800] "GET /sun520/wp-content/uploads/sites/3900/2026/03/IMG_8824-300x200.jpg HTTP/1.1" 200 13554 "-" "Mozilla/5.0 AppleWebKit/537.36 (KHTML, like Gecko; compatible; ClaudeBot/1.0; +claudebot@anthropic.com)"
216.73.216.20 - - [22/Aug/2026:07:43:47 +0800] "GET /sun520/wp-content/uploads/sites/3900/2026/04/IMG_2142-300x200.jpg HTTP/1.1" 200 16715 "-" "Mozilla/5.0 AppleWebKit/537.36 (KHTML, like Gecko; compatible; ClaudeBot/1.0; +claudebot@anthropic.com)"
216.73.216.20 - - [22/Aug/2026:07:43:47 +0800] "GET /sun520/wp-content/uploads/sites/3900/2026/03/IMG_9412-300x200.jpg HTTP/1.1" 200 15444 "-" "Mozilla/5.0 AppleWebKit/537.36 (KHTML, like Gecko; compatible; ClaudeBot/1.0; +claudebot@anthropic.com)"
216.73.216.20 - - [22/Aug/2026:07:43:47 +0800] "GET /sun520/wp-content/uploads/sites/3900/2026/04/IMG_1500-300x200.jpg HTTP/1.1" 200 17183 "-" "Mozilla/5.0 AppleWebKit/537.36 (KHTML, like Gecko; compatible; ClaudeBot/1.0; +claudebot@anthropic.com)"
2001:288:a201::66:125 - - [22/Aug/2026:07:43:48 +0800] "GET /blog/active.php HTTP/1.1" 301 1026 "-" "-"
2001:288:a201::66:125 - - [22/Aug/2026:07:43:48 +0800] "GET /blog/active.php HTTP/1.1" 404 1084 "-" "-"
140.111.67.10 - - [22/Aug/2026:07:43:48 +0800] "GET /" 301 273 "-" "-"
198.46.167.7 - - [22/Aug/2026:07:43:48 +0800] "GET /englishvillage/wp-content/uploads/sites/3106/2024/06/S__122552359_0-768x576.jpg HTTP/1.1" 200 113694 "https://2blog.ilc.edu.tw/englishvillage/2024/06/07/20240607%E3%80%90%E5%8D%97%E5%B1%8F%E2%96%AA%E5%8A%9B%E8%A1%8C%E2%96%AA%E8%93%AC%E8%90%8A-%E3%80%91%E9%80%B2%E6%9D%91%E4%BA%86%EF%BC%81/" "Mozilla/5.0 (Macintosh; Intel Mac OS X 10_15_7) AppleWebKit/537.36 (KHTML, like Gecko) Chrome/131.0.0.0 Safari/537.36"
100.55.60.118 - - [22/Aug/2026:07:43:47 +0800] "GET /.env.backup1 HTTP/1.1" 404 50089 "-" "Mozilla/5.0 (Windows NT 10.0; Win64; x64) AppleWebKit/537.36 (KHTML, like Gecko) Chrome/131.0.0.0 Safari/537.36"
34.10.212.52 - - [22/Aug/2026:07:43:49 +0800] "GET / HTTP/1.1" 200 28212 "-" "Mozilla/5.0 (Windows NT 10.0; Win64; x64) AppleWebKit/537.36 (KHTML, like Gecko) Chrome/120.0.0.0 Safari/537.36"
64.204.116.122 - - [22/Aug/2026:07:43:47 +0800] "GET /wp-content/uploads/sites/2368/5795/5795-2233999.jpg HTTP/1.1" 200 19337 "https://ee.ilc.edu.tw/2013/05/20/102%E5%B9%B4%E6%9D%B1%E5%8D%80%E4%B8%89%E7%B8%A3%E7%AC%AC%E4%BA%8C%E6%AC%A1%E4%BA%A4%E6%B5%81%E6%9C%83%E8%AD%B0%E6%9A%A8%E5%A2%9E%E8%83%BD%E8%AA%B2%E7%A8%8B/" "Mozilla/5.0 (Macintosh; Intel Mac OS X 10_15_7) AppleWebKit/537.36 (KHTML, like Gecko) Chrome/131.0.0.0 Safari/537.36"
::1 - - [22/Aug/2026:07:43:49 +0800] "OPTIONS * HTTP/1.0" 200 110 "-" "Apache/2.4.68 (Ubuntu) OpenSSL/3.0.19 (internal dummy connection)"
45.89.208.189 - - [22/Aug/2026:07:43:50 +0800] "GET /260601/wp-content/uploads/sites/1600/2021/12/cropped-%E7%B6%B2%E7%AB%99%E8%AD%98%E5%88%A5-192x192.png HTTP/1.1" 200 23963 "https://2blog.ilc.edu.tw/260601/" "Mozilla/5.0 (Macintosh; Intel Mac OS X 10_15_7) AppleWebKit/537.36 (KHTML, like Gecko) Chrome/131.0.0.0 Safari/537.36"
17.22.245.100 - - [22/Aug/2026:07:43:50 +0800] "GET /2446/2017/11/19/106%e5%ad%b8%e5%b9%b4%e7%a4%be%e6%9c%83%e9%a0%98%e5%9f%9f%e7%ac%ac2%e6%ac%a1%e5%85%b1%e5%82%99%e6%9c%83%e8%ad%b0/ HTTP/1.1" 200 16750 "-" "Mozilla/5.0 (Macintosh; Intel Mac OS X 10_15_7) AppleWebKit/605.1.15 (KHTML, like Gecko) Version/17.4 Safari/605.1.15 (Applebot/0.1; +http://www.apple.com/go/applebot)"
::1 - - [22/Aug/2026:07:43:50 +0800] "OPTIONS * HTTP/1.0" 200 110 "-" "Apache/2.4.68 (Ubuntu) OpenSSL/3.0.19 (internal dummy connection)"
45.89.208.116 - - [22/Aug/2026:07:43:51 +0800] "GET /englishvillage/wp-content/uploads/sites/3106/2024/06/S__122552375_0-768x576.jpg HTTP/1.1" 200 77343 "https://2blog.ilc.edu.tw/englishvillage/2024/06/07/20240607%E3%80%90%E5%8D%97%E5%B1%8F%E2%96%AA%E5%8A%9B%E8%A1%8C%E2%96%AA%E8%93%AC%E8%90%8A-%E3%80%91%E9%80%B2%E6%9D%91%E4%BA%86%EF%BC%81/" "Mozilla/5.0 (Macintosh; Intel Mac OS X 10_15_7) AppleWebKit/537.36 (KHTML, like Gecko) Chrome/131.0.0.0 Safari/537.36"
100.55.60.118 - - [22/Aug/2026:07:43:49 +0800] "GET /.env.backup2 HTTP/1.1" 404 50074 "-" "Mozilla/5.0 (Windows NT 10.0; Win64; x64) AppleWebKit/537.36 (KHTML, like Gecko) Chrome/131.0.0.0 Safari/537.36"
2407:4b00:4c06:838e:f843:29a1:4f8b:19e2 - - [22/Aug/2026:07:43:51 +0800] "GET / HTTP/1.1" 200 24669 "-" "Mozilla/5.0 (Windows NT 10.0; Win64; x64) AppleWebKit/537.36 (KHTML, like Gecko) Chrome/151.0.0.0 Safari/537.36"
2407:4b00:4c06:838e:f843:29a1:4f8b:19e2 - - [22/Aug/2026:07:43:51 +0800] "GET /wp-content/cache/www.ncges.ilc.edu.tw/wpfc-minified/q5jyy7fr/6xfi.css HTTP/1.1" 200 40886 "https://www.ncges.ilc.edu.tw/" "Mozilla/5.0 (Windows NT 10.0; Win64; x64) AppleWebKit/537.36 (KHTML, like Gecko) Chrome/151.0.0.0 Safari/537.36"
2407:4b00:4c06:838e:f843:29a1:4f8b:19e2 - - [22/Aug/2026:07:43:51 +0800] "GET /wp-content/cache/www.ncges.ilc.edu.tw/wpfc-minified/jm9b22xc/6xfi.css HTTP/1.1" 200 15777 "https://www.ncges.ilc.edu.tw/" "Mozilla/5.0 (Windows NT 10.0; Win64; x64) AppleWebKit/537.36 (KHTML, like Gecko) Chrome/151.0.0.0 Safari/537.36"
2407:4b00:4c06:838e:f843:29a1:4f8b:19e2 - - [22/Aug/2026:07:43:51 +0800] "GET /wp-content/cache/www.ncges.ilc.edu.tw/wpfc-minified/r9nsq65/6xfi.css HTTP/1.1" 200 1496 "https://www.ncges.ilc.edu.tw/" "Mozilla/5.0 (Windows NT 10.0; Win64; x64) AppleWebKit/537.36 (KHTML, like Gecko) Chrome/151.0.0.0 Safari/537.36"
2407:4b00:4c06:838e:f843:29a1:4f8b:19e2 - - [22/Aug/2026:07:43:51 +0800] "GET /wp-content/cache/www.ncges.ilc.edu.tw/wpfc-minified/1zdx60hp/6xfi.css HTTP/1.1" 200 61645 "https://www.ncges.ilc.edu.tw/" "Mozilla/5.0 (Windows NT 10.0; Win64; x64) AppleWebKit/537.36 (KHTML, like Gecko) Chrome/151.0.0.0 Safari/537.36"
2407:4b00:4c06:838e:f843:29a1:4f8b:19e2 - - [22/Aug/2026:07:43:51 +0800] "GET /wp-content/cache/www.ncges.ilc.edu.tw/wpfc-minified/dtnn5vnv/6xfi.js HTTP/1.1" 200 40363 "https://www.ncges.ilc.edu.tw/" "Mozilla/5.0 (Windows NT 10.0; Win64; x64) AppleWebKit/537.36 (KHTML, like Gecko) Chrome/151.0.0.0 Safari/537.36"
2407:4b00:4c06:838e:f843:29a1:4f8b:19e2 - - [22/Aug/2026:07:43:51 +0800] "GET /wp-content/uploads/sites/1408/2021/05/8-e1621092173907.jpg HTTP/1.1" 200 16259 "https://www.ncges.ilc.edu.tw/" "Mozilla/5.0 (Windows NT 10.0; Win64; x64) AppleWebKit/537.36 (KHTML, like Gecko) Chrome/151.0.0.0 Safari/537.36"
2407:4b00:4c06:838e:f843:29a1:4f8b:19e2 - - [22/Aug/2026:07:43:51 +0800] "GET /wp-content/uploads/sites/1408/2021/05/1-e1621089428444.jpg HTTP/1.1" 200 11701 "https://www.ncges.ilc.edu.tw/" "Mozilla/5.0 (Windows NT 10.0; Win64; x64) AppleWebKit/537.36 (KHTML, like Gecko) Chrome/151.0.0.0 Safari/537.36"
2407:4b00:4c06:838e:f843:29a1:4f8b:19e2 - - [22/Aug/2026:07:43:51 +0800] "GET /wp-content/uploads/sites/1408/2023/05/1-3-1536x529.jpg HTTP/1.1" 200 129602 "https://www.ncges.ilc.edu.tw/" "Mozilla/5.0 (Windows NT 10.0; Win64; x64) AppleWebKit/537.36 (KHTML, like Gecko) Chrome/151.0.0.0 Safari/537.36"
2407:4b00:4c06:838e:f843:29a1:4f8b:19e2 - - [22/Aug/2026:07:43:52 +0800] "GET /wp-content/uploads/sites/1408/2021/05/3-e1621090248773.jpg HTTP/1.1" 200 11341 "https://www.ncges.ilc.edu.tw/" "Mozilla/5.0 (Windows NT 10.0; Win64; x64) AppleWebKit/537.36 (KHTML, like Gecko) Chrome/151.0.0.0 Safari/537.36"
2407:4b00:4c06:838e:f843:29a1:4f8b:19e2 - - [22/Aug/2026:07:43:52 +0800] "GET /wp-content/uploads/sites/1408/2021/05/4-e1621090406720.jpg HTTP/1.1" 200 10672 "https://www.ncges.ilc.edu.tw/" "Mozilla/5.0 (Windows NT 10.0; Win64; x64) AppleWebKit/537.36 (KHTML, like Gecko) Chrome/151.0.0.0 Safari/537.36"
2407:4b00:4c06:838e:f843:29a1:4f8b:19e2 - - [22/Aug/2026:07:43:52 +0800] "GET /wp-includes/js/admin-bar.min.js HTTP/1.1" 200 2237 "https://www.ncges.ilc.edu.tw/" "Mozilla/5.0 (Windows NT 10.0; Win64; x64) AppleWebKit/537.36 (KHTML, like Gecko) Chrome/151.0.0.0 Safari/537.36"
2407:4b00:4c06:838e:f843:29a1:4f8b:19e2 - - [22/Aug/2026:07:43:52 +0800] "GET /wp-includes/js/hoverintent-js.min.js HTTP/1.1" 200 1597 "https://www.ncges.ilc.edu.tw/" "Mozilla/5.0 (Windows NT 10.0; Win64; x64) AppleWebKit/537.36 (KHTML, like Gecko) Chrome/151.0.0.0 Safari/537.36"
2407:4b00:4c06:838e:f843:29a1:4f8b:19e2 - - [22/Aug/2026:07:43:52 +0800] "GET /wp-content/themes/oceanwp/assets/js/drop-down-search.min.js HTTP/1.1" 200 2968 "https://www.ncges.ilc.edu.tw/" "Mozilla/5.0 (Windows NT 10.0; Win64; x64) AppleWebKit/537.36 (KHTML, like Gecko) Chrome/151.0.0.0 Safari/537.36"
2407:4b00:4c06:838e:f843:29a1:4f8b:19e2 - - [22/Aug/2026:07:43:52 +0800] "GET /wp-content/themes/oceanwp/assets/js/ow-lightbox.min.js HTTP/1.1" 200 2321 "https://www.ncges.ilc.edu.tw/" "Mozilla/5.0 (Windows NT 10.0; Win64; x64) AppleWebKit/537.36 (KHTML, like Gecko) Chrome/151.0.0.0 Safari/537.36"
2407:4b00:4c06:838e:f843:29a1:4f8b:19e2 - - [22/Aug/2026:07:43:52 +0800] "GET /wp-content/themes/oceanwp/assets/js/drop-down-mobile-menu.min.js HTTP/1.1" 200 4663 "https://www.ncges.ilc.edu.tw/" "Mozilla/5.0 (Windows NT 10.0; Win64; x64) AppleWebKit/537.36 (KHTML, like Gecko) Chrome/151.0.0.0 Safari/537.36"
2407:4b00:4c06:838e:f843:29a1:4f8b:19e2 - - [22/Aug/2026:07:43:52 +0800] "GET /wp-content/themes/oceanwp/assets/js/vendors/magnific-popup.min.js HTTP/1.1" 200 8270 "https://www.ncges.ilc.edu.tw/" "Mozilla/5.0 (Windows NT 10.0; Win64; x64) AppleWebKit/537.36 (KHTML, like Gecko) Chrome/151.0.0.0 Safari/537.36"
2407:4b00:4c06:838e:f843:29a1:4f8b:19e2 - - [22/Aug/2026:07:43:52 +0800] "GET /wp-includes/js/imagesloaded.min.js HTTP/1.1" 200 2683 "https://www.ncges.ilc.edu.tw/" "Mozilla/5.0 (Windows NT 10.0; Win64; x64) AppleWebKit/537.36 (KHTML, like Gecko) Chrome/151.0.0.0 Safari/537.36"
2407:4b00:4c06:838e:f843:29a1:4f8b:19e2 - - [22/Aug/2026:07:43:52 +0800] "GET /wp-content/themes/oceanwp/assets/js/theme.min.js HTTP/1.1" 200 5130 "https://www.ncges.ilc.edu.tw/" "Mozilla/5.0 (Windows NT 10.0; Win64; x64) AppleWebKit/537.36 (KHTML, like Gecko) Chrome/151.0.0.0 Safari/537.36"
2407:4b00:4c06:838e:f843:29a1:4f8b:19e2 - - [22/Aug/2026:07:43:52 +0800] "GET /wp-content/themes/oceanwp/assets/js/vendors/flickity.pkgd.min.js HTTP/1.1" 200 15048 "https://www.ncges.ilc.edu.tw/" "Mozilla/5.0 (Windows NT 10.0; Win64; x64) AppleWebKit/537.36 (KHTML, like Gecko) Chrome/151.0.0.0 Safari/537.36"
2407:4b00:4c06:838e:f843:29a1:4f8b:19e2 - - [22/Aug/2026:07:43:52 +0800] "GET /wp-content/themes/oceanwp/assets/js/scroll-effect.min.js HTTP/1.1" 200 4127 "https://www.ncges.ilc.edu.tw/" "Mozilla/5.0 (Windows NT 10.0; Win64; x64) AppleWebKit/537.36 (KHTML, like Gecko) Chrome/151.0.0.0 Safari/537.36"
2407:4b00:4c06:838e:f843:29a1:4f8b:19e2 - - [22/Aug/2026:07:43:52 +0800] "GET /wp-content/plugins/ocean-extra/includes/widgets/js/flickr.min.js HTTP/1.1" 200 1319 "https://www.ncges.ilc.edu.tw/" "Mozilla/5.0 (Windows NT 10.0; Win64; x64) AppleWebKit/537.36 (KHTML, like Gecko) Chrome/151.0.0.0 Safari/537.36"
2407:4b00:4c06:838e:f843:29a1:4f8b:19e2 - - [22/Aug/2026:07:43:52 +0800] "GET /wp-content/themes/oceanwp/assets/js/scroll-top.min.js HTTP/1.1" 200 3202 "https://www.ncges.ilc.edu.tw/" "Mozilla/5.0 (Windows NT 10.0; Win64; x64) AppleWebKit/537.36 (KHTML, like Gecko) Chrome/151.0.0.0 Safari/537.36"
2407:4b00:4c06:838e:f843:29a1:4f8b:19e2 - - [22/Aug/2026:07:43:52 +0800] "GET /wp-content/themes/oceanwp/assets/js/ow-slider.min.js HTTP/1.1" 200 1761 "https://www.ncges.ilc.edu.tw/" "Mozilla/5.0 (Windows NT 10.0; Win64; x64) AppleWebKit/537.36 (KHTML, like Gecko) Chrome/151.0.0.0 Safari/537.36"
2407:4b00:4c06:838e:f843:29a1:4f8b:19e2 - - [22/Aug/2026:07:43:52 +0800] "GET /wp-content/themes/oceanwp/assets/js/select.min.js HTTP/1.1" 200 2408 "https://www.ncges.ilc.edu.tw/" "Mozilla/5.0 (Windows NT 10.0; Win64; x64) AppleWebKit/537.36 (KHTML, like Gecko) Chrome/151.0.0.0 Safari/537.36"
2407:4b00:4c06:838e:f843:29a1:4f8b:19e2 - - [22/Aug/2026:07:43:52 +0800] "GET /wp-content/uploads/sites/1408/2021/05/5-e1621090653714.jpg HTTP/1.1" 200 12327 "https://www.ncges.ilc.edu.tw/" "Mozilla/5.0 (Windows NT 10.0; Win64; x64) AppleWebKit/537.36 (KHTML, like Gecko) Chrome/151.0.0.0 Safari/537.36"
2407:4b00:4c06:838e:f843:29a1:4f8b:19e2 - - [22/Aug/2026:07:43:52 +0800] "GET /wp-content/uploads/sites/1408/2019/11/cropped-cropped-%E5%AD%B8%E6%A0%A1%E7%B6%B2%E9%A0%81%E6%A9%AB%E5%B9%85-1081108-1.jpg HTTP/1.1" 200 99649 "https://www.ncges.ilc.edu.tw/" "Mozilla/5.0 (Windows NT 10.0; Win64; x64) AppleWebKit/537.36 (KHTML, like Gecko) Chrome/151.0.0.0 Safari/537.36"
2407:4b00:4c06:838e:f843:29a1:4f8b:19e2 - - [22/Aug/2026:07:43:52 +0800] "GET /wp-content/uploads/sites/1408/2021/05/6-e1621090924763.jpg HTTP/1.1" 200 10999 "https://www.ncges.ilc.edu.tw/" "Mozilla/5.0 (Windows NT 10.0; Win64; x64) AppleWebKit/537.36 (KHTML, like Gecko) Chrome/151.0.0.0 Safari/537.36"
2407:4b00:4c06:838e:f843:29a1:4f8b:19e2 - - [22/Aug/2026:07:43:52 +0800] "GET /wp-content/uploads/sites/1408/2021/05/%E6%93%B7%E5%8F%962.jpg HTTP/1.1" 200 10481 "https://www.ncges.ilc.edu.tw/" "Mozilla/5.0 (Windows NT 10.0; Win64; x64) AppleWebKit/537.36 (KHTML, like Gecko) Chrome/151.0.0.0 Safari/537.36"
2407:4b00:4c06:838e:f843:29a1:4f8b:19e2 - - [22/Aug/2026:07:43:52 +0800] "GET /wp-content/uploads/sites/1408/2021/05/7-e1621091190493.jpg HTTP/1.1" 200 11403 "https://www.ncges.ilc.edu.tw/" "Mozilla/5.0 (Windows NT 10.0; Win64; x64) AppleWebKit/537.36 (KHTML, like Gecko) Chrome/151.0.0.0 Safari/537.36"
2407:4b00:4c06:838e:f843:29a1:4f8b:19e2 - - [22/Aug/2026:07:43:52 +0800] "GET /wp-content/uploads/sites/1408/2019/11/-e1621091300905.jpg HTTP/1.1" 200 11797 "https://www.ncges.ilc.edu.tw/" "Mozilla/5.0 (Windows NT 10.0; Win64; x64) AppleWebKit/537.36 (KHTML, like Gecko) Chrome/151.0.0.0 Safari/537.36"
2407:4b00:4c06:838e:f843:29a1:4f8b:19e2 - - [22/Aug/2026:07:43:52 +0800] "GET /wp-content/uploads/sites/1408/2022/02/driveme-e1645714981694.jpg HTTP/1.1" 200 10178 "https://www.ncges.ilc.edu.tw/" "Mozilla/5.0 (Windows NT 10.0; Win64; x64) AppleWebKit/537.36 (KHTML, like Gecko) Chrome/151.0.0.0 Safari/537.36"
2407:4b00:4c06:838e:f843:29a1:4f8b:19e2 - - [22/Aug/2026:07:43:52 +0800] "GET /wp-content/uploads/sites/1408/2026/03/115%E5%AD%B8%E5%B9%B4%E5%BA%A6%E6%96%B0%E7%94%9F%E5%A0%B1%E5%88%B0.jpg HTTP/1.1" 200 49948 "https://www.ncges.ilc.edu.tw/" "Mozilla/5.0 (Windows NT 10.0; Win64; x64) AppleWebKit/537.36 (KHTML, like Gecko) Chrome/151.0.0.0 Safari/537.36"
2407:4b00:4c06:838e:f843:29a1:4f8b:19e2 - - [22/Aug/2026:07:43:52 +0800] "GET /wp-content/uploads/sites/1408/2025/10/%E5%9C%8B%E4%B8%AD-%E6%96%B0%E7%94%9F%E5%A0%B1%E5%88%B0.png HTTP/1.1" 200 316705 "https://www.ncges.ilc.edu.tw/" "Mozilla/5.0 (Windows NT 10.0; Win64; x64) AppleWebKit/537.36 (KHTML, like Gecko) Chrome/151.0.0.0 Safari/537.36"
2407:4b00:4c06:838e:f843:29a1:4f8b:19e2 - - [22/Aug/2026:07:43:52 +0800] "GET /wp-content/themes/oceanwp/assets/fonts/simple-line-icons/Simple-Line-Icons.woff2?v=2.4.0 HTTP/1.1" 200 30959 "https://www.ncges.ilc.edu.tw/wp-content/cache/www.ncges.ilc.edu.tw/wpfc-minified/1zdx60hp/6xfi.css" "Mozilla/5.0 (Windows NT 10.0; Win64; x64) AppleWebKit/537.36 (KHTML, like Gecko) Chrome/151.0.0.0 Safari/537.36"
2407:4b00:4c06:838e:f843:29a1:4f8b:19e2 - - [22/Aug/2026:07:43:52 +0800] "GET /wp-content/themes/oceanwp/assets/fonts/fontawesome/webfonts/fa-solid-900.woff2 HTTP/1.1" 200 151246 "https://www.ncges.ilc.edu.tw/wp-content/cache/www.ncges.ilc.edu.tw/wpfc-minified/1zdx60hp/6xfi.css" "Mozilla/5.0 (Windows NT 10.0; Win64; x64) AppleWebKit/537.36 (KHTML, like Gecko) Chrome/151.0.0.0 Safari/537.36"
2407:4b00:4c06:838e:f843:29a1:4f8b:19e2 - - [22/Aug/2026:07:43:52 +0800] "GET /wp-content/uploads/sites/1408/2019/11/icon-%E6%89%8D%E8%97%9D%E8%A1%A8%E6%BC%94-2.jpg HTTP/1.1" 200 20673 "https://www.ncges.ilc.edu.tw/" "Mozilla/5.0 (Windows NT 10.0; Win64; x64) AppleWebKit/537.36 (KHTML, like Gecko) Chrome/151.0.0.0 Safari/537.36"
2407:4b00:4c06:838e:f843:29a1:4f8b:19e2 - - [22/Aug/2026:07:43:52 +0800] "GET /wp-content/uploads/sites/1408/2019/11/icon-%E6%A0%A1%E6%85%B6%E6%B4%BB%E5%8B%95.jpg HTTP/1.1" 200 22622 "https://www.ncges.ilc.edu.tw/" "Mozilla/5.0 (Windows NT 10.0; Win64; x64) AppleWebKit/537.36 (KHTML, like Gecko) Chrome/151.0.0.0 Safari/537.36"
2407:4b00:4c06:838e:f843:29a1:4f8b:19e2 - - [22/Aug/2026:07:43:52 +0800] "GET /wp-content/uploads/sites/1408/2019/11/icon-%E7%95%A2%E6%A5%AD%E6%B4%BB%E5%8B%95-1.jpg HTTP/1.1" 200 22308 "https://www.ncges.ilc.edu.tw/" "Mozilla/5.0 (Windows NT 10.0; Win64; x64) AppleWebKit/537.36 (KHTML, like Gecko) Chrome/151.0.0.0 Safari/537.36"
2407:4b00:4c06:838e:f843:29a1:4f8b:19e2 - - [22/Aug/2026:07:43:52 +0800] "GET /wp-content/uploads/sites/1408/2019/11/icon-%E5%90%84%E9%A1%9E%E6%B4%BB%E5%8B%95.jpg HTTP/1.1" 200 22499 "https://www.ncges.ilc.edu.tw/" "Mozilla/5.0 (Windows NT 10.0; Win64; x64) AppleWebKit/537.36 (KHTML, like Gecko) Chrome/151.0.0.0 Safari/537.36"
2407:4b00:4c06:838e:f843:29a1:4f8b:19e2 - - [22/Aug/2026:07:43:52 +0800] "GET /wp-content/uploads/sites/1408/2019/11/icon-%E9%9B%BB%E5%AD%90%E7%9B%B8%E7%B0%BF-1.jpg HTTP/1.1" 200 21058 "https://www.ncges.ilc.edu.tw/" "Mozilla/5.0 (Windows NT 10.0; Win64; x64) AppleWebKit/537.36 (KHTML, like Gecko) Chrome/151.0.0.0 Safari/537.36"
2407:4b00:4c06:838e:f843:29a1:4f8b:19e2 - - [22/Aug/2026:07:43:52 +0800] "GET /wp-content/uploads/sites/1408/2019/11/icon-%E6%A0%A1%E5%88%8A.jpg HTTP/1.1" 200 17202 "https://www.ncges.ilc.edu.tw/" "Mozilla/5.0 (Windows NT 10.0; Win64; x64) AppleWebKit/537.36 (KHTML, like Gecko) Chrome/151.0.0.0 Safari/537.36"
2407:4b00:4c06:838e:f843:29a1:4f8b:19e2 - - [22/Aug/2026:07:43:52 +0800] "GET /wp-content/uploads/sites/1408/2019/11/icon-%E5%B0%8F%E5%B0%8F%E8%97%9D%E8%A1%93%E5%AE%B6.jpg HTTP/1.1" 200 21995 "https://www.ncges.ilc.edu.tw/" "Mozilla/5.0 (Windows NT 10.0; Win64; x64) AppleWebKit/537.36 (KHTML, like Gecko) Chrome/151.0.0.0 Safari/537.36"
2407:4b00:4c06:838e:f843:29a1:4f8b:19e2 - - [22/Aug/2026:07:43:52 +0800] "GET /wp-content/uploads/sites/1408/2020/10/icon-%E5%8F%97%E8%B4%88%E5%BE%B5%E4%BF%A1%E5%B0%88%E5%8D%80.jpg HTTP/1.1" 200 26281 "https://www.ncges.ilc.edu.tw/" "Mozilla/5.0 (Windows NT 10.0; Win64; x64) AppleWebKit/537.36 (KHTML, like Gecko) Chrome/151.0.0.0 Safari/537.36"
2001:288:a201::66:125 - - [22/Aug/2026:07:43:53 +0800] "GET /blog/active.php HTTP/1.1" 404 1084 "-" "-"
2001:288:a201::66:125 - - [22/Aug/2026:07:43:53 +0800] "GET /blog/active.php HTTP/1.1" 301 1026 "-" "-"
2407:4b00:4c06:838e:f843:29a1:4f8b:19e2 - - [22/Aug/2026:07:43:53 +0800] "GET /wp-content/uploads/sites/1408/2024/04/icon-%E6%80%A7%E9%A8%B7%E6%93%BE%E5%8F%8A%E8%81%B7%E5%A0%B4%E9%9C%B8%E5%87%8C%E9%98%B2%E6%B2%BB%E5%B0%88%E5%8D%80.jpg HTTP/1.1" 200 31524 "https://www.ncges.ilc.edu.tw/" "Mozilla/5.0 (Windows NT 10.0; Win64; x64) AppleWebKit/537.36 (KHTML, like Gecko) Chrome/151.0.0.0 Safari/537.36"
140.111.67.10 - - [22/Aug/2026:07:43:53 +0800] "GET /" 301 273 "-" "-"
52.2.58.41 - - [22/Aug/2026:07:43:53 +0800] "GET /wp-content/uploads/sites/1413/staatic/resources/b/7b77139a9139d14e4f1bd3b533194ec85672be5 HTTP/1.1" 200 81473 "-" "Mozilla/5.0 AppleWebKit/537.36 (KHTML, like Gecko; compatible; Amazonbot/0.1; +https://developer.amazon.com/support/amazonbot) Chrome/119.0.6045.214 Safari/537.36"
34.30.223.149 - - [22/Aug/2026:07:43:53 +0800] "GET /index.php?rest_route=/oembed/1.0/embed&url=https://www.ltjh.ilc.edu.tw/?p%3D1143 HTTP/1.1" 200 8483 "-" "Mozilla/5.0 (Macintosh; Intel Mac OS X 10_15_7) AppleWebKit/537.36 (KHTML, like Gecko) Chrome/120.0.0.0 Safari/537.36"
100.55.60.118 - - [22/Aug/2026:07:43:52 +0800] "GET /logs/.env HTTP/1.1" 404 50069 "-" "Mozilla/5.0 (Windows NT 10.0; Win64; x64) AppleWebKit/537.36 (KHTML, like Gecko) Chrome/131.0.0.0 Safari/537.36"
18.233.24.238 - - [22/Aug/2026:07:43:55 +0800] "GET /wp-content/uploads/sites/2271/staatic/resources/d/a8590c0b36e64713bd893df6f7702e770f26d14 HTTP/1.1" 200 1924 "-" "Mozilla/5.0 AppleWebKit/537.36 (KHTML, like Gecko; compatible; Amazonbot/0.1; +https://developer.amazon.com/support/amazonbot) Chrome/119.0.6045.214 Safari/537.36"
45.89.208.121 - - [22/Aug/2026:07:43:55 +0800] "GET /wp-content/uploads/sites/1444/2020/11/%E5%AE%A2%E5%AE%B6%E9%9F%B3%E6%A8%82%E6%9C%83%E6%9A%A8%E5%AE%A2%E5%AE%B6%E7%BE%8E%E9%A3%9F%E5%B1%95_201111_9.jpg HTTP/1.1" 200 395753 "https://www.ytps.ilc.edu.tw/2020/11/11/%E5%AE%A2%E5%AE%B6%E6%90%96%E6%BB%BE%E7%AB%A5%E8%AC%A0%E9%9F%B3%E6%A8%82%E6%9C%83%E5%AE%A2%E5%AE%B6%E7%BE%8E%E9%A3%9F%E8%88%87%E6%B4%BB%E5%8B%95%E9%AB%94%E9%A9%97%E7%87%9F/" "Mozilla/5.0 (Macintosh; Intel Mac OS X 10_15_7) AppleWebKit/537.36 (KHTML, like Gecko) Chrome/131.0.0.0 Safari/537.36"
45.89.208.22 - - [22/Aug/2026:07:43:56 +0800] "GET /wp-content/uploads/sites/1444/2020/11/1110%E5%AE%A2%E5%AE%B6_201111_15-300x225.jpg HTTP/1.1" 200 46494 "https://www.ytps.ilc.edu.tw/2020/11/11/%E5%AE%A2%E5%AE%B6%E6%90%96%E6%BB%BE%E7%AB%A5%E8%AC%A0%E9%9F%B3%E6%A8%82%E6%9C%83%E5%AE%A2%E5%AE%B6%E7%BE%8E%E9%A3%9F%E8%88%87%E6%B4%BB%E5%8B%95%E9%AB%94%E9%A9%97%E7%87%9F/" "Mozilla/5.0 (Macintosh; Intel Mac OS X 10_15_7) AppleWebKit/537.36 (KHTML, like Gecko) Chrome/131.0.0.0 Safari/537.36"
100.55.60.118 - - [22/Aug/2026:07:43:54 +0800] "GET /cache/.env HTTP/1.1" 404 50079 "-" "Mozilla/5.0 (Windows NT 10.0; Win64; x64) AppleWebKit/537.36 (KHTML, like Gecko) Chrome/131.0.0.0 Safari/537.36"
31.25.192.170 - - [22/Aug/2026:07:43:56 +0800] "GET /wp-content/uploads/sites/1444/2020/11/1110%E5%AE%A2%E5%AE%B6_201111_8-768x576.jpg HTTP/1.1" 200 92363 "https://www.ytps.ilc.edu.tw/2020/11/11/%E5%AE%A2%E5%AE%B6%E6%90%96%E6%BB%BE%E7%AB%A5%E8%AC%A0%E9%9F%B3%E6%A8%82%E6%9C%83%E5%AE%A2%E5%AE%B6%E7%BE%8E%E9%A3%9F%E8%88%87%E6%B4%BB%E5%8B%95%E9%AB%94%E9%A9%97%E7%87%9F/" "Mozilla/5.0 (Macintosh; Intel Mac OS X 10_15_7) AppleWebKit/537.36 (KHTML, like Gecko) Chrome/131.0.0.0 Safari/537.36"
34.61.96.6 - - [22/Aug/2026:07:43:56 +0800] "GET /3860/2011/02/23/99%E5%B9%B4%E5%BA%A6%E5%85%A8%E5%9C%8B%E8%AA%9E%E6%96%87%E7%AB%B6%E8%B3%BD%E9%96%A9%E5%8D%97%E8%AA%9E%E5%9C%8B%E5%B0%8F%E7%B5%84%E6%9C%97%E8%AE%80%E7%AF%87%E7%9B%AE-%E8%8A%B1%E8%93%AE%E6%95%99/ HTTP/1.1" 200 30626 "-" "Mozilla/5.0 (Macintosh; Intel Mac OS X 10_15_7) AppleWebKit/537.36 (KHTML, like Gecko) Chrome/120.0.0.0 Safari/537.36"
172.96.89.30 - - [22/Aug/2026:07:43:58 +0800] "GET /wp-content/uploads/sites/1444/2020/11/%E5%AE%A2%E5%AE%B6%E9%9F%B3%E6%A8%82%E6%9C%83%E6%9A%A8%E5%AE%A2%E5%AE%B6%E7%BE%8E%E9%A3%9F%E5%B1%95_201111_53-768x432.jpg HTTP/1.1" 200 81173 "https://www.ytps.ilc.edu.tw/2020/11/11/%E5%AE%A2%E5%AE%B6%E6%90%96%E6%BB%BE%E7%AB%A5%E8%AC%A0%E9%9F%B3%E6%A8%82%E6%9C%83%E5%AE%A2%E5%AE%B6%E7%BE%8E%E9%A3%9F%E8%88%87%E6%B4%BB%E5%8B%95%E9%AB%94%E9%A9%97%E7%87%9F/" "Mozilla/5.0 (Macintosh; Intel Mac OS X 10_15_7) AppleWebKit/537.36 (KHTML, like Gecko) Chrome/131.0.0.0 Safari/537.36"
2001:288:a201::66:125 - - [22/Aug/2026:07:43:58 +0800] "GET /blog/active.php HTTP/1.1" 404 1084 "-" "-"
2001:288:a201::66:125 - - [22/Aug/2026:07:43:58 +0800] "GET /blog/active.php HTTP/1.1" 301 1026 "-" "-"
140.111.67.10 - - [22/Aug/2026:07:43:58 +0800] "GET /" 301 273 "-" "-"
167.160.68.22 - - [22/Aug/2026:07:43:58 +0800] "GET /wp-content/uploads/sites/1444/2020/11/1110%E5%AE%A2%E5%AE%B6_201111_2-300x225.jpg HTTP/1.1" 200 20301 "https://www.ytps.ilc.edu.tw/2020/11/11/%E5%AE%A2%E5%AE%B6%E6%90%96%E6%BB%BE%E7%AB%A5%E8%AC%A0%E9%9F%B3%E6%A8%82%E6%9C%83%E5%AE%A2%E5%AE%B6%E7%BE%8E%E9%A3%9F%E8%88%87%E6%B4%BB%E5%8B%95%E9%AB%94%E9%A9%97%E7%87%9F/" "Mozilla/5.0 (Macintosh; Intel Mac OS X 10_15_7) AppleWebKit/537.36 (KHTML, like Gecko) Chrome/131.0.0.0 Safari/537.36"
17.241.227.10 - - [22/Aug/2026:07:43:59 +0800] "GET /wp-content/cache/isupport.ilc.edu.tw/wpfc-minified/4tx1uuc/ksj9.css HTTP/1.1" 200 63435 "https://isupport.ilc.edu.tw/" "Mozilla/5.0 (Macintosh; Intel Mac OS X 10_15_7) AppleWebKit/605.1.15 (KHTML, like Gecko) Version/17.4 Safari/605.1.15 (Applebot/0.1; +http://www.apple.com/go/applebot)"
100.55.60.118 - - [22/Aug/2026:07:43:57 +0800] "GET /mailer/.env HTTP/1.1" 404 50069 "-" "Mozilla/5.0 (Windows NT 10.0; Win64; x64) AppleWebKit/537.36 (KHTML, like Gecko) Chrome/131.0.0.0 Safari/537.36"
31.25.194.83 - - [22/Aug/2026:07:43:59 +0800] "GET /wp-content/uploads/sites/1444/2020/11/1110%E5%AE%A2%E5%AE%B6_201111_12-768x576.jpg HTTP/1.1" 200 108674 "https://www.ytps.ilc.edu.tw/2020/11/11/%E5%AE%A2%E5%AE%B6%E6%90%96%E6%BB%BE%E7%AB%A5%E8%AC%A0%E9%9F%B3%E6%A8%82%E6%9C%83%E5%AE%A2%E5%AE%B6%E7%BE%8E%E9%A3%9F%E8%88%87%E6%B4%BB%E5%8B%95%E9%AB%94%E9%A9%97%E7%87%9F/" "Mozilla/5.0 (Macintosh; Intel Mac OS X 10_15_7) AppleWebKit/537.36 (KHTML, like Gecko) Chrome/131.0.0.0 Safari/537.36"
3.211.181.86 - - [22/Aug/2026:07:43:59 +0800] "GET /wp-content/uploads/sites/847/6483/previews/6483-3414843.gif HTTP/1.1" 200 3384 "-" "Mozilla/5.0 AppleWebKit/537.36 (KHTML, like Gecko; compatible; Amazonbot/0.1; +https://developer.amazon.com/support/amazonbot) Chrome/119.0.6045.214 Safari/537.36"
31.25.194.83 - - [22/Aug/2026:07:43:59 +0800] "GET /wp-content/uploads/sites/1444/2020/11/1110%E5%AE%A2%E5%AE%B6_201111_34.jpg HTTP/1.1" 200 402225 "https://www.ytps.ilc.edu.tw/2020/11/11/%E5%AE%A2%E5%AE%B6%E6%90%96%E6%BB%BE%E7%AB%A5%E8%AC%A0%E9%9F%B3%E6%A8%82%E6%9C%83%E5%AE%A2%E5%AE%B6%E7%BE%8E%E9%A3%9F%E8%88%87%E6%B4%BB%E5%8B%95%E9%AB%94%E9%A9%97%E7%87%9F/" "Mozilla/5.0 (Macintosh; Intel Mac OS X 10_15_7) AppleWebKit/537.36 (KHTML, like Gecko) Chrome/131.0.0.0 Safari/537.36"
17.241.227.10 - - [22/Aug/2026:07:44:00 +0800] "GET /wp-content/cache/isupport.ilc.edu.tw/wpfc-minified/lwjo9g1t/ks8w.css HTTP/1.1" 200 6343 "https://isupport.ilc.edu.tw/" "Mozilla/5.0 (Macintosh; Intel Mac OS X 10_15_7) AppleWebKit/605.1.15 (KHTML, like Gecko) Version/17.4 Safari/605.1.15 (Applebot/0.1; +http://www.apple.com/go/applebot)"
98.84.70.201 - - [22/Aug/2026:07:44:00 +0800] "GET /wp-content/uploads/sites/1727/6232/6232-2563933.jpg HTTP/1.1" 200 242059 "-" "Mozilla/5.0 AppleWebKit/537.36 (KHTML, like Gecko; compatible; Amazonbot/0.1; +https://developer.amazon.com/support/amazonbot) Chrome/119.0.6045.214 Safari/537.36"
240e:95a:300:1:9eaa:588:46a0:1 - - [22/Aug/2026:07:44:00 +0800] "GET /wp-content/cache/ilta.ilc.edu.tw/wpfc-minified/7vo8n6iy/6wvk.css HTTP/1.1" 200 65503 "https://ilta.ilc.edu.tw/2010/07/01/" "Mozilla/5.0 (Windows NT 10.0; Win64; x64) AppleWebKit/537.36 (KHTML, like Gecko) Chrome/144.0.0.0 Safari/537.36"
240e:95a:300:1:9eaa:588:46a0:1 - - [22/Aug/2026:07:44:00 +0800] "GET /wp-includes/js/hoverintent-js.min.js HTTP/1.1" 200 6392 "https://ilta.ilc.edu.tw/2010/07/01/" "Mozilla/5.0 (Windows NT 10.0; Win64; x64) AppleWebKit/537.36 (KHTML, like Gecko) Chrome/144.0.0.0 Safari/537.36"
240e:95a:300:1:9eaa:588:46a0:1 - - [22/Aug/2026:07:44:00 +0800] "GET /wp-content/cache/ilta.ilc.edu.tw/wpfc-minified/1qjpbzp9/6wvk.js HTTP/1.1" 200 40344 "https://ilta.ilc.edu.tw/2010/07/01/" "Mozilla/5.0 (Windows NT 10.0; Win64; x64) AppleWebKit/537.36 (KHTML, like Gecko) Chrome/144.0.0.0 Safari/537.36"
240e:95a:300:1:9eaa:588:46a0:1 - - [22/Aug/2026:07:44:00 +0800] "GET /wp-includes/js/admin-bar.min.js HTTP/1.1" 200 7032 "https://ilta.ilc.edu.tw/2010/07/01/" "Mozilla/5.0 (Windows NT 10.0; Win64; x64) AppleWebKit/537.36 (KHTML, like Gecko) Chrome/144.0.0.0 Safari/537.36"
240e:95a:300:1:9eaa:588:46a0:1 - - [22/Aug/2026:07:44:00 +0800] "GET /wp-includes/js/imagesloaded.min.js HTTP/1.1" 200 7478 "https://ilta.ilc.edu.tw/2010/07/01/" "Mozilla/5.0 (Windows NT 10.0; Win64; x64) AppleWebKit/537.36 (KHTML, like Gecko) Chrome/144.0.0.0 Safari/537.36"
240e:95a:300:1:9eaa:588:46a0:1 - - [22/Aug/2026:07:44:01 +0800] "GET /wp-content/themes/oceanwp/assets/js/drop-down-mobile-menu.min.js HTTP/1.1" 200 4663 "https://ilta.ilc.edu.tw/2010/07/01/" "Mozilla/5.0 (Windows NT 10.0; Win64; x64) AppleWebKit/537.36 (KHTML, like Gecko) Chrome/144.0.0.0 Safari/537.36"
240e:95a:300:1:9eaa:588:46a0:1 - - [22/Aug/2026:07:44:01 +0800] "GET /wp-content/themes/oceanwp/assets/js/drop-down-search.min.js HTTP/1.1" 200 2968 "https://ilta.ilc.edu.tw/2010/07/01/" "Mozilla/5.0 (Windows NT 10.0; Win64; x64) AppleWebKit/537.36 (KHTML, like Gecko) Chrome/144.0.0.0 Safari/537.36"
240e:95a:300:1:9eaa:588:46a0:1 - - [22/Aug/2026:07:44:01 +0800] "GET /wp-content/themes/oceanwp/assets/js/vendors/magnific-popup.min.js HTTP/1.1" 200 8270 "https://ilta.ilc.edu.tw/2010/07/01/" "Mozilla/5.0 (Windows NT 10.0; Win64; x64) AppleWebKit/537.36 (KHTML, like Gecko) Chrome/144.0.0.0 Safari/537.36"
