98.80.170.237 - - [22/Aug/2026:07:38:58 +0800] "GET /staging/phpinfo.php HTTP/1.1" 404 973 "-" "Mozilla/5.0 (Windows NT 10.0; Win64; x64) AppleWebKit/537.36 (KHTML, like Gecko) Chrome/131.0.0.0 Safari/537.36"
18.237.61.196 - - [22/Aug/2026:07:38:58 +0800] "GET /tmp/.env HTTP/1.1" 404 51421 "-" "Mozilla/5.0 (Windows NT 10.0; Win64; x64) AppleWebKit/537.36 (KHTML, like Gecko) Chrome/131.0.0.0 Safari/537.36"
98.80.170.237 - - [22/Aug/2026:07:38:58 +0800] "GET /beta/phpinfo.php HTTP/1.1" 404 973 "-" "Mozilla/5.0 (Windows NT 10.0; Win64; x64) AppleWebKit/537.36 (KHTML, like Gecko) Chrome/131.0.0.0 Safari/537.36"
66.249.79.137 - - [22/Aug/2026:07:38:56 +0800] "GET /wp-login.php?action=ilc_logout&_wpnonce=43754d0aad&redirect_to=http://juliamilton.ru/job/87619/ HTTP/1.1" 302 3461 "-" "Mozilla/5.0 (Linux; Android 6.0.1; Nexus 5X Build/MMB29P) AppleWebKit/537.36 (KHTML, like Gecko) Chrome/151.0.7922.137 Mobile Safari/537.36 (compatible; Googlebot/2.1; +http://www.google.com/bot.html)"
2a03:2880:f802:3d:: - - [22/Aug/2026:07:38:57 +0800] "GET /wp-login.php?key=1u7wr378&_wpnonce=&action=ilc_logout&redirect_to=https%3A%2F%2Fplay.google.com%2Fstore%2Fapps%2Fdetails%3Fid%3Dcom.us.dyjycbt.google HTTP/1.1" 302 8296 "-" "Mozilla/5.0 (Macintosh; Intel Mac OS X 10_15_7) AppleWebKit/537.36 (KHTML, like Gecko) Chrome/145.0.0.0 Safari/537.36 (compatible; meta-externalagent/1.1 (+https://developers.facebook.com/docs/sharing/webmasters/crawler))"
18.237.61.196 - - [22/Aug/2026:07:38:58 +0800] "GET /temp/.env HTTP/1.1" 404 51421 "-" "Mozilla/5.0 (Windows NT 10.0; Win64; x64) AppleWebKit/537.36 (KHTML, like Gecko) Chrome/131.0.0.0 Safari/537.36"
98.80.170.237 - - [22/Aug/2026:07:38:59 +0800] "GET /uat/phpinfo.php HTTP/1.1" 404 973 "-" "Mozilla/5.0 (Windows NT 10.0; Win64; x64) AppleWebKit/537.36 (KHTML, like Gecko) Chrome/131.0.0.0 Safari/537.36"
::1 - - [22/Aug/2026:07:38:59 +0800] "OPTIONS * HTTP/1.0" 200 110 "-" "Apache/2.4.68 (Ubuntu) OpenSSL/3.0.19 (internal dummy connection)"
18.237.61.196 - - [22/Aug/2026:07:38:59 +0800] "GET /lab/.env HTTP/1.1" 404 51421 "-" "Mozilla/5.0 (Windows NT 10.0; Win64; x64) AppleWebKit/537.36 (KHTML, like Gecko) Chrome/131.0.0.0 Safari/537.36"
98.80.170.237 - - [22/Aug/2026:07:38:59 +0800] "GET /qa/phpinfo.php HTTP/1.1" 404 973 "-" "Mozilla/5.0 (Windows NT 10.0; Win64; x64) AppleWebKit/537.36 (KHTML, like Gecko) Chrome/131.0.0.0 Safari/537.36"
98.80.170.237 - - [22/Aug/2026:07:38:59 +0800] "GET /preview/phpinfo.php HTTP/1.1" 404 973 "-" "Mozilla/5.0 (Windows NT 10.0; Win64; x64) AppleWebKit/537.36 (KHTML, like Gecko) Chrome/131.0.0.0 Safari/537.36"
18.237.61.196 - - [22/Aug/2026:07:38:59 +0800] "GET /cronlab/.env HTTP/1.1" 404 51421 "-" "Mozilla/5.0 (Windows NT 10.0; Win64; x64) AppleWebKit/537.36 (KHTML, like Gecko) Chrome/131.0.0.0 Safari/537.36"
3.216.86.144 - - [22/Aug/2026:07:38:59 +0800] "GET /wp-content/uploads/sites/847/6483/previews/6483-2396915.gif HTTP/1.1" 200 3678 "-" "Mozilla/5.0 AppleWebKit/537.36 (KHTML, like Gecko; compatible; Amazonbot/0.1; +https://developer.amazon.com/support/amazonbot) Chrome/119.0.6045.214 Safari/537.36"
98.80.170.237 - - [22/Aug/2026:07:38:59 +0800] "GET /www/phpinfo.php HTTP/1.1" 404 973 "-" "Mozilla/5.0 (Windows NT 10.0; Win64; x64) AppleWebKit/537.36 (KHTML, like Gecko) Chrome/131.0.0.0 Safari/537.36"
18.237.61.196 - - [22/Aug/2026:07:38:59 +0800] "GET /cron/.env HTTP/1.1" 404 51421 "-" "Mozilla/5.0 (Windows NT 10.0; Win64; x64) AppleWebKit/537.36 (KHTML, like Gecko) Chrome/131.0.0.0 Safari/537.36"
98.80.170.237 - - [22/Aug/2026:07:39:00 +0800] "GET /htdocs/phpinfo.php HTTP/1.1" 404 973 "-" "Mozilla/5.0 (Windows NT 10.0; Win64; x64) AppleWebKit/537.36 (KHTML, like Gecko) Chrome/131.0.0.0 Safari/537.36"
52.3.155.146 - - [22/Aug/2026:07:38:59 +0800] "GET /wp-content/uploads/sites/2489/24998/24998-4195188.jpg HTTP/1.1" 200 137439 "-" "Mozilla/5.0 AppleWebKit/537.36 (KHTML, like Gecko; compatible; Amazonbot/0.1; +https://developer.amazon.com/support/amazonbot) Chrome/119.0.6045.214 Safari/537.36"
::1 - - [22/Aug/2026:07:39:00 +0800] "OPTIONS * HTTP/1.0" 200 110 "-" "Apache/2.4.68 (Ubuntu) OpenSSL/3.0.19 (internal dummy connection)"
216.244.66.226 - - [22/Aug/2026:07:39:00 +0800] "GET /?s=REGVIP+promo+code+for+betwinner+2024+Guyana HTTP/1.1" 200 24852 "-" "Mozilla/5.0 (compatible; DotBot/1.2; +https://opensiteexplorer.org/dotbot; help@moz.com)"
18.237.61.196 - - [22/Aug/2026:07:39:00 +0800] "GET /en/.env HTTP/1.1" 404 51421 "-" "Mozilla/5.0 (Windows NT 10.0; Win64; x64) AppleWebKit/537.36 (KHTML, like Gecko) Chrome/131.0.0.0 Safari/537.36"
98.80.170.237 - - [22/Aug/2026:07:39:00 +0800] "GET /public_html/phpinfo.php HTTP/1.1" 404 973 "-" "Mozilla/5.0 (Windows NT 10.0; Win64; x64) AppleWebKit/537.36 (KHTML, like Gecko) Chrome/131.0.0.0 Safari/537.36"
18.237.61.196 - - [22/Aug/2026:07:39:00 +0800] "GET /administrator/.env HTTP/1.1" 404 51421 "-" "Mozilla/5.0 (Windows NT 10.0; Win64; x64) AppleWebKit/537.36 (KHTML, like Gecko) Chrome/131.0.0.0 Safari/537.36"
98.80.170.237 - - [22/Aug/2026:07:39:00 +0800] "GET /site/phpinfo.php HTTP/1.1" 404 973 "-" "Mozilla/5.0 (Windows NT 10.0; Win64; x64) AppleWebKit/537.36 (KHTML, like Gecko) Chrome/131.0.0.0 Safari/537.36"
66.249.79.137 - - [22/Aug/2026:07:38:59 +0800] "GET /wp-login.php?action=ilc_logout&_wpnonce=43754d0aad&redirect_to=//ladstroy.ru/creator/44626/ HTTP/1.1" 302 8242 "-" "Mozilla/5.0 (Linux; Android 6.0.1; Nexus 5X Build/MMB29P) AppleWebKit/537.36 (KHTML, like Gecko) Chrome/151.0.7922.137 Mobile Safari/537.36 (compatible; Googlebot/2.1; +http://www.google.com/bot.html)"
98.80.170.237 - - [22/Aug/2026:07:39:00 +0800] "GET /docs/phpinfo.php HTTP/1.1" 404 973 "-" "Mozilla/5.0 (Windows NT 10.0; Win64; x64) AppleWebKit/537.36 (KHTML, like Gecko) Chrome/131.0.0.0 Safari/537.36"
18.237.61.196 - - [22/Aug/2026:07:39:00 +0800] "GET /psnlink/.env HTTP/1.1" 404 51421 "-" "Mozilla/5.0 (Windows NT 10.0; Win64; x64) AppleWebKit/537.36 (KHTML, like Gecko) Chrome/131.0.0.0 Safari/537.36"
3.144.99.169 - - [22/Aug/2026:07:38:58 +0800] "GET /api/v1/auto_login HTTP/1.1" 301 5785 "-" "Mozilla/5.0 (X11; Linux x86_64) AppleWebKit/537.36 (KHTML, like Gecko) Chrome/131.0.0.0 Safari/537.36"
98.80.170.237 - - [22/Aug/2026:07:39:01 +0800] "GET /wp-admin/phpinfo.php HTTP/1.1" 404 973 "-" "Mozilla/5.0 (Windows NT 10.0; Win64; x64) AppleWebKit/537.36 (KHTML, like Gecko) Chrome/131.0.0.0 Safari/537.36"
52.205.222.214 - - [22/Aug/2026:07:39:01 +0800] "GET /wp-content/uploads/sites/890/2021/08/82 HTTP/1.1" 404 5783 "-" "Mozilla/5.0 AppleWebKit/537.36 (KHTML, like Gecko; compatible; Amazonbot/0.1; +https://developer.amazon.com/support/amazonbot) Chrome/119.0.6045.214 Safari/537.36"
18.237.61.196 - - [22/Aug/2026:07:39:01 +0800] "GET /exapi/.env HTTP/1.1" 404 51421 "-" "Mozilla/5.0 (Windows NT 10.0; Win64; x64) AppleWebKit/537.36 (KHTML, like Gecko) Chrome/131.0.0.0 Safari/537.36"
::1 - - [22/Aug/2026:07:39:01 +0800] "OPTIONS * HTTP/1.0" 200 110 "-" "Apache/2.4.68 (Ubuntu) OpenSSL/3.0.19 (internal dummy connection)"
98.80.170.237 - - [22/Aug/2026:07:39:01 +0800] "GET /administrator/phpinfo.php HTTP/1.1" 404 973 "-" "Mozilla/5.0 (Windows NT 10.0; Win64; x64) AppleWebKit/537.36 (KHTML, like Gecko) Chrome/131.0.0.0 Safari/537.36"
18.237.61.196 - - [22/Aug/2026:07:39:01 +0800] "GET /sitemaps/.env HTTP/1.1" 404 51421 "-" "Mozilla/5.0 (Windows NT 10.0; Win64; x64) AppleWebKit/537.36 (KHTML, like Gecko) Chrome/131.0.0.0 Safari/537.36"
98.80.170.237 - - [22/Aug/2026:07:39:01 +0800] "GET /core/phpinfo.php HTTP/1.1" 404 973 "-" "Mozilla/5.0 (Windows NT 10.0; Win64; x64) AppleWebKit/537.36 (KHTML, like Gecko) Chrome/131.0.0.0 Safari/537.36"
18.237.61.196 - - [22/Aug/2026:07:39:01 +0800] "GET /.env.backup1 HTTP/1.1" 404 51421 "-" "Mozilla/5.0 (Windows NT 10.0; Win64; x64) AppleWebKit/537.36 (KHTML, like Gecko) Chrome/131.0.0.0 Safari/537.36"
98.80.170.237 - - [22/Aug/2026:07:39:01 +0800] "GET /includes/phpinfo.php HTTP/1.1" 404 973 "-" "Mozilla/5.0 (Windows NT 10.0; Win64; x64) AppleWebKit/537.36 (KHTML, like Gecko) Chrome/131.0.0.0 Safari/537.36"
52.167.144.194 - - [22/Aug/2026:07:39:01 +0800] "GET /%E5%AD%B8%E5%8B%99%E8%99%95/ HTTP/1.1" 200 21538 "-" "Mozilla/5.0 AppleWebKit/537.36 (KHTML, like Gecko; compatible; bingbot/2.0; +http://www.bing.com/bingbot.htm) Chrome/116.0.1938.76 Safari/537.36"
18.237.61.196 - - [22/Aug/2026:07:39:01 +0800] "GET /.env.backup2 HTTP/1.1" 404 51421 "-" "Mozilla/5.0 (Windows NT 10.0; Win64; x64) AppleWebKit/537.36 (KHTML, like Gecko) Chrome/131.0.0.0 Safari/537.36"
::1 - - [22/Aug/2026:07:39:02 +0800] "OPTIONS * HTTP/1.0" 200 110 "-" "Apache/2.4.68 (Ubuntu) OpenSSL/3.0.19 (internal dummy connection)"
216.244.66.226 - - [22/Aug/2026:07:39:02 +0800] "GET /?s=VIPREG2024+1xbet+promo+code+today+2024+Qatar HTTP/1.1" 200 24856 "-" "Mozilla/5.0 (compatible; DotBot/1.2; +https://opensiteexplorer.org/dotbot; help@moz.com)"
98.80.170.237 - - [22/Aug/2026:07:39:02 +0800] "GET /service-account.json HTTP/1.1" 404 83369 "-" "Mozilla/5.0 (Windows NT 10.0; Win64; x64) AppleWebKit/537.36 (KHTML, like Gecko) Chrome/131.0.0.0 Safari/537.36"
18.237.61.196 - - [22/Aug/2026:07:39:02 +0800] "GET /logs/.env HTTP/1.1" 404 51421 "-" "Mozilla/5.0 (Windows NT 10.0; Win64; x64) AppleWebKit/537.36 (KHTML, like Gecko) Chrome/131.0.0.0 Safari/537.36"
185.191.171.5 - - [22/Aug/2026:07:39:02 +0800] "GET /nalangedu/category/%E3%80%90%E8%A1%8C%E6%94%BF%E9%81%8B%E4%BD%9C%E3%80%91/%E2%97%86%E5%AF%A6%E6%96%BD%E8%A8%88%E7%95%AB/ HTTP/1.1" 200 14462 "-" "Mozilla/5.0 (compatible; SemrushBot/7~bl; +http://www.semrush.com/bot.html)"
18.237.61.196 - - [22/Aug/2026:07:39:02 +0800] "GET /cache/.env HTTP/1.1" 404 51421 "-" "Mozilla/5.0 (Windows NT 10.0; Win64; x64) AppleWebKit/537.36 (KHTML, like Gecko) Chrome/131.0.0.0 Safari/537.36"
18.237.61.196 - - [22/Aug/2026:07:39:02 +0800] "GET /mailer/.env HTTP/1.1" 404 51421 "-" "Mozilla/5.0 (Windows NT 10.0; Win64; x64) AppleWebKit/537.36 (KHTML, like Gecko) Chrome/131.0.0.0 Safari/537.36"
98.80.170.237 - - [22/Aug/2026:07:39:02 +0800] "GET /sa.json HTTP/1.1" 404 83369 "-" "Mozilla/5.0 (Windows NT 10.0; Win64; x64) AppleWebKit/537.36 (KHTML, like Gecko) Chrome/131.0.0.0 Safari/537.36"
2001:288:a201::66:125 - - [22/Aug/2026:07:39:03 +0800] "GET /blog/active.php HTTP/1.1" 404 1084 "-" "-"
2001:288:a201::66:125 - - [22/Aug/2026:07:39:03 +0800] "GET /blog/active.php HTTP/1.1" 301 1026 "-" "-"
::1 - - [22/Aug/2026:07:39:03 +0800] "OPTIONS * HTTP/1.0" 200 110 "-" "Apache/2.4.68 (Ubuntu) OpenSSL/3.0.19 (internal dummy connection)"
140.111.67.10 - - [22/Aug/2026:07:39:03 +0800] "GET /" 301 273 "-" "-"
18.237.61.196 - - [22/Aug/2026:07:39:03 +0800] "GET /mail/.env HTTP/1.1" 404 51421 "-" "Mozilla/5.0 (Windows NT 10.0; Win64; x64) AppleWebKit/537.36 (KHTML, like Gecko) Chrome/131.0.0.0 Safari/537.36"
18.237.61.196 - - [22/Aug/2026:07:39:03 +0800] "GET /email/.env HTTP/1.1" 404 51421 "-" "Mozilla/5.0 (Windows NT 10.0; Win64; x64) AppleWebKit/537.36 (KHTML, like Gecko) Chrome/131.0.0.0 Safari/537.36"
98.80.170.237 - - [22/Aug/2026:07:39:03 +0800] "GET /gcp-key.json HTTP/1.1" 404 83369 "-" "Mozilla/5.0 (Windows NT 10.0; Win64; x64) AppleWebKit/537.36 (KHTML, like Gecko) Chrome/131.0.0.0 Safari/537.36"
3.144.99.169 - - [22/Aug/2026:07:39:01 +0800] "GET /api/v1/auto_login/ HTTP/1.1" 200 22798 "-" "Mozilla/5.0 (X11; Linux x86_64) AppleWebKit/537.36 (KHTML, like Gecko) Chrome/131.0.0.0 Safari/537.36"
18.237.61.196 - - [22/Aug/2026:07:39:03 +0800] "GET /smtp/.env HTTP/1.1" 404 51421 "-" "Mozilla/5.0 (Windows NT 10.0; Win64; x64) AppleWebKit/537.36 (KHTML, like Gecko) Chrome/131.0.0.0 Safari/537.36"
34.56.53.225 - - [22/Aug/2026:07:39:03 +0800] "GET /wp-json/oembed/1.0/embed?url=https://www.ytps.ilc.edu.tw/1091025%25e5%25ae%25b6%25e6%25a8%2582%25e7%25a6%258f%25e9%259f%25b3%25e6%25a8%2582%25e6%259c%2583_201027_3/ HTTP/1.1" 200 8580 "-" "Mozilla/5.0 (Macintosh; Intel Mac OS X 10_15_7) AppleWebKit/537.36 (KHTML, like Gecko) Chrome/120.0.0.0 Safari/537.36"
::1 - - [22/Aug/2026:07:39:04 +0800] "OPTIONS * HTTP/1.0" 200 110 "-" "Apache/2.4.68 (Ubuntu) OpenSSL/3.0.19 (internal dummy connection)"
18.237.61.196 - - [22/Aug/2026:07:39:04 +0800] "GET /mailing/.env HTTP/1.1" 404 51421 "-" "Mozilla/5.0 (Windows NT 10.0; Win64; x64) AppleWebKit/537.36 (KHTML, like Gecko) Chrome/131.0.0.0 Safari/537.36"
216.244.66.226 - - [22/Aug/2026:07:39:04 +0800] "GET /blog/blog/11078/post/69367/410760 HTTP/1.1" 404 35276 "-" "Mozilla/5.0 (compatible; DotBot/1.2; +https://opensiteexplorer.org/dotbot; help@moz.com)"
98.80.170.237 - - [22/Aug/2026:07:39:04 +0800] "GET /gcp-credentials.json HTTP/1.1" 404 83369 "-" "Mozilla/5.0 (Windows NT 10.0; Win64; x64) AppleWebKit/537.36 (KHTML, like Gecko) Chrome/131.0.0.0 Safari/537.36"
18.237.61.196 - - [22/Aug/2026:07:39:04 +0800] "GET /notifications/.env HTTP/1.1" 404 51421 "-" "Mozilla/5.0 (Windows NT 10.0; Win64; x64) AppleWebKit/537.36 (KHTML, like Gecko) Chrome/131.0.0.0 Safari/537.36"
34.56.53.225 - - [22/Aug/2026:07:39:04 +0800] "GET /6325/2017/08/07/106-%E4%BA%944%E8%BE%A6%E7%90%86%E6%B4%BB%E5%8B%95%E9%85%8D%E5%90%88%E5%AE%A3%E5%B0%8E%E7%AF%80%E8%83%BD%E6%B8%9B%E7%A2%B3%E7%9B%B8%E9%97%9C%E6%8E%AA%E6%96%BD/ HTTP/1.1" 200 16397 "-" "Mozilla/5.0 (Macintosh; Intel Mac OS X 10_15_7) AppleWebKit/537.36 (KHTML, like Gecko) Chrome/120.0.0.0 Safari/537.36"
18.237.61.196 - - [22/Aug/2026:07:39:04 +0800] "GET /notify/.env HTTP/1.1" 404 51421 "-" "Mozilla/5.0 (Windows NT 10.0; Win64; x64) AppleWebKit/537.36 (KHTML, like Gecko) Chrome/131.0.0.0 Safari/537.36"
98.80.170.237 - - [22/Aug/2026:07:39:04 +0800] "GET /gcp-sa.json HTTP/1.1" 404 83369 "-" "Mozilla/5.0 (Windows NT 10.0; Win64; x64) AppleWebKit/537.36 (KHTML, like Gecko) Chrome/131.0.0.0 Safari/537.36"
18.237.61.196 - - [22/Aug/2026:07:39:05 +0800] "GET /sender/.env HTTP/1.1" 404 51421 "-" "Mozilla/5.0 (Windows NT 10.0; Win64; x64) AppleWebKit/537.36 (KHTML, like Gecko) Chrome/131.0.0.0 Safari/537.36"
::1 - - [22/Aug/2026:07:39:05 +0800] "OPTIONS * HTTP/1.0" 200 110 "-" "Apache/2.4.68 (Ubuntu) OpenSSL/3.0.19 (internal dummy connection)"
18.237.61.196 - - [22/Aug/2026:07:39:05 +0800] "GET /campaign/.env HTTP/1.1" 404 51421 "-" "Mozilla/5.0 (Windows NT 10.0; Win64; x64) AppleWebKit/537.36 (KHTML, like Gecko) Chrome/131.0.0.0 Safari/537.36"
18.237.61.196 - - [22/Aug/2026:07:39:05 +0800] "GET /newsletter/.env HTTP/1.1" 404 51421 "-" "Mozilla/5.0 (Windows NT 10.0; Win64; x64) AppleWebKit/537.36 (KHTML, like Gecko) Chrome/131.0.0.0 Safari/537.36"
98.80.170.237 - - [22/Aug/2026:07:39:05 +0800] "GET /credentials.json HTTP/1.1" 404 83369 "-" "Mozilla/5.0 (Windows NT 10.0; Win64; x64) AppleWebKit/537.36 (KHTML, like Gecko) Chrome/131.0.0.0 Safari/537.36"
216.244.66.226 - - [22/Aug/2026:07:39:05 +0800] "GET /blog/blog/4200/post/12091/413212 HTTP/1.1" 404 35276 "-" "Mozilla/5.0 (compatible; DotBot/1.2; +https://opensiteexplorer.org/dotbot; help@moz.com)"
::1 - - [22/Aug/2026:07:39:06 +0800] "OPTIONS * HTTP/1.0" 200 110 "-" "Apache/2.4.68 (Ubuntu) OpenSSL/3.0.19 (internal dummy connection)"
18.237.61.196 - - [22/Aug/2026:07:39:06 +0800] "GET /ses/.env HTTP/1.1" 404 51421 "-" "Mozilla/5.0 (Windows NT 10.0; Win64; x64) AppleWebKit/537.36 (KHTML, like Gecko) Chrome/131.0.0.0 Safari/537.36"
18.207.79.144 - - [22/Aug/2026:07:39:04 +0800] "GET /physical/2020/04/06/%E5%90%84%E7%B4%9A%E5%AD%B8%E6%A0%A1%E5%B0%88%E4%BB%BB%E9%81%8B%E5%8B%95%E6%95%99%E7%B7%B4%E7%B8%BE%E6%95%88%E8%A9%95%E9%87%8F%E7%B5%84%E7%B9%94%E5%8F%8A%E5%AF%A9%E8%AD%B0%E6%BA%96%E5%89%87/ HTTP/1.1" 200 18263 "-" "Mozilla/5.0 AppleWebKit/537.36 (KHTML, like Gecko; compatible; Amazonbot/0.1; +https://developer.amazon.com/support/amazonbot) Chrome/119.0.6045.214 Safari/537.36"
18.206.47.187 - - [22/Aug/2026:07:39:06 +0800] "GET /wp-json/oembed/1.0/embed?url=https://www.kyes.ilc.edu.tw/2010/11/26/%25e5%25ae%259c%25e8%2598%25ad%25e6%259c%2589%25e7%25b7%259a%25e5%25a0%25b1%25e5%25b0%258e-%25e9%2587%2591%25e6%25b4%258b%25e5%259c%258b%25e5%25b0%258f-2/ HTTP/1.1" 200 8540 "-" "Mozilla/5.0 AppleWebKit/537.36 (KHTML, like Gecko; compatible; Amazonbot/0.1; +https://developer.amazon.com/support/amazonbot) Chrome/119.0.6045.214 Safari/537.36"
98.80.170.237 - - [22/Aug/2026:07:39:06 +0800] "GET /google-credentials.json HTTP/1.1" 404 83369 "-" "Mozilla/5.0 (Windows NT 10.0; Win64; x64) AppleWebKit/537.36 (KHTML, like Gecko) Chrome/131.0.0.0 Safari/537.36"
18.237.61.196 - - [22/Aug/2026:07:39:06 +0800] "GET /sendgrid/.env HTTP/1.1" 404 51421 "-" "Mozilla/5.0 (Windows NT 10.0; Win64; x64) AppleWebKit/537.36 (KHTML, like Gecko) Chrome/131.0.0.0 Safari/537.36"
3.144.99.169 - - [22/Aug/2026:07:39:04 +0800] "POST /api/v1/auto_login HTTP/1.1" 200 22808 "-" "Mozilla/5.0 (X11; Linux x86_64) AppleWebKit/537.36 (KHTML, like Gecko) Chrome/131.0.0.0 Safari/537.36"
18.237.61.196 - - [22/Aug/2026:07:39:06 +0800] "GET /sparkpost/.env HTTP/1.1" 404 51421 "-" "Mozilla/5.0 (Windows NT 10.0; Win64; x64) AppleWebKit/537.36 (KHTML, like Gecko) Chrome/131.0.0.0 Safari/537.36"
98.80.170.237 - - [22/Aug/2026:07:39:06 +0800] "GET /google-key.json HTTP/1.1" 404 83369 "-" "Mozilla/5.0 (Windows NT 10.0; Win64; x64) AppleWebKit/537.36 (KHTML, like Gecko) Chrome/131.0.0.0 Safari/537.36"
::1 - - [22/Aug/2026:07:39:07 +0800] "OPTIONS * HTTP/1.0" 200 110 "-" "Apache/2.4.68 (Ubuntu) OpenSSL/3.0.19 (internal dummy connection)"
18.237.61.196 - - [22/Aug/2026:07:39:07 +0800] "GET /postmark/.env HTTP/1.1" 404 51421 "-" "Mozilla/5.0 (Windows NT 10.0; Win64; x64) AppleWebKit/537.36 (KHTML, like Gecko) Chrome/131.0.0.0 Safari/537.36"
216.244.66.226 - - [22/Aug/2026:07:39:07 +0800] "GET /?s=VIPREG2024+1xbet+promo+code+no+deposit+South+Africa HTTP/1.1" 200 24884 "-" "Mozilla/5.0 (compatible; DotBot/1.2; +https://opensiteexplorer.org/dotbot; help@moz.com)"
18.237.61.196 - - [22/Aug/2026:07:39:07 +0800] "GET /mailgun/.env HTTP/1.1" 404 51421 "-" "Mozilla/5.0 (Windows NT 10.0; Win64; x64) AppleWebKit/537.36 (KHTML, like Gecko) Chrome/131.0.0.0 Safari/537.36"
34.231.181.240 - - [22/Aug/2026:07:39:07 +0800] "GET /wp-content/uploads/sites/847/6483/6483-2380376.gif HTTP/1.1" 200 6753 "-" "Mozilla/5.0 AppleWebKit/537.36 (KHTML, like Gecko; compatible; Amazonbot/0.1; +https://developer.amazon.com/support/amazonbot) Chrome/119.0.6045.214 Safari/537.36"
98.80.170.237 - - [22/Aug/2026:07:39:07 +0800] "GET /.config/gcloud/application_default_credentials.json HTTP/1.1" 404 83369 "-" "Mozilla/5.0 (Windows NT 10.0; Win64; x64) AppleWebKit/537.36 (KHTML, like Gecko) Chrome/131.0.0.0 Safari/537.36"
18.237.61.196 - - [22/Aug/2026:07:39:07 +0800] "GET /mandrill/.env HTTP/1.1" 404 51421 "-" "Mozilla/5.0 (Windows NT 10.0; Win64; x64) AppleWebKit/537.36 (KHTML, like Gecko) Chrome/131.0.0.0 Safari/537.36"
18.237.61.196 - - [22/Aug/2026:07:39:08 +0800] "GET /mailjet/.env HTTP/1.1" 404 51421 "-" "Mozilla/5.0 (Windows NT 10.0; Win64; x64) AppleWebKit/537.36 (KHTML, like Gecko) Chrome/131.0.0.0 Safari/537.36"
2001:288:a201::66:125 - - [22/Aug/2026:07:39:08 +0800] "GET /blog/active.php HTTP/1.1" 404 1084 "-" "-"
2001:288:a201::66:125 - - [22/Aug/2026:07:39:08 +0800] "GET /blog/active.php HTTP/1.1" 301 1026 "-" "-"
::1 - - [22/Aug/2026:07:39:08 +0800] "OPTIONS * HTTP/1.0" 200 110 "-" "Apache/2.4.68 (Ubuntu) OpenSSL/3.0.19 (internal dummy connection)"
140.111.67.10 - - [22/Aug/2026:07:39:08 +0800] "GET /" 301 273 "-" "-"
18.237.61.196 - - [22/Aug/2026:07:39:08 +0800] "GET /brevo/.env HTTP/1.1" 404 51421 "-" "Mozilla/5.0 (Windows NT 10.0; Win64; x64) AppleWebKit/537.36 (KHTML, like Gecko) Chrome/131.0.0.0 Safari/537.36"
98.80.170.237 - - [22/Aug/2026:07:39:08 +0800] "GET /application_default_credentials.json HTTP/1.1" 404 83369 "-" "Mozilla/5.0 (Windows NT 10.0; Win64; x64) AppleWebKit/537.36 (KHTML, like Gecko) Chrome/131.0.0.0 Safari/537.36"
66.249.79.137 - - [22/Aug/2026:07:39:07 +0800] "GET /wp-login.php?action=ilc_logout&_wpnonce=43754d0aad&redirect_to=//listyapavlina.ru/gallery/18872/ HTTP/1.1" 302 8247 "-" "Mozilla/5.0 (Linux; Android 6.0.1; Nexus 5X Build/MMB29P) AppleWebKit/537.36 (KHTML, like Gecko) Chrome/151.0.7922.137 Mobile Safari/537.36 (compatible; Googlebot/2.1; +http://www.google.com/bot.html)"
18.237.61.196 - - [22/Aug/2026:07:39:08 +0800] "GET /transactional/.env HTTP/1.1" 404 51421 "-" "Mozilla/5.0 (Windows NT 10.0; Win64; x64) AppleWebKit/537.36 (KHTML, like Gecko) Chrome/131.0.0.0 Safari/537.36"
34.194.14.255 - - [22/Aug/2026:07:39:08 +0800] "GET /32745/2025/07/27/%E5%9C%93%E4%BD%AE%E7%94%9C/ HTTP/1.1" 200 92039 "-" "Mozilla/5.0 AppleWebKit/537.36 (KHTML, like Gecko; compatible; Amazonbot/0.1; +https://developer.amazon.com/support/amazonbot) Chrome/119.0.6045.214 Safari/537.36"
216.244.66.226 - - [22/Aug/2026:07:39:08 +0800] "GET /blog/blog/17790/post/42847/217084 HTTP/1.1" 404 35276 "-" "Mozilla/5.0 (compatible; DotBot/1.2; +https://opensiteexplorer.org/dotbot; help@moz.com)"
18.237.61.196 - - [22/Aug/2026:07:39:08 +0800] "GET /bulk/.env HTTP/1.1" 404 51421 "-" "Mozilla/5.0 (Windows NT 10.0; Win64; x64) AppleWebKit/537.36 (KHTML, like Gecko) Chrome/131.0.0.0 Safari/537.36"
207.180.11.181 - - [22/Aug/2026:07:39:09 +0800] "GET /blog/gallery/6490/6490-4253223.jpg HTTP/1.1" 301 1064 "-" "-"
2409:8714:e95:160:102::c - - [22/Aug/2026:07:39:09 +0800] "-" 408 4794 "-" "-"
98.80.170.237 - - [22/Aug/2026:07:39:08 +0800] "GET /key.json HTTP/1.1" 404 83369 "-" "Mozilla/5.0 (Windows NT 10.0; Win64; x64) AppleWebKit/537.36 (KHTML, like Gecko) Chrome/131.0.0.0 Safari/537.36"
::1 - - [22/Aug/2026:07:39:09 +0800] "OPTIONS * HTTP/1.0" 200 110 "-" "Apache/2.4.68 (Ubuntu) OpenSSL/3.0.19 (internal dummy connection)"
18.237.61.196 - - [22/Aug/2026:07:39:09 +0800] "GET /aws/.env HTTP/1.1" 404 51421 "-" "Mozilla/5.0 (Windows NT 10.0; Win64; x64) AppleWebKit/537.36 (KHTML, like Gecko) Chrome/131.0.0.0 Safari/537.36"
18.237.61.196 - - [22/Aug/2026:07:39:09 +0800] "GET /azure/.env HTTP/1.1" 404 51421 "-" "Mozilla/5.0 (Windows NT 10.0; Win64; x64) AppleWebKit/537.36 (KHTML, like Gecko) Chrome/131.0.0.0 Safari/537.36"
207.180.11.63 - - [22/Aug/2026:07:39:09 +0800] "GET /blog/gallery/6490/6490-4253225.jpg HTTP/1.1" 301 1064 "-" "-"
144.31.35.61 - - [22/Aug/2026:07:39:09 +0800] "GET /blog/gallery/6490/6490-4253229.jpg HTTP/1.1" 301 1064 "-" "-"
216.75.132.40 - - [22/Aug/2026:07:39:09 +0800] "GET /blog/imgs/thumbs_up.gif HTTP/1.1" 301 1042 "-" "-"
98.80.170.237 - - [22/Aug/2026:07:39:09 +0800] "GET /keyfile.json HTTP/1.1" 404 83369 "-" "Mozilla/5.0 (Windows NT 10.0; Win64; x64) AppleWebKit/537.36 (KHTML, like Gecko) Chrome/131.0.0.0 Safari/537.36"
18.237.61.196 - - [22/Aug/2026:07:39:09 +0800] "GET /gcp/.env HTTP/1.1" 404 51421 "-" "Mozilla/5.0 (Windows NT 10.0; Win64; x64) AppleWebKit/537.36 (KHTML, like Gecko) Chrome/131.0.0.0 Safari/537.36"
216.244.66.226 - - [22/Aug/2026:07:39:09 +0800] "GET /blog/blog/41908 HTTP/1.1" 404 35276 "-" "Mozilla/5.0 (compatible; DotBot/1.2; +https://opensiteexplorer.org/dotbot; help@moz.com)"
66.249.71.9 - - [22/Aug/2026:07:39:08 +0800] "GET /wp-login.php?action=ilc_logout&_wpnonce=43754d0aad&redirect_to=//velopskov.ru/gallery/68421/ HTTP/1.1" 302 8243 "-" "Mozilla/5.0 (Linux; Android 6.0.1; Nexus 5X Build/MMB29P) AppleWebKit/537.36 (KHTML, like Gecko) Chrome/151.0.7922.137 Mobile Safari/537.36 (compatible; Googlebot/2.1; +http://www.google.com/bot.html)"
18.237.61.196 - - [22/Aug/2026:07:39:10 +0800] "GET /cloud/.env HTTP/1.1" 404 51421 "-" "Mozilla/5.0 (Windows NT 10.0; Win64; x64) AppleWebKit/537.36 (KHTML, like Gecko) Chrome/131.0.0.0 Safari/537.36"
::1 - - [22/Aug/2026:07:39:10 +0800] "OPTIONS * HTTP/1.0" 200 110 "-" "Apache/2.4.68 (Ubuntu) OpenSSL/3.0.19 (internal dummy connection)"
44.205.192.249 - - [22/Aug/2026:07:39:10 +0800] "GET /wp-content/uploads/sites/848/6554/6554-3341278.jpg HTTP/1.1" 200 54260 "-" "Mozilla/5.0 AppleWebKit/537.36 (KHTML, like Gecko; compatible; Amazonbot/0.1; +https://developer.amazon.com/support/amazonbot) Chrome/119.0.6045.214 Safari/537.36"
18.237.61.196 - - [22/Aug/2026:07:39:10 +0800] "GET /infrastructure/.env HTTP/1.1" 404 51421 "-" "Mozilla/5.0 (Windows NT 10.0; Win64; x64) AppleWebKit/537.36 (KHTML, like Gecko) Chrome/131.0.0.0 Safari/537.36"
98.80.170.237 - - [22/Aug/2026:07:39:10 +0800] "GET /firebase-adminsdk.json HTTP/1.1" 404 83369 "-" "Mozilla/5.0 (Windows NT 10.0; Win64; x64) AppleWebKit/537.36 (KHTML, like Gecko) Chrome/131.0.0.0 Safari/537.36"
18.237.61.196 - - [22/Aug/2026:07:39:10 +0800] "GET /docker/.env HTTP/1.1" 404 51421 "-" "Mozilla/5.0 (Windows NT 10.0; Win64; x64) AppleWebKit/537.36 (KHTML, like Gecko) Chrome/131.0.0.0 Safari/537.36"
::1 - - [22/Aug/2026:07:39:11 +0800] "OPTIONS * HTTP/1.0" 200 110 "-" "Apache/2.4.68 (Ubuntu) OpenSSL/3.0.19 (internal dummy connection)"
66.249.79.137 - - [22/Aug/2026:07:39:08 +0800] "GET /wp-login.php?action=ilc_logout&_wpnonce=43754d0aad&redirect_to=http://elpis-photo.ru/join/73971/ HTTP/1.1" 302 3462 "-" "Mozilla/5.0 (Linux; Android 6.0.1; Nexus 5X Build/MMB29P) AppleWebKit/537.36 (KHTML, like Gecko) Chrome/151.0.7922.137 Mobile Safari/537.36 (compatible; Googlebot/2.1; +http://www.google.com/bot.html)"
18.237.61.196 - - [22/Aug/2026:07:39:11 +0800] "GET /k8s/.env HTTP/1.1" 404 51421 "-" "Mozilla/5.0 (Windows NT 10.0; Win64; x64) AppleWebKit/537.36 (KHTML, like Gecko) Chrome/131.0.0.0 Safari/537.36"
66.249.71.9 - - [22/Aug/2026:07:39:09 +0800] "GET /wp-login.php?action=ilc_logout&_wpnonce=43754d0aad&redirect_to=//cafepuerto.ru/creator/15374/ HTTP/1.1" 302 8244 "-" "Mozilla/5.0 (Linux; Android 6.0.1; Nexus 5X Build/MMB29P) AppleWebKit/537.36 (KHTML, like Gecko) Chrome/151.0.7922.137 Mobile Safari/537.36 (compatible; Googlebot/2.1; +http://www.google.com/bot.html)"
98.80.170.237 - - [22/Aug/2026:07:39:11 +0800] "GET /firebase-key.json HTTP/1.1" 404 83369 "-" "Mozilla/5.0 (Windows NT 10.0; Win64; x64) AppleWebKit/537.36 (KHTML, like Gecko) Chrome/131.0.0.0 Safari/537.36"
216.244.66.226 - - [22/Aug/2026:07:39:11 +0800] "GET /civil/blog/643 HTTP/1.1" 404 35276 "-" "Mozilla/5.0 (compatible; DotBot/1.2; +https://opensiteexplorer.org/dotbot; help@moz.com)"
18.237.61.196 - - [22/Aug/2026:07:39:11 +0800] "GET /kubernetes/.env HTTP/1.1" 404 51421 "-" "Mozilla/5.0 (Windows NT 10.0; Win64; x64) AppleWebKit/537.36 (KHTML, like Gecko) Chrome/131.0.0.0 Safari/537.36"
2a03:2880:f802:28:: - - [22/Aug/2026:07:39:09 +0800] "GET /wp-login.php?key=bqa32381&_wpnonce=&action=ilc_logout&redirect_to=https%3A%2F%2Fgame.edu.kg HTTP/1.1" 302 8248 "-" "Mozilla/5.0 (Macintosh; Intel Mac OS X 10_15_7) AppleWebKit/537.36 (KHTML, like Gecko) Chrome/145.0.0.0 Safari/537.36 (compatible; meta-externalagent/1.1 (+https://developers.facebook.com/docs/sharing/webmasters/crawler))"
159.223.182.200 - - [22/Aug/2026:07:39:11 +0800] "GET /blog/gallery/6490/6490-4253219.jpg HTTP/1.1" 404 25426 "http://blog.ilc.edu.tw/" "Mozilla/5.0 (Windows NT 10.0; Win64; x64) AppleWebKit/537.36 (KHTML, like Gecko) Chrome/120.0.0.0 Safari/537.36"
18.237.61.196 - - [22/Aug/2026:07:39:11 +0800] "GET /terraform/.env HTTP/1.1" 404 51421 "-" "Mozilla/5.0 (Windows NT 10.0; Win64; x64) AppleWebKit/537.36 (KHTML, like Gecko) Chrome/131.0.0.0 Safari/537.36"
64.227.25.196 - - [22/Aug/2026:07:39:11 +0800] "GET /blog/gallery/6490/6490-4253217.jpg HTTP/1.1" 404 25426 "http://blog.ilc.edu.tw/" "Mozilla/5.0 (Windows NT 10.0; Win64; x64) AppleWebKit/537.36 (KHTML, like Gecko) Chrome/120.0.0.0 Safari/537.36"
18.237.61.196 - - [22/Aug/2026:07:39:12 +0800] "GET /ansible/.env HTTP/1.1" 404 51421 "-" "Mozilla/5.0 (Windows NT 10.0; Win64; x64) AppleWebKit/537.36 (KHTML, like Gecko) Chrome/131.0.0.0 Safari/537.36"
::1 - - [22/Aug/2026:07:39:12 +0800] "OPTIONS * HTTP/1.0" 200 110 "-" "Apache/2.4.68 (Ubuntu) OpenSSL/3.0.19 (internal dummy connection)"
18.237.61.196 - - [22/Aug/2026:07:39:12 +0800] "GET /.git/.env HTTP/1.1" 404 51421 "-" "Mozilla/5.0 (Windows NT 10.0; Win64; x64) AppleWebKit/537.36 (KHTML, like Gecko) Chrome/131.0.0.0 Safari/537.36"
216.244.66.226 - - [22/Aug/2026:07:39:12 +0800] "GET /?s=VIPREG2024+1xbet+promo+codes+Costa+Rica HTTP/1.1" 200 24836 "-" "Mozilla/5.0 (compatible; DotBot/1.2; +https://opensiteexplorer.org/dotbot; help@moz.com)"
18.237.61.196 - - [22/Aug/2026:07:39:12 +0800] "GET /ci/.env HTTP/1.1" 404 51421 "-" "Mozilla/5.0 (Windows NT 10.0; Win64; x64) AppleWebKit/537.36 (KHTML, like Gecko) Chrome/131.0.0.0 Safari/537.36"
18.237.61.196 - - [22/Aug/2026:07:39:12 +0800] "GET /cd/.env HTTP/1.1" 404 51421 "-" "Mozilla/5.0 (Windows NT 10.0; Win64; x64) AppleWebKit/537.36 (KHTML, like Gecko) Chrome/131.0.0.0 Safari/537.36"
2001:288:a201::66:125 - - [22/Aug/2026:07:39:13 +0800] "GET /blog/active.php HTTP/1.1" 404 1084 "-" "-"
2001:288:a201::66:125 - - [22/Aug/2026:07:39:13 +0800] "GET /blog/active.php HTTP/1.1" 301 1026 "-" "-"
::1 - - [22/Aug/2026:07:39:13 +0800] "OPTIONS * HTTP/1.0" 200 110 "-" "Apache/2.4.68 (Ubuntu) OpenSSL/3.0.19 (internal dummy connection)"
140.111.67.10 - - [22/Aug/2026:07:39:13 +0800] "GET /" 301 273 "-" "-"
18.237.61.196 - - [22/Aug/2026:07:39:13 +0800] "GET /jenkins/.env HTTP/1.1" 404 51421 "-" "Mozilla/5.0 (Windows NT 10.0; Win64; x64) AppleWebKit/537.36 (KHTML, like Gecko) Chrome/131.0.0.0 Safari/537.36"
18.237.61.196 - - [22/Aug/2026:07:39:13 +0800] "GET /gitlab/.env HTTP/1.1" 404 51421 "-" "Mozilla/5.0 (Windows NT 10.0; Win64; x64) AppleWebKit/537.36 (KHTML, like Gecko) Chrome/131.0.0.0 Safari/537.36"
66.249.79.137 - - [22/Aug/2026:07:39:12 +0800] "GET /wp-login.php?action=ilc_logout&_wpnonce=43754d0aad&redirect_to=http://frycool.ru/gallery/67856/ HTTP/1.1" 302 3461 "-" "Mozilla/5.0 (Linux; Android 6.0.1; Nexus 5X Build/MMB29P) AppleWebKit/537.36 (KHTML, like Gecko) Chrome/151.0.7922.137 Mobile Safari/537.36 (compatible; Googlebot/2.1; +http://www.google.com/bot.html)"
18.237.61.196 - - [22/Aug/2026:07:39:13 +0800] "GET /github/.env HTTP/1.1" 404 51421 "-" "Mozilla/5.0 (Windows NT 10.0; Win64; x64) AppleWebKit/537.36 (KHTML, like Gecko) Chrome/131.0.0.0 Safari/537.36"
216.244.66.226 - - [22/Aug/2026:07:39:13 +0800] "GET /blog/blog/34699 HTTP/1.1" 404 35276 "-" "Mozilla/5.0 (compatible; DotBot/1.2; +https://opensiteexplorer.org/dotbot; help@moz.com)"
18.237.61.196 - - [22/Aug/2026:07:39:14 +0800] "GET /actions/.env HTTP/1.1" 404 51421 "-" "Mozilla/5.0 (Windows NT 10.0; Win64; x64) AppleWebKit/537.36 (KHTML, like Gecko) Chrome/131.0.0.0 Safari/537.36"
34.123.149.87 - - [22/Aug/2026:07:39:14 +0800] "GET /?p=3713 HTTP/1.1" 301 5829 "-" "Mozilla/5.0 (Macintosh; Intel Mac OS X 10_15_7) AppleWebKit/537.36 (KHTML, like Gecko) Chrome/120.0.0.0 Safari/537.36"
18.237.61.196 - - [22/Aug/2026:07:39:14 +0800] "GET /circleci/.env HTTP/1.1" 404 51421 "-" "Mozilla/5.0 (Windows NT 10.0; Win64; x64) AppleWebKit/537.36 (KHTML, like Gecko) Chrome/131.0.0.0 Safari/537.36"
18.237.61.196 - - [22/Aug/2026:07:39:14 +0800] "GET /travis/.env HTTP/1.1" 404 51421 "-" "Mozilla/5.0 (Windows NT 10.0; Win64; x64) AppleWebKit/537.36 (KHTML, like Gecko) Chrome/131.0.0.0 Safari/537.36"
18.237.61.196 - - [22/Aug/2026:07:39:14 +0800] "GET /buildkite/.env HTTP/1.1" 404 51421 "-" "Mozilla/5.0 (Windows NT 10.0; Win64; x64) AppleWebKit/537.36 (KHTML, like Gecko) Chrome/131.0.0.0 Safari/537.36"
18.237.61.196 - - [22/Aug/2026:07:39:15 +0800] "GET /mysql/.env HTTP/1.1" 404 51421 "-" "Mozilla/5.0 (Windows NT 10.0; Win64; x64) AppleWebKit/537.36 (KHTML, like Gecko) Chrome/131.0.0.0 Safari/537.36"
216.244.66.226 - - [22/Aug/2026:07:39:15 +0800] "GET /blog/?op=printView&articleId=140158&blogId=7077 HTTP/1.1" 404 35276 "-" "Mozilla/5.0 (compatible; DotBot/1.2; +https://opensiteexplorer.org/dotbot; help@moz.com)"
18.237.61.196 - - [22/Aug/2026:07:39:15 +0800] "GET /postgres/.env HTTP/1.1" 404 51421 "-" "Mozilla/5.0 (Windows NT 10.0; Win64; x64) AppleWebKit/537.36 (KHTML, like Gecko) Chrome/131.0.0.0 Safari/537.36"
54.157.99.244 - - [22/Aug/2026:07:39:15 +0800] "GET /wp-content/uploads/sites/697/2021/10/?C=S;O%3DA HTTP/1.1" 200 1112 "-" "Mozilla/5.0 AppleWebKit/537.36 (KHTML, like Gecko; compatible; Amazonbot/0.1; +https://developer.amazon.com/support/amazonbot) Chrome/119.0.6045.214 Safari/537.36"
18.237.61.196 - - [22/Aug/2026:07:39:15 +0800] "GET /mongodb/.env HTTP/1.1" 404 51421 "-" "Mozilla/5.0 (Windows NT 10.0; Win64; x64) AppleWebKit/537.36 (KHTML, like Gecko) Chrome/131.0.0.0 Safari/537.36"
::1 - - [22/Aug/2026:07:39:16 +0800] "OPTIONS * HTTP/1.0" 200 110 "-" "Apache/2.4.68 (Ubuntu) OpenSSL/3.0.19 (internal dummy connection)"
18.237.61.196 - - [22/Aug/2026:07:39:16 +0800] "GET /redis/.env HTTP/1.1" 404 51421 "-" "Mozilla/5.0 (Windows NT 10.0; Win64; x64) AppleWebKit/537.36 (KHTML, like Gecko) Chrome/131.0.0.0 Safari/537.36"
23.23.212.212 - - [22/Aug/2026:07:39:14 +0800] "GET /wp-json/oembed/1.0/embed?format=xml&url=https://www.wfes.ilc.edu.tw/2009/10/24/%25e8%2590%25ac%25e5%25af%258c%25e5%259c%258b%25e5%25b0%258fgoogle%25e5%259c%25b0%25e5%259c%2596%25e5%258f%258a%25e5%25ad%25b8%25e5%258d%2580/ HTTP/1.1" 200 7215 "-" "Mozilla/5.0 AppleWebKit/537.36 (KHTML, like Gecko; compatible; Amazonbot/0.1; +https://developer.amazon.com/support/amazonbot) Chrome/119.0.6045.214 Safari/537.36"
20.125.101.194 - - [22/Aug/2026:07:39:16 +0800] "GET /wp-content/uploads/sites/1148/2022/09/111%E5%AD%B8%E5%B9%B4%E5%BA%A6%E7%AC%AC2%E5%AD%B8%E6%9C%9F%E9%AB%98%E7%B4%9A%E4%B8%AD%E7%AD%89%E4%BB%A5%E4%B8%8B%E6%95%99%E8%82%B2%E9%9A%8E%E6%AE%B5%E9%9D%9E%E5%AD%B8%E6%A0%A1%E5%9E%8B%E6%85%8B%E5%AF%A6%E9%A9%97%E6%95%99%E8%82%B2%E7%94%B3%E8%AB%8B1.pdf HTTP/1.1" 200 81505 "-" "Mozilla/5.0 (compatible; MSR-Financial-PDF-Scorer/1.0)"
18.237.61.196 - - [22/Aug/2026:07:39:16 +0800] "GET /elasticsearch/.env HTTP/1.1" 404 51421 "-" "Mozilla/5.0 (Windows NT 10.0; Win64; x64) AppleWebKit/537.36 (KHTML, like Gecko) Chrome/131.0.0.0 Safari/537.36"
18.237.61.196 - - [22/Aug/2026:07:39:16 +0800] "GET /rabbitmq/.env HTTP/1.1" 404 51421 "-" "Mozilla/5.0 (Windows NT 10.0; Win64; x64) AppleWebKit/537.36 (KHTML, like Gecko) Chrome/131.0.0.0 Safari/537.36"
216.244.66.226 - - [22/Aug/2026:07:39:16 +0800] "GET /blog/?op=printView&articleId=166653&blogId=9536 HTTP/1.1" 404 35276 "-" "Mozilla/5.0 (compatible; DotBot/1.2; +https://opensiteexplorer.org/dotbot; help@moz.com)"
18.237.61.196 - - [22/Aug/2026:07:39:17 +0800] "GET /kafka/.env HTTP/1.1" 404 51421 "-" "Mozilla/5.0 (Windows NT 10.0; Win64; x64) AppleWebKit/537.36 (KHTML, like Gecko) Chrome/131.0.0.0 Safari/537.36"
66.249.79.137 - - [22/Aug/2026:07:39:15 +0800] "GET /wp-login.php?action=ilc_logout&_wpnonce=43754d0aad&redirect_to=//plotnikov-holding.ru/join/20833/ HTTP/1.1" 302 3463 "-" "Mozilla/5.0 (Linux; Android 6.0.1; Nexus 5X Build/MMB29P) AppleWebKit/537.36 (KHTML, like Gecko) Chrome/151.0.7922.137 Mobile Safari/537.36 (compatible; Googlebot/2.1; +http://www.google.com/bot.html)"
::1 - - [22/Aug/2026:07:39:17 +0800] "OPTIONS * HTTP/1.0" 200 110 "-" "Apache/2.4.68 (Ubuntu) OpenSSL/3.0.19 (internal dummy connection)"
18.237.61.196 - - [22/Aug/2026:07:39:17 +0800] "GET /queue/.env HTTP/1.1" 404 51421 "-" "Mozilla/5.0 (Windows NT 10.0; Win64; x64) AppleWebKit/537.36 (KHTML, like Gecko) Chrome/131.0.0.0 Safari/537.36"
98.80.170.237 - - [22/Aug/2026:07:39:17 +0800] "GET /api/v1/auto_login HTTP/1.1" 404 88301 "-" "Mozilla/5.0 (Windows NT 10.0; Win64; x64) AppleWebKit/537.36 (KHTML, like Gecko) Chrome/131.0.0.0 Safari/537.36"
18.237.61.196 - - [22/Aug/2026:07:39:17 +0800] "GET /worker/.env HTTP/1.1" 404 51421 "-" "Mozilla/5.0 (Windows NT 10.0; Win64; x64) AppleWebKit/537.36 (KHTML, like Gecko) Chrome/131.0.0.0 Safari/537.36"
18.237.61.196 - - [22/Aug/2026:07:39:17 +0800] "GET /job/.env HTTP/1.1" 404 51421 "-" "Mozilla/5.0 (Windows NT 10.0; Win64; x64) AppleWebKit/537.36 (KHTML, like Gecko) Chrome/131.0.0.0 Safari/537.36"
2001:288:a201::66:125 - - [22/Aug/2026:07:39:18 +0800] "GET /blog/active.php HTTP/1.1" 404 1084 "-" "-"
2001:288:a201::66:125 - - [22/Aug/2026:07:39:18 +0800] "GET /blog/active.php HTTP/1.1" 301 1026 "-" "-"
40.77.167.63 - - [22/Aug/2026:07:39:18 +0800] "GET /?s=8%2F22+%E7%A6%8F%E8%AA%A0%E9%AB%98%E4%B8%AD+%E5%BE%B5%E6%89%8D HTTP/1.1" 200 20499 "-" "Mozilla/5.0 AppleWebKit/537.36 (KHTML, like Gecko; compatible; bingbot/2.0; +http://www.bing.com/bingbot.htm) Chrome/116.0.1938.76 Safari/537.36"
34.195.60.66 - - [22/Aug/2026:07:39:18 +0800] "GET /6460/wp-json/wp/v2/posts/%22https:/2blog.ilc.edu.tw/wp-content/uploads/sites/2300/6460/6460-2823436.jpg/%22 HTTP/1.1" 404 6131 "-" "Mozilla/5.0 AppleWebKit/537.36 (KHTML, like Gecko; compatible; Amazonbot/0.1; +https://developer.amazon.com/support/amazonbot) Chrome/119.0.6045.214 Safari/537.36"
18.237.61.196 - - [22/Aug/2026:07:39:18 +0800] "GET /test/.env HTTP/1.1" 404 51421 "-" "Mozilla/5.0 (Windows NT 10.0; Win64; x64) AppleWebKit/537.36 (KHTML, like Gecko) Chrome/131.0.0.0 Safari/537.36"
140.111.67.10 - - [22/Aug/2026:07:39:18 +0800] "GET /" 301 273 "-" "-"
98.80.170.237 - - [22/Aug/2026:07:39:18 +0800] "POST /api/v1/auto_login HTTP/1.1" 404 83369 "-" "Mozilla/5.0 (Windows NT 10.0; Win64; x64) AppleWebKit/537.36 (KHTML, like Gecko) Chrome/131.0.0.0 Safari/537.36"
18.237.61.196 - - [22/Aug/2026:07:39:18 +0800] "GET /qa/.env HTTP/1.1" 404 51421 "-" "Mozilla/5.0 (Windows NT 10.0; Win64; x64) AppleWebKit/537.36 (KHTML, like Gecko) Chrome/131.0.0.0 Safari/537.36"
216.244.66.226 - - [22/Aug/2026:07:39:18 +0800] "GET /blog/?op=printView&articleId=229373&blogId=2234 HTTP/1.1" 404 35276 "-" "Mozilla/5.0 (compatible; DotBot/1.2; +https://opensiteexplorer.org/dotbot; help@moz.com)"
18.237.61.196 - - [22/Aug/2026:07:39:18 +0800] "GET /preview/.env HTTP/1.1" 404 51421 "-" "Mozilla/5.0 (Windows NT 10.0; Win64; x64) AppleWebKit/537.36 (KHTML, like Gecko) Chrome/131.0.0.0 Safari/537.36"
18.237.61.196 - - [22/Aug/2026:07:39:19 +0800] "GET /beta/.env HTTP/1.1" 404 51421 "-" "Mozilla/5.0 (Windows NT 10.0; Win64; x64) AppleWebKit/537.36 (KHTML, like Gecko) Chrome/131.0.0.0 Safari/537.36"
18.237.61.196 - - [22/Aug/2026:07:39:19 +0800] "GET /uat/.env HTTP/1.1" 404 51421 "-" "Mozilla/5.0 (Windows NT 10.0; Win64; x64) AppleWebKit/537.36 (KHTML, like Gecko) Chrome/131.0.0.0 Safari/537.36"
185.191.171.17 - - [22/Aug/2026:07:39:19 +0800] "GET /2226/archives/766 HTTP/1.1" 200 17217 "-" "Mozilla/5.0 (compatible; SemrushBot/7~bl; +http://www.semrush.com/bot.html)"
54.166.104.83 - - [22/Aug/2026:07:39:19 +0800] "GET /wp-content/uploads/sites/881/staatic/resources/e/f7632fdf2a7639c4a19b854510b1a7967432f29 HTTP/1.1" 200 24240 "-" "Mozilla/5.0 AppleWebKit/537.36 (KHTML, like Gecko; compatible; Amazonbot/0.1; +https://developer.amazon.com/support/amazonbot) Chrome/119.0.6045.214 Safari/537.36"
34.10.180.98 - - [22/Aug/2026:07:39:19 +0800] "GET /6452/2018/11/12/107-4-2-%E9%A3%9F%E8%BE%B2%E6%95%99%E8%82%B2-%E6%95%99%E8%82%B2%E8%BE%B2%E5%9C%92%E6%8E%A8%E5%8B%95%E8%A8%88%E7%95%AB/ HTTP/1.1" 200 15135 "-" "Mozilla/5.0 (Macintosh; Intel Mac OS X 10_15_7) AppleWebKit/537.36 (KHTML, like Gecko) Chrome/120.0.0.0 Safari/537.36"
18.237.61.196 - - [22/Aug/2026:07:39:19 +0800] "GET /stage/.env HTTP/1.1" 404 51421 "-" "Mozilla/5.0 (Windows NT 10.0; Win64; x64) AppleWebKit/537.36 (KHTML, like Gecko) Chrome/131.0.0.0 Safari/537.36"
18.237.61.196 - - [22/Aug/2026:07:39:19 +0800] "GET /development/.env HTTP/1.1" 404 51421 "-" "Mozilla/5.0 (Windows NT 10.0; Win64; x64) AppleWebKit/537.36 (KHTML, like Gecko) Chrome/131.0.0.0 Safari/537.36"
18.237.61.196 - - [22/Aug/2026:07:39:20 +0800] "GET /production/.env HTTP/1.1" 404 51421 "-" "Mozilla/5.0 (Windows NT 10.0; Win64; x64) AppleWebKit/537.36 (KHTML, like Gecko) Chrome/131.0.0.0 Safari/537.36"
34.192.67.98 - - [22/Aug/2026:07:39:20 +0800] "GET /26064/embed/ HTTP/1.1" 301 5737 "-" "Mozilla/5.0 AppleWebKit/537.36 (KHTML, like Gecko; compatible; Amazonbot/0.1; +https://developer.amazon.com/support/amazonbot) Chrome/119.0.6045.214 Safari/537.36"
18.237.61.196 - - [22/Aug/2026:07:39:20 +0800] "GET /config/app/.env HTTP/1.1" 404 51421 "-" "Mozilla/5.0 (Windows NT 10.0; Win64; x64) AppleWebKit/537.36 (KHTML, like Gecko) Chrome/131.0.0.0 Safari/537.36"
18.237.61.196 - - [22/Aug/2026:07:39:20 +0800] "GET /phpinfo.php HTTP/1.1" 404 973 "-" "Mozilla/5.0 (Windows NT 10.0; Win64; x64) AppleWebKit/537.36 (KHTML, like Gecko) Chrome/131.0.0.0 Safari/537.36"
23.230.188.31 - - [22/Aug/2026:07:39:20 +0800] "GET /26064/wp-content/uploads/sites/1066/2026/03/%E7%94%B3%E8%A8%B4%E6%B5%81%E7%A8%8B-690x461.png HTTP/1.1" 200 118460 "-" "Mozilla/5.0 (compatible; crawler)"
18.237.61.196 - - [22/Aug/2026:07:39:21 +0800] "GET /info.php HTTP/1.1" 404 973 "-" "Mozilla/5.0 (Windows NT 10.0; Win64; x64) AppleWebKit/537.36 (KHTML, like Gecko) Chrome/131.0.0.0 Safari/537.36"
18.237.61.196 - - [22/Aug/2026:07:39:21 +0800] "GET /php.php HTTP/1.1" 404 973 "-" "Mozilla/5.0 (Windows NT 10.0; Win64; x64) AppleWebKit/537.36 (KHTML, like Gecko) Chrome/131.0.0.0 Safari/537.36"
18.237.61.196 - - [22/Aug/2026:07:39:21 +0800] "GET /i.php HTTP/1.1" 404 973 "-" "Mozilla/5.0 (Windows NT 10.0; Win64; x64) AppleWebKit/537.36 (KHTML, like Gecko) Chrome/131.0.0.0 Safari/537.36"
18.237.61.196 - - [22/Aug/2026:07:39:21 +0800] "GET /pi.php HTTP/1.1" 404 973 "-" "Mozilla/5.0 (Windows NT 10.0; Win64; x64) AppleWebKit/537.36 (KHTML, like Gecko) Chrome/131.0.0.0 Safari/537.36"
18.237.61.196 - - [22/Aug/2026:07:39:21 +0800] "GET /pinfo.php HTTP/1.1" 404 973 "-" "Mozilla/5.0 (Windows NT 10.0; Win64; x64) AppleWebKit/537.36 (KHTML, like Gecko) Chrome/131.0.0.0 Safari/537.36"
216.244.66.226 - - [22/Aug/2026:07:39:21 +0800] "GET /blog/blog/21837/trackbacks/587593 HTTP/1.1" 404 35276 "-" "Mozilla/5.0 (compatible; DotBot/1.2; +https://opensiteexplorer.org/dotbot; help@moz.com)"
18.237.61.196 - - [22/Aug/2026:07:39:21 +0800] "GET /test.php HTTP/1.1" 404 973 "-" "Mozilla/5.0 (Windows NT 10.0; Win64; x64) AppleWebKit/537.36 (KHTML, like Gecko) Chrome/131.0.0.0 Safari/537.36"
52.4.229.9 - - [22/Aug/2026:07:39:22 +0800] "GET /26064/ HTTP/1.1" 200 22410 "-" "Mozilla/5.0 AppleWebKit/537.36 (KHTML, like Gecko; compatible; Amazonbot/0.1; +https://developer.amazon.com/support/amazonbot) Chrome/119.0.6045.214 Safari/537.36"
18.237.61.196 - - [22/Aug/2026:07:39:22 +0800] "GET /phpinfo HTTP/1.1" 404 51421 "-" "Mozilla/5.0 (Windows NT 10.0; Win64; x64) AppleWebKit/537.36 (KHTML, like Gecko) Chrome/131.0.0.0 Safari/537.36"
18.237.61.196 - - [22/Aug/2026:07:39:22 +0800] "GET /p.php HTTP/1.1" 404 973 "-" "Mozilla/5.0 (Windows NT 10.0; Win64; x64) AppleWebKit/537.36 (KHTML, like Gecko) Chrome/131.0.0.0 Safari/537.36"
18.237.61.196 - - [22/Aug/2026:07:39:22 +0800] "GET /debug.php HTTP/1.1" 404 973 "-" "Mozilla/5.0 (Windows NT 10.0; Win64; x64) AppleWebKit/537.36 (KHTML, like Gecko) Chrome/131.0.0.0 Safari/537.36"
18.237.61.196 - - [22/Aug/2026:07:39:22 +0800] "GET /admin/phpinfo.php HTTP/1.1" 404 973 "-" "Mozilla/5.0 (Windows NT 10.0; Win64; x64) AppleWebKit/537.36 (KHTML, like Gecko) Chrome/131.0.0.0 Safari/537.36"
18.237.61.196 - - [22/Aug/2026:07:39:22 +0800] "GET /test/phpinfo.php HTTP/1.1" 404 973 "-" "Mozilla/5.0 (Windows NT 10.0; Win64; x64) AppleWebKit/537.36 (KHTML, like Gecko) Chrome/131.0.0.0 Safari/537.36"
18.237.61.196 - - [22/Aug/2026:07:39:23 +0800] "GET /dev/phpinfo.php HTTP/1.1" 404 973 "-" "Mozilla/5.0 (Windows NT 10.0; Win64; x64) AppleWebKit/537.36 (KHTML, like Gecko) Chrome/131.0.0.0 Safari/537.36"
2001:288:a201::66:125 - - [22/Aug/2026:07:39:23 +0800] "GET /blog/active.php HTTP/1.1" 404 1084 "-" "-"
2001:288:a201::66:125 - - [22/Aug/2026:07:39:23 +0800] "GET /blog/active.php HTTP/1.1" 301 1026 "-" "-"
18.237.61.196 - - [22/Aug/2026:07:39:23 +0800] "GET /old/phpinfo.php HTTP/1.1" 404 973 "-" "Mozilla/5.0 (Windows NT 10.0; Win64; x64) AppleWebKit/537.36 (KHTML, like Gecko) Chrome/131.0.0.0 Safari/537.36"
140.111.67.10 - - [22/Aug/2026:07:39:23 +0800] "GET /" 301 273 "-" "-"
18.237.61.196 - - [22/Aug/2026:07:39:23 +0800] "GET /tmp/phpinfo.php HTTP/1.1" 404 973 "-" "Mozilla/5.0 (Windows NT 10.0; Win64; x64) AppleWebKit/537.36 (KHTML, like Gecko) Chrome/131.0.0.0 Safari/537.36"
136.119.35.120 - - [22/Aug/2026:07:39:23 +0800] "GET /6448/2012/11/20/101%E5%B9%B4%E4%BA%8C%E5%9B%9B%E9%98%B2%E9%9C%87%E7%81%BD%E7%B9%AA%E7%95%AB%E6%AF%94%E8%B3%BD/ HTTP/1.1" 200 16351 "-" "Mozilla/5.0 (Macintosh; Intel Mac OS X 10_15_7) AppleWebKit/537.36 (KHTML, like Gecko) Chrome/120.0.0.0 Safari/537.36"
18.237.61.196 - - [22/Aug/2026:07:39:23 +0800] "GET /public/phpinfo.php HTTP/1.1" 404 973 "-" "Mozilla/5.0 (Windows NT 10.0; Win64; x64) AppleWebKit/537.36 (KHTML, like Gecko) Chrome/131.0.0.0 Safari/537.36"
18.237.61.196 - - [22/Aug/2026:07:39:23 +0800] "GET /info HTTP/1.1" 404 51421 "-" "Mozilla/5.0 (Windows NT 10.0; Win64; x64) AppleWebKit/537.36 (KHTML, like Gecko) Chrome/131.0.0.0 Safari/537.36"
3.222.190.107 - - [22/Aug/2026:07:39:23 +0800] "GET /wp-content/uploads/sites/2640/6569/6569-2804379.jpg HTTP/1.1" 200 38692 "-" "Mozilla/5.0 AppleWebKit/537.36 (KHTML, like Gecko; compatible; Amazonbot/0.1; +https://developer.amazon.com/support/amazonbot) Chrome/119.0.6045.214 Safari/537.36"
18.237.61.196 - - [22/Aug/2026:07:39:24 +0800] "GET /php-info.php HTTP/1.1" 404 973 "-" "Mozilla/5.0 (Windows NT 10.0; Win64; x64) AppleWebKit/537.36 (KHTML, like Gecko) Chrome/131.0.0.0 Safari/537.36"
107.20.181.148 - - [22/Aug/2026:07:39:23 +0800] "GET /6543/wp-json/oembed/1.0/embed?format=xml&url=https://2blog.ilc.edu.tw/6543/2017/11/03/106_2-2-5%25e6%25a0%25a1%25e5%259c%2592%25e7%25be%258e%25e5%258c%2596-%25e6%25b3%25b0%25e9%259b%2585%25e7%2595%25a2%25e5%258d%25a1%25e7%25b4%25a2%25e9%2590%25b5%25e6%259c%25a8%25e4%25ba%259e%25e6%25b2%2599%25e8%2580%2581%25e5%25b8%25ab/ HTTP/1.1" 200 7322 "-" "Mozilla/5.0 AppleWebKit/537.36 (KHTML, like Gecko; compatible; Amazonbot/0.1; +https://developer.amazon.com/support/amazonbot) Chrome/119.0.6045.214 Safari/537.36"
18.237.61.196 - - [22/Aug/2026:07:39:24 +0800] "GET /phpversion.php HTTP/1.1" 404 973 "-" "Mozilla/5.0 (Windows NT 10.0; Win64; x64) AppleWebKit/537.36 (KHTML, like Gecko) Chrome/131.0.0.0 Safari/537.36"
18.237.61.196 - - [22/Aug/2026:07:39:24 +0800] "GET /_phpinfo.php HTTP/1.1" 404 973 "-" "Mozilla/5.0 (Windows NT 10.0; Win64; x64) AppleWebKit/537.36 (KHTML, like Gecko) Chrome/131.0.0.0 Safari/537.36"
216.73.216.20 - - [22/Aug/2026:07:39:24 +0800] "GET /6537/wp-json/wp/v2/posts/4981 HTTP/1.1" 200 14140 "-" "Mozilla/5.0 AppleWebKit/537.36 (KHTML, like Gecko; compatible; ClaudeBot/1.0; +claudebot@anthropic.com)"
216.73.216.20 - - [22/Aug/2026:07:39:24 +0800] "GET /6537/wp-json/wp/v2/posts/5171 HTTP/1.1" 200 15612 "-" "Mozilla/5.0 AppleWebKit/537.36 (KHTML, like Gecko; compatible; ClaudeBot/1.0; +claudebot@anthropic.com)"
216.73.216.20 - - [22/Aug/2026:07:39:24 +0800] "GET /19761/wp-json/wp/v2/posts/10 HTTP/1.1" 200 10496 "-" "Mozilla/5.0 AppleWebKit/537.36 (KHTML, like Gecko; compatible; ClaudeBot/1.0; +claudebot@anthropic.com)"
216.73.216.20 - - [22/Aug/2026:07:39:24 +0800] "GET /6537/wp-json/wp/v2/posts/4964 HTTP/1.1" 200 34573 "-" "Mozilla/5.0 AppleWebKit/537.36 (KHTML, like Gecko; compatible; ClaudeBot/1.0; +claudebot@anthropic.com)"
52.22.64.232 - - [22/Aug/2026:07:39:24 +0800] "GET /wp-json/oembed/1.0/embed?url=https://www.sjes.ilc.edu.tw/2013/10/23/%25e6%25ad%25b7%25e4%25bb%25bb%25e6%25a0%25a1%25e9%2595%25b7/ HTTP/1.1" 200 8332 "-" "Mozilla/5.0 AppleWebKit/537.36 (KHTML, like Gecko; compatible; Amazonbot/0.1; +https://developer.amazon.com/support/amazonbot) Chrome/119.0.6045.214 Safari/537.36"
18.237.61.196 - - [22/Aug/2026:07:39:24 +0800] "GET /old_phpinfo.php HTTP/1.1" 404 973 "-" "Mozilla/5.0 (Windows NT 10.0; Win64; x64) AppleWebKit/537.36 (KHTML, like Gecko) Chrome/131.0.0.0 Safari/537.36"
216.73.216.20 - - [22/Aug/2026:07:39:24 +0800] "GET /6537/wp-json/wp/v2/posts/4978 HTTP/1.1" 200 13386 "-" "Mozilla/5.0 AppleWebKit/537.36 (KHTML, like Gecko; compatible; ClaudeBot/1.0; +claudebot@anthropic.com)"
216.73.216.20 - - [22/Aug/2026:07:39:24 +0800] "GET /6537/wp-json/wp/v2/posts/4975 HTTP/1.1" 200 13844 "-" "Mozilla/5.0 AppleWebKit/537.36 (KHTML, like Gecko; compatible; ClaudeBot/1.0; +claudebot@anthropic.com)"
216.73.216.20 - - [22/Aug/2026:07:39:24 +0800] "GET /6537/wp-json/wp/v2/posts/4987 HTTP/1.1" 200 13907 "-" "Mozilla/5.0 AppleWebKit/537.36 (KHTML, like Gecko; compatible; ClaudeBot/1.0; +claudebot@anthropic.com)"
18.237.61.196 - - [22/Aug/2026:07:39:24 +0800] "GET /server-info.php HTTP/1.1" 404 973 "-" "Mozilla/5.0 (Windows NT 10.0; Win64; x64) AppleWebKit/537.36 (KHTML, like Gecko) Chrome/131.0.0.0 Safari/537.36"
2a03:2880:f80e:8:: - - [22/Aug/2026:07:39:22 +0800] "GET /wp-login.php?key=xqzd2386&_wpnonce=&action=ilc_logout&redirect_to=https%3A%2F%2Fchatgpt.com%2F%3Fq%3DPlease+provide+only+the+clickable+link+for+https%3A%2F%2Fwww.aayyy.com+and+without+any+extra+content HTTP/1.1" 302 8370 "-" "Mozilla/5.0 (Macintosh; Intel Mac OS X 10_15_7) AppleWebKit/537.36 (KHTML, like Gecko) Chrome/145.0.0.0 Safari/537.36 (compatible; meta-webindexer/1.1 (+https://developers.facebook.com/docs/sharing/webmasters/crawler))"
216.73.216.20 - - [22/Aug/2026:07:39:24 +0800] "GET /6537/wp-json/wp/v2/posts/4908 HTTP/1.1" 200 12809 "-" "Mozilla/5.0 AppleWebKit/537.36 (KHTML, like Gecko; compatible; ClaudeBot/1.0; +claudebot@anthropic.com)"
216.73.216.20 - - [22/Aug/2026:07:39:24 +0800] "GET /19761/wp-json/wp/v2/posts/9 HTTP/1.1" 200 5934 "-" "Mozilla/5.0 AppleWebKit/537.36 (KHTML, like Gecko; compatible; ClaudeBot/1.0; +claudebot@anthropic.com)"
216.73.216.20 - - [22/Aug/2026:07:39:24 +0800] "GET /6537/wp-json/wp/v2/posts/4985 HTTP/1.1" 200 8296 "-" "Mozilla/5.0 AppleWebKit/537.36 (KHTML, like Gecko; compatible; ClaudeBot/1.0; +claudebot@anthropic.com)"
18.237.61.196 - - [22/Aug/2026:07:39:25 +0800] "GET /server-status.php HTTP/1.1" 404 973 "-" "Mozilla/5.0 (Windows NT 10.0; Win64; x64) AppleWebKit/537.36 (KHTML, like Gecko) Chrome/131.0.0.0 Safari/537.36"
18.237.61.196 - - [22/Aug/2026:07:39:25 +0800] "GET /_profiler/phpinfo HTTP/1.1" 404 51421 "-" "Mozilla/5.0 (Windows NT 10.0; Win64; x64) AppleWebKit/537.36 (KHTML, like Gecko) Chrome/131.0.0.0 Safari/537.36"
216.244.66.226 - - [22/Aug/2026:07:39:25 +0800] "GET /blog/blog/24432/trackbacks/441955 HTTP/1.1" 404 35276 "-" "Mozilla/5.0 (compatible; DotBot/1.2; +https://opensiteexplorer.org/dotbot; help@moz.com)"
