216.73.216.20 - - [22/Aug/2026:07:43:13 +0800] "GET /sun520/wp-content/uploads/sites/3900/2026/03/IMG_9262-300x200.jpg HTTP/1.1" 200 20626 "-" "Mozilla/5.0 AppleWebKit/537.36 (KHTML, like Gecko; compatible; ClaudeBot/1.0; +claudebot@anthropic.com)"
216.73.216.20 - - [22/Aug/2026:07:43:13 +0800] "GET /sun520/wp-content/uploads/sites/3900/2026/03/IMG_9307-300x200.jpg HTTP/1.1" 200 14012 "-" "Mozilla/5.0 AppleWebKit/537.36 (KHTML, like Gecko; compatible; ClaudeBot/1.0; +claudebot@anthropic.com)"
216.73.216.20 - - [22/Aug/2026:07:43:13 +0800] "GET /sun520/wp-content/uploads/sites/3900/2026/03/IMG_8852-300x200.jpg HTTP/1.1" 200 16167 "-" "Mozilla/5.0 AppleWebKit/537.36 (KHTML, like Gecko; compatible; ClaudeBot/1.0; +claudebot@anthropic.com)"
17.241.219.154 - - [22/Aug/2026:07:43:13 +0800] "GET /6415/wp-content/cache/2blog.ilc.edu.tw/wpfc-minified/9luu7aa9/dd1b0.css HTTP/1.1" 200 15782 "https://2blog.ilc.edu.tw/6415/2016/11/17/105_3_5%e9%a8%8e%e4%b9%98%e8%87%aa%e8%a1%8c%e8%bb%8a%e5%8f%8a%e5%85%b1%e4%b9%98%e5%88%b6%e5%ba%a6/" "Mozilla/5.0 (Macintosh; Intel Mac OS X 10_15_7) AppleWebKit/605.1.15 (KHTML, like Gecko) Version/17.4 Safari/605.1.15 (Applebot/0.1; +http://www.apple.com/go/applebot)"
216.73.216.20 - - [22/Aug/2026:07:43:13 +0800] "GET /sun520/wp-content/uploads/sites/3900/2026/03/IMG_9250-300x200.jpg HTTP/1.1" 200 19717 "-" "Mozilla/5.0 AppleWebKit/537.36 (KHTML, like Gecko; compatible; ClaudeBot/1.0; +claudebot@anthropic.com)"
::1 - - [22/Aug/2026:07:43:13 +0800] "OPTIONS * HTTP/1.0" 200 110 "-" "Apache/2.4.68 (Ubuntu) OpenSSL/3.0.19 (internal dummy connection)"
216.73.216.20 - - [22/Aug/2026:07:43:13 +0800] "GET /sun520/wp-content/uploads/sites/3900/2026/04/IMG_2248-300x200.jpg HTTP/1.1" 200 13053 "-" "Mozilla/5.0 AppleWebKit/537.36 (KHTML, like Gecko; compatible; ClaudeBot/1.0; +claudebot@anthropic.com)"
216.73.216.20 - - [22/Aug/2026:07:43:13 +0800] "GET /sun520/wp-content/uploads/sites/3900/2026/03/IMG_9088-300x200.jpg HTTP/1.1" 200 12985 "-" "Mozilla/5.0 AppleWebKit/537.36 (KHTML, like Gecko; compatible; ClaudeBot/1.0; +claudebot@anthropic.com)"
216.73.216.20 - - [22/Aug/2026:07:43:13 +0800] "GET /sun520/wp-content/uploads/sites/3900/2026/03/IMG_8921-300x200.jpg HTTP/1.1" 200 17275 "-" "Mozilla/5.0 AppleWebKit/537.36 (KHTML, like Gecko; compatible; ClaudeBot/1.0; +claudebot@anthropic.com)"
216.73.216.20 - - [22/Aug/2026:07:43:14 +0800] "GET /sun520/wp-content/uploads/sites/3900/2026/03/IMG_8773-300x200.jpg HTTP/1.1" 200 18062 "-" "Mozilla/5.0 AppleWebKit/537.36 (KHTML, like Gecko; compatible; ClaudeBot/1.0; +claudebot@anthropic.com)"
216.73.216.20 - - [22/Aug/2026:07:43:14 +0800] "GET /sun520/wp-content/uploads/sites/3900/2026/03/IMG_9023-300x200.jpg HTTP/1.1" 200 14633 "-" "Mozilla/5.0 AppleWebKit/537.36 (KHTML, like Gecko; compatible; ClaudeBot/1.0; +claudebot@anthropic.com)"
216.73.216.20 - - [22/Aug/2026:07:43:14 +0800] "GET /sun520/wp-content/uploads/sites/3900/2026/03/IMG_8785-300x200.jpg HTTP/1.1" 200 17100 "-" "Mozilla/5.0 AppleWebKit/537.36 (KHTML, like Gecko; compatible; ClaudeBot/1.0; +claudebot@anthropic.com)"
216.73.216.20 - - [22/Aug/2026:07:43:14 +0800] "GET /sun520/wp-content/uploads/sites/3900/2026/03/IMG_8931-300x200.jpg HTTP/1.1" 200 11893 "-" "Mozilla/5.0 AppleWebKit/537.36 (KHTML, like Gecko; compatible; ClaudeBot/1.0; +claudebot@anthropic.com)"
216.73.216.20 - - [22/Aug/2026:07:43:14 +0800] "GET /sun520/wp-content/uploads/sites/3900/2026/03/IMG_8848-300x200.jpg HTTP/1.1" 200 15371 "-" "Mozilla/5.0 AppleWebKit/537.36 (KHTML, like Gecko; compatible; ClaudeBot/1.0; +claudebot@anthropic.com)"
216.73.216.20 - - [22/Aug/2026:07:43:14 +0800] "GET /sun520/wp-content/uploads/sites/3900/2026/03/IMG_8952-300x200.jpg HTTP/1.1" 200 17602 "-" "Mozilla/5.0 AppleWebKit/537.36 (KHTML, like Gecko; compatible; ClaudeBot/1.0; +claudebot@anthropic.com)"
100.55.60.118 - - [22/Aug/2026:07:43:12 +0800] "GET /vite/.env HTTP/1.1" 404 50069 "-" "Mozilla/5.0 (Windows NT 10.0; Win64; x64) AppleWebKit/537.36 (KHTML, like Gecko) Chrome/131.0.0.0 Safari/537.36"
216.73.216.20 - - [22/Aug/2026:07:43:14 +0800] "GET /sun520/wp-content/uploads/sites/3900/2026/04/IMG_1775-300x200.jpg HTTP/1.1" 200 19133 "-" "Mozilla/5.0 AppleWebKit/537.36 (KHTML, like Gecko; compatible; ClaudeBot/1.0; +claudebot@anthropic.com)"
216.73.216.20 - - [22/Aug/2026:07:43:14 +0800] "GET /sun520/wp-content/uploads/sites/3900/2026/03/IMG_9169-300x200.jpg HTTP/1.1" 200 14435 "-" "Mozilla/5.0 AppleWebKit/537.36 (KHTML, like Gecko; compatible; ClaudeBot/1.0; +claudebot@anthropic.com)"
::1 - - [22/Aug/2026:07:43:14 +0800] "OPTIONS * HTTP/1.0" 200 110 "-" "Apache/2.4.68 (Ubuntu) OpenSSL/3.0.19 (internal dummy connection)"
216.73.216.20 - - [22/Aug/2026:07:43:14 +0800] "GET /sun520/wp-content/uploads/sites/3900/2026/04/IMG_1920-300x200.jpg HTTP/1.1" 200 15781 "-" "Mozilla/5.0 AppleWebKit/537.36 (KHTML, like Gecko; compatible; ClaudeBot/1.0; +claudebot@anthropic.com)"
216.73.216.20 - - [22/Aug/2026:07:43:14 +0800] "GET /sun520/wp-content/uploads/sites/3900/2026/03/IMG_9405-300x200.jpg HTTP/1.1" 200 15422 "-" "Mozilla/5.0 AppleWebKit/537.36 (KHTML, like Gecko; compatible; ClaudeBot/1.0; +claudebot@anthropic.com)"
216.73.216.20 - - [22/Aug/2026:07:43:14 +0800] "GET /sun520/wp-content/uploads/sites/3900/2026/03/IMG_8756-300x200.jpg HTTP/1.1" 200 24229 "-" "Mozilla/5.0 AppleWebKit/537.36 (KHTML, like Gecko; compatible; ClaudeBot/1.0; +claudebot@anthropic.com)"
216.73.216.20 - - [22/Aug/2026:07:43:15 +0800] "GET /sun520/wp-content/uploads/sites/3900/2026/03/IMG_9165-300x200.jpg HTTP/1.1" 200 19129 "-" "Mozilla/5.0 AppleWebKit/537.36 (KHTML, like Gecko; compatible; ClaudeBot/1.0; +claudebot@anthropic.com)"
17.241.219.154 - - [22/Aug/2026:07:43:15 +0800] "GET /6415/wp-content/cache/2blog.ilc.edu.tw/wpfc-minified/47qiqkc/dd1b0.css HTTP/1.1" 200 53636 "https://2blog.ilc.edu.tw/6415/2016/11/17/105_3_5%e9%a8%8e%e4%b9%98%e8%87%aa%e8%a1%8c%e8%bb%8a%e5%8f%8a%e5%85%b1%e4%b9%98%e5%88%b6%e5%ba%a6/" "Mozilla/5.0 (Macintosh; Intel Mac OS X 10_15_7) AppleWebKit/605.1.15 (KHTML, like Gecko) Version/17.4 Safari/605.1.15 (Applebot/0.1; +http://www.apple.com/go/applebot)"
216.73.216.20 - - [22/Aug/2026:07:43:15 +0800] "GET /sun520/wp-content/uploads/sites/3900/2026/03/IMG_9843-300x200.jpg HTTP/1.1" 200 12654 "-" "Mozilla/5.0 AppleWebKit/537.36 (KHTML, like Gecko; compatible; ClaudeBot/1.0; +claudebot@anthropic.com)"
216.73.216.20 - - [22/Aug/2026:07:43:15 +0800] "GET /sun520/wp-content/uploads/sites/3900/2026/03/IMG_9526-300x200.jpg HTTP/1.1" 200 14510 "-" "Mozilla/5.0 AppleWebKit/537.36 (KHTML, like Gecko; compatible; ClaudeBot/1.0; +claudebot@anthropic.com)"
216.73.216.20 - - [22/Aug/2026:07:43:15 +0800] "GET /sun520/wp-content/uploads/sites/3900/2026/03/IMG_8926-300x200.jpg HTTP/1.1" 200 16662 "-" "Mozilla/5.0 AppleWebKit/537.36 (KHTML, like Gecko; compatible; ClaudeBot/1.0; +claudebot@anthropic.com)"
216.73.216.20 - - [22/Aug/2026:07:43:15 +0800] "GET /sun520/wp-content/uploads/sites/3900/2026/03/IMG_8899-300x200.jpg HTTP/1.1" 200 17977 "-" "Mozilla/5.0 AppleWebKit/537.36 (KHTML, like Gecko; compatible; ClaudeBot/1.0; +claudebot@anthropic.com)"
216.73.216.20 - - [22/Aug/2026:07:43:15 +0800] "GET /sun520/wp-content/uploads/sites/3900/2026/04/IMG_1992-300x200.jpg HTTP/1.1" 200 15271 "-" "Mozilla/5.0 AppleWebKit/537.36 (KHTML, like Gecko; compatible; ClaudeBot/1.0; +claudebot@anthropic.com)"
216.73.216.20 - - [22/Aug/2026:07:43:15 +0800] "GET /sun520/wp-content/uploads/sites/3900/2026/04/IMG_2242-300x200.jpg HTTP/1.1" 200 17804 "-" "Mozilla/5.0 AppleWebKit/537.36 (KHTML, like Gecko; compatible; ClaudeBot/1.0; +claudebot@anthropic.com)"
216.73.216.20 - - [22/Aug/2026:07:43:15 +0800] "GET /sun520/wp-content/uploads/sites/3900/2026/03/IMG_9272-300x200.jpg HTTP/1.1" 200 19454 "-" "Mozilla/5.0 AppleWebKit/537.36 (KHTML, like Gecko; compatible; ClaudeBot/1.0; +claudebot@anthropic.com)"
::1 - - [22/Aug/2026:07:43:15 +0800] "OPTIONS * HTTP/1.0" 200 110 "-" "Apache/2.4.68 (Ubuntu) OpenSSL/3.0.19 (internal dummy connection)"
216.73.216.20 - - [22/Aug/2026:07:43:15 +0800] "GET /sun520/wp-content/uploads/sites/3900/2026/03/IMG_9653-300x200.jpg HTTP/1.1" 200 17993 "-" "Mozilla/5.0 AppleWebKit/537.36 (KHTML, like Gecko; compatible; ClaudeBot/1.0; +claudebot@anthropic.com)"
216.73.216.20 - - [22/Aug/2026:07:43:15 +0800] "GET /sun520/wp-content/uploads/sites/3900/2026/03/IMG_8923-300x200.jpg HTTP/1.1" 200 16185 "-" "Mozilla/5.0 AppleWebKit/537.36 (KHTML, like Gecko; compatible; ClaudeBot/1.0; +claudebot@anthropic.com)"
216.73.216.20 - - [22/Aug/2026:07:43:15 +0800] "GET /sun520/wp-content/uploads/sites/3900/2026/03/IMG_9588-300x200.jpg HTTP/1.1" 200 17753 "-" "Mozilla/5.0 AppleWebKit/537.36 (KHTML, like Gecko; compatible; ClaudeBot/1.0; +claudebot@anthropic.com)"
52.21.62.139 - - [22/Aug/2026:07:43:15 +0800] "GET /wp-content/uploads/sites/847/6483/previews/6483-1217013.gif HTTP/1.1" 200 11971 "-" "Mozilla/5.0 AppleWebKit/537.36 (KHTML, like Gecko; compatible; Amazonbot/0.1; +https://developer.amazon.com/support/amazonbot) Chrome/119.0.6045.214 Safari/537.36"
216.73.216.20 - - [22/Aug/2026:07:43:16 +0800] "GET /sun520/wp-content/uploads/sites/3900/2026/03/IMG_8918-300x200.jpg HTTP/1.1" 200 15321 "-" "Mozilla/5.0 AppleWebKit/537.36 (KHTML, like Gecko; compatible; ClaudeBot/1.0; +claudebot@anthropic.com)"
216.73.216.20 - - [22/Aug/2026:07:43:16 +0800] "GET /sun520/wp-content/uploads/sites/3900/2026/03/IMG_9563-300x200.jpg HTTP/1.1" 200 14949 "-" "Mozilla/5.0 AppleWebKit/537.36 (KHTML, like Gecko; compatible; ClaudeBot/1.0; +claudebot@anthropic.com)"
216.73.216.20 - - [22/Aug/2026:07:43:16 +0800] "GET /sun520/wp-content/uploads/sites/3900/2026/03/IMG_9911-300x200.jpg HTTP/1.1" 200 16412 "-" "Mozilla/5.0 AppleWebKit/537.36 (KHTML, like Gecko; compatible; ClaudeBot/1.0; +claudebot@anthropic.com)"
216.73.216.20 - - [22/Aug/2026:07:43:16 +0800] "GET /sun520/wp-content/uploads/sites/3900/2026/03/IMG_8864-300x200.jpg HTTP/1.1" 200 15109 "-" "Mozilla/5.0 AppleWebKit/537.36 (KHTML, like Gecko; compatible; ClaudeBot/1.0; +claudebot@anthropic.com)"
216.73.216.20 - - [22/Aug/2026:07:43:16 +0800] "GET /sun520/wp-content/uploads/sites/3900/2026/03/IMG_9807-300x200.jpg HTTP/1.1" 200 17974 "-" "Mozilla/5.0 AppleWebKit/537.36 (KHTML, like Gecko; compatible; ClaudeBot/1.0; +claudebot@anthropic.com)"
17.241.219.154 - - [22/Aug/2026:07:43:16 +0800] "GET /6415/wp-includes/js/admin-bar.min.js HTTP/1.1" 200 2237 "https://2blog.ilc.edu.tw/6415/2016/11/17/105_3_5%e9%a8%8e%e4%b9%98%e8%87%aa%e8%a1%8c%e8%bb%8a%e5%8f%8a%e5%85%b1%e4%b9%98%e5%88%b6%e5%ba%a6/" "Mozilla/5.0 (Macintosh; Intel Mac OS X 10_15_7) AppleWebKit/605.1.15 (KHTML, like Gecko) Version/17.4 Safari/605.1.15 (Applebot/0.1; +http://www.apple.com/go/applebot)"
216.73.216.20 - - [22/Aug/2026:07:43:16 +0800] "GET /sun520/wp-content/uploads/sites/3900/2026/03/IMG_8751-300x200.jpg HTTP/1.1" 200 20990 "-" "Mozilla/5.0 AppleWebKit/537.36 (KHTML, like Gecko; compatible; ClaudeBot/1.0; +claudebot@anthropic.com)"
216.73.216.20 - - [22/Aug/2026:07:43:16 +0800] "GET /sun520/wp-content/uploads/sites/3900/2026/03/IMG_9874-300x200.jpg HTTP/1.1" 200 17164 "-" "Mozilla/5.0 AppleWebKit/537.36 (KHTML, like Gecko; compatible; ClaudeBot/1.0; +claudebot@anthropic.com)"
216.73.216.20 - - [22/Aug/2026:07:43:16 +0800] "GET /sun520/wp-content/uploads/sites/3900/2026/03/IMG_9538-300x200.jpg HTTP/1.1" 200 13846 "-" "Mozilla/5.0 AppleWebKit/537.36 (KHTML, like Gecko; compatible; ClaudeBot/1.0; +claudebot@anthropic.com)"
::1 - - [22/Aug/2026:07:43:16 +0800] "OPTIONS * HTTP/1.0" 200 110 "-" "Apache/2.4.68 (Ubuntu) OpenSSL/3.0.19 (internal dummy connection)"
216.73.216.20 - - [22/Aug/2026:07:43:16 +0800] "GET /sun520/wp-content/uploads/sites/3900/2026/03/IMG_9957-300x200.jpg HTTP/1.1" 200 16115 "-" "Mozilla/5.0 AppleWebKit/537.36 (KHTML, like Gecko; compatible; ClaudeBot/1.0; +claudebot@anthropic.com)"
216.73.216.20 - - [22/Aug/2026:07:43:16 +0800] "GET /sun520/wp-content/uploads/sites/3900/2026/03/IMG_8879-300x200.jpg HTTP/1.1" 200 19223 "-" "Mozilla/5.0 AppleWebKit/537.36 (KHTML, like Gecko; compatible; ClaudeBot/1.0; +claudebot@anthropic.com)"
216.73.216.20 - - [22/Aug/2026:07:43:16 +0800] "GET /sun520/wp-content/uploads/sites/3900/2026/03/IMG_9210-300x200.jpg HTTP/1.1" 200 17067 "-" "Mozilla/5.0 AppleWebKit/537.36 (KHTML, like Gecko; compatible; ClaudeBot/1.0; +claudebot@anthropic.com)"
216.73.216.20 - - [22/Aug/2026:07:43:17 +0800] "GET /sun520/wp-content/uploads/sites/3900/2026/03/IMG_8737-300x200.jpg HTTP/1.1" 200 20419 "-" "Mozilla/5.0 AppleWebKit/537.36 (KHTML, like Gecko; compatible; ClaudeBot/1.0; +claudebot@anthropic.com)"
100.55.60.118 - - [22/Aug/2026:07:43:15 +0800] "GET /backup/.env HTTP/1.1" 404 50059 "-" "Mozilla/5.0 (Windows NT 10.0; Win64; x64) AppleWebKit/537.36 (KHTML, like Gecko) Chrome/131.0.0.0 Safari/537.36"
216.73.216.20 - - [22/Aug/2026:07:43:17 +0800] "GET /sun520/wp-content/uploads/sites/3900/2026/04/IMG_1817-300x200.jpg HTTP/1.1" 200 18566 "-" "Mozilla/5.0 AppleWebKit/537.36 (KHTML, like Gecko; compatible; ClaudeBot/1.0; +claudebot@anthropic.com)"
216.73.216.20 - - [22/Aug/2026:07:43:17 +0800] "GET /sun520/wp-content/uploads/sites/3900/2026/03/IMG_9246-300x200.jpg HTTP/1.1" 200 18658 "-" "Mozilla/5.0 AppleWebKit/537.36 (KHTML, like Gecko; compatible; ClaudeBot/1.0; +claudebot@anthropic.com)"
216.73.216.20 - - [22/Aug/2026:07:43:17 +0800] "GET /sun520/wp-content/uploads/sites/3900/2026/04/IMG_2111-300x200.jpg HTTP/1.1" 200 16264 "-" "Mozilla/5.0 AppleWebKit/537.36 (KHTML, like Gecko; compatible; ClaudeBot/1.0; +claudebot@anthropic.com)"
216.73.216.20 - - [22/Aug/2026:07:43:17 +0800] "GET /sun520/wp-content/uploads/sites/3900/2026/03/IMG_8774-300x200.jpg HTTP/1.1" 200 17399 "-" "Mozilla/5.0 AppleWebKit/537.36 (KHTML, like Gecko; compatible; ClaudeBot/1.0; +claudebot@anthropic.com)"
216.73.216.20 - - [22/Aug/2026:07:43:17 +0800] "GET /sun520/wp-content/uploads/sites/3900/2026/03/IMG_9429-300x200.jpg HTTP/1.1" 200 15697 "-" "Mozilla/5.0 AppleWebKit/537.36 (KHTML, like Gecko; compatible; ClaudeBot/1.0; +claudebot@anthropic.com)"
216.73.216.20 - - [22/Aug/2026:07:43:17 +0800] "GET /sun520/wp-content/uploads/sites/3900/2026/04/IMG_1995-300x200.jpg HTTP/1.1" 200 15150 "-" "Mozilla/5.0 AppleWebKit/537.36 (KHTML, like Gecko; compatible; ClaudeBot/1.0; +claudebot@anthropic.com)"
216.73.216.20 - - [22/Aug/2026:07:43:17 +0800] "GET /sun520/wp-content/uploads/sites/3900/2026/03/IMG_9468-300x200.jpg HTTP/1.1" 200 14705 "-" "Mozilla/5.0 AppleWebKit/537.36 (KHTML, like Gecko; compatible; ClaudeBot/1.0; +claudebot@anthropic.com)"
::1 - - [22/Aug/2026:07:43:17 +0800] "OPTIONS * HTTP/1.0" 200 110 "-" "Apache/2.4.68 (Ubuntu) OpenSSL/3.0.19 (internal dummy connection)"
216.73.216.20 - - [22/Aug/2026:07:43:17 +0800] "GET /sun520/wp-content/uploads/sites/3900/2026/03/IMG_9290-300x200.jpg HTTP/1.1" 200 14015 "-" "Mozilla/5.0 AppleWebKit/537.36 (KHTML, like Gecko; compatible; ClaudeBot/1.0; +claudebot@anthropic.com)"
216.73.216.20 - - [22/Aug/2026:07:43:17 +0800] "GET /sun520/wp-content/uploads/sites/3900/2026/03/IMG_9464-300x200.jpg HTTP/1.1" 200 14911 "-" "Mozilla/5.0 AppleWebKit/537.36 (KHTML, like Gecko; compatible; ClaudeBot/1.0; +claudebot@anthropic.com)"
17.241.219.154 - - [22/Aug/2026:07:43:17 +0800] "GET /6415/wp-includes/js/imagesloaded.min.js HTTP/1.1" 200 2683 "https://2blog.ilc.edu.tw/6415/2016/11/17/105_3_5%e9%a8%8e%e4%b9%98%e8%87%aa%e8%a1%8c%e8%bb%8a%e5%8f%8a%e5%85%b1%e4%b9%98%e5%88%b6%e5%ba%a6/" "Mozilla/5.0 (Macintosh; Intel Mac OS X 10_15_7) AppleWebKit/605.1.15 (KHTML, like Gecko) Version/17.4 Safari/605.1.15 (Applebot/0.1; +http://www.apple.com/go/applebot)"
216.73.216.20 - - [22/Aug/2026:07:43:17 +0800] "GET /sun520/wp-content/uploads/sites/3900/2026/04/IMG_2108-300x200.jpg HTTP/1.1" 200 14869 "-" "Mozilla/5.0 AppleWebKit/537.36 (KHTML, like Gecko; compatible; ClaudeBot/1.0; +claudebot@anthropic.com)"
216.73.216.20 - - [22/Aug/2026:07:43:18 +0800] "GET /sun520/wp-content/uploads/sites/3900/2026/03/IMG_9917-300x200.jpg HTTP/1.1" 200 13596 "-" "Mozilla/5.0 AppleWebKit/537.36 (KHTML, like Gecko; compatible; ClaudeBot/1.0; +claudebot@anthropic.com)"
2001:288:a201::66:125 - - [22/Aug/2026:07:43:18 +0800] "GET /blog/active.php HTTP/1.1" 404 1084 "-" "-"
216.73.216.20 - - [22/Aug/2026:07:43:18 +0800] "GET /sun520/wp-content/uploads/sites/3900/2026/03/IMG_9581-300x200.jpg HTTP/1.1" 200 17102 "-" "Mozilla/5.0 AppleWebKit/537.36 (KHTML, like Gecko; compatible; ClaudeBot/1.0; +claudebot@anthropic.com)"
2001:288:a201::66:125 - - [22/Aug/2026:07:43:18 +0800] "GET /blog/active.php HTTP/1.1" 301 1026 "-" "-"
216.73.216.20 - - [22/Aug/2026:07:43:18 +0800] "GET /sun520/wp-content/uploads/sites/3900/2026/03/IMG_9592-300x200.jpg HTTP/1.1" 200 16235 "-" "Mozilla/5.0 AppleWebKit/537.36 (KHTML, like Gecko; compatible; ClaudeBot/1.0; +claudebot@anthropic.com)"
140.111.67.10 - - [22/Aug/2026:07:43:18 +0800] "GET /" 301 273 "-" "-"
216.73.216.20 - - [22/Aug/2026:07:43:18 +0800] "GET /sun520/wp-content/uploads/sites/3900/2026/03/IMG_9962-300x200.jpg HTTP/1.1" 200 16813 "-" "Mozilla/5.0 AppleWebKit/537.36 (KHTML, like Gecko; compatible; ClaudeBot/1.0; +claudebot@anthropic.com)"
216.73.216.20 - - [22/Aug/2026:07:43:18 +0800] "GET /sun520/wp-content/uploads/sites/3900/2026/03/IMG_9458-300x200.jpg HTTP/1.1" 200 16640 "-" "Mozilla/5.0 AppleWebKit/537.36 (KHTML, like Gecko; compatible; ClaudeBot/1.0; +claudebot@anthropic.com)"
216.73.216.20 - - [22/Aug/2026:07:43:18 +0800] "GET /sun520/wp-content/uploads/sites/3900/2026/03/IMG_9499-300x200.jpg HTTP/1.1" 200 14676 "-" "Mozilla/5.0 AppleWebKit/537.36 (KHTML, like Gecko; compatible; ClaudeBot/1.0; +claudebot@anthropic.com)"
216.73.216.20 - - [22/Aug/2026:07:43:18 +0800] "GET /sun520/wp-content/uploads/sites/3900/2026/03/IMG_9544-300x200.jpg HTTP/1.1" 200 13808 "-" "Mozilla/5.0 AppleWebKit/537.36 (KHTML, like Gecko; compatible; ClaudeBot/1.0; +claudebot@anthropic.com)"
216.73.216.20 - - [22/Aug/2026:07:43:18 +0800] "GET /sun520/wp-content/uploads/sites/3900/2026/03/IMG_9407-300x200.jpg HTTP/1.1" 200 18036 "-" "Mozilla/5.0 AppleWebKit/537.36 (KHTML, like Gecko; compatible; ClaudeBot/1.0; +claudebot@anthropic.com)"
::1 - - [22/Aug/2026:07:43:18 +0800] "OPTIONS * HTTP/1.0" 200 110 "-" "Apache/2.4.68 (Ubuntu) OpenSSL/3.0.19 (internal dummy connection)"
216.73.216.20 - - [22/Aug/2026:07:43:18 +0800] "GET /sun520/wp-content/uploads/sites/3900/2026/03/IMG_8778-300x200.jpg HTTP/1.1" 200 17856 "-" "Mozilla/5.0 AppleWebKit/537.36 (KHTML, like Gecko; compatible; ClaudeBot/1.0; +claudebot@anthropic.com)"
216.73.216.20 - - [22/Aug/2026:07:43:18 +0800] "GET /sun520/wp-content/uploads/sites/3900/2026/03/IMG_9719-300x200.jpg HTTP/1.1" 200 16089 "-" "Mozilla/5.0 AppleWebKit/537.36 (KHTML, like Gecko; compatible; ClaudeBot/1.0; +claudebot@anthropic.com)"
216.73.216.20 - - [22/Aug/2026:07:43:18 +0800] "GET /sun520/wp-content/uploads/sites/3900/2026/04/IMG_2185-300x200.jpg HTTP/1.1" 200 14763 "-" "Mozilla/5.0 AppleWebKit/537.36 (KHTML, like Gecko; compatible; ClaudeBot/1.0; +claudebot@anthropic.com)"
216.73.216.20 - - [22/Aug/2026:07:43:19 +0800] "GET /sun520/wp-content/uploads/sites/3900/2026/03/IMG_9926-300x200.jpg HTTP/1.1" 200 14363 "-" "Mozilla/5.0 AppleWebKit/537.36 (KHTML, like Gecko; compatible; ClaudeBot/1.0; +claudebot@anthropic.com)"
216.73.216.20 - - [22/Aug/2026:07:43:19 +0800] "GET /sun520/wp-content/uploads/sites/3900/2026/03/IMG_9316-300x200.jpg HTTP/1.1" 200 14102 "-" "Mozilla/5.0 AppleWebKit/537.36 (KHTML, like Gecko; compatible; ClaudeBot/1.0; +claudebot@anthropic.com)"
216.73.216.20 - - [22/Aug/2026:07:43:19 +0800] "GET /sun520/wp-content/uploads/sites/3900/2026/03/IMG_9497-300x200.jpg HTTP/1.1" 200 18447 "-" "Mozilla/5.0 AppleWebKit/537.36 (KHTML, like Gecko; compatible; ClaudeBot/1.0; +claudebot@anthropic.com)"
17.241.219.154 - - [22/Aug/2026:07:43:19 +0800] "GET /6415/wp-content/themes/oceanwp/assets/js/theme.min.js HTTP/1.1" 200 5130 "https://2blog.ilc.edu.tw/6415/2016/11/17/105_3_5%e9%a8%8e%e4%b9%98%e8%87%aa%e8%a1%8c%e8%bb%8a%e5%8f%8a%e5%85%b1%e4%b9%98%e5%88%b6%e5%ba%a6/" "Mozilla/5.0 (Macintosh; Intel Mac OS X 10_15_7) AppleWebKit/605.1.15 (KHTML, like Gecko) Version/17.4 Safari/605.1.15 (Applebot/0.1; +http://www.apple.com/go/applebot)"
216.73.216.20 - - [22/Aug/2026:07:43:19 +0800] "GET /sun520/wp-content/uploads/sites/3900/2026/03/IMG_9083-300x200.jpg HTTP/1.1" 200 13884 "-" "Mozilla/5.0 AppleWebKit/537.36 (KHTML, like Gecko; compatible; ClaudeBot/1.0; +claudebot@anthropic.com)"
216.73.216.20 - - [22/Aug/2026:07:43:19 +0800] "GET /sun520/wp-content/uploads/sites/3900/2026/03/IMG_9705-300x200.jpg HTTP/1.1" 200 14397 "-" "Mozilla/5.0 AppleWebKit/537.36 (KHTML, like Gecko; compatible; ClaudeBot/1.0; +claudebot@anthropic.com)"
216.73.216.20 - - [22/Aug/2026:07:43:19 +0800] "GET /sun520/wp-content/uploads/sites/3900/2026/03/IMG_9939-300x200.jpg HTTP/1.1" 200 12121 "-" "Mozilla/5.0 AppleWebKit/537.36 (KHTML, like Gecko; compatible; ClaudeBot/1.0; +claudebot@anthropic.com)"
54.83.56.1 - - [22/Aug/2026:07:43:19 +0800] "GET /wp-content/uploads/sites/752/2023/08/?C=N;O%3DA HTTP/1.1" 200 1112 "-" "Mozilla/5.0 AppleWebKit/537.36 (KHTML, like Gecko; compatible; Amazonbot/0.1; +https://developer.amazon.com/support/amazonbot) Chrome/119.0.6045.214 Safari/537.36"
2a03:2880:f802:1b:: - - [22/Aug/2026:07:43:18 +0800] "GET /wp-login.php?key=ygdef374&_wpnonce=&action=ilc_logout&redirect_to=https%3A%2F%2Fgame.edu.kg HTTP/1.1" 302 8248 "-" "Mozilla/5.0 (Macintosh; Intel Mac OS X 10_15_7) AppleWebKit/537.36 (KHTML, like Gecko) Chrome/145.0.0.0 Safari/537.36 (compatible; meta-externalagent/1.1 (+https://developers.facebook.com/docs/sharing/webmasters/crawler))"
100.55.60.118 - - [22/Aug/2026:07:43:17 +0800] "GET /backups/.env HTTP/1.1" 404 50079 "-" "Mozilla/5.0 (Windows NT 10.0; Win64; x64) AppleWebKit/537.36 (KHTML, like Gecko) Chrome/131.0.0.0 Safari/537.36"
216.73.216.20 - - [22/Aug/2026:07:43:19 +0800] "GET /sun520/wp-content/uploads/sites/3900/2026/03/IMG_9855-300x200.jpg HTTP/1.1" 200 10697 "-" "Mozilla/5.0 AppleWebKit/537.36 (KHTML, like Gecko; compatible; ClaudeBot/1.0; +claudebot@anthropic.com)"
216.73.216.20 - - [22/Aug/2026:07:43:19 +0800] "GET /sun520/wp-content/uploads/sites/3900/2026/03/IMG_8961-300x200.jpg HTTP/1.1" 200 17407 "-" "Mozilla/5.0 AppleWebKit/537.36 (KHTML, like Gecko; compatible; ClaudeBot/1.0; +claudebot@anthropic.com)"
216.73.216.20 - - [22/Aug/2026:07:43:19 +0800] "GET /sun520/wp-content/uploads/sites/3900/2026/03/IMG_9568-300x200.jpg HTTP/1.1" 200 15325 "-" "Mozilla/5.0 AppleWebKit/537.36 (KHTML, like Gecko; compatible; ClaudeBot/1.0; +claudebot@anthropic.com)"
240e:910:e000:811::13c2 - - [22/Aug/2026:07:43:19 +0800] "GET /2015/06/23 HTTP/1.1" 301 5761 "-" "Mozilla/5.0 (Windows NT 10.0; Win64; x64) AppleWebKit/537.36 (KHTML, like Gecko) Chrome/144.0.0.0 Safari/537.36"
216.73.216.20 - - [22/Aug/2026:07:43:19 +0800] "GET /sun520/wp-content/uploads/sites/3900/2026/03/IMG_8970-300x200.jpg HTTP/1.1" 200 18105 "-" "Mozilla/5.0 AppleWebKit/537.36 (KHTML, like Gecko; compatible; ClaudeBot/1.0; +claudebot@anthropic.com)"
216.73.216.20 - - [22/Aug/2026:07:43:19 +0800] "GET /sun520/wp-content/uploads/sites/3900/2026/03/IMG_8905-300x200.jpg HTTP/1.1" 200 20599 "-" "Mozilla/5.0 AppleWebKit/537.36 (KHTML, like Gecko; compatible; ClaudeBot/1.0; +claudebot@anthropic.com)"
216.73.216.20 - - [22/Aug/2026:07:43:20 +0800] "GET /sun520/wp-content/uploads/sites/3900/2026/04/IMG_2157-300x200.jpg HTTP/1.1" 200 19377 "-" "Mozilla/5.0 AppleWebKit/537.36 (KHTML, like Gecko; compatible; ClaudeBot/1.0; +claudebot@anthropic.com)"
216.73.216.20 - - [22/Aug/2026:07:43:20 +0800] "GET /sun520/wp-content/uploads/sites/3900/2026/03/IMG_8832-300x200.jpg HTTP/1.1" 200 14078 "-" "Mozilla/5.0 AppleWebKit/537.36 (KHTML, like Gecko; compatible; ClaudeBot/1.0; +claudebot@anthropic.com)"
240e:910:e000:811::13c2 - - [22/Aug/2026:07:43:20 +0800] "GET /2015/06/23/ HTTP/1.1" 200 10611 "-" "Mozilla/5.0 (Windows NT 10.0; Win64; x64) AppleWebKit/537.36 (KHTML, like Gecko) Chrome/144.0.0.0 Safari/537.36"
216.73.216.20 - - [22/Aug/2026:07:43:20 +0800] "GET /sun520/wp-content/uploads/sites/3900/2026/03/IMG_9224-300x200.jpg HTTP/1.1" 200 16803 "-" "Mozilla/5.0 AppleWebKit/537.36 (KHTML, like Gecko; compatible; ClaudeBot/1.0; +claudebot@anthropic.com)"
216.73.216.20 - - [22/Aug/2026:07:43:20 +0800] "GET /sun520/wp-content/uploads/sites/3900/2026/03/IMG_9923-300x200.jpg HTTP/1.1" 200 14927 "-" "Mozilla/5.0 AppleWebKit/537.36 (KHTML, like Gecko; compatible; ClaudeBot/1.0; +claudebot@anthropic.com)"
216.73.216.20 - - [22/Aug/2026:07:43:20 +0800] "GET /sun520/wp-content/uploads/sites/3900/2026/03/IMG_9480-300x200.jpg HTTP/1.1" 200 18014 "-" "Mozilla/5.0 AppleWebKit/537.36 (KHTML, like Gecko; compatible; ClaudeBot/1.0; +claudebot@anthropic.com)"
240e:910:e000:811::13c2 - - [22/Aug/2026:07:43:20 +0800] "GET /wp-content/cache/ilta.ilc.edu.tw/wpfc-minified/30cml7nx/6wvk.css HTTP/1.1" 200 40877 "https://ilta.ilc.edu.tw/2015/06/23/" "Mozilla/5.0 (Windows NT 10.0; Win64; x64) AppleWebKit/537.36 (KHTML, like Gecko) Chrome/144.0.0.0 Safari/537.36"
::1 - - [22/Aug/2026:07:43:20 +0800] "OPTIONS * HTTP/1.0" 200 110 "-" "Apache/2.4.68 (Ubuntu) OpenSSL/3.0.19 (internal dummy connection)"
216.73.216.20 - - [22/Aug/2026:07:43:21 +0800] "GET /sun520/wp-content/uploads/sites/3900/2026/04/IMG_1803-300x200.jpg HTTP/1.1" 200 21252 "-" "Mozilla/5.0 AppleWebKit/537.36 (KHTML, like Gecko; compatible; ClaudeBot/1.0; +claudebot@anthropic.com)"
216.73.216.20 - - [22/Aug/2026:07:43:21 +0800] "GET /sun520/wp-content/uploads/sites/3900/2026/04/IMG_1631-300x200.jpg HTTP/1.1" 200 19840 "-" "Mozilla/5.0 AppleWebKit/537.36 (KHTML, like Gecko; compatible; ClaudeBot/1.0; +claudebot@anthropic.com)"
216.73.216.20 - - [22/Aug/2026:07:43:21 +0800] "GET /sun520/wp-content/uploads/sites/3900/2026/04/IMG_2570-300x200.jpg HTTP/1.1" 200 19090 "-" "Mozilla/5.0 AppleWebKit/537.36 (KHTML, like Gecko; compatible; ClaudeBot/1.0; +claudebot@anthropic.com)"
216.73.216.20 - - [22/Aug/2026:07:43:21 +0800] "GET /sun520/wp-content/uploads/sites/3900/2026/04/IMG_1855-300x200.jpg HTTP/1.1" 200 24400 "-" "Mozilla/5.0 AppleWebKit/537.36 (KHTML, like Gecko; compatible; ClaudeBot/1.0; +claudebot@anthropic.com)"
240e:910:e000:811::13c2 - - [22/Aug/2026:07:43:21 +0800] "GET /wp-content/cache/ilta.ilc.edu.tw/wpfc-minified/l07fx5lw/6wvk.css HTTP/1.1" 200 15782 "https://ilta.ilc.edu.tw/2015/06/23/" "Mozilla/5.0 (Windows NT 10.0; Win64; x64) AppleWebKit/537.36 (KHTML, like Gecko) Chrome/144.0.0.0 Safari/537.36"
216.73.216.20 - - [22/Aug/2026:07:43:21 +0800] "GET /sun520/wp-content/uploads/sites/3900/2026/04/IMG_3119-300x200.jpg HTTP/1.1" 200 16822 "-" "Mozilla/5.0 AppleWebKit/537.36 (KHTML, like Gecko; compatible; ClaudeBot/1.0; +claudebot@anthropic.com)"
17.241.75.224 - - [22/Aug/2026:07:43:21 +0800] "GET /31421/2015/03/15/%e6%a0%a1%e6%85%b6%e3%80%8e%e9%9d%9c%e6%85%8b%e3%80%8f%e6%95%99%e5%ad%b8%e6%88%90%e6%9e%9c%e7%99%bc%e8%a1%a8%e6%9c%83/ HTTP/1.1" 200 16131 "-" "Mozilla/5.0 (Macintosh; Intel Mac OS X 10_15_7) AppleWebKit/605.1.15 (KHTML, like Gecko) Version/17.4 Safari/605.1.15 (Applebot/0.1; +http://www.apple.com/go/applebot)"
216.73.216.20 - - [22/Aug/2026:07:43:21 +0800] "GET /sun520/wp-content/uploads/sites/3900/2026/04/IMG_2413-300x200.jpg HTTP/1.1" 200 17703 "-" "Mozilla/5.0 AppleWebKit/537.36 (KHTML, like Gecko; compatible; ClaudeBot/1.0; +claudebot@anthropic.com)"
216.73.216.20 - - [22/Aug/2026:07:43:21 +0800] "GET /sun520/wp-content/uploads/sites/3900/2026/04/IMG_1619-300x200.jpg HTTP/1.1" 200 16999 "-" "Mozilla/5.0 AppleWebKit/537.36 (KHTML, like Gecko; compatible; ClaudeBot/1.0; +claudebot@anthropic.com)"
216.73.216.20 - - [22/Aug/2026:07:43:21 +0800] "GET /sun520/wp-content/uploads/sites/3900/2026/04/IMG_2418-300x200.jpg HTTP/1.1" 200 18835 "-" "Mozilla/5.0 AppleWebKit/537.36 (KHTML, like Gecko; compatible; ClaudeBot/1.0; +claudebot@anthropic.com)"
240e:910:e000:811::13c2 - - [22/Aug/2026:07:43:21 +0800] "GET /wp-includes/js/imagesloaded.min.js HTTP/1.1" 200 2683 "https://ilta.ilc.edu.tw/2015/06/23/" "Mozilla/5.0 (Windows NT 10.0; Win64; x64) AppleWebKit/537.36 (KHTML, like Gecko) Chrome/144.0.0.0 Safari/537.36"
216.73.216.20 - - [22/Aug/2026:07:43:21 +0800] "GET /sun520/wp-content/uploads/sites/3900/2026/04/IMG_2604-300x200.jpg HTTP/1.1" 200 16098 "-" "Mozilla/5.0 AppleWebKit/537.36 (KHTML, like Gecko; compatible; ClaudeBot/1.0; +claudebot@anthropic.com)"
216.73.216.20 - - [22/Aug/2026:07:43:21 +0800] "GET /sun520/wp-content/uploads/sites/3900/2026/04/IMG_1965-300x200.jpg HTTP/1.1" 200 17369 "-" "Mozilla/5.0 AppleWebKit/537.36 (KHTML, like Gecko; compatible; ClaudeBot/1.0; +claudebot@anthropic.com)"
216.73.216.20 - - [22/Aug/2026:07:43:21 +0800] "GET /sun520/wp-content/uploads/sites/3900/2026/04/IMG_2306-300x200.jpg HTTP/1.1" 200 12221 "-" "Mozilla/5.0 AppleWebKit/537.36 (KHTML, like Gecko; compatible; ClaudeBot/1.0; +claudebot@anthropic.com)"
216.73.216.20 - - [22/Aug/2026:07:43:21 +0800] "GET /sun520/wp-content/uploads/sites/3900/2026/04/IMG_1860-300x200.jpg HTTP/1.1" 200 19961 "-" "Mozilla/5.0 AppleWebKit/537.36 (KHTML, like Gecko; compatible; ClaudeBot/1.0; +claudebot@anthropic.com)"
216.73.216.20 - - [22/Aug/2026:07:43:21 +0800] "GET /sun520/wp-content/uploads/sites/3900/2026/04/IMG_2598-300x200.jpg HTTP/1.1" 200 14904 "-" "Mozilla/5.0 AppleWebKit/537.36 (KHTML, like Gecko; compatible; ClaudeBot/1.0; +claudebot@anthropic.com)"
216.73.216.20 - - [22/Aug/2026:07:43:21 +0800] "GET /sun520/wp-content/uploads/sites/3900/2026/04/IMG_1795-300x200.jpg HTTP/1.1" 200 15862 "-" "Mozilla/5.0 AppleWebKit/537.36 (KHTML, like Gecko; compatible; ClaudeBot/1.0; +claudebot@anthropic.com)"
216.73.216.20 - - [22/Aug/2026:07:43:21 +0800] "GET /sun520/wp-content/uploads/sites/3900/2026/04/IMG_1654-300x200.jpg HTTP/1.1" 200 16349 "-" "Mozilla/5.0 AppleWebKit/537.36 (KHTML, like Gecko; compatible; ClaudeBot/1.0; +claudebot@anthropic.com)"
240e:910:e000:811::13c2 - - [22/Aug/2026:07:43:21 +0800] "GET /wp-content/themes/oceanwp/assets/js/drop-down-search.min.js HTTP/1.1" 200 2968 "https://ilta.ilc.edu.tw/2015/06/23/" "Mozilla/5.0 (Windows NT 10.0; Win64; x64) AppleWebKit/537.36 (KHTML, like Gecko) Chrome/144.0.0.0 Safari/537.36"
216.73.216.20 - - [22/Aug/2026:07:43:21 +0800] "GET /sun520/wp-content/uploads/sites/3900/2026/04/IMG_3127-300x200.jpg HTTP/1.1" 200 20376 "-" "Mozilla/5.0 AppleWebKit/537.36 (KHTML, like Gecko; compatible; ClaudeBot/1.0; +claudebot@anthropic.com)"
100.55.60.118 - - [22/Aug/2026:07:43:20 +0800] "GET /old/.env HTTP/1.1" 404 50099 "-" "Mozilla/5.0 (Windows NT 10.0; Win64; x64) AppleWebKit/537.36 (KHTML, like Gecko) Chrome/131.0.0.0 Safari/537.36"
216.73.216.20 - - [22/Aug/2026:07:43:22 +0800] "GET /sun520/wp-content/uploads/sites/3900/2026/04/IMG_1623-300x200.jpg HTTP/1.1" 200 16789 "-" "Mozilla/5.0 AppleWebKit/537.36 (KHTML, like Gecko; compatible; ClaudeBot/1.0; +claudebot@anthropic.com)"
17.241.219.154 - - [22/Aug/2026:07:43:22 +0800] "GET /6415/wp-content/themes/oceanwp/assets/js/vendors/magnific-popup.min.js HTTP/1.1" 200 8270 "https://2blog.ilc.edu.tw/6415/2016/11/17/105_3_5%e9%a8%8e%e4%b9%98%e8%87%aa%e8%a1%8c%e8%bb%8a%e5%8f%8a%e5%85%b1%e4%b9%98%e5%88%b6%e5%ba%a6/" "Mozilla/5.0 (Macintosh; Intel Mac OS X 10_15_7) AppleWebKit/605.1.15 (KHTML, like Gecko) Version/17.4 Safari/605.1.15 (Applebot/0.1; +http://www.apple.com/go/applebot)"
216.73.216.20 - - [22/Aug/2026:07:43:22 +0800] "GET /sun520/wp-content/uploads/sites/3900/2026/04/IMG_2421-300x200.jpg HTTP/1.1" 200 18346 "-" "Mozilla/5.0 AppleWebKit/537.36 (KHTML, like Gecko; compatible; ClaudeBot/1.0; +claudebot@anthropic.com)"
216.73.216.20 - - [22/Aug/2026:07:43:22 +0800] "GET /sun520/wp-content/uploads/sites/3900/2026/04/IMG_1919-300x200.jpg HTTP/1.1" 200 16225 "-" "Mozilla/5.0 AppleWebKit/537.36 (KHTML, like Gecko; compatible; ClaudeBot/1.0; +claudebot@anthropic.com)"
240e:910:e000:811::13c2 - - [22/Aug/2026:07:43:22 +0800] "GET /wp-content/themes/oceanwp/assets/js/scroll-effect.min.js HTTP/1.1" 200 4127 "https://ilta.ilc.edu.tw/2015/06/23/" "Mozilla/5.0 (Windows NT 10.0; Win64; x64) AppleWebKit/537.36 (KHTML, like Gecko) Chrome/144.0.0.0 Safari/537.36"
216.73.216.20 - - [22/Aug/2026:07:43:22 +0800] "GET /sun520/wp-content/uploads/sites/3900/2026/04/IMG_2626-300x200.jpg HTTP/1.1" 200 16437 "-" "Mozilla/5.0 AppleWebKit/537.36 (KHTML, like Gecko; compatible; ClaudeBot/1.0; +claudebot@anthropic.com)"
216.73.216.20 - - [22/Aug/2026:07:43:22 +0800] "GET /sun520/wp-content/uploads/sites/3900/2026/04/IMG_2869-300x200.jpg HTTP/1.1" 200 15688 "-" "Mozilla/5.0 AppleWebKit/537.36 (KHTML, like Gecko; compatible; ClaudeBot/1.0; +claudebot@anthropic.com)"
216.73.216.20 - - [22/Aug/2026:07:43:22 +0800] "GET /sun520/wp-content/uploads/sites/3900/2026/04/IMG_2316-300x200.jpg HTTP/1.1" 200 17059 "-" "Mozilla/5.0 AppleWebKit/537.36 (KHTML, like Gecko; compatible; ClaudeBot/1.0; +claudebot@anthropic.com)"
240e:910:e000:811::13c2 - - [22/Aug/2026:07:43:22 +0800] "GET /wp-content/themes/oceanwp/assets/fonts/fontawesome/webfonts/fa-solid-900.woff2 HTTP/1.1" 200 151246 "https://ilta.ilc.edu.tw/wp-content/cache/ilta.ilc.edu.tw/wpfc-minified/7vo8n6iy/6wvk.css" "Mozilla/5.0 (Windows NT 10.0; Win64; x64) AppleWebKit/537.36 (KHTML, like Gecko) Chrome/144.0.0.0 Safari/537.36"
216.73.216.20 - - [22/Aug/2026:07:43:22 +0800] "GET /sun520/wp-content/uploads/sites/3900/2026/04/IMG_1721-300x200.jpg HTTP/1.1" 200 16466 "-" "Mozilla/5.0 AppleWebKit/537.36 (KHTML, like Gecko; compatible; ClaudeBot/1.0; +claudebot@anthropic.com)"
216.73.216.20 - - [22/Aug/2026:07:43:22 +0800] "GET /sun520/wp-content/uploads/sites/3900/2026/04/IMG_1564-300x200.jpg HTTP/1.1" 200 12011 "-" "Mozilla/5.0 AppleWebKit/537.36 (KHTML, like Gecko; compatible; ClaudeBot/1.0; +claudebot@anthropic.com)"
216.73.216.20 - - [22/Aug/2026:07:43:22 +0800] "GET /sun520/wp-content/uploads/sites/3900/2026/04/IMG_2238-300x200.jpg HTTP/1.1" 200 16758 "-" "Mozilla/5.0 AppleWebKit/537.36 (KHTML, like Gecko; compatible; ClaudeBot/1.0; +claudebot@anthropic.com)"
216.73.216.20 - - [22/Aug/2026:07:43:22 +0800] "GET /sun520/wp-content/uploads/sites/3900/2026/04/IMG_2458-300x200.jpg HTTP/1.1" 200 16751 "-" "Mozilla/5.0 AppleWebKit/537.36 (KHTML, like Gecko; compatible; ClaudeBot/1.0; +claudebot@anthropic.com)"
216.73.216.20 - - [22/Aug/2026:07:43:22 +0800] "GET /sun520/wp-content/uploads/sites/3900/2026/04/IMG_2042-300x200.jpg HTTP/1.1" 200 14881 "-" "Mozilla/5.0 AppleWebKit/537.36 (KHTML, like Gecko; compatible; ClaudeBot/1.0; +claudebot@anthropic.com)"
216.73.216.20 - - [22/Aug/2026:07:43:23 +0800] "GET /sun520/wp-content/uploads/sites/3900/2026/04/IMG_2559-300x200.jpg HTTP/1.1" 200 14083 "-" "Mozilla/5.0 AppleWebKit/537.36 (KHTML, like Gecko; compatible; ClaudeBot/1.0; +claudebot@anthropic.com)"
216.73.216.20 - - [22/Aug/2026:07:43:23 +0800] "GET /sun520/wp-content/uploads/sites/3900/2026/04/IMG_1916-300x200.jpg HTTP/1.1" 200 14887 "-" "Mozilla/5.0 AppleWebKit/537.36 (KHTML, like Gecko; compatible; ClaudeBot/1.0; +claudebot@anthropic.com)"
216.73.216.20 - - [22/Aug/2026:07:43:23 +0800] "GET /sun520/wp-content/uploads/sites/3900/2026/04/IMG_2028-300x200.jpg HTTP/1.1" 200 16203 "-" "Mozilla/5.0 AppleWebKit/537.36 (KHTML, like Gecko; compatible; ClaudeBot/1.0; +claudebot@anthropic.com)"
216.73.216.20 - - [22/Aug/2026:07:43:23 +0800] "GET /sun520/wp-content/uploads/sites/3900/2026/04/IMG_2586-300x200.jpg HTTP/1.1" 200 12998 "-" "Mozilla/5.0 AppleWebKit/537.36 (KHTML, like Gecko; compatible; ClaudeBot/1.0; +claudebot@anthropic.com)"
240e:910:e000:811::13c2 - - [22/Aug/2026:07:43:23 +0800] "GET /favicon.ico HTTP/1.1" 302 925 "https://ilta.ilc.edu.tw/2015/06/23/" "Mozilla/5.0 (Windows NT 10.0; Win64; x64) AppleWebKit/537.36 (KHTML, like Gecko) Chrome/144.0.0.0 Safari/537.36"
216.73.216.20 - - [22/Aug/2026:07:43:23 +0800] "GET /sun520/wp-content/uploads/sites/3900/2026/04/IMG_2439-300x200.jpg HTTP/1.1" 200 21251 "-" "Mozilla/5.0 AppleWebKit/537.36 (KHTML, like Gecko; compatible; ClaudeBot/1.0; +claudebot@anthropic.com)"
17.241.219.154 - - [22/Aug/2026:07:43:23 +0800] "GET /6415/wp-content/themes/oceanwp/assets/js/vendors/flickity.pkgd.min.js HTTP/1.1" 200 15048 "https://2blog.ilc.edu.tw/6415/2016/11/17/105_3_5%e9%a8%8e%e4%b9%98%e8%87%aa%e8%a1%8c%e8%bb%8a%e5%8f%8a%e5%85%b1%e4%b9%98%e5%88%b6%e5%ba%a6/" "Mozilla/5.0 (Macintosh; Intel Mac OS X 10_15_7) AppleWebKit/605.1.15 (KHTML, like Gecko) Version/17.4 Safari/605.1.15 (Applebot/0.1; +http://www.apple.com/go/applebot)"
216.73.216.20 - - [22/Aug/2026:07:43:23 +0800] "GET /sun520/wp-content/uploads/sites/3900/2026/04/IMG_2314-300x200.jpg HTTP/1.1" 200 15018 "-" "Mozilla/5.0 AppleWebKit/537.36 (KHTML, like Gecko; compatible; ClaudeBot/1.0; +claudebot@anthropic.com)"
216.73.216.20 - - [22/Aug/2026:07:43:23 +0800] "GET /sun520/wp-content/uploads/sites/3900/2026/04/IMG_1852-300x200.jpg HTTP/1.1" 200 18541 "-" "Mozilla/5.0 AppleWebKit/537.36 (KHTML, like Gecko; compatible; ClaudeBot/1.0; +claudebot@anthropic.com)"
240e:910:e000:811::13c2 - - [22/Aug/2026:07:43:23 +0800] "GET /wp-includes/images/w-logo-blue-white-bg.png HTTP/1.1" 200 4946 "https://ilta.ilc.edu.tw/2015/06/23/" "Mozilla/5.0 (Windows NT 10.0; Win64; x64) AppleWebKit/537.36 (KHTML, like Gecko) Chrome/144.0.0.0 Safari/537.36"
216.73.216.20 - - [22/Aug/2026:07:43:23 +0800] "GET /sun520/wp-content/uploads/sites/3900/2026/04/IMG_2310-300x200.jpg HTTP/1.1" 200 13145 "-" "Mozilla/5.0 AppleWebKit/537.36 (KHTML, like Gecko; compatible; ClaudeBot/1.0; +claudebot@anthropic.com)"
2001:288:a201::66:125 - - [22/Aug/2026:07:43:23 +0800] "GET /blog/active.php HTTP/1.1" 301 1026 "-" "-"
140.111.67.10 - - [22/Aug/2026:07:43:23 +0800] "GET /" 301 273 "-" "-"
2001:288:a201::66:125 - - [22/Aug/2026:07:43:23 +0800] "GET /blog/active.php HTTP/1.1" 404 1084 "-" "-"
216.73.216.20 - - [22/Aug/2026:07:43:23 +0800] "GET /sun520/wp-content/uploads/sites/3900/2026/04/IMG_2050-300x200.jpg HTTP/1.1" 200 13971 "-" "Mozilla/5.0 AppleWebKit/537.36 (KHTML, like Gecko; compatible; ClaudeBot/1.0; +claudebot@anthropic.com)"
216.73.216.20 - - [22/Aug/2026:07:43:23 +0800] "GET /sun520/wp-content/uploads/sites/3900/2026/04/IMG_1560-300x200.jpg HTTP/1.1" 200 12497 "-" "Mozilla/5.0 AppleWebKit/537.36 (KHTML, like Gecko; compatible; ClaudeBot/1.0; +claudebot@anthropic.com)"
216.73.216.20 - - [22/Aug/2026:07:43:23 +0800] "GET /sun520/wp-content/uploads/sites/3900/2026/04/IMG_1705-300x200.jpg HTTP/1.1" 200 17491 "-" "Mozilla/5.0 AppleWebKit/537.36 (KHTML, like Gecko; compatible; ClaudeBot/1.0; +claudebot@anthropic.com)"
216.73.216.20 - - [22/Aug/2026:07:43:24 +0800] "GET /sun520/wp-content/uploads/sites/3900/2026/04/IMG_2426-300x200.jpg HTTP/1.1" 200 19246 "-" "Mozilla/5.0 AppleWebKit/537.36 (KHTML, like Gecko; compatible; ClaudeBot/1.0; +claudebot@anthropic.com)"
216.73.216.20 - - [22/Aug/2026:07:43:24 +0800] "GET /sun520/wp-content/uploads/sites/3900/2026/04/IMG_1829-300x200.jpg HTTP/1.1" 200 15352 "-" "Mozilla/5.0 AppleWebKit/537.36 (KHTML, like Gecko; compatible; ClaudeBot/1.0; +claudebot@anthropic.com)"
216.73.216.20 - - [22/Aug/2026:07:43:24 +0800] "GET /sun520/wp-content/uploads/sites/3900/2026/04/IMG_1868-300x200.jpg HTTP/1.1" 200 19327 "-" "Mozilla/5.0 AppleWebKit/537.36 (KHTML, like Gecko; compatible; ClaudeBot/1.0; +claudebot@anthropic.com)"
216.73.216.20 - - [22/Aug/2026:07:43:24 +0800] "GET /sun520/wp-content/uploads/sites/3900/2026/04/IMG_3167-300x200.jpg HTTP/1.1" 200 16535 "-" "Mozilla/5.0 AppleWebKit/537.36 (KHTML, like Gecko; compatible; ClaudeBot/1.0; +claudebot@anthropic.com)"
216.73.216.20 - - [22/Aug/2026:07:43:24 +0800] "GET /sun520/wp-content/uploads/sites/3900/2026/04/IMG_1580-300x200.jpg HTTP/1.1" 200 18522 "-" "Mozilla/5.0 AppleWebKit/537.36 (KHTML, like Gecko; compatible; ClaudeBot/1.0; +claudebot@anthropic.com)"
100.55.60.118 - - [22/Aug/2026:07:43:22 +0800] "GET /tmp/.env HTTP/1.1" 404 50069 "-" "Mozilla/5.0 (Windows NT 10.0; Win64; x64) AppleWebKit/537.36 (KHTML, like Gecko) Chrome/131.0.0.0 Safari/537.36"
216.73.216.20 - - [22/Aug/2026:07:43:24 +0800] "GET /sun520/wp-content/uploads/sites/3900/2026/04/IMG_1807-300x200.jpg HTTP/1.1" 200 16873 "-" "Mozilla/5.0 AppleWebKit/537.36 (KHTML, like Gecko; compatible; ClaudeBot/1.0; +claudebot@anthropic.com)"
216.73.216.20 - - [22/Aug/2026:07:43:24 +0800] "GET /sun520/wp-content/uploads/sites/3900/2026/04/IMG_2370-300x200.jpg HTTP/1.1" 200 13684 "-" "Mozilla/5.0 AppleWebKit/537.36 (KHTML, like Gecko; compatible; ClaudeBot/1.0; +claudebot@anthropic.com)"
216.73.216.20 - - [22/Aug/2026:07:43:24 +0800] "GET /sun520/wp-content/uploads/sites/3900/2026/04/IMG_2057-300x200.jpg HTTP/1.1" 200 17437 "-" "Mozilla/5.0 AppleWebKit/537.36 (KHTML, like Gecko; compatible; ClaudeBot/1.0; +claudebot@anthropic.com)"
216.73.216.20 - - [22/Aug/2026:07:43:24 +0800] "GET /sun520/wp-content/uploads/sites/3900/2026/04/IMG_2928-300x200.jpg HTTP/1.1" 200 13800 "-" "Mozilla/5.0 AppleWebKit/537.36 (KHTML, like Gecko; compatible; ClaudeBot/1.0; +claudebot@anthropic.com)"
216.73.216.20 - - [22/Aug/2026:07:43:24 +0800] "GET /sun520/wp-content/uploads/sites/3900/2026/04/IMG_1584-300x200.jpg HTTP/1.1" 200 17535 "-" "Mozilla/5.0 AppleWebKit/537.36 (KHTML, like Gecko; compatible; ClaudeBot/1.0; +claudebot@anthropic.com)"
17.241.219.154 - - [22/Aug/2026:07:43:24 +0800] "GET /6415/wp-content/themes/oceanwp/assets/js/select.min.js HTTP/1.1" 200 2408 "https://2blog.ilc.edu.tw/6415/2016/11/17/105_3_5%e9%a8%8e%e4%b9%98%e8%87%aa%e8%a1%8c%e8%bb%8a%e5%8f%8a%e5%85%b1%e4%b9%98%e5%88%b6%e5%ba%a6/" "Mozilla/5.0 (Macintosh; Intel Mac OS X 10_15_7) AppleWebKit/605.1.15 (KHTML, like Gecko) Version/17.4 Safari/605.1.15 (Applebot/0.1; +http://www.apple.com/go/applebot)"
216.73.216.20 - - [22/Aug/2026:07:43:24 +0800] "GET /sun520/wp-content/uploads/sites/3900/2026/04/IMG_2975-300x200.jpg HTTP/1.1" 200 14487 "-" "Mozilla/5.0 AppleWebKit/537.36 (KHTML, like Gecko; compatible; ClaudeBot/1.0; +claudebot@anthropic.com)"
20.125.101.194 - - [22/Aug/2026:07:43:24 +0800] "GET /yletrc/wp-content/uploads/sites/3413/2021/11/110-1_%E5%81%A5%E5%BA%B7%E8%88%87%E9%AB%94%E8%82%B2%E9%AB%94%E8%82%B2_2%E5%B9%B4%E7%B4%9A%E8%B7%B3%E7%B9%A9%E5%96%AE%E5%85%83%E6%95%99%E6%A1%88_%E5%AE%9C%E7%B8%A3%E9%BB%8E%E6%98%8E%E5%9C%8B%E5%B0%8F.pdf HTTP/1.1" 200 875476 "-" "Mozilla/5.0 (compatible; MSR-Financial-PDF-Scorer/1.0)"
216.73.216.20 - - [22/Aug/2026:07:43:25 +0800] "GET /sun520/wp-content/uploads/sites/3900/2026/04/IMG_1892-300x200.jpg HTTP/1.1" 200 15714 "-" "Mozilla/5.0 AppleWebKit/537.36 (KHTML, like Gecko; compatible; ClaudeBot/1.0; +claudebot@anthropic.com)"
216.73.216.20 - - [22/Aug/2026:07:43:25 +0800] "GET /sun520/wp-content/uploads/sites/3900/2026/04/IMG_2924-300x200.jpg HTTP/1.1" 200 15753 "-" "Mozilla/5.0 AppleWebKit/537.36 (KHTML, like Gecko; compatible; ClaudeBot/1.0; +claudebot@anthropic.com)"
216.73.216.20 - - [22/Aug/2026:07:43:25 +0800] "GET /sun520/wp-content/uploads/sites/3900/2026/04/IMG_2422-300x200.jpg HTTP/1.1" 200 19591 "-" "Mozilla/5.0 AppleWebKit/537.36 (KHTML, like Gecko; compatible; ClaudeBot/1.0; +claudebot@anthropic.com)"
216.73.216.20 - - [22/Aug/2026:07:43:25 +0800] "GET /sun520/wp-content/uploads/sites/3900/2026/04/IMG_2856-300x200.jpg HTTP/1.1" 200 16949 "-" "Mozilla/5.0 AppleWebKit/537.36 (KHTML, like Gecko; compatible; ClaudeBot/1.0; +claudebot@anthropic.com)"
216.73.216.20 - - [22/Aug/2026:07:43:25 +0800] "GET /sun520/wp-content/uploads/sites/3900/2026/03/IMG_9289-300x200.jpg HTTP/1.1" 200 14154 "-" "Mozilla/5.0 AppleWebKit/537.36 (KHTML, like Gecko; compatible; ClaudeBot/1.0; +claudebot@anthropic.com)"
216.73.216.20 - - [22/Aug/2026:07:43:25 +0800] "GET /sun520/wp-content/uploads/sites/3900/2026/04/IMG_2398-300x200.jpg HTTP/1.1" 200 17108 "-" "Mozilla/5.0 AppleWebKit/537.36 (KHTML, like Gecko; compatible; ClaudeBot/1.0; +claudebot@anthropic.com)"
216.73.216.20 - - [22/Aug/2026:07:43:25 +0800] "GET /sun520/wp-content/uploads/sites/3900/2026/04/IMG_2638-300x200.jpg HTTP/1.1" 200 14865 "-" "Mozilla/5.0 AppleWebKit/537.36 (KHTML, like Gecko; compatible; ClaudeBot/1.0; +claudebot@anthropic.com)"
216.73.216.20 - - [22/Aug/2026:07:43:25 +0800] "GET /sun520/wp-content/uploads/sites/3900/2026/04/IMG_2746-300x200.jpg HTTP/1.1" 200 18927 "-" "Mozilla/5.0 AppleWebKit/537.36 (KHTML, like Gecko; compatible; ClaudeBot/1.0; +claudebot@anthropic.com)"
216.73.216.20 - - [22/Aug/2026:07:43:25 +0800] "GET /sun520/wp-content/uploads/sites/3900/2026/04/IMG_1653-300x200.jpg HTTP/1.1" 200 15957 "-" "Mozilla/5.0 AppleWebKit/537.36 (KHTML, like Gecko; compatible; ClaudeBot/1.0; +claudebot@anthropic.com)"
216.73.216.20 - - [22/Aug/2026:07:43:25 +0800] "GET /sun520/wp-content/uploads/sites/3900/2026/04/IMG_1597-300x200.jpg HTTP/1.1" 200 17499 "-" "Mozilla/5.0 AppleWebKit/537.36 (KHTML, like Gecko; compatible; ClaudeBot/1.0; +claudebot@anthropic.com)"
216.73.216.20 - - [22/Aug/2026:07:43:25 +0800] "GET /sun520/wp-content/uploads/sites/3900/2026/04/IMG_1938-300x200.jpg HTTP/1.1" 200 18779 "-" "Mozilla/5.0 AppleWebKit/537.36 (KHTML, like Gecko; compatible; ClaudeBot/1.0; +claudebot@anthropic.com)"
216.73.216.20 - - [22/Aug/2026:07:43:26 +0800] "GET /sun520/wp-content/uploads/sites/3900/2026/04/IMG_1695-300x200.jpg HTTP/1.1" 200 16116 "-" "Mozilla/5.0 AppleWebKit/537.36 (KHTML, like Gecko; compatible; ClaudeBot/1.0; +claudebot@anthropic.com)"
216.73.216.20 - - [22/Aug/2026:07:43:26 +0800] "GET /sun520/wp-content/uploads/sites/3900/2026/03/IMG_9158-300x200.jpg HTTP/1.1" 200 15624 "-" "Mozilla/5.0 AppleWebKit/537.36 (KHTML, like Gecko; compatible; ClaudeBot/1.0; +claudebot@anthropic.com)"
216.73.216.20 - - [22/Aug/2026:07:43:26 +0800] "GET /sun520/wp-content/uploads/sites/3900/2026/04/IMG_2347-300x200.jpg HTTP/1.1" 200 16129 "-" "Mozilla/5.0 AppleWebKit/537.36 (KHTML, like Gecko; compatible; ClaudeBot/1.0; +claudebot@anthropic.com)"
216.73.216.20 - - [22/Aug/2026:07:43:26 +0800] "GET /sun520/wp-content/uploads/sites/3900/2026/04/IMG_2274-300x200.jpg HTTP/1.1" 200 12195 "-" "Mozilla/5.0 AppleWebKit/537.36 (KHTML, like Gecko; compatible; ClaudeBot/1.0; +claudebot@anthropic.com)"
216.73.216.20 - - [22/Aug/2026:07:43:26 +0800] "GET /sun520/wp-content/uploads/sites/3900/2026/04/IMG_2424-300x200.jpg HTTP/1.1" 200 18602 "-" "Mozilla/5.0 AppleWebKit/537.36 (KHTML, like Gecko; compatible; ClaudeBot/1.0; +claudebot@anthropic.com)"
34.42.229.145 - - [22/Aug/2026:07:43:26 +0800] "GET /3860/2025/02/02/%E5%90%8C%E6%A8%82%E5%9C%8B%E5%B0%8F%E6%94%9D%E5%BD%B1%E5%90%8C%E6%A8%82100%E5%BC%B5%E7%9B%B8%E7%89%87%E4%B8%83%E5%AD%97%E4%BB%94%E5%9B%9B%E5%8F%A5%E8%81%AF/attachment/40/ HTTP/1.1" 200 28858 "-" "Mozilla/5.0 (Macintosh; Intel Mac OS X 10_15_7) AppleWebKit/537.36 (KHTML, like Gecko) Chrome/120.0.0.0 Safari/537.36"
17.241.219.154 - - [22/Aug/2026:07:43:26 +0800] "POST /6415/wp-json/ilc-summary/v1/popular-posts HTTP/1.1" 201 1400 "https://2blog.ilc.edu.tw/6415/2016/11/17/105_3_5%e9%a8%8e%e4%b9%98%e8%87%aa%e8%a1%8c%e8%bb%8a%e5%8f%8a%e5%85%b1%e4%b9%98%e5%88%b6%e5%ba%a6/" "Mozilla/5.0 (Macintosh; Intel Mac OS X 10_15_7) AppleWebKit/605.1.15 (KHTML, like Gecko) Version/17.4 Safari/605.1.15 (Applebot/0.1; +http://www.apple.com/go/applebot)"
216.73.216.20 - - [22/Aug/2026:07:43:26 +0800] "GET /sun520/wp-content/uploads/sites/3900/2026/04/IMG_1638-300x200.jpg HTTP/1.1" 200 16004 "-" "Mozilla/5.0 AppleWebKit/537.36 (KHTML, like Gecko; compatible; ClaudeBot/1.0; +claudebot@anthropic.com)"
216.73.216.20 - - [22/Aug/2026:07:43:26 +0800] "GET /sun520/wp-content/uploads/sites/3900/2026/04/IMG_1661-300x200.jpg HTTP/1.1" 200 16983 "-" "Mozilla/5.0 AppleWebKit/537.36 (KHTML, like Gecko; compatible; ClaudeBot/1.0; +claudebot@anthropic.com)"
216.73.216.20 - - [22/Aug/2026:07:43:26 +0800] "GET /sun520/wp-content/uploads/sites/3900/2026/04/IMG_1773-300x200.jpg HTTP/1.1" 200 16750 "-" "Mozilla/5.0 AppleWebKit/537.36 (KHTML, like Gecko; compatible; ClaudeBot/1.0; +claudebot@anthropic.com)"
::1 - - [22/Aug/2026:07:43:26 +0800] "OPTIONS * HTTP/1.0" 200 110 "-" "Apache/2.4.68 (Ubuntu) OpenSSL/3.0.19 (internal dummy connection)"
216.73.216.20 - - [22/Aug/2026:07:43:26 +0800] "GET /sun520/wp-content/uploads/sites/3900/2026/04/IMG_2470-300x200.jpg HTTP/1.1" 200 16068 "-" "Mozilla/5.0 AppleWebKit/537.36 (KHTML, like Gecko; compatible; ClaudeBot/1.0; +claudebot@anthropic.com)"
216.73.216.20 - - [22/Aug/2026:07:43:26 +0800] "GET /sun520/wp-content/uploads/sites/3900/2026/04/IMG_1659-300x200.jpg HTTP/1.1" 200 16687 "-" "Mozilla/5.0 AppleWebKit/537.36 (KHTML, like Gecko; compatible; ClaudeBot/1.0; +claudebot@anthropic.com)"
100.55.60.118 - - [22/Aug/2026:07:43:25 +0800] "GET /temp/.env HTTP/1.1" 404 50074 "-" "Mozilla/5.0 (Windows NT 10.0; Win64; x64) AppleWebKit/537.36 (KHTML, like Gecko) Chrome/131.0.0.0 Safari/537.36"
216.73.216.20 - - [22/Aug/2026:07:43:27 +0800] "GET /sun520/wp-content/uploads/sites/3900/2026/04/IMG_1833-300x200.jpg HTTP/1.1" 200 15212 "-" "Mozilla/5.0 AppleWebKit/537.36 (KHTML, like Gecko; compatible; ClaudeBot/1.0; +claudebot@anthropic.com)"
216.73.216.20 - - [22/Aug/2026:07:43:27 +0800] "GET /sun520/wp-content/uploads/sites/3900/2026/03/IMG_9388-300x200.jpg HTTP/1.1" 200 15369 "-" "Mozilla/5.0 AppleWebKit/537.36 (KHTML, like Gecko; compatible; ClaudeBot/1.0; +claudebot@anthropic.com)"
216.73.216.20 - - [22/Aug/2026:07:43:27 +0800] "GET /sun520/wp-content/uploads/sites/3900/2026/04/IMG_1649-300x200.jpg HTTP/1.1" 200 15829 "-" "Mozilla/5.0 AppleWebKit/537.36 (KHTML, like Gecko; compatible; ClaudeBot/1.0; +claudebot@anthropic.com)"
216.73.216.20 - - [22/Aug/2026:07:43:27 +0800] "GET /sun520/wp-content/uploads/sites/3900/2026/04/IMG_2066-300x200.jpg HTTP/1.1" 200 17177 "-" "Mozilla/5.0 AppleWebKit/537.36 (KHTML, like Gecko; compatible; ClaudeBot/1.0; +claudebot@anthropic.com)"
216.73.216.20 - - [22/Aug/2026:07:43:27 +0800] "GET /sun520/wp-content/uploads/sites/3900/2026/04/IMG_1937-300x200.jpg HTTP/1.1" 200 19615 "-" "Mozilla/5.0 AppleWebKit/537.36 (KHTML, like Gecko; compatible; ClaudeBot/1.0; +claudebot@anthropic.com)"
