137.184.134.195 - - [22/Aug/2026:07:40:14 +0800] "GET /blog/gallery/135/135-1124772.jpg HTTP/1.1" 404 25426 "http://blog.ilc.edu.tw/" "Mozilla/5.0 (Windows NT 10.0; Win64; x64) AppleWebKit/537.36 (KHTML, like Gecko) Chrome/131.0.0.0 Safari/537.36"
34.215.240.225 - - [22/Aug/2026:07:40:14 +0800] "GET /apps/.env HTTP/1.1" 404 54906 "-" "Mozilla/5.0 (Windows NT 10.0; Win64; x64) AppleWebKit/537.36 (KHTML, like Gecko) Chrome/131.0.0.0 Safari/537.36"
165.22.183.50 - - [22/Aug/2026:07:40:14 +0800] "GET /blog/imgs/thumbs_up.gif HTTP/1.1" 404 25426 "http://blog.ilc.edu.tw/" "Mozilla/5.0 (Windows NT 10.0; Win64; x64) AppleWebKit/537.36 (KHTML, like Gecko) Chrome/131.0.0.0 Safari/537.36"
142.93.241.71 - - [22/Aug/2026:07:40:14 +0800] "GET /blog/gallery/2406/2406-703853.gif HTTP/1.1" 404 25426 "http://blog.ilc.edu.tw/" "Mozilla/5.0 (Windows NT 10.0; Win64; x64) AppleWebKit/537.36 (KHTML, like Gecko) Chrome/120.0.0.0 Safari/537.36"
162.243.169.133 - - [22/Aug/2026:07:40:15 +0800] "GET /blog/gallery/5156/5156-423887.jpg HTTP/1.1" 404 25426 "http://blog.ilc.edu.tw/" "Mozilla/5.0 (Windows NT 10.0; Win64; x64) AppleWebKit/537.36 (KHTML, like Gecko) Chrome/105.0.0.0 Safari/537.3"
66.249.79.138 - - [22/Aug/2026:07:40:12 +0800] "GET /wp-login.php?action=ilc_logout&_wpnonce=43754d0aad&redirect_to=http://stepibg.ru/job/49620/ HTTP/1.1" 302 8242 "-" "Mozilla/5.0 (compatible; Googlebot/2.1; +http://www.google.com/bot.html)"
34.215.240.225 - - [22/Aug/2026:07:40:15 +0800] "GET /api/.env HTTP/1.1" 404 54906 "-" "Mozilla/5.0 (Windows NT 10.0; Win64; x64) AppleWebKit/537.36 (KHTML, like Gecko) Chrome/131.0.0.0 Safari/537.36"
66.249.71.1 - - [22/Aug/2026:07:40:12 +0800] "GET /wp-login.php?action=ilc_logout&_wpnonce=43754d0aad&redirect_to=//ladstroy.ru/job/49921/ HTTP/1.1" 302 8238 "-" "Mozilla/5.0 (Linux; Android 6.0.1; Nexus 5X Build/MMB29P) AppleWebKit/537.36 (KHTML, like Gecko) Chrome/151.0.7922.137 Mobile Safari/537.36 (compatible; Googlebot/2.1; +http://www.google.com/bot.html)"
52.71.218.25 - - [22/Aug/2026:07:40:15 +0800] "GET /liaostrive/wp-json/wp/v2/posts/108 HTTP/1.1" 200 11045 "-" "Mozilla/5.0 AppleWebKit/537.36 (KHTML, like Gecko; compatible; Amazonbot/0.1; +https://developer.amazon.com/support/amazonbot) Chrome/119.0.6045.214 Safari/537.36"
34.215.240.225 - - [22/Aug/2026:07:40:15 +0800] "GET /web/.env HTTP/1.1" 404 54906 "-" "Mozilla/5.0 (Windows NT 10.0; Win64; x64) AppleWebKit/537.36 (KHTML, like Gecko) Chrome/131.0.0.0 Safari/537.36"
34.215.240.225 - - [22/Aug/2026:07:40:16 +0800] "GET /site/.env HTTP/1.1" 404 54906 "-" "Mozilla/5.0 (Windows NT 10.0; Win64; x64) AppleWebKit/537.36 (KHTML, like Gecko) Chrome/131.0.0.0 Safari/537.36"
2a03:2880:f802:a:: - - [22/Aug/2026:07:40:14 +0800] "GET /wp-login.php?key=pjbzc378&_wpnonce=&action=ilc_logout&redirect_to=https%3A%2F%2Fgame.edu.kg HTTP/1.1" 302 8248 "-" "Mozilla/5.0 (Macintosh; Intel Mac OS X 10_15_7) AppleWebKit/537.36 (KHTML, like Gecko) Chrome/145.0.0.0 Safari/537.36 (compatible; meta-externalagent/1.1 (+https://developers.facebook.com/docs/sharing/webmasters/crawler))"
34.56.53.225 - - [22/Aug/2026:07:40:17 +0800] "GET /25915/2015/09/%E5%95%9F%E5%8B%95%E8%80%81%E5%B8%AB%E7%9A%84%E5%90%88%E4%BD%9C%E5%AD%B8%E7%BF%92-104%E8%87%AA%E7%84%B6%E5%9C%98%E7%AC%AC%E4%B8%80%E6%AC%A1%E5%85%B1%E5%82%99%E5%B7%A5%E4%BD%9C%E5%9D%8A/ HTTP/1.1" 200 20649 "-" "Mozilla/5.0 (Macintosh; Intel Mac OS X 10_15_7) AppleWebKit/537.36 (KHTML, like Gecko) Chrome/120.0.0.0 Safari/537.36"
66.249.71.9 - - [22/Aug/2026:07:40:14 +0800] "GET /wp-login.php?action=ilc_logout&_wpnonce=43754d0aad&redirect_to=//lotos11.ru/creator/10672/ HTTP/1.1" 302 8241 "-" "Mozilla/5.0 (Linux; Android 6.0.1; Nexus 5X Build/MMB29P) AppleWebKit/537.36 (KHTML, like Gecko) Chrome/151.0.7922.137 Mobile Safari/537.36 (compatible; Googlebot/2.1; +http://www.google.com/bot.html)"
34.215.240.225 - - [22/Aug/2026:07:40:17 +0800] "GET /public/.env HTTP/1.1" 404 54906 "-" "Mozilla/5.0 (Windows NT 10.0; Win64; x64) AppleWebKit/537.36 (KHTML, like Gecko) Chrome/131.0.0.0 Safari/537.36"
2001:288:a201::66:125 - - [22/Aug/2026:07:40:18 +0800] "GET /blog/active.php HTTP/1.1" 301 1026 "-" "-"
2001:288:a201::66:125 - - [22/Aug/2026:07:40:18 +0800] "GET /blog/active.php HTTP/1.1" 404 1084 "-" "-"
52.167.144.227 - - [22/Aug/2026:07:40:18 +0800] "GET /category/c-3442/ HTTP/1.1" 200 26218 "-" "Mozilla/5.0 AppleWebKit/537.36 (KHTML, like Gecko; compatible; bingbot/2.0; +http://www.bing.com/bingbot.htm) Chrome/116.0.1938.76 Safari/537.36"
140.111.67.10 - - [22/Aug/2026:07:40:18 +0800] "GET /" 301 273 "-" "-"
184.73.167.217 - - [22/Aug/2026:07:40:18 +0800] "GET /liaostrive/wp-json/wp/v2/posts/%22https:/2blog.ilc.edu.tw/liaostrive/wp-content/uploads/sites/1681/2020/06/3071045_3_1-300x300.jpg/%22 HTTP/1.1" 404 6137 "-" "Mozilla/5.0 AppleWebKit/537.36 (KHTML, like Gecko; compatible; Amazonbot/0.1; +https://developer.amazon.com/support/amazonbot) Chrome/119.0.6045.214 Safari/537.36"
34.215.240.225 - - [22/Aug/2026:07:40:18 +0800] "GET /admin/.env HTTP/1.1" 404 54906 "-" "Mozilla/5.0 (Windows NT 10.0; Win64; x64) AppleWebKit/537.36 (KHTML, like Gecko) Chrome/131.0.0.0 Safari/537.36"
52.167.144.171 - - [22/Aug/2026:07:40:18 +0800] "GET /yleerc/2025/04/ HTTP/1.1" 200 23031 "-" "Mozilla/5.0 AppleWebKit/537.36 (KHTML, like Gecko; compatible; bingbot/2.0; +http://www.bing.com/bingbot.htm) Chrome/116.0.1938.76 Safari/537.36"
34.215.240.225 - - [22/Aug/2026:07:40:19 +0800] "GET /backend/.env HTTP/1.1" 404 54906 "-" "Mozilla/5.0 (Windows NT 10.0; Win64; x64) AppleWebKit/537.36 (KHTML, like Gecko) Chrome/131.0.0.0 Safari/537.36"
34.215.240.225 - - [22/Aug/2026:07:40:20 +0800] "GET /server/.env HTTP/1.1" 404 54906 "-" "Mozilla/5.0 (Windows NT 10.0; Win64; x64) AppleWebKit/537.36 (KHTML, like Gecko) Chrome/131.0.0.0 Safari/537.36"
::1 - - [22/Aug/2026:07:40:20 +0800] "OPTIONS * HTTP/1.0" 200 110 "-" "Apache/2.4.68 (Ubuntu) OpenSSL/3.0.19 (internal dummy connection)"
100.55.60.118 - - [22/Aug/2026:07:40:17 +0800] "GET /dev/.env HTTP/1.1" 404 54881 "-" "Mozilla/5.0 (Windows NT 10.0; Win64; x64) AppleWebKit/537.36 (KHTML, like Gecko) Chrome/131.0.0.0 Safari/537.36"
54.80.73.122 - - [22/Aug/2026:07:40:20 +0800] "GET /hsies201/wp-content/uploads/sites/3397/2022/02/S__5922901-1024x768.jpg HTTP/1.1" 200 101822 "-" "Mozilla/5.0 AppleWebKit/537.36 (KHTML, like Gecko; compatible; Amazonbot/0.1; +https://developer.amazon.com/support/amazonbot) Chrome/119.0.6045.214 Safari/537.36"
17.241.75.172 - - [22/Aug/2026:07:40:21 +0800] "GET /39204/wp-content/cache/2blog.ilc.edu.tw/wpfc-minified/md8x7ll4/5wyo9.css HTTP/1.1" 200 45682 "https://2blog.ilc.edu.tw/39204/2026/06/30/%e9%a3%9f%e8%be%b2%e7%b9%aa%e6%9c%ac%e3%80%8a%e7%bf%a1%e7%bf%a0%e7%8e%8b%e5%9c%8b%e7%9a%84%e7%a5%95%e5%af%86%e3%80%8b%e9%96%b1%e8%ae%80%e9%81%8a%e6%88%b2/" "Mozilla/5.0 (Macintosh; Intel Mac OS X 10_15_7) AppleWebKit/605.1.15 (KHTML, like Gecko) Version/17.4 Safari/605.1.15 (Applebot/0.1; +http://www.apple.com/go/applebot)"
34.215.240.225 - - [22/Aug/2026:07:40:20 +0800] "GET /frontend/.env HTTP/1.1" 404 54906 "-" "Mozilla/5.0 (Windows NT 10.0; Win64; x64) AppleWebKit/537.36 (KHTML, like Gecko) Chrome/131.0.0.0 Safari/537.36"
17.241.75.172 - - [22/Aug/2026:07:40:22 +0800] "GET /39204/wp-content/cache/2blog.ilc.edu.tw/wpfc-minified/31eyfph2/7umgk.js HTTP/1.1" 200 1643 "https://2blog.ilc.edu.tw/39204/2026/06/30/%e9%a3%9f%e8%be%b2%e7%b9%aa%e6%9c%ac%e3%80%8a%e7%bf%a1%e7%bf%a0%e7%8e%8b%e5%9c%8b%e7%9a%84%e7%a5%95%e5%af%86%e3%80%8b%e9%96%b1%e8%ae%80%e9%81%8a%e6%88%b2/" "Mozilla/5.0 (Macintosh; Intel Mac OS X 10_15_7) AppleWebKit/605.1.15 (KHTML, like Gecko) Version/17.4 Safari/605.1.15 (Applebot/0.1; +http://www.apple.com/go/applebot)"
34.215.240.225 - - [22/Aug/2026:07:40:21 +0800] "GET /src/.env HTTP/1.1" 404 54906 "-" "Mozilla/5.0 (Windows NT 10.0; Win64; x64) AppleWebKit/537.36 (KHTML, like Gecko) Chrome/131.0.0.0 Safari/537.36"
34.30.223.149 - - [22/Aug/2026:07:40:22 +0800] "GET /16811/2015/05/08/%E5%9B%9B%E5%B9%B4%E7%B4%9A%E6%8F%90%E4%BE%9B%E5%AE%B6%E9%95%B7%E4%B9%8B%E8%A6%AA%E8%81%B7%E6%95%99%E8%82%B2%E5%BA%A7%E8%AB%87%E6%9C%83/ HTTP/1.1" 200 30483 "-" "Mozilla/5.0 (Macintosh; Intel Mac OS X 10_15_7) AppleWebKit/537.36 (KHTML, like Gecko) Chrome/120.0.0.0 Safari/537.36"
54.84.169.196 - - [22/Aug/2026:07:40:22 +0800] "GET /wp-content/uploads/sites/2396/6070/6070-1422801.jpg HTTP/1.1" 200 61933 "-" "Mozilla/5.0 AppleWebKit/537.36 (KHTML, like Gecko; compatible; Amazonbot/0.1; +https://developer.amazon.com/support/amazonbot) Chrome/119.0.6045.214 Safari/537.36"
34.215.240.225 - - [22/Aug/2026:07:40:22 +0800] "GET /core/.env HTTP/1.1" 404 54906 "-" "Mozilla/5.0 (Windows NT 10.0; Win64; x64) AppleWebKit/537.36 (KHTML, like Gecko) Chrome/131.0.0.0 Safari/537.36"
2001:288:a201::66:125 - - [22/Aug/2026:07:40:23 +0800] "GET /blog/active.php HTTP/1.1" 404 1084 "-" "-"
185.191.171.17 - - [22/Aug/2026:07:40:22 +0800] "GET /daes113101/2024/12/05/%E5%B0%8F%E5%B0%8F%E8%97%9D%E8%A1%93%E5%AE%B6-%E8%9E%9E%E8%9F%BB%E5%9B%9E%E5%AE%B6/ HTTP/1.1" 200 15237 "-" "Mozilla/5.0 (compatible; SemrushBot/7~bl; +http://www.semrush.com/bot.html)"
2001:288:a201::66:125 - - [22/Aug/2026:07:40:23 +0800] "GET /blog/active.php HTTP/1.1" 301 1026 "-" "-"
140.111.67.10 - - [22/Aug/2026:07:40:23 +0800] "GET /" 301 273 "-" "-"
17.241.75.172 - - [22/Aug/2026:07:40:23 +0800] "GET /39204/wp-content/cache/2blog.ilc.edu.tw/wpfc-minified/kqcqgq99/5wyo9.css HTTP/1.1" 200 1157 "https://2blog.ilc.edu.tw/39204/2026/06/30/%e9%a3%9f%e8%be%b2%e7%b9%aa%e6%9c%ac%e3%80%8a%e7%bf%a1%e7%bf%a0%e7%8e%8b%e5%9c%8b%e7%9a%84%e7%a5%95%e5%af%86%e3%80%8b%e9%96%b1%e8%ae%80%e9%81%8a%e6%88%b2/" "Mozilla/5.0 (Macintosh; Intel Mac OS X 10_15_7) AppleWebKit/605.1.15 (KHTML, like Gecko) Version/17.4 Safari/605.1.15 (Applebot/0.1; +http://www.apple.com/go/applebot)"
34.215.240.225 - - [22/Aug/2026:07:40:23 +0800] "GET /core/app/.env HTTP/1.1" 404 54906 "-" "Mozilla/5.0 (Windows NT 10.0; Win64; x64) AppleWebKit/537.36 (KHTML, like Gecko) Chrome/131.0.0.0 Safari/537.36"
23.21.227.240 - - [22/Aug/2026:07:40:23 +0800] "GET /wp-content/uploads/sites/847/6483/6483-2389181.gif HTTP/1.1" 200 3838 "-" "Mozilla/5.0 AppleWebKit/537.36 (KHTML, like Gecko; compatible; Amazonbot/0.1; +https://developer.amazon.com/support/amazonbot) Chrome/119.0.6045.214 Safari/537.36"
3.213.106.226 - - [22/Aug/2026:07:40:23 +0800] "GET /6554/2014/11/30/103_4-5_1-11%E6%9C%88%E8%B3%87%E6%BA%90%E5%9B%9E%E6%94%B6%E6%88%90%E6%9E%9C%E7%B5%B1%E8%A8%88/ HTTP/1.1" 200 16621 "-" "Mozilla/5.0 AppleWebKit/537.36 (KHTML, like Gecko; compatible; Amazonbot/0.1; +https://developer.amazon.com/support/amazonbot) Chrome/119.0.6045.214 Safari/537.36"
216.73.216.20 - - [22/Aug/2026:07:40:23 +0800] "GET /?p=25 HTTP/1.1" 301 5836 "-" "Mozilla/5.0 AppleWebKit/537.36 (KHTML, like Gecko; compatible; ClaudeBot/1.0; +claudebot@anthropic.com)"
216.73.216.20 - - [22/Aug/2026:07:40:24 +0800] "GET /%e8%99%95%e5%ae%a4%e7%b0%a1%e4%bb%8b/ HTTP/1.1" 200 17298 "https://www.gtes.ilc.edu.tw/?p=25" "Mozilla/5.0 AppleWebKit/537.36 (KHTML, like Gecko; compatible; ClaudeBot/1.0; +claudebot@anthropic.com)"
34.215.240.225 - - [22/Aug/2026:07:40:23 +0800] "GET /config/.env HTTP/1.1" 404 54906 "-" "Mozilla/5.0 (Windows NT 10.0; Win64; x64) AppleWebKit/537.36 (KHTML, like Gecko) Chrome/131.0.0.0 Safari/537.36"
17.241.75.172 - - [22/Aug/2026:07:40:24 +0800] "GET /39204/wp-includes/js/admin-bar.min.js HTTP/1.1" 200 2237 "https://2blog.ilc.edu.tw/39204/2026/06/30/%e9%a3%9f%e8%be%b2%e7%b9%aa%e6%9c%ac%e3%80%8a%e7%bf%a1%e7%bf%a0%e7%8e%8b%e5%9c%8b%e7%9a%84%e7%a5%95%e5%af%86%e3%80%8b%e9%96%b1%e8%ae%80%e9%81%8a%e6%88%b2/" "Mozilla/5.0 (Macintosh; Intel Mac OS X 10_15_7) AppleWebKit/605.1.15 (KHTML, like Gecko) Version/17.4 Safari/605.1.15 (Applebot/0.1; +http://www.apple.com/go/applebot)"
34.215.240.225 - - [22/Aug/2026:07:40:24 +0800] "GET /private/.env HTTP/1.1" 404 54906 "-" "Mozilla/5.0 (Windows NT 10.0; Win64; x64) AppleWebKit/537.36 (KHTML, like Gecko) Chrome/131.0.0.0 Safari/537.36"
165.22.183.236 - - [22/Aug/2026:07:40:25 +0800] "GET /blog/gallery/2406/2406-2987300.png HTTP/1.1" 301 1064 "http://blog.ilc.edu.tw/" "Mozilla/5.0 (Windows NT 10.0; Win64; x64) AppleWebKit/537.36 (KHTML, like Gecko) Chrome/120.0.0.0 Safari/537.36"
216.73.216.20 - - [22/Aug/2026:07:40:25 +0800] "GET /6537/?p=5063 HTTP/1.1" 301 5831 "-" "Mozilla/5.0 AppleWebKit/537.36 (KHTML, like Gecko; compatible; ClaudeBot/1.0; +claudebot@anthropic.com)"
240e:935:a04:5403:0:1:0:14 - - [22/Aug/2026:07:40:22 +0800] "GET /21/2021 HTTP/1.1" 301 5758 "-" "Mozilla/5.0 (Windows NT 10.0; Win64; x64) AppleWebKit/537.36 (KHTML, like Gecko) Chrome/144.0.0.0 Safari/537.36"
216.73.216.20 - - [22/Aug/2026:07:40:25 +0800] "GET /6537/?p=4985 HTTP/1.1" 301 5813 "-" "Mozilla/5.0 AppleWebKit/537.36 (KHTML, like Gecko; compatible; ClaudeBot/1.0; +claudebot@anthropic.com)"
34.215.240.225 - - [22/Aug/2026:07:40:25 +0800] "GET /application/.env HTTP/1.1" 404 54906 "-" "Mozilla/5.0 (Windows NT 10.0; Win64; x64) AppleWebKit/537.36 (KHTML, like Gecko) Chrome/131.0.0.0 Safari/537.36"
216.73.216.20 - - [22/Aug/2026:07:40:25 +0800] "GET /6537/?p=5124 HTTP/1.1" 301 5833 "-" "Mozilla/5.0 AppleWebKit/537.36 (KHTML, like Gecko; compatible; ClaudeBot/1.0; +claudebot@anthropic.com)"
240e:935:a04:5403:0:1:0:14 - - [22/Aug/2026:07:40:26 +0800] "GET /21/2021/ HTTP/1.1" 200 13355 "-" "Mozilla/5.0 (Windows NT 10.0; Win64; x64) AppleWebKit/537.36 (KHTML, like Gecko) Chrome/144.0.0.0 Safari/537.36"
216.73.216.20 - - [22/Aug/2026:07:40:26 +0800] "GET /19761/?p=10 HTTP/1.1" 301 991 "-" "Mozilla/5.0 AppleWebKit/537.36 (KHTML, like Gecko; compatible; ClaudeBot/1.0; +claudebot@anthropic.com)"
216.73.216.20 - - [22/Aug/2026:07:40:25 +0800] "GET /6537/2013/11/24/ HTTP/1.1" 200 10529 "-" "Mozilla/5.0 AppleWebKit/537.36 (KHTML, like Gecko; compatible; ClaudeBot/1.0; +claudebot@anthropic.com)"
216.73.216.20 - - [22/Aug/2026:07:40:26 +0800] "GET /19761/?p=26 HTTP/1.1" 301 991 "-" "Mozilla/5.0 AppleWebKit/537.36 (KHTML, like Gecko; compatible; ClaudeBot/1.0; +claudebot@anthropic.com)"
18.209.137.234 - - [22/Aug/2026:07:40:26 +0800] "GET /wp-content/uploads/sites/848/6554/6554-2842226.jpg HTTP/1.1" 200 36677 "-" "Mozilla/5.0 AppleWebKit/537.36 (KHTML, like Gecko; compatible; Amazonbot/0.1; +https://developer.amazon.com/support/amazonbot) Chrome/119.0.6045.214 Safari/537.36"
159.223.149.205 - - [22/Aug/2026:07:40:26 +0800] "GET /blog/gallery/2406/previews-med/2406-230935.jpg HTTP/1.1" 301 1088 "http://blog.ilc.edu.tw/" "Mozilla/5.0 (Windows NT 10.0; Win64; x64) AppleWebKit/537.36 (KHTML, like Gecko) Chrome/120.0.0.0 Safari/537.36"
17.241.75.172 - - [22/Aug/2026:07:40:26 +0800] "GET /39204/wp-includes/js/imagesloaded.min.js HTTP/1.1" 200 2683 "https://2blog.ilc.edu.tw/39204/2026/06/30/%e9%a3%9f%e8%be%b2%e7%b9%aa%e6%9c%ac%e3%80%8a%e7%bf%a1%e7%bf%a0%e7%8e%8b%e5%9c%8b%e7%9a%84%e7%a5%95%e5%af%86%e3%80%8b%e9%96%b1%e8%ae%80%e9%81%8a%e6%88%b2/" "Mozilla/5.0 (Macintosh; Intel Mac OS X 10_15_7) AppleWebKit/605.1.15 (KHTML, like Gecko) Version/17.4 Safari/605.1.15 (Applebot/0.1; +http://www.apple.com/go/applebot)"
216.73.216.20 - - [22/Aug/2026:07:40:26 +0800] "GET /6537/2013/11/25/%e4%b8%89-3-%e5%85%a8%e9%9d%a2%e4%bd%bf%e7%94%a8%e5%8f%af%e9%87%8d%e8%a4%87%e4%bd%bf%e7%94%a8%e4%b9%8b%e7%89%a9%e5%93%81/ HTTP/1.1" 200 11881 "https://2blog.ilc.edu.tw/6537/?p=5063" "Mozilla/5.0 AppleWebKit/537.36 (KHTML, like Gecko; compatible; ClaudeBot/1.0; +claudebot@anthropic.com)"
216.73.216.20 - - [22/Aug/2026:07:40:26 +0800] "GET /6537/2012/11/28/%e5%9b%9b-8-%e5%8f%83%e8%88%87%e7%b8%a3%e5%b8%82%e7%92%b0%e5%a2%83%e6%95%99%e8%82%b2%e6%b4%bb%e5%8b%95/ HTTP/1.1" 200 10801 "https://2blog.ilc.edu.tw/6537/?p=4985" "Mozilla/5.0 AppleWebKit/537.36 (KHTML, like Gecko; compatible; ClaudeBot/1.0; +claudebot@anthropic.com)"
216.73.216.20 - - [22/Aug/2026:07:40:26 +0800] "GET /6537/2014/11/30/%e4%b8%89-3-%e5%85%a8%e9%9d%a2%e4%bd%bf%e7%94%a8%e5%8f%af%e9%87%8d%e8%a4%87%e4%bd%bf%e7%94%a8%e4%b9%8b%e7%89%a9%e5%93%81-2/ HTTP/1.1" 200 11290 "https://2blog.ilc.edu.tw/6537/?p=5124" "Mozilla/5.0 AppleWebKit/537.36 (KHTML, like Gecko; compatible; ClaudeBot/1.0; +claudebot@anthropic.com)"
216.73.216.20 - - [22/Aug/2026:07:40:26 +0800] "GET /19761/2012/05/16/%e9%84%89%e5%9c%9f%e8%aa%9e%e5%ad%b8%e7%bf%92%e8%b2%bc%e6%a2%9d%e4%bd%88%e7%bd%ae%e5%ae%8c%e6%88%90/ HTTP/1.1" 200 9557 "https://2blog.ilc.edu.tw/19761/?p=10" "Mozilla/5.0 AppleWebKit/537.36 (KHTML, like Gecko; compatible; ClaudeBot/1.0; +claudebot@anthropic.com)"
240e:935:a04:5403:0:1:0:14 - - [22/Aug/2026:07:40:26 +0800] "GET /21/wp-content/cache/2blog.ilc.edu.tw/wpfc-minified/eqn5eoyp/5wugy.css HTTP/1.1" 200 40883 "https://2blog.ilc.edu.tw/21/2021/" "Mozilla/5.0 (Windows NT 10.0; Win64; x64) AppleWebKit/537.36 (KHTML, like Gecko) Chrome/144.0.0.0 Safari/537.36"
216.73.216.20 - - [22/Aug/2026:07:40:26 +0800] "GET /19761/2013/12/18/%e9%85%8d%e5%90%88%e5%86%ac%e8%87%b3%e6%99%82%e7%af%80%e7%9a%84%e6%af%8d%e8%aa%9e%e6%95%99%e5%ad%b8/ HTTP/1.1" 200 9336 "https://2blog.ilc.edu.tw/19761/?p=26" "Mozilla/5.0 AppleWebKit/537.36 (KHTML, like Gecko; compatible; ClaudeBot/1.0; +claudebot@anthropic.com)"
34.215.240.225 - - [22/Aug/2026:07:40:26 +0800] "GET /bootstrap/.env HTTP/1.1" 404 54906 "-" "Mozilla/5.0 (Windows NT 10.0; Win64; x64) AppleWebKit/537.36 (KHTML, like Gecko) Chrome/131.0.0.0 Safari/537.36"
100.55.60.118 - - [22/Aug/2026:07:40:23 +0800] "GET /opt/.env HTTP/1.1" 404 54881 "-" "Mozilla/5.0 (Windows NT 10.0; Win64; x64) AppleWebKit/537.36 (KHTML, like Gecko) Chrome/131.0.0.0 Safari/537.36"
185.191.171.10 - - [22/Aug/2026:07:40:26 +0800] "GET /25915/2014/09/%E6%95%99%E8%82%B2%E3%80%82%E8%AA%B2%E7%A8%8B%E3%80%82%E7%90%86%E5%8C%96%E6%89%93%E9%96%8B%E8%AA%B2%E6%9C%AC%E5%BE%8C%E6%88%91%E6%83%B3%E5%95%8F-%E5%AD%B8%E7%A7%91%E5%AD%B8%E5%81%9A%E4%BB%80/ HTTP/1.1" 200 18145 "-" "Mozilla/5.0 (compatible; SemrushBot/7~bl; +http://www.semrush.com/bot.html)"
240e:935:a04:5403:0:1:0:14 - - [22/Aug/2026:07:40:27 +0800] "GET /21/wp-content/cache/2blog.ilc.edu.tw/wpfc-minified/eq0rzmph/5wugy.css HTTP/1.1" 200 15782 "https://2blog.ilc.edu.tw/21/2021/" "Mozilla/5.0 (Windows NT 10.0; Win64; x64) AppleWebKit/537.36 (KHTML, like Gecko) Chrome/144.0.0.0 Safari/537.36"
34.215.240.225 - - [22/Aug/2026:07:40:27 +0800] "GET /database/.env HTTP/1.1" 404 54906 "-" "Mozilla/5.0 (Windows NT 10.0; Win64; x64) AppleWebKit/537.36 (KHTML, like Gecko) Chrome/131.0.0.0 Safari/537.36"
240e:935:a04:5403:0:1:0:14 - - [22/Aug/2026:07:40:27 +0800] "GET /21/wp-content/cache/2blog.ilc.edu.tw/wpfc-minified/d66xwctp/5wugy.css HTTP/1.1" 200 1157 "https://2blog.ilc.edu.tw/21/2021/" "Mozilla/5.0 (Windows NT 10.0; Win64; x64) AppleWebKit/537.36 (KHTML, like Gecko) Chrome/144.0.0.0 Safari/537.36"
45.13.92.224 - - [22/Aug/2026:07:40:27 +0800] "GET /daes501/wp-content/uploads/sites/3620/2022/11/LINE_ALBUM_20221121%E7%A7%91%E5%AD%B8%E9%81%8A%E6%88%B2_221122_16-1000x1334.jpg HTTP/1.1" 200 161699 "https://2blog.ilc.edu.tw/daes501/category/%E7%A7%91%E5%AD%B8%E5%89%B5%E6%84%8F%E7%8E%A9%E5%AE%B6/" "Mozilla/5.0 (Macintosh; Intel Mac OS X 10_15_7) AppleWebKit/537.36 (KHTML, like Gecko) Chrome/131.0.0.0 Safari/537.36"
17.241.75.172 - - [22/Aug/2026:07:40:27 +0800] "GET /39204/wp-content/themes/oceanwp/assets/js/theme.min.js HTTP/1.1" 200 5130 "https://2blog.ilc.edu.tw/39204/2026/06/30/%e9%a3%9f%e8%be%b2%e7%b9%aa%e6%9c%ac%e3%80%8a%e7%bf%a1%e7%bf%a0%e7%8e%8b%e5%9c%8b%e7%9a%84%e7%a5%95%e5%af%86%e3%80%8b%e9%96%b1%e8%ae%80%e9%81%8a%e6%88%b2/" "Mozilla/5.0 (Macintosh; Intel Mac OS X 10_15_7) AppleWebKit/605.1.15 (KHTML, like Gecko) Version/17.4 Safari/605.1.15 (Applebot/0.1; +http://www.apple.com/go/applebot)"
23.27.68.150 - - [22/Aug/2026:07:40:27 +0800] "GET /daes501/wp-content/uploads/sites/3620/2022/11/LINE_ALBUM_20221121%E7%A7%91%E5%AD%B8%E9%81%8A%E6%88%B2_221122_5-768x1024.jpg HTTP/1.1" 200 159434 "https://2blog.ilc.edu.tw/daes501/category/%E7%A7%91%E5%AD%B8%E5%89%B5%E6%84%8F%E7%8E%A9%E5%AE%B6/" "Mozilla/5.0 (Macintosh; Intel Mac OS X 10_15_7) AppleWebKit/537.36 (KHTML, like Gecko) Chrome/131.0.0.0 Safari/537.36"
34.215.240.225 - - [22/Aug/2026:07:40:27 +0800] "GET /storage/.env HTTP/1.1" 404 54906 "-" "Mozilla/5.0 (Windows NT 10.0; Win64; x64) AppleWebKit/537.36 (KHTML, like Gecko) Chrome/131.0.0.0 Safari/537.36"
2408:8215:722b:a5f0:56c5:7aff:fe35:a7bf - - [22/Aug/2026:07:40:28 +0800] "GET /6421/2013/10/page/2/ HTTP/1.1" 200 15353 "-" "Mozilla/5.0 (Windows NT 10.0; Win64; x64) AppleWebKit/537.36 (KHTML, like Gecko) Chrome/111.0.0.0 Safari/537.36"
2001:288:a201::66:125 - - [22/Aug/2026:07:40:28 +0800] "GET /blog/active.php HTTP/1.1" 404 1084 "-" "-"
2001:288:a201::66:125 - - [22/Aug/2026:07:40:28 +0800] "GET /blog/active.php HTTP/1.1" 301 1026 "-" "-"
23.27.68.150 - - [22/Aug/2026:07:40:27 +0800] "GET /daes501/wp-content/uploads/sites/3620/2022/11/LINE_ALBUM_20221121%E7%A7%91%E5%AD%B8%E9%81%8A%E6%88%B2_221122_16.jpg HTTP/1.1" 200 294881 "https://2blog.ilc.edu.tw/daes501/category/%E7%A7%91%E5%AD%B8%E5%89%B5%E6%84%8F%E7%8E%A9%E5%AE%B6/" "Mozilla/5.0 (Macintosh; Intel Mac OS X 10_15_7) AppleWebKit/537.36 (KHTML, like Gecko) Chrome/131.0.0.0 Safari/537.36"
23.27.68.150 - - [22/Aug/2026:07:40:27 +0800] "GET /daes501/wp-content/uploads/sites/3620/2022/11/LINE_ALBUM_20221121%E7%A7%91%E5%AD%B8%E9%81%8A%E6%88%B2_221122_22.jpg HTTP/1.1" 200 390194 "https://2blog.ilc.edu.tw/daes501/category/%E7%A7%91%E5%AD%B8%E5%89%B5%E6%84%8F%E7%8E%A9%E5%AE%B6/" "Mozilla/5.0 (Macintosh; Intel Mac OS X 10_15_7) AppleWebKit/537.36 (KHTML, like Gecko) Chrome/131.0.0.0 Safari/537.36"
140.111.67.10 - - [22/Aug/2026:07:40:28 +0800] "GET /" 301 273 "-" "-"
240e:935:a04:5403:0:1:0:14 - - [22/Aug/2026:07:40:28 +0800] "GET /21/wp-content/themes/oceanwp/assets/js/ow-lightbox.min.js HTTP/1.1" 200 2321 "https://2blog.ilc.edu.tw/21/2021/" "Mozilla/5.0 (Windows NT 10.0; Win64; x64) AppleWebKit/537.36 (KHTML, like Gecko) Chrome/144.0.0.0 Safari/537.36"
34.215.240.225 - - [22/Aug/2026:07:40:28 +0800] "GET /var/www/.env HTTP/1.1" 404 54906 "-" "Mozilla/5.0 (Windows NT 10.0; Win64; x64) AppleWebKit/537.36 (KHTML, like Gecko) Chrome/131.0.0.0 Safari/537.36"
240e:935:a04:5403:0:1:0:14 - - [22/Aug/2026:07:40:28 +0800] "GET /21/wp-content/themes/oceanwp/assets/js/scroll-top.min.js HTTP/1.1" 200 3202 "https://2blog.ilc.edu.tw/21/2021/" "Mozilla/5.0 (Windows NT 10.0; Win64; x64) AppleWebKit/537.36 (KHTML, like Gecko) Chrome/144.0.0.0 Safari/537.36"
54.90.8.255 - - [22/Aug/2026:07:40:27 +0800] "GET /32745/category/%E9%BE%8D%E5%8D%83%E7%8E%89vs%E6%9F%AF%E4%BF%8A%E5%82%91/feed/ HTTP/1.1" 200 8488 "-" "Mozilla/5.0 AppleWebKit/537.36 (KHTML, like Gecko; compatible; Amazonbot/0.1; +https://developer.amazon.com/support/amazonbot) Chrome/119.0.6045.214 Safari/537.36"
17.241.75.172 - - [22/Aug/2026:07:40:29 +0800] "GET /39204/wp-content/themes/oceanwp/assets/js/drop-down-search.min.js HTTP/1.1" 200 2968 "https://2blog.ilc.edu.tw/39204/2026/06/30/%e9%a3%9f%e8%be%b2%e7%b9%aa%e6%9c%ac%e3%80%8a%e7%bf%a1%e7%bf%a0%e7%8e%8b%e5%9c%8b%e7%9a%84%e7%a5%95%e5%af%86%e3%80%8b%e9%96%b1%e8%ae%80%e9%81%8a%e6%88%b2/" "Mozilla/5.0 (Macintosh; Intel Mac OS X 10_15_7) AppleWebKit/605.1.15 (KHTML, like Gecko) Version/17.4 Safari/605.1.15 (Applebot/0.1; +http://www.apple.com/go/applebot)"
100.55.60.118 - - [22/Aug/2026:07:40:27 +0800] "GET /laravel/.env HTTP/1.1" 404 50069 "-" "Mozilla/5.0 (Windows NT 10.0; Win64; x64) AppleWebKit/537.36 (KHTML, like Gecko) Chrome/131.0.0.0 Safari/537.36"
34.215.240.225 - - [22/Aug/2026:07:40:29 +0800] "GET /var/www/html/.env HTTP/1.1" 404 54906 "-" "Mozilla/5.0 (Windows NT 10.0; Win64; x64) AppleWebKit/537.36 (KHTML, like Gecko) Chrome/131.0.0.0 Safari/537.36"
66.249.79.226 - - [22/Aug/2026:07:40:29 +0800] "GET /2019/07/17/%E6%A6%AE%E8%AD%BD%E6%A6%9C108%E5%AD%B8%E5%B9%B4%E7%A4%81%E6%BA%AA%E9%84%89%E8%AA%9E%E6%96%87%E7%AB%B6%E8%B3%BD%E5%BE%97%E7%8D%8E%E5%AD%B8%E7%94%9F%E5%90%8D%E5%96%AE/ HTTP/1.1" 200 23128 "-" "Mozilla/5.0 (Linux; Android 6.0.1; Nexus 5X Build/MMB29P) AppleWebKit/537.36 (KHTML, like Gecko) Chrome/151.0.7922.137 Mobile Safari/537.36 (compatible; Googlebot/2.1; +http://www.google.com/bot.html)"
146.190.211.142 - - [22/Aug/2026:07:40:29 +0800] "GET /blog/gallery/2406/previews-med/2406-230935.jpg HTTP/1.1" 404 25426 "http://blog.ilc.edu.tw/" "Mozilla/5.0 (Windows NT 10.0; Win64; x64) AppleWebKit/537.36 (KHTML, like Gecko) Chrome/120.0.0.0 Safari/537.36"
31.25.195.31 - - [22/Aug/2026:07:40:29 +0800] "GET /daes501/wp-content/uploads/sites/3620/2024/03/10-2-1536x864.jpg HTTP/1.1" 200 233004 "https://2blog.ilc.edu.tw/daes501/category/%E7%A7%91%E5%AD%B8%E5%89%B5%E6%84%8F%E7%8E%A9%E5%AE%B6/" "Mozilla/5.0 (Macintosh; Intel Mac OS X 10_15_7) AppleWebKit/537.36 (KHTML, like Gecko) Chrome/131.0.0.0 Safari/537.36"
31.25.193.74 - - [22/Aug/2026:07:40:29 +0800] "GET /daes501/wp-content/uploads/sites/3620/2022/11/LINE_ALBUM_20221121%E7%A7%91%E5%AD%B8%E9%81%8A%E6%88%B2_221122_4.jpg HTTP/1.1" 200 449632 "https://2blog.ilc.edu.tw/daes501/category/%E7%A7%91%E5%AD%B8%E5%89%B5%E6%84%8F%E7%8E%A9%E5%AE%B6/" "Mozilla/5.0 (Macintosh; Intel Mac OS X 10_15_7) AppleWebKit/537.36 (KHTML, like Gecko) Chrome/131.0.0.0 Safari/537.36"
34.215.240.225 - - [22/Aug/2026:07:40:29 +0800] "GET /current/.env HTTP/1.1" 404 54906 "-" "Mozilla/5.0 (Windows NT 10.0; Win64; x64) AppleWebKit/537.36 (KHTML, like Gecko) Chrome/131.0.0.0 Safari/537.36"
2408:8221:7012:a200:b0be:edff:fe59:6254 - - [22/Aug/2026:07:40:30 +0800] "GET /6421/wp-content/cache/2blog.ilc.edu.tw/wpfc-minified/ldbc0szs/61ml1.js HTTP/1.1" 200 60522 "https://2blog.ilc.edu.tw/6421/2013/10/page/2/" "Mozilla/5.0 (Windows NT 10.0; Win64; x64) AppleWebKit/537.36 (KHTML, like Gecko) Chrome/111.0.0.0 Safari/537.36"
85.208.96.199 - - [22/Aug/2026:07:40:30 +0800] "GET /3860/2014/12/ HTTP/1.1" 200 18744 "-" "Mozilla/5.0 (compatible; SemrushBot/7~bl; +http://www.semrush.com/bot.html)"
34.56.53.225 - - [22/Aug/2026:07:40:30 +0800] "GET /6574/2011/02/17/%E7%92%B0%E4%BF%9D%E7%BD%B2%E7%B6%A0%E8%A1%8C%E5%8B%95%E5%82%B3%E5%94%B1%E8%A8%88%E7%95%AB/ HTTP/1.1" 200 15045 "-" "Mozilla/5.0 (Macintosh; Intel Mac OS X 10_15_7) AppleWebKit/537.36 (KHTML, like Gecko) Chrome/120.0.0.0 Safari/537.36"
174.138.34.48 - - [22/Aug/2026:07:40:30 +0800] "GET /blog/gallery/2406/2406-703854.jpg HTTP/1.1" 404 25426 "http://blog.ilc.edu.tw/" "Mozilla/5.0 (Windows NT 10.0; Win64; x64) AppleWebKit/537.36 (KHTML, like Gecko) Chrome/120.0.0.0 Safari/537.36"
35.171.117.160 - - [22/Aug/2026:07:40:30 +0800] "GET /wp-content/uploads/sites/2724/6450/previews-med/6450-561676.gif HTTP/1.1" 200 114118 "-" "Mozilla/5.0 AppleWebKit/537.36 (KHTML, like Gecko; compatible; Amazonbot/0.1; +https://developer.amazon.com/support/amazonbot) Chrome/119.0.6045.214 Safari/537.36"
34.215.240.225 - - [22/Aug/2026:07:40:30 +0800] "GET /release/.env HTTP/1.1" 404 54906 "-" "Mozilla/5.0 (Windows NT 10.0; Win64; x64) AppleWebKit/537.36 (KHTML, like Gecko) Chrome/131.0.0.0 Safari/537.36"
34.123.149.87 - - [22/Aug/2026:07:40:31 +0800] "GET /schooolplant/wp-json/oembed/1.0/embed?format=xml&url=https://2blog.ilc.edu.tw/schooolplant/2021/10/04/%25e8%2597%258d%25e8%258a%25b1%25e8%258d%2589/ HTTP/1.1" 200 7091 "-" "Mozilla/5.0 (Macintosh; Intel Mac OS X 10_15_7) AppleWebKit/537.36 (KHTML, like Gecko) Chrome/120.0.0.0 Safari/537.36"
34.56.53.225 - - [22/Aug/2026:07:40:31 +0800] "GET /wp-json/oembed/1.0/embed?format=xml&url=https://www.iedu.ilc.edu.tw/%25e5%258e%259f%25e4%25bd%258f%25e6%25b0%2591%25e7%259f%25a5%25e8%25ad%2598%25e9%25ab%2594%25e7%25b3%25bb%25e6%2597%258f%25e8%25aa%259e%25e6%259a%25a8%25e6%2596%2587%25e5%25ad%25b8/ HTTP/1.1" 200 7220 "-" "Mozilla/5.0 (Macintosh; Intel Mac OS X 10_15_7) AppleWebKit/537.36 (KHTML, like Gecko) Chrome/120.0.0.0 Safari/537.36"
34.215.240.225 - - [22/Aug/2026:07:40:31 +0800] "GET /releases/.env HTTP/1.1" 404 54906 "-" "Mozilla/5.0 (Windows NT 10.0; Win64; x64) AppleWebKit/537.36 (KHTML, like Gecko) Chrome/131.0.0.0 Safari/537.36"
44.194.139.149 - - [22/Aug/2026:07:40:31 +0800] "GET /wp-content/uploads/sites/1413/staatic/resources/b/81fb6adb3678b8ece3d213d369522e5a64793ca HTTP/1.1" 200 136875 "-" "Mozilla/5.0 AppleWebKit/537.36 (KHTML, like Gecko; compatible; Amazonbot/0.1; +https://developer.amazon.com/support/amazonbot) Chrome/119.0.6045.214 Safari/537.36"
100.55.60.118 - - [22/Aug/2026:07:40:30 +0800] "GET /symfony/.env HTTP/1.1" 404 50064 "-" "Mozilla/5.0 (Windows NT 10.0; Win64; x64) AppleWebKit/537.36 (KHTML, like Gecko) Chrome/131.0.0.0 Safari/537.36"
66.249.79.224 - - [22/Aug/2026:07:40:32 +0800] "GET /wp-content/themes/oceanwp/assets/js/drop-down-mobile-menu.min.js HTTP/1.1" 200 9451 "https://www.ytes.ilc.edu.tw/2019/07/17/%E6%A6%AE%E8%AD%BD%E6%A6%9C108%E5%AD%B8%E5%B9%B4%E7%A4%81%E6%BA%AA%E9%84%89%E8%AA%9E%E6%96%87%E7%AB%B6%E8%B3%BD%E5%BE%97%E7%8D%8E%E5%AD%B8%E7%94%9F%E5%90%8D%E5%96%AE/" "Mozilla/5.0 (Linux; Android 6.0.1; Nexus 5X Build/MMB29P) AppleWebKit/537.36 (KHTML, like Gecko) Chrome/151.0.7922.137 Mobile Safari/537.36 (compatible; Googlebot/2.1; +http://www.google.com/bot.html)"
::1 - - [22/Aug/2026:07:40:32 +0800] "OPTIONS * HTTP/1.0" 200 110 "-" "Apache/2.4.68 (Ubuntu) OpenSSL/3.0.19 (internal dummy connection)"
34.215.240.225 - - [22/Aug/2026:07:40:32 +0800] "GET /shared/.env HTTP/1.1" 404 54906 "-" "Mozilla/5.0 (Windows NT 10.0; Win64; x64) AppleWebKit/537.36 (KHTML, like Gecko) Chrome/131.0.0.0 Safari/537.36"
66.249.79.226 - - [22/Aug/2026:07:40:32 +0800] "POST /wp-json/ilc-summary/v1/popular-posts HTTP/1.1" 201 1397 "https://www.ytes.ilc.edu.tw/2019/07/17/%E6%A6%AE%E8%AD%BD%E6%A6%9C108%E5%AD%B8%E5%B9%B4%E7%A4%81%E6%BA%AA%E9%84%89%E8%AA%9E%E6%96%87%E7%AB%B6%E8%B3%BD%E5%BE%97%E7%8D%8E%E5%AD%B8%E7%94%9F%E5%90%8D%E5%96%AE/" "Mozilla/5.0 (Linux; Android 6.0.1; Nexus 5X Build/MMB29P) AppleWebKit/537.36 (KHTML, like Gecko) Chrome/151.0.7922.137 Mobile Safari/537.36 (compatible; Googlebot/2.1; +http://www.google.com/bot.html)"
185.191.171.12 - - [22/Aug/2026:07:40:32 +0800] "GET /sara12315/type/image/ HTTP/1.1" 200 14588 "-" "Mozilla/5.0 (compatible; SemrushBot/7~bl; +http://www.semrush.com/bot.html)"
2001:288:a201::66:125 - - [22/Aug/2026:07:40:33 +0800] "GET /blog/active.php HTTP/1.1" 301 1026 "-" "-"
2001:288:a201::66:125 - - [22/Aug/2026:07:40:33 +0800] "GET /blog/active.php HTTP/1.1" 404 1084 "-" "-"
34.215.240.225 - - [22/Aug/2026:07:40:32 +0800] "GET /deploy/.env HTTP/1.1" 404 54906 "-" "Mozilla/5.0 (Windows NT 10.0; Win64; x64) AppleWebKit/537.36 (KHTML, like Gecko) Chrome/131.0.0.0 Safari/537.36"
140.111.67.10 - - [22/Aug/2026:07:40:33 +0800] "GET /" 301 273 "-" "-"
::1 - - [22/Aug/2026:07:40:33 +0800] "OPTIONS * HTTP/1.0" 200 110 "-" "Apache/2.4.68 (Ubuntu) OpenSSL/3.0.19 (internal dummy connection)"
60.248.142.179 - steps [22/Aug/2026:07:40:33 +0800] "HEAD / HTTP/1.1" 200 5488 "-" "Mozilla/5.0 (compatible; HostMonitor/1.0)"
34.215.240.225 - - [22/Aug/2026:07:40:33 +0800] "GET /build/.env HTTP/1.1" 404 54906 "-" "Mozilla/5.0 (Windows NT 10.0; Win64; x64) AppleWebKit/537.36 (KHTML, like Gecko) Chrome/131.0.0.0 Safari/537.36"
::1 - - [22/Aug/2026:07:40:34 +0800] "OPTIONS * HTTP/1.0" 200 110 "-" "Apache/2.4.68 (Ubuntu) OpenSSL/3.0.19 (internal dummy connection)"
34.215.240.225 - - [22/Aug/2026:07:40:34 +0800] "GET /dist/.env HTTP/1.1" 404 54906 "-" "Mozilla/5.0 (Windows NT 10.0; Win64; x64) AppleWebKit/537.36 (KHTML, like Gecko) Chrome/131.0.0.0 Safari/537.36"
85.208.96.195 - - [22/Aug/2026:07:40:34 +0800] "GET /ltjhinformation/tag/%E9%9B%B2%E7%AB%AF%E6%95%99%E5%AE%A4/ HTTP/1.1" 200 13633 "-" "Mozilla/5.0 (compatible; SemrushBot/7~bl; +http://www.semrush.com/bot.html)"
20.125.101.194 - - [22/Aug/2026:07:40:34 +0800] "GET /yletrc/wp-content/uploads/sites/3413/2021/11/110-1_%E5%81%A5%E5%BA%B7%E8%88%87%E9%AB%94%E8%82%B2%E9%AB%94%E8%82%B2_2%E5%B9%B4%E7%B4%9A%E8%B7%B3%E7%B9%A9%E5%96%AE%E5%85%83%E6%95%99%E6%A1%88_%E5%AE%9C%E7%B8%A3%E9%BB%8E%E6%98%8E%E5%9C%8B%E5%B0%8F.pdf HTTP/1.1" 200 875476 "-" "Mozilla/5.0 (compatible; MSR-Financial-PDF-Scorer/1.0)"
100.55.60.118 - - [22/Aug/2026:07:40:32 +0800] "GET /wordpress/.env HTTP/1.1" 404 50069 "-" "Mozilla/5.0 (Windows NT 10.0; Win64; x64) AppleWebKit/537.36 (KHTML, like Gecko) Chrome/131.0.0.0 Safari/537.36"
::1 - - [22/Aug/2026:07:40:35 +0800] "OPTIONS * HTTP/1.0" 200 110 "-" "Apache/2.4.68 (Ubuntu) OpenSSL/3.0.19 (internal dummy connection)"
34.215.240.225 - - [22/Aug/2026:07:40:35 +0800] "GET /public_html/.env HTTP/1.1" 404 54906 "-" "Mozilla/5.0 (Windows NT 10.0; Win64; x64) AppleWebKit/537.36 (KHTML, like Gecko) Chrome/131.0.0.0 Safari/537.36"
3.225.9.97 - - [22/Aug/2026:07:40:36 +0800] "GET /wp-content/uploads/sites/1727/6232/6232-3431503.jpg HTTP/1.1" 200 92384 "-" "Mozilla/5.0 AppleWebKit/537.36 (KHTML, like Gecko; compatible; Amazonbot/0.1; +https://developer.amazon.com/support/amazonbot) Chrome/119.0.6045.214 Safari/537.36"
34.171.68.95 - - [22/Aug/2026:07:40:36 +0800] "GET /containment/2022/05/09/%E6%88%91%E7%A2%BA%E8%A8%BA%E4%BA%86%EF%BC%8C%E8%A9%B2%E6%80%8E%E9%BA%BC%E8%BE%A6%E5%91%A2/ HTTP/1.1" 200 18657 "-" "Mozilla/5.0 (Macintosh; Intel Mac OS X 10_15_7) AppleWebKit/537.36 (KHTML, like Gecko) Chrome/120.0.0.0 Safari/537.36"
2001:b011:7801:f92d:78d4:d579:57b6:1772 - - [22/Aug/2026:07:40:36 +0800] "-" 408 4800 "-" "-"
34.215.240.225 - - [22/Aug/2026:07:40:35 +0800] "GET /htdocs/.env HTTP/1.1" 404 54906 "-" "Mozilla/5.0 (Windows NT 10.0; Win64; x64) AppleWebKit/537.36 (KHTML, like Gecko) Chrome/131.0.0.0 Safari/537.36"
::1 - - [22/Aug/2026:07:40:36 +0800] "OPTIONS * HTTP/1.0" 200 110 "-" "Apache/2.4.68 (Ubuntu) OpenSSL/3.0.19 (internal dummy connection)"
85.208.96.212 - - [22/Aug/2026:07:40:36 +0800] "GET /6509/2015/11/04/%E5%8F%83%E8%88%87%E6%8E%A8%E5%8B%95%E5%AE%9C%E8%98%AD%E7%B6%A0%E5%8D%A1%E8%A8%88%E7%95%AB-%E7%A7%BB%E5%8B%95%E7%9A%84%E6%A3%AE%E6%9E%97/ HTTP/1.1" 200 15848 "-" "Mozilla/5.0 (compatible; SemrushBot/7~bl; +http://www.semrush.com/bot.html)"
34.215.240.225 - - [22/Aug/2026:07:40:36 +0800] "GET /www/.env HTTP/1.1" 404 54906 "-" "Mozilla/5.0 (Windows NT 10.0; Win64; x64) AppleWebKit/537.36 (KHTML, like Gecko) Chrome/131.0.0.0 Safari/537.36"
::1 - - [22/Aug/2026:07:40:37 +0800] "OPTIONS * HTTP/1.0" 200 110 "-" "Apache/2.4.68 (Ubuntu) OpenSSL/3.0.19 (internal dummy connection)"
34.215.240.225 - - [22/Aug/2026:07:40:37 +0800] "GET /html/.env HTTP/1.1" 404 54906 "-" "Mozilla/5.0 (Windows NT 10.0; Win64; x64) AppleWebKit/537.36 (KHTML, like Gecko) Chrome/131.0.0.0 Safari/537.36"
100.55.60.118 - - [22/Aug/2026:07:40:35 +0800] "GET /wp/.env HTTP/1.1" 404 50084 "-" "Mozilla/5.0 (Windows NT 10.0; Win64; x64) AppleWebKit/537.36 (KHTML, like Gecko) Chrome/131.0.0.0 Safari/537.36"
2001:288:a201::66:125 - - [22/Aug/2026:07:40:38 +0800] "GET /blog/active.php HTTP/1.1" 301 1026 "-" "-"
2001:288:a201::66:125 - - [22/Aug/2026:07:40:38 +0800] "GET /blog/active.php HTTP/1.1" 404 1084 "-" "-"
140.111.67.10 - - [22/Aug/2026:07:40:38 +0800] "GET /" 301 273 "-" "-"
34.215.240.225 - - [22/Aug/2026:07:40:38 +0800] "GET /live/.env HTTP/1.1" 404 54906 "-" "Mozilla/5.0 (Windows NT 10.0; Win64; x64) AppleWebKit/537.36 (KHTML, like Gecko) Chrome/131.0.0.0 Safari/537.36"
::1 - - [22/Aug/2026:07:40:38 +0800] "OPTIONS * HTTP/1.0" 200 110 "-" "Apache/2.4.68 (Ubuntu) OpenSSL/3.0.19 (internal dummy connection)"
85.208.96.195 - - [22/Aug/2026:07:40:38 +0800] "GET /26722/?page_id=285 HTTP/1.1" 200 18092 "-" "Mozilla/5.0 (compatible; SemrushBot/7~bl; +http://www.semrush.com/bot.html)"
34.215.240.225 - - [22/Aug/2026:07:40:38 +0800] "GET /prod/.env HTTP/1.1" 404 54906 "-" "Mozilla/5.0 (Windows NT 10.0; Win64; x64) AppleWebKit/537.36 (KHTML, like Gecko) Chrome/131.0.0.0 Safari/537.36"
2a03:2880:f802:: - - [22/Aug/2026:07:40:37 +0800] "GET /wp-login.php?key=mb19h381&_wpnonce=&action=ilc_logout&redirect_to=https%3A%2F%2Fwww.aayyy.com HTTP/1.1" 302 8250 "-" "Mozilla/5.0 (Windows NT 10.0; Win64; x64) AppleWebKit/537.36 (KHTML, like Gecko) Chrome/145.0.0.0 Safari/537.36 Edg/145.0.0.0 (compatible; meta-externalagent/1.1 (+https://developers.facebook.com/docs/sharing/webmasters/crawler))"
::1 - - [22/Aug/2026:07:40:39 +0800] "OPTIONS * HTTP/1.0" 200 110 "-" "Apache/2.4.68 (Ubuntu) OpenSSL/3.0.19 (internal dummy connection)"
34.215.240.225 - - [22/Aug/2026:07:40:39 +0800] "GET /dev/.env HTTP/1.1" 404 54906 "-" "Mozilla/5.0 (Windows NT 10.0; Win64; x64) AppleWebKit/537.36 (KHTML, like Gecko) Chrome/131.0.0.0 Safari/537.36"
34.194.95.99 - - [22/Aug/2026:07:40:39 +0800] "GET /32745/wp-json/wp/v2/posts/124474 HTTP/1.1" 200 14795 "-" "Mozilla/5.0 AppleWebKit/537.36 (KHTML, like Gecko; compatible; Amazonbot/0.1; +https://developer.amazon.com/support/amazonbot) Chrome/119.0.6045.214 Safari/537.36"
::1 - - [22/Aug/2026:07:40:40 +0800] "OPTIONS * HTTP/1.0" 200 110 "-" "Apache/2.4.68 (Ubuntu) OpenSSL/3.0.19 (internal dummy connection)"
34.215.240.225 - - [22/Aug/2026:07:40:40 +0800] "GET /staging/.env HTTP/1.1" 404 54906 "-" "Mozilla/5.0 (Windows NT 10.0; Win64; x64) AppleWebKit/537.36 (KHTML, like Gecko) Chrome/131.0.0.0 Safari/537.36"
100.55.60.118 - - [22/Aug/2026:07:40:38 +0800] "GET /cms/.env HTTP/1.1" 404 50069 "-" "Mozilla/5.0 (Windows NT 10.0; Win64; x64) AppleWebKit/537.36 (KHTML, like Gecko) Chrome/131.0.0.0 Safari/537.36"
34.215.240.225 - - [22/Aug/2026:07:40:40 +0800] "GET /opt/.env HTTP/1.1" 404 54906 "-" "Mozilla/5.0 (Windows NT 10.0; Win64; x64) AppleWebKit/537.36 (KHTML, like Gecko) Chrome/131.0.0.0 Safari/537.36"
::1 - - [22/Aug/2026:07:40:41 +0800] "OPTIONS * HTTP/1.0" 200 110 "-" "Apache/2.4.68 (Ubuntu) OpenSSL/3.0.19 (internal dummy connection)"
34.215.240.225 - - [22/Aug/2026:07:40:41 +0800] "GET /laravel/.env HTTP/1.1" 404 54906 "-" "Mozilla/5.0 (Windows NT 10.0; Win64; x64) AppleWebKit/537.36 (KHTML, like Gecko) Chrome/131.0.0.0 Safari/537.36"
118.169.142.50 - - [22/Aug/2026:07:40:42 +0800] "GET / HTTP/1.1" 200 22308 "-" "Mozilla/5.0 (iPhone; CPU iPhone OS 26_6_0 like Mac OS X) AppleWebKit/605.1.15 (KHTML, like Gecko) CriOS/151.0.7922.112 Mobile/15E148 Safari/604.1"
98.82.59.253 - - [22/Aug/2026:07:40:42 +0800] "GET /wp-content/uploads/sites/2193/6030/6030-3896386.jpg HTTP/1.1" 200 28021 "-" "Mozilla/5.0 AppleWebKit/537.36 (KHTML, like Gecko; compatible; Amazonbot/0.1; +https://developer.amazon.com/support/amazonbot) Chrome/119.0.6045.214 Safari/537.36"
118.169.142.50 - - [22/Aug/2026:07:40:42 +0800] "GET /wp-content/uploads/sites/1155/2022/03/33.gif HTTP/1.1" 304 5591 "https://www.lmes.ilc.edu.tw/" "Mozilla/5.0 (iPhone; CPU iPhone OS 26_6_0 like Mac OS X) AppleWebKit/605.1.15 (KHTML, like Gecko) CriOS/151.0.7922.112 Mobile/15E148 Safari/604.1"
118.169.142.50 - - [22/Aug/2026:07:40:42 +0800] "GET /wp-includes/js/admin-bar.min.js HTTP/1.1" 304 5591 "https://www.lmes.ilc.edu.tw/" "Mozilla/5.0 (iPhone; CPU iPhone OS 26_6_0 like Mac OS X) AppleWebKit/605.1.15 (KHTML, like Gecko) CriOS/151.0.7922.112 Mobile/15E148 Safari/604.1"
118.169.142.50 - - [22/Aug/2026:07:40:42 +0800] "GET /wp-content/uploads/sites/1155/2022/03/34.png HTTP/1.1" 304 5591 "https://www.lmes.ilc.edu.tw/" "Mozilla/5.0 (iPhone; CPU iPhone OS 26_6_0 like Mac OS X) AppleWebKit/605.1.15 (KHTML, like Gecko) CriOS/151.0.7922.112 Mobile/15E148 Safari/604.1"
118.169.142.50 - - [22/Aug/2026:07:40:42 +0800] "GET /wp-content/uploads/sites/1155/2022/03/31.jpg HTTP/1.1" 304 790 "https://www.lmes.ilc.edu.tw/" "Mozilla/5.0 (iPhone; CPU iPhone OS 26_6_0 like Mac OS X) AppleWebKit/605.1.15 (KHTML, like Gecko) CriOS/151.0.7922.112 Mobile/15E148 Safari/604.1"
118.169.142.50 - - [22/Aug/2026:07:40:42 +0800] "GET /js/ajax.js HTTP/1.1" 404 41870 "https://www.lmes.ilc.edu.tw/" "Mozilla/5.0 (iPhone; CPU iPhone OS 26_6_0 like Mac OS X) AppleWebKit/605.1.15 (KHTML, like Gecko) CriOS/151.0.7922.112 Mobile/15E148 Safari/604.1"
118.169.142.50 - - [22/Aug/2026:07:40:42 +0800] "GET /css/tab-view.css HTTP/1.1" 404 46671 "https://www.lmes.ilc.edu.tw/" "Mozilla/5.0 (iPhone; CPU iPhone OS 26_6_0 like Mac OS X) AppleWebKit/605.1.15 (KHTML, like Gecko) CriOS/151.0.7922.112 Mobile/15E148 Safari/604.1"
118.169.142.50 - - [22/Aug/2026:07:40:42 +0800] "GET /js/tab-view.js HTTP/1.1" 404 46671 "https://www.lmes.ilc.edu.tw/" "Mozilla/5.0 (iPhone; CPU iPhone OS 26_6_0 like Mac OS X) AppleWebKit/605.1.15 (KHTML, like Gecko) CriOS/151.0.7922.112 Mobile/15E148 Safari/604.1"
34.215.240.225 - - [22/Aug/2026:07:40:42 +0800] "GET /symfony/.env HTTP/1.1" 404 54906 "-" "Mozilla/5.0 (Windows NT 10.0; Win64; x64) AppleWebKit/537.36 (KHTML, like Gecko) Chrome/131.0.0.0 Safari/537.36"
2001:288:a201::66:125 - - [22/Aug/2026:07:40:43 +0800] "GET /blog/active.php HTTP/1.1" 301 1026 "-" "-"
2001:288:a201::66:125 - - [22/Aug/2026:07:40:43 +0800] "GET /blog/active.php HTTP/1.1" 404 1084 "-" "-"
140.111.67.10 - - [22/Aug/2026:07:40:43 +0800] "GET /" 301 273 "-" "-"
34.215.240.225 - - [22/Aug/2026:07:40:43 +0800] "GET /wordpress/.env HTTP/1.1" 404 54906 "-" "Mozilla/5.0 (Windows NT 10.0; Win64; x64) AppleWebKit/537.36 (KHTML, like Gecko) Chrome/131.0.0.0 Safari/537.36"
::1 - - [22/Aug/2026:07:40:43 +0800] "OPTIONS * HTTP/1.0" 200 110 "-" "Apache/2.4.68 (Ubuntu) OpenSSL/3.0.19 (internal dummy connection)"
100.55.60.118 - - [22/Aug/2026:07:40:41 +0800] "GET /drupal/.env HTTP/1.1" 404 50089 "-" "Mozilla/5.0 (Windows NT 10.0; Win64; x64) AppleWebKit/537.36 (KHTML, like Gecko) Chrome/131.0.0.0 Safari/537.36"
52.202.233.37 - - [22/Aug/2026:07:40:43 +0800] "GET /wp-content/uploads/sites/1943/2020/?C=S;O%3DD HTTP/1.1" 200 1218 "-" "Mozilla/5.0 AppleWebKit/537.36 (KHTML, like Gecko; compatible; Amazonbot/0.1; +https://developer.amazon.com/support/amazonbot) Chrome/119.0.6045.214 Safari/537.36"
34.215.240.225 - - [22/Aug/2026:07:40:43 +0800] "GET /wp/.env HTTP/1.1" 404 54906 "-" "Mozilla/5.0 (Windows NT 10.0; Win64; x64) AppleWebKit/537.36 (KHTML, like Gecko) Chrome/131.0.0.0 Safari/537.36"
::1 - - [22/Aug/2026:07:40:44 +0800] "OPTIONS * HTTP/1.0" 200 110 "-" "Apache/2.4.68 (Ubuntu) OpenSSL/3.0.19 (internal dummy connection)"
34.215.240.225 - - [22/Aug/2026:07:40:44 +0800] "GET /cms/.env HTTP/1.1" 404 54906 "-" "Mozilla/5.0 (Windows NT 10.0; Win64; x64) AppleWebKit/537.36 (KHTML, like Gecko) Chrome/131.0.0.0 Safari/537.36"
51.146.50.33 - - [22/Aug/2026:07:40:45 +0800] "GET /wp-content/uploads/sites/2368/5795/5795-2288811.jpg HTTP/1.1" 200 34164 "https://ee.ilc.edu.tw/2013/12/18/102%E5%B9%B4%E5%AE%9C%E8%98%AD%E7%B8%A3%E7%92%B0%E5%A2%83%E6%95%99%E8%82%B2%E8%BC%94%E5%B0%8E%E5%9C%98%E5%9C%98%E5%93%A1%E5%A2%9E%E8%83%BD%E7%A0%94%E7%BF%92/" "Mozilla/5.0 (Macintosh; Intel Mac OS X 10_15_7) AppleWebKit/537.36 (KHTML, like Gecko) Chrome/131.0.0.0 Safari/537.36"
::1 - - [22/Aug/2026:07:40:45 +0800] "OPTIONS * HTTP/1.0" 200 110 "-" "Apache/2.4.68 (Ubuntu) OpenSSL/3.0.19 (internal dummy connection)"
34.215.240.225 - - [22/Aug/2026:07:40:45 +0800] "GET /drupal/.env HTTP/1.1" 404 54906 "-" "Mozilla/5.0 (Windows NT 10.0; Win64; x64) AppleWebKit/537.36 (KHTML, like Gecko) Chrome/131.0.0.0 Safari/537.36"
100.55.60.118 - - [22/Aug/2026:07:40:44 +0800] "GET /joomla/.env HTTP/1.1" 404 50074 "-" "Mozilla/5.0 (Windows NT 10.0; Win64; x64) AppleWebKit/537.36 (KHTML, like Gecko) Chrome/131.0.0.0 Safari/537.36"
34.215.240.225 - - [22/Aug/2026:07:40:46 +0800] "GET /joomla/.env HTTP/1.1" 404 54906 "-" "Mozilla/5.0 (Windows NT 10.0; Win64; x64) AppleWebKit/537.36 (KHTML, like Gecko) Chrome/131.0.0.0 Safari/537.36"
::1 - - [22/Aug/2026:07:40:46 +0800] "OPTIONS * HTTP/1.0" 200 110 "-" "Apache/2.4.68 (Ubuntu) OpenSSL/3.0.19 (internal dummy connection)"
34.215.240.225 - - [22/Aug/2026:07:40:46 +0800] "GET /magento/.env HTTP/1.1" 404 54906 "-" "Mozilla/5.0 (Windows NT 10.0; Win64; x64) AppleWebKit/537.36 (KHTML, like Gecko) Chrome/131.0.0.0 Safari/537.36"
23.20.178.124 - - [22/Aug/2026:07:40:46 +0800] "GET /wp-content/uploads/sites/2193/6030/6030-3896364.jpg HTTP/1.1" 200 110793 "-" "Mozilla/5.0 AppleWebKit/537.36 (KHTML, like Gecko; compatible; Amazonbot/0.1; +https://developer.amazon.com/support/amazonbot) Chrome/119.0.6045.214 Safari/537.36"
::1 - - [22/Aug/2026:07:40:47 +0800] "OPTIONS * HTTP/1.0" 200 110 "-" "Apache/2.4.68 (Ubuntu) OpenSSL/3.0.19 (internal dummy connection)"
34.215.240.225 - - [22/Aug/2026:07:40:47 +0800] "GET /shopify/.env HTTP/1.1" 404 54906 "-" "Mozilla/5.0 (Windows NT 10.0; Win64; x64) AppleWebKit/537.36 (KHTML, like Gecko) Chrome/131.0.0.0 Safari/537.36"
2001:288:a201::66:125 - - [22/Aug/2026:07:40:48 +0800] "GET /blog/active.php HTTP/1.1" 301 1026 "-" "-"
2001:288:a201::66:125 - - [22/Aug/2026:07:40:48 +0800] "GET /blog/active.php HTTP/1.1" 404 1084 "-" "-"
140.111.67.10 - - [22/Aug/2026:07:40:48 +0800] "GET /" 301 273 "-" "-"
34.171.68.95 - - [22/Aug/2026:07:40:48 +0800] "GET /6448/2015/10/26/104_3-5_%E6%A0%A1%E5%9C%92%E7%AF%80%E8%83%BD%E6%B8%9B%E7%A2%B3%E6%8E%A8%E5%8B%95%E6%83%85%E5%BD%A2/ HTTP/1.1" 200 15813 "-" "Mozilla/5.0 (Macintosh; Intel Mac OS X 10_15_7) AppleWebKit/537.36 (KHTML, like Gecko) Chrome/120.0.0.0 Safari/537.36"
54.147.238.89 - - [22/Aug/2026:07:40:48 +0800] "GET /wp-content/uploads/sites/1727/6232/6232-1440792.jpg HTTP/1.1" 200 121768 "-" "Mozilla/5.0 AppleWebKit/537.36 (KHTML, like Gecko; compatible; Amazonbot/0.1; +https://developer.amazon.com/support/amazonbot) Chrome/119.0.6045.214 Safari/537.36"
::1 - - [22/Aug/2026:07:40:48 +0800] "OPTIONS * HTTP/1.0" 200 110 "-" "Apache/2.4.68 (Ubuntu) OpenSSL/3.0.19 (internal dummy connection)"
34.215.240.225 - - [22/Aug/2026:07:40:48 +0800] "GET /prestashop/.env HTTP/1.1" 404 54906 "-" "Mozilla/5.0 (Windows NT 10.0; Win64; x64) AppleWebKit/537.36 (KHTML, like Gecko) Chrome/131.0.0.0 Safari/537.36"
100.55.60.118 - - [22/Aug/2026:07:40:46 +0800] "GET /magento/.env HTTP/1.1" 404 50094 "-" "Mozilla/5.0 (Windows NT 10.0; Win64; x64) AppleWebKit/537.36 (KHTML, like Gecko) Chrome/131.0.0.0 Safari/537.36"
34.215.240.225 - - [22/Aug/2026:07:40:48 +0800] "GET /codeigniter/.env HTTP/1.1" 404 54906 "-" "Mozilla/5.0 (Windows NT 10.0; Win64; x64) AppleWebKit/537.36 (KHTML, like Gecko) Chrome/131.0.0.0 Safari/537.36"
::1 - - [22/Aug/2026:07:40:49 +0800] "OPTIONS * HTTP/1.0" 200 110 "-" "Apache/2.4.68 (Ubuntu) OpenSSL/3.0.19 (internal dummy connection)"
34.215.240.225 - - [22/Aug/2026:07:40:49 +0800] "GET /cakephp/.env HTTP/1.1" 404 54906 "-" "Mozilla/5.0 (Windows NT 10.0; Win64; x64) AppleWebKit/537.36 (KHTML, like Gecko) Chrome/131.0.0.0 Safari/537.36"
::1 - - [22/Aug/2026:07:40:50 +0800] "OPTIONS * HTTP/1.0" 200 110 "-" "Apache/2.4.68 (Ubuntu) OpenSSL/3.0.19 (internal dummy connection)"
34.215.240.225 - - [22/Aug/2026:07:40:50 +0800] "GET /zend/.env HTTP/1.1" 404 54906 "-" "Mozilla/5.0 (Windows NT 10.0; Win64; x64) AppleWebKit/537.36 (KHTML, like Gecko) Chrome/131.0.0.0 Safari/537.36"
142.93.58.101 - - [22/Aug/2026:07:40:51 +0800] "GET /blog/imgs/thumbs_up.gif HTTP/1.1" 301 1042 "http://blog.ilc.edu.tw/" "Mozilla/5.0 (Windows NT 10.0; Win64; x64) AppleWebKit/537.36 (KHTML, like Gecko) Chrome/131.0.0.0 Safari/537.36"
142.93.241.71 - - [22/Aug/2026:07:40:51 +0800] "GET /blog/gallery/2314/2314-130738.png HTTP/1.1" 301 1062 "http://blog.ilc.edu.tw/" "Mozilla/5.0 (Windows NT 10.0; Win64; x64) AppleWebKit/537.36 (KHTML, like Gecko) Chrome/131.0.0.0 Safari/537.36"
34.215.240.225 - - [22/Aug/2026:07:40:51 +0800] "GET /yii/.env HTTP/1.1" 404 54906 "-" "Mozilla/5.0 (Windows NT 10.0; Win64; x64) AppleWebKit/537.36 (KHTML, like Gecko) Chrome/131.0.0.0 Safari/537.36"
100.55.60.118 - - [22/Aug/2026:07:40:49 +0800] "GET /shopify/.env HTTP/1.1" 404 50084 "-" "Mozilla/5.0 (Windows NT 10.0; Win64; x64) AppleWebKit/537.36 (KHTML, like Gecko) Chrome/131.0.0.0 Safari/537.36"
100.29.128.75 - - [22/Aug/2026:07:40:51 +0800] "GET /41795/wp-json/oembed/1.0/embed?url=https://2blog.ilc.edu.tw/41795/2022/11/21/111%25e5%25b9%25b411%25e6%259c%258822%25e6%2597%25a5%25e9%2580%25b1%25e4%25ba%258c%25e5%259b%259e%25e5%25ae%25b6%25e4%25bd%259c%25e6%25a5%25ad%25e5%2590%25ab%25e6%25b3%25a8%25e6%2584%258f%25e4%25ba%258b%25e9%25a0%2585/ HTTP/1.1" 200 8735 "-" "Mozilla/5.0 AppleWebKit/537.36 (KHTML, like Gecko; compatible; Amazonbot/0.1; +https://developer.amazon.com/support/amazonbot) Chrome/119.0.6045.214 Safari/537.36"
34.215.240.225 - - [22/Aug/2026:07:40:51 +0800] "GET /laravel5/.env HTTP/1.1" 404 54906 "-" "Mozilla/5.0 (Windows NT 10.0; Win64; x64) AppleWebKit/537.36 (KHTML, like Gecko) Chrome/131.0.0.0 Safari/537.36"
34.215.240.225 - - [22/Aug/2026:07:40:52 +0800] "GET /v1/.env HTTP/1.1" 404 54906 "-" "Mozilla/5.0 (Windows NT 10.0; Win64; x64) AppleWebKit/537.36 (KHTML, like Gecko) Chrome/131.0.0.0 Safari/537.36"
64.227.19.221 - - [22/Aug/2026:07:40:52 +0800] "GET /blog/gallery/2314/2314-130738.png HTTP/1.1" 404 25426 "http://blog.ilc.edu.tw/" "Mozilla/5.0 (Windows NT 10.0; Win64; x64) AppleWebKit/537.36 (KHTML, like Gecko) Chrome/131.0.0.0 Safari/537.36"
2001:288:a201::66:125 - - [22/Aug/2026:07:40:53 +0800] "GET /blog/active.php HTTP/1.1" 404 1084 "-" "-"
2001:288:a201::66:125 - - [22/Aug/2026:07:40:53 +0800] "GET /blog/active.php HTTP/1.1" 301 1026 "-" "-"
140.111.67.10 - - [22/Aug/2026:07:40:53 +0800] "GET /" 301 273 "-" "-"
34.215.240.225 - - [22/Aug/2026:07:40:53 +0800] "GET /v2/.env HTTP/1.1" 404 54906 "-" "Mozilla/5.0 (Windows NT 10.0; Win64; x64) AppleWebKit/537.36 (KHTML, like Gecko) Chrome/131.0.0.0 Safari/537.36"
20.125.101.194 - - [22/Aug/2026:07:40:53 +0800] "GET /wp-content/uploads/sites/1148/2022/09/111%E5%AD%B8%E5%B9%B4%E5%BA%A6%E7%AC%AC2%E5%AD%B8%E6%9C%9F%E9%AB%98%E7%B4%9A%E4%B8%AD%E7%AD%89%E4%BB%A5%E4%B8%8B%E6%95%99%E8%82%B2%E9%9A%8E%E6%AE%B5%E9%9D%9E%E5%AD%B8%E6%A0%A1%E5%9E%8B%E6%85%8B%E5%AF%A6%E9%A9%97%E6%95%99%E8%82%B2%E7%94%B3%E8%AB%8B1.pdf HTTP/1.1" 200 81505 "-" "Mozilla/5.0 (compatible; MSR-Financial-PDF-Scorer/1.0)"
100.55.60.118 - - [22/Aug/2026:07:40:52 +0800] "GET /prestashop/.env HTTP/1.1" 404 50069 "-" "Mozilla/5.0 (Windows NT 10.0; Win64; x64) AppleWebKit/537.36 (KHTML, like Gecko) Chrome/131.0.0.0 Safari/537.36"
34.215.240.225 - - [22/Aug/2026:07:40:54 +0800] "GET /v3/.env HTTP/1.1" 404 54906 "-" "Mozilla/5.0 (Windows NT 10.0; Win64; x64) AppleWebKit/537.36 (KHTML, like Gecko) Chrome/131.0.0.0 Safari/537.36"
