::1 - - [22/Aug/2026:07:37:41 +0800] "OPTIONS * HTTP/1.0" 200 110 "-" "Apache/2.4.68 (Ubuntu) OpenSSL/3.0.19 (internal dummy connection)"
98.80.170.237 - - [22/Aug/2026:07:37:41 +0800] "GET /client/.env HTTP/1.1" 404 83369 "-" "Mozilla/5.0 (Windows NT 10.0; Win64; x64) AppleWebKit/537.36 (KHTML, like Gecko) Chrome/131.0.0.0 Safari/537.36"
17.241.227.182 - - [22/Aug/2026:07:37:42 +0800] "GET /7706/wp-content/cache/2blog.ilc.edu.tw/wpfc-minified/7m9g1ljp/7nyyl.css HTTP/1.1" 200 53636 "https://2blog.ilc.edu.tw/7706/2018/11/16/%e4%ba%8c-1-107%e6%95%99%e5%ae%a4%e7%b6%a0%e7%be%8e%e5%8c%96%e6%af%94%e8%b3%bd%e5%90%ab%e9%96%b1%e8%ae%80%e8%a7%92%e5%b8%83%e7%bd%ae_%e8%97%9d%e6%96%87%e9%a0%98%e5%9f%9f%e5%81%a5%e9%ab%94%e9%a0%98/" "Mozilla/5.0 (Macintosh; Intel Mac OS X 10_15_7) AppleWebKit/605.1.15 (KHTML, like Gecko) Version/17.4 Safari/605.1.15 (Applebot/0.1; +http://www.apple.com/go/applebot)"
98.80.170.237 - - [22/Aug/2026:07:37:41 +0800] "GET /project/.env HTTP/1.1" 404 83369 "-" "Mozilla/5.0 (Windows NT 10.0; Win64; x64) AppleWebKit/537.36 (KHTML, like Gecko) Chrome/131.0.0.0 Safari/537.36"
::1 - - [22/Aug/2026:07:37:42 +0800] "OPTIONS * HTTP/1.0" 200 110 "-" "Apache/2.4.68 (Ubuntu) OpenSSL/3.0.19 (internal dummy connection)"
3.144.99.169 - - [22/Aug/2026:07:37:40 +0800] "GET /info HTTP/1.1" 301 836 "-" "Mozilla/5.0 (Windows NT 10.0; Win64; x64) AppleWebKit/537.36 (KHTML, like Gecko) Chrome/131.0.0.0 Safari/537.36"
98.80.170.237 - - [22/Aug/2026:07:37:42 +0800] "GET /admin-panel/.env HTTP/1.1" 404 83369 "-" "Mozilla/5.0 (Windows NT 10.0; Win64; x64) AppleWebKit/537.36 (KHTML, like Gecko) Chrome/131.0.0.0 Safari/537.36"
3.144.99.169 - - [22/Aug/2026:07:37:42 +0800] "GET /php-info.php HTTP/1.1" 404 973 "-" "Mozilla/5.0 (Windows NT 10.0; Win64; x64) AppleWebKit/537.36 (KHTML, like Gecko) Chrome/131.0.0.0 Safari/537.36"
3.94.157.25 - - [22/Aug/2026:07:37:42 +0800] "GET /6460/wp-json/wp/v2/posts/%22https:/2blog.ilc.edu.tw/wp-content/uploads/sites/2300/6460/6460-1012751.jpg/%22 HTTP/1.1" 404 6131 "-" "Mozilla/5.0 AppleWebKit/537.36 (KHTML, like Gecko; compatible; Amazonbot/0.1; +https://developer.amazon.com/support/amazonbot) Chrome/119.0.6045.214 Safari/537.36"
2001:288:a201::66:125 - - [22/Aug/2026:07:37:43 +0800] "GET /blog/active.php HTTP/1.1" 301 1026 "-" "-"
2001:288:a201::66:125 - - [22/Aug/2026:07:37:43 +0800] "GET /blog/active.php HTTP/1.1" 404 1084 "-" "-"
3.144.99.169 - - [22/Aug/2026:07:37:43 +0800] "GET /phpversion.php HTTP/1.1" 404 973 "-" "Mozilla/5.0 (Windows NT 10.0; Win64; x64) AppleWebKit/537.36 (KHTML, like Gecko) Chrome/131.0.0.0 Safari/537.36"
140.111.67.10 - - [22/Aug/2026:07:37:43 +0800] "GET /" 301 273 "-" "-"
3.144.99.169 - - [22/Aug/2026:07:37:43 +0800] "GET /_phpinfo.php HTTP/1.1" 404 973 "-" "Mozilla/5.0 (Windows NT 10.0; Win64; x64) AppleWebKit/537.36 (KHTML, like Gecko) Chrome/131.0.0.0 Safari/537.36"
17.241.227.182 - - [22/Aug/2026:07:37:43 +0800] "GET /7706/wp-content/cache/2blog.ilc.edu.tw/wpfc-minified/9k3c266k/7nyyl.css HTTP/1.1" 200 1157 "https://2blog.ilc.edu.tw/7706/2018/11/16/%e4%ba%8c-1-107%e6%95%99%e5%ae%a4%e7%b6%a0%e7%be%8e%e5%8c%96%e6%af%94%e8%b3%bd%e5%90%ab%e9%96%b1%e8%ae%80%e8%a7%92%e5%b8%83%e7%bd%ae_%e8%97%9d%e6%96%87%e9%a0%98%e5%9f%9f%e5%81%a5%e9%ab%94%e9%a0%98/" "Mozilla/5.0 (Macintosh; Intel Mac OS X 10_15_7) AppleWebKit/605.1.15 (KHTML, like Gecko) Version/17.4 Safari/605.1.15 (Applebot/0.1; +http://www.apple.com/go/applebot)"
98.80.170.237 - - [22/Aug/2026:07:37:43 +0800] "GET /control-panel/.env HTTP/1.1" 404 83369 "-" "Mozilla/5.0 (Windows NT 10.0; Win64; x64) AppleWebKit/537.36 (KHTML, like Gecko) Chrome/131.0.0.0 Safari/537.36"
66.249.79.137 - - [22/Aug/2026:07:37:41 +0800] "GET /wp-login.php?action=ilc_logout&_wpnonce=43754d0aad&redirect_to=//seidgranit.ru/join/12529/ HTTP/1.1" 302 8241 "-" "Mozilla/5.0 (Linux; Android 6.0.1; Nexus 5X Build/MMB29P) AppleWebKit/537.36 (KHTML, like Gecko) Chrome/151.0.7922.137 Mobile Safari/537.36 (compatible; Googlebot/2.1; +http://www.google.com/bot.html)"
52.200.93.170 - - [22/Aug/2026:07:37:43 +0800] "GET /wp-content/uploads/sites/3739/2023/10/?C=M;O%3DA HTTP/1.1" 200 1114 "-" "Mozilla/5.0 AppleWebKit/537.36 (KHTML, like Gecko; compatible; Amazonbot/0.1; +https://developer.amazon.com/support/amazonbot) Chrome/119.0.6045.214 Safari/537.36"
3.144.99.169 - - [22/Aug/2026:07:37:43 +0800] "GET /old_phpinfo.php HTTP/1.1" 404 973 "-" "Mozilla/5.0 (Windows NT 10.0; Win64; x64) AppleWebKit/537.36 (KHTML, like Gecko) Chrome/131.0.0.0 Safari/537.36"
3.144.99.169 - - [22/Aug/2026:07:37:43 +0800] "GET /server-info.php HTTP/1.1" 404 973 "-" "Mozilla/5.0 (Windows NT 10.0; Win64; x64) AppleWebKit/537.36 (KHTML, like Gecko) Chrome/131.0.0.0 Safari/537.36"
34.231.77.232 - - [22/Aug/2026:07:37:43 +0800] "GET /6488/2015/11/12/%E6%9C%AC%E6%A0%A1%E6%AD%B7%E5%B9%B4%E6%8E%A8%E5%8B%95%E7%92%B0%E5%A2%83%E6%95%99%E8%82%B2%E4%B9%8B%E7%8D%8E%E9%A0%85-3/ HTTP/1.1" 200 17202 "-" "Mozilla/5.0 AppleWebKit/537.36 (KHTML, like Gecko; compatible; Amazonbot/0.1; +https://developer.amazon.com/support/amazonbot) Chrome/119.0.6045.214 Safari/537.36"
3.144.99.169 - - [22/Aug/2026:07:37:44 +0800] "GET /server-status.php HTTP/1.1" 404 973 "-" "Mozilla/5.0 (Windows NT 10.0; Win64; x64) AppleWebKit/537.36 (KHTML, like Gecko) Chrome/131.0.0.0 Safari/537.36"
98.80.170.237 - - [22/Aug/2026:07:37:44 +0800] "GET /user-panel/.env HTTP/1.1" 404 83369 "-" "Mozilla/5.0 (Windows NT 10.0; Win64; x64) AppleWebKit/537.36 (KHTML, like Gecko) Chrome/131.0.0.0 Safari/537.36"
3.210.114.189 - - [22/Aug/2026:07:37:44 +0800] "GET /wp-content/uploads/sites/890/2023/11/u516d/u5e74/u7d1a/u5b57/u5f62/u984c/u76ee/u984c/u5eab/u54e1/u5c71/u570b/u5c0f.pdf HTTP/1.1" 500 6130 "-" "Mozilla/5.0 AppleWebKit/537.36 (KHTML, like Gecko; compatible; Amazonbot/0.1; +https://developer.amazon.com/support/amazonbot) Chrome/119.0.6045.214 Safari/537.36"
2409:8c28:5460:902::40 - - [22/Aug/2026:07:37:44 +0800] "GET /wp-content/cache/www.cwjh.ilc.edu.tw/wpfc-minified/8wopko65/77dd.css HTTP/1.1" 200 5960 "https://www.cwjh.ilc.edu.tw/2013/page/2/" "Mozilla/5.0 (Windows NT 10.0; Win64; x64) AppleWebKit/537.36 (KHTML, like Gecko) Chrome/144.0.0.0 Safari/537.36"
2409:8c28:5460:902::40 - - [22/Aug/2026:07:37:44 +0800] "GET /wp-content/cache/www.cwjh.ilc.edu.tw/wpfc-minified/f11u7byj/77dd.js HTTP/1.1" 200 40362 "https://www.cwjh.ilc.edu.tw/2013/page/2/" "Mozilla/5.0 (Windows NT 10.0; Win64; x64) AppleWebKit/537.36 (KHTML, like Gecko) Chrome/144.0.0.0 Safari/537.36"
2409:8c28:5460:902::40 - - [22/Aug/2026:07:37:44 +0800] "GET /wp-content/cache/www.cwjh.ilc.edu.tw/wpfc-minified/7957u2ji/77dd.css HTTP/1.1" 200 20585 "https://www.cwjh.ilc.edu.tw/2013/page/2/" "Mozilla/5.0 (Windows NT 10.0; Win64; x64) AppleWebKit/537.36 (KHTML, like Gecko) Chrome/144.0.0.0 Safari/537.36"
2409:8c28:5460:902::40 - - [22/Aug/2026:07:37:44 +0800] "GET /wp-includes/js/hoverintent-js.min.js HTTP/1.1" 200 6400 "https://www.cwjh.ilc.edu.tw/2013/page/2/" "Mozilla/5.0 (Windows NT 10.0; Win64; x64) AppleWebKit/537.36 (KHTML, like Gecko) Chrome/144.0.0.0 Safari/537.36"
2409:8c28:5460:902::40 - - [22/Aug/2026:07:37:44 +0800] "GET /wp-content/cache/www.cwjh.ilc.edu.tw/wpfc-minified/dhutxct0/77dd.css HTTP/1.1" 200 66148 "https://www.cwjh.ilc.edu.tw/2013/page/2/" "Mozilla/5.0 (Windows NT 10.0; Win64; x64) AppleWebKit/537.36 (KHTML, like Gecko) Chrome/144.0.0.0 Safari/537.36"
17.241.227.182 - - [22/Aug/2026:07:37:44 +0800] "GET /7706/wp-includes/js/hoverintent-js.min.js HTTP/1.1" 200 1597 "https://2blog.ilc.edu.tw/7706/2018/11/16/%e4%ba%8c-1-107%e6%95%99%e5%ae%a4%e7%b6%a0%e7%be%8e%e5%8c%96%e6%af%94%e8%b3%bd%e5%90%ab%e9%96%b1%e8%ae%80%e8%a7%92%e5%b8%83%e7%bd%ae_%e8%97%9d%e6%96%87%e9%a0%98%e5%9f%9f%e5%81%a5%e9%ab%94%e9%a0%98/" "Mozilla/5.0 (Macintosh; Intel Mac OS X 10_15_7) AppleWebKit/605.1.15 (KHTML, like Gecko) Version/17.4 Safari/605.1.15 (Applebot/0.1; +http://www.apple.com/go/applebot)"
2a03:2880:f802:3d:: - - [22/Aug/2026:07:37:43 +0800] "GET /wp-login.php?key=7lbje381&_wpnonce=&action=ilc_logout&redirect_to=https%3A%2F%2Fgame.edu.kg HTTP/1.1" 302 8248 "-" "Mozilla/5.0 (Windows NT 10.0; Win64; x64) AppleWebKit/537.36 (KHTML, like Gecko) Chrome/145.0.0.0 Safari/537.36 Edg/145.0.0.0 (compatible; meta-externalagent/1.1 (+https://developers.facebook.com/docs/sharing/webmasters/crawler))"
98.80.170.237 - - [22/Aug/2026:07:37:44 +0800] "GET /node/.env HTTP/1.1" 404 83369 "-" "Mozilla/5.0 (Windows NT 10.0; Win64; x64) AppleWebKit/537.36 (KHTML, like Gecko) Chrome/131.0.0.0 Safari/537.36"
2409:8c28:5460:902::40 - - [22/Aug/2026:07:37:45 +0800] "GET /wp-includes/js/imagesloaded.min.js HTTP/1.1" 200 2683 "https://www.cwjh.ilc.edu.tw/2013/page/2/" "Mozilla/5.0 (Windows NT 10.0; Win64; x64) AppleWebKit/537.36 (KHTML, like Gecko) Chrome/144.0.0.0 Safari/537.36"
2409:8c28:5460:902::40 - - [22/Aug/2026:07:37:45 +0800] "GET /wp-content/themes/oceanwp/assets/js/theme.min.js HTTP/1.1" 200 5130 "https://www.cwjh.ilc.edu.tw/2013/page/2/" "Mozilla/5.0 (Windows NT 10.0; Win64; x64) AppleWebKit/537.36 (KHTML, like Gecko) Chrome/144.0.0.0 Safari/537.36"
2409:8c28:5460:902::40 - - [22/Aug/2026:07:37:45 +0800] "GET /wp-content/themes/oceanwp/assets/js/drop-down-search.min.js HTTP/1.1" 200 2968 "https://www.cwjh.ilc.edu.tw/2013/page/2/" "Mozilla/5.0 (Windows NT 10.0; Win64; x64) AppleWebKit/537.36 (KHTML, like Gecko) Chrome/144.0.0.0 Safari/537.36"
2409:8c28:5460:902::40 - - [22/Aug/2026:07:37:45 +0800] "GET /wp-content/themes/oceanwp/assets/js/vendors/magnific-popup.min.js HTTP/1.1" 200 8270 "https://www.cwjh.ilc.edu.tw/2013/page/2/" "Mozilla/5.0 (Windows NT 10.0; Win64; x64) AppleWebKit/537.36 (KHTML, like Gecko) Chrome/144.0.0.0 Safari/537.36"
2409:8c28:5460:902::40 - - [22/Aug/2026:07:37:45 +0800] "GET /wp-content/themes/oceanwp/assets/js/ow-lightbox.min.js HTTP/1.1" 200 2321 "https://www.cwjh.ilc.edu.tw/2013/page/2/" "Mozilla/5.0 (Windows NT 10.0; Win64; x64) AppleWebKit/537.36 (KHTML, like Gecko) Chrome/144.0.0.0 Safari/537.36"
2409:8c28:5460:902::40 - - [22/Aug/2026:07:37:45 +0800] "GET /wp-content/themes/oceanwp/assets/js/vendors/flickity.pkgd.min.js HTTP/1.1" 200 15048 "https://www.cwjh.ilc.edu.tw/2013/page/2/" "Mozilla/5.0 (Windows NT 10.0; Win64; x64) AppleWebKit/537.36 (KHTML, like Gecko) Chrome/144.0.0.0 Safari/537.36"
189.104.107.27 - - [22/Aug/2026:07:37:45 +0800] "GET /wei759/wp-content/uploads/sites/3931/2024/01/20231212_132843-300x300.jpg HTTP/1.1" 200 21151 "-" "Mozilla/5.0 (compatible; crawler)"
2409:8c28:5460:902::40 - - [22/Aug/2026:07:37:45 +0800] "GET /wp-content/themes/oceanwp/assets/js/scroll-effect.min.js HTTP/1.1" 200 4127 "https://www.cwjh.ilc.edu.tw/2013/page/2/" "Mozilla/5.0 (Windows NT 10.0; Win64; x64) AppleWebKit/537.36 (KHTML, like Gecko) Chrome/144.0.0.0 Safari/537.36"
2409:8c28:5460:902::40 - - [22/Aug/2026:07:37:45 +0800] "GET /wp-content/themes/oceanwp/assets/js/scroll-top.min.js HTTP/1.1" 200 3202 "https://www.cwjh.ilc.edu.tw/2013/page/2/" "Mozilla/5.0 (Windows NT 10.0; Win64; x64) AppleWebKit/537.36 (KHTML, like Gecko) Chrome/144.0.0.0 Safari/537.36"
2409:8c28:5460:902::40 - - [22/Aug/2026:07:37:45 +0800] "GET /wp-content/themes/oceanwp/assets/js/select.min.js HTTP/1.1" 200 2408 "https://www.cwjh.ilc.edu.tw/2013/page/2/" "Mozilla/5.0 (Windows NT 10.0; Win64; x64) AppleWebKit/537.36 (KHTML, like Gecko) Chrome/144.0.0.0 Safari/537.36"
2409:8c28:5460:902::40 - - [22/Aug/2026:07:37:45 +0800] "GET /wp-content/plugins/ocean-extra/includes/widgets/js/flickr.min.js HTTP/1.1" 200 1319 "https://www.cwjh.ilc.edu.tw/2013/page/2/" "Mozilla/5.0 (Windows NT 10.0; Win64; x64) AppleWebKit/537.36 (KHTML, like Gecko) Chrome/144.0.0.0 Safari/537.36"
98.80.170.237 - - [22/Aug/2026:07:37:45 +0800] "GET /express/.env HTTP/1.1" 404 83369 "-" "Mozilla/5.0 (Windows NT 10.0; Win64; x64) AppleWebKit/537.36 (KHTML, like Gecko) Chrome/131.0.0.0 Safari/537.36"
17.241.227.182 - - [22/Aug/2026:07:37:46 +0800] "GET /7706/wp-includes/js/admin-bar.min.js HTTP/1.1" 200 2237 "https://2blog.ilc.edu.tw/7706/2018/11/16/%e4%ba%8c-1-107%e6%95%99%e5%ae%a4%e7%b6%a0%e7%be%8e%e5%8c%96%e6%af%94%e8%b3%bd%e5%90%ab%e9%96%b1%e8%ae%80%e8%a7%92%e5%b8%83%e7%bd%ae_%e8%97%9d%e6%96%87%e9%a0%98%e5%9f%9f%e5%81%a5%e9%ab%94%e9%a0%98/" "Mozilla/5.0 (Macintosh; Intel Mac OS X 10_15_7) AppleWebKit/605.1.15 (KHTML, like Gecko) Version/17.4 Safari/605.1.15 (Applebot/0.1; +http://www.apple.com/go/applebot)"
18.232.11.247 - - [22/Aug/2026:07:37:46 +0800] "GET /wp-json/wp/v2/posts/12 HTTP/1.1" 200 11900 "-" "Mozilla/5.0 AppleWebKit/537.36 (KHTML, like Gecko; compatible; Amazonbot/0.1; +https://developer.amazon.com/support/amazonbot) Chrome/119.0.6045.214 Safari/537.36"
54.198.33.233 - - [22/Aug/2026:07:37:46 +0800] "GET /wp-content/uploads/sites/2813/6488/6488-3327691.jpg HTTP/1.1" 200 34386 "-" "Mozilla/5.0 AppleWebKit/537.36 (KHTML, like Gecko; compatible; Amazonbot/0.1; +https://developer.amazon.com/support/amazonbot) Chrome/119.0.6045.214 Safari/537.36"
98.80.170.237 - - [22/Aug/2026:07:37:46 +0800] "GET /next/.env HTTP/1.1" 404 83369 "-" "Mozilla/5.0 (Windows NT 10.0; Win64; x64) AppleWebKit/537.36 (KHTML, like Gecko) Chrome/131.0.0.0 Safari/537.36"
3.144.99.169 - - [22/Aug/2026:07:37:44 +0800] "GET /_profiler/phpinfo HTTP/1.1" 301 849 "-" "Mozilla/5.0 (Windows NT 10.0; Win64; x64) AppleWebKit/537.36 (KHTML, like Gecko) Chrome/131.0.0.0 Safari/537.36"
98.80.170.237 - - [22/Aug/2026:07:37:46 +0800] "GET /nuxt/.env HTTP/1.1" 404 83369 "-" "Mozilla/5.0 (Windows NT 10.0; Win64; x64) AppleWebKit/537.36 (KHTML, like Gecko) Chrome/131.0.0.0 Safari/537.36"
50.19.221.48 - - [22/Aug/2026:07:37:47 +0800] "GET /wp-content/uploads/sites/2452/2026/08/?C=M;O%3DA HTTP/1.1" 200 1114 "-" "Mozilla/5.0 AppleWebKit/537.36 (KHTML, like Gecko; compatible; Amazonbot/0.1; +https://developer.amazon.com/support/amazonbot) Chrome/119.0.6045.214 Safari/537.36"
216.244.66.226 - - [22/Aug/2026:07:37:47 +0800] "GET /blog/blog/4776/post/14496/112009 HTTP/1.1" 404 35276 "-" "Mozilla/5.0 (compatible; DotBot/1.2; +https://opensiteexplorer.org/dotbot; help@moz.com)"
17.241.227.182 - - [22/Aug/2026:07:37:47 +0800] "GET /7706/wp-includes/js/imagesloaded.min.js HTTP/1.1" 200 2683 "https://2blog.ilc.edu.tw/7706/2018/11/16/%e4%ba%8c-1-107%e6%95%99%e5%ae%a4%e7%b6%a0%e7%be%8e%e5%8c%96%e6%af%94%e8%b3%bd%e5%90%ab%e9%96%b1%e8%ae%80%e8%a7%92%e5%b8%83%e7%bd%ae_%e8%97%9d%e6%96%87%e9%a0%98%e5%9f%9f%e5%81%a5%e9%ab%94%e9%a0%98/" "Mozilla/5.0 (Macintosh; Intel Mac OS X 10_15_7) AppleWebKit/605.1.15 (KHTML, like Gecko) Version/17.4 Safari/605.1.15 (Applebot/0.1; +http://www.apple.com/go/applebot)"
98.80.170.237 - - [22/Aug/2026:07:37:47 +0800] "GET /nest/.env HTTP/1.1" 404 83369 "-" "Mozilla/5.0 (Windows NT 10.0; Win64; x64) AppleWebKit/537.36 (KHTML, like Gecko) Chrome/131.0.0.0 Safari/537.36"
2001:288:a201::66:125 - - [22/Aug/2026:07:37:48 +0800] "GET /blog/active.php HTTP/1.1" 301 1026 "-" "-"
2001:288:a201::66:125 - - [22/Aug/2026:07:37:48 +0800] "GET /blog/active.php HTTP/1.1" 404 1084 "-" "-"
34.226.89.140 - - [22/Aug/2026:07:37:47 +0800] "GET /kkes101/wp-content/uploads/sites/2886/2023/10/P_20231024_114125-1-1536x1152.jpg HTTP/1.1" 200 335992 "-" "Mozilla/5.0 AppleWebKit/537.36 (KHTML, like Gecko; compatible; Amazonbot/0.1; +https://developer.amazon.com/support/amazonbot) Chrome/119.0.6045.214 Safari/537.36"
140.111.67.10 - - [22/Aug/2026:07:37:48 +0800] "GET /" 301 273 "-" "-"
98.80.170.237 - - [22/Aug/2026:07:37:48 +0800] "GET /react/.env HTTP/1.1" 404 83369 "-" "Mozilla/5.0 (Windows NT 10.0; Win64; x64) AppleWebKit/537.36 (KHTML, like Gecko) Chrome/131.0.0.0 Safari/537.36"
31.25.195.251 - - [22/Aug/2026:07:37:48 +0800] "GET /1003/wp-content/uploads/sites/233/2022/09/%E4%BA%8C%E5%B9%B4%E4%BB%81%E7%8F%AD_%E9%A0%81%E9%9D%A2_06-1024x576.png HTTP/1.1" 200 239333 "https://2blog.ilc.edu.tw/1003/2022/09/28/%E3%80%90%E7%A7%91%E6%8A%80%E8%BC%94%E5%8A%A9%E8%9E%8D%E5%85%A5%E6%95%99%E5%AD%B8%E3%80%91jamboard%E4%BA%8C%E5%B9%B4%E7%B4%9A%E8%AD%98%E5%AD%97%E8%88%87%E5%AF%AB%E5%AD%97/" "Mozilla/5.0 (Macintosh; Intel Mac OS X 10_15_7) AppleWebKit/537.36 (KHTML, like Gecko) Chrome/131.0.0.0 Safari/537.36"
3.144.99.169 - - [22/Aug/2026:07:37:46 +0800] "GET /_environment HTTP/1.1" 301 844 "-" "Mozilla/5.0 (Windows NT 10.0; Win64; x64) AppleWebKit/537.36 (KHTML, like Gecko) Chrome/131.0.0.0 Safari/537.36"
17.241.227.182 - - [22/Aug/2026:07:37:49 +0800] "GET /7706/wp-content/themes/oceanwp/assets/js/drop-down-search.min.js HTTP/1.1" 200 2968 "https://2blog.ilc.edu.tw/7706/2018/11/16/%e4%ba%8c-1-107%e6%95%99%e5%ae%a4%e7%b6%a0%e7%be%8e%e5%8c%96%e6%af%94%e8%b3%bd%e5%90%ab%e9%96%b1%e8%ae%80%e8%a7%92%e5%b8%83%e7%bd%ae_%e8%97%9d%e6%96%87%e9%a0%98%e5%9f%9f%e5%81%a5%e9%ab%94%e9%a0%98/" "Mozilla/5.0 (Macintosh; Intel Mac OS X 10_15_7) AppleWebKit/605.1.15 (KHTML, like Gecko) Version/17.4 Safari/605.1.15 (Applebot/0.1; +http://www.apple.com/go/applebot)"
98.80.170.237 - - [22/Aug/2026:07:37:49 +0800] "GET /vue/.env HTTP/1.1" 404 83369 "-" "Mozilla/5.0 (Windows NT 10.0; Win64; x64) AppleWebKit/537.36 (KHTML, like Gecko) Chrome/131.0.0.0 Safari/537.36"
2409:8c28:5460:902::40 - - [22/Aug/2026:07:37:49 +0800] "GET /wp-content/themes/oceanwp/assets/fonts/simple-line-icons/Simple-Line-Icons.woff2?v=2.4.0 HTTP/1.1" 200 30959 "https://www.cwjh.ilc.edu.tw/wp-content/cache/www.cwjh.ilc.edu.tw/wpfc-minified/dhutxct0/77dd.css" "Mozilla/5.0 (Windows NT 10.0; Win64; x64) AppleWebKit/537.36 (KHTML, like Gecko) Chrome/144.0.0.0 Safari/537.36"
98.80.170.237 - - [22/Aug/2026:07:37:49 +0800] "GET /angular/.env HTTP/1.1" 404 83369 "-" "Mozilla/5.0 (Windows NT 10.0; Win64; x64) AppleWebKit/537.36 (KHTML, like Gecko) Chrome/131.0.0.0 Safari/537.36"
66.249.71.9 - - [22/Aug/2026:07:37:47 +0800] "GET /wp-login.php?action=ilc_logout&_wpnonce=43754d0aad&redirect_to=http://juliamilton.ru/creator/67957/ HTTP/1.1" 302 8250 "-" "Mozilla/5.0 (Linux; Android 6.0.1; Nexus 5X Build/MMB29P) AppleWebKit/537.36 (KHTML, like Gecko) Chrome/151.0.7922.137 Mobile Safari/537.36 (compatible; Googlebot/2.1; +http://www.google.com/bot.html)"
2409:8c28:5460:902::40 - - [22/Aug/2026:07:37:49 +0800] "GET /wp-content/themes/oceanwp/assets/fonts/fontawesome/webfonts/fa-solid-900.woff2 HTTP/1.1" 200 151246 "https://www.cwjh.ilc.edu.tw/wp-content/cache/www.cwjh.ilc.edu.tw/wpfc-minified/dhutxct0/77dd.css" "Mozilla/5.0 (Windows NT 10.0; Win64; x64) AppleWebKit/537.36 (KHTML, like Gecko) Chrome/144.0.0.0 Safari/537.36"
2408:872f:c00:408::173 - - [22/Aug/2026:07:37:50 +0800] "GET /qlesnl1130130/category/%e5%af%a6%e6%96%bd%e8%87%ba%e7%81%a3%e6%af%8d%e8%aa%9e%e6%97%a5%e6%95%99%e5%ad%b8%e6%b4%bb%e5%8b%95 HTTP/1.1" 301 5873 "-" "Mozilla/5.0 (Windows NT 10.0; Win64; x64) AppleWebKit/537.36 (KHTML, like Gecko) Chrome/144.0.0.0 Safari/537.36"
2409:8c28:5460:902::40 - - [22/Aug/2026:07:37:50 +0800] "GET /wp-content/uploads/sites/1364/2020/02/cropped-cwjh001-32x32.png HTTP/1.1" 200 3126 "https://www.cwjh.ilc.edu.tw/2013/page/2/" "Mozilla/5.0 (Windows NT 10.0; Win64; x64) AppleWebKit/537.36 (KHTML, like Gecko) Chrome/144.0.0.0 Safari/537.36"
17.241.227.182 - - [22/Aug/2026:07:37:50 +0800] "GET /7706/wp-content/themes/oceanwp/assets/js/vendors/magnific-popup.min.js HTTP/1.1" 200 8270 "https://2blog.ilc.edu.tw/7706/2018/11/16/%e4%ba%8c-1-107%e6%95%99%e5%ae%a4%e7%b6%a0%e7%be%8e%e5%8c%96%e6%af%94%e8%b3%bd%e5%90%ab%e9%96%b1%e8%ae%80%e8%a7%92%e5%b8%83%e7%bd%ae_%e8%97%9d%e6%96%87%e9%a0%98%e5%9f%9f%e5%81%a5%e9%ab%94%e9%a0%98/" "Mozilla/5.0 (Macintosh; Intel Mac OS X 10_15_7) AppleWebKit/605.1.15 (KHTML, like Gecko) Version/17.4 Safari/605.1.15 (Applebot/0.1; +http://www.apple.com/go/applebot)"
98.80.170.237 - - [22/Aug/2026:07:37:50 +0800] "GET /svelte/.env HTTP/1.1" 404 83369 "-" "Mozilla/5.0 (Windows NT 10.0; Win64; x64) AppleWebKit/537.36 (KHTML, like Gecko) Chrome/131.0.0.0 Safari/537.36"
23.27.81.229 - - [22/Aug/2026:07:37:50 +0800] "GET /17160/wp-content/uploads/sites/1249/2021/12/Sblog-110%E5%AE%B6%E6%97%8F%E6%99%82%E9%96%93-G4%E5%B8%B6%E9%A0%98%E7%9B%B8%E8%A6%8B%E6%AD%A1_43-768x576.jpg HTTP/1.1" 200 98602 "https://2blog.ilc.edu.tw/17160/2021/03/22/%E3%80%90g4%E3%80%91%E9%A0%982-%E4%B8%BB%E9%A1%8C%E6%B4%BB%E5%8B%95%E5%B0%8F%E8%A9%A6%E8%BA%AB%E6%89%8B%E7%AF%87/" "Mozilla/5.0 (Macintosh; Intel Mac OS X 10_15_7) AppleWebKit/537.36 (KHTML, like Gecko) Chrome/131.0.0.0 Safari/537.36"
3.101.8.174 - - [22/Aug/2026:07:37:50 +0800] "HEAD / HTTP/1.1" 301 862 "-" "montastic-monitor www.montastic.com - cid:245483"
2408:872f:c00:408::173 - - [22/Aug/2026:07:37:50 +0800] "GET /qlesnl1130130/category/%e5%af%a6%e6%96%bd%e8%87%ba%e7%81%a3%e6%af%8d%e8%aa%9e%e6%97%a5%e6%95%99%e5%ad%b8%e6%b4%bb%e5%8b%95/ HTTP/1.1" 200 13521 "-" "Mozilla/5.0 (Windows NT 10.0; Win64; x64) AppleWebKit/537.36 (KHTML, like Gecko) Chrome/144.0.0.0 Safari/537.36"
2408:872f:c00:408::173 - - [22/Aug/2026:07:37:51 +0800] "GET /qlesnl1130130/wp-content/cache/2blog.ilc.edu.tw/wpfc-minified/euox720p/c1ork.css HTTP/1.1" 200 40899 "https://2blog.ilc.edu.tw/qlesnl1130130/category/%e5%af%a6%e6%96%bd%e8%87%ba%e7%81%a3%e6%af%8d%e8%aa%9e%e6%97%a5%e6%95%99%e5%ad%b8%e6%b4%bb%e5%8b%95/" "Mozilla/5.0 (Windows NT 10.0; Win64; x64) AppleWebKit/537.36 (KHTML, like Gecko) Chrome/144.0.0.0 Safari/537.36"
3.101.8.174 - - [22/Aug/2026:07:37:51 +0800] "HEAD / HTTP/1.1" 200 5495 "-" "montastic-monitor www.montastic.com - cid:245483"
3.144.99.169 - - [22/Aug/2026:07:37:49 +0800] "GET /webroot/index.php/_environment HTTP/1.1" 301 852 "-" "Mozilla/5.0 (Windows NT 10.0; Win64; x64) AppleWebKit/537.36 (KHTML, like Gecko) Chrome/131.0.0.0 Safari/537.36"
98.80.170.237 - - [22/Aug/2026:07:37:51 +0800] "GET /vite/.env HTTP/1.1" 404 83369 "-" "Mozilla/5.0 (Windows NT 10.0; Win64; x64) AppleWebKit/537.36 (KHTML, like Gecko) Chrome/131.0.0.0 Safari/537.36"
66.249.79.137 - - [22/Aug/2026:07:37:49 +0800] "GET /wp-login.php?action=ilc_logout&_wpnonce=43754d0aad&redirect_to=http://strela-courier.ru/gallery/11211/ HTTP/1.1" 302 8253 "-" "Mozilla/5.0 (Linux; Android 6.0.1; Nexus 5X Build/MMB29P) AppleWebKit/537.36 (KHTML, like Gecko) Chrome/151.0.7922.137 Mobile Safari/537.36 (compatible; Googlebot/2.1; +http://www.google.com/bot.html)"
3.144.99.169 - - [22/Aug/2026:07:37:51 +0800] "GET /mail/phpinfo.php HTTP/1.1" 404 973 "-" "Mozilla/5.0 (Windows NT 10.0; Win64; x64) AppleWebKit/537.36 (KHTML, like Gecko) Chrome/131.0.0.0 Safari/537.36"
3.144.99.169 - - [22/Aug/2026:07:37:51 +0800] "GET /cpanel/phpinfo.php HTTP/1.1" 404 973 "-" "Mozilla/5.0 (Windows NT 10.0; Win64; x64) AppleWebKit/537.36 (KHTML, like Gecko) Chrome/131.0.0.0 Safari/537.36"
18.211.148.239 - - [22/Aug/2026:07:37:51 +0800] "GET /blog/blog/6460/post/49487/348670 HTTP/1.1" 301 1060 "-" "Mozilla/5.0 AppleWebKit/537.36 (KHTML, like Gecko; compatible; Amazonbot/0.1; +https://developer.amazon.com/support/amazonbot) Chrome/119.0.6045.214 Safari/537.36"
2408:872f:c00:408::173 - - [22/Aug/2026:07:37:52 +0800] "GET /qlesnl1130130/wp-content/cache/2blog.ilc.edu.tw/wpfc-minified/o5cte2w/c1ork.css HTTP/1.1" 200 15782 "https://2blog.ilc.edu.tw/qlesnl1130130/category/%e5%af%a6%e6%96%bd%e8%87%ba%e7%81%a3%e6%af%8d%e8%aa%9e%e6%97%a5%e6%95%99%e5%ad%b8%e6%b4%bb%e5%8b%95/" "Mozilla/5.0 (Windows NT 10.0; Win64; x64) AppleWebKit/537.36 (KHTML, like Gecko) Chrome/144.0.0.0 Safari/537.36"
3.144.99.169 - - [22/Aug/2026:07:37:52 +0800] "GET /hosting/phpinfo.php HTTP/1.1" 404 973 "-" "Mozilla/5.0 (Windows NT 10.0; Win64; x64) AppleWebKit/537.36 (KHTML, like Gecko) Chrome/131.0.0.0 Safari/537.36"
98.80.170.237 - - [22/Aug/2026:07:37:51 +0800] "GET /backup/.env HTTP/1.1" 404 83369 "-" "Mozilla/5.0 (Windows NT 10.0; Win64; x64) AppleWebKit/537.36 (KHTML, like Gecko) Chrome/131.0.0.0 Safari/537.36"
17.241.227.182 - - [22/Aug/2026:07:37:52 +0800] "GET /7706/wp-content/themes/oceanwp/assets/js/scroll-effect.min.js HTTP/1.1" 200 4127 "https://2blog.ilc.edu.tw/7706/2018/11/16/%e4%ba%8c-1-107%e6%95%99%e5%ae%a4%e7%b6%a0%e7%be%8e%e5%8c%96%e6%af%94%e8%b3%bd%e5%90%ab%e9%96%b1%e8%ae%80%e8%a7%92%e5%b8%83%e7%bd%ae_%e8%97%9d%e6%96%87%e9%a0%98%e5%9f%9f%e5%81%a5%e9%ab%94%e9%a0%98/" "Mozilla/5.0 (Macintosh; Intel Mac OS X 10_15_7) AppleWebKit/605.1.15 (KHTML, like Gecko) Version/17.4 Safari/605.1.15 (Applebot/0.1; +http://www.apple.com/go/applebot)"
2408:872f:c00:408::173 - - [22/Aug/2026:07:37:52 +0800] "GET /qlesnl1130130/wp-includes/js/imagesloaded.min.js HTTP/1.1" 200 2683 "https://2blog.ilc.edu.tw/qlesnl1130130/category/%e5%af%a6%e6%96%bd%e8%87%ba%e7%81%a3%e6%af%8d%e8%aa%9e%e6%97%a5%e6%95%99%e5%ad%b8%e6%b4%bb%e5%8b%95/" "Mozilla/5.0 (Windows NT 10.0; Win64; x64) AppleWebKit/537.36 (KHTML, like Gecko) Chrome/144.0.0.0 Safari/537.36"
3.144.99.169 - - [22/Aug/2026:07:37:52 +0800] "GET /webmail/phpinfo.php HTTP/1.1" 404 973 "-" "Mozilla/5.0 (Windows NT 10.0; Win64; x64) AppleWebKit/537.36 (KHTML, like Gecko) Chrome/131.0.0.0 Safari/537.36"
54.84.169.196 - - [22/Aug/2026:07:37:52 +0800] "GET /wp-content/uploads/sites/2244/2021/12/?C=M;O%3DD HTTP/1.1" 200 1112 "-" "Mozilla/5.0 AppleWebKit/537.36 (KHTML, like Gecko; compatible; Amazonbot/0.1; +https://developer.amazon.com/support/amazonbot) Chrome/119.0.6045.214 Safari/537.36"
34.56.53.225 - - [22/Aug/2026:07:37:52 +0800] "GET /6418/2020/11/22/109_%E6%96%B0%E5%8C%97%E5%B8%82%E7%92%B0%E5%A2%83%E6%95%99%E8%82%B2%E7%B9%AA%E6%9C%AC%E6%AF%94%E8%B3%BD%E7%AC%AC%E4%B8%80%E5%90%8D/ HTTP/1.1" 200 15792 "-" "Mozilla/5.0 (Macintosh; Intel Mac OS X 10_15_7) AppleWebKit/537.36 (KHTML, like Gecko) Chrome/120.0.0.0 Safari/537.36"
3.144.99.169 - - [22/Aug/2026:07:37:52 +0800] "GET /smtp/phpinfo.php HTTP/1.1" 404 973 "-" "Mozilla/5.0 (Windows NT 10.0; Win64; x64) AppleWebKit/537.36 (KHTML, like Gecko) Chrome/131.0.0.0 Safari/537.36"
2408:872f:c00:408::173 - - [22/Aug/2026:07:37:52 +0800] "GET /qlesnl1130130/wp-content/themes/oceanwp/assets/js/vendors/magnific-popup.min.js HTTP/1.1" 200 8270 "https://2blog.ilc.edu.tw/qlesnl1130130/category/%e5%af%a6%e6%96%bd%e8%87%ba%e7%81%a3%e6%af%8d%e8%aa%9e%e6%97%a5%e6%95%99%e5%ad%b8%e6%b4%bb%e5%8b%95/" "Mozilla/5.0 (Windows NT 10.0; Win64; x64) AppleWebKit/537.36 (KHTML, like Gecko) Chrome/144.0.0.0 Safari/537.36"
98.80.170.237 - - [22/Aug/2026:07:37:52 +0800] "GET /backups/.env HTTP/1.1" 404 83369 "-" "Mozilla/5.0 (Windows NT 10.0; Win64; x64) AppleWebKit/537.36 (KHTML, like Gecko) Chrome/131.0.0.0 Safari/537.36"
2408:872f:c00:408::173 - - [22/Aug/2026:07:37:53 +0800] "GET /qlesnl1130130/wp-content/themes/oceanwp/assets/js/scroll-top.min.js HTTP/1.1" 200 3202 "https://2blog.ilc.edu.tw/qlesnl1130130/category/%e5%af%a6%e6%96%bd%e8%87%ba%e7%81%a3%e6%af%8d%e8%aa%9e%e6%97%a5%e6%95%99%e5%ad%b8%e6%b4%bb%e5%8b%95/" "Mozilla/5.0 (Windows NT 10.0; Win64; x64) AppleWebKit/537.36 (KHTML, like Gecko) Chrome/144.0.0.0 Safari/537.36"
2001:288:a201::66:125 - - [22/Aug/2026:07:37:53 +0800] "GET /blog/active.php HTTP/1.1" 301 1026 "-" "-"
34.56.53.225 - - [22/Aug/2026:07:37:52 +0800] "GET /wp-content/uploads/sites/860/19211/19211-1728866.pdf HTTP/1.1" 200 887825 "-" "Mozilla/5.0 (Macintosh; Intel Mac OS X 10_15_7) AppleWebKit/537.36 (KHTML, like Gecko) Chrome/120.0.0.0 Safari/537.36"
2001:288:a201::66:125 - - [22/Aug/2026:07:37:53 +0800] "GET /blog/active.php HTTP/1.1" 404 1084 "-" "-"
140.111.67.10 - - [22/Aug/2026:07:37:53 +0800] "GET /" 301 273 "-" "-"
17.241.227.182 - - [22/Aug/2026:07:37:53 +0800] "GET /7706/wp-content/themes/oceanwp/assets/js/scroll-top.min.js HTTP/1.1" 200 3202 "https://2blog.ilc.edu.tw/7706/2018/11/16/%e4%ba%8c-1-107%e6%95%99%e5%ae%a4%e7%b6%a0%e7%be%8e%e5%8c%96%e6%af%94%e8%b3%bd%e5%90%ab%e9%96%b1%e8%ae%80%e8%a7%92%e5%b8%83%e7%bd%ae_%e8%97%9d%e6%96%87%e9%a0%98%e5%9f%9f%e5%81%a5%e9%ab%94%e9%a0%98/" "Mozilla/5.0 (Macintosh; Intel Mac OS X 10_15_7) AppleWebKit/605.1.15 (KHTML, like Gecko) Version/17.4 Safari/605.1.15 (Applebot/0.1; +http://www.apple.com/go/applebot)"
98.80.170.237 - - [22/Aug/2026:07:37:53 +0800] "GET /old/.env HTTP/1.1" 404 83369 "-" "Mozilla/5.0 (Windows NT 10.0; Win64; x64) AppleWebKit/537.36 (KHTML, like Gecko) Chrome/131.0.0.0 Safari/537.36"
216.244.66.226 - - [22/Aug/2026:07:37:53 +0800] "GET /blog/blog/56/post/62/398984 HTTP/1.1" 404 35276 "-" "Mozilla/5.0 (compatible; DotBot/1.2; +https://opensiteexplorer.org/dotbot; help@moz.com)"
98.82.107.102 - - [22/Aug/2026:07:37:54 +0800] "GET /wp-content/uploads/sites/890/2023/11/u56db/u5e74/u7d1a/u5b57/u5f62/u984c/u5eab/u89e3/u7b54/u54e1/u5c71/u570b/u5c0f.pdf HTTP/1.1" 500 6130 "-" "Mozilla/5.0 AppleWebKit/537.36 (KHTML, like Gecko; compatible; Amazonbot/0.1; +https://developer.amazon.com/support/amazonbot) Chrome/119.0.6045.214 Safari/537.36"
98.80.170.237 - - [22/Aug/2026:07:37:54 +0800] "GET /tmp/.env HTTP/1.1" 404 83369 "-" "Mozilla/5.0 (Windows NT 10.0; Win64; x64) AppleWebKit/537.36 (KHTML, like Gecko) Chrome/131.0.0.0 Safari/537.36"
44.215.210.112 - - [22/Aug/2026:07:37:54 +0800] "GET /kkes301/wp-content/uploads/sites/2888/2025/05/LINE_ALBUM_2025423%E9%A3%9F%E8%BE%B2%E7%89%9B%E9%A0%AD%E5%8F%B8_250423_20-225x300.jpg HTTP/1.1" 200 23595 "-" "Mozilla/5.0 AppleWebKit/537.36 (KHTML, like Gecko; compatible; Amazonbot/0.1; +https://developer.amazon.com/support/amazonbot) Chrome/119.0.6045.214 Safari/537.36"
192.227.163.158 - - [22/Aug/2026:07:37:54 +0800] "GET /1003/wp-content/uploads/sites/233/2021/01/IMG_3884-1024x768.jpg HTTP/1.1" 200 197545 "https://2blog.ilc.edu.tw/1003/2021/01/15/%E5%BE%A9%E8%88%88%E5%9C%8B%E4%B8%AD%E6%9F%90%E4%BA%BA%E9%A3%9F%E5%99%A8%E5%B1%95/" "Mozilla/5.0 (Macintosh; Intel Mac OS X 10_15_7) AppleWebKit/537.36 (KHTML, like Gecko) Chrome/131.0.0.0 Safari/537.36"
34.56.53.225 - - [22/Aug/2026:07:37:54 +0800] "GET /27417/2026/03/03/115%E5%B9%B4%E5%AE%9C%E8%98%AD%E5%AE%A2%E5%AE%B6%E5%A4%A9%E7%A9%BF%E6%97%A5%E6%AD%A1%E8%BF%8E%E5%A4%A7%E5%AE%B6%E4%B8%80%E8%B5%B7%E4%BE%86%E5%B0%9E%E5%A4%A9%E7%A9%BF/ HTTP/1.1" 200 16986 "-" "Mozilla/5.0 (Macintosh; Intel Mac OS X 10_15_7) AppleWebKit/537.36 (KHTML, like Gecko) Chrome/120.0.0.0 Safari/537.36"
98.80.170.237 - - [22/Aug/2026:07:37:54 +0800] "GET /temp/.env HTTP/1.1" 404 83369 "-" "Mozilla/5.0 (Windows NT 10.0; Win64; x64) AppleWebKit/537.36 (KHTML, like Gecko) Chrome/131.0.0.0 Safari/537.36"
3.144.99.169 - - [22/Aug/2026:07:37:52 +0800] "GET /phpinfo.php.bak HTTP/1.1" 301 847 "-" "Mozilla/5.0 (Windows NT 10.0; Win64; x64) AppleWebKit/537.36 (KHTML, like Gecko) Chrome/131.0.0.0 Safari/537.36"
44.193.115.232 - - [22/Aug/2026:07:37:55 +0800] "GET /wp-content/uploads/sites/70/?C=N;O%3DA HTTP/1.1" 200 1287 "-" "Mozilla/5.0 AppleWebKit/537.36 (KHTML, like Gecko; compatible; Amazonbot/0.1; +https://developer.amazon.com/support/amazonbot) Chrome/119.0.6045.214 Safari/537.36"
98.80.170.237 - - [22/Aug/2026:07:37:55 +0800] "GET /lab/.env HTTP/1.1" 404 83369 "-" "Mozilla/5.0 (Windows NT 10.0; Win64; x64) AppleWebKit/537.36 (KHTML, like Gecko) Chrome/131.0.0.0 Safari/537.36"
106.1.117.28 - - [22/Aug/2026:07:37:55 +0800] "GET /apple-touch-icon-precomposed.png HTTP/1.1" 404 25478 "-" "NetworkingExtension/8621.9.1.10.1 Network/4277.140.33.702.1 iOS/18.7.9"
106.1.117.28 - - [22/Aug/2026:07:37:55 +0800] "GET /favicon.ico HTTP/1.1" 302 5824 "-" "NetworkingExtension/8621.9.1.10.1 Network/4277.140.33.702.1 iOS/18.7.9"
106.1.117.28 - - [22/Aug/2026:07:37:55 +0800] "GET /sunsun/2023/03/13/%E8%90%AC%E8%83%BD%E7%9A%84%E5%B0%8F%E6%89%8B-2/ HTTP/1.1" 200 18845 "-" "Mozilla/5.0 (Macintosh; Intel Mac OS X 10_11_1) AppleWebKit/601.2.4 (KHTML, like Gecko) Version/9.0.1 Safari/601.2.4 facebookexternalhit/1.1 Facebot Twitterbot/1.0"
106.1.117.28 - - [22/Aug/2026:07:37:55 +0800] "GET /apple-touch-icon.png HTTP/1.1" 404 25478 "-" "NetworkingExtension/8621.9.1.10.1 Network/4277.140.33.702.1 iOS/18.7.9"
106.1.117.28 - - [22/Aug/2026:07:37:56 +0800] "GET /wp-includes/images/w-logo-blue-white-bg.png HTTP/1.1" 200 4946 "-" "NetworkingExtension/8621.9.1.10.1 Network/4277.140.33.702.1 iOS/18.7.9"
136.119.35.120 - - [22/Aug/2026:07:37:55 +0800] "GET /3753/2017/10/20/10%E6%9C%88%E4%BB%BD%E9%96%B1%E8%AE%80%E4%B9%8B%E6%98%9F-%E5%92%8C%E6%A0%A1%E9%95%B7%E6%97%A9%E9%A4%90%E9%A4%90%E6%95%98/ HTTP/1.1" 200 30307 "-" "Mozilla/5.0 (Macintosh; Intel Mac OS X 10_15_7) AppleWebKit/537.36 (KHTML, like Gecko) Chrome/120.0.0.0 Safari/537.36"
216.73.216.20 - - [22/Aug/2026:07:37:55 +0800] "GET /2019/01/28/hello-world/5/ HTTP/1.1" 301 5822 "-" "Mozilla/5.0 AppleWebKit/537.36 (KHTML, like Gecko; compatible; ClaudeBot/1.0; +claudebot@anthropic.com)"
216.73.216.20 - - [22/Aug/2026:07:37:56 +0800] "GET /2019/01/28/hello-world/ HTTP/1.1" 200 19034 "https://www.gtes.ilc.edu.tw/2019/01/28/hello-world/5/" "Mozilla/5.0 AppleWebKit/537.36 (KHTML, like Gecko; compatible; ClaudeBot/1.0; +claudebot@anthropic.com)"
98.80.170.237 - - [22/Aug/2026:07:37:56 +0800] "GET /cronlab/.env HTTP/1.1" 404 83369 "-" "Mozilla/5.0 (Windows NT 10.0; Win64; x64) AppleWebKit/537.36 (KHTML, like Gecko) Chrome/131.0.0.0 Safari/537.36"
98.80.170.237 - - [22/Aug/2026:07:37:56 +0800] "GET /cron/.env HTTP/1.1" 404 83369 "-" "Mozilla/5.0 (Windows NT 10.0; Win64; x64) AppleWebKit/537.36 (KHTML, like Gecko) Chrome/131.0.0.0 Safari/537.36"
3.144.99.169 - - [22/Aug/2026:07:37:55 +0800] "GET /phpinfo.php.old HTTP/1.1" 301 847 "-" "Mozilla/5.0 (Windows NT 10.0; Win64; x64) AppleWebKit/537.36 (KHTML, like Gecko) Chrome/131.0.0.0 Safari/537.36"
98.80.170.237 - - [22/Aug/2026:07:37:57 +0800] "GET /en/.env HTTP/1.1" 404 83369 "-" "Mozilla/5.0 (Windows NT 10.0; Win64; x64) AppleWebKit/537.36 (KHTML, like Gecko) Chrome/131.0.0.0 Safari/537.36"
2001:288:a201::66:125 - - [22/Aug/2026:07:37:58 +0800] "GET /blog/active.php HTTP/1.1" 301 1026 "-" "-"
2001:288:a201::66:125 - - [22/Aug/2026:07:37:58 +0800] "GET /blog/active.php HTTP/1.1" 404 1084 "-" "-"
18.233.24.238 - - [22/Aug/2026:07:37:58 +0800] "GET /kkes301/wp-content/uploads/sites/2888/2025/05/LINE_ALBUM_2025423%E9%A3%9F%E8%BE%B2%E7%89%9B%E9%A0%AD%E5%8F%B8_250423_15-300x225.jpg HTTP/1.1" 200 22882 "-" "Mozilla/5.0 AppleWebKit/537.36 (KHTML, like Gecko; compatible; Amazonbot/0.1; +https://developer.amazon.com/support/amazonbot) Chrome/119.0.6045.214 Safari/537.36"
140.111.67.10 - - [22/Aug/2026:07:37:58 +0800] "GET /" 301 273 "-" "-"
98.80.170.237 - - [22/Aug/2026:07:37:58 +0800] "GET /administrator/.env HTTP/1.1" 404 83369 "-" "Mozilla/5.0 (Windows NT 10.0; Win64; x64) AppleWebKit/537.36 (KHTML, like Gecko) Chrome/131.0.0.0 Safari/537.36"
216.244.66.226 - - [22/Aug/2026:07:37:58 +0800] "GET /blog/blog/6498/post/34496/279422 HTTP/1.1" 404 35276 "-" "Mozilla/5.0 (compatible; DotBot/1.2; +https://opensiteexplorer.org/dotbot; help@moz.com)"
54.204.12.115 - - [22/Aug/2026:07:37:58 +0800] "GET /wp-content/uploads/sites/1361/2022/08/111%E5%B9%B48.9%E6%9C%88%E9%A4%90%E9%BB%9E%E8%A1%A8-%E4%B8%89%E6%B0%91%E9%99%84%E5%B9%BC.pdf HTTP/1.1" 200 271252 "-" "Mozilla/5.0 AppleWebKit/537.36 (KHTML, like Gecko; compatible; Amazonbot/0.1; +https://developer.amazon.com/support/amazonbot) Chrome/119.0.6045.214 Safari/537.36"
::1 - - [22/Aug/2026:07:37:59 +0800] "OPTIONS * HTTP/1.0" 200 110 "-" "Apache/2.4.68 (Ubuntu) OpenSSL/3.0.19 (internal dummy connection)"
98.80.170.237 - - [22/Aug/2026:07:37:59 +0800] "GET /psnlink/.env HTTP/1.1" 404 83369 "-" "Mozilla/5.0 (Windows NT 10.0; Win64; x64) AppleWebKit/537.36 (KHTML, like Gecko) Chrome/131.0.0.0 Safari/537.36"
54.156.55.147 - - [22/Aug/2026:07:37:59 +0800] "GET /wp-content/uploads/sites/881/staatic/resources/c/?C=M;O%3DA HTTP/1.1" 200 4655 "-" "Mozilla/5.0 AppleWebKit/537.36 (KHTML, like Gecko; compatible; Amazonbot/0.1; +https://developer.amazon.com/support/amazonbot) Chrome/119.0.6045.214 Safari/537.36"
98.80.170.237 - - [22/Aug/2026:07:37:59 +0800] "GET /exapi/.env HTTP/1.1" 404 83369 "-" "Mozilla/5.0 (Windows NT 10.0; Win64; x64) AppleWebKit/537.36 (KHTML, like Gecko) Chrome/131.0.0.0 Safari/537.36"
66.249.79.137 - - [22/Aug/2026:07:37:57 +0800] "GET /wp-login.php?action=ilc_logout&_wpnonce=43754d0aad&redirect_to=http://pis-center.ru/gallery/49592/ HTTP/1.1" 302 8249 "-" "Mozilla/5.0 (Linux; Android 6.0.1; Nexus 5X Build/MMB29P) AppleWebKit/537.36 (KHTML, like Gecko) Chrome/151.0.7922.137 Mobile Safari/537.36 (compatible; Googlebot/2.1; +http://www.google.com/bot.html)"
50.16.216.166 - - [22/Aug/2026:07:37:59 +0800] "GET /32745/wp-json/wp/v2/posts/32869 HTTP/1.1" 200 20663 "-" "Mozilla/5.0 AppleWebKit/537.36 (KHTML, like Gecko; compatible; Amazonbot/0.1; +https://developer.amazon.com/support/amazonbot) Chrome/119.0.6045.214 Safari/537.36"
3.144.99.169 - - [22/Aug/2026:07:37:57 +0800] "GET /phpinfo.php~ HTTP/1.1" 301 844 "-" "Mozilla/5.0 (Windows NT 10.0; Win64; x64) AppleWebKit/537.36 (KHTML, like Gecko) Chrome/131.0.0.0 Safari/537.36"
98.80.170.237 - - [22/Aug/2026:07:38:00 +0800] "GET /sitemaps/.env HTTP/1.1" 404 83369 "-" "Mozilla/5.0 (Windows NT 10.0; Win64; x64) AppleWebKit/537.36 (KHTML, like Gecko) Chrome/131.0.0.0 Safari/537.36"
3.208.146.193 - - [22/Aug/2026:07:38:00 +0800] "GET /hsies201/wp-content/uploads/sites/3397/2022/02/S__5922879-1024x768.jpg HTTP/1.1" 200 134459 "-" "Mozilla/5.0 AppleWebKit/537.36 (KHTML, like Gecko; compatible; Amazonbot/0.1; +https://developer.amazon.com/support/amazonbot) Chrome/119.0.6045.214 Safari/537.36"
::1 - - [22/Aug/2026:07:38:01 +0800] "OPTIONS * HTTP/1.0" 200 110 "-" "Apache/2.4.68 (Ubuntu) OpenSSL/3.0.19 (internal dummy connection)"
98.80.170.237 - - [22/Aug/2026:07:38:01 +0800] "GET /.env.backup1 HTTP/1.1" 404 83369 "-" "Mozilla/5.0 (Windows NT 10.0; Win64; x64) AppleWebKit/537.36 (KHTML, like Gecko) Chrome/131.0.0.0 Safari/537.36"
2001:288:a201::67:84 - - [22/Aug/2026:07:38:01 +0800] "GET / HTTP/1.1" 200 56291 "-" "curl/7.81.0"
::1 - - [22/Aug/2026:07:38:02 +0800] "OPTIONS * HTTP/1.0" 200 110 "-" "Apache/2.4.68 (Ubuntu) OpenSSL/3.0.19 (internal dummy connection)"
2001:288:a201::67:82 - - [22/Aug/2026:07:38:02 +0800] "GET / HTTP/1.1" 200 56291 "-" "curl/7.81.0"
98.80.170.237 - - [22/Aug/2026:07:38:01 +0800] "GET /.env.backup2 HTTP/1.1" 404 83369 "-" "Mozilla/5.0 (Windows NT 10.0; Win64; x64) AppleWebKit/537.36 (KHTML, like Gecko) Chrome/131.0.0.0 Safari/537.36"
3.144.99.169 - - [22/Aug/2026:07:38:00 +0800] "GET /info.php.bak HTTP/1.1" 301 844 "-" "Mozilla/5.0 (Windows NT 10.0; Win64; x64) AppleWebKit/537.36 (KHTML, like Gecko) Chrome/131.0.0.0 Safari/537.36"
98.80.170.237 - - [22/Aug/2026:07:38:02 +0800] "GET /logs/.env HTTP/1.1" 404 83369 "-" "Mozilla/5.0 (Windows NT 10.0; Win64; x64) AppleWebKit/537.36 (KHTML, like Gecko) Chrome/131.0.0.0 Safari/537.36"
216.244.66.226 - - [22/Aug/2026:07:38:02 +0800] "GET /blog/blog/968/post/5327/226183 HTTP/1.1" 404 35276 "-" "Mozilla/5.0 (compatible; DotBot/1.2; +https://opensiteexplorer.org/dotbot; help@moz.com)"
2001:288:a201::66:125 - - [22/Aug/2026:07:38:03 +0800] "GET /blog/active.php HTTP/1.1" 301 1026 "-" "-"
2001:288:a201::66:125 - - [22/Aug/2026:07:38:03 +0800] "GET /blog/active.php HTTP/1.1" 404 1084 "-" "-"
140.111.67.10 - - [22/Aug/2026:07:38:03 +0800] "GET /" 301 273 "-" "-"
98.80.170.237 - - [22/Aug/2026:07:38:03 +0800] "GET /cache/.env HTTP/1.1" 404 83369 "-" "Mozilla/5.0 (Windows NT 10.0; Win64; x64) AppleWebKit/537.36 (KHTML, like Gecko) Chrome/131.0.0.0 Safari/537.36"
23.23.99.55 - - [22/Aug/2026:07:38:03 +0800] "GET /wp-content/uploads/sites/847/6483/6483-2390070.gif HTTP/1.1" 200 5117 "-" "Mozilla/5.0 AppleWebKit/537.36 (KHTML, like Gecko; compatible; Amazonbot/0.1; +https://developer.amazon.com/support/amazonbot) Chrome/119.0.6045.214 Safari/537.36"
66.249.71.9 - - [22/Aug/2026:07:38:01 +0800] "GET /wp-login.php?action=ilc_logout&_wpnonce=43754d0aad&redirect_to=http://viagra69.ru/gallery/86585/ HTTP/1.1" 302 3440 "-" "Mozilla/5.0 (compatible; Googlebot/2.1; +http://www.google.com/bot.html)"
::1 - - [22/Aug/2026:07:38:04 +0800] "OPTIONS * HTTP/1.0" 200 110 "-" "Apache/2.4.68 (Ubuntu) OpenSSL/3.0.19 (internal dummy connection)"
98.80.170.237 - - [22/Aug/2026:07:38:04 +0800] "GET /mailer/.env HTTP/1.1" 404 83369 "-" "Mozilla/5.0 (Windows NT 10.0; Win64; x64) AppleWebKit/537.36 (KHTML, like Gecko) Chrome/131.0.0.0 Safari/537.36"
64.204.206.106 - - [22/Aug/2026:07:38:04 +0800] "GET /1003/wp-content/uploads/sites/233/2022/09/%E4%BA%8C%E5%B9%B4%E4%BB%81%E7%8F%AD_%E9%A0%81%E9%9D%A2_01-300x169.png HTTP/1.1" 200 35295 "https://2blog.ilc.edu.tw/1003/2022/09/28/%E3%80%90%E7%A7%91%E6%8A%80%E8%BC%94%E5%8A%A9%E8%9E%8D%E5%85%A5%E6%95%99%E5%AD%B8%E3%80%91jamboard%E4%BA%8C%E5%B9%B4%E7%B4%9A%E8%AD%98%E5%AD%97%E8%88%87%E5%AF%AB%E5%AD%97/" "Mozilla/5.0 (Macintosh; Intel Mac OS X 10_15_7) AppleWebKit/537.36 (KHTML, like Gecko) Chrome/131.0.0.0 Safari/537.36"
98.80.170.237 - - [22/Aug/2026:07:38:04 +0800] "GET /mail/.env HTTP/1.1" 404 83369 "-" "Mozilla/5.0 (Windows NT 10.0; Win64; x64) AppleWebKit/537.36 (KHTML, like Gecko) Chrome/131.0.0.0 Safari/537.36"
34.231.156.59 - - [22/Aug/2026:07:38:05 +0800] "GET /blog/blog/6460/post/49481/348092 HTTP/1.1" 404 25485 "-" "Mozilla/5.0 AppleWebKit/537.36 (KHTML, like Gecko; compatible; Amazonbot/0.1; +https://developer.amazon.com/support/amazonbot) Chrome/119.0.6045.214 Safari/537.36"
2408:863c:61:13::2 - - [22/Aug/2026:07:38:05 +0800] "GET /author/t88004/ HTTP/1.1" 200 48458 "-" "Mozilla/5.0 (Windows NT 10.0; Win64; x64) AppleWebKit/537.36 (KHTML, like Gecko) Chrome/144.0.0.0 Safari/537.36"
3.144.99.169 - - [22/Aug/2026:07:38:02 +0800] "GET /phpinfo.php.save HTTP/1.1" 301 848 "-" "Mozilla/5.0 (Windows NT 10.0; Win64; x64) AppleWebKit/537.36 (KHTML, like Gecko) Chrome/131.0.0.0 Safari/537.36"
98.80.170.237 - - [22/Aug/2026:07:38:05 +0800] "GET /email/.env HTTP/1.1" 404 83369 "-" "Mozilla/5.0 (Windows NT 10.0; Win64; x64) AppleWebKit/537.36 (KHTML, like Gecko) Chrome/131.0.0.0 Safari/537.36"
18.232.36.1 - - [22/Aug/2026:07:38:06 +0800] "GET /kkes301/wp-content/uploads/sites/2888/2025/05/LINE_ALBUM_2025423%E9%A3%9F%E8%BE%B2%E7%89%9B%E9%A0%AD%E5%8F%B8_250423_9-225x300.jpg HTTP/1.1" 200 23457 "-" "Mozilla/5.0 AppleWebKit/537.36 (KHTML, like Gecko; compatible; Amazonbot/0.1; +https://developer.amazon.com/support/amazonbot) Chrome/119.0.6045.214 Safari/537.36"
2408:863c:61:13::2 - - [22/Aug/2026:07:38:06 +0800] "GET /wp-content/cache/www.najh.ilc.edu.tw/wpfc-minified/1f13uvw/6wh9.css HTTP/1.1" 200 40884 "https://www.najh.ilc.edu.tw/author/t88004/" "Mozilla/5.0 (Windows NT 10.0; Win64; x64) AppleWebKit/537.36 (KHTML, like Gecko) Chrome/144.0.0.0 Safari/537.36"
98.80.170.237 - - [22/Aug/2026:07:38:06 +0800] "GET /smtp/.env HTTP/1.1" 404 83369 "-" "Mozilla/5.0 (Windows NT 10.0; Win64; x64) AppleWebKit/537.36 (KHTML, like Gecko) Chrome/131.0.0.0 Safari/537.36"
3.144.99.169 - - [22/Aug/2026:07:38:06 +0800] "GET /staging/phpinfo.php HTTP/1.1" 404 5780 "-" "Mozilla/5.0 (Windows NT 10.0; Win64; x64) AppleWebKit/537.36 (KHTML, like Gecko) Chrome/131.0.0.0 Safari/537.36"
216.244.66.226 - - [22/Aug/2026:07:38:06 +0800] "GET /blog/index.php?op=Template&show=links&blogId=8 HTTP/1.1" 301 5574 "-" "Mozilla/5.0 (compatible; DotBot/1.2; +https://opensiteexplorer.org/dotbot; help@moz.com)"
2408:863c:61:13::2 - - [22/Aug/2026:07:38:06 +0800] "GET /wp-includes/js/hoverintent-js.min.js HTTP/1.1" 200 1597 "https://www.najh.ilc.edu.tw/author/t88004/" "Mozilla/5.0 (Windows NT 10.0; Win64; x64) AppleWebKit/537.36 (KHTML, like Gecko) Chrome/144.0.0.0 Safari/537.36"
3.144.99.169 - - [22/Aug/2026:07:38:06 +0800] "GET /beta/phpinfo.php HTTP/1.1" 404 973 "-" "Mozilla/5.0 (Windows NT 10.0; Win64; x64) AppleWebKit/537.36 (KHTML, like Gecko) Chrome/131.0.0.0 Safari/537.36"
2408:863c:61:13::2 - - [22/Aug/2026:07:38:07 +0800] "GET /wp-includes/js/admin-bar.min.js HTTP/1.1" 200 2237 "https://www.najh.ilc.edu.tw/author/t88004/" "Mozilla/5.0 (Windows NT 10.0; Win64; x64) AppleWebKit/537.36 (KHTML, like Gecko) Chrome/144.0.0.0 Safari/537.36"
3.144.99.169 - - [22/Aug/2026:07:38:07 +0800] "GET /uat/phpinfo.php HTTP/1.1" 404 973 "-" "Mozilla/5.0 (Windows NT 10.0; Win64; x64) AppleWebKit/537.36 (KHTML, like Gecko) Chrome/131.0.0.0 Safari/537.36"
98.80.170.237 - - [22/Aug/2026:07:38:07 +0800] "GET /mailing/.env HTTP/1.1" 404 83369 "-" "Mozilla/5.0 (Windows NT 10.0; Win64; x64) AppleWebKit/537.36 (KHTML, like Gecko) Chrome/131.0.0.0 Safari/537.36"
3.144.99.169 - - [22/Aug/2026:07:38:07 +0800] "GET /qa/phpinfo.php HTTP/1.1" 404 973 "-" "Mozilla/5.0 (Windows NT 10.0; Win64; x64) AppleWebKit/537.36 (KHTML, like Gecko) Chrome/131.0.0.0 Safari/537.36"
2408:863c:61:13::2 - - [22/Aug/2026:07:38:07 +0800] "GET /wp-includes/js/imagesloaded.min.js HTTP/1.1" 200 2683 "https://www.najh.ilc.edu.tw/author/t88004/" "Mozilla/5.0 (Windows NT 10.0; Win64; x64) AppleWebKit/537.36 (KHTML, like Gecko) Chrome/144.0.0.0 Safari/537.36"
3.144.99.169 - - [22/Aug/2026:07:38:07 +0800] "GET /preview/phpinfo.php HTTP/1.1" 404 973 "-" "Mozilla/5.0 (Windows NT 10.0; Win64; x64) AppleWebKit/537.36 (KHTML, like Gecko) Chrome/131.0.0.0 Safari/537.36"
2408:863c:61:13::2 - - [22/Aug/2026:07:38:07 +0800] "GET /wp-content/themes/oceanwp/assets/js/vendors/flickity.pkgd.min.js HTTP/1.1" 200 15048 "https://www.najh.ilc.edu.tw/author/t88004/" "Mozilla/5.0 (Windows NT 10.0; Win64; x64) AppleWebKit/537.36 (KHTML, like Gecko) Chrome/144.0.0.0 Safari/537.36"
3.144.99.169 - - [22/Aug/2026:07:38:07 +0800] "GET /www/phpinfo.php HTTP/1.1" 404 973 "-" "Mozilla/5.0 (Windows NT 10.0; Win64; x64) AppleWebKit/537.36 (KHTML, like Gecko) Chrome/131.0.0.0 Safari/537.36"
98.80.170.237 - - [22/Aug/2026:07:38:07 +0800] "GET /notifications/.env HTTP/1.1" 404 83369 "-" "Mozilla/5.0 (Windows NT 10.0; Win64; x64) AppleWebKit/537.36 (KHTML, like Gecko) Chrome/131.0.0.0 Safari/537.36"
54.209.100.30 - - [22/Aug/2026:07:38:08 +0800] "GET /blog/blog/6460/post/49488/354406 HTTP/1.1" 301 1060 "-" "Mozilla/5.0 AppleWebKit/537.36 (KHTML, like Gecko; compatible; Amazonbot/0.1; +https://developer.amazon.com/support/amazonbot) Chrome/119.0.6045.214 Safari/537.36"
2001:288:a201::66:125 - - [22/Aug/2026:07:38:08 +0800] "GET /blog/active.php HTTP/1.1" 301 1026 "-" "-"
2408:863c:61:13::2 - - [22/Aug/2026:07:38:08 +0800] "GET /wp-content/themes/oceanwp/assets/js/select.min.js HTTP/1.1" 200 2408 "https://www.najh.ilc.edu.tw/author/t88004/" "Mozilla/5.0 (Windows NT 10.0; Win64; x64) AppleWebKit/537.36 (KHTML, like Gecko) Chrome/144.0.0.0 Safari/537.36"
2001:288:a201::66:125 - - [22/Aug/2026:07:38:08 +0800] "GET /blog/active.php HTTP/1.1" 404 1084 "-" "-"
3.144.99.169 - - [22/Aug/2026:07:38:08 +0800] "GET /htdocs/phpinfo.php HTTP/1.1" 404 973 "-" "Mozilla/5.0 (Windows NT 10.0; Win64; x64) AppleWebKit/537.36 (KHTML, like Gecko) Chrome/131.0.0.0 Safari/537.36"
140.111.67.10 - - [22/Aug/2026:07:38:08 +0800] "GET /" 301 273 "-" "-"
2408:863c:61:13::2 - - [22/Aug/2026:07:38:08 +0800] "GET /wp-includes/js/mediaelement/wp-mediaelement.min.js HTTP/1.1" 200 1417 "https://www.najh.ilc.edu.tw/author/t88004/" "Mozilla/5.0 (Windows NT 10.0; Win64; x64) AppleWebKit/537.36 (KHTML, like Gecko) Chrome/144.0.0.0 Safari/537.36"
3.144.99.169 - - [22/Aug/2026:07:38:08 +0800] "GET /public_html/phpinfo.php HTTP/1.1" 404 973 "-" "Mozilla/5.0 (Windows NT 10.0; Win64; x64) AppleWebKit/537.36 (KHTML, like Gecko) Chrome/131.0.0.0 Safari/537.36"
98.80.170.237 - - [22/Aug/2026:07:38:08 +0800] "GET /notify/.env HTTP/1.1" 404 83369 "-" "Mozilla/5.0 (Windows NT 10.0; Win64; x64) AppleWebKit/537.36 (KHTML, like Gecko) Chrome/131.0.0.0 Safari/537.36"
3.144.99.169 - - [22/Aug/2026:07:38:08 +0800] "GET /site/phpinfo.php HTTP/1.1" 404 973 "-" "Mozilla/5.0 (Windows NT 10.0; Win64; x64) AppleWebKit/537.36 (KHTML, like Gecko) Chrome/131.0.0.0 Safari/537.36"
35.169.102.85 - - [22/Aug/2026:07:38:08 +0800] "GET /blog/blog/6460/post/49488/354406 HTTP/1.1" 404 25485 "-" "Mozilla/5.0 AppleWebKit/537.36 (KHTML, like Gecko; compatible; Amazonbot/0.1; +https://developer.amazon.com/support/amazonbot) Chrome/119.0.6045.214 Safari/537.36"
3.144.99.169 - - [22/Aug/2026:07:38:09 +0800] "GET /docs/phpinfo.php HTTP/1.1" 404 973 "-" "Mozilla/5.0 (Windows NT 10.0; Win64; x64) AppleWebKit/537.36 (KHTML, like Gecko) Chrome/131.0.0.0 Safari/537.36"
3.144.99.169 - - [22/Aug/2026:07:38:09 +0800] "GET /wp-admin/phpinfo.php HTTP/1.1" 404 973 "-" "Mozilla/5.0 (Windows NT 10.0; Win64; x64) AppleWebKit/537.36 (KHTML, like Gecko) Chrome/131.0.0.0 Safari/537.36"
98.80.170.237 - - [22/Aug/2026:07:38:09 +0800] "GET /sender/.env HTTP/1.1" 404 83369 "-" "Mozilla/5.0 (Windows NT 10.0; Win64; x64) AppleWebKit/537.36 (KHTML, like Gecko) Chrome/131.0.0.0 Safari/537.36"
185.216.104.117 - - [22/Aug/2026:07:38:08 +0800] "GET /wp-content/uploads/sites/268/868/868-838171.jpg HTTP/1.1" 200 158201 "https://2blog.ilc.edu.tw/868/44103/" "Mozilla/5.0 (Macintosh; Intel Mac OS X 10_15_7) AppleWebKit/537.36 (KHTML, like Gecko) Chrome/131.0.0.0 Safari/537.36"
3.144.99.169 - - [22/Aug/2026:07:38:09 +0800] "GET /administrator/phpinfo.php HTTP/1.1" 404 973 "-" "Mozilla/5.0 (Windows NT 10.0; Win64; x64) AppleWebKit/537.36 (KHTML, like Gecko) Chrome/131.0.0.0 Safari/537.36"
66.249.71.9 - - [22/Aug/2026:07:38:08 +0800] "GET /wp-login.php?action=ilc_logout&_wpnonce=43754d0aad&redirect_to=//tusshop.ru/gallery/80870/ HTTP/1.1" 302 8241 "-" "Mozilla/5.0 (Linux; Android 6.0.1; Nexus 5X Build/MMB29P) AppleWebKit/537.36 (KHTML, like Gecko) Chrome/151.0.7922.137 Mobile Safari/537.36 (compatible; Googlebot/2.1; +http://www.google.com/bot.html)"
3.144.99.169 - - [22/Aug/2026:07:38:09 +0800] "GET /core/phpinfo.php HTTP/1.1" 404 973 "-" "Mozilla/5.0 (Windows NT 10.0; Win64; x64) AppleWebKit/537.36 (KHTML, like Gecko) Chrome/131.0.0.0 Safari/537.36"
98.80.170.237 - - [22/Aug/2026:07:38:09 +0800] "GET /campaign/.env HTTP/1.1" 404 83369 "-" "Mozilla/5.0 (Windows NT 10.0; Win64; x64) AppleWebKit/537.36 (KHTML, like Gecko) Chrome/131.0.0.0 Safari/537.36"
3.144.99.169 - - [22/Aug/2026:07:38:10 +0800] "GET /includes/phpinfo.php HTTP/1.1" 404 973 "-" "Mozilla/5.0 (Windows NT 10.0; Win64; x64) AppleWebKit/537.36 (KHTML, like Gecko) Chrome/131.0.0.0 Safari/537.36"
52.1.157.90 - - [22/Aug/2026:07:38:10 +0800] "GET /6460/wp-json/wp/v2/posts/%22https:/2blog.ilc.edu.tw/wp-content/uploads/sites/2300/6460/6460-1012747.jpg/%22 HTTP/1.1" 404 6131 "-" "Mozilla/5.0 AppleWebKit/537.36 (KHTML, like Gecko; compatible; Amazonbot/0.1; +https://developer.amazon.com/support/amazonbot) Chrome/119.0.6045.214 Safari/537.36"
