216.73.216.20 - - [22/Aug/2026:07:44:48 +0800] "GET /57/wp-json/wp/v2/posts/260 HTTP/1.1" 200 4462 "-" "Mozilla/5.0 AppleWebKit/537.36 (KHTML, like Gecko; compatible; ClaudeBot/1.0; +claudebot@anthropic.com)"
216.73.216.20 - - [22/Aug/2026:07:44:48 +0800] "GET /57/wp-json/wp/v2/posts/177 HTTP/1.1" 200 4826 "-" "Mozilla/5.0 AppleWebKit/537.36 (KHTML, like Gecko; compatible; ClaudeBot/1.0; +claudebot@anthropic.com)"
::1 - - [22/Aug/2026:07:44:48 +0800] "OPTIONS * HTTP/1.0" 200 110 "-" "Apache/2.4.68 (Ubuntu) OpenSSL/3.0.19 (internal dummy connection)"
216.73.216.20 - - [22/Aug/2026:07:44:48 +0800] "GET /4925/2019/11/21/ HTTP/1.1" 200 9080 "-" "Mozilla/5.0 AppleWebKit/537.36 (KHTML, like Gecko; compatible; ClaudeBot/1.0; +claudebot@anthropic.com)"
67.205.172.90 - - [22/Aug/2026:07:44:48 +0800] "GET /blog/gallery/1279/1279-3193417.png HTTP/1.1" 301 1064 "http://blog.ilc.edu.tw/" "Mozilla/5.0 (Windows NT 10.0; Win64; x64) AppleWebKit/537.36 (KHTML, like Gecko) Chrome/116.0.0.0 Safari/537.36"
216.73.216.20 - - [22/Aug/2026:07:44:48 +0800] "GET /1297/wp-json/wp/v2/posts/795 HTTP/1.1" 200 14355 "-" "Mozilla/5.0 AppleWebKit/537.36 (KHTML, like Gecko; compatible; ClaudeBot/1.0; +claudebot@anthropic.com)"
216.73.216.20 - - [22/Aug/2026:07:44:48 +0800] "GET /sun520/wp-json/wp/v2/posts/45204 HTTP/1.1" 200 236578 "-" "Mozilla/5.0 AppleWebKit/537.36 (KHTML, like Gecko; compatible; ClaudeBot/1.0; +claudebot@anthropic.com)"
216.73.216.20 - - [22/Aug/2026:07:44:48 +0800] "GET /1297/wp-json/wp/v2/posts/862 HTTP/1.1" 200 8644 "-" "Mozilla/5.0 AppleWebKit/537.36 (KHTML, like Gecko; compatible; ClaudeBot/1.0; +claudebot@anthropic.com)"
216.73.216.20 - - [22/Aug/2026:07:44:49 +0800] "GET /57/wp-json/wp/v2/posts/214 HTTP/1.1" 200 3793 "-" "Mozilla/5.0 AppleWebKit/537.36 (KHTML, like Gecko; compatible; ClaudeBot/1.0; +claudebot@anthropic.com)"
216.73.216.20 - - [22/Aug/2026:07:44:49 +0800] "GET /1297/wp-json/wp/v2/posts/583 HTTP/1.1" 200 3844 "-" "Mozilla/5.0 AppleWebKit/537.36 (KHTML, like Gecko; compatible; ClaudeBot/1.0; +claudebot@anthropic.com)"
216.73.216.20 - - [22/Aug/2026:07:44:49 +0800] "GET /57/wp-json/wp/v2/posts/2109 HTTP/1.1" 200 12395 "-" "Mozilla/5.0 AppleWebKit/537.36 (KHTML, like Gecko; compatible; ClaudeBot/1.0; +claudebot@anthropic.com)"
216.73.216.20 - - [22/Aug/2026:07:44:49 +0800] "GET /6325/category/uncategorized/feed/ HTTP/1.1" 200 7416 "-" "Mozilla/5.0 AppleWebKit/537.36 (KHTML, like Gecko; compatible; ClaudeBot/1.0; +claudebot@anthropic.com)"
198.211.96.74 - - [22/Aug/2026:07:44:49 +0800] "GET /blog/gallery/1279/1279-3193424.png HTTP/1.1" 404 25426 "http://blog.ilc.edu.tw/" "Mozilla/5.0 (Windows NT 10.0; Win64; x64) AppleWebKit/537.36 (KHTML, like Gecko) Chrome/116.0.0.0 Safari/537.36"
104.248.51.221 - - [22/Aug/2026:07:44:49 +0800] "GET /blog/gallery/1279/1279-3193425.png HTTP/1.1" 404 25426 "http://blog.ilc.edu.tw/" "Mozilla/5.0 (Windows NT 10.0; Win64; x64) AppleWebKit/537.36 (KHTML, like Gecko) Chrome/116.0.0.0 Safari/537.36"
216.73.216.20 - - [22/Aug/2026:07:44:49 +0800] "GET /57/wp-json/wp/v2/posts/242 HTTP/1.1" 200 3583 "-" "Mozilla/5.0 AppleWebKit/537.36 (KHTML, like Gecko; compatible; ClaudeBot/1.0; +claudebot@anthropic.com)"
216.73.216.20 - - [22/Aug/2026:07:44:49 +0800] "GET /57/wp-json/wp/v2/posts/107 HTTP/1.1" 200 5043 "-" "Mozilla/5.0 AppleWebKit/537.36 (KHTML, like Gecko; compatible; ClaudeBot/1.0; +claudebot@anthropic.com)"
216.73.216.20 - - [22/Aug/2026:07:44:49 +0800] "GET /57/wp-json/wp/v2/posts/257 HTTP/1.1" 200 4013 "-" "Mozilla/5.0 AppleWebKit/537.36 (KHTML, like Gecko; compatible; ClaudeBot/1.0; +claudebot@anthropic.com)"
216.73.216.20 - - [22/Aug/2026:07:44:49 +0800] "GET /4925/2016/12/ HTTP/1.1" 200 9061 "-" "Mozilla/5.0 AppleWebKit/537.36 (KHTML, like Gecko; compatible; ClaudeBot/1.0; +claudebot@anthropic.com)"
::1 - - [22/Aug/2026:07:44:49 +0800] "OPTIONS * HTTP/1.0" 200 110 "-" "Apache/2.4.68 (Ubuntu) OpenSSL/3.0.19 (internal dummy connection)"
216.73.216.20 - - [22/Aug/2026:07:44:49 +0800] "GET /57/wp-json/wp/v2/posts/143 HTTP/1.1" 200 3592 "-" "Mozilla/5.0 AppleWebKit/537.36 (KHTML, like Gecko; compatible; ClaudeBot/1.0; +claudebot@anthropic.com)"
216.73.216.20 - - [22/Aug/2026:07:44:49 +0800] "GET /57/wp-json/wp/v2/posts/105 HTTP/1.1" 200 6548 "-" "Mozilla/5.0 AppleWebKit/537.36 (KHTML, like Gecko; compatible; ClaudeBot/1.0; +claudebot@anthropic.com)"
143.198.165.161 - - [22/Aug/2026:07:44:50 +0800] "GET /blog/plugins/articlelicense/images/icon_sa_mini.gif HTTP/1.1" 404 25426 "http://blog.ilc.edu.tw/" "Mozilla/5.0 (Windows NT 10.0; Win64; x64) AppleWebKit/537.36 (KHTML, like Gecko) Chrome/116.0.0.0 Safari/537.36"
159.65.221.253 - - [22/Aug/2026:07:44:50 +0800] "GET /blog/imgs/thumbs_up.gif HTTP/1.1" 404 25426 "http://blog.ilc.edu.tw/" "Mozilla/5.0 (Windows NT 10.0; Win64; x64) AppleWebKit/537.36 (KHTML, like Gecko) Chrome/116.0.0.0 Safari/537.36"
216.73.216.20 - - [22/Aug/2026:07:44:50 +0800] "GET /6325/page/1/ HTTP/1.1" 301 776 "-" "Mozilla/5.0 AppleWebKit/537.36 (KHTML, like Gecko; compatible; ClaudeBot/1.0; +claudebot@anthropic.com)"
216.73.216.20 - - [22/Aug/2026:07:44:49 +0800] "GET /57/wp-json/wp/v2/posts/187 HTTP/1.1" 200 5593 "-" "Mozilla/5.0 AppleWebKit/537.36 (KHTML, like Gecko; compatible; ClaudeBot/1.0; +claudebot@anthropic.com)"
216.73.216.20 - - [22/Aug/2026:07:44:50 +0800] "GET /6325/ HTTP/1.1" 200 10652 "https://2blog.ilc.edu.tw/6325/page/1/" "Mozilla/5.0 AppleWebKit/537.36 (KHTML, like Gecko; compatible; ClaudeBot/1.0; +claudebot@anthropic.com)"
216.73.216.20 - - [22/Aug/2026:07:44:50 +0800] "GET /2529/wp-json/wp/v2/posts/5 HTTP/1.1" 200 3325 "-" "Mozilla/5.0 AppleWebKit/537.36 (KHTML, like Gecko; compatible; ClaudeBot/1.0; +claudebot@anthropic.com)"
216.73.216.20 - - [22/Aug/2026:07:44:50 +0800] "GET /57/wp-json/wp/v2/posts/2173 HTTP/1.1" 200 16657 "-" "Mozilla/5.0 AppleWebKit/537.36 (KHTML, like Gecko; compatible; ClaudeBot/1.0; +claudebot@anthropic.com)"
216.73.216.20 - - [22/Aug/2026:07:44:50 +0800] "GET /57/wp-json/wp/v2/posts/198 HTTP/1.1" 200 3507 "-" "Mozilla/5.0 AppleWebKit/537.36 (KHTML, like Gecko; compatible; ClaudeBot/1.0; +claudebot@anthropic.com)"
142.93.120.75 - - [22/Aug/2026:07:44:50 +0800] "GET /blog/gallery/1279/1279-3193417.png HTTP/1.1" 404 25426 "http://blog.ilc.edu.tw/" "Mozilla/5.0 (Windows NT 10.0; Win64; x64) AppleWebKit/537.36 (KHTML, like Gecko) Chrome/116.0.0.0 Safari/537.36"
216.73.216.20 - - [22/Aug/2026:07:44:50 +0800] "GET /57/wp-json/wp/v2/posts/171 HTTP/1.1" 200 4332 "-" "Mozilla/5.0 AppleWebKit/537.36 (KHTML, like Gecko; compatible; ClaudeBot/1.0; +claudebot@anthropic.com)"
216.73.216.20 - - [22/Aug/2026:07:44:50 +0800] "GET /1297/wp-json/wp/v2/posts/754 HTTP/1.1" 200 4132 "-" "Mozilla/5.0 AppleWebKit/537.36 (KHTML, like Gecko; compatible; ClaudeBot/1.0; +claudebot@anthropic.com)"
216.73.216.20 - - [22/Aug/2026:07:44:50 +0800] "GET /57/wp-json/wp/v2/posts/127 HTTP/1.1" 200 5045 "-" "Mozilla/5.0 AppleWebKit/537.36 (KHTML, like Gecko; compatible; ClaudeBot/1.0; +claudebot@anthropic.com)"
216.73.216.20 - - [22/Aug/2026:07:44:50 +0800] "GET /57/wp-json/wp/v2/posts/122 HTTP/1.1" 200 3750 "-" "Mozilla/5.0 AppleWebKit/537.36 (KHTML, like Gecko; compatible; ClaudeBot/1.0; +claudebot@anthropic.com)"
::1 - - [22/Aug/2026:07:44:50 +0800] "OPTIONS * HTTP/1.0" 200 110 "-" "Apache/2.4.68 (Ubuntu) OpenSSL/3.0.19 (internal dummy connection)"
216.73.216.20 - - [22/Aug/2026:07:44:50 +0800] "GET /57/wp-json/wp/v2/posts/279 HTTP/1.1" 200 3840 "-" "Mozilla/5.0 AppleWebKit/537.36 (KHTML, like Gecko; compatible; ClaudeBot/1.0; +claudebot@anthropic.com)"
216.73.216.20 - - [22/Aug/2026:07:44:50 +0800] "GET /72/wp-json/wp/v2/posts/913 HTTP/1.1" 200 11796 "-" "Mozilla/5.0 AppleWebKit/537.36 (KHTML, like Gecko; compatible; ClaudeBot/1.0; +claudebot@anthropic.com)"
100.55.60.118 - - [22/Aug/2026:07:44:48 +0800] "GET /brevo/.env HTTP/1.1" 404 50074 "-" "Mozilla/5.0 (Windows NT 10.0; Win64; x64) AppleWebKit/537.36 (KHTML, like Gecko) Chrome/131.0.0.0 Safari/537.36"
216.73.216.20 - - [22/Aug/2026:07:44:50 +0800] "GET /57/wp-json/wp/v2/posts/2193 HTTP/1.1" 200 9751 "-" "Mozilla/5.0 AppleWebKit/537.36 (KHTML, like Gecko; compatible; ClaudeBot/1.0; +claudebot@anthropic.com)"
216.73.216.20 - - [22/Aug/2026:07:44:51 +0800] "GET /57/wp-json/wp/v2/posts/224 HTTP/1.1" 200 4241 "-" "Mozilla/5.0 AppleWebKit/537.36 (KHTML, like Gecko; compatible; ClaudeBot/1.0; +claudebot@anthropic.com)"
216.73.216.20 - - [22/Aug/2026:07:44:51 +0800] "GET /57/wp-json/wp/v2/posts/204 HTTP/1.1" 200 5324 "-" "Mozilla/5.0 AppleWebKit/537.36 (KHTML, like Gecko; compatible; ClaudeBot/1.0; +claudebot@anthropic.com)"
216.73.216.20 - - [22/Aug/2026:07:44:51 +0800] "GET /1297/wp-json/wp/v2/posts/693 HTTP/1.1" 200 4901 "-" "Mozilla/5.0 AppleWebKit/537.36 (KHTML, like Gecko; compatible; ClaudeBot/1.0; +claudebot@anthropic.com)"
216.73.216.20 - - [22/Aug/2026:07:44:51 +0800] "GET /57/wp-json/wp/v2/posts/126 HTTP/1.1" 200 3532 "-" "Mozilla/5.0 AppleWebKit/537.36 (KHTML, like Gecko; compatible; ClaudeBot/1.0; +claudebot@anthropic.com)"
216.73.216.20 - - [22/Aug/2026:07:44:51 +0800] "GET /72/wp-json/wp/v2/posts/967 HTTP/1.1" 200 7458 "-" "Mozilla/5.0 AppleWebKit/537.36 (KHTML, like Gecko; compatible; ClaudeBot/1.0; +claudebot@anthropic.com)"
216.73.216.20 - - [22/Aug/2026:07:44:51 +0800] "GET /57/wp-json/wp/v2/posts/225 HTTP/1.1" 200 4065 "-" "Mozilla/5.0 AppleWebKit/537.36 (KHTML, like Gecko; compatible; ClaudeBot/1.0; +claudebot@anthropic.com)"
216.73.216.20 - - [22/Aug/2026:07:44:51 +0800] "GET /57/wp-json/wp/v2/posts/213 HTTP/1.1" 200 7225 "-" "Mozilla/5.0 AppleWebKit/537.36 (KHTML, like Gecko; compatible; ClaudeBot/1.0; +claudebot@anthropic.com)"
216.73.216.20 - - [22/Aug/2026:07:44:51 +0800] "GET /4925/wp-json/wp/v2/posts/4841 HTTP/1.1" 200 4644 "-" "Mozilla/5.0 AppleWebKit/537.36 (KHTML, like Gecko; compatible; ClaudeBot/1.0; +claudebot@anthropic.com)"
34.230.124.21 - - [22/Aug/2026:07:44:51 +0800] "GET /wp-content/uploads/sites/2271/staatic/resources/d/3bde3ec9d5464693f46331cbb4fa1948c117f50 HTTP/1.1" 200 339246 "-" "Mozilla/5.0 AppleWebKit/537.36 (KHTML, like Gecko; compatible; Amazonbot/0.1; +https://developer.amazon.com/support/amazonbot) Chrome/119.0.6045.214 Safari/537.36"
::1 - - [22/Aug/2026:07:44:51 +0800] "OPTIONS * HTTP/1.0" 200 110 "-" "Apache/2.4.68 (Ubuntu) OpenSSL/3.0.19 (internal dummy connection)"
216.73.216.20 - - [22/Aug/2026:07:44:51 +0800] "GET /57/wp-json/wp/v2/posts/248 HTTP/1.1" 200 4414 "-" "Mozilla/5.0 AppleWebKit/537.36 (KHTML, like Gecko; compatible; ClaudeBot/1.0; +claudebot@anthropic.com)"
216.73.216.20 - - [22/Aug/2026:07:44:51 +0800] "GET /57/wp-json/wp/v2/posts/2190 HTTP/1.1" 200 11680 "-" "Mozilla/5.0 AppleWebKit/537.36 (KHTML, like Gecko; compatible; ClaudeBot/1.0; +claudebot@anthropic.com)"
216.73.216.20 - - [22/Aug/2026:07:44:51 +0800] "GET /57/wp-json/wp/v2/posts/212 HTTP/1.1" 200 5838 "-" "Mozilla/5.0 AppleWebKit/537.36 (KHTML, like Gecko; compatible; ClaudeBot/1.0; +claudebot@anthropic.com)"
216.73.216.20 - - [22/Aug/2026:07:44:52 +0800] "GET /1297/wp-json/wp/v2/posts/696 HTTP/1.1" 200 4538 "-" "Mozilla/5.0 AppleWebKit/537.36 (KHTML, like Gecko; compatible; ClaudeBot/1.0; +claudebot@anthropic.com)"
216.73.216.20 - - [22/Aug/2026:07:44:52 +0800] "GET /57/wp-json/wp/v2/posts/135 HTTP/1.1" 200 3455 "-" "Mozilla/5.0 AppleWebKit/537.36 (KHTML, like Gecko; compatible; ClaudeBot/1.0; +claudebot@anthropic.com)"
216.73.216.20 - - [22/Aug/2026:07:44:52 +0800] "GET /57/wp-json/wp/v2/posts/180 HTTP/1.1" 200 6066 "-" "Mozilla/5.0 AppleWebKit/537.36 (KHTML, like Gecko; compatible; ClaudeBot/1.0; +claudebot@anthropic.com)"
216.73.216.20 - - [22/Aug/2026:07:44:52 +0800] "GET /57/wp-json/wp/v2/posts/117 HTTP/1.1" 200 6188 "-" "Mozilla/5.0 AppleWebKit/537.36 (KHTML, like Gecko; compatible; ClaudeBot/1.0; +claudebot@anthropic.com)"
216.73.216.20 - - [22/Aug/2026:07:44:52 +0800] "GET /57/wp-json/wp/v2/posts/254 HTTP/1.1" 200 4824 "-" "Mozilla/5.0 AppleWebKit/537.36 (KHTML, like Gecko; compatible; ClaudeBot/1.0; +claudebot@anthropic.com)"
216.73.216.20 - - [22/Aug/2026:07:44:52 +0800] "GET /57/wp-json/wp/v2/posts/109 HTTP/1.1" 200 4630 "-" "Mozilla/5.0 AppleWebKit/537.36 (KHTML, like Gecko; compatible; ClaudeBot/1.0; +claudebot@anthropic.com)"
216.73.216.20 - - [22/Aug/2026:07:44:52 +0800] "GET /a2021110/wp-json/ HTTP/1.1" 200 257605 "-" "Mozilla/5.0 AppleWebKit/537.36 (KHTML, like Gecko; compatible; ClaudeBot/1.0; +claudebot@anthropic.com)"
216.73.216.20 - - [22/Aug/2026:07:44:52 +0800] "GET /57/wp-json/wp/v2/posts/66 HTTP/1.1" 200 4905 "-" "Mozilla/5.0 AppleWebKit/537.36 (KHTML, like Gecko; compatible; ClaudeBot/1.0; +claudebot@anthropic.com)"
216.73.216.20 - - [22/Aug/2026:07:44:52 +0800] "GET /57/wp-json/wp/v2/posts/222 HTTP/1.1" 200 4989 "-" "Mozilla/5.0 AppleWebKit/537.36 (KHTML, like Gecko; compatible; ClaudeBot/1.0; +claudebot@anthropic.com)"
::1 - - [22/Aug/2026:07:44:52 +0800] "OPTIONS * HTTP/1.0" 200 110 "-" "Apache/2.4.68 (Ubuntu) OpenSSL/3.0.19 (internal dummy connection)"
216.73.216.20 - - [22/Aug/2026:07:44:52 +0800] "GET /6439/page/47/ HTTP/1.1" 200 28540 "-" "Mozilla/5.0 AppleWebKit/537.36 (KHTML, like Gecko; compatible; ClaudeBot/1.0; +claudebot@anthropic.com)"
2001:288:a201::66:125 - - [22/Aug/2026:07:44:53 +0800] "GET /blog/active.php HTTP/1.1" 301 1026 "-" "-"
216.73.216.20 - - [22/Aug/2026:07:44:52 +0800] "GET /57/wp-json/wp/v2/posts/230 HTTP/1.1" 200 3987 "-" "Mozilla/5.0 AppleWebKit/537.36 (KHTML, like Gecko; compatible; ClaudeBot/1.0; +claudebot@anthropic.com)"
2001:288:a201::66:125 - - [22/Aug/2026:07:44:53 +0800] "GET /blog/active.php HTTP/1.1" 404 1084 "-" "-"
216.73.216.20 - - [22/Aug/2026:07:44:53 +0800] "GET /57/wp-json/wp/v2/posts/219 HTTP/1.1" 200 4766 "-" "Mozilla/5.0 AppleWebKit/537.36 (KHTML, like Gecko; compatible; ClaudeBot/1.0; +claudebot@anthropic.com)"
140.111.67.10 - - [22/Aug/2026:07:44:53 +0800] "GET /" 301 273 "-" "-"
216.73.216.20 - - [22/Aug/2026:07:44:53 +0800] "GET /6537/wp-json/wp/v2/posts/5145 HTTP/1.1" 200 17418 "-" "Mozilla/5.0 AppleWebKit/537.36 (KHTML, like Gecko; compatible; ClaudeBot/1.0; +claudebot@anthropic.com)"
216.73.216.20 - - [22/Aug/2026:07:44:53 +0800] "GET /57/wp-json/wp/v2/posts/190 HTTP/1.1" 200 5349 "-" "Mozilla/5.0 AppleWebKit/537.36 (KHTML, like Gecko; compatible; ClaudeBot/1.0; +claudebot@anthropic.com)"
85.208.96.211 - - [22/Aug/2026:07:44:53 +0800] "GET /robots.txt HTTP/1.1" 200 5548 "-" "Mozilla/5.0 (compatible; SemrushBot/7~bl; +http://www.semrush.com/bot.html)"
216.73.216.20 - - [22/Aug/2026:07:44:53 +0800] "GET /33/category/uncategorized/feed/ HTTP/1.1" 200 6284 "-" "Mozilla/5.0 AppleWebKit/537.36 (KHTML, like Gecko; compatible; ClaudeBot/1.0; +claudebot@anthropic.com)"
216.73.216.20 - - [22/Aug/2026:07:44:53 +0800] "GET /57/wp-json/wp/v2/posts/160 HTTP/1.1" 200 5176 "-" "Mozilla/5.0 AppleWebKit/537.36 (KHTML, like Gecko; compatible; ClaudeBot/1.0; +claudebot@anthropic.com)"
216.73.216.20 - - [22/Aug/2026:07:44:53 +0800] "GET /a2021110/feed/ HTTP/1.1" 200 5407 "-" "Mozilla/5.0 AppleWebKit/537.36 (KHTML, like Gecko; compatible; ClaudeBot/1.0; +claudebot@anthropic.com)"
185.191.171.17 - - [22/Aug/2026:07:44:53 +0800] "GET /testlog/category/%E7%B2%BE%E9%80%B2%E6%95%99%E5%AD%B8/%E8%AA%B2%E7%A8%8B%E8%A9%95%E9%91%91/ HTTP/1.1" 200 37007 "-" "Mozilla/5.0 (compatible; SemrushBot/7~bl; +http://www.semrush.com/bot.html)"
216.73.216.20 - - [22/Aug/2026:07:44:53 +0800] "GET /1297/wp-json/wp/v2/posts/899 HTTP/1.1" 200 7112 "-" "Mozilla/5.0 AppleWebKit/537.36 (KHTML, like Gecko; compatible; ClaudeBot/1.0; +claudebot@anthropic.com)"
::1 - - [22/Aug/2026:07:44:53 +0800] "OPTIONS * HTTP/1.0" 200 110 "-" "Apache/2.4.68 (Ubuntu) OpenSSL/3.0.19 (internal dummy connection)"
100.55.60.118 - - [22/Aug/2026:07:44:51 +0800] "GET /transactional/.env HTTP/1.1" 404 50089 "-" "Mozilla/5.0 (Windows NT 10.0; Win64; x64) AppleWebKit/537.36 (KHTML, like Gecko) Chrome/131.0.0.0 Safari/537.36"
98.82.66.172 - - [22/Aug/2026:07:44:54 +0800] "GET /1003/wp-json/wp/v2/%22https:/2blog.ilc.edu.tw/1003/wp-content/uploads/sites/233/2021/04/u6295/u5f71/u72478-300x225.jpg/%22 HTTP/1.1" 404 6131 "-" "Mozilla/5.0 AppleWebKit/537.36 (KHTML, like Gecko; compatible; Amazonbot/0.1; +https://developer.amazon.com/support/amazonbot) Chrome/119.0.6045.214 Safari/537.36"
216.73.216.20 - - [22/Aug/2026:07:44:54 +0800] "GET /robots.txt HTTP/1.1" 200 5547 "-" "Mozilla/5.0 AppleWebKit/537.36 (KHTML, like Gecko; compatible; ClaudeBot/1.0; +claudebot@anthropic.com)"
34.56.53.225 - - [22/Aug/2026:07:44:55 +0800] "GET /6415/2012/11/19/101_%E6%8E%A8%E5%8B%95%E7%92%B0%E5%A2%83%E6%95%99%E8%82%B2%E8%88%87%E7%AF%80%E8%83%BD%E6%B8%9B%E7%A2%B3%E5%B0%8F%E7%B5%84/ HTTP/1.1" 200 16202 "-" "Mozilla/5.0 (Macintosh; Intel Mac OS X 10_15_7) AppleWebKit/537.36 (KHTML, like Gecko) Chrome/120.0.0.0 Safari/537.36"
34.123.149.87 - - [22/Aug/2026:07:44:55 +0800] "GET /27417/wp-json/oembed/1.0/embed?url=https://2blog.ilc.edu.tw/27417/2025/11/28/%25e6%2597%258f%25e8%25aa%259ee%25e6%25a8%2582%25e5%259c%2592/ HTTP/1.1" 200 8272 "-" "Mozilla/5.0 (Macintosh; Intel Mac OS X 10_15_7) AppleWebKit/537.36 (KHTML, like Gecko) Chrome/120.0.0.0 Safari/537.36"
3.226.106.93 - - [22/Aug/2026:07:44:55 +0800] "GET /wp-content/uploads/sites/2086/2184/2184-300955.doc HTTP/1.1" 200 99546 "-" "Mozilla/5.0 AppleWebKit/537.36 (KHTML, like Gecko; compatible; Amazonbot/0.1; +https://developer.amazon.com/support/amazonbot) Chrome/119.0.6045.214 Safari/537.36"
216.73.216.20 - - [22/Aug/2026:07:44:56 +0800] "GET /57/?p=259 HTTP/1.1" 301 5807 "-" "Mozilla/5.0 AppleWebKit/537.36 (KHTML, like Gecko; compatible; ClaudeBot/1.0; +claudebot@anthropic.com)"
85.208.96.194 - - [22/Aug/2026:07:44:54 +0800] "GET /wp-login.php?_wpnonce=43754d0aad&action=ilc_logout&redirect_to=https%3A%2F%2Fasretemad.com%2F HTTP/1.1" 302 8199 "-" "Mozilla/5.0 (compatible; SemrushBot/7~bl; +http://www.semrush.com/bot.html)"
216.73.216.20 - - [22/Aug/2026:07:44:56 +0800] "GET /3642/2016/page/1/ HTTP/1.1" 301 5704 "-" "Mozilla/5.0 AppleWebKit/537.36 (KHTML, like Gecko; compatible; ClaudeBot/1.0; +claudebot@anthropic.com)"
100.55.60.118 - - [22/Aug/2026:07:44:54 +0800] "GET /bulk/.env HTTP/1.1" 404 50079 "-" "Mozilla/5.0 (Windows NT 10.0; Win64; x64) AppleWebKit/537.36 (KHTML, like Gecko) Chrome/131.0.0.0 Safari/537.36"
216.73.216.20 - - [22/Aug/2026:07:44:56 +0800] "GET /33/wp-json/wp/v2/categories/1 HTTP/1.1" 200 6558 "-" "Mozilla/5.0 AppleWebKit/537.36 (KHTML, like Gecko; compatible; ClaudeBot/1.0; +claudebot@anthropic.com)"
216.73.216.20 - - [22/Aug/2026:07:44:56 +0800] "GET /25149/wp-json/oembed/1.0/embed?format=xml HTTP/1.1" 400 6147 "-" "Mozilla/5.0 AppleWebKit/537.36 (KHTML, like Gecko; compatible; ClaudeBot/1.0; +claudebot@anthropic.com)"
216.73.216.20 - - [22/Aug/2026:07:44:56 +0800] "GET /57/?p=233 HTTP/1.1" 301 5834 "-" "Mozilla/5.0 AppleWebKit/537.36 (KHTML, like Gecko; compatible; ClaudeBot/1.0; +claudebot@anthropic.com)"
216.73.216.20 - - [22/Aug/2026:07:44:56 +0800] "GET /43042/2024/01/ HTTP/1.1" 200 10651 "-" "Mozilla/5.0 AppleWebKit/537.36 (KHTML, like Gecko; compatible; ClaudeBot/1.0; +claudebot@anthropic.com)"
216.73.216.20 - - [22/Aug/2026:07:44:56 +0800] "GET /57/?p=59 HTTP/1.1" 301 1068 "-" "Mozilla/5.0 AppleWebKit/537.36 (KHTML, like Gecko; compatible; ClaudeBot/1.0; +claudebot@anthropic.com)"
216.73.216.20 - - [22/Aug/2026:07:44:56 +0800] "GET /57/?p=253 HTTP/1.1" 301 1307 "-" "Mozilla/5.0 AppleWebKit/537.36 (KHTML, like Gecko; compatible; ClaudeBot/1.0; +claudebot@anthropic.com)"
216.73.216.20 - - [22/Aug/2026:07:44:56 +0800] "GET /57/2016/06/02/1050310%ef%bc%bb%e5%9c%98%e5%8b%99%e5%a0%b1%e5%91%8a%ef%bc%bd%e5%8c%97%e5%8d%80%e8%b7%a8%e7%b8%a3%e5%b8%82%e4%ba%a4%e6%b5%81/ HTTP/1.1" 200 10364 "https://2blog.ilc.edu.tw/57/?p=259" "Mozilla/5.0 AppleWebKit/537.36 (KHTML, like Gecko; compatible; ClaudeBot/1.0; +claudebot@anthropic.com)"
216.73.216.20 - - [22/Aug/2026:07:44:56 +0800] "GET /3642/2016/ HTTP/1.1" 200 13231 "https://2blog.ilc.edu.tw/3642/2016/page/1/" "Mozilla/5.0 AppleWebKit/537.36 (KHTML, like Gecko; compatible; ClaudeBot/1.0; +claudebot@anthropic.com)"
216.73.216.20 - - [22/Aug/2026:07:44:56 +0800] "GET /57/?p=149 HTTP/1.1" 301 1296 "-" "Mozilla/5.0 AppleWebKit/537.36 (KHTML, like Gecko; compatible; ClaudeBot/1.0; +claudebot@anthropic.com)"
216.73.216.20 - - [22/Aug/2026:07:44:56 +0800] "GET /57/2015/04/30/1040406%ef%bc%bb%e6%95%99%e5%ad%b8%e7%a4%ba%e7%af%84%ef%bc%bd%e6%9d%b1%e5%85%89%e5%9c%8b%e4%b8%ad%ef%bc%bf%e6%9e%97%e4%ba%ac%e7%8e%89%e8%80%81%e5%b8%ab/ HTTP/1.1" 200 10297 "https://2blog.ilc.edu.tw/57/?p=233" "Mozilla/5.0 AppleWebKit/537.36 (KHTML, like Gecko; compatible; ClaudeBot/1.0; +claudebot@anthropic.com)"
216.73.216.20 - - [22/Aug/2026:07:44:56 +0800] "GET /33/?p=585 HTTP/1.1" 301 838 "-" "Mozilla/5.0 AppleWebKit/537.36 (KHTML, like Gecko; compatible; ClaudeBot/1.0; +claudebot@anthropic.com)"
216.73.216.20 - - [22/Aug/2026:07:44:56 +0800] "GET /tcesinfo/wp-json/wp/v2/posts/530 HTTP/1.1" 200 16021 "-" "Mozilla/5.0 AppleWebKit/537.36 (KHTML, like Gecko; compatible; ClaudeBot/1.0; +claudebot@anthropic.com)"
216.73.216.20 - - [22/Aug/2026:07:44:56 +0800] "GET /57/2016/05/10/1050418%ef%bc%bb%e4%b9%9d%e8%b2%ab%e8%a8%aa%e8%a6%96%ef%bc%bd%e5%8d%97%e5%ae%89/ HTTP/1.1" 200 9852 "https://2blog.ilc.edu.tw/57/?p=253" "Mozilla/5.0 AppleWebKit/537.36 (KHTML, like Gecko; compatible; ClaudeBot/1.0; +claudebot@anthropic.com)"
216.73.216.20 - - [22/Aug/2026:07:44:56 +0800] "GET /57/2012/04/11/1010410%e8%8b%b1%e8%aa%9e%e9%a0%98%e5%9f%9f%e4%bd%8e%e6%88%90%e5%b0%b1%e8%bc%94%e5%b0%8e%e8%88%87%e7%8f%ad%e7%b4%9a%e7%b6%93%e7%87%9f-%e8%8e%8a%e6%83%a0%e5%a6%82%e8%80%81%e5%b8%ab/ HTTP/1.1" 200 10517 "https://2blog.ilc.edu.tw/57/?p=59" "Mozilla/5.0 AppleWebKit/537.36 (KHTML, like Gecko; compatible; ClaudeBot/1.0; +claudebot@anthropic.com)"
134.209.215.91 - - [22/Aug/2026:07:44:56 +0800] "GET /blog/gallery/1279/1279-3193420.png HTTP/1.1" 301 1064 "http://blog.ilc.edu.tw/" "Mozilla/5.0 (Windows NT 10.0; Win64; x64) AppleWebKit/537.36 (KHTML, like Gecko) Chrome/116.0.0.0 Safari/537.36"
216.73.216.20 - - [22/Aug/2026:07:44:56 +0800] "GET /25149/wp-login.php?action=lostpassword HTTP/1.1" 200 3565 "-" "Mozilla/5.0 AppleWebKit/537.36 (KHTML, like Gecko; compatible; ClaudeBot/1.0; +claudebot@anthropic.com)"
216.73.216.20 - - [22/Aug/2026:07:44:56 +0800] "GET /1/?p=19700 HTTP/1.1" 301 1317 "-" "Mozilla/5.0 AppleWebKit/537.36 (KHTML, like Gecko; compatible; ClaudeBot/1.0; +claudebot@anthropic.com)"
216.73.216.20 - - [22/Aug/2026:07:44:57 +0800] "GET /57/2013/09/30/1021029-%e8%a3%9c%e6%95%91%e6%95%99%e5%ad%b8%e5%a2%9e%e8%83%bd%e7%a0%94%e7%bf%92%e8%a3%9c%e6%95%91%e6%95%99%e5%ad%b8%e7%ad%96%e7%95%a5%e8%88%87%e5%88%86%e7%a7%91%e6%95%99%e6%9d%90%e6%95%99%e6%b3%95/ HTTP/1.1" 200 10136 "https://2blog.ilc.edu.tw/57/?p=149" "Mozilla/5.0 AppleWebKit/537.36 (KHTML, like Gecko; compatible; ClaudeBot/1.0; +claudebot@anthropic.com)"
216.73.216.20 - - [22/Aug/2026:07:44:57 +0800] "GET /33/2022/06/05/6-10%e8%aa%b2%e7%a8%8b%e9%80%b2%e5%ba%a6%e5%9b%9e%e5%ae%b6%e4%bd%9c%e6%a5%ad-2/ HTTP/1.1" 200 9279 "https://2blog.ilc.edu.tw/33/?p=585" "Mozilla/5.0 AppleWebKit/537.36 (KHTML, like Gecko; compatible; ClaudeBot/1.0; +claudebot@anthropic.com)"
216.73.216.20 - - [22/Aug/2026:07:44:56 +0800] "GET /flart/wp-json/wp/v2/users/767 HTTP/1.1" 200 1997 "-" "Mozilla/5.0 AppleWebKit/537.36 (KHTML, like Gecko; compatible; ClaudeBot/1.0; +claudebot@anthropic.com)"
216.73.216.20 - - [22/Aug/2026:07:44:57 +0800] "GET /57/?p=161 HTTP/1.1" 301 930 "-" "Mozilla/5.0 AppleWebKit/537.36 (KHTML, like Gecko; compatible; ClaudeBot/1.0; +claudebot@anthropic.com)"
216.73.216.20 - - [22/Aug/2026:07:44:57 +0800] "GET /1/2023/02/24/%e8%bd%89%e7%9f%a5%e5%9c%8b%e7%ab%8b%e5%b1%8f%e6%9d%b1%e5%a4%a7%e5%ad%b8%e8%be%a6%e7%90%86%e8%be%a6%e7%90%86%e3%80%8c2023%e6%95%99%e8%82%b2%e8%a1%8c%e6%94%bf%e7%a0%94%e7%a9%b6%e7%9a%84%e5%ad%b8/ HTTP/1.1" 200 16928 "https://2blog.ilc.edu.tw/1/?p=19700" "Mozilla/5.0 AppleWebKit/537.36 (KHTML, like Gecko; compatible; ClaudeBot/1.0; +claudebot@anthropic.com)"
216.73.216.20 - - [22/Aug/2026:07:44:57 +0800] "GET /57/?p=285 HTTP/1.1" 301 930 "-" "Mozilla/5.0 AppleWebKit/537.36 (KHTML, like Gecko; compatible; ClaudeBot/1.0; +claudebot@anthropic.com)"
216.73.216.20 - - [22/Aug/2026:07:44:57 +0800] "GET /57/?p=18 HTTP/1.1" 301 1295 "-" "Mozilla/5.0 AppleWebKit/537.36 (KHTML, like Gecko; compatible; ClaudeBot/1.0; +claudebot@anthropic.com)"
216.73.216.20 - - [22/Aug/2026:07:44:57 +0800] "GET /57/2013/11/01/1021210-%e5%b7%ae%e7%95%b0%e5%8c%96%e6%95%99%e5%ad%b8%e5%a2%9e%e8%83%bd%e7%a0%94%e7%bf%92%e5%9c%8b%e8%8f%af%e5%9c%8b%e4%b8%ad%e6%9d%8e%e8%82%87%e8%8f%81%e8%80%81%e5%b8%ab/ HTTP/1.1" 200 10917 "https://2blog.ilc.edu.tw/57/?p=161" "Mozilla/5.0 AppleWebKit/537.36 (KHTML, like Gecko; compatible; ClaudeBot/1.0; +claudebot@anthropic.com)"
216.73.216.20 - - [22/Aug/2026:07:44:57 +0800] "GET /57/?p=192 HTTP/1.1" 301 840 "-" "Mozilla/5.0 AppleWebKit/537.36 (KHTML, like Gecko; compatible; ClaudeBot/1.0; +claudebot@anthropic.com)"
216.73.216.20 - - [22/Aug/2026:07:44:57 +0800] "GET /57/2019/02/10/20190119%e5%8d%81%e4%ba%8c%e5%b9%b4%e5%9c%8b%e6%b0%91%e5%9f%ba%e6%9c%ac%e6%95%99%e8%82%b2%e8%aa%b2%e7%a8%8b%e7%b6%b1%e8%a6%81%e7%b8%bd%e7%b6%b1%e8%8b%b1%e6%96%87%e7%89%88/ HTTP/1.1" 200 10101 "https://2blog.ilc.edu.tw/57/?p=285" "Mozilla/5.0 AppleWebKit/537.36 (KHTML, like Gecko; compatible; ClaudeBot/1.0; +claudebot@anthropic.com)"
216.73.216.20 - - [22/Aug/2026:07:44:57 +0800] "GET /33/?p=576 HTTP/1.1" 301 837 "-" "Mozilla/5.0 AppleWebKit/537.36 (KHTML, like Gecko; compatible; ClaudeBot/1.0; +claudebot@anthropic.com)"
216.73.216.20 - - [22/Aug/2026:07:44:57 +0800] "GET /57/2009/07/21/2009-10%e5%b9%b4%e5%ae%9c%e8%98%ad%e7%b8%a3%e3%80%8c%e6%96%87%e5%8c%96%e4%ba%a4%e6%b5%81%e4%b9%8b%e5%ae%b6%e3%80%8d%e5%a4%96%e7%b1%8d%e6%95%99%e5%b8%ab%e6%8e%a5%e5%be%85%e5%ae%b6%e5%ba%ad%e6%b4%bb/ HTTP/1.1" 200 10082 "https://2blog.ilc.edu.tw/57/?p=18" "Mozilla/5.0 AppleWebKit/537.36 (KHTML, like Gecko; compatible; ClaudeBot/1.0; +claudebot@anthropic.com)"
216.73.216.20 - - [22/Aug/2026:07:44:57 +0800] "GET /57/?p=236 HTTP/1.1" 301 1277 "-" "Mozilla/5.0 AppleWebKit/537.36 (KHTML, like Gecko; compatible; ClaudeBot/1.0; +claudebot@anthropic.com)"
216.73.216.20 - - [22/Aug/2026:07:44:57 +0800] "GET /57/2014/05/12/1030519-%e4%b9%9d%e8%b2%ab%e8%a8%aa%e8%a6%96%e8%98%87%e6%be%b3%e5%9c%8b%e4%b8%ad/ HTTP/1.1" 200 9922 "https://2blog.ilc.edu.tw/57/?p=192" "Mozilla/5.0 AppleWebKit/537.36 (KHTML, like Gecko; compatible; ClaudeBot/1.0; +claudebot@anthropic.com)"
216.73.216.20 - - [22/Aug/2026:07:44:57 +0800] "GET /33/2022/06/05/6-7%e8%aa%b2%e7%a8%8b%e9%80%b2%e5%ba%a6%e5%9b%9e%e5%ae%b6%e4%bd%9c%e6%a5%ad-2/ HTTP/1.1" 200 9027 "https://2blog.ilc.edu.tw/33/?p=576" "Mozilla/5.0 AppleWebKit/537.36 (KHTML, like Gecko; compatible; ClaudeBot/1.0; +claudebot@anthropic.com)"
216.73.216.20 - - [22/Aug/2026:07:44:57 +0800] "GET /57/?p=58 HTTP/1.1" 301 930 "-" "Mozilla/5.0 AppleWebKit/537.36 (KHTML, like Gecko; compatible; ClaudeBot/1.0; +claudebot@anthropic.com)"
216.73.216.20 - - [22/Aug/2026:07:44:57 +0800] "GET /6526/page/15/ HTTP/1.1" 200 19533 "-" "Mozilla/5.0 AppleWebKit/537.36 (KHTML, like Gecko; compatible; ClaudeBot/1.0; +claudebot@anthropic.com)"
216.73.216.20 - - [22/Aug/2026:07:44:57 +0800] "GET /57/2015/05/26/1040519%ef%bc%bb%e6%95%99%e5%ad%b8%e7%a4%ba%e7%af%84%ef%bc%bd%e4%b8%ad%e8%8f%af%e5%9c%8b%e4%b8%ad%ef%bc%bf%e8%ac%9b%e5%b8%ab%ef%bc%9a%e8%94%a1%e6%98%95%e7%92%81%e8%80%81%e5%b8%ab/ HTTP/1.1" 200 10052 "https://2blog.ilc.edu.tw/57/?p=236" "Mozilla/5.0 AppleWebKit/537.36 (KHTML, like Gecko; compatible; ClaudeBot/1.0; +claudebot@anthropic.com)"
216.73.216.20 - - [22/Aug/2026:07:44:57 +0800] "GET /sun520/?p=45204 HTTP/1.1" 301 791 "-" "Mozilla/5.0 AppleWebKit/537.36 (KHTML, like Gecko; compatible; ClaudeBot/1.0; +claudebot@anthropic.com)"
216.73.216.20 - - [22/Aug/2026:07:44:58 +0800] "GET /57/2012/03/14/1010313%e8%a3%9c%e6%95%91%e6%95%99%e5%ad%b8%e4%b9%8b%e9%87%8d%e8%a6%81%e6%80%a7%e5%8f%ac%e9%9b%86%e4%ba%ba%e6%9c%83%e8%ad%b0-%e8%8e%8a%e6%83%a0%e5%a6%82%e8%80%81%e5%b8%ab/ HTTP/1.1" 200 10530 "https://2blog.ilc.edu.tw/57/?p=58" "Mozilla/5.0 AppleWebKit/537.36 (KHTML, like Gecko; compatible; ClaudeBot/1.0; +claudebot@anthropic.com)"
216.73.216.20 - - [22/Aug/2026:07:44:58 +0800] "GET /57/?p=1817 HTTP/1.1" 301 861 "-" "Mozilla/5.0 AppleWebKit/537.36 (KHTML, like Gecko; compatible; ClaudeBot/1.0; +claudebot@anthropic.com)"
216.73.216.20 - - [22/Aug/2026:07:44:58 +0800] "GET /sun520/2026/04/30/%e7%8e%a9%e8%81%b2%e9%9f%b3/ HTTP/1.1" 200 17477 "https://2blog.ilc.edu.tw/sun520/?p=45204" "Mozilla/5.0 AppleWebKit/537.36 (KHTML, like Gecko; compatible; ClaudeBot/1.0; +claudebot@anthropic.com)"
216.73.216.20 - - [22/Aug/2026:07:44:58 +0800] "GET /57/?p=70 HTTP/1.1" 301 772 "-" "Mozilla/5.0 AppleWebKit/537.36 (KHTML, like Gecko; compatible; ClaudeBot/1.0; +claudebot@anthropic.com)"
216.73.216.20 - - [22/Aug/2026:07:44:57 +0800] "GET /ytes1234/2024/ HTTP/1.1" 200 13579 "-" "Mozilla/5.0 AppleWebKit/537.36 (KHTML, like Gecko; compatible; ClaudeBot/1.0; +claudebot@anthropic.com)"
216.73.216.20 - - [22/Aug/2026:07:44:58 +0800] "GET /43042/2023/06/ HTTP/1.1" 200 9710 "-" "Mozilla/5.0 AppleWebKit/537.36 (KHTML, like Gecko; compatible; ClaudeBot/1.0; +claudebot@anthropic.com)"
216.73.216.20 - - [22/Aug/2026:07:44:58 +0800] "GET /57/2021/12/06/%e6%95%99%e5%ad%b8%e5%88%86%e4%ba%ab-%e8%8b%b1%e8%aa%9e%e6%b8%9bc%e5%96%ae%e5%ad%97%e7%af%87-by-clara/ HTTP/1.1" 200 13315 "https://2blog.ilc.edu.tw/57/?p=1817" "Mozilla/5.0 AppleWebKit/537.36 (KHTML, like Gecko; compatible; ClaudeBot/1.0; +claudebot@anthropic.com)"
216.73.216.20 - - [22/Aug/2026:07:44:58 +0800] "GET /57/2012/09/30/good-website/ HTTP/1.1" 200 9682 "https://2blog.ilc.edu.tw/57/?p=70" "Mozilla/5.0 AppleWebKit/537.36 (KHTML, like Gecko; compatible; ClaudeBot/1.0; +claudebot@anthropic.com)"
100.55.60.118 - - [22/Aug/2026:07:44:56 +0800] "GET /aws/.env HTTP/1.1" 404 50069 "-" "Mozilla/5.0 (Windows NT 10.0; Win64; x64) AppleWebKit/537.36 (KHTML, like Gecko) Chrome/131.0.0.0 Safari/537.36"
216.73.216.20 - - [22/Aug/2026:07:44:58 +0800] "GET /6325/wp-json/wp/v2/categories/35 HTTP/1.1" 200 2271 "-" "Mozilla/5.0 AppleWebKit/537.36 (KHTML, like Gecko; compatible; ClaudeBot/1.0; +claudebot@anthropic.com)"
216.73.216.20 - - [22/Aug/2026:07:44:58 +0800] "GET /43042/2025/01/ HTTP/1.1" 200 9644 "-" "Mozilla/5.0 AppleWebKit/537.36 (KHTML, like Gecko; compatible; ClaudeBot/1.0; +claudebot@anthropic.com)"
216.73.216.20 - - [22/Aug/2026:07:44:58 +0800] "GET /57/?p=152 HTTP/1.1" 301 790 "-" "Mozilla/5.0 AppleWebKit/537.36 (KHTML, like Gecko; compatible; ClaudeBot/1.0; +claudebot@anthropic.com)"
2001:288:a201::66:125 - - [22/Aug/2026:07:44:58 +0800] "GET /blog/active.php HTTP/1.1" 301 1026 "-" "-"
140.111.67.10 - - [22/Aug/2026:07:44:58 +0800] "GET /" 301 273 "-" "-"
216.73.216.20 - - [22/Aug/2026:07:44:58 +0800] "GET /3642/2016/page/5/ HTTP/1.1" 200 13324 "-" "Mozilla/5.0 AppleWebKit/537.36 (KHTML, like Gecko; compatible; ClaudeBot/1.0; +claudebot@anthropic.com)"
216.73.216.20 - - [22/Aug/2026:07:44:58 +0800] "GET /57/2013/09/30/1021106-eta-rebekah-in-guo-hua/ HTTP/1.1" 200 9964 "https://2blog.ilc.edu.tw/57/?p=152" "Mozilla/5.0 AppleWebKit/537.36 (KHTML, like Gecko; compatible; ClaudeBot/1.0; +claudebot@anthropic.com)"
118.169.128.172 - - [22/Aug/2026:07:44:58 +0800] "GET /wp-content/uploads/sites/1408/2019/11/cropped-Screenshot-2019-11-06-at-2.00.45-PM-2-192x192.png HTTP/1.1" 200 81150 "https://www.ncges.ilc.edu.tw/" "Mozilla/5.0 (iPhone; CPU iPhone OS 18_3_2 like Mac OS X) AppleWebKit/605.1.15 (KHTML, like Gecko) Version/18.3.1 Mobile/15E148 Safari/604.1"
2001:288:a201::66:125 - - [22/Aug/2026:07:44:58 +0800] "GET /blog/active.php HTTP/1.1" 404 1084 "-" "-"
216.73.216.20 - - [22/Aug/2026:07:44:58 +0800] "GET /57/wp-json/wp/v2/users/1716 HTTP/1.1" 200 1586 "-" "Mozilla/5.0 AppleWebKit/537.36 (KHTML, like Gecko; compatible; ClaudeBot/1.0; +claudebot@anthropic.com)"
216.73.216.20 - - [22/Aug/2026:07:44:58 +0800] "GET /1297/?p=554 HTTP/1.1" 301 807 "-" "Mozilla/5.0 AppleWebKit/537.36 (KHTML, like Gecko; compatible; ClaudeBot/1.0; +claudebot@anthropic.com)"
216.73.216.20 - - [22/Aug/2026:07:44:58 +0800] "GET /6325/wp-json/wp/v2/categories/40 HTTP/1.1" 200 1884 "-" "Mozilla/5.0 AppleWebKit/537.36 (KHTML, like Gecko; compatible; ClaudeBot/1.0; +claudebot@anthropic.com)"
216.73.216.20 - - [22/Aug/2026:07:44:58 +0800] "GET /6038/?p=22 HTTP/1.1" 301 861 "-" "Mozilla/5.0 AppleWebKit/537.36 (KHTML, like Gecko; compatible; ClaudeBot/1.0; +claudebot@anthropic.com)"
216.73.216.20 - - [22/Aug/2026:07:44:59 +0800] "GET /57/?p=287 HTTP/1.1" 301 812 "-" "Mozilla/5.0 AppleWebKit/537.36 (KHTML, like Gecko; compatible; ClaudeBot/1.0; +claudebot@anthropic.com)"
216.73.216.20 - - [22/Aug/2026:07:44:59 +0800] "GET /1297/2021/02/17/%e7%8c%9c%e7%8c%9c%e6%88%91%e6%98%af%e8%aa%b0/ HTTP/1.1" 200 9226 "https://2blog.ilc.edu.tw/1297/?p=554" "Mozilla/5.0 AppleWebKit/537.36 (KHTML, like Gecko; compatible; ClaudeBot/1.0; +claudebot@anthropic.com)"
118.169.128.172 - - [22/Aug/2026:07:44:59 +0800] "GET /wp-content/uploads/sites/1408/2019/11/cropped-Screenshot-2019-11-06-at-2.00.45-PM-2-32x32.png HTTP/1.1" 200 8411 "https://www.ncges.ilc.edu.tw/" "Mozilla/5.0 (iPhone; CPU iPhone OS 18_3_2 like Mac OS X) AppleWebKit/605.1.15 (KHTML, like Gecko) Version/18.3.1 Mobile/15E148 Safari/604.1"
216.73.216.20 - - [22/Aug/2026:07:44:59 +0800] "GET /6038/2017/02/24/%e4%b8%89%e6%98%9f%e9%84%89%e5%bd%a9%e7%b9%aa%e9%9b%9e%e5%b9%b4%e6%af%94%e8%b3%bd%e9%a0%92%e7%8d%8e/ HTTP/1.1" 200 25450 "https://2blog.ilc.edu.tw/6038/?p=22" "Mozilla/5.0 AppleWebKit/537.36 (KHTML, like Gecko; compatible; ClaudeBot/1.0; +claudebot@anthropic.com)"
165.22.190.125 - - [22/Aug/2026:07:44:59 +0800] "GET /blog/gallery/1279/1279-3193420.png HTTP/1.1" 404 25426 "http://blog.ilc.edu.tw/" "Mozilla/5.0 (Windows NT 10.0; Win64; x64) AppleWebKit/537.36 (KHTML, like Gecko) Chrome/116.0.0.0 Safari/537.36"
216.73.216.20 - - [22/Aug/2026:07:44:59 +0800] "GET /72/wp-json/wp/v2/categories/6 HTTP/1.1" 200 1624 "-" "Mozilla/5.0 AppleWebKit/537.36 (KHTML, like Gecko; compatible; ClaudeBot/1.0; +claudebot@anthropic.com)"
216.73.216.20 - - [22/Aug/2026:07:44:59 +0800] "GET /4925/2014/02/20/ HTTP/1.1" 200 9036 "-" "Mozilla/5.0 AppleWebKit/537.36 (KHTML, like Gecko; compatible; ClaudeBot/1.0; +claudebot@anthropic.com)"
216.73.216.20 - - [22/Aug/2026:07:44:59 +0800] "GET /57/2019/08/28/useful-teaching-resources-for-our-108-new-curriculum/ HTTP/1.1" 200 10869 "https://2blog.ilc.edu.tw/57/?p=287" "Mozilla/5.0 AppleWebKit/537.36 (KHTML, like Gecko; compatible; ClaudeBot/1.0; +claudebot@anthropic.com)"
216.73.216.20 - - [22/Aug/2026:07:44:59 +0800] "GET /6038/2015/10/12/ HTTP/1.1" 200 24765 "-" "Mozilla/5.0 AppleWebKit/537.36 (KHTML, like Gecko; compatible; ClaudeBot/1.0; +claudebot@anthropic.com)"
216.73.216.20 - - [22/Aug/2026:07:44:59 +0800] "GET /1/?p=19504 HTTP/1.1" 301 983 "-" "Mozilla/5.0 AppleWebKit/537.36 (KHTML, like Gecko; compatible; ClaudeBot/1.0; +claudebot@anthropic.com)"
216.73.216.20 - - [22/Aug/2026:07:44:59 +0800] "GET /57/wp-json/wp/v2/users/2559 HTTP/1.1" 200 1618 "-" "Mozilla/5.0 AppleWebKit/537.36 (KHTML, like Gecko; compatible; ClaudeBot/1.0; +claudebot@anthropic.com)"
136.119.35.120 - - [22/Aug/2026:07:44:59 +0800] "GET /wp-json/oembed/1.0/embed?url=https://www.nojh.ilc.edu.tw/2009/12/11/%25e8%25a1%258c%25e6%2594%25bf%25e5%258a%25a9%25e7%2590%2586/ HTTP/1.1" 200 8204 "-" "Mozilla/5.0 (Macintosh; Intel Mac OS X 10_15_7) AppleWebKit/537.36 (KHTML, like Gecko) Chrome/120.0.0.0 Safari/537.36"
216.73.216.20 - - [22/Aug/2026:07:44:59 +0800] "GET /57/?p=90 HTTP/1.1" 301 885 "-" "Mozilla/5.0 AppleWebKit/537.36 (KHTML, like Gecko; compatible; ClaudeBot/1.0; +claudebot@anthropic.com)"
54.209.100.30 - - [22/Aug/2026:07:44:59 +0800] "GET /wp-content/uploads/sites/101/elementor/?C=S;O%3DD HTTP/1.1" 200 1152 "-" "Mozilla/5.0 AppleWebKit/537.36 (KHTML, like Gecko; compatible; Amazonbot/0.1; +https://developer.amazon.com/support/amazonbot) Chrome/119.0.6045.214 Safari/537.36"
216.73.216.20 - - [22/Aug/2026:07:44:59 +0800] "GET /1/2022/06/07/%e8%bd%89%e7%9f%a5%e8%87%ba%e5%8c%97%e5%b8%82%e6%94%bf%e5%ba%9c%e6%95%99%e8%82%b2%e5%b1%80%e8%be%a6%e7%90%86%e3%80%8c%e8%ae%93%e6%95%99%e8%82%b2%e6%88%90%e7%82%ba%e5%9f%8e%e5%b8%82%e7%9a%84%e9%a9%95/ HTTP/1.1" 200 17325 "https://2blog.ilc.edu.tw/1/?p=19504" "Mozilla/5.0 AppleWebKit/537.36 (KHTML, like Gecko; compatible; ClaudeBot/1.0; +claudebot@anthropic.com)"
216.73.216.20 - - [22/Aug/2026:07:44:59 +0800] "GET /57/wp-json/wp/v2/users/2560 HTTP/1.1" 200 1620 "-" "Mozilla/5.0 AppleWebKit/537.36 (KHTML, like Gecko; compatible; ClaudeBot/1.0; +claudebot@anthropic.com)"
216.73.216.20 - - [22/Aug/2026:07:44:59 +0800] "GET /57/2012/11/14/1011116-%e5%ad%b8%e7%bf%92%e6%88%90%e5%b0%b1%e8%a9%95%e9%87%8f%e6%a8%99%e6%ba%96%e6%a6%82%e5%bf%b5%e8%88%87%e6%87%89%e7%94%a8/ HTTP/1.1" 200 10091 "https://2blog.ilc.edu.tw/57/?p=90" "Mozilla/5.0 AppleWebKit/537.36 (KHTML, like Gecko; compatible; ClaudeBot/1.0; +claudebot@anthropic.com)"
216.73.216.20 - - [22/Aug/2026:07:44:59 +0800] "GET /4925/2015/09/29/ HTTP/1.1" 200 9102 "-" "Mozilla/5.0 AppleWebKit/537.36 (KHTML, like Gecko; compatible; ClaudeBot/1.0; +claudebot@anthropic.com)"
216.73.216.20 - - [22/Aug/2026:07:44:59 +0800] "GET /2529/wp-json/oembed/1.0/embed?format=xml HTTP/1.1" 400 1223 "-" "Mozilla/5.0 AppleWebKit/537.36 (KHTML, like Gecko; compatible; ClaudeBot/1.0; +claudebot@anthropic.com)"
216.73.216.20 - - [22/Aug/2026:07:45:00 +0800] "GET /57/?p=191 HTTP/1.1" 301 876 "-" "Mozilla/5.0 AppleWebKit/537.36 (KHTML, like Gecko; compatible; ClaudeBot/1.0; +claudebot@anthropic.com)"
216.73.216.20 - - [22/Aug/2026:07:44:59 +0800] "GET /1/2020/11/25/ HTTP/1.1" 200 14605 "-" "Mozilla/5.0 AppleWebKit/537.36 (KHTML, like Gecko; compatible; ClaudeBot/1.0; +claudebot@anthropic.com)"
216.73.216.20 - - [22/Aug/2026:07:45:00 +0800] "GET /57/?p=55 HTTP/1.1" 301 894 "-" "Mozilla/5.0 AppleWebKit/537.36 (KHTML, like Gecko; compatible; ClaudeBot/1.0; +claudebot@anthropic.com)"
216.73.216.20 - - [22/Aug/2026:07:45:00 +0800] "GET /6325/wp-json/wp/v2/categories/41 HTTP/1.1" 200 1884 "-" "Mozilla/5.0 AppleWebKit/537.36 (KHTML, like Gecko; compatible; ClaudeBot/1.0; +claudebot@anthropic.com)"
216.73.216.20 - - [22/Aug/2026:07:45:00 +0800] "GET /57/2014/05/12/1030513-%e5%a4%9a%e5%85%83%e8%a9%95%e9%87%8f%e5%88%b0%e6%a0%a1%e6%9c%8d%e5%8b%99%e7%be%85%e6%9d%b1%e5%9c%8b%e4%b8%ad/ HTTP/1.1" 200 10115 "https://2blog.ilc.edu.tw/57/?p=191" "Mozilla/5.0 AppleWebKit/537.36 (KHTML, like Gecko; compatible; ClaudeBot/1.0; +claudebot@anthropic.com)"
216.73.216.20 - - [22/Aug/2026:07:45:00 +0800] "GET /57/2011/12/07/1001206%e5%a4%96%e7%b8%a3%e5%b8%82%e5%8f%83%e8%a8%aa%e5%8f%8a%e7%a0%94%e7%bf%92%e6%b4%bb%e5%8b%95-%e8%88%88%e9%9b%85%e5%9c%8b%e4%b8%ad/ HTTP/1.1" 200 10506 "https://2blog.ilc.edu.tw/57/?p=55" "Mozilla/5.0 AppleWebKit/537.36 (KHTML, like Gecko; compatible; ClaudeBot/1.0; +claudebot@anthropic.com)"
::1 - - [22/Aug/2026:07:45:00 +0800] "OPTIONS * HTTP/1.0" 200 110 "-" "Apache/2.4.68 (Ubuntu) OpenSSL/3.0.19 (internal dummy connection)"
100.55.60.118 - - [22/Aug/2026:07:44:59 +0800] "GET /azure/.env HTTP/1.1" 404 50084 "-" "Mozilla/5.0 (Windows NT 10.0; Win64; x64) AppleWebKit/537.36 (KHTML, like Gecko) Chrome/131.0.0.0 Safari/537.36"
216.73.216.20 - - [22/Aug/2026:07:45:01 +0800] "GET /2019/06/ HTTP/1.1" 200 16207 "-" "Mozilla/5.0 AppleWebKit/537.36 (KHTML, like Gecko; compatible; ClaudeBot/1.0; +claudebot@anthropic.com)"
52.167.144.136 - - [22/Aug/2026:07:45:01 +0800] "GET /scweb/files/e_lib.pdf HTTP/1.1" 404 74208 "-" "Mozilla/5.0 AppleWebKit/537.36 (KHTML, like Gecko; compatible; bingbot/2.0; +http://www.bing.com/bingbot.htm) Chrome/116.0.1938.76 Safari/537.36"
::1 - - [22/Aug/2026:07:45:02 +0800] "OPTIONS * HTTP/1.0" 200 110 "-" "Apache/2.4.68 (Ubuntu) OpenSSL/3.0.19 (internal dummy connection)"
2001:288:a000:192:250:56ff:feae:a27e - - [22/Aug/2026:07:45:03 +0800] "HEAD / HTTP/1.1" 200 5485 "-" "Mozilla/5.0 (compatible; phpservermon/3.5.2; +https://github.com/phpservermon/phpservermon)"
2001:288:a201::66:125 - - [22/Aug/2026:07:45:03 +0800] "GET /blog/active.php HTTP/1.1" 301 1026 "-" "-"
2001:288:a201::66:125 - - [22/Aug/2026:07:45:03 +0800] "GET /blog/active.php HTTP/1.1" 404 1084 "-" "-"
140.111.67.10 - - [22/Aug/2026:07:45:03 +0800] "GET /" 301 273 "-" "-"
44.223.232.55 - - [22/Aug/2026:07:45:03 +0800] "GET /wp-content/uploads/sites/2921/2023/09/?C=S;O%3DA HTTP/1.1" 200 1113 "-" "Mozilla/5.0 AppleWebKit/537.36 (KHTML, like Gecko; compatible; Amazonbot/0.1; +https://developer.amazon.com/support/amazonbot) Chrome/119.0.6045.214 Safari/537.36"
34.236.41.241 - - [22/Aug/2026:07:45:03 +0800] "GET /wp-content/uploads/sites/2616/6486/6486-3947754.jpg HTTP/1.1" 200 136776 "-" "Mozilla/5.0 AppleWebKit/537.36 (KHTML, like Gecko; compatible; Amazonbot/0.1; +https://developer.amazon.com/support/amazonbot) Chrome/119.0.6045.214 Safari/537.36"
::1 - - [22/Aug/2026:07:45:03 +0800] "OPTIONS * HTTP/1.0" 200 110 "-" "Apache/2.4.68 (Ubuntu) OpenSSL/3.0.19 (internal dummy connection)"
184.73.195.18 - - [22/Aug/2026:07:45:04 +0800] "GET /wp-content/uploads/sites/1444/2020/03/202003060945340-768x576.jpg HTTP/1.1" 200 87560 "-" "Mozilla/5.0 AppleWebKit/537.36 (KHTML, like Gecko; compatible; Amazonbot/0.1; +https://developer.amazon.com/support/amazonbot) Chrome/119.0.6045.214 Safari/537.36"
::1 - - [22/Aug/2026:07:45:04 +0800] "OPTIONS * HTTP/1.0" 200 110 "-" "Apache/2.4.68 (Ubuntu) OpenSSL/3.0.19 (internal dummy connection)"
216.73.216.20 - - [22/Aug/2026:07:45:05 +0800] "GET /57/?p=219 HTTP/1.1" 301 5792 "-" "Mozilla/5.0 AppleWebKit/537.36 (KHTML, like Gecko; compatible; ClaudeBot/1.0; +claudebot@anthropic.com)"
100.55.60.118 - - [22/Aug/2026:07:45:01 +0800] "GET /gcp/.env HTTP/1.1" 404 50089 "-" "Mozilla/5.0 (Windows NT 10.0; Win64; x64) AppleWebKit/537.36 (KHTML, like Gecko) Chrome/131.0.0.0 Safari/537.36"
::1 - - [22/Aug/2026:07:45:05 +0800] "OPTIONS * HTTP/1.0" 200 110 "-" "Apache/2.4.68 (Ubuntu) OpenSSL/3.0.19 (internal dummy connection)"
216.73.216.20 - - [22/Aug/2026:07:45:05 +0800] "GET /57/?p=156 HTTP/1.1" 301 5763 "-" "Mozilla/5.0 AppleWebKit/537.36 (KHTML, like Gecko; compatible; ClaudeBot/1.0; +claudebot@anthropic.com)"
34.56.53.225 - - [22/Aug/2026:07:45:05 +0800] "GET /6505/2019/11/20/108%E5%AD%B8%E5%B9%B4%E5%BA%A6%E7%92%B0%E5%A2%83%E8%80%83%E6%A0%B8-%E8%87%AA%E8%A9%95%E8%A1%A8/ HTTP/1.1" 200 16500 "-" "Mozilla/5.0 (Macintosh; Intel Mac OS X 10_15_7) AppleWebKit/537.36 (KHTML, like Gecko) Chrome/120.0.0.0 Safari/537.36"
216.73.216.20 - - [22/Aug/2026:07:45:06 +0800] "GET /57/?p=218 HTTP/1.1" 301 5762 "-" "Mozilla/5.0 AppleWebKit/537.36 (KHTML, like Gecko; compatible; ClaudeBot/1.0; +claudebot@anthropic.com)"
216.73.216.20 - - [22/Aug/2026:07:45:06 +0800] "GET /57/?p=160 HTTP/1.1" 301 5808 "-" "Mozilla/5.0 AppleWebKit/537.36 (KHTML, like Gecko; compatible; ClaudeBot/1.0; +claudebot@anthropic.com)"
216.73.216.20 - - [22/Aug/2026:07:45:06 +0800] "GET /6537/2018/page/1/ HTTP/1.1" 301 910 "-" "Mozilla/5.0 AppleWebKit/537.36 (KHTML, like Gecko; compatible; ClaudeBot/1.0; +claudebot@anthropic.com)"
216.73.216.20 - - [22/Aug/2026:07:45:06 +0800] "GET /57/?p=164 HTTP/1.1" 301 1059 "-" "Mozilla/5.0 AppleWebKit/537.36 (KHTML, like Gecko; compatible; ClaudeBot/1.0; +claudebot@anthropic.com)"
216.73.216.20 - - [22/Aug/2026:07:45:06 +0800] "GET /57/?p=225 HTTP/1.1" 301 1325 "-" "Mozilla/5.0 AppleWebKit/537.36 (KHTML, like Gecko; compatible; ClaudeBot/1.0; +claudebot@anthropic.com)"
216.73.216.20 - - [22/Aug/2026:07:45:06 +0800] "GET /1/?p=19529 HTTP/1.1" 301 1112 "-" "Mozilla/5.0 AppleWebKit/537.36 (KHTML, like Gecko; compatible; ClaudeBot/1.0; +claudebot@anthropic.com)"
216.73.216.20 - - [22/Aug/2026:07:45:06 +0800] "GET /19761/?p=41 HTTP/1.1" 301 5767 "-" "Mozilla/5.0 AppleWebKit/537.36 (KHTML, like Gecko; compatible; ClaudeBot/1.0; +claudebot@anthropic.com)"
216.73.216.20 - - [22/Aug/2026:07:45:06 +0800] "GET /57/?p=2193 HTTP/1.1" 301 980 "-" "Mozilla/5.0 AppleWebKit/537.36 (KHTML, like Gecko; compatible; ClaudeBot/1.0; +claudebot@anthropic.com)"
216.73.216.20 - - [22/Aug/2026:07:45:06 +0800] "GET /57/?p=159 HTTP/1.1" 301 1086 "-" "Mozilla/5.0 AppleWebKit/537.36 (KHTML, like Gecko; compatible; ClaudeBot/1.0; +claudebot@anthropic.com)"
216.73.216.20 - - [22/Aug/2026:07:45:06 +0800] "GET /57/2014/11/24/1031124%e6%9c%83%e8%80%83%e5%88%86%e6%9e%90103%e5%b9%b4%e5%ba%a6%e5%9c%8b%e4%b8%ad%e8%8b%b1%e8%aa%9e%e7%a7%91/ HTTP/1.1" 200 10069 "https://2blog.ilc.edu.tw/57/?p=219" "Mozilla/5.0 AppleWebKit/537.36 (KHTML, like Gecko; compatible; ClaudeBot/1.0; +claudebot@anthropic.com)"
216.73.216.20 - - [22/Aug/2026:07:45:06 +0800] "GET /57/2013/11/01/1021123-%e8%a3%9c%e6%95%91%e6%95%99%e5%ad%b8%e5%a2%9e%e8%83%bd%e7%a0%94%e7%bf%92/ HTTP/1.1" 200 9990 "https://2blog.ilc.edu.tw/57/?p=156" "Mozilla/5.0 AppleWebKit/537.36 (KHTML, like Gecko; compatible; ClaudeBot/1.0; +claudebot@anthropic.com)"
216.73.216.20 - - [22/Aug/2026:07:45:06 +0800] "GET /57/2014/11/17/1031110%e4%b9%9d%e8%b2%ab%e8%a8%aa%e8%a6%96%e4%ba%94%e7%b5%90%e5%9c%8b%e4%b8%ad/ HTTP/1.1" 200 9930 "https://2blog.ilc.edu.tw/57/?p=218" "Mozilla/5.0 AppleWebKit/537.36 (KHTML, like Gecko; compatible; ClaudeBot/1.0; +claudebot@anthropic.com)"
216.73.216.20 - - [22/Aug/2026:07:45:06 +0800] "GET /57/2013/11/01/1021209-%e4%b9%9d%e8%b2%ab%e8%a8%aa%e8%a6%96%e8%88%87%e5%88%b0%e6%a0%a1%e6%9c%8d%e5%8b%99%e5%93%a1%e5%b1%b1%e5%9c%8b%e4%b8%ad/ HTTP/1.1" 200 10256 "https://2blog.ilc.edu.tw/57/?p=160" "Mozilla/5.0 AppleWebKit/537.36 (KHTML, like Gecko; compatible; ClaudeBot/1.0; +claudebot@anthropic.com)"
216.73.216.20 - - [22/Aug/2026:07:45:06 +0800] "GET /6537/2018/ HTTP/1.1" 200 11259 "https://2blog.ilc.edu.tw/6537/2018/page/1/" "Mozilla/5.0 AppleWebKit/537.36 (KHTML, like Gecko; compatible; ClaudeBot/1.0; +claudebot@anthropic.com)"
216.73.216.20 - - [22/Aug/2026:07:45:06 +0800] "GET /57/2013/11/01/1021217-%e5%b7%ae%e7%95%b0%e5%8c%96%e6%95%99%e5%ad%b8%e5%a2%9e%e8%83%bd%e7%a0%94%e7%bf%92%e5%9c%8b%e8%8f%af%e5%9c%8b%e4%b8%ad%e6%9d%8e%e8%82%87%e8%8f%81%e8%80%81%e5%b8%ab/ HTTP/1.1" 200 11083 "https://2blog.ilc.edu.tw/57/?p=164" "Mozilla/5.0 AppleWebKit/537.36 (KHTML, like Gecko; compatible; ClaudeBot/1.0; +claudebot@anthropic.com)"
216.73.216.20 - - [22/Aug/2026:07:45:06 +0800] "GET /1/2022/07/15/%e8%bd%89%e7%9f%a5%e5%9c%8b%e7%ab%8b%e8%87%ba%e7%81%a3%e5%9c%96%e6%9b%b8%e9%a4%a8%e8%be%a6%e7%90%86%e3%80%8c%e8%87%ba%e7%81%a3%e6%ad%b7%e5%8f%b2%e7%8f%be%e5%a0%b4%e8%b8%8f%e6%9f%a5%e3%80%8d%e5%8c%97/ HTTP/1.1" 200 16921 "https://2blog.ilc.edu.tw/1/?p=19529" "Mozilla/5.0 AppleWebKit/537.36 (KHTML, like Gecko; compatible; ClaudeBot/1.0; +claudebot@anthropic.com)"
216.73.216.20 - - [22/Aug/2026:07:45:06 +0800] "GET /57/2014/12/18/1031208%ef%bc%bb%e4%b9%9d%e8%b2%ab%e8%a8%aa%e8%a6%96%ef%bc%bd%e5%a3%af%e5%9c%8d%e5%9c%8b%e4%b8%ad/ HTTP/1.1" 200 10055 "https://2blog.ilc.edu.tw/57/?p=225" "Mozilla/5.0 AppleWebKit/537.36 (KHTML, like Gecko; compatible; ClaudeBot/1.0; +claudebot@anthropic.com)"
::1 - - [22/Aug/2026:07:45:06 +0800] "OPTIONS * HTTP/1.0" 200 110 "-" "Apache/2.4.68 (Ubuntu) OpenSSL/3.0.19 (internal dummy connection)"
216.73.216.20 - - [22/Aug/2026:07:45:07 +0800] "GET /19761/2014/10/21/%e5%85%92%e7%ab%a5%e6%9c%9d%e6%9c%83%e6%af%8d%e8%aa%9e%e6%97%a5%e5%ae%a3%e5%b0%8e/ HTTP/1.1" 200 9367 "https://2blog.ilc.edu.tw/19761/?p=41" "Mozilla/5.0 AppleWebKit/537.36 (KHTML, like Gecko; compatible; ClaudeBot/1.0; +claudebot@anthropic.com)"
216.73.216.20 - - [22/Aug/2026:07:45:07 +0800] "GET /57/2025/05/20/%e5%8d%97%e6%be%b3%e5%88%86%e4%ba%ab%e4%b9%8bhow-to-use-seesaw-in-class%e3%80%80by-wei-ting/ HTTP/1.1" 200 11691 "https://2blog.ilc.edu.tw/57/?p=2193" "Mozilla/5.0 AppleWebKit/537.36 (KHTML, like Gecko; compatible; ClaudeBot/1.0; +claudebot@anthropic.com)"
216.73.216.20 - - [22/Aug/2026:07:45:07 +0800] "GET /57/2013/11/01/1021203-%e6%9c%89%e6%95%88%e6%95%99%e5%ad%b8%e5%88%86%e7%b5%84%e5%90%88%e4%bd%9c%e5%ad%b8%e7%bf%92%e5%b7%a5%e4%bd%9c%e5%9d%8a%e5%9c%8b%e8%8f%af%e5%9c%8b%e4%b8%ad%e6%9e%97%e5%88%a9%e7%9c%9f%e8%80%81/ HTTP/1.1" 200 10875 "https://2blog.ilc.edu.tw/57/?p=159" "Mozilla/5.0 AppleWebKit/537.36 (KHTML, like Gecko; compatible; ClaudeBot/1.0; +claudebot@anthropic.com)"
216.73.216.20 - - [22/Aug/2026:07:45:07 +0800] "GET /8162/?p=86 HTTP/1.1" 301 918 "-" "Mozilla/5.0 AppleWebKit/537.36 (KHTML, like Gecko; compatible; ClaudeBot/1.0; +claudebot@anthropic.com)"
216.73.216.20 - - [22/Aug/2026:07:45:07 +0800] "GET /tcesinfo/2020/08/22/ HTTP/1.1" 200 9796 "-" "Mozilla/5.0 AppleWebKit/537.36 (KHTML, like Gecko; compatible; ClaudeBot/1.0; +claudebot@anthropic.com)"
216.73.216.20 - - [22/Aug/2026:07:45:07 +0800] "GET /43042/2024/12/ HTTP/1.1" 200 9742 "-" "Mozilla/5.0 AppleWebKit/537.36 (KHTML, like Gecko; compatible; ClaudeBot/1.0; +claudebot@anthropic.com)"
216.73.216.20 - - [22/Aug/2026:07:45:07 +0800] "GET /ytes1234/category/uncategorized/feed/ HTTP/1.1" 200 7947 "-" "Mozilla/5.0 AppleWebKit/537.36 (KHTML, like Gecko; compatible; ClaudeBot/1.0; +claudebot@anthropic.com)"
216.73.216.20 - - [22/Aug/2026:07:45:07 +0800] "GET /6537/2014/11/25/ HTTP/1.1" 200 10860 "-" "Mozilla/5.0 AppleWebKit/537.36 (KHTML, like Gecko; compatible; ClaudeBot/1.0; +claudebot@anthropic.com)"
216.73.216.20 - - [22/Aug/2026:07:45:07 +0800] "GET /57/?p=121 HTTP/1.1" 301 849 "-" "Mozilla/5.0 AppleWebKit/537.36 (KHTML, like Gecko; compatible; ClaudeBot/1.0; +claudebot@anthropic.com)"
216.73.216.20 - - [22/Aug/2026:07:45:07 +0800] "GET /19761/?p=33 HTTP/1.1" 301 5620 "-" "Mozilla/5.0 AppleWebKit/537.36 (KHTML, like Gecko; compatible; ClaudeBot/1.0; +claudebot@anthropic.com)"
44.215.61.66 - - [22/Aug/2026:07:45:07 +0800] "GET /wp-content/uploads/sites/1420/2021/?C=N;O%3DA HTTP/1.1" 200 1201 "-" "Mozilla/5.0 AppleWebKit/537.36 (KHTML, like Gecko; compatible; Amazonbot/0.1; +https://developer.amazon.com/support/amazonbot) Chrome/119.0.6045.214 Safari/537.36"
