216.73.216.20 - - [22/Aug/2026:07:45:58 +0800] "GET /2018/06/25/%e7%ac%ac71%e5%b1%86%e7%ac%ac80%e5%b1%86/ HTTP/1.1" 200 15233 "https://www.ltes.ilc.edu.tw/?p=1620" "Mozilla/5.0 AppleWebKit/537.36 (KHTML, like Gecko; compatible; ClaudeBot/1.0; +claudebot@anthropic.com)"
216.73.216.20 - - [22/Aug/2026:07:45:58 +0800] "GET /?p=1484 HTTP/1.1" 301 849 "-" "Mozilla/5.0 AppleWebKit/537.36 (KHTML, like Gecko; compatible; ClaudeBot/1.0; +claudebot@anthropic.com)"
129.146.156.223 - - [22/Aug/2026:07:45:55 +0800] "GET /2025/03/31/114%E5%B9%B43%E6%9C%88%E4%BB%BD%E5%AD%B8%E6%A0%A1%E5%8D%88%E9%A4%90%E8%8F%9C%E5%96%AE%E5%85%AC%E5%91%8A-2 HTTP/1.1" 301 5808 "-" "Mozilla/5.0 (X11; Linux aarch64) AppleWebKit/537.36 (KHTML, like Gecko) Chrome/139.0.0.0 Safari/537.36"
140.111.67.10 - - [22/Aug/2026:07:45:58 +0800] "GET /" 301 273 "-" "-"
216.73.216.20 - - [22/Aug/2026:07:45:58 +0800] "GET /2014/05/19/%e9%be%8d%e6%bd%ad%e5%9c%8b%e5%b0%8f%e5%81%a5%e5%ba%b7%e4%bf%83%e9%80%b2%e5%9f%ba%e6%9c%ac%e8%b3%87%e6%96%99/ HTTP/1.1" 200 16218 "https://www.ltes.ilc.edu.tw/?p=1547" "Mozilla/5.0 AppleWebKit/537.36 (KHTML, like Gecko; compatible; ClaudeBot/1.0; +claudebot@anthropic.com)"
216.73.216.20 - - [22/Aug/2026:07:45:58 +0800] "GET /?p=1567 HTTP/1.1" 301 978 "-" "Mozilla/5.0 AppleWebKit/537.36 (KHTML, like Gecko; compatible; ClaudeBot/1.0; +claudebot@anthropic.com)"
216.73.216.20 - - [22/Aug/2026:07:45:58 +0800] "GET /2015/10/29/%e8%87%aa%e6%b2%bb%e9%84%89%e8%90%ac%e8%81%96%e7%af%80%e6%b4%bb%e5%8b%95/ HTTP/1.1" 200 15461 "https://www.ltes.ilc.edu.tw/?p=1575" "Mozilla/5.0 AppleWebKit/537.36 (KHTML, like Gecko; compatible; ClaudeBot/1.0; +claudebot@anthropic.com)"
216.73.216.20 - - [22/Aug/2026:07:45:58 +0800] "GET /2012/07/09/%e9%97%9c%e6%96%bc%e7%b4%ab%e9%8c%90%e8%8a%b1%e9%81%8b%e5%8b%95/ HTTP/1.1" 200 16975 "https://www.ltes.ilc.edu.tw/?p=1484" "Mozilla/5.0 AppleWebKit/537.36 (KHTML, like Gecko; compatible; ClaudeBot/1.0; +claudebot@anthropic.com)"
216.73.216.20 - - [22/Aug/2026:07:45:58 +0800] "GET /?p=2070 HTTP/1.1" 301 948 "-" "Mozilla/5.0 AppleWebKit/537.36 (KHTML, like Gecko; compatible; ClaudeBot/1.0; +claudebot@anthropic.com)"
216.73.216.20 - - [22/Aug/2026:07:45:58 +0800] "GET /?p=1577 HTTP/1.1" 301 888 "-" "Mozilla/5.0 AppleWebKit/537.36 (KHTML, like Gecko; compatible; ClaudeBot/1.0; +claudebot@anthropic.com)"
216.73.216.20 - - [22/Aug/2026:07:45:58 +0800] "GET /2015/05/07/%e5%ae%9c%e8%98%ad%e7%b8%a3104%e5%ad%b8%e5%b9%b4%e5%ba%a6%e9%be%8d%e6%bd%ad%e5%9c%8b%e5%b0%8f%e9%99%84%e8%a8%ad%e5%b9%bc%e5%85%92%e5%9c%92%e6%8b%9b%e7%94%9f%e7%99%bb%e8%a8%98%e5%85%ac%e5%91%8a/ HTTP/1.1" 200 17513 "https://www.ltes.ilc.edu.tw/?p=1567" "Mozilla/5.0 AppleWebKit/537.36 (KHTML, like Gecko; compatible; ClaudeBot/1.0; +claudebot@anthropic.com)"
129.146.156.223 - - [22/Aug/2026:07:45:58 +0800] "GET /2025/03/31/114%E5%B9%B43%E6%9C%88%E4%BB%BD%E5%AD%B8%E6%A0%A1%E5%8D%88%E9%A4%90%E8%8F%9C%E5%96%AE%E5%85%AC%E5%91%8A-2/ HTTP/1.1" 200 24337 "https://www.cwjh.ilc.edu.tw/2025/03/31/114%E5%B9%B43%E6%9C%88%E4%BB%BD%E5%AD%B8%E6%A0%A1%E5%8D%88%E9%A4%90%E8%8F%9C%E5%96%AE%E5%85%AC%E5%91%8A-2" "Mozilla/5.0 (X11; Linux aarch64) AppleWebKit/537.36 (KHTML, like Gecko) Chrome/139.0.0.0 Safari/537.36"
216.73.216.20 - - [22/Aug/2026:07:45:58 +0800] "GET /?p=1532 HTTP/1.1" 301 915 "-" "Mozilla/5.0 AppleWebKit/537.36 (KHTML, like Gecko; compatible; ClaudeBot/1.0; +claudebot@anthropic.com)"
216.73.216.20 - - [22/Aug/2026:07:45:58 +0800] "GET /?p=1455 HTTP/1.1" 301 853 "-" "Mozilla/5.0 AppleWebKit/537.36 (KHTML, like Gecko; compatible; ClaudeBot/1.0; +claudebot@anthropic.com)"
216.73.216.20 - - [22/Aug/2026:07:45:58 +0800] "GET /2021/05/05/%e4%b8%ad%e5%b0%8f%e5%ad%b8%e8%83%bd%e6%ba%90%e6%95%99%e8%82%b2%e8%b3%87%e6%ba%90%e4%b8%ad%e5%bf%83%e8%a8%88%e7%95%ab%e6%88%90%e6%9e%9c%e7%99%bc%e8%a1%a8%e6%9c%83/ HTTP/1.1" 200 15494 "https://www.ltes.ilc.edu.tw/?p=2070" "Mozilla/5.0 AppleWebKit/537.36 (KHTML, like Gecko; compatible; ClaudeBot/1.0; +claudebot@anthropic.com)"
216.73.216.20 - - [22/Aug/2026:07:45:58 +0800] "GET /?p=1446 HTTP/1.1" 301 978 "-" "Mozilla/5.0 AppleWebKit/537.36 (KHTML, like Gecko; compatible; ClaudeBot/1.0; +claudebot@anthropic.com)"
216.73.216.20 - - [22/Aug/2026:07:45:58 +0800] "GET /2015/11/24/104%e5%b9%b4%e4%b8%ad%e5%b0%8f%e5%ad%b8%e7%94%b0%e5%be%91%e8%b3%bd%e7%8d%b2%e5%be%97%e4%bd%b3%e7%b8%be/ HTTP/1.1" 200 15675 "https://www.ltes.ilc.edu.tw/?p=1577" "Mozilla/5.0 AppleWebKit/537.36 (KHTML, like Gecko; compatible; ClaudeBot/1.0; +claudebot@anthropic.com)"
216.73.216.20 - - [22/Aug/2026:07:45:58 +0800] "GET /?p=1482 HTTP/1.1" 301 933 "-" "Mozilla/5.0 AppleWebKit/537.36 (KHTML, like Gecko; compatible; ClaudeBot/1.0; +claudebot@anthropic.com)"
216.73.216.20 - - [22/Aug/2026:07:45:58 +0800] "GET /2013/12/19/102%e5%ad%b8%e5%b9%b4%e5%ba%a6%e7%ac%ac%e4%b8%80%e5%ad%b8%e6%9c%9f%e5%b0%8d%e5%a4%96%e7%ab%b6%e8%b3%bd%e6%a6%ae%e8%ad%bd%e6%a6%9c/ HTTP/1.1" 200 18403 "https://www.ltes.ilc.edu.tw/?p=1532" "Mozilla/5.0 AppleWebKit/537.36 (KHTML, like Gecko; compatible; ClaudeBot/1.0; +claudebot@anthropic.com)"
216.73.216.20 - - [22/Aug/2026:07:45:58 +0800] "GET /?p=1437 HTTP/1.1" 301 903 "-" "Mozilla/5.0 AppleWebKit/537.36 (KHTML, like Gecko; compatible; ClaudeBot/1.0; +claudebot@anthropic.com)"
216.73.216.20 - - [22/Aug/2026:07:45:58 +0800] "GET /2012/04/25/4-21%e7%b1%83%e7%90%83%e9%9a%8a%e5%81%87%e6%97%a5%e7%b7%b4%e7%bf%92/ HTTP/1.1" 200 15477 "https://www.ltes.ilc.edu.tw/?p=1455" "Mozilla/5.0 AppleWebKit/537.36 (KHTML, like Gecko; compatible; ClaudeBot/1.0; +claudebot@anthropic.com)"
216.73.216.20 - - [22/Aug/2026:07:45:59 +0800] "GET /2012/01/05/%e8%b3%80%ef%bc%81%e6%9c%ac%e6%a0%a1%e6%a6%ae%e7%8d%b2%e5%ae%9c%e8%98%ad%e7%b8%a3100%e5%b9%b4%e5%ba%a6%e3%80%8c%e5%8f%8b%e5%96%84%e6%a0%a1%e5%9c%92%e5%ad%b8%e7%94%9f%e4%ba%8b%e5%8b%99%e8%88%87/ HTTP/1.1" 200 15680 "https://www.ltes.ilc.edu.tw/?p=1446" "Mozilla/5.0 AppleWebKit/537.36 (KHTML, like Gecko; compatible; ClaudeBot/1.0; +claudebot@anthropic.com)"
216.73.216.20 - - [22/Aug/2026:07:45:58 +0800] "GET /?p=1554 HTTP/1.1" 301 971 "-" "Mozilla/5.0 AppleWebKit/537.36 (KHTML, like Gecko; compatible; ClaudeBot/1.0; +claudebot@anthropic.com)"
216.73.216.20 - - [22/Aug/2026:07:45:59 +0800] "GET /2012/07/01/101%e5%b9%b4%e4%b8%89%e5%b9%b4%e7%b4%9a%e3%80%81%e4%ba%94%e5%b9%b4%e7%b4%9a%e5%88%86%e7%8f%ad%e7%b5%90%e5%8f%8a%e5%b0%8e%e5%b8%ab%e5%85%ac%e5%91%8a/ HTTP/1.1" 200 16258 "https://www.ltes.ilc.edu.tw/?p=1482" "Mozilla/5.0 AppleWebKit/537.36 (KHTML, like Gecko; compatible; ClaudeBot/1.0; +claudebot@anthropic.com)"
216.73.216.20 - - [22/Aug/2026:07:45:59 +0800] "GET /?p=1448 HTTP/1.1" 301 915 "-" "Mozilla/5.0 AppleWebKit/537.36 (KHTML, like Gecko; compatible; ClaudeBot/1.0; +claudebot@anthropic.com)"
::1 - - [22/Aug/2026:07:45:59 +0800] "OPTIONS * HTTP/1.0" 200 110 "-" "Apache/2.4.68 (Ubuntu) OpenSSL/3.0.19 (internal dummy connection)"
216.73.216.20 - - [22/Aug/2026:07:45:59 +0800] "GET /2011/10/20/%e9%be%8d%e6%bd%ad%e5%9c%8b%e5%b0%8f%e7%9a%84%e6%84%9b%e5%bf%83%e4%bf%a1%e7%ae%b1%e4%b8%8a%e6%96%b0%e8%81%9e%e5%9b%89/ HTTP/1.1" 200 15415 "https://www.ltes.ilc.edu.tw/?p=1437" "Mozilla/5.0 AppleWebKit/537.36 (KHTML, like Gecko; compatible; ClaudeBot/1.0; +claudebot@anthropic.com)"
216.73.216.20 - - [22/Aug/2026:07:45:59 +0800] "GET /?p=2312 HTTP/1.1" 301 925 "-" "Mozilla/5.0 AppleWebKit/537.36 (KHTML, like Gecko; compatible; ClaudeBot/1.0; +claudebot@anthropic.com)"
50.16.216.166 - - [22/Aug/2026:07:45:58 +0800] "GET /wp-content/uploads/sites/2808/6543/6543-1019255.jpg HTTP/1.1" 200 25657 "-" "Mozilla/5.0 AppleWebKit/537.36 (KHTML, like Gecko; compatible; Amazonbot/0.1; +https://developer.amazon.com/support/amazonbot) Chrome/119.0.6045.214 Safari/537.36"
216.73.216.20 - - [22/Aug/2026:07:45:59 +0800] "GET /2014/11/22/%e6%81%ad%e8%b3%80%e6%9c%ac%e6%a0%a1%e6%96%bc11-22%e5%8f%83%e5%8a%a0%e5%ae%9c%e8%98%ad%e7%b8%a3%e9%9f%b3%e6%a8%82%e6%af%94%e8%b3%bd%e6%a6%ae%e7%8d%b2%e5%85%a8%e7%b8%a3%e5%84%aa%e7%ad%89/ HTTP/1.1" 200 15889 "https://www.ltes.ilc.edu.tw/?p=1554" "Mozilla/5.0 AppleWebKit/537.36 (KHTML, like Gecko; compatible; ClaudeBot/1.0; +claudebot@anthropic.com)"
216.73.216.20 - - [22/Aug/2026:07:45:59 +0800] "GET /?p=1492 HTTP/1.1" 301 978 "-" "Mozilla/5.0 AppleWebKit/537.36 (KHTML, like Gecko; compatible; ClaudeBot/1.0; +claudebot@anthropic.com)"
216.73.216.20 - - [22/Aug/2026:07:45:59 +0800] "GET /?p=1528 HTTP/1.1" 301 822 "-" "Mozilla/5.0 AppleWebKit/537.36 (KHTML, like Gecko; compatible; ClaudeBot/1.0; +claudebot@anthropic.com)"
216.73.216.20 - - [22/Aug/2026:07:45:59 +0800] "GET /2012/03/26/101%e7%be%85%e6%9d%b1%e9%8e%ae%e9%8e%ae%e9%95%b7%e7%9b%83%e5%a4%aa%e6%a5%b5%e6%8b%b3%e9%8c%a6%e6%a8%99%e8%b3%bd%e6%88%90%e7%b8%be/ HTTP/1.1" 200 15618 "https://www.ltes.ilc.edu.tw/?p=1448" "Mozilla/5.0 AppleWebKit/537.36 (KHTML, like Gecko; compatible; ClaudeBot/1.0; +claudebot@anthropic.com)"
17.22.245.148 - - [22/Aug/2026:07:45:59 +0800] "GET /wp-content/themes/hueman/assets/front/css/main.min.css HTTP/1.1" 200 23760 "https://www.tcjh.ilc.edu.tw/?p=1095" "Mozilla/5.0 (Macintosh; Intel Mac OS X 10_15_7) AppleWebKit/605.1.15 (KHTML, like Gecko) Version/17.4 Safari/605.1.15 (Applebot/0.1; +http://www.apple.com/go/applebot)"
216.73.216.20 - - [22/Aug/2026:07:45:59 +0800] "GET /?p=1613 HTTP/1.1" 301 826 "-" "Mozilla/5.0 AppleWebKit/537.36 (KHTML, like Gecko; compatible; ClaudeBot/1.0; +claudebot@anthropic.com)"
216.73.216.20 - - [22/Aug/2026:07:45:59 +0800] "GET /2022/10/19/%e3%80%8c%e5%85%ac%e6%b0%91%e6%8a%95%e6%89%8b%e5%b0%b1%e6%98%af%e4%bd%a0%e3%80%8d%ef%bc%8c1126%e6%8a%95%e7%a5%a8%e5%ae%a3%e5%b0%8e%e3%80%82/ HTTP/1.1" 200 15916 "https://www.ltes.ilc.edu.tw/?p=2312" "Mozilla/5.0 AppleWebKit/537.36 (KHTML, like Gecko; compatible; ClaudeBot/1.0; +claudebot@anthropic.com)"
216.73.216.20 - - [22/Aug/2026:07:45:59 +0800] "GET /?p=1429 HTTP/1.1" 301 861 "-" "Mozilla/5.0 AppleWebKit/537.36 (KHTML, like Gecko; compatible; ClaudeBot/1.0; +claudebot@anthropic.com)"
216.73.216.20 - - [22/Aug/2026:07:45:59 +0800] "GET /2012/12/13/%e8%b3%80%ef%bc%81%e9%be%8d%e6%bd%ad%e5%9c%8b%e5%b0%8f%e5%8f%83%e5%8a%a0101%e5%b9%b4%e5%ae%9c%e8%98%ad%e7%b8%a3%e5%89%b5%e6%84%8f%e5%81%b6%e6%88%b2%e6%af%94%e8%b3%bd%e7%8d%b2%e5%be%97%e4%bd%b3/ HTTP/1.1" 200 15543 "https://www.ltes.ilc.edu.tw/?p=1492" "Mozilla/5.0 AppleWebKit/537.36 (KHTML, like Gecko; compatible; ClaudeBot/1.0; +claudebot@anthropic.com)"
216.73.216.20 - - [22/Aug/2026:07:45:59 +0800] "GET /2013/08/22/%e5%ad%b8%e6%a0%a1%e4%bd%8d%e7%bd%ae/ HTTP/1.1" 200 15377 "https://www.ltes.ilc.edu.tw/?p=1528" "Mozilla/5.0 AppleWebKit/537.36 (KHTML, like Gecko; compatible; ClaudeBot/1.0; +claudebot@anthropic.com)"
216.73.216.20 - - [22/Aug/2026:07:45:59 +0800] "GET /?p=2093 HTTP/1.1" 301 876 "-" "Mozilla/5.0 AppleWebKit/537.36 (KHTML, like Gecko; compatible; ClaudeBot/1.0; +claudebot@anthropic.com)"
216.73.216.20 - - [22/Aug/2026:07:45:59 +0800] "GET /2018/06/25/%e7%ac%ac-1%e5%b1%86%e7%ac%ac10%e5%b1%86/ HTTP/1.1" 200 15192 "https://www.ltes.ilc.edu.tw/?p=1613" "Mozilla/5.0 AppleWebKit/537.36 (KHTML, like Gecko; compatible; ClaudeBot/1.0; +claudebot@anthropic.com)"
216.73.216.20 - - [22/Aug/2026:07:45:59 +0800] "GET /?p=1553 HTTP/1.1" 301 978 "-" "Mozilla/5.0 AppleWebKit/537.36 (KHTML, like Gecko; compatible; ClaudeBot/1.0; +claudebot@anthropic.com)"
216.73.216.20 - - [22/Aug/2026:07:45:59 +0800] "GET /2011/06/23/100%e5%b9%b4%e8%87%aa%e6%b2%bb%e9%84%89%e5%b9%b9%e9%83%a8%e5%90%8d%e5%96%ae/ HTTP/1.1" 200 15335 "https://www.ltes.ilc.edu.tw/?p=1429" "Mozilla/5.0 AppleWebKit/537.36 (KHTML, like Gecko; compatible; ClaudeBot/1.0; +claudebot@anthropic.com)"
52.0.105.244 - - [22/Aug/2026:07:45:59 +0800] "GET /wp-content/uploads/sites/2964/2022/03/ HTTP/1.1" 200 1114 "-" "Mozilla/5.0 AppleWebKit/537.36 (KHTML, like Gecko; compatible; Amazonbot/0.1; +https://developer.amazon.com/support/amazonbot) Chrome/119.0.6045.214 Safari/537.36"
216.73.216.20 - - [22/Aug/2026:07:45:59 +0800] "GET /?p=1574 HTTP/1.1" 301 876 "-" "Mozilla/5.0 AppleWebKit/537.36 (KHTML, like Gecko; compatible; ClaudeBot/1.0; +claudebot@anthropic.com)"
34.56.53.225 - - [22/Aug/2026:07:45:59 +0800] "GET /44289/2026/02/24/114%E5%AD%B8%E5%B9%B4%E5%BA%A6%E6%9C%AC%E5%9C%9F%E8%AA%9E%E8%A9%95%E9%87%8F%E8%A6%8F%E7%95%AB/ HTTP/1.1" 200 15753 "-" "Mozilla/5.0 (Macintosh; Intel Mac OS X 10_15_7) AppleWebKit/537.36 (KHTML, like Gecko) Chrome/120.0.0.0 Safari/537.36"
216.73.216.20 - - [22/Aug/2026:07:45:59 +0800] "GET /2021/06/21/%e5%ad%a9%e7%ab%a5%e5%ae%b6%e5%ba%ad%e9%98%b2%e7%96%ab%e8%a3%9c%e8%b2%bc%e7%94%b3%e8%ab%8b/ HTTP/1.1" 200 15920 "https://www.ltes.ilc.edu.tw/?p=2093" "Mozilla/5.0 AppleWebKit/537.36 (KHTML, like Gecko; compatible; ClaudeBot/1.0; +claudebot@anthropic.com)"
216.73.216.20 - - [22/Aug/2026:07:45:59 +0800] "GET /?p=1564 HTTP/1.1" 301 981 "-" "Mozilla/5.0 AppleWebKit/537.36 (KHTML, like Gecko; compatible; ClaudeBot/1.0; +claudebot@anthropic.com)"
216.73.216.20 - - [22/Aug/2026:07:46:00 +0800] "GET /2014/11/18/103%e5%b9%b4%e5%ae%9c%e8%98%ad%e7%b8%a3%e4%b8%ad%e5%b0%8f%e5%ad%b8%e7%94%b0%e5%be%91%e9%8c%a6%e6%a8%99%e8%b3%bd%e6%a6%ae%e7%8d%b2%e7%94%b7%e3%80%81%e5%a5%b3%e7%ab%a5%e8%b7%b3%e9%81%a0%e7%ac%ac/ HTTP/1.1" 200 15707 "https://www.ltes.ilc.edu.tw/?p=1553" "Mozilla/5.0 AppleWebKit/537.36 (KHTML, like Gecko; compatible; ClaudeBot/1.0; +claudebot@anthropic.com)"
216.73.216.20 - - [22/Aug/2026:07:45:59 +0800] "GET /?p=1586 HTTP/1.1" 301 885 "-" "Mozilla/5.0 AppleWebKit/537.36 (KHTML, like Gecko; compatible; ClaudeBot/1.0; +claudebot@anthropic.com)"
216.73.216.20 - - [22/Aug/2026:07:46:00 +0800] "GET /2015/08/26/%e6%94%bf%e5%ba%9c%e7%b6%b2%e7%ab%99%e8%b3%87%e6%96%99%e9%96%8b%e6%94%be%e5%ae%a3%e5%91%8a/ HTTP/1.1" 200 17396 "https://www.ltes.ilc.edu.tw/?p=1574" "Mozilla/5.0 AppleWebKit/537.36 (KHTML, like Gecko; compatible; ClaudeBot/1.0; +claudebot@anthropic.com)"
216.73.216.20 - - [22/Aug/2026:07:46:00 +0800] "GET /?p=1404 HTTP/1.1" 301 862 "-" "Mozilla/5.0 AppleWebKit/537.36 (KHTML, like Gecko; compatible; ClaudeBot/1.0; +claudebot@anthropic.com)"
::1 - - [22/Aug/2026:07:46:00 +0800] "OPTIONS * HTTP/1.0" 200 110 "-" "Apache/2.4.68 (Ubuntu) OpenSSL/3.0.19 (internal dummy connection)"
216.73.216.20 - - [22/Aug/2026:07:46:00 +0800] "GET /2015/04/17/%e5%9c%8b%e7%ab%8b%e6%95%99%e8%82%b2%e5%bb%a3%e6%92%ad%e9%9b%bb%e8%87%ba%e3%80%8c%e7%89%b9%e5%88%a5%e7%9a%84%e6%84%9b%e3%80%8d%e7%af%80%e7%9b%ae104%e5%b9%b44-6%e6%9c%88%e8%a3%bd%e6%92%ad%e4%b8%bb/ HTTP/1.1" 200 17878 "https://www.ltes.ilc.edu.tw/?p=1564" "Mozilla/5.0 AppleWebKit/537.36 (KHTML, like Gecko; compatible; ClaudeBot/1.0; +claudebot@anthropic.com)"
216.73.216.20 - - [22/Aug/2026:07:46:00 +0800] "GET /?p=1475 HTTP/1.1" 301 858 "-" "Mozilla/5.0 AppleWebKit/537.36 (KHTML, like Gecko; compatible; ClaudeBot/1.0; +claudebot@anthropic.com)"
17.22.245.148 - - [22/Aug/2026:07:46:00 +0800] "GET /wp-content/plugins/google-drive-embedder/css/gdm-blocks.css HTTP/1.1" 200 1160 "https://www.tcjh.ilc.edu.tw/?p=1095" "Mozilla/5.0 (Macintosh; Intel Mac OS X 10_15_7) AppleWebKit/605.1.15 (KHTML, like Gecko) Version/17.4 Safari/605.1.15 (Applebot/0.1; +http://www.apple.com/go/applebot)"
216.73.216.20 - - [22/Aug/2026:07:46:00 +0800] "GET /2016/01/07/%e6%a0%a1%e5%85%a7%e5%81%a5%e5%ba%b7%e6%93%8d%e6%af%94%e8%b3%bd%e5%be%97%e7%8d%8e%e7%8f%ad%e7%b4%9a/ HTTP/1.1" 200 15530 "https://www.ltes.ilc.edu.tw/?p=1586" "Mozilla/5.0 AppleWebKit/537.36 (KHTML, like Gecko; compatible; ClaudeBot/1.0; +claudebot@anthropic.com)"
216.73.216.20 - - [22/Aug/2026:07:46:00 +0800] "GET /?p=1447 HTTP/1.1" 301 886 "-" "Mozilla/5.0 AppleWebKit/537.36 (KHTML, like Gecko; compatible; ClaudeBot/1.0; +claudebot@anthropic.com)"
216.73.216.20 - - [22/Aug/2026:07:46:00 +0800] "GET /2011/05/03/%e5%a4%96%e7%b1%8d%e8%80%81%e5%b8%abmary%e8%a6%81%e7%b5%90%e5%a9%9a%e5%9b%89/ HTTP/1.1" 200 15447 "https://www.ltes.ilc.edu.tw/?p=1404" "Mozilla/5.0 AppleWebKit/537.36 (KHTML, like Gecko; compatible; ClaudeBot/1.0; +claudebot@anthropic.com)"
216.73.216.20 - - [22/Aug/2026:07:46:00 +0800] "GET /?p=1467 HTTP/1.1" 301 930 "-" "Mozilla/5.0 AppleWebKit/537.36 (KHTML, like Gecko; compatible; ClaudeBot/1.0; +claudebot@anthropic.com)"
2409:8a6a:3c04:ee82:504d:9ead:800f:dbbb - - [22/Aug/2026:07:46:00 +0800] "GET /21/wp-content/themes/oceanwp/assets/js/vendors/flickity.pkgd.min.js HTTP/1.1" 200 19842 "https://2blog.ilc.edu.tw/21/category/c-105450/" "Mozilla/5.0 (Windows NT 10.0; Win64; x64) AppleWebKit/537.36 (KHTML, like Gecko) Chrome/144.0.0.0 Safari/537.36"
2409:8a6a:3c04:ee82:504d:9ead:800f:dbbb - - [22/Aug/2026:07:46:00 +0800] "GET /21/wp-content/themes/oceanwp/assets/js/ow-lightbox.min.js HTTP/1.1" 200 2321 "https://2blog.ilc.edu.tw/21/category/c-105450/" "Mozilla/5.0 (Windows NT 10.0; Win64; x64) AppleWebKit/537.36 (KHTML, like Gecko) Chrome/144.0.0.0 Safari/537.36"
2409:8a6a:3c04:ee82:504d:9ead:800f:dbbb - - [22/Aug/2026:07:46:00 +0800] "GET /21/wp-content/themes/oceanwp/assets/js/vendors/magnific-popup.min.js HTTP/1.1" 200 8270 "https://2blog.ilc.edu.tw/21/category/c-105450/" "Mozilla/5.0 (Windows NT 10.0; Win64; x64) AppleWebKit/537.36 (KHTML, like Gecko) Chrome/144.0.0.0 Safari/537.36"
31.25.195.197 - - [22/Aug/2026:07:46:00 +0800] "GET /1003/wp-content/uploads/sites/233/2021/01/IMG_3884-768x576.jpg HTTP/1.1" 200 123101 "https://2blog.ilc.edu.tw/1003/2021/01/15/%E5%BE%A9%E8%88%88%E5%9C%8B%E4%B8%AD%E6%9F%90%E4%BA%BA%E9%A3%9F%E5%99%A8%E5%B1%95/" "Mozilla/5.0 (Macintosh; Intel Mac OS X 10_15_7) AppleWebKit/537.36 (KHTML, like Gecko) Chrome/131.0.0.0 Safari/537.36"
216.73.216.20 - - [22/Aug/2026:07:46:00 +0800] "GET /2012/06/07/%e5%90%8c%e5%88%86%e6%af%8d%e5%88%86%e6%95%b8%e7%9a%84%e5%8a%a0%e6%b3%95/ HTTP/1.1" 200 15244 "https://www.ltes.ilc.edu.tw/?p=1475" "Mozilla/5.0 AppleWebKit/537.36 (KHTML, like Gecko; compatible; ClaudeBot/1.0; +claudebot@anthropic.com)"
216.73.216.20 - - [22/Aug/2026:07:46:00 +0800] "GET /?p=1501 HTTP/1.1" 301 915 "-" "Mozilla/5.0 AppleWebKit/537.36 (KHTML, like Gecko; compatible; ClaudeBot/1.0; +claudebot@anthropic.com)"
216.73.216.20 - - [22/Aug/2026:07:46:00 +0800] "GET /2012/03/14/100%e5%ad%b8%e5%b9%b4%e5%ba%a6%e5%9c%96%e6%9b%b8%e9%a4%a8-free-a%e5%a5%bd%e6%9b%b8%e6%b4%bb%e5%8b%95/ HTTP/1.1" 200 15803 "https://www.ltes.ilc.edu.tw/?p=1447" "Mozilla/5.0 AppleWebKit/537.36 (KHTML, like Gecko; compatible; ClaudeBot/1.0; +claudebot@anthropic.com)"
216.73.216.20 - - [22/Aug/2026:07:46:00 +0800] "GET /?p=1616 HTTP/1.1" 301 826 "-" "Mozilla/5.0 AppleWebKit/537.36 (KHTML, like Gecko; compatible; ClaudeBot/1.0; +claudebot@anthropic.com)"
216.73.216.20 - - [22/Aug/2026:07:46:00 +0800] "GET /2012/05/28/%e7%ac%ac%e4%ba%8c%e5%8d%81%e5%b1%86%e5%85%a8%e5%9c%8b%e5%85%92%e7%ab%a5%e5%bf%83%e7%ae%97%e6%af%94%e8%b3%bd%e5%a4%a7%e6%9c%83%e6%88%90%e7%b8%be/ HTTP/1.1" 200 15574 "https://www.ltes.ilc.edu.tw/?p=1467" "Mozilla/5.0 AppleWebKit/537.36 (KHTML, like Gecko; compatible; ClaudeBot/1.0; +claudebot@anthropic.com)"
216.73.216.20 - - [22/Aug/2026:07:46:00 +0800] "GET /?p=1432 HTTP/1.1" 301 986 "-" "Mozilla/5.0 AppleWebKit/537.36 (KHTML, like Gecko; compatible; ClaudeBot/1.0; +claudebot@anthropic.com)"
216.73.216.20 - - [22/Aug/2026:07:46:00 +0800] "GET /2013/04/28/102%e5%b9%b4%e7%be%85%e6%9d%b1%e9%8e%ae%e9%95%b7%e7%9b%83%e5%a4%aa%e6%a5%b5%e6%8b%b3%e9%8c%a6%e6%a8%99%e8%b3%bd%e6%88%90%e7%b8%be/ HTTP/1.1" 200 15498 "https://www.ltes.ilc.edu.tw/?p=1501" "Mozilla/5.0 AppleWebKit/537.36 (KHTML, like Gecko; compatible; ClaudeBot/1.0; +claudebot@anthropic.com)"
216.73.216.20 - - [22/Aug/2026:07:46:00 +0800] "GET /?p=1552 HTTP/1.1" 301 985 "-" "Mozilla/5.0 AppleWebKit/537.36 (KHTML, like Gecko; compatible; ClaudeBot/1.0; +claudebot@anthropic.com)"
2409:8a6a:3c04:ee82:504d:9ead:800f:dbbb - - [22/Aug/2026:07:46:00 +0800] "GET /21/wp-content/themes/oceanwp/assets/fonts/simple-line-icons/Simple-Line-Icons.woff2?v=2.4.0 HTTP/1.1" 200 30959 "https://2blog.ilc.edu.tw/21/wp-content/cache/2blog.ilc.edu.tw/wpfc-minified/8minsnud/5wugy.css" "Mozilla/5.0 (Windows NT 10.0; Win64; x64) AppleWebKit/537.36 (KHTML, like Gecko) Chrome/144.0.0.0 Safari/537.36"
216.73.216.20 - - [22/Aug/2026:07:46:00 +0800] "GET /2018/06/25/%e7%ac%ac31%e5%b1%86%e7%ac%ac40%e5%b1%86/ HTTP/1.1" 200 15566 "https://www.ltes.ilc.edu.tw/?p=1616" "Mozilla/5.0 AppleWebKit/537.36 (KHTML, like Gecko; compatible; ClaudeBot/1.0; +claudebot@anthropic.com)"
216.73.216.20 - - [22/Aug/2026:07:46:00 +0800] "GET /?p=1580 HTTP/1.1" 301 978 "-" "Mozilla/5.0 AppleWebKit/537.36 (KHTML, like Gecko; compatible; ClaudeBot/1.0; +claudebot@anthropic.com)"
216.73.216.20 - - [22/Aug/2026:07:46:00 +0800] "GET /?p=1618 HTTP/1.1" 301 826 "-" "Mozilla/5.0 AppleWebKit/537.36 (KHTML, like Gecko; compatible; ClaudeBot/1.0; +claudebot@anthropic.com)"
216.73.216.20 - - [22/Aug/2026:07:46:01 +0800] "GET /2011/07/01/%e8%b3%80%e7%a5%90%e8%be%b2%e8%80%81%e5%b8%ab%e6%8c%87%e5%b0%8e%e9%bb%83%e4%ba%91%e3%80%81%e5%b0%a4%e6%98%b1%e7%94%af%e3%80%81%e6%9d%8e%e6%ac%a3%e7%8f%ae%e3%80%81%e9%99%b3%e6%80%a1%e5%8b%b3%e7%ad%89-2/ HTTP/1.1" 200 15784 "https://www.ltes.ilc.edu.tw/?p=1432" "Mozilla/5.0 AppleWebKit/537.36 (KHTML, like Gecko; compatible; ClaudeBot/1.0; +claudebot@anthropic.com)"
216.73.216.20 - - [22/Aug/2026:07:46:01 +0800] "GET /2014/10/28/%e6%84%9f%e8%ac%9d-%e9%bb%83%e9%be%8d%e5%b1%b1%e9%bb%83%e5%b8%9d%e7%a5%9e%e5%ae%ae%e5%b0%8d%e6%9c%ac%e6%a0%a1%e6%8d%90%e5%8a%a9%e6%b7%a8%e8%b3%87%e6%89%b6%e5%8a%a9%e5%bc%b1%e5%8b%a2%e5%ad%b8%e7%94%9f/ HTTP/1.1" 200 15812 "https://www.ltes.ilc.edu.tw/?p=1552" "Mozilla/5.0 AppleWebKit/537.36 (KHTML, like Gecko; compatible; ClaudeBot/1.0; +claudebot@anthropic.com)"
216.73.216.20 - - [22/Aug/2026:07:46:01 +0800] "GET /?p=1470 HTTP/1.1" 301 951 "-" "Mozilla/5.0 AppleWebKit/537.36 (KHTML, like Gecko; compatible; ClaudeBot/1.0; +claudebot@anthropic.com)"
216.73.216.20 - - [22/Aug/2026:07:46:01 +0800] "GET /2015/12/15/%e8%b3%80%e6%9c%ac%e6%a0%a1%e6%a6%ae%e7%8d%b2104%e5%ad%b8%e5%b9%b4%e5%ba%a6%e5%ae%9c%e8%98%ad%e7%b8%a3%e5%ad%b8%e7%94%9f%e5%89%b5%e6%84%8f%e6%88%b2%e5%8a%87%e6%af%94%e8%b3%bd%e5%9c%8b%e5%b0%8f/ HTTP/1.1" 200 15743 "https://www.ltes.ilc.edu.tw/?p=1580" "Mozilla/5.0 AppleWebKit/537.36 (KHTML, like Gecko; compatible; ClaudeBot/1.0; +claudebot@anthropic.com)"
::1 - - [22/Aug/2026:07:46:01 +0800] "OPTIONS * HTTP/1.0" 200 110 "-" "Apache/2.4.68 (Ubuntu) OpenSSL/3.0.19 (internal dummy connection)"
216.73.216.20 - - [22/Aug/2026:07:46:01 +0800] "GET /?p=1405 HTTP/1.1" 301 886 "-" "Mozilla/5.0 AppleWebKit/537.36 (KHTML, like Gecko; compatible; ClaudeBot/1.0; +claudebot@anthropic.com)"
2001:288:a201::67:82 - - [22/Aug/2026:07:46:01 +0800] "GET / HTTP/1.1" 200 56291 "-" "curl/7.81.0"
216.73.216.20 - - [22/Aug/2026:07:46:01 +0800] "GET /2018/06/25/%e7%ac%ac61%e5%b1%86%e7%ac%ac70%e5%b1%86/ HTTP/1.1" 200 15458 "https://www.ltes.ilc.edu.tw/?p=1618" "Mozilla/5.0 AppleWebKit/537.36 (KHTML, like Gecko; compatible; ClaudeBot/1.0; +claudebot@anthropic.com)"
45.13.92.172 - - [22/Aug/2026:07:46:00 +0800] "GET /1003/wp-content/uploads/sites/233/2021/01/IMG_3899-1600x1200.jpg HTTP/1.1" 200 365537 "https://2blog.ilc.edu.tw/1003/2021/01/15/%E5%BE%A9%E8%88%88%E5%9C%8B%E4%B8%AD%E6%9F%90%E4%BA%BA%E9%A3%9F%E5%99%A8%E5%B1%95/" "Mozilla/5.0 (Macintosh; Intel Mac OS X 10_15_7) AppleWebKit/537.36 (KHTML, like Gecko) Chrome/131.0.0.0 Safari/537.36"
2409:8a6a:3c04:ee82:504d:9ead:800f:dbbb - - [22/Aug/2026:07:46:01 +0800] "GET /21/wp-content/themes/oceanwp/assets/js/ow-slider.min.js HTTP/1.1" 200 1761 "https://2blog.ilc.edu.tw/21/category/c-105450/" "Mozilla/5.0 (Windows NT 10.0; Win64; x64) AppleWebKit/537.36 (KHTML, like Gecko) Chrome/144.0.0.0 Safari/537.36"
216.73.216.20 - - [22/Aug/2026:07:46:01 +0800] "GET /?p=1490 HTTP/1.1" 301 978 "-" "Mozilla/5.0 AppleWebKit/537.36 (KHTML, like Gecko; compatible; ClaudeBot/1.0; +claudebot@anthropic.com)"
85.208.96.204 - - [22/Aug/2026:07:46:01 +0800] "GET /daes501/2024/04/08/%E6%8B%8D%E6%94%9D%E7%95%A2%E6%A5%AD%E7%B4%80%E5%BF%B5%E5%86%8A/ HTTP/1.1" 200 17863 "-" "Mozilla/5.0 (compatible; SemrushBot/7~bl; +http://www.semrush.com/bot.html)"
216.73.216.20 - - [22/Aug/2026:07:46:01 +0800] "GET /2012/06/04/%e5%ae%9c%e8%98%ad%e7%b8%a3101%e5%b9%b4%e5%ba%a6%e6%a0%a1%e9%95%b7%e8%aa%b2%e7%a8%8b%e9%a0%98%e5%b0%8e%e5%a2%9e%e8%83%bd%e5%b7%a5%e4%bd%9c%e5%9d%8a%e8%a8%88%e7%95%ab/ HTTP/1.1" 200 16309 "https://www.ltes.ilc.edu.tw/?p=1470" "Mozilla/5.0 AppleWebKit/537.36 (KHTML, like Gecko; compatible; ClaudeBot/1.0; +claudebot@anthropic.com)"
216.73.216.20 - - [22/Aug/2026:07:46:01 +0800] "GET /?p=1533 HTTP/1.1" 301 960 "-" "Mozilla/5.0 AppleWebKit/537.36 (KHTML, like Gecko; compatible; ClaudeBot/1.0; +claudebot@anthropic.com)"
216.73.216.20 - - [22/Aug/2026:07:46:01 +0800] "GET /?p=1453 HTTP/1.1" 301 978 "-" "Mozilla/5.0 AppleWebKit/537.36 (KHTML, like Gecko; compatible; ClaudeBot/1.0; +claudebot@anthropic.com)"
216.73.216.20 - - [22/Aug/2026:07:46:01 +0800] "GET /2011/05/04/%e7%b6%a0%e8%89%b2%e5%95%86%e5%ba%97%e7%a5%a8%e9%81%b8%e6%b4%bb%e5%8b%95-%e6%9c%89%e7%8d%8e%e5%93%81/ HTTP/1.1" 200 15611 "https://www.ltes.ilc.edu.tw/?p=1405" "Mozilla/5.0 AppleWebKit/537.36 (KHTML, like Gecko; compatible; ClaudeBot/1.0; +claudebot@anthropic.com)"
216.73.216.20 - - [22/Aug/2026:07:46:01 +0800] "GET /2012/11/08/%e8%b3%80%ef%bc%81%e6%9c%ac%e6%a0%a1%e6%bd%98%e6%80%a1%e5%a6%82%e8%80%81%e5%b8%ab%e5%8f%83%e5%8a%a0101%e5%b9%b4%e5%85%a8%e5%9c%8b%e5%85%a8%e6%b0%91%e9%81%8b%e5%8b%95%e6%9c%83%e5%be%97%e5%88%b0/ HTTP/1.1" 200 15925 "https://www.ltes.ilc.edu.tw/?p=1490" "Mozilla/5.0 AppleWebKit/537.36 (KHTML, like Gecko; compatible; ClaudeBot/1.0; +claudebot@anthropic.com)"
216.73.216.20 - - [22/Aug/2026:07:46:01 +0800] "GET /?p=1428 HTTP/1.1" 301 858 "-" "Mozilla/5.0 AppleWebKit/537.36 (KHTML, like Gecko; compatible; ClaudeBot/1.0; +claudebot@anthropic.com)"
216.73.216.20 - - [22/Aug/2026:07:46:01 +0800] "GET /?p=1439 HTTP/1.1" 301 969 "-" "Mozilla/5.0 AppleWebKit/537.36 (KHTML, like Gecko; compatible; ClaudeBot/1.0; +claudebot@anthropic.com)"
2409:8a6a:3c04:ee82:504d:9ead:800f:dbbb - - [22/Aug/2026:07:46:01 +0800] "GET /21/wp-content/themes/oceanwp/assets/js/scroll-top.min.js HTTP/1.1" 200 3202 "https://2blog.ilc.edu.tw/21/category/c-105450/" "Mozilla/5.0 (Windows NT 10.0; Win64; x64) AppleWebKit/537.36 (KHTML, like Gecko) Chrome/144.0.0.0 Safari/537.36"
216.73.216.20 - - [22/Aug/2026:07:46:01 +0800] "GET /2013/12/19/%e6%9c%ac%e6%a0%a1%e5%8f%83%e5%8a%a0102%e5%ae%9c%e8%98%ad%e7%b8%a3%e5%ad%b8%e7%94%9f%e5%89%b5%e6%84%8f%e5%81%b6%e6%88%b2%e6%af%94%e8%b3%bd%e6%a6%ae%e7%8d%b2%e7%89%b9%e5%84%aa/ HTTP/1.1" 200 17345 "https://www.ltes.ilc.edu.tw/?p=1533" "Mozilla/5.0 AppleWebKit/537.36 (KHTML, like Gecko; compatible; ClaudeBot/1.0; +claudebot@anthropic.com)"
216.73.216.20 - - [22/Aug/2026:07:46:01 +0800] "GET /2012/04/12/%e7%8b%82%e8%b3%80%e6%9c%ac%e6%a0%a1%e6%9d%8e%e4%bd%b3%e5%8b%b3%e5%90%8c%e5%ad%b8%e5%8f%83%e5%8a%a0%e5%ae%9c%e8%98%ad%e7%b8%a3%e3%80%8c101%e5%b9%b4%e5%85%a8%e5%9c%8b%e5%ad%9d%e8%a6%aa%e5%ae%b6/ HTTP/1.1" 200 16010 "https://www.ltes.ilc.edu.tw/?p=1453" "Mozilla/5.0 AppleWebKit/537.36 (KHTML, like Gecko; compatible; ClaudeBot/1.0; +claudebot@anthropic.com)"
17.22.245.148 - - [22/Aug/2026:07:46:01 +0800] "GET /wp-includes/css/admin-bar.min.css HTTP/1.1" 200 4685 "https://www.tcjh.ilc.edu.tw/?p=1095" "Mozilla/5.0 (Macintosh; Intel Mac OS X 10_15_7) AppleWebKit/605.1.15 (KHTML, like Gecko) Version/17.4 Safari/605.1.15 (Applebot/0.1; +http://www.apple.com/go/applebot)"
216.73.216.20 - - [22/Aug/2026:07:46:01 +0800] "GET /?p=1569 HTTP/1.1" 301 984 "-" "Mozilla/5.0 AppleWebKit/537.36 (KHTML, like Gecko; compatible; ClaudeBot/1.0; +claudebot@anthropic.com)"
216.73.216.20 - - [22/Aug/2026:07:46:01 +0800] "GET /2011/06/23/%e6%b0%b4%e5%9f%9f%e5%ae%89%e5%85%a8%e5%ae%a3%e5%b0%8e%e5%85%ac%e5%91%8a/ HTTP/1.1" 200 15875 "https://www.ltes.ilc.edu.tw/?p=1428" "Mozilla/5.0 AppleWebKit/537.36 (KHTML, like Gecko; compatible; ClaudeBot/1.0; +claudebot@anthropic.com)"
2409:8a6a:3c04:ee82:504d:9ead:800f:dbbb - - [22/Aug/2026:07:46:01 +0800] "GET /21/wp-content/themes/oceanwp/assets/js/select.min.js HTTP/1.1" 200 2408 "https://2blog.ilc.edu.tw/21/category/c-105450/" "Mozilla/5.0 (Windows NT 10.0; Win64; x64) AppleWebKit/537.36 (KHTML, like Gecko) Chrome/144.0.0.0 Safari/537.36"
216.73.216.20 - - [22/Aug/2026:07:46:01 +0800] "GET /author/river/page/1/ HTTP/1.1" 301 787 "-" "Mozilla/5.0 AppleWebKit/537.36 (KHTML, like Gecko; compatible; ClaudeBot/1.0; +claudebot@anthropic.com)"
216.73.216.20 - - [22/Aug/2026:07:46:01 +0800] "GET /2011/10/25/%e6%9c%ac%e6%a0%a1%e5%8f%83%e5%8a%a0100%e5%ad%b8%e5%b9%b4%e5%ba%a6%e5%ae%9c%e8%98%ad%e7%b8%a3%e7%be%8e%e8%a1%93%e6%af%94%e8%b3%bd%e5%be%97%e7%8d%8e%e4%bd%9c%e5%93%81%e5%88%86%e4%ba%ab/ HTTP/1.1" 200 16727 "https://www.ltes.ilc.edu.tw/?p=1439" "Mozilla/5.0 AppleWebKit/537.36 (KHTML, like Gecko; compatible; ClaudeBot/1.0; +claudebot@anthropic.com)"
216.73.216.20 - - [22/Aug/2026:07:46:01 +0800] "GET /?p=1422 HTTP/1.1" 301 970 "-" "Mozilla/5.0 AppleWebKit/537.36 (KHTML, like Gecko; compatible; ClaudeBot/1.0; +claudebot@anthropic.com)"
2001:288:a201::67:84 - - [22/Aug/2026:07:46:01 +0800] "GET / HTTP/1.1" 200 56291 "-" "curl/7.81.0"
216.73.216.20 - - [22/Aug/2026:07:46:01 +0800] "GET /2015/05/22/%e5%ae%9c%e8%98%ad%e7%b8%a3%e9%be%8d%e6%bd%ad%e5%9c%8b%e5%b0%8f%e9%99%84%e8%a8%ad%e5%b9%bc%e5%85%92%e5%9c%92104%e5%ad%b8%e5%b9%b4%e5%ba%a6%e6%8a%bd%e7%b1%a4%e5%90%8d%e5%86%8a104%e5%b9%b45%e6%9c%8822/ HTTP/1.1" 200 15926 "https://www.ltes.ilc.edu.tw/?p=1569" "Mozilla/5.0 AppleWebKit/537.36 (KHTML, like Gecko; compatible; ClaudeBot/1.0; +claudebot@anthropic.com)"
216.73.216.20 - - [22/Aug/2026:07:46:01 +0800] "GET /?p=1393 HTTP/1.1" 301 876 "-" "Mozilla/5.0 AppleWebKit/537.36 (KHTML, like Gecko; compatible; ClaudeBot/1.0; +claudebot@anthropic.com)"
216.73.216.20 - - [22/Aug/2026:07:46:02 +0800] "GET /?p=2257 HTTP/1.1" 301 868 "-" "Mozilla/5.0 AppleWebKit/537.36 (KHTML, like Gecko; compatible; ClaudeBot/1.0; +claudebot@anthropic.com)"
216.73.216.20 - - [22/Aug/2026:07:46:02 +0800] "GET /author/river/ HTTP/1.1" 200 15646 "https://www.ltes.ilc.edu.tw/author/river/page/1/" "Mozilla/5.0 AppleWebKit/537.36 (KHTML, like Gecko; compatible; ClaudeBot/1.0; +claudebot@anthropic.com)"
216.73.216.20 - - [22/Aug/2026:07:46:02 +0800] "GET /2011/06/05/%e5%ae%9c%e8%98%ad%e7%b8%a3100%e5%b9%b4%e4%b8%ad%e5%b0%8f%e5%ad%b8%e6%b8%b8%e6%b3%b3%e9%8c%a6%e6%a8%99%e8%b3%bd%e5%a5%aa%e4%bd%b3%e7%b8%be-%e7%94%b7%e7%ab%a5%e7%b5%84%e6%ae%bf%e8%bb%8d/ HTTP/1.1" 200 16222 "https://www.ltes.ilc.edu.tw/?p=1422" "Mozilla/5.0 AppleWebKit/537.36 (KHTML, like Gecko; compatible; ClaudeBot/1.0; +claudebot@anthropic.com)"
::1 - - [22/Aug/2026:07:46:02 +0800] "OPTIONS * HTTP/1.0" 200 110 "-" "Apache/2.4.68 (Ubuntu) OpenSSL/3.0.19 (internal dummy connection)"
216.73.216.20 - - [22/Aug/2026:07:46:02 +0800] "GET /?p=1540 HTTP/1.1" 301 979 "-" "Mozilla/5.0 AppleWebKit/537.36 (KHTML, like Gecko; compatible; ClaudeBot/1.0; +claudebot@anthropic.com)"
216.73.216.20 - - [22/Aug/2026:07:46:02 +0800] "GET /2011/03/14/%e7%b1%83%e7%90%83%e9%9a%8a%e6%83%9c%e5%be%97%e7%b8%a3%e8%b3%bd%e7%ac%ac%e4%ba%94%e5%90%8d/ HTTP/1.1" 200 15719 "https://www.ltes.ilc.edu.tw/?p=1393" "Mozilla/5.0 AppleWebKit/537.36 (KHTML, like Gecko; compatible; ClaudeBot/1.0; +claudebot@anthropic.com)"
216.73.216.20 - - [22/Aug/2026:07:46:02 +0800] "GET /?p=1565 HTTP/1.1" 301 975 "-" "Mozilla/5.0 AppleWebKit/537.36 (KHTML, like Gecko; compatible; ClaudeBot/1.0; +claudebot@anthropic.com)"
216.73.216.20 - - [22/Aug/2026:07:46:02 +0800] "GET /2022/06/23/111-06-23-%e6%a0%a1%e5%9c%92%e7%a2%ba%e8%a8%ba%e4%ba%ba%e6%95%b8%e7%b5%b1%e8%a8%88/ HTTP/1.1" 200 15323 "https://www.ltes.ilc.edu.tw/?p=2257" "Mozilla/5.0 AppleWebKit/537.36 (KHTML, like Gecko; compatible; ClaudeBot/1.0; +claudebot@anthropic.com)"
216.73.216.20 - - [22/Aug/2026:07:46:02 +0800] "GET /?p=1396 HTTP/1.1" 301 948 "-" "Mozilla/5.0 AppleWebKit/537.36 (KHTML, like Gecko; compatible; ClaudeBot/1.0; +claudebot@anthropic.com)"
216.73.216.20 - - [22/Aug/2026:07:46:02 +0800] "GET /?p=1636 HTTP/1.1" 301 866 "-" "Mozilla/5.0 AppleWebKit/537.36 (KHTML, like Gecko; compatible; ClaudeBot/1.0; +claudebot@anthropic.com)"
216.73.216.20 - - [22/Aug/2026:07:46:02 +0800] "GET /2013/12/27/%e8%b3%80%e6%9c%ac%e6%a0%a1%e6%a6%ae%e7%8d%b2102%e5%b9%b4%e5%ba%a6%e5%8f%8b%e5%96%84%e6%a0%a1%e5%9c%92%e7%b8%be%e5%84%aa%e5%ad%b8%e6%a0%a1-%e8%b3%80%e6%9c%ac%e6%a0%a1%e8%a8%b1%e5%8f%8b%e7%8e%ab/ HTTP/1.1" 200 15532 "https://www.ltes.ilc.edu.tw/?p=1540" "Mozilla/5.0 AppleWebKit/537.36 (KHTML, like Gecko; compatible; ClaudeBot/1.0; +claudebot@anthropic.com)"
216.73.216.20 - - [22/Aug/2026:07:46:02 +0800] "GET /2015/04/20/%e6%81%ad%e8%b3%80%e7%94%a8%e5%8a%9b%e8%b3%80%e9%be%8d%e6%bd%ad%e5%9c%8b%e5%b0%8f%e5%81%b6%e6%88%b2%e9%9a%8a%e7%8d%b2%e5%be%97%e5%85%a8%e5%9c%8b%e7%89%b9%e5%84%aa%e4%b8%89%e9%80%a3%e9%9c%b8/ HTTP/1.1" 200 15991 "https://www.ltes.ilc.edu.tw/?p=1565" "Mozilla/5.0 AppleWebKit/537.36 (KHTML, like Gecko; compatible; ClaudeBot/1.0; +claudebot@anthropic.com)"
216.73.216.20 - - [22/Aug/2026:07:46:02 +0800] "GET /2011/05/page/1/ HTTP/1.1" 301 782 "-" "Mozilla/5.0 AppleWebKit/537.36 (KHTML, like Gecko; compatible; ClaudeBot/1.0; +claudebot@anthropic.com)"
216.73.216.20 - - [22/Aug/2026:07:46:02 +0800] "GET /2011/04/01/%e8%b3%80%ef%bc%81%e6%9c%ac%e5%ad%b8%e5%b9%b4%e6%a6%ae%e7%8d%b2%e9%ab%94%e9%81%a9%e8%83%bd%e9%8a%85%e7%89%8c%e7%8d%8e%e7%ab%a0%e6%9c%89%e4%b8%89%e4%bd%8d%ef%bc%81/ HTTP/1.1" 200 15559 "https://www.ltes.ilc.edu.tw/?p=1396" "Mozilla/5.0 AppleWebKit/537.36 (KHTML, like Gecko; compatible; ClaudeBot/1.0; +claudebot@anthropic.com)"
216.73.216.20 - - [22/Aug/2026:07:46:02 +0800] "GET /?p=2316 HTTP/1.1" 301 853 "-" "Mozilla/5.0 AppleWebKit/537.36 (KHTML, like Gecko; compatible; ClaudeBot/1.0; +claudebot@anthropic.com)"
216.73.216.20 - - [22/Aug/2026:07:46:02 +0800] "GET /2020/06/05/%e6%a0%a1%e5%9c%92%e9%98%b2%e7%96%ab%e6%8e%aa%e6%96%bd%e8%aa%bf%e6%95%b4-1090605/ HTTP/1.1" 200 16591 "https://www.ltes.ilc.edu.tw/?p=1636" "Mozilla/5.0 AppleWebKit/537.36 (KHTML, like Gecko; compatible; ClaudeBot/1.0; +claudebot@anthropic.com)"
216.73.216.20 - - [22/Aug/2026:07:46:02 +0800] "GET /?p=1587 HTTP/1.1" 301 887 "-" "Mozilla/5.0 AppleWebKit/537.36 (KHTML, like Gecko; compatible; ClaudeBot/1.0; +claudebot@anthropic.com)"
216.73.216.20 - - [22/Aug/2026:07:46:02 +0800] "GET /2011/05/ HTTP/1.1" 200 15731 "https://www.ltes.ilc.edu.tw/2011/05/page/1/" "Mozilla/5.0 AppleWebKit/537.36 (KHTML, like Gecko; compatible; ClaudeBot/1.0; +claudebot@anthropic.com)"
216.73.216.20 - - [22/Aug/2026:07:46:02 +0800] "GET /?p=1509 HTTP/1.1" 301 888 "-" "Mozilla/5.0 AppleWebKit/537.36 (KHTML, like Gecko; compatible; ClaudeBot/1.0; +claudebot@anthropic.com)"
216.73.216.20 - - [22/Aug/2026:07:46:02 +0800] "GET /2022/11/08/111%e5%ad%b8%e5%b9%b4%e5%ba%a6-%e9%be%8d%e6%bd%ad%e5%9c%92%e4%b8%81/ HTTP/1.1" 200 18380 "https://www.ltes.ilc.edu.tw/?p=2316" "Mozilla/5.0 AppleWebKit/537.36 (KHTML, like Gecko; compatible; ClaudeBot/1.0; +claudebot@anthropic.com)"
216.73.216.20 - - [22/Aug/2026:07:46:02 +0800] "GET /?p=1599 HTTP/1.1" 301 876 "-" "Mozilla/5.0 AppleWebKit/537.36 (KHTML, like Gecko; compatible; ClaudeBot/1.0; +claudebot@anthropic.com)"
216.73.216.20 - - [22/Aug/2026:07:46:03 +0800] "GET /2016/01/07/%e6%a0%a1%e5%85%a7%e5%81%a5%e5%ba%b7%e6%93%8d%e6%af%94%e8%b3%bd%e5%be%97%e7%8d%8e%e7%8f%ad%e7%b4%9a-2/ HTTP/1.1" 200 15555 "https://www.ltes.ilc.edu.tw/?p=1587" "Mozilla/5.0 AppleWebKit/537.36 (KHTML, like Gecko; compatible; ClaudeBot/1.0; +claudebot@anthropic.com)"
2001:288:a201::66:125 - - [22/Aug/2026:07:46:03 +0800] "GET /blog/active.php HTTP/1.1" 301 1026 "-" "-"
216.73.216.20 - - [22/Aug/2026:07:46:03 +0800] "GET /?p=1480 HTTP/1.1" 301 849 "-" "Mozilla/5.0 AppleWebKit/537.36 (KHTML, like Gecko; compatible; ClaudeBot/1.0; +claudebot@anthropic.com)"
2001:288:a201::66:125 - - [22/Aug/2026:07:46:03 +0800] "GET /blog/active.php HTTP/1.1" 404 1084 "-" "-"
::1 - - [22/Aug/2026:07:46:03 +0800] "OPTIONS * HTTP/1.0" 200 110 "-" "Apache/2.4.68 (Ubuntu) OpenSSL/3.0.19 (internal dummy connection)"
216.73.216.20 - - [22/Aug/2026:07:46:03 +0800] "GET /2013/06/17/101%e4%b8%8b%e5%ad%b8%e6%9c%9f%e8%8b%b1%e8%aa%9e%e6%aa%a2%e5%ae%9a%e9%80%9a%e9%81%8e%e5%90%8d%e5%96%ae/ HTTP/1.1" 200 15754 "https://www.ltes.ilc.edu.tw/?p=1509" "Mozilla/5.0 AppleWebKit/537.36 (KHTML, like Gecko; compatible; ClaudeBot/1.0; +claudebot@anthropic.com)"
17.22.245.148 - - [22/Aug/2026:07:46:03 +0800] "GET /wp-includes/css/dist/block-library/style.min.css HTTP/1.1" 200 15780 "https://www.tcjh.ilc.edu.tw/?p=1095" "Mozilla/5.0 (Macintosh; Intel Mac OS X 10_15_7) AppleWebKit/605.1.15 (KHTML, like Gecko) Version/17.4 Safari/605.1.15 (Applebot/0.1; +http://www.apple.com/go/applebot)"
140.111.67.10 - - [22/Aug/2026:07:46:03 +0800] "GET /" 301 273 "-" "-"
216.73.216.20 - - [22/Aug/2026:07:46:03 +0800] "GET /2016/09/30/%e9%be%8d%e6%bd%ad%e5%9c%8b%e5%b0%8f%e9%98%b2%e7%81%bd%e9%98%b2%e9%9c%87%e6%bc%94%e7%b7%b4/ HTTP/1.1" 200 15447 "https://www.ltes.ilc.edu.tw/?p=1599" "Mozilla/5.0 AppleWebKit/537.36 (KHTML, like Gecko; compatible; ClaudeBot/1.0; +claudebot@anthropic.com)"
216.73.216.20 - - [22/Aug/2026:07:46:03 +0800] "GET /?p=2370 HTTP/1.1" 301 844 "-" "Mozilla/5.0 AppleWebKit/537.36 (KHTML, like Gecko; compatible; ClaudeBot/1.0; +claudebot@anthropic.com)"
216.73.216.20 - - [22/Aug/2026:07:46:03 +0800] "GET /?p=1452 HTTP/1.1" 301 876 "-" "Mozilla/5.0 AppleWebKit/537.36 (KHTML, like Gecko; compatible; ClaudeBot/1.0; +claudebot@anthropic.com)"
216.73.216.20 - - [22/Aug/2026:07:46:03 +0800] "GET /?p=1435 HTTP/1.1" 301 984 "-" "Mozilla/5.0 AppleWebKit/537.36 (KHTML, like Gecko; compatible; ClaudeBot/1.0; +claudebot@anthropic.com)"
216.73.216.20 - - [22/Aug/2026:07:46:03 +0800] "GET /2012/06/07/%e7%ad%89%e5%88%86%e5%92%8c%e5%96%ae%e4%bd%8d%e5%88%86%e6%95%b8/ HTTP/1.1" 200 15125 "https://www.ltes.ilc.edu.tw/?p=1480" "Mozilla/5.0 AppleWebKit/537.36 (KHTML, like Gecko; compatible; ClaudeBot/1.0; +claudebot@anthropic.com)"
216.73.216.20 - - [22/Aug/2026:07:46:03 +0800] "GET /?p=1541 HTTP/1.1" 301 930 "-" "Mozilla/5.0 AppleWebKit/537.36 (KHTML, like Gecko; compatible; ClaudeBot/1.0; +claudebot@anthropic.com)"
216.73.216.20 - - [22/Aug/2026:07:46:03 +0800] "GET /2023/08/04/112%e5%b9%b4%e5%ba%a6-%e9%be%8d%e6%bd%ad%e5%9c%92%e4%b8%81/ HTTP/1.1" 200 18683 "https://www.ltes.ilc.edu.tw/?p=2370" "Mozilla/5.0 AppleWebKit/537.36 (KHTML, like Gecko; compatible; ClaudeBot/1.0; +claudebot@anthropic.com)"
3.230.69.161 - - [22/Aug/2026:07:46:03 +0800] "GET /wp-content/uploads/sites/847/6483/previews/6483-2466707.gif HTTP/1.1" 200 1941 "-" "Mozilla/5.0 AppleWebKit/537.36 (KHTML, like Gecko; compatible; Amazonbot/0.1; +https://developer.amazon.com/support/amazonbot) Chrome/119.0.6045.214 Safari/537.36"
216.73.216.20 - - [22/Aug/2026:07:46:03 +0800] "GET /?p=1544 HTTP/1.1" 301 980 "-" "Mozilla/5.0 AppleWebKit/537.36 (KHTML, like Gecko; compatible; ClaudeBot/1.0; +claudebot@anthropic.com)"
216.73.216.20 - - [22/Aug/2026:07:46:03 +0800] "GET /2012/04/10/%e5%8f%b0%e7%81%a3%e5%ad%b8%e7%ab%a5%e5%81%a5%e5%ba%b7%e7%b4%a0%e9%a4%8a%e8%aa%bf%e6%9f%a5/ HTTP/1.1" 200 15639 "https://www.ltes.ilc.edu.tw/?p=1452" "Mozilla/5.0 AppleWebKit/537.36 (KHTML, like Gecko; compatible; ClaudeBot/1.0; +claudebot@anthropic.com)"
216.73.216.20 - - [22/Aug/2026:07:46:03 +0800] "GET /2011/09/14/%e4%ba%94%e5%b9%b4%e5%bf%a0%e7%8f%ad%e9%99%b3%e8%8a%8a%e8%93%89%e5%90%8c%e5%ad%b8%e6%96%bc%e6%9a%91%e5%81%87%e6%9c%9f%e9%96%93%e5%8f%83%e5%8a%a0%e5%a4%9a%e9%a0%85%e7%8f%a0%e5%bf%83%e7%ae%97%e6%af%94/ HTTP/1.1" 200 15708 "https://www.ltes.ilc.edu.tw/?p=1435" "Mozilla/5.0 AppleWebKit/537.36 (KHTML, like Gecko; compatible; ClaudeBot/1.0; +claudebot@anthropic.com)"
216.73.216.20 - - [22/Aug/2026:07:46:03 +0800] "GET /?p=1572 HTTP/1.1" 301 840 "-" "Mozilla/5.0 AppleWebKit/537.36 (KHTML, like Gecko; compatible; ClaudeBot/1.0; +claudebot@anthropic.com)"
216.73.216.20 - - [22/Aug/2026:07:46:03 +0800] "GET /2014/01/06/%e8%ab%8b%e9%9d%92%e5%b0%91%e5%b9%b4%e6%85%8e%e8%a1%8c%e3%80%81%e5%8d%83%e8%90%ac%e4%b8%8d%e8%a6%81%e8%aa%a4%e8%a7%b8%e6%b3%95%e7%b6%b2%ef%bc%81/ HTTP/1.1" 200 16926 "https://www.ltes.ilc.edu.tw/?p=1541" "Mozilla/5.0 AppleWebKit/537.36 (KHTML, like Gecko; compatible; ClaudeBot/1.0; +claudebot@anthropic.com)"
216.73.216.20 - - [22/Aug/2026:07:46:03 +0800] "GET /?p=1563 HTTP/1.1" 301 966 "-" "Mozilla/5.0 AppleWebKit/537.36 (KHTML, like Gecko; compatible; ClaudeBot/1.0; +claudebot@anthropic.com)"
216.73.216.20 - - [22/Aug/2026:07:46:03 +0800] "GET /2014/04/29/%e8%b3%80%ef%bc%81%e6%9c%ac%e6%a0%a1%e6%a6%ae%e7%8d%b2-%e5%ae%9c%e8%98%ad%e7%b8%a3103%e5%b9%b4%e5%ba%a6%e5%9c%8b%e6%b0%91%e4%b8%ad%e5%b0%8f%e5%ad%b8%e7%a7%91%e5%b1%95-%e5%9c%8b%e5%b0%8f%e7%b5%84/ HTTP/1.1" 200 15829 "https://www.ltes.ilc.edu.tw/?p=1544" "Mozilla/5.0 AppleWebKit/537.36 (KHTML, like Gecko; compatible; ClaudeBot/1.0; +claudebot@anthropic.com)"
216.73.216.20 - - [22/Aug/2026:07:46:03 +0800] "GET /?p=1585 HTTP/1.1" 301 930 "-" "Mozilla/5.0 AppleWebKit/537.36 (KHTML, like Gecko; compatible; ClaudeBot/1.0; +claudebot@anthropic.com)"
216.73.216.20 - - [22/Aug/2026:07:46:03 +0800] "GET /2015/07/10/%e9%a3%9f%e5%93%81%e6%a8%99%e7%a4%ba%e6%96%b0%e5%88%b6/ HTTP/1.1" 200 15193 "https://www.ltes.ilc.edu.tw/?p=1572" "Mozilla/5.0 AppleWebKit/537.36 (KHTML, like Gecko; compatible; ClaudeBot/1.0; +claudebot@anthropic.com)"
216.73.216.20 - - [22/Aug/2026:07:46:03 +0800] "GET /?p=1445 HTTP/1.1" 301 1325 "-" "Mozilla/5.0 AppleWebKit/537.36 (KHTML, like Gecko; compatible; ClaudeBot/1.0; +claudebot@anthropic.com)"
216.73.216.20 - - [22/Aug/2026:07:46:03 +0800] "GET /?p=1473 HTTP/1.1" 301 969 "-" "Mozilla/5.0 AppleWebKit/537.36 (KHTML, like Gecko; compatible; ClaudeBot/1.0; +claudebot@anthropic.com)"
216.73.216.20 - - [22/Aug/2026:07:46:04 +0800] "GET /2015/04/17/%e5%9c%8b%e7%ab%8b%e6%95%99%e8%82%b2%e5%bb%a3%e6%92%ad%e9%9b%bb%e5%8f%b0%e3%80%8c%e7%89%b9%e5%88%a5%e7%9a%84%e6%84%9b%e3%80%8d%e7%af%80%e7%9b%ae%e6%94%b6%e8%81%bd%e8%b3%87%e8%a8%8a/ HTTP/1.1" 200 16433 "https://www.ltes.ilc.edu.tw/?p=1563" "Mozilla/5.0 AppleWebKit/537.36 (KHTML, like Gecko; compatible; ClaudeBot/1.0; +claudebot@anthropic.com)"
98.82.40.168 - - [22/Aug/2026:07:46:03 +0800] "GET /32745/?p=37210 HTTP/1.1" 301 5785 "-" "Mozilla/5.0 AppleWebKit/537.36 (KHTML, like Gecko; compatible; Amazonbot/0.1; +https://developer.amazon.com/support/amazonbot) Chrome/119.0.6045.214 Safari/537.36"
136.119.35.120 - - [22/Aug/2026:07:46:03 +0800] "GET /6535/wp-json/oembed/1.0/embed?url=https://2blog.ilc.edu.tw/6535/2020/11/12/109%25e5%25b9%25b4%25e5%25ba%25a6%25e7%2592%25b0%25e5%25a2%2583%25e6%2595%2599%25e8%2582%25b2%25e8%2580%2583%25e8%25a9%2595%25e8%2587%25aa%25e8%25a9%2595%25e8%25a1%25a8/ HTTP/1.1" 200 8409 "-" "Mozilla/5.0 (Macintosh; Intel Mac OS X 10_15_7) AppleWebKit/537.36 (KHTML, like Gecko) Chrome/120.0.0.0 Safari/537.36"
216.73.216.20 - - [22/Aug/2026:07:46:04 +0800] "GET /2016/01/05/%e8%aa%aa%e6%95%85%e4%ba%8b%e6%99%82%e9%96%93%e3%80%8a%e4%b8%89%e9%9a%bb%e5%b0%8f%e8%b1%ac%e7%9a%84%e7%9c%9f%e5%af%a6%e6%95%85%e4%ba%8b%e3%80%8b/ HTTP/1.1" 200 16060 "https://www.ltes.ilc.edu.tw/?p=1585" "Mozilla/5.0 AppleWebKit/537.36 (KHTML, like Gecko; compatible; ClaudeBot/1.0; +claudebot@anthropic.com)"
216.73.216.20 - - [22/Aug/2026:07:46:04 +0800] "GET /?p=1433 HTTP/1.1" 301 984 "-" "Mozilla/5.0 AppleWebKit/537.36 (KHTML, like Gecko; compatible; ClaudeBot/1.0; +claudebot@anthropic.com)"
::1 - - [22/Aug/2026:07:46:04 +0800] "OPTIONS * HTTP/1.0" 200 110 "-" "Apache/2.4.68 (Ubuntu) OpenSSL/3.0.19 (internal dummy connection)"
216.73.216.20 - - [22/Aug/2026:07:46:04 +0800] "GET /?p=1485 HTTP/1.1" 301 870 "-" "Mozilla/5.0 AppleWebKit/537.36 (KHTML, like Gecko; compatible; ClaudeBot/1.0; +claudebot@anthropic.com)"
216.73.216.20 - - [22/Aug/2026:07:46:04 +0800] "GET /2012/01/05/%e8%b3%80%ef%bc%81%e9%99%b3%e7%a9%8e%e5%b7%9d%e3%80%81%e6%9e%97%e7%a7%8b%e8%8a%ac%e3%80%81%e5%8a%89%e7%9b%88%e7%a4%bd%e5%8f%8a%e8%8e%8a%e6%83%a0%e9%9b%af%e8%80%81%e5%b8%ab%e5%8f%83%e5%8a%a0%e3%80%8c10/ HTTP/1.1" 200 15734 "https://www.ltes.ilc.edu.tw/?p=1445" "Mozilla/5.0 AppleWebKit/537.36 (KHTML, like Gecko; compatible; ClaudeBot/1.0; +claudebot@anthropic.com)"
216.73.216.20 - - [22/Aug/2026:07:46:04 +0800] "GET /2012/06/07/100%e5%ad%b8%e5%b9%b4%e8%8b%b1%e8%aa%9e%e6%af%8f%e9%80%b1%e4%b8%80%e5%8f%a5%e8%8b%b1%e8%aa%9e%e8%83%bd%e5%8a%9b%e5%88%86%e7%b4%9a%e6%aa%a2%e5%ae%9a%e5%90%88%e6%a0%bc%e5%90%8d%e5%96%ae/ HTTP/1.1" 200 17656 "https://www.ltes.ilc.edu.tw/?p=1473" "Mozilla/5.0 AppleWebKit/537.36 (KHTML, like Gecko; compatible; ClaudeBot/1.0; +claudebot@anthropic.com)"
216.73.216.20 - - [22/Aug/2026:07:46:04 +0800] "GET /?p=1390 HTTP/1.1" 301 876 "-" "Mozilla/5.0 AppleWebKit/537.36 (KHTML, like Gecko; compatible; ClaudeBot/1.0; +claudebot@anthropic.com)"
216.73.216.20 - - [22/Aug/2026:07:46:04 +0800] "GET /2011/07/01/%e9%a0%ad%e5%9f%8e%e9%8e%ae%e9%ab%94%e8%82%b2%e6%9c%83%e7%90%86%e4%ba%8b%e9%95%b7%e7%9b%83%e5%88%86%e9%bd%a1%e6%b8%b8%e6%b3%b3%e9%8c%a6%e6%a8%99%e8%b3%bd%e7%8d%b2%e4%bd%b3%e7%b8%be%e7%85%a7%e7%89%87/ HTTP/1.1" 200 16677 "https://www.ltes.ilc.edu.tw/?p=1433" "Mozilla/5.0 AppleWebKit/537.36 (KHTML, like Gecko; compatible; ClaudeBot/1.0; +claudebot@anthropic.com)"
216.73.216.20 - - [22/Aug/2026:07:46:04 +0800] "GET /?p=1469 HTTP/1.1" 301 880 "-" "Mozilla/5.0 AppleWebKit/537.36 (KHTML, like Gecko; compatible; ClaudeBot/1.0; +claudebot@anthropic.com)"
216.73.216.20 - - [22/Aug/2026:07:46:04 +0800] "GET /2012/08/28/101%e5%b9%b4%e9%84%89%e5%9c%8b%e8%aa%9e%e6%96%87%e7%ab%b6%e8%b3%bd%e6%88%90%e7%b8%be/ HTTP/1.1" 200 15546 "https://www.ltes.ilc.edu.tw/?p=1485" "Mozilla/5.0 AppleWebKit/537.36 (KHTML, like Gecko; compatible; ClaudeBot/1.0; +claudebot@anthropic.com)"
216.73.216.20 - - [22/Aug/2026:07:46:04 +0800] "GET /?p=2254 HTTP/1.1" 301 868 "-" "Mozilla/5.0 AppleWebKit/537.36 (KHTML, like Gecko; compatible; ClaudeBot/1.0; +claudebot@anthropic.com)"
216.73.216.20 - - [22/Aug/2026:07:46:04 +0800] "GET /2011/03/03/%e9%98%b2%e5%88%b6%e6%a0%a1%e5%9c%92%e9%9c%b8%e5%87%8c%e5%ae%a3%e5%b0%8e%e7%9f%ad%e7%89%87/ HTTP/1.1" 200 15422 "https://www.ltes.ilc.edu.tw/?p=1390" "Mozilla/5.0 AppleWebKit/537.36 (KHTML, like Gecko; compatible; ClaudeBot/1.0; +claudebot@anthropic.com)"
216.73.216.20 - - [22/Aug/2026:07:46:04 +0800] "GET /?p=1634 HTTP/1.1" 301 923 "-" "Mozilla/5.0 AppleWebKit/537.36 (KHTML, like Gecko; compatible; ClaudeBot/1.0; +claudebot@anthropic.com)"
17.22.245.148 - - [22/Aug/2026:07:46:04 +0800] "GET /wp-includes/js/jquery/jquery-migrate.min.js HTTP/1.1" 200 5752 "https://www.tcjh.ilc.edu.tw/?p=1095" "Mozilla/5.0 (Macintosh; Intel Mac OS X 10_15_7) AppleWebKit/605.1.15 (KHTML, like Gecko) Version/17.4 Safari/605.1.15 (Applebot/0.1; +http://www.apple.com/go/applebot)"
216.73.216.20 - - [22/Aug/2026:07:46:04 +0800] "GET /2012/05/30/5-29%e5%87%ba%e7%8f%be%e5%9c%a8%e6%a0%a1%e5%9c%92%e7%9a%84%e4%b8%8d%e9%80%9f%e4%b9%8b%e5%ae%a2/ HTTP/1.1" 200 15527 "https://www.ltes.ilc.edu.tw/?p=1469" "Mozilla/5.0 AppleWebKit/537.36 (KHTML, like Gecko; compatible; ClaudeBot/1.0; +claudebot@anthropic.com)"
216.73.216.20 - - [22/Aug/2026:07:46:04 +0800] "GET /?p=1600 HTTP/1.1" 301 831 "-" "Mozilla/5.0 AppleWebKit/537.36 (KHTML, like Gecko; compatible; ClaudeBot/1.0; +claudebot@anthropic.com)"
216.73.216.20 - - [22/Aug/2026:07:46:04 +0800] "GET /?p=1583 HTTP/1.1" 301 912 "-" "Mozilla/5.0 AppleWebKit/537.36 (KHTML, like Gecko; compatible; ClaudeBot/1.0; +claudebot@anthropic.com)"
216.73.216.20 - - [22/Aug/2026:07:46:04 +0800] "GET /2022/06/22/111-06-22-%e6%a0%a1%e5%9c%92%e7%a2%ba%e8%a8%ba%e4%ba%ba%e6%95%b8%e7%b5%b1%e8%a8%88/ HTTP/1.1" 200 15167 "https://www.ltes.ilc.edu.tw/?p=2254" "Mozilla/5.0 AppleWebKit/537.36 (KHTML, like Gecko; compatible; ClaudeBot/1.0; +claudebot@anthropic.com)"
52.167.144.236 - - [22/Aug/2026:07:46:01 +0800] "GET /?s=2026 HTTP/1.1" 200 15553 "-" "Mozilla/5.0 AppleWebKit/537.36 (KHTML, like Gecko; compatible; bingbot/2.0; +http://www.bing.com/bingbot.htm) Chrome/116.0.1938.76 Safari/537.36"
216.73.216.20 - - [22/Aug/2026:07:46:04 +0800] "GET /2020/04/08/109-04-08-%e9%98%b2%e7%96%ab%e6%9c%83%e8%ad%b0-%e6%a0%a1%e5%9c%92%e5%85%a7%e5%b8%ab%e7%94%9f%e5%85%a8%e9%9d%a2%e6%88%b4%e5%8f%a3%e7%bd%a9/ HTTP/1.1" 200 15488 "https://www.ltes.ilc.edu.tw/?p=1634" "Mozilla/5.0 AppleWebKit/537.36 (KHTML, like Gecko; compatible; ClaudeBot/1.0; +claudebot@anthropic.com)"
216.73.216.20 - - [22/Aug/2026:07:46:04 +0800] "GET /?p=1408 HTTP/1.1" 301 982 "-" "Mozilla/5.0 AppleWebKit/537.36 (KHTML, like Gecko; compatible; ClaudeBot/1.0; +claudebot@anthropic.com)"
216.73.216.20 - - [22/Aug/2026:07:46:04 +0800] "GET /2016/10/03/%e6%95%99%e5%b8%ab%e7%af%80%e6%b4%bb%e5%8b%95/ HTTP/1.1" 200 15447 "https://www.ltes.ilc.edu.tw/?p=1600" "Mozilla/5.0 AppleWebKit/537.36 (KHTML, like Gecko; compatible; ClaudeBot/1.0; +claudebot@anthropic.com)"
216.73.216.20 - - [22/Aug/2026:07:46:04 +0800] "GET /?p=1382 HTTP/1.1" 301 849 "-" "Mozilla/5.0 AppleWebKit/537.36 (KHTML, like Gecko; compatible; ClaudeBot/1.0; +claudebot@anthropic.com)"
216.73.216.20 - - [22/Aug/2026:07:46:05 +0800] "GET /?p=1487 HTTP/1.1" 301 930 "-" "Mozilla/5.0 AppleWebKit/537.36 (KHTML, like Gecko; compatible; ClaudeBot/1.0; +claudebot@anthropic.com)"
216.73.216.20 - - [22/Aug/2026:07:46:05 +0800] "GET /2011/05/06/93%e9%80%b1%e5%b9%b4%e6%a0%a1%e6%85%b6%e7%b3%bb%e5%88%97%e6%b4%bb%e5%8b%95%ef%bc%88%e4%b8%89%ef%bc%89-%e6%95%99%e5%b8%ab%e6%94%9d%e5%bd%b1%e7%a4%be%e7%be%a4%e6%94%9d%e5%bd%b1%e5%b1%95-5-7%e6%97%a5/ HTTP/1.1" 200 15573 "https://www.ltes.ilc.edu.tw/?p=1408" "Mozilla/5.0 AppleWebKit/537.36 (KHTML, like Gecko; compatible; ClaudeBot/1.0; +claudebot@anthropic.com)"
216.73.216.20 - - [22/Aug/2026:07:46:05 +0800] "GET /?p=1398 HTTP/1.1" 301 894 "-" "Mozilla/5.0 AppleWebKit/537.36 (KHTML, like Gecko; compatible; ClaudeBot/1.0; +claudebot@anthropic.com)"
::1 - - [22/Aug/2026:07:46:05 +0800] "OPTIONS * HTTP/1.0" 200 110 "-" "Apache/2.4.68 (Ubuntu) OpenSSL/3.0.19 (internal dummy connection)"
216.73.216.20 - - [22/Aug/2026:07:46:05 +0800] "GET /2011/02/10/%e5%8f%8d%e9%9c%b8%e5%87%8c%e7%9b%b8%e9%97%9c%e5%bd%b1%e7%89%87/ HTTP/1.1" 200 15409 "https://www.ltes.ilc.edu.tw/?p=1382" "Mozilla/5.0 AppleWebKit/537.36 (KHTML, like Gecko; compatible; ClaudeBot/1.0; +claudebot@anthropic.com)"
