18.237.61.196 - - [22/Aug/2026:07:39:25 +0800] "GET /_environment HTTP/1.1" 404 51421 "-" "Mozilla/5.0 (Windows NT 10.0; Win64; x64) AppleWebKit/537.36 (KHTML, like Gecko) Chrome/131.0.0.0 Safari/537.36"
18.237.61.196 - - [22/Aug/2026:07:39:25 +0800] "GET /webroot/index.php/_environment HTTP/1.1" 301 943 "-" "Mozilla/5.0 (Windows NT 10.0; Win64; x64) AppleWebKit/537.36 (KHTML, like Gecko) Chrome/131.0.0.0 Safari/537.36"
18.237.61.196 - - [22/Aug/2026:07:39:26 +0800] "GET /mail/phpinfo.php HTTP/1.1" 404 973 "-" "Mozilla/5.0 (Windows NT 10.0; Win64; x64) AppleWebKit/537.36 (KHTML, like Gecko) Chrome/131.0.0.0 Safari/537.36"
18.237.61.196 - - [22/Aug/2026:07:39:26 +0800] "GET /cpanel/phpinfo.php HTTP/1.1" 404 973 "-" "Mozilla/5.0 (Windows NT 10.0; Win64; x64) AppleWebKit/537.36 (KHTML, like Gecko) Chrome/131.0.0.0 Safari/537.36"
18.237.61.196 - - [22/Aug/2026:07:39:26 +0800] "GET /hosting/phpinfo.php HTTP/1.1" 404 973 "-" "Mozilla/5.0 (Windows NT 10.0; Win64; x64) AppleWebKit/537.36 (KHTML, like Gecko) Chrome/131.0.0.0 Safari/537.36"
18.237.61.196 - - [22/Aug/2026:07:39:26 +0800] "GET /webmail/phpinfo.php HTTP/1.1" 404 973 "-" "Mozilla/5.0 (Windows NT 10.0; Win64; x64) AppleWebKit/537.36 (KHTML, like Gecko) Chrome/131.0.0.0 Safari/537.36"
18.237.61.196 - - [22/Aug/2026:07:39:26 +0800] "GET /smtp/phpinfo.php HTTP/1.1" 404 973 "-" "Mozilla/5.0 (Windows NT 10.0; Win64; x64) AppleWebKit/537.36 (KHTML, like Gecko) Chrome/131.0.0.0 Safari/537.36"
18.237.61.196 - - [22/Aug/2026:07:39:26 +0800] "GET /phpinfo.php.bak HTTP/1.1" 404 51421 "-" "Mozilla/5.0 (Windows NT 10.0; Win64; x64) AppleWebKit/537.36 (KHTML, like Gecko) Chrome/131.0.0.0 Safari/537.36"
23.21.225.190 - - [22/Aug/2026:07:39:26 +0800] "GET /wp-content/uploads/sites/2640/6569/6569-2804369.jpg HTTP/1.1" 200 41235 "-" "Mozilla/5.0 AppleWebKit/537.36 (KHTML, like Gecko; compatible; Amazonbot/0.1; +https://developer.amazon.com/support/amazonbot) Chrome/119.0.6045.214 Safari/537.36"
18.237.61.196 - - [22/Aug/2026:07:39:27 +0800] "GET /phpinfo.php.old HTTP/1.1" 404 51421 "-" "Mozilla/5.0 (Windows NT 10.0; Win64; x64) AppleWebKit/537.36 (KHTML, like Gecko) Chrome/131.0.0.0 Safari/537.36"
18.237.61.196 - - [22/Aug/2026:07:39:27 +0800] "GET /phpinfo.php~ HTTP/1.1" 404 51421 "-" "Mozilla/5.0 (Windows NT 10.0; Win64; x64) AppleWebKit/537.36 (KHTML, like Gecko) Chrome/131.0.0.0 Safari/537.36"
18.237.61.196 - - [22/Aug/2026:07:39:27 +0800] "GET /info.php.bak HTTP/1.1" 404 51421 "-" "Mozilla/5.0 (Windows NT 10.0; Win64; x64) AppleWebKit/537.36 (KHTML, like Gecko) Chrome/131.0.0.0 Safari/537.36"
66.249.79.137 - - [22/Aug/2026:07:39:26 +0800] "GET /wp-login.php?action=ilc_logout&_wpnonce=43754d0aad&redirect_to=//masterremont74.ru/creator/47815/ HTTP/1.1" 302 8248 "-" "Mozilla/5.0 (Linux; Android 6.0.1; Nexus 5X Build/MMB29P) AppleWebKit/537.36 (KHTML, like Gecko) Chrome/151.0.7922.137 Mobile Safari/537.36 (compatible; Googlebot/2.1; +http://www.google.com/bot.html)"
2001:288:a201::66:125 - - [22/Aug/2026:07:39:28 +0800] "GET /blog/active.php HTTP/1.1" 301 1026 "-" "-"
2001:288:a201::66:125 - - [22/Aug/2026:07:39:28 +0800] "GET /blog/active.php HTTP/1.1" 404 1084 "-" "-"
18.237.61.196 - - [22/Aug/2026:07:39:28 +0800] "GET /phpinfo.php.save HTTP/1.1" 404 51421 "-" "Mozilla/5.0 (Windows NT 10.0; Win64; x64) AppleWebKit/537.36 (KHTML, like Gecko) Chrome/131.0.0.0 Safari/537.36"
140.111.67.10 - - [22/Aug/2026:07:39:28 +0800] "GET /" 301 273 "-" "-"
18.237.61.196 - - [22/Aug/2026:07:39:28 +0800] "GET /staging/phpinfo.php HTTP/1.1" 404 973 "-" "Mozilla/5.0 (Windows NT 10.0; Win64; x64) AppleWebKit/537.36 (KHTML, like Gecko) Chrome/131.0.0.0 Safari/537.36"
18.237.61.196 - - [22/Aug/2026:07:39:28 +0800] "GET /beta/phpinfo.php HTTP/1.1" 404 973 "-" "Mozilla/5.0 (Windows NT 10.0; Win64; x64) AppleWebKit/537.36 (KHTML, like Gecko) Chrome/131.0.0.0 Safari/537.36"
216.244.66.226 - - [22/Aug/2026:07:39:28 +0800] "GET /blog/blog/34465/trackbacks/652549 HTTP/1.1" 404 35276 "-" "Mozilla/5.0 (compatible; DotBot/1.2; +https://opensiteexplorer.org/dotbot; help@moz.com)"
18.237.61.196 - - [22/Aug/2026:07:39:28 +0800] "GET /uat/phpinfo.php HTTP/1.1" 404 973 "-" "Mozilla/5.0 (Windows NT 10.0; Win64; x64) AppleWebKit/537.36 (KHTML, like Gecko) Chrome/131.0.0.0 Safari/537.36"
18.237.61.196 - - [22/Aug/2026:07:39:28 +0800] "GET /qa/phpinfo.php HTTP/1.1" 404 973 "-" "Mozilla/5.0 (Windows NT 10.0; Win64; x64) AppleWebKit/537.36 (KHTML, like Gecko) Chrome/131.0.0.0 Safari/537.36"
18.237.61.196 - - [22/Aug/2026:07:39:29 +0800] "GET /preview/phpinfo.php HTTP/1.1" 404 973 "-" "Mozilla/5.0 (Windows NT 10.0; Win64; x64) AppleWebKit/537.36 (KHTML, like Gecko) Chrome/131.0.0.0 Safari/537.36"
18.237.61.196 - - [22/Aug/2026:07:39:29 +0800] "GET /www/phpinfo.php HTTP/1.1" 404 973 "-" "Mozilla/5.0 (Windows NT 10.0; Win64; x64) AppleWebKit/537.36 (KHTML, like Gecko) Chrome/131.0.0.0 Safari/537.36"
18.237.61.196 - - [22/Aug/2026:07:39:29 +0800] "GET /htdocs/phpinfo.php HTTP/1.1" 404 973 "-" "Mozilla/5.0 (Windows NT 10.0; Win64; x64) AppleWebKit/537.36 (KHTML, like Gecko) Chrome/131.0.0.0 Safari/537.36"
18.237.61.196 - - [22/Aug/2026:07:39:29 +0800] "GET /public_html/phpinfo.php HTTP/1.1" 404 973 "-" "Mozilla/5.0 (Windows NT 10.0; Win64; x64) AppleWebKit/537.36 (KHTML, like Gecko) Chrome/131.0.0.0 Safari/537.36"
18.237.61.196 - - [22/Aug/2026:07:39:29 +0800] "GET /site/phpinfo.php HTTP/1.1" 404 973 "-" "Mozilla/5.0 (Windows NT 10.0; Win64; x64) AppleWebKit/537.36 (KHTML, like Gecko) Chrome/131.0.0.0 Safari/537.36"
18.237.61.196 - - [22/Aug/2026:07:39:30 +0800] "GET /docs/phpinfo.php HTTP/1.1" 404 973 "-" "Mozilla/5.0 (Windows NT 10.0; Win64; x64) AppleWebKit/537.36 (KHTML, like Gecko) Chrome/131.0.0.0 Safari/537.36"
18.237.61.196 - - [22/Aug/2026:07:39:30 +0800] "GET /wp-admin/phpinfo.php HTTP/1.1" 404 973 "-" "Mozilla/5.0 (Windows NT 10.0; Win64; x64) AppleWebKit/537.36 (KHTML, like Gecko) Chrome/131.0.0.0 Safari/537.36"
34.235.239.240 - - [22/Aug/2026:07:39:30 +0800] "GET /wp-content/uploads/sites/2193/6030/6030-3896356.jpg HTTP/1.1" 200 60649 "-" "Mozilla/5.0 AppleWebKit/537.36 (KHTML, like Gecko; compatible; Amazonbot/0.1; +https://developer.amazon.com/support/amazonbot) Chrome/119.0.6045.214 Safari/537.36"
::1 - - [22/Aug/2026:07:39:30 +0800] "OPTIONS * HTTP/1.0" 200 110 "-" "Apache/2.4.68 (Ubuntu) OpenSSL/3.0.19 (internal dummy connection)"
18.237.61.196 - - [22/Aug/2026:07:39:30 +0800] "GET /administrator/phpinfo.php HTTP/1.1" 404 973 "-" "Mozilla/5.0 (Windows NT 10.0; Win64; x64) AppleWebKit/537.36 (KHTML, like Gecko) Chrome/131.0.0.0 Safari/537.36"
18.237.61.196 - - [22/Aug/2026:07:39:30 +0800] "GET /core/phpinfo.php HTTP/1.1" 404 973 "-" "Mozilla/5.0 (Windows NT 10.0; Win64; x64) AppleWebKit/537.36 (KHTML, like Gecko) Chrome/131.0.0.0 Safari/537.36"
85.208.96.205 - - [22/Aug/2026:07:39:30 +0800] "GET /27438/2023/12/01/ HTTP/1.1" 200 16138 "-" "Mozilla/5.0 (compatible; SemrushBot/7~bl; +http://www.semrush.com/bot.html)"
18.237.61.196 - - [22/Aug/2026:07:39:30 +0800] "GET /includes/phpinfo.php HTTP/1.1" 404 973 "-" "Mozilla/5.0 (Windows NT 10.0; Win64; x64) AppleWebKit/537.36 (KHTML, like Gecko) Chrome/131.0.0.0 Safari/537.36"
34.171.68.95 - - [22/Aug/2026:07:39:30 +0800] "GET /6428/2016/11/16/3-5%E5%85%A8%E9%9D%A2%E6%A8%99%E7%A4%BA%E4%BD%BF%E7%94%A8%E7%9C%81%E6%B0%B4%E9%BE%8D%E9%A0%AD%E6%96%B9%E5%BC%8F/ HTTP/1.1" 200 14842 "-" "Mozilla/5.0 (Macintosh; Intel Mac OS X 10_15_7) AppleWebKit/537.36 (KHTML, like Gecko) Chrome/120.0.0.0 Safari/537.36"
17.22.245.45 - - [22/Aug/2026:07:39:30 +0800] "GET /6454/2012/12/04/page/2/ HTTP/1.1" 200 15348 "-" "Mozilla/5.0 (Macintosh; Intel Mac OS X 10_15_7) AppleWebKit/605.1.15 (KHTML, like Gecko) Version/17.4 Safari/605.1.15 (Applebot/0.1; +http://www.apple.com/go/applebot)"
18.237.61.196 - - [22/Aug/2026:07:39:30 +0800] "GET /service-account.json HTTP/1.1" 404 51421 "-" "Mozilla/5.0 (Windows NT 10.0; Win64; x64) AppleWebKit/537.36 (KHTML, like Gecko) Chrome/131.0.0.0 Safari/537.36"
::1 - - [22/Aug/2026:07:39:31 +0800] "OPTIONS * HTTP/1.0" 200 110 "-" "Apache/2.4.68 (Ubuntu) OpenSSL/3.0.19 (internal dummy connection)"
18.237.61.196 - - [22/Aug/2026:07:39:31 +0800] "GET /sa.json HTTP/1.1" 404 51421 "-" "Mozilla/5.0 (Windows NT 10.0; Win64; x64) AppleWebKit/537.36 (KHTML, like Gecko) Chrome/131.0.0.0 Safari/537.36"
216.244.66.226 - - [22/Aug/2026:07:39:31 +0800] "GET /blog/blog/4950/trackbacks/129113 HTTP/1.1" 404 35276 "-" "Mozilla/5.0 (compatible; DotBot/1.2; +https://opensiteexplorer.org/dotbot; help@moz.com)"
66.249.79.137 - - [22/Aug/2026:07:39:29 +0800] "GET /wp-login.php?action=ilc_logout&_wpnonce=43754d0aad&redirect_to=http://ftavo.ru/gallery/49938/ HTTP/1.1" 302 3459 "-" "Mozilla/5.0 (Linux; Android 6.0.1; Nexus 5X Build/MMB29P) AppleWebKit/537.36 (KHTML, like Gecko) Chrome/151.0.7922.137 Mobile Safari/537.36 (compatible; Googlebot/2.1; +http://www.google.com/bot.html)"
66.249.79.137 - - [22/Aug/2026:07:39:29 +0800] "GET /wp-login.php?action=ilc_logout&_wpnonce=43754d0aad&redirect_to=http://knizhevsk.ru/gallery/80882/ HTTP/1.1" 302 8248 "-" "Mozilla/5.0 (Linux; Android 6.0.1; Nexus 5X Build/MMB29P) AppleWebKit/537.36 (KHTML, like Gecko) Chrome/151.0.7922.137 Mobile Safari/537.36 (compatible; GoogleOther)"
34.10.180.98 - - [22/Aug/2026:07:39:31 +0800] "GET /aj3m3/wp-login.php HTTP/1.1" 200 10913 "-" "Mozilla/5.0 (Macintosh; Intel Mac OS X 10_15_7) AppleWebKit/537.36 (KHTML, like Gecko) Chrome/120.0.0.0 Safari/537.36"
18.237.61.196 - - [22/Aug/2026:07:39:31 +0800] "GET /gcp-key.json HTTP/1.1" 404 51421 "-" "Mozilla/5.0 (Windows NT 10.0; Win64; x64) AppleWebKit/537.36 (KHTML, like Gecko) Chrome/131.0.0.0 Safari/537.36"
66.249.79.137 - - [22/Aug/2026:07:39:29 +0800] "GET /wp-login.php?action=ilc_logout&_wpnonce=43754d0aad&redirect_to=//upravleniekueda1.ru/creator/69363/ HTTP/1.1" 302 8250 "-" "Mozilla/5.0 (Linux; Android 6.0.1; Nexus 5X Build/MMB29P) AppleWebKit/537.36 (KHTML, like Gecko) Chrome/151.0.7922.137 Mobile Safari/537.36 (compatible; Googlebot/2.1; +http://www.google.com/bot.html)"
18.237.61.196 - - [22/Aug/2026:07:39:31 +0800] "GET /gcp-credentials.json HTTP/1.1" 404 51421 "-" "Mozilla/5.0 (Windows NT 10.0; Win64; x64) AppleWebKit/537.36 (KHTML, like Gecko) Chrome/131.0.0.0 Safari/537.36"
18.237.61.196 - - [22/Aug/2026:07:39:32 +0800] "GET /gcp-sa.json HTTP/1.1" 404 51421 "-" "Mozilla/5.0 (Windows NT 10.0; Win64; x64) AppleWebKit/537.36 (KHTML, like Gecko) Chrome/131.0.0.0 Safari/537.36"
::1 - - [22/Aug/2026:07:39:32 +0800] "OPTIONS * HTTP/1.0" 200 110 "-" "Apache/2.4.68 (Ubuntu) OpenSSL/3.0.19 (internal dummy connection)"
18.237.61.196 - - [22/Aug/2026:07:39:32 +0800] "GET /credentials.json HTTP/1.1" 404 51421 "-" "Mozilla/5.0 (Windows NT 10.0; Win64; x64) AppleWebKit/537.36 (KHTML, like Gecko) Chrome/131.0.0.0 Safari/537.36"
18.237.61.196 - - [22/Aug/2026:07:39:32 +0800] "GET /google-credentials.json HTTP/1.1" 404 51421 "-" "Mozilla/5.0 (Windows NT 10.0; Win64; x64) AppleWebKit/537.36 (KHTML, like Gecko) Chrome/131.0.0.0 Safari/537.36"
52.200.54.136 - - [22/Aug/2026:07:39:31 +0800] "GET /wp-content/uploads/sites/847/6483/6483-2382202.gif HTTP/1.1" 200 2581 "-" "Mozilla/5.0 AppleWebKit/537.36 (KHTML, like Gecko; compatible; Amazonbot/0.1; +https://developer.amazon.com/support/amazonbot) Chrome/119.0.6045.214 Safari/537.36"
2001:288:a201::66:125 - - [22/Aug/2026:07:39:33 +0800] "GET /blog/active.php HTTP/1.1" 301 1026 "-" "-"
2001:288:a201::66:125 - - [22/Aug/2026:07:39:33 +0800] "GET /blog/active.php HTTP/1.1" 404 1084 "-" "-"
18.237.61.196 - - [22/Aug/2026:07:39:33 +0800] "GET /google-key.json HTTP/1.1" 404 51421 "-" "Mozilla/5.0 (Windows NT 10.0; Win64; x64) AppleWebKit/537.36 (KHTML, like Gecko) Chrome/131.0.0.0 Safari/537.36"
140.111.67.10 - - [22/Aug/2026:07:39:33 +0800] "GET /" 301 273 "-" "-"
216.73.216.20 - - [22/Aug/2026:07:39:33 +0800] "GET /tcesinfo/wp-json/wp/v2/posts/918 HTTP/1.1" 200 21441 "-" "Mozilla/5.0 AppleWebKit/537.36 (KHTML, like Gecko; compatible; ClaudeBot/1.0; +claudebot@anthropic.com)"
216.73.216.20 - - [22/Aug/2026:07:39:33 +0800] "GET /6537/wp-json/wp/v2/posts/5034 HTTP/1.1" 200 18729 "-" "Mozilla/5.0 AppleWebKit/537.36 (KHTML, like Gecko; compatible; ClaudeBot/1.0; +claudebot@anthropic.com)"
18.237.61.196 - - [22/Aug/2026:07:39:33 +0800] "GET /.config/gcloud/application_default_credentials.json HTTP/1.1" 404 51421 "-" "Mozilla/5.0 (Windows NT 10.0; Win64; x64) AppleWebKit/537.36 (KHTML, like Gecko) Chrome/131.0.0.0 Safari/537.36"
216.73.216.20 - - [22/Aug/2026:07:39:33 +0800] "GET /tcesinfo/wp-json/wp/v2/posts/890 HTTP/1.1" 200 19525 "-" "Mozilla/5.0 AppleWebKit/537.36 (KHTML, like Gecko; compatible; ClaudeBot/1.0; +claudebot@anthropic.com)"
216.73.216.20 - - [22/Aug/2026:07:39:33 +0800] "GET /6537/2012/11/28/ HTTP/1.1" 200 15670 "-" "Mozilla/5.0 AppleWebKit/537.36 (KHTML, like Gecko; compatible; ClaudeBot/1.0; +claudebot@anthropic.com)"
216.73.216.20 - - [22/Aug/2026:07:39:33 +0800] "GET /tcesinfo/wp-json/wp/v2/posts/944 HTTP/1.1" 200 16744 "-" "Mozilla/5.0 AppleWebKit/537.36 (KHTML, like Gecko; compatible; ClaudeBot/1.0; +claudebot@anthropic.com)"
216.73.216.20 - - [22/Aug/2026:07:39:33 +0800] "GET /6537/wp-json/wp/v2/posts/5063 HTTP/1.1" 200 16756 "-" "Mozilla/5.0 AppleWebKit/537.36 (KHTML, like Gecko; compatible; ClaudeBot/1.0; +claudebot@anthropic.com)"
18.237.61.196 - - [22/Aug/2026:07:39:33 +0800] "GET /application_default_credentials.json HTTP/1.1" 404 51421 "-" "Mozilla/5.0 (Windows NT 10.0; Win64; x64) AppleWebKit/537.36 (KHTML, like Gecko) Chrome/131.0.0.0 Safari/537.36"
216.73.216.20 - - [22/Aug/2026:07:39:33 +0800] "GET /6537/wp-json/wp/v2/posts/5123 HTTP/1.1" 200 14507 "-" "Mozilla/5.0 AppleWebKit/537.36 (KHTML, like Gecko; compatible; ClaudeBot/1.0; +claudebot@anthropic.com)"
216.73.216.20 - - [22/Aug/2026:07:39:33 +0800] "GET /19761/wp-json/wp/v2/posts/26 HTTP/1.1" 200 9116 "-" "Mozilla/5.0 AppleWebKit/537.36 (KHTML, like Gecko; compatible; ClaudeBot/1.0; +claudebot@anthropic.com)"
18.237.61.196 - - [22/Aug/2026:07:39:33 +0800] "GET /key.json HTTP/1.1" 404 51421 "-" "Mozilla/5.0 (Windows NT 10.0; Win64; x64) AppleWebKit/537.36 (KHTML, like Gecko) Chrome/131.0.0.0 Safari/537.36"
216.244.66.226 - - [22/Aug/2026:07:39:33 +0800] "GET /blog/blog/5900/post/55034/187874 HTTP/1.1" 404 35276 "-" "Mozilla/5.0 (compatible; DotBot/1.2; +https://opensiteexplorer.org/dotbot; help@moz.com)"
18.237.61.196 - - [22/Aug/2026:07:39:34 +0800] "GET /keyfile.json HTTP/1.1" 404 51421 "-" "Mozilla/5.0 (Windows NT 10.0; Win64; x64) AppleWebKit/537.36 (KHTML, like Gecko) Chrome/131.0.0.0 Safari/537.36"
18.237.61.196 - - [22/Aug/2026:07:39:34 +0800] "GET /firebase-adminsdk.json HTTP/1.1" 404 51421 "-" "Mozilla/5.0 (Windows NT 10.0; Win64; x64) AppleWebKit/537.36 (KHTML, like Gecko) Chrome/131.0.0.0 Safari/537.36"
18.237.61.196 - - [22/Aug/2026:07:39:34 +0800] "GET /firebase-key.json HTTP/1.1" 404 51421 "-" "Mozilla/5.0 (Windows NT 10.0; Win64; x64) AppleWebKit/537.36 (KHTML, like Gecko) Chrome/131.0.0.0 Safari/537.36"
2a03:2880:f802:42:: - - [22/Aug/2026:07:39:33 +0800] "GET /wp-login.php?key=kcgqx374&_wpnonce=&action=ilc_logout&redirect_to=https%3A%2F%2Fgame.edu.kg HTTP/1.1" 302 8248 "-" "Mozilla/5.0 (Macintosh; Intel Mac OS X 10_15_7) AppleWebKit/537.36 (KHTML, like Gecko) Chrome/145.0.0.0 Safari/537.36 (compatible; meta-externalagent/1.1 (+https://developers.facebook.com/docs/sharing/webmasters/crawler))"
216.244.66.226 - - [22/Aug/2026:07:39:36 +0800] "GET /blog/gallery/4316/4316-385416.jpg HTTP/1.1" 404 35276 "-" "Mozilla/5.0 (compatible; DotBot/1.2; +https://opensiteexplorer.org/dotbot; help@moz.com)"
::1 - - [22/Aug/2026:07:39:36 +0800] "OPTIONS * HTTP/1.0" 200 110 "-" "Apache/2.4.68 (Ubuntu) OpenSSL/3.0.19 (internal dummy connection)"
52.0.105.244 - - [22/Aug/2026:07:39:35 +0800] "GET /kkes101/wp-content/uploads/sites/2886/2025/05/20250423_092803-1536x2048.jpg HTTP/1.1" 200 520750 "-" "Mozilla/5.0 AppleWebKit/537.36 (KHTML, like Gecko; compatible; Amazonbot/0.1; +https://developer.amazon.com/support/amazonbot) Chrome/119.0.6045.214 Safari/537.36"
66.249.71.9 - - [22/Aug/2026:07:39:34 +0800] "GET /wp-login.php?action=ilc_logout&_wpnonce=43754d0aad&redirect_to=http://uwea.ru/creator/11908/ HTTP/1.1" 302 8243 "-" "Mozilla/5.0 (Linux; Android 6.0.1; Nexus 5X Build/MMB29P) AppleWebKit/537.36 (KHTML, like Gecko) Chrome/151.0.7922.137 Mobile Safari/537.36 (compatible; Googlebot/2.1; +http://www.google.com/bot.html)"
::1 - - [22/Aug/2026:07:39:37 +0800] "OPTIONS * HTTP/1.0" 200 110 "-" "Apache/2.4.68 (Ubuntu) OpenSSL/3.0.19 (internal dummy connection)"
2409:8c28:c05:16::148 - - [22/Aug/2026:07:39:37 +0800] "GET /2373/2023/04 HTTP/1.1" 301 5737 "-" "Mozilla/5.0 (Windows NT 10.0; Win64; x64) AppleWebKit/537.36 (KHTML, like Gecko) Chrome/144.0.0.0 Safari/537.36"
18.237.61.196 - - [22/Aug/2026:07:39:37 +0800] "POST /index.php?rest_route=/batch/v1 HTTP/1.1" 500 6256 "-" "Mozilla/5.0 (X11; Linux x86_64) AppleWebKit/537.36 (KHTML, like Gecko) Chrome/131.0.0.0 Safari/537.36"
2409:8c28:c05:16::148 - - [22/Aug/2026:07:39:37 +0800] "GET /2373/2023/04/ HTTP/1.1" 200 16375 "-" "Mozilla/5.0 (Windows NT 10.0; Win64; x64) AppleWebKit/537.36 (KHTML, like Gecko) Chrome/144.0.0.0 Safari/537.36"
18.237.61.196 - - [22/Aug/2026:07:39:38 +0800] "GET / HTTP/1.1" 200 30637 "-" "Mozilla/5.0 (Macintosh; Intel Mac OS X 10_15_7) AppleWebKit/537.36 (KHTML, like Gecko) Chrome/131.0.0.0 Safari/537.36"
2001:288:a201::66:125 - - [22/Aug/2026:07:39:38 +0800] "GET /blog/active.php HTTP/1.1" 301 1026 "-" "-"
2001:288:a201::66:125 - - [22/Aug/2026:07:39:38 +0800] "GET /blog/active.php HTTP/1.1" 404 1084 "-" "-"
2409:8c28:c05:16::148 - - [22/Aug/2026:07:39:38 +0800] "GET /2373/wp-content/cache/2blog.ilc.edu.tw/wpfc-minified/lbel8rr5/5wsy1.css HTTP/1.1" 200 40886 "https://2blog.ilc.edu.tw/2373/2023/04/" "Mozilla/5.0 (Windows NT 10.0; Win64; x64) AppleWebKit/537.36 (KHTML, like Gecko) Chrome/144.0.0.0 Safari/537.36"
::1 - - [22/Aug/2026:07:39:38 +0800] "OPTIONS * HTTP/1.0" 200 110 "-" "Apache/2.4.68 (Ubuntu) OpenSSL/3.0.19 (internal dummy connection)"
140.111.67.10 - - [22/Aug/2026:07:39:38 +0800] "GET /" 301 273 "-" "-"
2409:8c28:c05:16::148 - - [22/Aug/2026:07:39:38 +0800] "GET /2373/wp-content/cache/2blog.ilc.edu.tw/wpfc-minified/2cobuy4f/5wsy1.css HTTP/1.1" 200 18666 "https://2blog.ilc.edu.tw/2373/2023/04/" "Mozilla/5.0 (Windows NT 10.0; Win64; x64) AppleWebKit/537.36 (KHTML, like Gecko) Chrome/144.0.0.0 Safari/537.36"
2409:8c28:c05:16::148 - - [22/Aug/2026:07:39:38 +0800] "GET /2373/wp-content/themes/hueman/assets/front/webfonts/fa-brands-400.woff2?v=5.15.2 HTTP/1.1" 200 84293 "https://2blog.ilc.edu.tw/2373/2023/04/" "Mozilla/5.0 (Windows NT 10.0; Win64; x64) AppleWebKit/537.36 (KHTML, like Gecko) Chrome/144.0.0.0 Safari/537.36"
2409:8c28:c05:16::148 - - [22/Aug/2026:07:39:38 +0800] "GET /2373/wp-content/cache/2blog.ilc.edu.tw/wpfc-minified/8tjetro8/5wsy1.js HTTP/1.1" 200 40356 "https://2blog.ilc.edu.tw/2373/2023/04/" "Mozilla/5.0 (Windows NT 10.0; Win64; x64) AppleWebKit/537.36 (KHTML, like Gecko) Chrome/144.0.0.0 Safari/537.36"
2409:8c28:c05:16::148 - - [22/Aug/2026:07:39:38 +0800] "GET /2373/wp-content/themes/hueman/assets/front/webfonts/fa-regular-400.woff2?v=5.15.2 HTTP/1.1" 200 14439 "https://2blog.ilc.edu.tw/2373/2023/04/" "Mozilla/5.0 (Windows NT 10.0; Win64; x64) AppleWebKit/537.36 (KHTML, like Gecko) Chrome/144.0.0.0 Safari/537.36"
2409:8c28:c05:16::148 - - [22/Aug/2026:07:39:38 +0800] "GET /2373/wp-content/themes/hueman/assets/front/webfonts/fa-solid-900.woff2?v=5.15.2 HTTP/1.1" 200 81301 "https://2blog.ilc.edu.tw/2373/2023/04/" "Mozilla/5.0 (Windows NT 10.0; Win64; x64) AppleWebKit/537.36 (KHTML, like Gecko) Chrome/144.0.0.0 Safari/537.36"
68.206.69.253 - - [22/Aug/2026:07:39:38 +0800] "GET /wp-content/uploads/sites/1962/4719/4719-1183915.doc HTTP/1.1" 200 30681 "-" "Mozilla/5.0 (Macintosh; Intel Mac OS X 10_15_7) AppleWebKit/537.36 (KHTML, like Gecko) Chrome/148.0.0.0 Safari/537.36"
2409:8c28:c05:16::148 - - [22/Aug/2026:07:39:38 +0800] "GET /2373/wp-includes/js/hoverintent-js.min.js HTTP/1.1" 200 1597 "https://2blog.ilc.edu.tw/2373/2023/04/" "Mozilla/5.0 (Windows NT 10.0; Win64; x64) AppleWebKit/537.36 (KHTML, like Gecko) Chrome/144.0.0.0 Safari/537.36"
18.237.61.196 - - [22/Aug/2026:07:39:38 +0800] "GET /api/v1/auto_login HTTP/1.1" 404 56351 "-" "Mozilla/5.0 (Macintosh; Intel Mac OS X 10_15_7) AppleWebKit/537.36 (KHTML, like Gecko) Chrome/131.0.0.0 Safari/537.36"
::1 - - [22/Aug/2026:07:39:39 +0800] "OPTIONS * HTTP/1.0" 200 110 "-" "Apache/2.4.68 (Ubuntu) OpenSSL/3.0.19 (internal dummy connection)"
18.237.61.196 - - [22/Aug/2026:07:39:39 +0800] "POST /api/v1/auto_login HTTP/1.1" 404 51421 "-" "Mozilla/5.0 (Macintosh; Intel Mac OS X 10_15_7) AppleWebKit/537.36 (KHTML, like Gecko) Chrome/131.0.0.0 Safari/537.36"
52.45.194.165 - - [22/Aug/2026:07:39:39 +0800] "GET /wp-content/uploads/sites/847/6483/previews/6483-2416841.gif HTTP/1.1" 200 1788 "-" "Mozilla/5.0 AppleWebKit/537.36 (KHTML, like Gecko; compatible; Amazonbot/0.1; +https://developer.amazon.com/support/amazonbot) Chrome/119.0.6045.214 Safari/537.36"
::1 - - [22/Aug/2026:07:39:40 +0800] "OPTIONS * HTTP/1.0" 200 110 "-" "Apache/2.4.68 (Ubuntu) OpenSSL/3.0.19 (internal dummy connection)"
34.56.53.225 - - [22/Aug/2026:07:39:40 +0800] "GET /3288/2012/05/16/%E7%94%9F%E6%B4%BB%E7%AC%AC%E4%B8%80%E5%96%AE%E5%85%83%E4%BA%A4%E9%80%9A%E5%B7%A5%E5%85%B7%E5%B9%BB%E6%83%B3%E7%95%AB/ HTTP/1.1" 200 15468 "-" "Mozilla/5.0 (Macintosh; Intel Mac OS X 10_15_7) AppleWebKit/537.36 (KHTML, like Gecko) Chrome/120.0.0.0 Safari/537.36"
::1 - - [22/Aug/2026:07:39:41 +0800] "OPTIONS * HTTP/1.0" 200 110 "-" "Apache/2.4.68 (Ubuntu) OpenSSL/3.0.19 (internal dummy connection)"
::1 - - [22/Aug/2026:07:39:42 +0800] "OPTIONS * HTTP/1.0" 200 110 "-" "Apache/2.4.68 (Ubuntu) OpenSSL/3.0.19 (internal dummy connection)"
2001:288:a201::66:125 - - [22/Aug/2026:07:39:43 +0800] "GET /blog/active.php HTTP/1.1" 301 1026 "-" "-"
2001:288:a201::66:125 - - [22/Aug/2026:07:39:43 +0800] "GET /blog/active.php HTTP/1.1" 404 5511 "-" "-"
140.111.67.10 - - [22/Aug/2026:07:39:43 +0800] "GET /" 301 273 "-" "-"
34.206.212.24 - - [22/Aug/2026:07:39:43 +0800] "GET /wp-content/uploads/sites/1987/2022/07/?C=N;O%3DD HTTP/1.1" 200 1114 "-" "Mozilla/5.0 AppleWebKit/537.36 (KHTML, like Gecko; compatible; Amazonbot/0.1; +https://developer.amazon.com/support/amazonbot) Chrome/119.0.6045.214 Safari/537.36"
::1 - - [22/Aug/2026:07:39:44 +0800] "OPTIONS * HTTP/1.0" 200 110 "-" "Apache/2.4.68 (Ubuntu) OpenSSL/3.0.19 (internal dummy connection)"
66.249.79.137 - - [22/Aug/2026:07:39:43 +0800] "GET /wp-login.php?action=ilc_logout&_wpnonce=43754d0aad&redirect_to=//primfiresport.ru/creator/70523/ HTTP/1.1" 302 8247 "-" "Mozilla/5.0 (Linux; Android 6.0.1; Nexus 5X Build/MMB29P) AppleWebKit/537.36 (KHTML, like Gecko) Chrome/151.0.7922.137 Mobile Safari/537.36 (compatible; Googlebot/2.1; +http://www.google.com/bot.html)"
34.215.240.225 - - [22/Aug/2026:07:39:45 +0800] "GET / HTTP/1.1" 200 26046 "-" "Mozilla/5.0 (Windows NT 10.0; Win64; x64) AppleWebKit/537.36 (KHTML, like Gecko) Chrome/131.0.0.0 Safari/537.36"
::1 - - [22/Aug/2026:07:39:45 +0800] "OPTIONS * HTTP/1.0" 200 110 "-" "Apache/2.4.68 (Ubuntu) OpenSSL/3.0.19 (internal dummy connection)"
34.123.149.87 - - [22/Aug/2026:07:39:45 +0800] "GET /526/2025/03/06/%E5%AE%9C%E8%98%AD%E7%B8%A3%E5%9C%8B%E6%95%99%E8%BC%94%E5%B0%8E%E5%9C%98113%E5%AD%B8%E5%B9%B4%E5%BA%A6%E7%AC%AC%E4%BA%8C%E5%AD%B8%E6%9C%9F%E5%9C%8B%E5%B0%8F%E8%87%AA%E7%84%B6%E7%A7%91%E5%AD%B8/ HTTP/1.1" 200 31933 "-" "Mozilla/5.0 (Macintosh; Intel Mac OS X 10_15_7) AppleWebKit/537.36 (KHTML, like Gecko) Chrome/120.0.0.0 Safari/537.36"
34.215.240.225 - - [22/Aug/2026:07:39:45 +0800] "POST / HTTP/1.1" 200 21322 "-" "Mozilla/5.0 (Windows NT 10.0; Win64; x64) AppleWebKit/537.36 (KHTML, like Gecko) Chrome/131.0.0.0 Safari/537.36"
216.73.216.20 - - [22/Aug/2026:07:39:46 +0800] "GET /2013/07/15/ HTTP/1.1" 200 18882 "-" "Mozilla/5.0 AppleWebKit/537.36 (KHTML, like Gecko; compatible; ClaudeBot/1.0; +claudebot@anthropic.com)"
216.73.216.20 - - [22/Aug/2026:07:39:46 +0800] "GET /?p=1384 HTTP/1.1" 301 5861 "-" "Mozilla/5.0 AppleWebKit/537.36 (KHTML, like Gecko; compatible; ClaudeBot/1.0; +claudebot@anthropic.com)"
216.73.216.20 - - [22/Aug/2026:07:39:46 +0800] "GET /2011/02/19/%e9%98%b2%e5%88%b6%e6%a0%a1%e5%9c%92%e9%9c%b8%e5%87%8c%e6%b3%95%e6%b2%bb%e6%95%99%e8%82%b2%e5%ae%a3%e5%b0%8e%e5%8b%95%e7%95%ab%e5%b0%88%e5%8d%80/ HTTP/1.1" 200 15763 "https://www.ltes.ilc.edu.tw/?p=1384" "Mozilla/5.0 AppleWebKit/537.36 (KHTML, like Gecko; compatible; ClaudeBot/1.0; +claudebot@anthropic.com)"
216.73.216.20 - - [22/Aug/2026:07:39:46 +0800] "GET /19761/?p=9 HTTP/1.1" 301 5806 "-" "Mozilla/5.0 AppleWebKit/537.36 (KHTML, like Gecko; compatible; ClaudeBot/1.0; +claudebot@anthropic.com)"
2001:288:a201::67:82 - - [22/Aug/2026:07:39:46 +0800] "POST /?p=27&fsm_edd_37394=9ff8b8974e6bedb6efb1a6987f487d50 HTTP/1.1" 404 82751 "-" "WordPress/6.6.7; https://www.gtes.ilc.edu.tw"
34.215.240.225 - - [22/Aug/2026:07:39:46 +0800] "POST / HTTP/1.1" 200 21193 "-" "Mozilla/5.0 (Windows NT 10.0; Win64; x64) AppleWebKit/537.36 (KHTML, like Gecko) Chrome/131.0.0.0 Safari/537.36"
216.73.216.20 - - [22/Aug/2026:07:39:46 +0800] "GET /19761/2012/05/16/100%e5%ad%b8%e5%b9%b4%e5%ba%a6%e6%b2%b3%e6%b4%9b%e8%aa%9e%e8%aa%aa%e6%95%85%e4%ba%8b%e6%af%94%e8%b3%bd%e7%85%a7%e7%89%87/ HTTP/1.1" 200 9597 "https://2blog.ilc.edu.tw/19761/?p=9" "Mozilla/5.0 AppleWebKit/537.36 (KHTML, like Gecko; compatible; ClaudeBot/1.0; +claudebot@anthropic.com)"
216.73.216.20 - - [22/Aug/2026:07:39:46 +0800] "GET /6537/wp-json/wp/v2/posts/5057 HTTP/1.1" 200 19284 "-" "Mozilla/5.0 AppleWebKit/537.36 (KHTML, like Gecko; compatible; ClaudeBot/1.0; +claudebot@anthropic.com)"
216.73.216.20 - - [22/Aug/2026:07:39:46 +0800] "GET /3226/2008/09/page/21/ HTTP/1.1" 200 21595 "-" "Mozilla/5.0 AppleWebKit/537.36 (KHTML, like Gecko; compatible; ClaudeBot/1.0; +claudebot@anthropic.com)"
216.73.216.20 - - [22/Aug/2026:07:39:46 +0800] "GET /6537/wp-json/wp/v2/posts/5062 HTTP/1.1" 200 15481 "-" "Mozilla/5.0 AppleWebKit/537.36 (KHTML, like Gecko; compatible; ClaudeBot/1.0; +claudebot@anthropic.com)"
216.73.216.20 - - [22/Aug/2026:07:39:46 +0800] "GET /6537/wp-json/wp/v2/posts/5055 HTTP/1.1" 200 16932 "-" "Mozilla/5.0 AppleWebKit/537.36 (KHTML, like Gecko; compatible; ClaudeBot/1.0; +claudebot@anthropic.com)"
216.73.216.20 - - [22/Aug/2026:07:39:46 +0800] "GET /6537/wp-json/wp/v2/posts/5059 HTTP/1.1" 200 13080 "-" "Mozilla/5.0 AppleWebKit/537.36 (KHTML, like Gecko; compatible; ClaudeBot/1.0; +claudebot@anthropic.com)"
216.73.216.20 - - [22/Aug/2026:07:39:46 +0800] "GET /?p=33 HTTP/1.1" 301 1354 "-" "Mozilla/5.0 AppleWebKit/537.36 (KHTML, like Gecko; compatible; ClaudeBot/1.0; +claudebot@anthropic.com)"
216.73.216.20 - - [22/Aug/2026:07:39:46 +0800] "GET /?p=27 HTTP/1.1" 301 5827 "-" "Mozilla/5.0 AppleWebKit/537.36 (KHTML, like Gecko; compatible; ClaudeBot/1.0; +claudebot@anthropic.com)"
216.73.216.20 - - [22/Aug/2026:07:39:47 +0800] "GET /%e6%a0%a1%e6%ad%8c/ HTTP/1.1" 200 20653 "https://www.gtes.ilc.edu.tw/?p=33" "Mozilla/5.0 AppleWebKit/537.36 (KHTML, like Gecko; compatible; ClaudeBot/1.0; +claudebot@anthropic.com)"
216.73.216.20 - - [22/Aug/2026:07:39:47 +0800] "GET /%e6%95%99%e5%8b%99%e8%99%95/ HTTP/1.1" 200 19398 "https://www.gtes.ilc.edu.tw/?p=27" "Mozilla/5.0 AppleWebKit/537.36 (KHTML, like Gecko; compatible; ClaudeBot/1.0; +claudebot@anthropic.com)"
54.197.102.71 - - [22/Aug/2026:07:39:46 +0800] "GET /wp-content/uploads/sites/848/6554/6554-3341294.jpg HTTP/1.1" 200 52382 "-" "Mozilla/5.0 AppleWebKit/537.36 (KHTML, like Gecko; compatible; Amazonbot/0.1; +https://developer.amazon.com/support/amazonbot) Chrome/119.0.6045.214 Safari/537.36"
34.215.240.225 - - [22/Aug/2026:07:39:47 +0800] "POST / HTTP/1.1" 200 21193 "-" "Mozilla/5.0 (Windows NT 10.0; Win64; x64) AppleWebKit/537.36 (KHTML, like Gecko) Chrome/131.0.0.0 Safari/537.36"
54.163.136.244 - - [22/Aug/2026:07:39:47 +0800] "GET /32745/wp-json/wp/v2/media?parent=82694 HTTP/1.1" 200 9681 "-" "Mozilla/5.0 AppleWebKit/537.36 (KHTML, like Gecko; compatible; Amazonbot/0.1; +https://developer.amazon.com/support/amazonbot) Chrome/119.0.6045.214 Safari/537.36"
2001:288:a201::66:125 - - [22/Aug/2026:07:39:48 +0800] "GET /blog/active.php HTTP/1.1" 301 1026 "-" "-"
2001:288:a201::66:125 - - [22/Aug/2026:07:39:48 +0800] "GET /blog/active.php HTTP/1.1" 404 1084 "-" "-"
140.111.67.10 - - [22/Aug/2026:07:39:48 +0800] "GET /" 301 273 "-" "-"
34.215.240.225 - - [22/Aug/2026:07:39:47 +0800] "GET /.git/config HTTP/1.1" 404 54906 "-" "Mozilla/5.0 (Windows NT 10.0; Win64; x64) AppleWebKit/537.36 (KHTML, like Gecko) Chrome/131.0.0.0 Safari/537.36"
34.10.180.98 - - [22/Aug/2026:07:39:48 +0800] "GET /wp-json/oembed/1.0/embed?url=https://www.nojh.ilc.edu.tw/2024/08/07/%25e9%2580%25b2%25e4%25bf%25ae%25e9%2583%25a8%25e6%258b%259b%25e7%2594%259f%25e8%25a8%258a%25e6%2581%25af/ HTTP/1.1" 200 8316 "-" "Mozilla/5.0 (Macintosh; Intel Mac OS X 10_15_7) AppleWebKit/537.36 (KHTML, like Gecko) Chrome/120.0.0.0 Safari/537.36"
34.215.240.225 - - [22/Aug/2026:07:39:48 +0800] "POST / HTTP/1.1" 200 21193 "-" "Mozilla/5.0 (Windows NT 10.0; Win64; x64) AppleWebKit/537.36 (KHTML, like Gecko) Chrome/131.0.0.0 Safari/537.36"
34.215.240.225 - - [22/Aug/2026:07:39:49 +0800] "GET /.env HTTP/1.1" 404 54906 "-" "Mozilla/5.0 (Windows NT 10.0; Win64; x64) AppleWebKit/537.36 (KHTML, like Gecko) Chrome/131.0.0.0 Safari/537.36"
34.215.240.225 - - [22/Aug/2026:07:39:50 +0800] "GET /.env.local HTTP/1.1" 404 54906 "-" "Mozilla/5.0 (Windows NT 10.0; Win64; x64) AppleWebKit/537.36 (KHTML, like Gecko) Chrome/131.0.0.0 Safari/537.36"
34.215.240.225 - - [22/Aug/2026:07:39:50 +0800] "GET /.env.production HTTP/1.1" 404 54906 "-" "Mozilla/5.0 (Windows NT 10.0; Win64; x64) AppleWebKit/537.36 (KHTML, like Gecko) Chrome/131.0.0.0 Safari/537.36"
34.215.240.225 - - [22/Aug/2026:07:39:51 +0800] "GET /.env.staging HTTP/1.1" 404 54906 "-" "Mozilla/5.0 (Windows NT 10.0; Win64; x64) AppleWebKit/537.36 (KHTML, like Gecko) Chrome/131.0.0.0 Safari/537.36"
44.212.232.231 - - [22/Aug/2026:07:39:51 +0800] "GET /5239/wp-json/wp/v2/users/2670 HTTP/1.1" 200 6586 "-" "Mozilla/5.0 AppleWebKit/537.36 (KHTML, like Gecko; compatible; Amazonbot/0.1; +https://developer.amazon.com/support/amazonbot) Chrome/119.0.6045.214 Safari/537.36"
::1 - - [22/Aug/2026:07:39:52 +0800] "OPTIONS * HTTP/1.0" 200 110 "-" "Apache/2.4.68 (Ubuntu) OpenSSL/3.0.19 (internal dummy connection)"
34.215.240.225 - - [22/Aug/2026:07:39:52 +0800] "GET /.env.development HTTP/1.1" 404 54906 "-" "Mozilla/5.0 (Windows NT 10.0; Win64; x64) AppleWebKit/537.36 (KHTML, like Gecko) Chrome/131.0.0.0 Safari/537.36"
45.89.209.145 - - [22/Aug/2026:07:39:52 +0800] "GET /2024/04/%E5%AF%A6%E9%A9%97%E6%95%99%E8%82%B2%E7%B6%B2%E7%AB%99%E6%8C%89%E9%88%95.png HTTP/1.1" 404 36819 "https://www.daes.ilc.edu.tw/2024/04/" "Mozilla/5.0 (Macintosh; Intel Mac OS X 10_15_7) AppleWebKit/537.36 (KHTML, like Gecko) Chrome/131.0.0.0 Safari/537.36"
2001:288:a201::66:125 - - [22/Aug/2026:07:39:53 +0800] "GET /blog/active.php HTTP/1.1" 301 1026 "-" "-"
2001:288:a201::66:125 - - [22/Aug/2026:07:39:53 +0800] "GET /blog/active.php HTTP/1.1" 404 1084 "-" "-"
140.111.67.10 - - [22/Aug/2026:07:39:53 +0800] "GET /" 301 273 "-" "-"
::1 - - [22/Aug/2026:07:39:53 +0800] "OPTIONS * HTTP/1.0" 200 110 "-" "Apache/2.4.68 (Ubuntu) OpenSSL/3.0.19 (internal dummy connection)"
34.215.240.225 - - [22/Aug/2026:07:39:53 +0800] "GET /.env.test HTTP/1.1" 404 54906 "-" "Mozilla/5.0 (Windows NT 10.0; Win64; x64) AppleWebKit/537.36 (KHTML, like Gecko) Chrome/131.0.0.0 Safari/537.36"
34.215.240.225 - - [22/Aug/2026:07:39:53 +0800] "GET /.env.remote HTTP/1.1" 404 54906 "-" "Mozilla/5.0 (Windows NT 10.0; Win64; x64) AppleWebKit/537.36 (KHTML, like Gecko) Chrome/131.0.0.0 Safari/537.36"
::1 - - [22/Aug/2026:07:39:54 +0800] "OPTIONS * HTTP/1.0" 200 110 "-" "Apache/2.4.68 (Ubuntu) OpenSSL/3.0.19 (internal dummy connection)"
34.10.180.98 - - [22/Aug/2026:07:39:54 +0800] "GET /6526/2010/10/15/%E7%B6%A0%E8%89%B2%E5%B7%A1%E7%A6%AE%E6%B4%BB%E5%8B%95%E8%A8%88%E5%8A%83%EF%BD%9E%E5%8F%83%E8%A8%AA%E6%AD%A6%E8%8D%96%E5%9D%91/ HTTP/1.1" 200 15221 "-" "Mozilla/5.0 (Macintosh; Intel Mac OS X 10_15_7) AppleWebKit/537.36 (KHTML, like Gecko) Chrome/120.0.0.0 Safari/537.36"
34.215.240.225 - - [22/Aug/2026:07:39:54 +0800] "GET /.env.bak HTTP/1.1" 404 54906 "-" "Mozilla/5.0 (Windows NT 10.0; Win64; x64) AppleWebKit/537.36 (KHTML, like Gecko) Chrome/131.0.0.0 Safari/537.36"
::1 - - [22/Aug/2026:07:39:55 +0800] "OPTIONS * HTTP/1.0" 200 110 "-" "Apache/2.4.68 (Ubuntu) OpenSSL/3.0.19 (internal dummy connection)"
34.215.240.225 - - [22/Aug/2026:07:39:55 +0800] "GET /.env.backup HTTP/1.1" 404 54906 "-" "Mozilla/5.0 (Windows NT 10.0; Win64; x64) AppleWebKit/537.36 (KHTML, like Gecko) Chrome/131.0.0.0 Safari/537.36"
54.90.8.255 - - [22/Aug/2026:07:39:55 +0800] "GET /6509/author/zoker/page/7/ HTTP/1.1" 200 16318 "-" "Mozilla/5.0 AppleWebKit/537.36 (KHTML, like Gecko; compatible; Amazonbot/0.1; +https://developer.amazon.com/support/amazonbot) Chrome/119.0.6045.214 Safari/537.36"
34.215.240.225 - - [22/Aug/2026:07:39:55 +0800] "GET /.env.save HTTP/1.1" 404 54906 "-" "Mozilla/5.0 (Windows NT 10.0; Win64; x64) AppleWebKit/537.36 (KHTML, like Gecko) Chrome/131.0.0.0 Safari/537.36"
::1 - - [22/Aug/2026:07:39:56 +0800] "OPTIONS * HTTP/1.0" 200 110 "-" "Apache/2.4.68 (Ubuntu) OpenSSL/3.0.19 (internal dummy connection)"
23.21.175.228 - - [22/Aug/2026:07:39:55 +0800] "GET /wp-content/uploads/sites/1256/6/previews/6-3167955.gif HTTP/1.1" 200 10938 "-" "Mozilla/5.0 AppleWebKit/537.36 (KHTML, like Gecko; compatible; Amazonbot/0.1; +https://developer.amazon.com/support/amazonbot) Chrome/119.0.6045.214 Safari/537.36"
34.215.240.225 - - [22/Aug/2026:07:39:56 +0800] "GET /.env.old HTTP/1.1" 404 54906 "-" "Mozilla/5.0 (Windows NT 10.0; Win64; x64) AppleWebKit/537.36 (KHTML, like Gecko) Chrome/131.0.0.0 Safari/537.36"
::1 - - [22/Aug/2026:07:39:57 +0800] "OPTIONS * HTTP/1.0" 200 110 "-" "Apache/2.4.68 (Ubuntu) OpenSSL/3.0.19 (internal dummy connection)"
34.215.240.225 - - [22/Aug/2026:07:39:57 +0800] "GET /.env.sample HTTP/1.1" 404 54906 "-" "Mozilla/5.0 (Windows NT 10.0; Win64; x64) AppleWebKit/537.36 (KHTML, like Gecko) Chrome/131.0.0.0 Safari/537.36"
2001:288:a201::66:125 - - [22/Aug/2026:07:39:58 +0800] "GET /blog/active.php HTTP/1.1" 301 1026 "-" "-"
2001:288:a201::66:125 - - [22/Aug/2026:07:39:58 +0800] "GET /blog/active.php HTTP/1.1" 404 1084 "-" "-"
52.200.54.136 - - [22/Aug/2026:07:39:58 +0800] "GET /wp-content/uploads/sites/848/6554/6554-3341261.jpg HTTP/1.1" 200 62359 "-" "Mozilla/5.0 AppleWebKit/537.36 (KHTML, like Gecko; compatible; Amazonbot/0.1; +https://developer.amazon.com/support/amazonbot) Chrome/119.0.6045.214 Safari/537.36"
140.111.67.10 - - [22/Aug/2026:07:39:58 +0800] "GET /" 301 273 "-" "-"
34.215.240.225 - - [22/Aug/2026:07:39:58 +0800] "GET /.env.example HTTP/1.1" 404 54906 "-" "Mozilla/5.0 (Windows NT 10.0; Win64; x64) AppleWebKit/537.36 (KHTML, like Gecko) Chrome/131.0.0.0 Safari/537.36"
34.215.240.225 - - [22/Aug/2026:07:39:58 +0800] "GET /.env.dev HTTP/1.1" 404 54906 "-" "Mozilla/5.0 (Windows NT 10.0; Win64; x64) AppleWebKit/537.36 (KHTML, like Gecko) Chrome/131.0.0.0 Safari/537.36"
66.249.79.137 - - [22/Aug/2026:07:39:57 +0800] "GET /wp-login.php?action=ilc_logout&_wpnonce=43754d0aad&redirect_to=http://primfiresport.ru/join/61373/ HTTP/1.1" 302 8249 "-" "Mozilla/5.0 (Linux; Android 6.0.1; Nexus 5X Build/MMB29P) AppleWebKit/537.36 (KHTML, like Gecko) Chrome/151.0.7922.137 Mobile Safari/537.36 (compatible; Googlebot/2.1; +http://www.google.com/bot.html)"
54.163.169.168 - - [22/Aug/2026:07:39:59 +0800] "GET /wp-content/uploads/sites/847/6483/6483-2381619.gif HTTP/1.1" 200 54467 "-" "Mozilla/5.0 AppleWebKit/537.36 (KHTML, like Gecko; compatible; Amazonbot/0.1; +https://developer.amazon.com/support/amazonbot) Chrome/119.0.6045.214 Safari/537.36"
34.215.240.225 - - [22/Aug/2026:07:39:59 +0800] "GET /.env.prod HTTP/1.1" 404 54906 "-" "Mozilla/5.0 (Windows NT 10.0; Win64; x64) AppleWebKit/537.36 (KHTML, like Gecko) Chrome/131.0.0.0 Safari/537.36"
34.215.240.225 - - [22/Aug/2026:07:40:00 +0800] "GET /.env.stage HTTP/1.1" 404 54906 "-" "Mozilla/5.0 (Windows NT 10.0; Win64; x64) AppleWebKit/537.36 (KHTML, like Gecko) Chrome/131.0.0.0 Safari/537.36"
2001:288:a201::67:85 - - [22/Aug/2026:07:40:01 +0800] "GET / HTTP/1.1" 200 56291 "-" "curl/7.81.0"
34.215.240.225 - - [22/Aug/2026:07:40:01 +0800] "GET /.env.ci HTTP/1.1" 404 54906 "-" "Mozilla/5.0 (Windows NT 10.0; Win64; x64) AppleWebKit/537.36 (KHTML, like Gecko) Chrome/131.0.0.0 Safari/537.36"
2001:288:a201::67:82 - - [22/Aug/2026:07:40:01 +0800] "GET / HTTP/1.1" 200 56291 "-" "curl/7.81.0"
34.215.240.225 - - [22/Aug/2026:07:40:01 +0800] "GET /.env.docker HTTP/1.1" 404 54906 "-" "Mozilla/5.0 (Windows NT 10.0; Win64; x64) AppleWebKit/537.36 (KHTML, like Gecko) Chrome/131.0.0.0 Safari/537.36"
34.215.240.225 - - [22/Aug/2026:07:40:02 +0800] "GET /.env.live HTTP/1.1" 404 54906 "-" "Mozilla/5.0 (Windows NT 10.0; Win64; x64) AppleWebKit/537.36 (KHTML, like Gecko) Chrome/131.0.0.0 Safari/537.36"
2001:288:a201::66:125 - - [22/Aug/2026:07:40:03 +0800] "GET /blog/active.php HTTP/1.1" 301 1026 "-" "-"
2001:288:a201::66:125 - - [22/Aug/2026:07:40:03 +0800] "GET /blog/active.php HTTP/1.1" 404 1084 "-" "-"
140.111.67.10 - - [22/Aug/2026:07:40:03 +0800] "GET /" 301 273 "-" "-"
18.214.124.6 - - [22/Aug/2026:07:40:03 +0800] "GET /wp-content/uploads/sites/615/2026/03/?C=D;O%3DA HTTP/1.1" 200 1111 "-" "Mozilla/5.0 AppleWebKit/537.36 (KHTML, like Gecko; compatible; Amazonbot/0.1; +https://developer.amazon.com/support/amazonbot) Chrome/119.0.6045.214 Safari/537.36"
34.215.240.225 - - [22/Aug/2026:07:40:03 +0800] "GET /.env.preprod HTTP/1.1" 404 54906 "-" "Mozilla/5.0 (Windows NT 10.0; Win64; x64) AppleWebKit/537.36 (KHTML, like Gecko) Chrome/131.0.0.0 Safari/537.36"
2407:4b00:4c06:473:44fe:2a15:48fc:9524 - - [22/Aug/2026:07:40:04 +0800] "-" 408 4803 "-" "-"
18.209.137.234 - - [22/Aug/2026:07:40:04 +0800] "GET /32745/wp-json/wp/v2/comments?post=114871 HTTP/1.1" 200 6011 "-" "Mozilla/5.0 AppleWebKit/537.36 (KHTML, like Gecko; compatible; Amazonbot/0.1; +https://developer.amazon.com/support/amazonbot) Chrome/119.0.6045.214 Safari/537.36"
34.215.240.225 - - [22/Aug/2026:07:40:04 +0800] "GET /.env.uat HTTP/1.1" 404 54906 "-" "Mozilla/5.0 (Windows NT 10.0; Win64; x64) AppleWebKit/537.36 (KHTML, like Gecko) Chrome/131.0.0.0 Safari/537.36"
34.215.240.225 - - [22/Aug/2026:07:40:05 +0800] "GET /.env.dist HTTP/1.1" 404 54906 "-" "Mozilla/5.0 (Windows NT 10.0; Win64; x64) AppleWebKit/537.36 (KHTML, like Gecko) Chrome/131.0.0.0 Safari/537.36"
66.249.79.128 - - [22/Aug/2026:07:40:03 +0800] "GET /wp-login.php?action=ilc_logout&_wpnonce=43754d0aad&redirect_to=http://juliamilton.ru/join/26983/ HTTP/1.1" 302 3440 "-" "Mozilla/5.0 (compatible; Googlebot/2.1; +http://www.google.com/bot.html)"
98.170.57.249 - - [22/Aug/2026:07:40:01 +0800] "GET /wp-login.php?action=ilc_logout&_wpnonce=43754d0aad&redirect_to=https://clubcoma.org/ HTTP/1.1" 302 8294 "https://tanukiya-mochi.com/2020/12/02/%e3%80%8c%e5%b3%b6%e7%94%b0%e3%81%ae%e3%81%8a%e3%82%82%e3%81%a1%e3%82%84%e3%80%8d%e3%81%9f%e3%81%ac%e3%81%8d%e5%b1%8b%e9%a4%85%e5%ba%97%e3%81%ab%e3%80%81%e7%a7%8b%e6%81%92%e4%be%8b%e3%80%8c%e6%a0%97/%e5%86%99%e7%9c%9f4%e9%a3%9f%e5%8d%93/" "Mozilla/5.0 (Windows NT 6.3; Win64; x64) AppleWebKit/537.36 (KHTML, like Gecko) Chrome/103.0.0.0 Safari/537.36"
66.249.79.129 - - [22/Aug/2026:07:40:03 +0800] "GET /wp-login.php?action=ilc_logout&_wpnonce=43754d0aad&redirect_to=http://ftavo.ru/gallery/89826/ HTTP/1.1" 302 3437 "-" "Mozilla/5.0 (compatible; Googlebot/2.1; +http://www.google.com/bot.html)"
66.249.79.128 - - [22/Aug/2026:07:40:02 +0800] "GET /wp-login.php?action=ilc_logout&_wpnonce=43754d0aad&redirect_to=http://mainkink.ru/job/48156/ HTTP/1.1" 302 3436 "-" "Mozilla/5.0 (compatible; Googlebot/2.1; +http://www.google.com/bot.html)"
34.215.240.225 - - [22/Aug/2026:07:40:05 +0800] "GET /.env.swp HTTP/1.1" 404 54906 "-" "Mozilla/5.0 (Windows NT 10.0; Win64; x64) AppleWebKit/537.36 (KHTML, like Gecko) Chrome/131.0.0.0 Safari/537.36"
18.214.124.6 - - [22/Aug/2026:07:40:06 +0800] "GET /wp-content/uploads/sites/848/6554/6554-3341277.jpg HTTP/1.1" 200 37193 "-" "Mozilla/5.0 AppleWebKit/537.36 (KHTML, like Gecko; compatible; Amazonbot/0.1; +https://developer.amazon.com/support/amazonbot) Chrome/119.0.6045.214 Safari/537.36"
34.215.240.225 - - [22/Aug/2026:07:40:06 +0800] "GET /.env~ HTTP/1.1" 404 54906 "-" "Mozilla/5.0 (Windows NT 10.0; Win64; x64) AppleWebKit/537.36 (KHTML, like Gecko) Chrome/131.0.0.0 Safari/537.36"
127.0.0.1 - - [22/Aug/2026:07:40:07 +0800] "GET / HTTP/1.1" 301 977 "-" "curl/7.81.0"
127.0.0.1 - - [22/Aug/2026:07:40:07 +0800] "GET / HTTP/1.1" 302 5497 "-" "curl/7.81.0"
127.0.0.1 - - [22/Aug/2026:07:40:07 +0800] "HEAD / HTTP/1.1" 302 5478 "-" "curl/7.81.0"
54.91.122.193 - - [22/Aug/2026:07:40:07 +0800] "GET /wp-content/uploads/sites/2452/2022/05/?C=M;O%3DA HTTP/1.1" 200 1112 "-" "Mozilla/5.0 AppleWebKit/537.36 (KHTML, like Gecko; compatible; Amazonbot/0.1; +https://developer.amazon.com/support/amazonbot) Chrome/119.0.6045.214 Safari/537.36"
2001:b011:7801:b60e:79e9:cfc2:6611:2bd6 - - [22/Aug/2026:07:40:07 +0800] "-" 408 4794 "-" "-"
34.215.240.225 - - [22/Aug/2026:07:40:07 +0800] "GET /.env1 HTTP/1.1" 404 54906 "-" "Mozilla/5.0 (Windows NT 10.0; Win64; x64) AppleWebKit/537.36 (KHTML, like Gecko) Chrome/131.0.0.0 Safari/537.36"
2001:288:a201::66:125 - - [22/Aug/2026:07:40:08 +0800] "GET /blog/active.php HTTP/1.1" 301 1026 "-" "-"
2001:288:a201::66:125 - - [22/Aug/2026:07:40:08 +0800] "GET /blog/active.php HTTP/1.1" 404 1084 "-" "-"
140.111.67.10 - - [22/Aug/2026:07:40:08 +0800] "GET /" 301 273 "-" "-"
66.249.79.128 - - [22/Aug/2026:07:40:06 +0800] "GET /wp-login.php?action=ilc_logout&_wpnonce=43754d0aad&redirect_to=http://ira-konda.ru/gallery/77101/ HTTP/1.1" 302 8248 "-" "Mozilla/5.0 (Linux; Android 6.0.1; Nexus 5X Build/MMB29P) AppleWebKit/537.36 (KHTML, like Gecko) Chrome/151.0.7922.137 Mobile Safari/537.36 (compatible; Googlebot/2.1; +http://www.google.com/bot.html)"
170.124.31.149 - - [22/Aug/2026:07:40:06 +0800] "GET /wp-login.php?action=ilc_logout&_wpnonce=43754d0aad&redirect_to=https://annonce-trans-nantes.fr/ HTTP/1.1" 302 8246 "-" "Mozilla/5.0 (compatible; Googlebot/2.1; +http://www.google.com/bot.html)"
66.249.79.128 - - [22/Aug/2026:07:40:06 +0800] "GET /wp-login.php?action=ilc_logout&_wpnonce=43754d0aad&redirect_to=http://lotos11.ru/join/68847/ HTTP/1.1" 302 3436 "-" "Mozilla/5.0 (compatible; Googlebot/2.1; +http://www.google.com/bot.html)"
34.215.240.225 - - [22/Aug/2026:07:40:08 +0800] "GET /.env2 HTTP/1.1" 404 54906 "-" "Mozilla/5.0 (Windows NT 10.0; Win64; x64) AppleWebKit/537.36 (KHTML, like Gecko) Chrome/131.0.0.0 Safari/537.36"
34.202.88.37 - - [22/Aug/2026:07:40:08 +0800] "GET /1003/wp-content/uploads/sites/233/2021/01/IMG_3045-1600x2133.jpg HTTP/1.1" 200 579675 "-" "Mozilla/5.0 AppleWebKit/537.36 (KHTML, like Gecko; compatible; Amazonbot/0.1; +https://developer.amazon.com/support/amazonbot) Chrome/119.0.6045.214 Safari/537.36"
34.171.68.95 - - [22/Aug/2026:07:40:08 +0800] "GET /funzone/2014/11/07/%E9%87%91%E8%98%AD%E4%B9%8B%E4%BA%A4%EF%BD%9E%E9%87%91%E9%96%80%E7%B6%9C%E5%90%88%E6%B4%BB%E5%8B%95%E9%A0%98%E5%9F%9F%E5%8F%AC%E9%9B%86%E4%BA%BA%E5%A2%9E%E8%83%BD%E7%A0%94%E7%BF%92/ HTTP/1.1" 200 31911 "-" "Mozilla/5.0 (Macintosh; Intel Mac OS X 10_15_7) AppleWebKit/537.36 (KHTML, like Gecko) Chrome/120.0.0.0 Safari/537.36"
66.249.79.138 - - [22/Aug/2026:07:40:06 +0800] "GET /wp-login.php?action=ilc_logout&_wpnonce=43754d0aad&redirect_to=//newveteranmosproc.ru/gallery/66536/ HTTP/1.1" 302 8251 "-" "Mozilla/5.0 (compatible; Googlebot/2.1; +http://www.google.com/bot.html)"
100.55.60.118 - - [22/Aug/2026:07:40:06 +0800] "GET /html/.env HTTP/1.1" 404 54891 "-" "Mozilla/5.0 (Windows NT 10.0; Win64; x64) AppleWebKit/537.36 (KHTML, like Gecko) Chrome/131.0.0.0 Safari/537.36"
34.215.240.225 - - [22/Aug/2026:07:40:09 +0800] "GET /.env_copy HTTP/1.1" 404 54906 "-" "Mozilla/5.0 (Windows NT 10.0; Win64; x64) AppleWebKit/537.36 (KHTML, like Gecko) Chrome/131.0.0.0 Safari/537.36"
34.215.240.225 - - [22/Aug/2026:07:40:10 +0800] "GET /.env.txt HTTP/1.1" 404 54906 "-" "Mozilla/5.0 (Windows NT 10.0; Win64; x64) AppleWebKit/537.36 (KHTML, like Gecko) Chrome/131.0.0.0 Safari/537.36"
52.3.127.170 - - [22/Aug/2026:07:40:10 +0800] "GET /32745/wp-content/uploads/sites/1271/2020/06/safe_image-28-3-520x245.jpg HTTP/1.1" 200 24961 "-" "Mozilla/5.0 AppleWebKit/537.36 (KHTML, like Gecko; compatible; Amazonbot/0.1; +https://developer.amazon.com/support/amazonbot) Chrome/119.0.6045.214 Safari/537.36"
34.215.240.225 - - [22/Aug/2026:07:40:10 +0800] "GET /.env.json HTTP/1.1" 404 54906 "-" "Mozilla/5.0 (Windows NT 10.0; Win64; x64) AppleWebKit/537.36 (KHTML, like Gecko) Chrome/131.0.0.0 Safari/537.36"
66.249.71.1 - - [22/Aug/2026:07:40:08 +0800] "GET /wp-login.php?action=ilc_logout&_wpnonce=43754d0aad&redirect_to=http://tusshop.ru/join/48549/ HTTP/1.1" 302 3436 "-" "Mozilla/5.0 (compatible; Googlebot/2.1; +http://www.google.com/bot.html)"
66.249.79.129 - - [22/Aug/2026:07:40:09 +0800] "GET /wp-login.php?action=ilc_logout&_wpnonce=43754d0aad&redirect_to=http://plotnikov-holding.ru/job/29110/ HTTP/1.1" 302 3445 "-" "Mozilla/5.0 (compatible; Googlebot/2.1; +http://www.google.com/bot.html)"
137.184.51.29 - - [22/Aug/2026:07:40:11 +0800] "GET /blog/imgs/thumbs_up.gif HTTP/1.1" 301 1042 "http://blog.ilc.edu.tw/" "Mozilla/5.0 (Windows NT 10.0; Win64; x64) AppleWebKit/537.36 (KHTML, like Gecko) Chrome/105.0.0.0 Safari/537.3"
137.184.51.29 - - [22/Aug/2026:07:40:11 +0800] "GET /blog/gallery/2406/previews-med/2406-231217.jpg HTTP/1.1" 301 1088 "http://blog.ilc.edu.tw/" "Mozilla/5.0 (Windows NT 10.0; Win64; x64) AppleWebKit/537.36 (KHTML, like Gecko) Chrome/120.0.0.0 Safari/537.36"
192.81.211.171 - - [22/Aug/2026:07:40:11 +0800] "GET /blog/imgs/thumbs_up.gif HTTP/1.1" 301 1042 "http://blog.ilc.edu.tw/" "Mozilla/5.0 (Windows NT 10.0; Win64; x64) AppleWebKit/537.36 (KHTML, like Gecko) Chrome/120.0.0.0 Safari/537.36"
161.35.0.250 - - [22/Aug/2026:07:40:11 +0800] "GET /blog/gallery/2406/2406-703852.jpg HTTP/1.1" 301 1062 "http://blog.ilc.edu.tw/" "Mozilla/5.0 (Windows NT 10.0; Win64; x64) AppleWebKit/537.36 (KHTML, like Gecko) Chrome/120.0.0.0 Safari/537.36"
198.199.75.12 - - [22/Aug/2026:07:40:11 +0800] "GET /blog/gallery/135/135-1124772.jpg HTTP/1.1" 301 1060 "http://blog.ilc.edu.tw/" "Mozilla/5.0 (Windows NT 10.0; Win64; x64) AppleWebKit/537.36 (KHTML, like Gecko) Chrome/131.0.0.0 Safari/537.36"
174.138.42.52 - - [22/Aug/2026:07:40:12 +0800] "GET /blog/gallery/2406/2406-703853.gif HTTP/1.1" 301 1062 "http://blog.ilc.edu.tw/" "Mozilla/5.0 (Windows NT 10.0; Win64; x64) AppleWebKit/537.36 (KHTML, like Gecko) Chrome/120.0.0.0 Safari/537.36"
3.222.85.38 - - [22/Aug/2026:07:40:11 +0800] "GET /wp-content/uploads/sites/1413/staatic/resources/8/2c288d0ed65744526029d335644b7d90cbf0459 HTTP/1.1" 200 231656 "-" "Mozilla/5.0 AppleWebKit/537.36 (KHTML, like Gecko; compatible; Amazonbot/0.1; +https://developer.amazon.com/support/amazonbot) Chrome/119.0.6045.214 Safari/537.36"
34.215.240.225 - - [22/Aug/2026:07:40:11 +0800] "GET /.env.yaml HTTP/1.1" 404 54906 "-" "Mozilla/5.0 (Windows NT 10.0; Win64; x64) AppleWebKit/537.36 (KHTML, like Gecko) Chrome/131.0.0.0 Safari/537.36"
66.249.79.137 - - [22/Aug/2026:07:40:09 +0800] "GET /wp-login.php?action=ilc_logout&_wpnonce=43754d0aad&redirect_to=http://mainkink.ru/job/25406/ HTTP/1.1" 302 8243 "-" "Mozilla/5.0 (Linux; Android 6.0.1; Nexus 5X Build/MMB29P) AppleWebKit/537.36 (KHTML, like Gecko) Chrome/151.0.7922.137 Mobile Safari/537.36 (compatible; GoogleOther)"
174.138.42.52 - - [22/Aug/2026:07:40:12 +0800] "GET /blog/gallery/2406/previews-med/2406-230939.jpg HTTP/1.1" 301 1088 "http://blog.ilc.edu.tw/" "Mozilla/5.0 (Windows NT 10.0; Win64; x64) AppleWebKit/537.36 (KHTML, like Gecko) Chrome/120.0.0.0 Safari/537.36"
100.55.60.118 - - [22/Aug/2026:07:40:10 +0800] "GET /live/.env HTTP/1.1" 404 54886 "-" "Mozilla/5.0 (Windows NT 10.0; Win64; x64) AppleWebKit/537.36 (KHTML, like Gecko) Chrome/131.0.0.0 Safari/537.36"
34.215.240.225 - - [22/Aug/2026:07:40:12 +0800] "GET /.env.yml HTTP/1.1" 404 54906 "-" "Mozilla/5.0 (Windows NT 10.0; Win64; x64) AppleWebKit/537.36 (KHTML, like Gecko) Chrome/131.0.0.0 Safari/537.36"
2001:288:a201::66:125 - - [22/Aug/2026:07:40:13 +0800] "GET /blog/active.php HTTP/1.1" 301 1026 "-" "-"
2001:288:a201::66:125 - - [22/Aug/2026:07:40:13 +0800] "GET /blog/active.php HTTP/1.1" 404 1084 "-" "-"
140.111.67.10 - - [22/Aug/2026:07:40:13 +0800] "GET /" 301 273 "-" "-"
34.215.240.225 - - [22/Aug/2026:07:40:13 +0800] "GET /app/.env HTTP/1.1" 404 54906 "-" "Mozilla/5.0 (Windows NT 10.0; Win64; x64) AppleWebKit/537.36 (KHTML, like Gecko) Chrome/131.0.0.0 Safari/537.36"
198.211.101.155 - - [22/Aug/2026:07:40:14 +0800] "GET /blog/gallery/2406/previews-med/2406-231216.jpg HTTP/1.1" 404 25426 "http://blog.ilc.edu.tw/" "Mozilla/5.0 (Windows NT 10.0; Win64; x64) AppleWebKit/537.36 (KHTML, like Gecko) Chrome/120.0.0.0 Safari/537.36"
137.184.64.176 - - [22/Aug/2026:07:40:14 +0800] "GET /blog/imgs/comment_icon1.gif HTTP/1.1" 404 25426 "http://blog.ilc.edu.tw/" "Mozilla/5.0 (Windows NT 10.0; Win64; x64) AppleWebKit/537.36 (KHTML, like Gecko) Chrome/131.0.0.0 Safari/537.36"
66.249.79.138 - - [22/Aug/2026:07:40:11 +0800] "GET /wp-login.php?action=ilc_logout&_wpnonce=43754d0aad&redirect_to=//irinazubareva.ru/creator/7538/ HTTP/1.1" 302 3461 "-" "Mozilla/5.0 (Linux; Android 6.0.1; Nexus 5X Build/MMB29P) AppleWebKit/537.36 (KHTML, like Gecko) Chrome/151.0.7922.137 Mobile Safari/537.36 (compatible; Googlebot/2.1; +http://www.google.com/bot.html)"
