54.243.63.52 - - [22/Aug/2026:07:43:27 +0800] "GET /wp-content/uploads/sites/311/2021/07/?C=M;O%3DA HTTP/1.1" 200 1112 "-" "Mozilla/5.0 AppleWebKit/537.36 (KHTML, like Gecko; compatible; Amazonbot/0.1; +https://developer.amazon.com/support/amazonbot) Chrome/119.0.6045.214 Safari/537.36"
216.73.216.20 - - [22/Aug/2026:07:43:27 +0800] "GET /sun520/wp-content/uploads/sites/3900/2026/03/IMG_9522-300x200.jpg HTTP/1.1" 200 14360 "-" "Mozilla/5.0 AppleWebKit/537.36 (KHTML, like Gecko; compatible; ClaudeBot/1.0; +claudebot@anthropic.com)"
216.73.216.20 - - [22/Aug/2026:07:43:27 +0800] "GET /sun520/wp-content/uploads/sites/3900/2026/04/IMG_1767-300x200.jpg HTTP/1.1" 200 16827 "-" "Mozilla/5.0 AppleWebKit/537.36 (KHTML, like Gecko; compatible; ClaudeBot/1.0; +claudebot@anthropic.com)"
216.73.216.20 - - [22/Aug/2026:07:43:27 +0800] "GET /sun520/wp-content/uploads/sites/3900/2026/04/IMG_1884-300x200.jpg HTTP/1.1" 200 17911 "-" "Mozilla/5.0 AppleWebKit/537.36 (KHTML, like Gecko; compatible; ClaudeBot/1.0; +claudebot@anthropic.com)"
216.73.216.20 - - [22/Aug/2026:07:43:27 +0800] "GET /sun520/wp-content/uploads/sites/3900/2026/03/IMG_9297-300x200.jpg HTTP/1.1" 200 13534 "-" "Mozilla/5.0 AppleWebKit/537.36 (KHTML, like Gecko; compatible; ClaudeBot/1.0; +claudebot@anthropic.com)"
::1 - - [22/Aug/2026:07:43:27 +0800] "OPTIONS * HTTP/1.0" 200 110 "-" "Apache/2.4.68 (Ubuntu) OpenSSL/3.0.19 (internal dummy connection)"
52.23.112.144 - - [22/Aug/2026:07:43:27 +0800] "GET /blog/blog/6492/post/21950/441718 HTTP/1.1" 301 1060 "-" "Mozilla/5.0 AppleWebKit/537.36 (KHTML, like Gecko; compatible; Amazonbot/0.1; +https://developer.amazon.com/support/amazonbot) Chrome/119.0.6045.214 Safari/537.36"
216.73.216.20 - - [22/Aug/2026:07:43:27 +0800] "GET /sun520/wp-content/uploads/sites/3900/2026/04/IMG_2088-300x200.jpg HTTP/1.1" 200 17417 "-" "Mozilla/5.0 AppleWebKit/537.36 (KHTML, like Gecko; compatible; ClaudeBot/1.0; +claudebot@anthropic.com)"
216.73.216.20 - - [22/Aug/2026:07:43:27 +0800] "GET /sun520/wp-content/uploads/sites/3900/2026/04/IMG_2361-300x200.jpg HTTP/1.1" 200 15614 "-" "Mozilla/5.0 AppleWebKit/537.36 (KHTML, like Gecko; compatible; ClaudeBot/1.0; +claudebot@anthropic.com)"
216.73.216.20 - - [22/Aug/2026:07:43:28 +0800] "GET /sun520/wp-content/uploads/sites/3900/2026/04/IMG_2438-300x200.jpg HTTP/1.1" 200 19780 "-" "Mozilla/5.0 AppleWebKit/537.36 (KHTML, like Gecko; compatible; ClaudeBot/1.0; +claudebot@anthropic.com)"
216.73.216.20 - - [22/Aug/2026:07:43:28 +0800] "GET /sun520/wp-content/uploads/sites/3900/2026/04/IMG_2434-300x200.jpg HTTP/1.1" 200 18168 "-" "Mozilla/5.0 AppleWebKit/537.36 (KHTML, like Gecko; compatible; ClaudeBot/1.0; +claudebot@anthropic.com)"
2001:288:a201::66:125 - - [22/Aug/2026:07:43:28 +0800] "GET /blog/active.php HTTP/1.1" 301 1026 "-" "-"
2001:288:a201::66:125 - - [22/Aug/2026:07:43:28 +0800] "GET /blog/active.php HTTP/1.1" 404 1084 "-" "-"
216.73.216.20 - - [22/Aug/2026:07:43:28 +0800] "GET /sun520/wp-content/uploads/sites/3900/2026/04/IMG_2283-300x200.jpg HTTP/1.1" 200 13050 "-" "Mozilla/5.0 AppleWebKit/537.36 (KHTML, like Gecko; compatible; ClaudeBot/1.0; +claudebot@anthropic.com)"
140.111.67.10 - - [22/Aug/2026:07:43:28 +0800] "GET /" 301 273 "-" "-"
216.73.216.20 - - [22/Aug/2026:07:43:28 +0800] "GET /sun520/wp-content/uploads/sites/3900/2026/04/IMG_1787-300x200.jpg HTTP/1.1" 200 16896 "-" "Mozilla/5.0 AppleWebKit/537.36 (KHTML, like Gecko; compatible; ClaudeBot/1.0; +claudebot@anthropic.com)"
216.73.216.20 - - [22/Aug/2026:07:43:28 +0800] "GET /sun520/wp-content/uploads/sites/3900/2026/04/IMG_2090-300x200.jpg HTTP/1.1" 200 15900 "-" "Mozilla/5.0 AppleWebKit/537.36 (KHTML, like Gecko; compatible; ClaudeBot/1.0; +claudebot@anthropic.com)"
216.73.216.20 - - [22/Aug/2026:07:43:28 +0800] "GET /sun520/wp-content/uploads/sites/3900/2026/03/IMG_8789-300x200.jpg HTTP/1.1" 200 17558 "-" "Mozilla/5.0 AppleWebKit/537.36 (KHTML, like Gecko; compatible; ClaudeBot/1.0; +claudebot@anthropic.com)"
216.73.216.20 - - [22/Aug/2026:07:43:28 +0800] "GET /sun520/wp-content/uploads/sites/3900/2026/04/IMG_1541-300x200.jpg HTTP/1.1" 200 12157 "-" "Mozilla/5.0 AppleWebKit/537.36 (KHTML, like Gecko; compatible; ClaudeBot/1.0; +claudebot@anthropic.com)"
216.73.216.20 - - [22/Aug/2026:07:43:28 +0800] "GET /sun520/wp-content/uploads/sites/3900/2026/03/IMG_9141-300x200.jpg HTTP/1.1" 200 13365 "-" "Mozilla/5.0 AppleWebKit/537.36 (KHTML, like Gecko; compatible; ClaudeBot/1.0; +claudebot@anthropic.com)"
::1 - - [22/Aug/2026:07:43:28 +0800] "OPTIONS * HTTP/1.0" 200 110 "-" "Apache/2.4.68 (Ubuntu) OpenSSL/3.0.19 (internal dummy connection)"
216.73.216.20 - - [22/Aug/2026:07:43:28 +0800] "GET /sun520/wp-content/uploads/sites/3900/2026/04/IMG_1793-300x200.jpg HTTP/1.1" 200 14930 "-" "Mozilla/5.0 AppleWebKit/537.36 (KHTML, like Gecko; compatible; ClaudeBot/1.0; +claudebot@anthropic.com)"
216.73.216.20 - - [22/Aug/2026:07:43:28 +0800] "GET /sun520/wp-content/uploads/sites/3900/2026/04/IMG_1746-300x200.jpg HTTP/1.1" 200 17524 "-" "Mozilla/5.0 AppleWebKit/537.36 (KHTML, like Gecko; compatible; ClaudeBot/1.0; +claudebot@anthropic.com)"
216.73.216.20 - - [22/Aug/2026:07:43:28 +0800] "GET /sun520/wp-content/uploads/sites/3900/2026/03/IMG_8987-300x200.jpg HTTP/1.1" 200 13893 "-" "Mozilla/5.0 AppleWebKit/537.36 (KHTML, like Gecko; compatible; ClaudeBot/1.0; +claudebot@anthropic.com)"
216.73.216.20 - - [22/Aug/2026:07:43:29 +0800] "GET /sun520/wp-content/uploads/sites/3900/2026/04/IMG_2289-300x200.jpg HTTP/1.1" 200 12556 "-" "Mozilla/5.0 AppleWebKit/537.36 (KHTML, like Gecko; compatible; ClaudeBot/1.0; +claudebot@anthropic.com)"
52.7.13.143 - - [22/Aug/2026:07:43:28 +0800] "GET /32745/wp-json/oembed/1.0/embed?format=xml&url=https://2blog.ilc.edu.tw/32745/2021/10/29/%25e4%25b8%2580%25e5%25bf%2583%25e4%25b8%2580%25e6%2584%258f-2/ HTTP/1.1" 200 7298 "-" "Mozilla/5.0 AppleWebKit/537.36 (KHTML, like Gecko; compatible; Amazonbot/0.1; +https://developer.amazon.com/support/amazonbot) Chrome/119.0.6045.214 Safari/537.36"
216.73.216.20 - - [22/Aug/2026:07:43:29 +0800] "GET /sun520/wp-content/uploads/sites/3900/2026/04/IMG_1782-300x200.jpg HTTP/1.1" 200 19401 "-" "Mozilla/5.0 AppleWebKit/537.36 (KHTML, like Gecko; compatible; ClaudeBot/1.0; +claudebot@anthropic.com)"
216.73.216.20 - - [22/Aug/2026:07:43:29 +0800] "GET /sun520/wp-content/uploads/sites/3900/2026/04/IMG_2453-300x200.jpg HTTP/1.1" 200 16892 "-" "Mozilla/5.0 AppleWebKit/537.36 (KHTML, like Gecko; compatible; ClaudeBot/1.0; +claudebot@anthropic.com)"
216.73.216.20 - - [22/Aug/2026:07:43:29 +0800] "GET /sun520/wp-content/uploads/sites/3900/2026/04/IMG_2231-300x200.jpg HTTP/1.1" 200 17925 "-" "Mozilla/5.0 AppleWebKit/537.36 (KHTML, like Gecko; compatible; ClaudeBot/1.0; +claudebot@anthropic.com)"
216.73.216.20 - - [22/Aug/2026:07:43:29 +0800] "GET /sun520/wp-content/uploads/sites/3900/2026/04/IMG_2025-300x200.jpg HTTP/1.1" 200 14873 "-" "Mozilla/5.0 AppleWebKit/537.36 (KHTML, like Gecko; compatible; ClaudeBot/1.0; +claudebot@anthropic.com)"
216.73.216.20 - - [22/Aug/2026:07:43:29 +0800] "GET /sun520/wp-content/uploads/sites/3900/2026/04/IMG_1635-300x200.jpg HTTP/1.1" 200 16984 "-" "Mozilla/5.0 AppleWebKit/537.36 (KHTML, like Gecko; compatible; ClaudeBot/1.0; +claudebot@anthropic.com)"
216.73.216.20 - - [22/Aug/2026:07:43:29 +0800] "GET /sun520/wp-content/uploads/sites/3900/2026/04/IMG_1961-300x200.jpg HTTP/1.1" 200 16960 "-" "Mozilla/5.0 AppleWebKit/537.36 (KHTML, like Gecko; compatible; ClaudeBot/1.0; +claudebot@anthropic.com)"
100.55.60.118 - - [22/Aug/2026:07:43:27 +0800] "GET /lab/.env HTTP/1.1" 404 50094 "-" "Mozilla/5.0 (Windows NT 10.0; Win64; x64) AppleWebKit/537.36 (KHTML, like Gecko) Chrome/131.0.0.0 Safari/537.36"
216.73.216.20 - - [22/Aug/2026:07:43:29 +0800] "GET /sun520/wp-content/uploads/sites/3900/2026/04/IMG_1789-300x200.jpg HTTP/1.1" 200 15714 "-" "Mozilla/5.0 AppleWebKit/537.36 (KHTML, like Gecko; compatible; ClaudeBot/1.0; +claudebot@anthropic.com)"
216.73.216.20 - - [22/Aug/2026:07:43:29 +0800] "GET /sun520/wp-content/uploads/sites/3900/2026/03/IMG_9240-300x200.jpg HTTP/1.1" 200 19794 "-" "Mozilla/5.0 AppleWebKit/537.36 (KHTML, like Gecko; compatible; ClaudeBot/1.0; +claudebot@anthropic.com)"
::1 - - [22/Aug/2026:07:43:29 +0800] "OPTIONS * HTTP/1.0" 200 110 "-" "Apache/2.4.68 (Ubuntu) OpenSSL/3.0.19 (internal dummy connection)"
216.73.216.20 - - [22/Aug/2026:07:43:29 +0800] "GET /sun520/wp-content/uploads/sites/3900/2026/04/IMG_2447-300x200.jpg HTTP/1.1" 200 18063 "-" "Mozilla/5.0 AppleWebKit/537.36 (KHTML, like Gecko; compatible; ClaudeBot/1.0; +claudebot@anthropic.com)"
216.73.216.20 - - [22/Aug/2026:07:43:29 +0800] "GET /sun520/wp-content/uploads/sites/3900/2026/03/IMG_9188-300x200.jpg HTTP/1.1" 200 17741 "-" "Mozilla/5.0 AppleWebKit/537.36 (KHTML, like Gecko; compatible; ClaudeBot/1.0; +claudebot@anthropic.com)"
216.73.216.20 - - [22/Aug/2026:07:43:30 +0800] "GET /sun520/wp-content/uploads/sites/3900/2026/04/IMG_1896-300x200.jpg HTTP/1.1" 200 20214 "-" "Mozilla/5.0 AppleWebKit/537.36 (KHTML, like Gecko; compatible; ClaudeBot/1.0; +claudebot@anthropic.com)"
216.73.216.20 - - [22/Aug/2026:07:43:30 +0800] "GET /sun520/wp-content/uploads/sites/3900/2026/04/IMG_2039-300x200.jpg HTTP/1.1" 200 19389 "-" "Mozilla/5.0 AppleWebKit/537.36 (KHTML, like Gecko; compatible; ClaudeBot/1.0; +claudebot@anthropic.com)"
216.73.216.20 - - [22/Aug/2026:07:43:30 +0800] "GET /sun520/wp-content/uploads/sites/3900/2026/04/IMG_2094-300x200.jpg HTTP/1.1" 200 14293 "-" "Mozilla/5.0 AppleWebKit/537.36 (KHTML, like Gecko; compatible; ClaudeBot/1.0; +claudebot@anthropic.com)"
216.73.216.20 - - [22/Aug/2026:07:43:30 +0800] "GET /sun520/wp-content/uploads/sites/3900/2026/04/IMG_1801-300x200.jpg HTTP/1.1" 200 14895 "-" "Mozilla/5.0 AppleWebKit/537.36 (KHTML, like Gecko; compatible; ClaudeBot/1.0; +claudebot@anthropic.com)"
216.73.216.20 - - [22/Aug/2026:07:43:30 +0800] "GET /sun520/wp-content/uploads/sites/3900/2026/04/IMG_1506-300x200.jpg HTTP/1.1" 200 14032 "-" "Mozilla/5.0 AppleWebKit/537.36 (KHTML, like Gecko; compatible; ClaudeBot/1.0; +claudebot@anthropic.com)"
216.73.216.20 - - [22/Aug/2026:07:43:30 +0800] "GET /sun520/wp-content/uploads/sites/3900/2026/03/IMG_8995-300x200.jpg HTTP/1.1" 200 14211 "-" "Mozilla/5.0 AppleWebKit/537.36 (KHTML, like Gecko; compatible; ClaudeBot/1.0; +claudebot@anthropic.com)"
216.73.216.20 - - [22/Aug/2026:07:43:30 +0800] "GET /sun520/wp-content/uploads/sites/3900/2026/04/IMG_2062-300x200.jpg HTTP/1.1" 200 17497 "-" "Mozilla/5.0 AppleWebKit/537.36 (KHTML, like Gecko; compatible; ClaudeBot/1.0; +claudebot@anthropic.com)"
216.73.216.20 - - [22/Aug/2026:07:43:30 +0800] "GET /sun520/wp-content/uploads/sites/3900/2026/04/IMG_1585-300x200.jpg HTTP/1.1" 200 19424 "-" "Mozilla/5.0 AppleWebKit/537.36 (KHTML, like Gecko; compatible; ClaudeBot/1.0; +claudebot@anthropic.com)"
216.73.216.20 - - [22/Aug/2026:07:43:30 +0800] "GET /sun520/wp-content/uploads/sites/3900/2026/04/IMG_1935-300x200.jpg HTTP/1.1" 200 18687 "-" "Mozilla/5.0 AppleWebKit/537.36 (KHTML, like Gecko; compatible; ClaudeBot/1.0; +claudebot@anthropic.com)"
::1 - - [22/Aug/2026:07:43:30 +0800] "OPTIONS * HTTP/1.0" 200 110 "-" "Apache/2.4.68 (Ubuntu) OpenSSL/3.0.19 (internal dummy connection)"
216.73.216.20 - - [22/Aug/2026:07:43:30 +0800] "GET /sun520/wp-content/uploads/sites/3900/2026/04/IMG_1979-300x200.jpg HTTP/1.1" 200 16700 "-" "Mozilla/5.0 AppleWebKit/537.36 (KHTML, like Gecko; compatible; ClaudeBot/1.0; +claudebot@anthropic.com)"
216.73.216.20 - - [22/Aug/2026:07:43:30 +0800] "GET /sun520/wp-content/uploads/sites/3900/2026/04/IMG_2387-300x200.jpg HTTP/1.1" 200 17313 "-" "Mozilla/5.0 AppleWebKit/537.36 (KHTML, like Gecko; compatible; ClaudeBot/1.0; +claudebot@anthropic.com)"
216.73.216.20 - - [22/Aug/2026:07:43:31 +0800] "GET /sun520/wp-content/uploads/sites/3900/2026/04/IMG_1532-300x200.jpg HTTP/1.1" 200 18127 "-" "Mozilla/5.0 AppleWebKit/537.36 (KHTML, like Gecko; compatible; ClaudeBot/1.0; +claudebot@anthropic.com)"
216.73.216.20 - - [22/Aug/2026:07:43:31 +0800] "GET /sun520/wp-content/uploads/sites/3900/2026/04/IMG_1673-300x200.jpg HTTP/1.1" 200 17476 "-" "Mozilla/5.0 AppleWebKit/537.36 (KHTML, like Gecko; compatible; ClaudeBot/1.0; +claudebot@anthropic.com)"
216.73.216.20 - - [22/Aug/2026:07:43:31 +0800] "GET /sun520/wp-content/uploads/sites/3900/2026/04/IMG_2383-300x200.jpg HTTP/1.1" 200 18954 "-" "Mozilla/5.0 AppleWebKit/537.36 (KHTML, like Gecko; compatible; ClaudeBot/1.0; +claudebot@anthropic.com)"
216.73.216.20 - - [22/Aug/2026:07:43:31 +0800] "GET /sun520/wp-content/uploads/sites/3900/2026/04/IMG_2044-300x200.jpg HTTP/1.1" 200 18424 "-" "Mozilla/5.0 AppleWebKit/537.36 (KHTML, like Gecko; compatible; ClaudeBot/1.0; +claudebot@anthropic.com)"
216.73.216.20 - - [22/Aug/2026:07:43:31 +0800] "GET /sun520/wp-content/uploads/sites/3900/2026/03/IMG_9607-300x200.jpg HTTP/1.1" 200 15140 "-" "Mozilla/5.0 AppleWebKit/537.36 (KHTML, like Gecko; compatible; ClaudeBot/1.0; +claudebot@anthropic.com)"
52.203.65.83 - - [22/Aug/2026:07:43:31 +0800] "GET /wp-content/uploads/sites/847/6483/previews/6483-1260680.gif HTTP/1.1" 200 53627 "-" "Mozilla/5.0 AppleWebKit/537.36 (KHTML, like Gecko; compatible; Amazonbot/0.1; +https://developer.amazon.com/support/amazonbot) Chrome/119.0.6045.214 Safari/537.36"
216.73.216.20 - - [22/Aug/2026:07:43:31 +0800] "GET /sun520/wp-content/uploads/sites/3900/2026/04/IMG_2461-300x200.jpg HTTP/1.1" 200 18852 "-" "Mozilla/5.0 AppleWebKit/537.36 (KHTML, like Gecko; compatible; ClaudeBot/1.0; +claudebot@anthropic.com)"
216.73.216.20 - - [22/Aug/2026:07:43:31 +0800] "GET /sun520/wp-content/uploads/sites/3900/2026/04/IMG_1944-300x200.jpg HTTP/1.1" 200 16773 "-" "Mozilla/5.0 AppleWebKit/537.36 (KHTML, like Gecko; compatible; ClaudeBot/1.0; +claudebot@anthropic.com)"
216.73.216.20 - - [22/Aug/2026:07:43:31 +0800] "GET /sun520/wp-content/uploads/sites/3900/2026/04/IMG_2026-300x200.jpg HTTP/1.1" 200 17774 "-" "Mozilla/5.0 AppleWebKit/537.36 (KHTML, like Gecko; compatible; ClaudeBot/1.0; +claudebot@anthropic.com)"
216.73.216.20 - - [22/Aug/2026:07:43:31 +0800] "GET /sun520/wp-content/uploads/sites/3900/2026/04/IMG_2344-300x200.jpg HTTP/1.1" 200 14401 "-" "Mozilla/5.0 AppleWebKit/537.36 (KHTML, like Gecko; compatible; ClaudeBot/1.0; +claudebot@anthropic.com)"
::1 - - [22/Aug/2026:07:43:31 +0800] "OPTIONS * HTTP/1.0" 200 110 "-" "Apache/2.4.68 (Ubuntu) OpenSSL/3.0.19 (internal dummy connection)"
216.73.216.20 - - [22/Aug/2026:07:43:31 +0800] "GET /sun520/wp-content/uploads/sites/3900/2026/04/IMG_1703-300x200.jpg HTTP/1.1" 200 13719 "-" "Mozilla/5.0 AppleWebKit/537.36 (KHTML, like Gecko; compatible; ClaudeBot/1.0; +claudebot@anthropic.com)"
2407:4b00:4c04:845b:8b9e:836b:2a4f:e5f5 - - [22/Aug/2026:07:43:31 +0800] "GET /wp-content/themes/oceanwp/assets/fonts/fontawesome/webfonts/fa-solid-900.woff2 HTTP/1.1" 200 156047 "https://www.fsjh.ilc.edu.tw/wp-content/cache/www.fsjh.ilc.edu.tw/wpfc-minified/lm0klrml/6wah.css" "Mozilla/5.0 (Linux; Android 10; K) AppleWebKit/537.36 (KHTML, like Gecko) Chrome/151.0.0.0 Mobile Safari/537.36"
216.73.216.20 - - [22/Aug/2026:07:43:31 +0800] "GET /sun520/wp-content/uploads/sites/3900/2026/03/IMG_9484-300x200.jpg HTTP/1.1" 200 16740 "-" "Mozilla/5.0 AppleWebKit/537.36 (KHTML, like Gecko; compatible; ClaudeBot/1.0; +claudebot@anthropic.com)"
100.55.60.118 - - [22/Aug/2026:07:43:30 +0800] "GET /cronlab/.env HTTP/1.1" 404 50084 "-" "Mozilla/5.0 (Windows NT 10.0; Win64; x64) AppleWebKit/537.36 (KHTML, like Gecko) Chrome/131.0.0.0 Safari/537.36"
216.73.216.20 - - [22/Aug/2026:07:43:32 +0800] "GET /sun520/wp-content/uploads/sites/3900/2026/04/IMG_1940-300x200.jpg HTTP/1.1" 200 17915 "-" "Mozilla/5.0 AppleWebKit/537.36 (KHTML, like Gecko; compatible; ClaudeBot/1.0; +claudebot@anthropic.com)"
216.73.216.20 - - [22/Aug/2026:07:43:32 +0800] "GET /sun520/wp-content/uploads/sites/3900/2026/04/IMG_2272-300x200.jpg HTTP/1.1" 200 14149 "-" "Mozilla/5.0 AppleWebKit/537.36 (KHTML, like Gecko; compatible; ClaudeBot/1.0; +claudebot@anthropic.com)"
216.73.216.20 - - [22/Aug/2026:07:43:32 +0800] "GET /sun520/wp-content/uploads/sites/3900/2026/04/IMG_2100-300x200.jpg HTTP/1.1" 200 13707 "-" "Mozilla/5.0 AppleWebKit/537.36 (KHTML, like Gecko; compatible; ClaudeBot/1.0; +claudebot@anthropic.com)"
216.73.216.20 - - [22/Aug/2026:07:43:32 +0800] "GET /sun520/wp-content/uploads/sites/3900/2026/04/IMG_2260-300x200.jpg HTTP/1.1" 200 9954 "-" "Mozilla/5.0 AppleWebKit/537.36 (KHTML, like Gecko; compatible; ClaudeBot/1.0; +claudebot@anthropic.com)"
216.73.216.20 - - [22/Aug/2026:07:43:32 +0800] "GET /sun520/wp-content/uploads/sites/3900/2026/04/IMG_1841-300x200.jpg HTTP/1.1" 200 19560 "-" "Mozilla/5.0 AppleWebKit/537.36 (KHTML, like Gecko; compatible; ClaudeBot/1.0; +claudebot@anthropic.com)"
216.73.216.20 - - [22/Aug/2026:07:43:32 +0800] "GET /sun520/wp-content/uploads/sites/3900/2026/04/IMG_2236-300x200.jpg HTTP/1.1" 200 18068 "-" "Mozilla/5.0 AppleWebKit/537.36 (KHTML, like Gecko; compatible; ClaudeBot/1.0; +claudebot@anthropic.com)"
216.73.216.20 - - [22/Aug/2026:07:43:32 +0800] "GET /sun520/wp-content/uploads/sites/3900/2026/04/IMG_2179-300x200.jpg HTTP/1.1" 200 17865 "-" "Mozilla/5.0 AppleWebKit/537.36 (KHTML, like Gecko; compatible; ClaudeBot/1.0; +claudebot@anthropic.com)"
216.73.216.20 - - [22/Aug/2026:07:43:32 +0800] "GET /sun520/wp-content/uploads/sites/3900/2026/04/IMG_1809-300x200.jpg HTTP/1.1" 200 13032 "-" "Mozilla/5.0 AppleWebKit/537.36 (KHTML, like Gecko; compatible; ClaudeBot/1.0; +claudebot@anthropic.com)"
216.73.216.20 - - [22/Aug/2026:07:43:32 +0800] "GET /sun520/wp-content/uploads/sites/3900/2026/04/IMG_2173-300x200.jpg HTTP/1.1" 200 17529 "-" "Mozilla/5.0 AppleWebKit/537.36 (KHTML, like Gecko; compatible; ClaudeBot/1.0; +claudebot@anthropic.com)"
::1 - - [22/Aug/2026:07:43:32 +0800] "OPTIONS * HTTP/1.0" 200 110 "-" "Apache/2.4.68 (Ubuntu) OpenSSL/3.0.19 (internal dummy connection)"
216.73.216.20 - - [22/Aug/2026:07:43:32 +0800] "GET /sun520/wp-content/uploads/sites/3900/2026/04/IMG_2233-300x200.jpg HTTP/1.1" 200 18417 "-" "Mozilla/5.0 AppleWebKit/537.36 (KHTML, like Gecko; compatible; ClaudeBot/1.0; +claudebot@anthropic.com)"
216.73.216.20 - - [22/Aug/2026:07:43:32 +0800] "GET /sun520/wp-content/uploads/sites/3900/2026/04/IMG_2053-300x200.jpg HTTP/1.1" 200 14255 "-" "Mozilla/5.0 AppleWebKit/537.36 (KHTML, like Gecko; compatible; ClaudeBot/1.0; +claudebot@anthropic.com)"
216.73.216.20 - - [22/Aug/2026:07:43:33 +0800] "GET /sun520/wp-content/uploads/sites/3900/2026/04/IMG_2330-300x200.jpg HTTP/1.1" 200 13316 "-" "Mozilla/5.0 AppleWebKit/537.36 (KHTML, like Gecko; compatible; ClaudeBot/1.0; +claudebot@anthropic.com)"
2001:288:a201::66:125 - - [22/Aug/2026:07:43:33 +0800] "GET /blog/active.php HTTP/1.1" 301 1026 "-" "-"
216.73.216.20 - - [22/Aug/2026:07:43:33 +0800] "GET /sun520/wp-content/uploads/sites/3900/2026/03/IMG_9009-300x200.jpg HTTP/1.1" 200 14573 "-" "Mozilla/5.0 AppleWebKit/537.36 (KHTML, like Gecko; compatible; ClaudeBot/1.0; +claudebot@anthropic.com)"
2001:288:a201::66:125 - - [22/Aug/2026:07:43:33 +0800] "GET /blog/active.php HTTP/1.1" 404 1084 "-" "-"
216.73.216.20 - - [22/Aug/2026:07:43:33 +0800] "GET /sun520/wp-content/uploads/sites/3900/2026/03/IMG_9798-300x200.jpg HTTP/1.1" 200 18648 "-" "Mozilla/5.0 AppleWebKit/537.36 (KHTML, like Gecko; compatible; ClaudeBot/1.0; +claudebot@anthropic.com)"
140.111.67.10 - - [22/Aug/2026:07:43:33 +0800] "GET /" 301 273 "-" "-"
216.73.216.20 - - [22/Aug/2026:07:43:33 +0800] "GET /sun520/wp-content/uploads/sites/3900/2026/04/IMG_2372-300x200.jpg HTTP/1.1" 200 16947 "-" "Mozilla/5.0 AppleWebKit/537.36 (KHTML, like Gecko; compatible; ClaudeBot/1.0; +claudebot@anthropic.com)"
216.73.216.20 - - [22/Aug/2026:07:43:33 +0800] "GET /sun520/wp-content/uploads/sites/3900/2026/04/IMG_2229-300x200.jpg HTTP/1.1" 200 17178 "-" "Mozilla/5.0 AppleWebKit/537.36 (KHTML, like Gecko; compatible; ClaudeBot/1.0; +claudebot@anthropic.com)"
216.73.216.20 - - [22/Aug/2026:07:43:33 +0800] "GET /sun520/wp-content/uploads/sites/3900/2026/04/IMG_2474-300x200.jpg HTTP/1.1" 200 16209 "-" "Mozilla/5.0 AppleWebKit/537.36 (KHTML, like Gecko; compatible; ClaudeBot/1.0; +claudebot@anthropic.com)"
216.73.216.20 - - [22/Aug/2026:07:43:33 +0800] "GET /sun520/wp-content/uploads/sites/3900/2026/04/IMG_1930-300x200.jpg HTTP/1.1" 200 18413 "-" "Mozilla/5.0 AppleWebKit/537.36 (KHTML, like Gecko; compatible; ClaudeBot/1.0; +claudebot@anthropic.com)"
216.73.216.20 - - [22/Aug/2026:07:43:33 +0800] "GET /sun520/wp-content/uploads/sites/3900/2026/04/IMG_1771-300x200.jpg HTTP/1.1" 200 16848 "-" "Mozilla/5.0 AppleWebKit/537.36 (KHTML, like Gecko; compatible; ClaudeBot/1.0; +claudebot@anthropic.com)"
98.80.130.239 - - [22/Aug/2026:07:43:33 +0800] "GET /1003/wp-content/uploads/sites/233/2021/01/20201125_201228_4-768x1024.jpg HTTP/1.1" 200 111259 "-" "Mozilla/5.0 AppleWebKit/537.36 (KHTML, like Gecko; compatible; Amazonbot/0.1; +https://developer.amazon.com/support/amazonbot) Chrome/119.0.6045.214 Safari/537.36"
::1 - - [22/Aug/2026:07:43:33 +0800] "OPTIONS * HTTP/1.0" 200 110 "-" "Apache/2.4.68 (Ubuntu) OpenSSL/3.0.19 (internal dummy connection)"
216.73.216.20 - - [22/Aug/2026:07:43:33 +0800] "GET /sun520/wp-content/uploads/sites/3900/2026/03/IMG_9494-300x200.jpg HTTP/1.1" 200 16603 "-" "Mozilla/5.0 AppleWebKit/537.36 (KHTML, like Gecko; compatible; ClaudeBot/1.0; +claudebot@anthropic.com)"
216.73.216.20 - - [22/Aug/2026:07:43:33 +0800] "GET /sun520/wp-content/uploads/sites/3900/2026/04/IMG_1943-300x200.jpg HTTP/1.1" 200 19347 "-" "Mozilla/5.0 AppleWebKit/537.36 (KHTML, like Gecko; compatible; ClaudeBot/1.0; +claudebot@anthropic.com)"
216.73.216.20 - - [22/Aug/2026:07:43:34 +0800] "GET /sun520/wp-content/uploads/sites/3900/2026/04/IMG_1736-300x200.jpg HTTP/1.1" 200 14015 "-" "Mozilla/5.0 AppleWebKit/537.36 (KHTML, like Gecko; compatible; ClaudeBot/1.0; +claudebot@anthropic.com)"
216.73.216.20 - - [22/Aug/2026:07:43:34 +0800] "GET /sun520/wp-content/uploads/sites/3900/2026/03/IMG_9851-300x200.jpg HTTP/1.1" 200 15192 "-" "Mozilla/5.0 AppleWebKit/537.36 (KHTML, like Gecko; compatible; ClaudeBot/1.0; +claudebot@anthropic.com)"
216.73.216.20 - - [22/Aug/2026:07:43:34 +0800] "GET /sun520/wp-content/uploads/sites/3900/2026/03/IMG_9674-300x200.jpg HTTP/1.1" 200 17944 "-" "Mozilla/5.0 AppleWebKit/537.36 (KHTML, like Gecko; compatible; ClaudeBot/1.0; +claudebot@anthropic.com)"
216.73.216.20 - - [22/Aug/2026:07:43:34 +0800] "GET /sun520/wp-content/uploads/sites/3900/2026/04/IMG_1768-300x200.jpg HTTP/1.1" 200 16416 "-" "Mozilla/5.0 AppleWebKit/537.36 (KHTML, like Gecko; compatible; ClaudeBot/1.0; +claudebot@anthropic.com)"
216.73.216.20 - - [22/Aug/2026:07:43:34 +0800] "GET /sun520/wp-content/uploads/sites/3900/2026/04/IMG_1729-300x200.jpg HTTP/1.1" 200 14000 "-" "Mozilla/5.0 AppleWebKit/537.36 (KHTML, like Gecko; compatible; ClaudeBot/1.0; +claudebot@anthropic.com)"
216.73.216.20 - - [22/Aug/2026:07:43:34 +0800] "GET /sun520/wp-content/uploads/sites/3900/2026/04/IMG_2444-300x200.jpg HTTP/1.1" 200 19666 "-" "Mozilla/5.0 AppleWebKit/537.36 (KHTML, like Gecko; compatible; ClaudeBot/1.0; +claudebot@anthropic.com)"
216.73.216.20 - - [22/Aug/2026:07:43:34 +0800] "GET /sun520/wp-content/uploads/sites/3900/2026/04/IMG_2299-300x200.jpg HTTP/1.1" 200 10113 "-" "Mozilla/5.0 AppleWebKit/537.36 (KHTML, like Gecko; compatible; ClaudeBot/1.0; +claudebot@anthropic.com)"
100.55.60.118 - - [22/Aug/2026:07:43:32 +0800] "GET /cron/.env HTTP/1.1" 404 50079 "-" "Mozilla/5.0 (Windows NT 10.0; Win64; x64) AppleWebKit/537.36 (KHTML, like Gecko) Chrome/131.0.0.0 Safari/537.36"
216.73.216.20 - - [22/Aug/2026:07:43:34 +0800] "GET /sun520/wp-content/uploads/sites/3900/2026/03/IMG_9198-300x200.jpg HTTP/1.1" 200 17639 "-" "Mozilla/5.0 AppleWebKit/537.36 (KHTML, like Gecko; compatible; ClaudeBot/1.0; +claudebot@anthropic.com)"
216.73.216.20 - - [22/Aug/2026:07:43:34 +0800] "GET /sun520/wp-content/uploads/sites/3900/2026/04/IMG_2098-300x200.jpg HTTP/1.1" 200 14901 "-" "Mozilla/5.0 AppleWebKit/537.36 (KHTML, like Gecko; compatible; ClaudeBot/1.0; +claudebot@anthropic.com)"
::1 - - [22/Aug/2026:07:43:34 +0800] "OPTIONS * HTTP/1.0" 200 110 "-" "Apache/2.4.68 (Ubuntu) OpenSSL/3.0.19 (internal dummy connection)"
216.73.216.20 - - [22/Aug/2026:07:43:34 +0800] "GET /sun520/wp-content/uploads/sites/3900/2026/04/IMG_1799-300x200.jpg HTTP/1.1" 200 18245 "-" "Mozilla/5.0 AppleWebKit/537.36 (KHTML, like Gecko; compatible; ClaudeBot/1.0; +claudebot@anthropic.com)"
216.73.216.20 - - [22/Aug/2026:07:43:34 +0800] "GET /sun520/wp-content/uploads/sites/3900/2026/04/IMG_2208-300x200.jpg HTTP/1.1" 200 18854 "-" "Mozilla/5.0 AppleWebKit/537.36 (KHTML, like Gecko; compatible; ClaudeBot/1.0; +claudebot@anthropic.com)"
216.73.216.20 - - [22/Aug/2026:07:43:35 +0800] "GET /sun520/wp-content/uploads/sites/3900/2026/04/IMG_1977-300x200.jpg HTTP/1.1" 200 16433 "-" "Mozilla/5.0 AppleWebKit/537.36 (KHTML, like Gecko; compatible; ClaudeBot/1.0; +claudebot@anthropic.com)"
216.73.216.20 - - [22/Aug/2026:07:43:35 +0800] "GET /sun520/wp-content/uploads/sites/3900/2026/04/IMG_2352-300x200.jpg HTTP/1.1" 200 10989 "-" "Mozilla/5.0 AppleWebKit/537.36 (KHTML, like Gecko; compatible; ClaudeBot/1.0; +claudebot@anthropic.com)"
216.73.216.20 - - [22/Aug/2026:07:43:35 +0800] "GET /sun520/wp-content/uploads/sites/3900/2026/04/IMG_2264-300x200.jpg HTTP/1.1" 200 13483 "-" "Mozilla/5.0 AppleWebKit/537.36 (KHTML, like Gecko; compatible; ClaudeBot/1.0; +claudebot@anthropic.com)"
216.73.216.20 - - [22/Aug/2026:07:43:35 +0800] "GET /sun520/wp-content/uploads/sites/3900/2026/04/IMG_2392-300x200.jpg HTTP/1.1" 200 17337 "-" "Mozilla/5.0 AppleWebKit/537.36 (KHTML, like Gecko; compatible; ClaudeBot/1.0; +claudebot@anthropic.com)"
216.73.216.20 - - [22/Aug/2026:07:43:35 +0800] "GET /sun520/wp-content/uploads/sites/3900/2026/03/IMG_9395-300x200.jpg HTTP/1.1" 200 14482 "-" "Mozilla/5.0 AppleWebKit/537.36 (KHTML, like Gecko; compatible; ClaudeBot/1.0; +claudebot@anthropic.com)"
216.73.216.20 - - [22/Aug/2026:07:43:35 +0800] "GET /sun520/wp-content/uploads/sites/3900/2026/04/IMG_2059-300x200.jpg HTTP/1.1" 200 16339 "-" "Mozilla/5.0 AppleWebKit/537.36 (KHTML, like Gecko; compatible; ClaudeBot/1.0; +claudebot@anthropic.com)"
216.73.216.20 - - [22/Aug/2026:07:43:35 +0800] "GET /sun520/wp-content/uploads/sites/3900/2026/04/IMG_2430-300x200.jpg HTTP/1.1" 200 15866 "-" "Mozilla/5.0 AppleWebKit/537.36 (KHTML, like Gecko; compatible; ClaudeBot/1.0; +claudebot@anthropic.com)"
216.73.216.20 - - [22/Aug/2026:07:43:35 +0800] "GET /sun520/wp-content/uploads/sites/3900/2026/03/IMG_9591-300x200.jpg HTTP/1.1" 200 16696 "-" "Mozilla/5.0 AppleWebKit/537.36 (KHTML, like Gecko; compatible; ClaudeBot/1.0; +claudebot@anthropic.com)"
216.73.216.20 - - [22/Aug/2026:07:43:35 +0800] "GET /sun520/wp-content/uploads/sites/3900/2026/04/IMG_2047-300x200.jpg HTTP/1.1" 200 17657 "-" "Mozilla/5.0 AppleWebKit/537.36 (KHTML, like Gecko; compatible; ClaudeBot/1.0; +claudebot@anthropic.com)"
::1 - - [22/Aug/2026:07:43:35 +0800] "OPTIONS * HTTP/1.0" 200 110 "-" "Apache/2.4.68 (Ubuntu) OpenSSL/3.0.19 (internal dummy connection)"
216.73.216.20 - - [22/Aug/2026:07:43:35 +0800] "GET /sun520/wp-content/uploads/sites/3900/2026/03/IMG_9572-300x200.jpg HTTP/1.1" 200 16529 "-" "Mozilla/5.0 AppleWebKit/537.36 (KHTML, like Gecko; compatible; ClaudeBot/1.0; +claudebot@anthropic.com)"
54.204.12.115 - - [22/Aug/2026:07:43:35 +0800] "GET /6460/category/c-7078/c-49485/page/5/ HTTP/1.1" 200 16640 "-" "Mozilla/5.0 AppleWebKit/537.36 (KHTML, like Gecko; compatible; Amazonbot/0.1; +https://developer.amazon.com/support/amazonbot) Chrome/119.0.6045.214 Safari/537.36"
216.73.216.20 - - [22/Aug/2026:07:43:35 +0800] "GET /sun520/wp-content/uploads/sites/3900/2026/04/IMG_2455-300x200.jpg HTTP/1.1" 200 17969 "-" "Mozilla/5.0 AppleWebKit/537.36 (KHTML, like Gecko; compatible; ClaudeBot/1.0; +claudebot@anthropic.com)"
216.73.216.20 - - [22/Aug/2026:07:43:36 +0800] "GET /sun520/wp-content/uploads/sites/3900/2026/03/IMG_9114-300x200.jpg HTTP/1.1" 200 12320 "-" "Mozilla/5.0 AppleWebKit/537.36 (KHTML, like Gecko; compatible; ClaudeBot/1.0; +claudebot@anthropic.com)"
216.73.216.20 - - [22/Aug/2026:07:43:36 +0800] "GET /sun520/wp-content/uploads/sites/3900/2026/04/IMG_1929-300x200.jpg HTTP/1.1" 200 18694 "-" "Mozilla/5.0 AppleWebKit/537.36 (KHTML, like Gecko; compatible; ClaudeBot/1.0; +claudebot@anthropic.com)"
216.73.216.20 - - [22/Aug/2026:07:43:36 +0800] "GET /sun520/wp-content/uploads/sites/3900/2026/04/IMG_2307-300x200.jpg HTTP/1.1" 200 12199 "-" "Mozilla/5.0 AppleWebKit/537.36 (KHTML, like Gecko; compatible; ClaudeBot/1.0; +claudebot@anthropic.com)"
216.73.216.20 - - [22/Aug/2026:07:43:36 +0800] "GET /sun520/wp-content/uploads/sites/3900/2026/03/IMG_9234-300x200.jpg HTTP/1.1" 200 18910 "-" "Mozilla/5.0 AppleWebKit/537.36 (KHTML, like Gecko; compatible; ClaudeBot/1.0; +claudebot@anthropic.com)"
216.73.216.20 - - [22/Aug/2026:07:43:36 +0800] "GET /sun520/wp-content/uploads/sites/3900/2026/03/IMG_9887-300x200.jpg HTTP/1.1" 200 11245 "-" "Mozilla/5.0 AppleWebKit/537.36 (KHTML, like Gecko; compatible; ClaudeBot/1.0; +claudebot@anthropic.com)"
216.73.216.20 - - [22/Aug/2026:07:43:36 +0800] "GET /sun520/wp-content/uploads/sites/3900/2026/04/IMG_2304-300x200.jpg HTTP/1.1" 200 14645 "-" "Mozilla/5.0 AppleWebKit/537.36 (KHTML, like Gecko; compatible; ClaudeBot/1.0; +claudebot@anthropic.com)"
216.73.216.20 - - [22/Aug/2026:07:43:36 +0800] "GET /sun520/wp-content/uploads/sites/3900/2026/03/IMG_9168-300x200.jpg HTTP/1.1" 200 17717 "-" "Mozilla/5.0 AppleWebKit/537.36 (KHTML, like Gecko; compatible; ClaudeBot/1.0; +claudebot@anthropic.com)"
216.73.216.20 - - [22/Aug/2026:07:43:36 +0800] "GET /sun520/wp-content/uploads/sites/3900/2026/04/IMG_1636-300x200.jpg HTTP/1.1" 200 15903 "-" "Mozilla/5.0 AppleWebKit/537.36 (KHTML, like Gecko; compatible; ClaudeBot/1.0; +claudebot@anthropic.com)"
216.73.216.20 - - [22/Aug/2026:07:43:36 +0800] "GET /sun520/wp-content/uploads/sites/3900/2026/04/IMG_1668-300x200.jpg HTTP/1.1" 200 18007 "-" "Mozilla/5.0 AppleWebKit/537.36 (KHTML, like Gecko; compatible; ClaudeBot/1.0; +claudebot@anthropic.com)"
::1 - - [22/Aug/2026:07:43:36 +0800] "OPTIONS * HTTP/1.0" 200 110 "-" "Apache/2.4.68 (Ubuntu) OpenSSL/3.0.19 (internal dummy connection)"
216.73.216.20 - - [22/Aug/2026:07:43:36 +0800] "GET /sun520/wp-content/uploads/sites/3900/2026/04/IMG_1672-300x200.jpg HTTP/1.1" 200 17591 "-" "Mozilla/5.0 AppleWebKit/537.36 (KHTML, like Gecko; compatible; ClaudeBot/1.0; +claudebot@anthropic.com)"
216.73.216.20 - - [22/Aug/2026:07:43:36 +0800] "GET /sun520/wp-content/uploads/sites/3900/2026/04/IMG_1607-300x200.jpg HTTP/1.1" 200 15010 "-" "Mozilla/5.0 AppleWebKit/537.36 (KHTML, like Gecko; compatible; ClaudeBot/1.0; +claudebot@anthropic.com)"
185.191.171.12 - - [22/Aug/2026:07:43:36 +0800] "GET /24/2013/08/22/8%E6%9C%8822%E6%97%A5%E5%9C%8B%E5%B0%8F%E5%9C%8B%E8%AA%9E%E6%96%87%E5%AF%A6%E4%BD%9C%E8%A9%95%E9%87%8F%E7%9B%B8%E9%97%9C%E4%BA%8B%E5%AE%9C/ HTTP/1.1" 200 45204 "-" "Mozilla/5.0 (compatible; SemrushBot/7~bl; +http://www.semrush.com/bot.html)"
216.73.216.20 - - [22/Aug/2026:07:43:37 +0800] "GET /sun520/wp-content/uploads/sites/3900/2026/03/IMG_9888-300x200.jpg HTTP/1.1" 200 12775 "-" "Mozilla/5.0 AppleWebKit/537.36 (KHTML, like Gecko; compatible; ClaudeBot/1.0; +claudebot@anthropic.com)"
216.73.216.20 - - [22/Aug/2026:07:43:37 +0800] "GET /sun520/wp-content/uploads/sites/3900/2026/04/IMG_2348-300x200.jpg HTTP/1.1" 200 12049 "-" "Mozilla/5.0 AppleWebKit/537.36 (KHTML, like Gecko; compatible; ClaudeBot/1.0; +claudebot@anthropic.com)"
100.55.60.118 - - [22/Aug/2026:07:43:35 +0800] "GET /en/.env HTTP/1.1" 404 50079 "-" "Mozilla/5.0 (Windows NT 10.0; Win64; x64) AppleWebKit/537.36 (KHTML, like Gecko) Chrome/131.0.0.0 Safari/537.36"
216.73.216.20 - - [22/Aug/2026:07:43:37 +0800] "GET /sun520/wp-content/uploads/sites/3900/2026/04/IMG_2268-300x200.jpg HTTP/1.1" 200 12755 "-" "Mozilla/5.0 AppleWebKit/537.36 (KHTML, like Gecko; compatible; ClaudeBot/1.0; +claudebot@anthropic.com)"
216.73.216.20 - - [22/Aug/2026:07:43:37 +0800] "GET /sun520/wp-content/uploads/sites/3900/2026/03/IMG_9201-300x200.jpg HTTP/1.1" 200 16911 "-" "Mozilla/5.0 AppleWebKit/537.36 (KHTML, like Gecko; compatible; ClaudeBot/1.0; +claudebot@anthropic.com)"
216.73.216.20 - - [22/Aug/2026:07:43:37 +0800] "GET /sun520/wp-content/uploads/sites/3900/2026/04/IMG_2379-300x200.jpg HTTP/1.1" 200 19758 "-" "Mozilla/5.0 AppleWebKit/537.36 (KHTML, like Gecko; compatible; ClaudeBot/1.0; +claudebot@anthropic.com)"
216.73.216.20 - - [22/Aug/2026:07:43:37 +0800] "GET /sun520/wp-content/uploads/sites/3900/2026/03/IMG_8828-300x200.jpg HTTP/1.1" 200 18251 "-" "Mozilla/5.0 AppleWebKit/537.36 (KHTML, like Gecko; compatible; ClaudeBot/1.0; +claudebot@anthropic.com)"
216.73.216.20 - - [22/Aug/2026:07:43:37 +0800] "GET /sun520/wp-content/uploads/sites/3900/2026/04/IMG_1999-300x200.jpg HTTP/1.1" 200 13113 "-" "Mozilla/5.0 AppleWebKit/537.36 (KHTML, like Gecko; compatible; ClaudeBot/1.0; +claudebot@anthropic.com)"
216.73.216.20 - - [22/Aug/2026:07:43:37 +0800] "GET /sun520/wp-content/uploads/sites/3900/2026/04/IMG_2074-300x200.jpg HTTP/1.1" 200 16199 "-" "Mozilla/5.0 AppleWebKit/537.36 (KHTML, like Gecko; compatible; ClaudeBot/1.0; +claudebot@anthropic.com)"
216.73.216.20 - - [22/Aug/2026:07:43:37 +0800] "GET /sun520/wp-content/uploads/sites/3900/2026/04/IMG_1797-300x200.jpg HTTP/1.1" 200 15251 "-" "Mozilla/5.0 AppleWebKit/537.36 (KHTML, like Gecko; compatible; ClaudeBot/1.0; +claudebot@anthropic.com)"
::1 - - [22/Aug/2026:07:43:37 +0800] "OPTIONS * HTTP/1.0" 200 110 "-" "Apache/2.4.68 (Ubuntu) OpenSSL/3.0.19 (internal dummy connection)"
216.73.216.20 - - [22/Aug/2026:07:43:37 +0800] "GET /sun520/wp-content/uploads/sites/3900/2026/04/IMG_2436-300x200.jpg HTTP/1.1" 200 18897 "-" "Mozilla/5.0 AppleWebKit/537.36 (KHTML, like Gecko; compatible; ClaudeBot/1.0; +claudebot@anthropic.com)"
216.73.216.20 - - [22/Aug/2026:07:43:37 +0800] "GET /sun520/wp-content/uploads/sites/3900/2026/04/IMG_2408-300x200.jpg HTTP/1.1" 200 18190 "-" "Mozilla/5.0 AppleWebKit/537.36 (KHTML, like Gecko; compatible; ClaudeBot/1.0; +claudebot@anthropic.com)"
216.73.216.20 - - [22/Aug/2026:07:43:38 +0800] "GET /sun520/wp-content/uploads/sites/3900/2026/04/IMG_2205-300x200.jpg HTTP/1.1" 200 18603 "-" "Mozilla/5.0 AppleWebKit/537.36 (KHTML, like Gecko; compatible; ClaudeBot/1.0; +claudebot@anthropic.com)"
2001:288:a201::66:125 - - [22/Aug/2026:07:43:38 +0800] "GET /blog/active.php HTTP/1.1" 404 1084 "-" "-"
216.73.216.20 - - [22/Aug/2026:07:43:38 +0800] "GET /sun520/wp-content/uploads/sites/3900/2026/04/IMG_2380-300x200.jpg HTTP/1.1" 200 17543 "-" "Mozilla/5.0 AppleWebKit/537.36 (KHTML, like Gecko; compatible; ClaudeBot/1.0; +claudebot@anthropic.com)"
2001:288:a201::66:125 - - [22/Aug/2026:07:43:38 +0800] "GET /blog/active.php HTTP/1.1" 301 1026 "-" "-"
216.73.216.20 - - [22/Aug/2026:07:43:38 +0800] "GET /sun520/wp-content/uploads/sites/3900/2026/04/IMG_1608-300x200.jpg HTTP/1.1" 200 16495 "-" "Mozilla/5.0 AppleWebKit/537.36 (KHTML, like Gecko; compatible; ClaudeBot/1.0; +claudebot@anthropic.com)"
140.111.67.10 - - [22/Aug/2026:07:43:38 +0800] "GET /" 301 273 "-" "-"
216.73.216.20 - - [22/Aug/2026:07:43:38 +0800] "GET /sun520/wp-content/uploads/sites/3900/2026/04/IMG_2035-300x200.jpg HTTP/1.1" 200 15217 "-" "Mozilla/5.0 AppleWebKit/537.36 (KHTML, like Gecko; compatible; ClaudeBot/1.0; +claudebot@anthropic.com)"
216.73.216.20 - - [22/Aug/2026:07:43:38 +0800] "GET /sun520/wp-content/uploads/sites/3900/2026/04/IMG_2384-300x200.jpg HTTP/1.1" 200 20211 "-" "Mozilla/5.0 AppleWebKit/537.36 (KHTML, like Gecko; compatible; ClaudeBot/1.0; +claudebot@anthropic.com)"
216.73.216.20 - - [22/Aug/2026:07:43:38 +0800] "GET /sun520/wp-content/uploads/sites/3900/2026/03/IMG_8834-300x200.jpg HTTP/1.1" 200 14488 "-" "Mozilla/5.0 AppleWebKit/537.36 (KHTML, like Gecko; compatible; ClaudeBot/1.0; +claudebot@anthropic.com)"
216.73.216.20 - - [22/Aug/2026:07:43:38 +0800] "GET /sun520/wp-content/uploads/sites/3900/2026/04/IMG_1976-300x200.jpg HTTP/1.1" 200 17912 "-" "Mozilla/5.0 AppleWebKit/537.36 (KHTML, like Gecko; compatible; ClaudeBot/1.0; +claudebot@anthropic.com)"
216.73.216.20 - - [22/Aug/2026:07:43:38 +0800] "GET /sun520/wp-content/uploads/sites/3900/2026/04/IMG_1876-300x200.jpg HTTP/1.1" 200 19780 "-" "Mozilla/5.0 AppleWebKit/537.36 (KHTML, like Gecko; compatible; ClaudeBot/1.0; +claudebot@anthropic.com)"
216.73.216.20 - - [22/Aug/2026:07:43:38 +0800] "GET /sun520/wp-content/uploads/sites/3900/2026/03/IMG_9693-300x200.jpg HTTP/1.1" 200 17413 "-" "Mozilla/5.0 AppleWebKit/537.36 (KHTML, like Gecko; compatible; ClaudeBot/1.0; +claudebot@anthropic.com)"
::1 - - [22/Aug/2026:07:43:38 +0800] "OPTIONS * HTTP/1.0" 200 110 "-" "Apache/2.4.68 (Ubuntu) OpenSSL/3.0.19 (internal dummy connection)"
216.73.216.20 - - [22/Aug/2026:07:43:38 +0800] "GET /sun520/wp-content/uploads/sites/3900/2026/04/IMG_2240-300x200.jpg HTTP/1.1" 200 19034 "-" "Mozilla/5.0 AppleWebKit/537.36 (KHTML, like Gecko; compatible; ClaudeBot/1.0; +claudebot@anthropic.com)"
216.73.216.20 - - [22/Aug/2026:07:43:38 +0800] "GET /sun520/wp-content/uploads/sites/3900/2026/04/IMG_2101-300x200.jpg HTTP/1.1" 200 14824 "-" "Mozilla/5.0 AppleWebKit/537.36 (KHTML, like Gecko; compatible; ClaudeBot/1.0; +claudebot@anthropic.com)"
216.73.216.20 - - [22/Aug/2026:07:43:39 +0800] "GET /sun520/wp-content/uploads/sites/3900/2026/03/IMG_9150-300x200.jpg HTTP/1.1" 200 17514 "-" "Mozilla/5.0 AppleWebKit/537.36 (KHTML, like Gecko; compatible; ClaudeBot/1.0; +claudebot@anthropic.com)"
216.73.216.20 - - [22/Aug/2026:07:43:39 +0800] "GET /sun520/wp-content/uploads/sites/3900/2026/03/IMG_9394-300x200.jpg HTTP/1.1" 200 13864 "-" "Mozilla/5.0 AppleWebKit/537.36 (KHTML, like Gecko; compatible; ClaudeBot/1.0; +claudebot@anthropic.com)"
216.73.216.20 - - [22/Aug/2026:07:43:39 +0800] "GET /sun520/wp-content/uploads/sites/3900/2026/04/IMG_2046-300x200.jpg HTTP/1.1" 200 15187 "-" "Mozilla/5.0 AppleWebKit/537.36 (KHTML, like Gecko; compatible; ClaudeBot/1.0; +claudebot@anthropic.com)"
216.73.216.20 - - [22/Aug/2026:07:43:39 +0800] "GET /sun520/wp-content/uploads/sites/3900/2026/04/IMG_2086-300x200.jpg HTTP/1.1" 200 15090 "-" "Mozilla/5.0 AppleWebKit/537.36 (KHTML, like Gecko; compatible; ClaudeBot/1.0; +claudebot@anthropic.com)"
216.73.216.20 - - [22/Aug/2026:07:43:39 +0800] "GET /sun520/wp-content/uploads/sites/3900/2026/04/IMG_2403-300x200.jpg HTTP/1.1" 200 18308 "-" "Mozilla/5.0 AppleWebKit/537.36 (KHTML, like Gecko; compatible; ClaudeBot/1.0; +claudebot@anthropic.com)"
85.208.96.209 - - [22/Aug/2026:07:43:39 +0800] "GET /home110/2024/01/19/%E5%AD%B8%E7%94%9F%E6%85%B6%E7%94%9F%E6%9C%83/ HTTP/1.1" 200 16767 "-" "Mozilla/5.0 (compatible; SemrushBot/7~bl; +http://www.semrush.com/bot.html)"
216.73.216.20 - - [22/Aug/2026:07:43:39 +0800] "GET /sun520/wp-content/uploads/sites/3900/2026/04/IMG_1777-300x200.jpg HTTP/1.1" 200 16917 "-" "Mozilla/5.0 AppleWebKit/537.36 (KHTML, like Gecko; compatible; ClaudeBot/1.0; +claudebot@anthropic.com)"
216.73.216.20 - - [22/Aug/2026:07:43:39 +0800] "GET /sun520/wp-content/uploads/sites/3900/2026/04/IMG_2397-300x200.jpg HTTP/1.1" 200 19696 "-" "Mozilla/5.0 AppleWebKit/537.36 (KHTML, like Gecko; compatible; ClaudeBot/1.0; +claudebot@anthropic.com)"
100.55.60.118 - - [22/Aug/2026:07:43:37 +0800] "GET /administrator/.env HTTP/1.1" 404 50084 "-" "Mozilla/5.0 (Windows NT 10.0; Win64; x64) AppleWebKit/537.36 (KHTML, like Gecko) Chrome/131.0.0.0 Safari/537.36"
216.73.216.20 - - [22/Aug/2026:07:43:39 +0800] "GET /sun520/wp-content/uploads/sites/3900/2026/04/IMG_2445-300x200.jpg HTTP/1.1" 200 19344 "-" "Mozilla/5.0 AppleWebKit/537.36 (KHTML, like Gecko; compatible; ClaudeBot/1.0; +claudebot@anthropic.com)"
54.187.34.52 - - [22/Aug/2026:07:43:38 +0800] "GET /wp-json/ HTTP/1.1" 200 414166 "-" "Mozilla/5.0 (X11; Linux x86_64) AppleWebKit/537.36 (KHTML, like Gecko) Chrome/131.0.0.0 Safari/537.36"
216.73.216.20 - - [22/Aug/2026:07:43:39 +0800] "GET /sun520/wp-content/uploads/sites/3900/2026/04/IMG_1679-300x200.jpg HTTP/1.1" 200 17118 "-" "Mozilla/5.0 AppleWebKit/537.36 (KHTML, like Gecko; compatible; ClaudeBot/1.0; +claudebot@anthropic.com)"
::1 - - [22/Aug/2026:07:43:39 +0800] "OPTIONS * HTTP/1.0" 200 110 "-" "Apache/2.4.68 (Ubuntu) OpenSSL/3.0.19 (internal dummy connection)"
216.73.216.20 - - [22/Aug/2026:07:43:39 +0800] "GET /sun520/wp-content/uploads/sites/3900/2026/04/IMG_2282-300x200.jpg HTTP/1.1" 200 13520 "-" "Mozilla/5.0 AppleWebKit/537.36 (KHTML, like Gecko; compatible; ClaudeBot/1.0; +claudebot@anthropic.com)"
216.73.216.20 - - [22/Aug/2026:07:43:39 +0800] "GET /sun520/wp-content/uploads/sites/3900/2026/03/IMG_9584-300x200.jpg HTTP/1.1" 200 14856 "-" "Mozilla/5.0 AppleWebKit/537.36 (KHTML, like Gecko; compatible; ClaudeBot/1.0; +claudebot@anthropic.com)"
216.73.216.20 - - [22/Aug/2026:07:43:40 +0800] "GET /sun520/wp-content/uploads/sites/3900/2026/04/IMG_1732-300x200.jpg HTTP/1.1" 200 18192 "-" "Mozilla/5.0 AppleWebKit/537.36 (KHTML, like Gecko; compatible; ClaudeBot/1.0; +claudebot@anthropic.com)"
216.73.216.20 - - [22/Aug/2026:07:43:40 +0800] "GET /sun520/wp-content/uploads/sites/3900/2026/04/IMG_1633-300x200.jpg HTTP/1.1" 200 16031 "-" "Mozilla/5.0 AppleWebKit/537.36 (KHTML, like Gecko; compatible; ClaudeBot/1.0; +claudebot@anthropic.com)"
216.73.216.20 - - [22/Aug/2026:07:43:40 +0800] "GET /sun520/wp-content/uploads/sites/3900/2026/03/IMG_9815-300x200.jpg HTTP/1.1" 200 17679 "-" "Mozilla/5.0 AppleWebKit/537.36 (KHTML, like Gecko; compatible; ClaudeBot/1.0; +claudebot@anthropic.com)"
216.73.216.20 - - [22/Aug/2026:07:43:40 +0800] "GET /sun520/wp-content/uploads/sites/3900/2026/04/IMG_2125-300x200.jpg HTTP/1.1" 200 15664 "-" "Mozilla/5.0 AppleWebKit/537.36 (KHTML, like Gecko; compatible; ClaudeBot/1.0; +claudebot@anthropic.com)"
216.73.216.20 - - [22/Aug/2026:07:43:40 +0800] "GET /sun520/wp-content/uploads/sites/3900/2026/03/IMG_9222-300x200.jpg HTTP/1.1" 200 15526 "-" "Mozilla/5.0 AppleWebKit/537.36 (KHTML, like Gecko; compatible; ClaudeBot/1.0; +claudebot@anthropic.com)"
54.187.34.52 - - [22/Aug/2026:07:43:40 +0800] "POST /wp-json/batch/v1 HTTP/1.1" 500 1455 "-" "Mozilla/5.0 (X11; Linux x86_64) AppleWebKit/537.36 (KHTML, like Gecko) Chrome/131.0.0.0 Safari/537.36"
216.73.216.20 - - [22/Aug/2026:07:43:40 +0800] "GET /sun520/wp-content/uploads/sites/3900/2026/04/IMG_1765-300x200.jpg HTTP/1.1" 200 17071 "-" "Mozilla/5.0 AppleWebKit/537.36 (KHTML, like Gecko; compatible; ClaudeBot/1.0; +claudebot@anthropic.com)"
216.73.216.20 - - [22/Aug/2026:07:43:40 +0800] "GET /sun520/wp-content/uploads/sites/3900/2026/03/IMG_9542-300x200.jpg HTTP/1.1" 200 15444 "-" "Mozilla/5.0 AppleWebKit/537.36 (KHTML, like Gecko; compatible; ClaudeBot/1.0; +claudebot@anthropic.com)"
216.73.216.20 - - [22/Aug/2026:07:43:40 +0800] "GET /sun520/wp-content/uploads/sites/3900/2026/04/IMG_2406-300x200.jpg HTTP/1.1" 200 19342 "-" "Mozilla/5.0 AppleWebKit/537.36 (KHTML, like Gecko; compatible; ClaudeBot/1.0; +claudebot@anthropic.com)"
216.73.216.20 - - [22/Aug/2026:07:43:40 +0800] "GET /sun520/wp-content/uploads/sites/3900/2026/04/IMG_1709-300x200.jpg HTTP/1.1" 200 13467 "-" "Mozilla/5.0 AppleWebKit/537.36 (KHTML, like Gecko; compatible; ClaudeBot/1.0; +claudebot@anthropic.com)"
::1 - - [22/Aug/2026:07:43:40 +0800] "OPTIONS * HTTP/1.0" 200 110 "-" "Apache/2.4.68 (Ubuntu) OpenSSL/3.0.19 (internal dummy connection)"
216.73.216.20 - - [22/Aug/2026:07:43:40 +0800] "GET /sun520/wp-content/uploads/sites/3900/2026/03/IMG_9102-300x200.jpg HTTP/1.1" 200 15046 "-" "Mozilla/5.0 AppleWebKit/537.36 (KHTML, like Gecko; compatible; ClaudeBot/1.0; +claudebot@anthropic.com)"
216.73.216.20 - - [22/Aug/2026:07:43:40 +0800] "GET /sun520/wp-content/uploads/sites/3900/2026/03/IMG_9361-300x200.jpg HTTP/1.1" 200 13020 "-" "Mozilla/5.0 AppleWebKit/537.36 (KHTML, like Gecko; compatible; ClaudeBot/1.0; +claudebot@anthropic.com)"
98.84.184.80 - - [22/Aug/2026:07:43:41 +0800] "GET /wp-content/uploads/sites/847/6483/6483-2381322.gif HTTP/1.1" 200 25765 "-" "Mozilla/5.0 AppleWebKit/537.36 (KHTML, like Gecko; compatible; Amazonbot/0.1; +https://developer.amazon.com/support/amazonbot) Chrome/119.0.6045.214 Safari/537.36"
216.73.216.20 - - [22/Aug/2026:07:43:41 +0800] "GET /sun520/wp-content/uploads/sites/3900/2026/03/IMG_8996-300x200.jpg HTTP/1.1" 200 13836 "-" "Mozilla/5.0 AppleWebKit/537.36 (KHTML, like Gecko; compatible; ClaudeBot/1.0; +claudebot@anthropic.com)"
216.73.216.20 - - [22/Aug/2026:07:43:41 +0800] "GET /sun520/wp-content/uploads/sites/3900/2026/03/IMG_9398-300x200.jpg HTTP/1.1" 200 14240 "-" "Mozilla/5.0 AppleWebKit/537.36 (KHTML, like Gecko; compatible; ClaudeBot/1.0; +claudebot@anthropic.com)"
216.73.216.20 - - [22/Aug/2026:07:43:41 +0800] "GET /sun520/wp-content/uploads/sites/3900/2026/03/IMG_9186-300x200.jpg HTTP/1.1" 200 15673 "-" "Mozilla/5.0 AppleWebKit/537.36 (KHTML, like Gecko; compatible; ClaudeBot/1.0; +claudebot@anthropic.com)"
216.73.216.20 - - [22/Aug/2026:07:43:41 +0800] "GET /sun520/wp-content/uploads/sites/3900/2026/04/IMG_1901-300x200.jpg HTTP/1.1" 200 17478 "-" "Mozilla/5.0 AppleWebKit/537.36 (KHTML, like Gecko; compatible; ClaudeBot/1.0; +claudebot@anthropic.com)"
216.73.216.20 - - [22/Aug/2026:07:43:41 +0800] "GET /sun520/wp-content/uploads/sites/3900/2026/04/IMG_2285-300x200.jpg HTTP/1.1" 200 13220 "-" "Mozilla/5.0 AppleWebKit/537.36 (KHTML, like Gecko; compatible; ClaudeBot/1.0; +claudebot@anthropic.com)"
216.73.216.20 - - [22/Aug/2026:07:43:41 +0800] "GET /sun520/wp-content/uploads/sites/3900/2026/04/IMG_1785-300x200.jpg HTTP/1.1" 200 15226 "-" "Mozilla/5.0 AppleWebKit/537.36 (KHTML, like Gecko; compatible; ClaudeBot/1.0; +claudebot@anthropic.com)"
216.73.216.20 - - [22/Aug/2026:07:43:41 +0800] "GET /sun520/wp-content/uploads/sites/3900/2026/03/IMG_8781-300x200.jpg HTTP/1.1" 200 18717 "-" "Mozilla/5.0 AppleWebKit/537.36 (KHTML, like Gecko; compatible; ClaudeBot/1.0; +claudebot@anthropic.com)"
216.73.216.20 - - [22/Aug/2026:07:43:41 +0800] "GET /sun520/wp-content/uploads/sites/3900/2026/04/IMG_2072-300x200.jpg HTTP/1.1" 200 18338 "-" "Mozilla/5.0 AppleWebKit/537.36 (KHTML, like Gecko; compatible; ClaudeBot/1.0; +claudebot@anthropic.com)"
216.73.216.20 - - [22/Aug/2026:07:43:41 +0800] "GET /sun520/wp-content/uploads/sites/3900/2026/04/IMG_1601-300x200.jpg HTTP/1.1" 200 16929 "-" "Mozilla/5.0 AppleWebKit/537.36 (KHTML, like Gecko; compatible; ClaudeBot/1.0; +claudebot@anthropic.com)"
2408:8656:82f0:f300::14 - - [22/Aug/2026:07:43:41 +0800] "GET /17160/tag/is/ HTTP/1.1" 200 20187 "-" "Mozilla/5.0 (Windows NT 10.0; Win64; x64) AppleWebKit/537.36 (KHTML, like Gecko) Chrome/144.0.0.0 Safari/537.36"
::1 - - [22/Aug/2026:07:43:41 +0800] "OPTIONS * HTTP/1.0" 200 110 "-" "Apache/2.4.68 (Ubuntu) OpenSSL/3.0.19 (internal dummy connection)"
216.73.216.20 - - [22/Aug/2026:07:43:41 +0800] "GET /sun520/wp-content/uploads/sites/3900/2026/04/IMG_2365-300x200.jpg HTTP/1.1" 200 13021 "-" "Mozilla/5.0 AppleWebKit/537.36 (KHTML, like Gecko; compatible; ClaudeBot/1.0; +claudebot@anthropic.com)"
216.73.216.20 - - [22/Aug/2026:07:43:41 +0800] "GET /sun520/wp-content/uploads/sites/3900/2026/03/IMG_9339-300x200.jpg HTTP/1.1" 200 15279 "-" "Mozilla/5.0 AppleWebKit/537.36 (KHTML, like Gecko; compatible; ClaudeBot/1.0; +claudebot@anthropic.com)"
216.73.216.20 - - [22/Aug/2026:07:43:42 +0800] "GET /sun520/wp-content/uploads/sites/3900/2026/03/IMG_9059-300x200.jpg HTTP/1.1" 200 13611 "-" "Mozilla/5.0 AppleWebKit/537.36 (KHTML, like Gecko; compatible; ClaudeBot/1.0; +claudebot@anthropic.com)"
216.73.216.20 - - [22/Aug/2026:07:43:42 +0800] "GET /sun520/wp-content/uploads/sites/3900/2026/03/IMG_9586-300x200.jpg HTTP/1.1" 200 14621 "-" "Mozilla/5.0 AppleWebKit/537.36 (KHTML, like Gecko; compatible; ClaudeBot/1.0; +claudebot@anthropic.com)"
100.55.60.118 - - [22/Aug/2026:07:43:40 +0800] "GET /psnlink/.env HTTP/1.1" 404 50079 "-" "Mozilla/5.0 (Windows NT 10.0; Win64; x64) AppleWebKit/537.36 (KHTML, like Gecko) Chrome/131.0.0.0 Safari/537.36"
216.73.216.20 - - [22/Aug/2026:07:43:42 +0800] "GET /sun520/wp-content/uploads/sites/3900/2026/03/IMG_9266-300x200.jpg HTTP/1.1" 200 22052 "-" "Mozilla/5.0 AppleWebKit/537.36 (KHTML, like Gecko; compatible; ClaudeBot/1.0; +claudebot@anthropic.com)"
34.56.53.225 - - [22/Aug/2026:07:43:42 +0800] "GET /klesea/category/%E8%AA%B2%E7%A8%8B%E7%99%BC%E5%B1%95/%E6%A0%A1%E8%A8%82%E8%AA%B2%E7%A8%8B%E6%95%B4%E9%AB%94%E6%9E%B6%E6%A7%8B/ HTTP/1.1" 200 12668 "-" "Mozilla/5.0 (Macintosh; Intel Mac OS X 10_15_7) AppleWebKit/537.36 (KHTML, like Gecko) Chrome/120.0.0.0 Safari/537.36"
216.73.216.20 - - [22/Aug/2026:07:43:42 +0800] "GET /sun520/wp-content/uploads/sites/3900/2026/04/IMG_1909-300x200.jpg HTTP/1.1" 200 16403 "-" "Mozilla/5.0 AppleWebKit/537.36 (KHTML, like Gecko; compatible; ClaudeBot/1.0; +claudebot@anthropic.com)"
216.73.216.20 - - [22/Aug/2026:07:43:42 +0800] "GET /sun520/wp-content/uploads/sites/3900/2026/03/IMG_9164-300x200.jpg HTTP/1.1" 200 15376 "-" "Mozilla/5.0 AppleWebKit/537.36 (KHTML, like Gecko; compatible; ClaudeBot/1.0; +claudebot@anthropic.com)"
2408:8656:82f0:f300::14 - - [22/Aug/2026:07:43:42 +0800] "GET /17160/wp-includes/css/dashicons.min.css HTTP/1.1" 200 36736 "https://2blog.ilc.edu.tw/17160/tag/is/" "Mozilla/5.0 (Windows NT 10.0; Win64; x64) AppleWebKit/537.36 (KHTML, like Gecko) Chrome/144.0.0.0 Safari/537.36"
216.73.216.20 - - [22/Aug/2026:07:43:42 +0800] "GET /sun520/wp-content/uploads/sites/3900/2026/03/IMG_8776-300x200.jpg HTTP/1.1" 200 15150 "-" "Mozilla/5.0 AppleWebKit/537.36 (KHTML, like Gecko; compatible; ClaudeBot/1.0; +claudebot@anthropic.com)"
216.73.216.20 - - [22/Aug/2026:07:43:42 +0800] "GET /sun520/wp-content/uploads/sites/3900/2026/04/IMG_2401-300x200.jpg HTTP/1.1" 200 19230 "-" "Mozilla/5.0 AppleWebKit/537.36 (KHTML, like Gecko; compatible; ClaudeBot/1.0; +claudebot@anthropic.com)"
216.73.216.20 - - [22/Aug/2026:07:43:42 +0800] "GET /sun520/wp-content/uploads/sites/3900/2026/03/IMG_9273-300x200.jpg HTTP/1.1" 200 22108 "-" "Mozilla/5.0 AppleWebKit/537.36 (KHTML, like Gecko; compatible; ClaudeBot/1.0; +claudebot@anthropic.com)"
