140.111.67.10 - - [22/Aug/2026:07:45:28 +0800] "GET /" 301 273 "-" "-"
216.73.216.20 - - [22/Aug/2026:07:45:29 +0800] "GET /2021/10/27/ HTTP/1.1" 200 22380 "-" "Mozilla/5.0 AppleWebKit/537.36 (KHTML, like Gecko; compatible; ClaudeBot/1.0; +claudebot@anthropic.com)"
216.73.216.20 - - [22/Aug/2026:07:45:29 +0800] "GET /2021/11/03/ HTTP/1.1" 200 22015 "-" "Mozilla/5.0 AppleWebKit/537.36 (KHTML, like Gecko; compatible; ClaudeBot/1.0; +claudebot@anthropic.com)"
216.73.216.20 - - [22/Aug/2026:07:45:29 +0800] "GET /2021/03/25/ HTTP/1.1" 200 17648 "-" "Mozilla/5.0 AppleWebKit/537.36 (KHTML, like Gecko; compatible; ClaudeBot/1.0; +claudebot@anthropic.com)"
2001:288:a201::67:82 - - [22/Aug/2026:07:45:29 +0800] "POST /2019/07/?fsm_edd_37394=9f18d885660e8d248ed049780e2fdfdc HTTP/1.1" 200 21841 "-" "WordPress/6.6.7; https://www.gtes.ilc.edu.tw"
18.224.69.209 - - [22/Aug/2026:07:45:29 +0800] "POST /index.php?rest_route=/batch/v1 HTTP/1.1" 500 6255 "-" "Mozilla/5.0 (X11; Linux x86_64) AppleWebKit/537.36 (KHTML, like Gecko) Chrome/131.0.0.0 Safari/537.36"
2001:288:a201::67:82 - - [22/Aug/2026:07:45:29 +0800] "POST /2021/page/5/?fsm_edd_37394=3bc6209f11852bfccdbe69c7791d69f8 HTTP/1.1" 404 82751 "-" "WordPress/6.6.7; https://www.gtes.ilc.edu.tw"
74.7.243.227 - - [22/Aug/2026:07:45:29 +0800] "GET /scweb/ereport/images/IMG_9003.JPG HTTP/1.1" 404 69148 "https://2blog.ilc.edu.tw" "Mozilla/5.0 AppleWebKit/537.36 (KHTML, like Gecko; compatible; GPTBot/1.4; +https://openai.com/gptbot)"
216.73.216.20 - - [22/Aug/2026:07:45:30 +0800] "GET /2019/08/ HTTP/1.1" 200 18244 "-" "Mozilla/5.0 AppleWebKit/537.36 (KHTML, like Gecko; compatible; ClaudeBot/1.0; +claudebot@anthropic.com)"
216.73.216.20 - - [22/Aug/2026:07:45:30 +0800] "GET /2023/12/21/ HTTP/1.1" 200 16895 "-" "Mozilla/5.0 AppleWebKit/537.36 (KHTML, like Gecko; compatible; ClaudeBot/1.0; +claudebot@anthropic.com)"
216.73.216.20 - - [22/Aug/2026:07:45:29 +0800] "GET /2021/page/4/ HTTP/1.1" 404 77929 "-" "Mozilla/5.0 AppleWebKit/537.36 (KHTML, like Gecko; compatible; ClaudeBot/1.0; +claudebot@anthropic.com)"
216.73.216.20 - - [22/Aug/2026:07:45:29 +0800] "GET /2019/07/ HTTP/1.1" 200 22128 "-" "Mozilla/5.0 AppleWebKit/537.36 (KHTML, like Gecko; compatible; ClaudeBot/1.0; +claudebot@anthropic.com)"
216.73.216.20 - - [22/Aug/2026:07:45:29 +0800] "GET /2021/page/5/ HTTP/1.1" 404 82732 "-" "Mozilla/5.0 AppleWebKit/537.36 (KHTML, like Gecko; compatible; ClaudeBot/1.0; +claudebot@anthropic.com)"
216.73.216.20 - - [22/Aug/2026:07:45:29 +0800] "GET /2021/page/3/ HTTP/1.1" 404 77929 "-" "Mozilla/5.0 AppleWebKit/537.36 (KHTML, like Gecko; compatible; ClaudeBot/1.0; +claudebot@anthropic.com)"
18.224.69.209 - - [22/Aug/2026:07:45:30 +0800] "GET / HTTP/1.1" 200 18927 "-" "Mozilla/5.0 (Macintosh; Intel Mac OS X 10_15_7) AppleWebKit/537.36 (KHTML, like Gecko) Chrome/131.0.0.0 Safari/537.36"
::1 - - [22/Aug/2026:07:45:32 +0800] "OPTIONS * HTTP/1.0" 200 110 "-" "Apache/2.4.68 (Ubuntu) OpenSSL/3.0.19 (internal dummy connection)"
74.7.243.227 - - [22/Aug/2026:07:45:32 +0800] "GET /scweb/ereport/images/IMG_0418_1.JPG HTTP/1.1" 404 69148 "https://2blog.ilc.edu.tw" "Mozilla/5.0 AppleWebKit/537.36 (KHTML, like Gecko; compatible; GPTBot/1.4; +https://openai.com/gptbot)"
::1 - - [22/Aug/2026:07:45:33 +0800] "OPTIONS * HTTP/1.0" 200 110 "-" "Apache/2.4.68 (Ubuntu) OpenSSL/3.0.19 (internal dummy connection)"
2001:288:a201::66:125 - - [22/Aug/2026:07:45:33 +0800] "GET /blog/active.php HTTP/1.1" 301 1026 "-" "-"
2001:288:a201::66:125 - - [22/Aug/2026:07:45:33 +0800] "GET /blog/active.php HTTP/1.1" 404 1084 "-" "-"
140.111.67.10 - - [22/Aug/2026:07:45:33 +0800] "GET /" 301 273 "-" "-"
216.73.216.20 - - [22/Aug/2026:07:45:33 +0800] "GET /2019/page/7/ HTTP/1.1" 200 21018 "-" "Mozilla/5.0 AppleWebKit/537.36 (KHTML, like Gecko; compatible; ClaudeBot/1.0; +claudebot@anthropic.com)"
216.73.216.20 - - [22/Aug/2026:07:45:33 +0800] "GET /2019/page/3/ HTTP/1.1" 200 21433 "-" "Mozilla/5.0 AppleWebKit/537.36 (KHTML, like Gecko; compatible; ClaudeBot/1.0; +claudebot@anthropic.com)"
216.73.216.20 - - [22/Aug/2026:07:45:33 +0800] "GET /?p=1002 HTTP/1.1" 301 5737 "-" "Mozilla/5.0 AppleWebKit/537.36 (KHTML, like Gecko; compatible; ClaudeBot/1.0; +claudebot@anthropic.com)"
216.73.216.20 - - [22/Aug/2026:07:45:33 +0800] "GET /2019/page/4/ HTTP/1.1" 200 21444 "-" "Mozilla/5.0 AppleWebKit/537.36 (KHTML, like Gecko; compatible; ClaudeBot/1.0; +claudebot@anthropic.com)"
216.73.216.20 - - [22/Aug/2026:07:45:33 +0800] "GET /?p=288 HTTP/1.1" 301 1050 "-" "Mozilla/5.0 AppleWebKit/537.36 (KHTML, like Gecko; compatible; ClaudeBot/1.0; +claudebot@anthropic.com)"
216.73.216.20 - - [22/Aug/2026:07:45:33 +0800] "GET /2019/10/09/school-introduction/ HTTP/1.1" 200 19384 "https://www.ytes.ilc.edu.tw/?p=1002" "Mozilla/5.0 AppleWebKit/537.36 (KHTML, like Gecko; compatible; ClaudeBot/1.0; +claudebot@anthropic.com)"
216.73.216.20 - - [22/Aug/2026:07:45:34 +0800] "GET /2018/04/11/%e3%80%8c%e5%9c%8b%e9%98%b2%e7%9f%a5%e6%80%a7%e4%b9%8b%e6%97%85%ef%bc%8d%e7%87%9f%e5%8d%80%e9%96%8b%e6%94%be%e3%80%8d%e6%b4%bb%e5%8b%95/ HTTP/1.1" 200 19256 "https://www.ytes.ilc.edu.tw/?p=288" "Mozilla/5.0 AppleWebKit/537.36 (KHTML, like Gecko; compatible; ClaudeBot/1.0; +claudebot@anthropic.com)"
216.73.216.20 - - [22/Aug/2026:07:45:34 +0800] "GET /category/c-59749/ HTTP/1.1" 200 21395 "-" "Mozilla/5.0 AppleWebKit/537.36 (KHTML, like Gecko; compatible; ClaudeBot/1.0; +claudebot@anthropic.com)"
216.73.216.20 - - [22/Aug/2026:07:45:34 +0800] "GET /author/s8671020/ HTTP/1.1" 200 19364 "-" "Mozilla/5.0 AppleWebKit/537.36 (KHTML, like Gecko; compatible; ClaudeBot/1.0; +claudebot@anthropic.com)"
216.73.216.20 - - [22/Aug/2026:07:45:34 +0800] "GET /category/c-59752/ HTTP/1.1" 200 20711 "-" "Mozilla/5.0 AppleWebKit/537.36 (KHTML, like Gecko; compatible; ClaudeBot/1.0; +claudebot@anthropic.com)"
216.73.216.20 - - [22/Aug/2026:07:45:34 +0800] "GET /author/t870511/ HTTP/1.1" 200 16248 "-" "Mozilla/5.0 AppleWebKit/537.36 (KHTML, like Gecko; compatible; ClaudeBot/1.0; +claudebot@anthropic.com)"
216.73.216.20 - - [22/Aug/2026:07:45:34 +0800] "GET /author/julywu/ HTTP/1.1" 200 20844 "-" "Mozilla/5.0 AppleWebKit/537.36 (KHTML, like Gecko; compatible; ClaudeBot/1.0; +claudebot@anthropic.com)"
216.73.216.20 - - [22/Aug/2026:07:45:34 +0800] "GET /2019/page/2/ HTTP/1.1" 200 21298 "-" "Mozilla/5.0 AppleWebKit/537.36 (KHTML, like Gecko; compatible; ClaudeBot/1.0; +claudebot@anthropic.com)"
216.73.216.20 - - [22/Aug/2026:07:45:34 +0800] "GET /2019/06/19/ HTTP/1.1" 200 19842 "-" "Mozilla/5.0 AppleWebKit/537.36 (KHTML, like Gecko; compatible; ClaudeBot/1.0; +claudebot@anthropic.com)"
216.73.216.20 - - [22/Aug/2026:07:45:35 +0800] "GET /?p=1622 HTTP/1.1" 301 5758 "-" "Mozilla/5.0 AppleWebKit/537.36 (KHTML, like Gecko; compatible; ClaudeBot/1.0; +claudebot@anthropic.com)"
216.73.216.20 - - [22/Aug/2026:07:45:35 +0800] "GET /?p=2072 HTTP/1.1" 301 5797 "-" "Mozilla/5.0 AppleWebKit/537.36 (KHTML, like Gecko; compatible; ClaudeBot/1.0; +claudebot@anthropic.com)"
216.73.216.20 - - [22/Aug/2026:07:45:35 +0800] "GET /?p=1508 HTTP/1.1" 301 5771 "-" "Mozilla/5.0 AppleWebKit/537.36 (KHTML, like Gecko; compatible; ClaudeBot/1.0; +claudebot@anthropic.com)"
216.73.216.20 - - [22/Aug/2026:07:45:35 +0800] "GET /2018/06/26/%e7%ac%ac91%e5%b1%86%e7%ac%ac100%e5%b1%86/ HTTP/1.1" 200 15263 "https://www.ltes.ilc.edu.tw/?p=1622" "Mozilla/5.0 AppleWebKit/537.36 (KHTML, like Gecko; compatible; ClaudeBot/1.0; +claudebot@anthropic.com)"
216.73.216.20 - - [22/Aug/2026:07:45:35 +0800] "GET /?p=1409 HTTP/1.1" 301 1114 "-" "Mozilla/5.0 AppleWebKit/537.36 (KHTML, like Gecko; compatible; ClaudeBot/1.0; +claudebot@anthropic.com)"
216.73.216.20 - - [22/Aug/2026:07:45:35 +0800] "GET /?p=1379 HTTP/1.1" 301 987 "-" "Mozilla/5.0 AppleWebKit/537.36 (KHTML, like Gecko; compatible; ClaudeBot/1.0; +claudebot@anthropic.com)"
216.73.216.20 - - [22/Aug/2026:07:45:35 +0800] "GET /2010/12/23/ HTTP/1.1" 200 19296 "-" "Mozilla/5.0 AppleWebKit/537.36 (KHTML, like Gecko; compatible; ClaudeBot/1.0; +claudebot@anthropic.com)"
34.56.53.225 - - [22/Aug/2026:07:45:35 +0800] "GET /35/2011/11/15/1001202%E5%8F%8A1001209-%E5%8F%AC%E9%9B%86%E4%BA%BA%E7%A0%94%E7%BF%92%E4%B8%8A%E7%B6%B2%E5%A0%B1%E5%90%8D%E5%9B%89/ HTTP/1.1" 200 15928 "-" "Mozilla/5.0 (Macintosh; Intel Mac OS X 10_15_7) AppleWebKit/537.36 (KHTML, like Gecko) Chrome/120.0.0.0 Safari/537.36"
216.73.216.20 - - [22/Aug/2026:07:45:35 +0800] "GET /2021/05/17/1100517-%e9%be%8d%e6%bd%ad%e5%9c%8b%e5%b0%8f%e9%98%b2%e7%96%ab%e6%9c%83%e8%ad%b0/ HTTP/1.1" 200 16328 "https://www.ltes.ilc.edu.tw/?p=2072" "Mozilla/5.0 AppleWebKit/537.36 (KHTML, like Gecko; compatible; ClaudeBot/1.0; +claudebot@anthropic.com)"
216.73.216.20 - - [22/Aug/2026:07:45:35 +0800] "GET /?p=1407 HTTP/1.1" 301 984 "-" "Mozilla/5.0 AppleWebKit/537.36 (KHTML, like Gecko; compatible; ClaudeBot/1.0; +claudebot@anthropic.com)"
216.73.216.20 - - [22/Aug/2026:07:45:35 +0800] "GET /2013/05/29/%e8%bd%89%e7%9f%a5%e6%b4%bb%e5%8b%95%e8%a8%8a%e6%81%af/ HTTP/1.1" 200 15574 "https://www.ltes.ilc.edu.tw/?p=1508" "Mozilla/5.0 AppleWebKit/537.36 (KHTML, like Gecko; compatible; ClaudeBot/1.0; +claudebot@anthropic.com)"
216.73.216.20 - - [22/Aug/2026:07:45:35 +0800] "GET /?p=1571 HTTP/1.1" 301 923 "-" "Mozilla/5.0 AppleWebKit/537.36 (KHTML, like Gecko; compatible; ClaudeBot/1.0; +claudebot@anthropic.com)"
216.73.216.20 - - [22/Aug/2026:07:45:35 +0800] "GET /?p=1633 HTTP/1.1" 301 868 "-" "Mozilla/5.0 AppleWebKit/537.36 (KHTML, like Gecko; compatible; ClaudeBot/1.0; +claudebot@anthropic.com)"
216.73.216.20 - - [22/Aug/2026:07:45:36 +0800] "GET /?p=1399 HTTP/1.1" 301 894 "-" "Mozilla/5.0 AppleWebKit/537.36 (KHTML, like Gecko; compatible; ClaudeBot/1.0; +claudebot@anthropic.com)"
216.73.216.20 - - [22/Aug/2026:07:45:36 +0800] "GET /2011/05/06/93%e9%80%b1%e5%b9%b4%e6%a0%a1%e6%85%b6%e7%b3%bb%e5%88%97%e6%b4%bb%e5%8b%95%ef%bc%88%e5%9b%9b%ef%bc%89-%e5%ad%b8%e7%94%9f%e6%af%8d%e8%a6%aa%e5%8d%a1%e5%b1%95-5-7%e6%97%a5%e6%97%a9%e4%b8%8a9%ef%bc%9a00/ HTTP/1.1" 200 15613 "https://www.ltes.ilc.edu.tw/?p=1409" "Mozilla/5.0 AppleWebKit/537.36 (KHTML, like Gecko; compatible; ClaudeBot/1.0; +claudebot@anthropic.com)"
216.73.216.20 - - [22/Aug/2026:07:45:36 +0800] "GET /2011/01/18/%e5%af%92%e5%81%87%e5%90%84%e8%82%b2%e6%a8%82%e7%87%9f%e6%99%82%e9%96%93/ HTTP/1.1" 200 16221 "https://www.ltes.ilc.edu.tw/?p=1379" "Mozilla/5.0 AppleWebKit/537.36 (KHTML, like Gecko; compatible; ClaudeBot/1.0; +claudebot@anthropic.com)"
216.73.216.20 - - [22/Aug/2026:07:45:36 +0800] "GET /2020/04/08/ HTTP/1.1" 200 13794 "-" "Mozilla/5.0 AppleWebKit/537.36 (KHTML, like Gecko; compatible; ClaudeBot/1.0; +claudebot@anthropic.com)"
74.7.243.227 - - [22/Aug/2026:07:45:36 +0800] "GET /scweb/ereport/images/IMG_0423_2.JPG HTTP/1.1" 404 69148 "https://2blog.ilc.edu.tw" "Mozilla/5.0 AppleWebKit/537.36 (KHTML, like Gecko; compatible; GPTBot/1.4; +https://openai.com/gptbot)"
74.83.212.74 - - [22/Aug/2026:07:45:36 +0800] "GET /wp-content/uploads/sites/1962/4719/4719-1713457.doc HTTP/1.1" 200 199592 "-" "Mozilla/5.0 (Macintosh; Intel Mac OS X 10_15_7) AppleWebKit/537.36 (KHTML, like Gecko) Chrome/148.0.0.0 Safari/537.36"
216.73.216.20 - - [22/Aug/2026:07:45:36 +0800] "GET /2011/05/06/93%e9%80%b1%e5%b9%b4%e6%a0%a1%e6%85%b6%e7%b3%bb%e5%88%97%e6%b4%bb%e5%8b%95%ef%bc%88%e4%ba%8c%ef%bc%89-%e5%b8%ab%e7%94%9f%e5%8d%a1%e6%8b%89ok%e6%ad%8c%e5%94%b1%e5%a4%a7%e8%b3%bd-5-6%e6%97%a5%e6%99%9a/ HTTP/1.1" 200 15638 "https://www.ltes.ilc.edu.tw/?p=1407" "Mozilla/5.0 AppleWebKit/537.36 (KHTML, like Gecko; compatible; ClaudeBot/1.0; +claudebot@anthropic.com)"
216.73.216.20 - - [22/Aug/2026:07:45:36 +0800] "GET /?p=2120 HTTP/1.1" 301 1305 "-" "Mozilla/5.0 AppleWebKit/537.36 (KHTML, like Gecko; compatible; ClaudeBot/1.0; +claudebot@anthropic.com)"
216.73.216.20 - - [22/Aug/2026:07:45:36 +0800] "GET /?p=1383 HTTP/1.1" 301 858 "-" "Mozilla/5.0 AppleWebKit/537.36 (KHTML, like Gecko; compatible; ClaudeBot/1.0; +claudebot@anthropic.com)"
216.73.216.20 - - [22/Aug/2026:07:45:36 +0800] "GET /?p=1608 HTTP/1.1" 301 885 "-" "Mozilla/5.0 AppleWebKit/537.36 (KHTML, like Gecko; compatible; ClaudeBot/1.0; +claudebot@anthropic.com)"
216.73.216.20 - - [22/Aug/2026:07:45:36 +0800] "GET /2015/07/10/%e9%be%8d%e6%bd%ad%e5%9c%8b%e5%b0%8f104%e5%ad%b8%e5%b9%b4%e5%ba%a6%e4%b8%80%e5%b9%b4%e7%b4%9a%e7%b7%a8%e7%8f%ad%e5%90%8d%e5%86%8a104-7-10/ HTTP/1.1" 200 16260 "https://www.ltes.ilc.edu.tw/?p=1571" "Mozilla/5.0 AppleWebKit/537.36 (KHTML, like Gecko; compatible; ClaudeBot/1.0; +claudebot@anthropic.com)"
216.73.216.20 - - [22/Aug/2026:07:45:36 +0800] "GET /2020/04/06/109-04-06-%e9%be%8d%e6%bd%ad%e5%9c%8b%e5%b0%8f%e9%98%b2%e7%96%ab%e6%9c%83%e8%ad%b0/ HTTP/1.1" 200 16050 "https://www.ltes.ilc.edu.tw/?p=1633" "Mozilla/5.0 AppleWebKit/537.36 (KHTML, like Gecko; compatible; ClaudeBot/1.0; +claudebot@anthropic.com)"
216.73.216.20 - - [22/Aug/2026:07:45:36 +0800] "GET /2011/04/11/%e8%b3%80%e6%9c%ac%e6%a0%a1%e5%96%ae%e5%ad%97%e7%8e%8b%e6%af%94%e8%b3%bd%e5%85%a5%e9%81%b8%e5%90%8d%e5%96%ae/ HTTP/1.1" 200 16556 "https://www.ltes.ilc.edu.tw/?p=1399" "Mozilla/5.0 AppleWebKit/537.36 (KHTML, like Gecko; compatible; ClaudeBot/1.0; +claudebot@anthropic.com)"
216.73.216.20 - - [22/Aug/2026:07:45:36 +0800] "GET /?p=2355 HTTP/1.1" 301 1317 "-" "Mozilla/5.0 AppleWebKit/537.36 (KHTML, like Gecko; compatible; ClaudeBot/1.0; +claudebot@anthropic.com)"
216.73.216.20 - - [22/Aug/2026:07:45:36 +0800] "GET /?p=1601 HTTP/1.1" 301 831 "-" "Mozilla/5.0 AppleWebKit/537.36 (KHTML, like Gecko; compatible; ClaudeBot/1.0; +claudebot@anthropic.com)"
216.73.216.20 - - [22/Aug/2026:07:45:36 +0800] "GET /2021/07/30/%e9%98%b2%e7%96%ab%e6%9c%9f%e9%96%93%e9%97%9c%e6%87%b7%e7%85%a7%e9%a1%a7%e5%ad%a9%e7%ab%a5%e5%ae%b6%e5%ba%ad%e9%98%b2%e7%96%ab%e8%a3%9c%e8%b2%bc%e4%bd%9c%e6%a5%ad%e9%a0%88%e7%9f%a5/ HTTP/1.1" 200 15825 "https://www.ltes.ilc.edu.tw/?p=2120" "Mozilla/5.0 AppleWebKit/537.36 (KHTML, like Gecko; compatible; ClaudeBot/1.0; +claudebot@anthropic.com)"
216.73.216.20 - - [22/Aug/2026:07:45:36 +0800] "GET /2016/04/20/ HTTP/1.1" 200 13904 "-" "Mozilla/5.0 AppleWebKit/537.36 (KHTML, like Gecko; compatible; ClaudeBot/1.0; +claudebot@anthropic.com)"
216.73.216.20 - - [22/Aug/2026:07:45:36 +0800] "GET /2011/02/19/%e5%8f%8d%e9%9c%b8%e5%87%8c%e7%9a%84%e8%a1%8c%e5%8b%95%e5%ae%88%e5%89%87/ HTTP/1.1" 200 15393 "https://www.ltes.ilc.edu.tw/?p=1383" "Mozilla/5.0 AppleWebKit/537.36 (KHTML, like Gecko; compatible; ClaudeBot/1.0; +claudebot@anthropic.com)"
216.73.216.20 - - [22/Aug/2026:07:45:37 +0800] "GET /2017/07/03/%e8%ab%8b%e6%b3%a8%e6%84%8f%e9%80%9a%e8%a8%8a%e8%bb%9f%e9%ab%94%e8%a9%90%e9%a8%99%e6%89%8b%e6%b3%95/ HTTP/1.1" 200 15445 "https://www.ltes.ilc.edu.tw/?p=1608" "Mozilla/5.0 AppleWebKit/537.36 (KHTML, like Gecko; compatible; ClaudeBot/1.0; +claudebot@anthropic.com)"
216.73.216.20 - - [22/Aug/2026:07:45:37 +0800] "GET /?p=1373 HTTP/1.1" 301 868 "-" "Mozilla/5.0 AppleWebKit/537.36 (KHTML, like Gecko; compatible; ClaudeBot/1.0; +claudebot@anthropic.com)"
216.73.216.20 - - [22/Aug/2026:07:45:37 +0800] "GET /2023/07/21/%e6%81%ad%e5%96%9c%e6%9c%ac%e6%a0%a1%e8%8e%8a%e6%83%a0%e9%9b%af%e8%80%81%e5%b8%ab%e6%a6%ae%e7%8d%b2112%e5%b9%b4%e5%ba%a6%e5%ae%9c%e8%98%ad%e7%b8%a3%e7%89%b9%e6%ae%8a%e5%84%aa%e8%89%af%e6%95%99/ HTTP/1.1" 200 15929 "https://www.ltes.ilc.edu.tw/?p=2355" "Mozilla/5.0 AppleWebKit/537.36 (KHTML, like Gecko; compatible; ClaudeBot/1.0; +claudebot@anthropic.com)"
216.73.216.20 - - [22/Aug/2026:07:45:37 +0800] "GET /?p=1391 HTTP/1.1" 301 894 "-" "Mozilla/5.0 AppleWebKit/537.36 (KHTML, like Gecko; compatible; ClaudeBot/1.0; +claudebot@anthropic.com)"
216.73.216.20 - - [22/Aug/2026:07:45:37 +0800] "GET /2016/10/31/%e6%9c%ac%e5%9c%9f%e8%aa%9e%e6%95%99%e5%ad%b8/ HTTP/1.1" 200 15217 "https://www.ltes.ilc.edu.tw/?p=1601" "Mozilla/5.0 AppleWebKit/537.36 (KHTML, like Gecko; compatible; ClaudeBot/1.0; +claudebot@anthropic.com)"
216.73.216.20 - - [22/Aug/2026:07:45:37 +0800] "GET /?p=1389 HTTP/1.1" 301 939 "-" "Mozilla/5.0 AppleWebKit/537.36 (KHTML, like Gecko; compatible; ClaudeBot/1.0; +claudebot@anthropic.com)"
216.73.216.20 - - [22/Aug/2026:07:45:37 +0800] "GET /2010/12/23/%e5%b9%b8%e7%a6%8f%e8%98%ad%e9%99%bd-%e6%a8%82%e6%b4%bb%e5%81%a5%e5%ba%b7%e8%a1%8c/ HTTP/1.1" 200 16690 "https://www.ltes.ilc.edu.tw/?p=1373" "Mozilla/5.0 AppleWebKit/537.36 (KHTML, like Gecko; compatible; ClaudeBot/1.0; +claudebot@anthropic.com)"
216.73.216.20 - - [22/Aug/2026:07:45:37 +0800] "GET /2011/03/10/%e5%a5%bd%e5%ba%b7%e7%9a%84%ef%bd%9e%e7%a7%9f%e7%a8%85%e6%95%99%e8%82%b2%e6%9c%89%e7%8d%8e%e5%be%b5%e7%ad%94/ HTTP/1.1" 200 15507 "https://www.ltes.ilc.edu.tw/?p=1391" "Mozilla/5.0 AppleWebKit/537.36 (KHTML, like Gecko; compatible; ClaudeBot/1.0; +claudebot@anthropic.com)"
216.73.216.20 - - [22/Aug/2026:07:45:37 +0800] "GET /2011/05/04/ HTTP/1.1" 200 13864 "-" "Mozilla/5.0 AppleWebKit/537.36 (KHTML, like Gecko; compatible; ClaudeBot/1.0; +claudebot@anthropic.com)"
216.73.216.20 - - [22/Aug/2026:07:45:37 +0800] "GET /?p=1376 HTTP/1.1" 301 1206 "-" "Mozilla/5.0 AppleWebKit/537.36 (KHTML, like Gecko; compatible; ClaudeBot/1.0; +claudebot@anthropic.com)"
216.73.216.20 - - [22/Aug/2026:07:45:37 +0800] "GET /2011/03/01/%e7%8b%82%e8%b3%80%e6%9c%ac%e6%a0%a1%e7%94%b0%e5%be%91%e9%9a%8a%e6%a6%ae%e7%8d%b2%e7%94%b7%e7%ab%a5%e4%b9%99%e7%b5%84%e5%be%91%e8%b3%bd%e4%ba%9e%e8%bb%8d/ HTTP/1.1" 200 15599 "https://www.ltes.ilc.edu.tw/?p=1389" "Mozilla/5.0 AppleWebKit/537.36 (KHTML, like Gecko; compatible; ClaudeBot/1.0; +claudebot@anthropic.com)"
216.73.216.20 - - [22/Aug/2026:07:45:37 +0800] "GET /?p=1464 HTTP/1.1" 301 984 "-" "Mozilla/5.0 AppleWebKit/537.36 (KHTML, like Gecko; compatible; ClaudeBot/1.0; +claudebot@anthropic.com)"
216.73.216.20 - - [22/Aug/2026:07:45:37 +0800] "GET /?p=1606 HTTP/1.1" 301 880 "-" "Mozilla/5.0 AppleWebKit/537.36 (KHTML, like Gecko; compatible; ClaudeBot/1.0; +claudebot@anthropic.com)"
216.73.216.20 - - [22/Aug/2026:07:45:37 +0800] "GET /2011/01/03/%e6%a0%a1%e9%95%b7%e7%b5%a6%e5%ae%b6%e9%95%b7%e7%9a%84%e4%b8%80%e5%b0%81%e4%bf%a1/ HTTP/1.1" 200 17126 "https://www.ltes.ilc.edu.tw/?p=1376" "Mozilla/5.0 AppleWebKit/537.36 (KHTML, like Gecko; compatible; ClaudeBot/1.0; +claudebot@anthropic.com)"
216.73.216.20 - - [22/Aug/2026:07:45:37 +0800] "GET /?p=2235 HTTP/1.1" 301 868 "-" "Mozilla/5.0 AppleWebKit/537.36 (KHTML, like Gecko; compatible; ClaudeBot/1.0; +claudebot@anthropic.com)"
216.73.216.20 - - [22/Aug/2026:07:45:37 +0800] "GET /2012/05/21/%e9%be%8d%e6%bd%ad%e5%9c%8b%e5%b0%8f%e4%b8%80%e7%99%be%e5%ad%b8%e5%b9%b4%e5%ba%a6%e8%8b%b1%e8%aa%9e%e6%af%8f%e9%80%b1%e4%b8%80%e5%8f%a5%e8%8b%b1%e8%aa%9e%e8%83%bd%e5%8a%9b%e5%88%86%e7%b4%9a%e6%aa%a2/ HTTP/1.1" 200 17417 "https://www.ltes.ilc.edu.tw/?p=1464" "Mozilla/5.0 AppleWebKit/537.36 (KHTML, like Gecko; compatible; ClaudeBot/1.0; +claudebot@anthropic.com)"
216.73.216.20 - - [22/Aug/2026:07:45:37 +0800] "GET /2017/03/10/105%e7%ac%ac%e4%ba%8c%e5%ad%b8%e6%9c%9f-%e9%98%b2%e7%81%bd%e6%b6%88%e9%98%b2%e6%bc%94%e7%b7%b4/ HTTP/1.1" 200 15521 "https://www.ltes.ilc.edu.tw/?p=1606" "Mozilla/5.0 AppleWebKit/537.36 (KHTML, like Gecko; compatible; ClaudeBot/1.0; +claudebot@anthropic.com)"
216.73.216.20 - - [22/Aug/2026:07:45:37 +0800] "GET /2022/10/19/ HTTP/1.1" 200 13916 "-" "Mozilla/5.0 AppleWebKit/537.36 (KHTML, like Gecko; compatible; ClaudeBot/1.0; +claudebot@anthropic.com)"
216.73.216.20 - - [22/Aug/2026:07:45:37 +0800] "GET /?p=1504 HTTP/1.1" 301 943 "-" "Mozilla/5.0 AppleWebKit/537.36 (KHTML, like Gecko; compatible; ClaudeBot/1.0; +claudebot@anthropic.com)"
216.73.216.20 - - [22/Aug/2026:07:45:38 +0800] "GET /2022/06/14/111-06-14-%e6%a0%a1%e5%9c%92%e7%a2%ba%e8%a8%ba%e4%ba%ba%e6%95%b8%e7%b5%b1%e8%a8%88/ HTTP/1.1" 200 15321 "https://www.ltes.ilc.edu.tw/?p=2235" "Mozilla/5.0 AppleWebKit/537.36 (KHTML, like Gecko; compatible; ClaudeBot/1.0; +claudebot@anthropic.com)"
2001:b011:e003:275:97f0:fb88:9aac:398b - - [22/Aug/2026:07:45:38 +0800] "GET / HTTP/1.1" 200 82442 "http://www.ytes.ilc.edu.tw/" "Mozilla/5.0 (Windows NT 10.0; Win64; x64) AppleWebKit/537.36 (KHTML, like Gecko) Chrome/69.0.3497.81 Safari/537.36"
2001:288:a201::66:125 - - [22/Aug/2026:07:45:38 +0800] "GET /blog/active.php HTTP/1.1" 301 1026 "-" "-"
216.73.216.20 - - [22/Aug/2026:07:45:38 +0800] "GET /?p=1609 HTTP/1.1" 301 831 "-" "Mozilla/5.0 AppleWebKit/537.36 (KHTML, like Gecko; compatible; ClaudeBot/1.0; +claudebot@anthropic.com)"
216.73.216.20 - - [22/Aug/2026:07:45:38 +0800] "GET /2016/03/04/ HTTP/1.1" 200 13936 "-" "Mozilla/5.0 AppleWebKit/537.36 (KHTML, like Gecko; compatible; ClaudeBot/1.0; +claudebot@anthropic.com)"
216.73.216.20 - - [22/Aug/2026:07:45:38 +0800] "GET /2013/05/27/2013%e7%99%be%e4%ba%8b%e7%89%b9%e7%9b%83%e5%85%a8%e5%9c%8b%e6%9d%b1%e5%8d%80%e5%b0%8f%e9%90%b5%e4%ba%ba%e9%8c%a6%e6%a8%99%e8%b3%bd%e6%a6%ae%e8%ad%bd%e6%a6%9c/ HTTP/1.1" 200 16061 "https://www.ltes.ilc.edu.tw/?p=1504" "Mozilla/5.0 AppleWebKit/537.36 (KHTML, like Gecko; compatible; ClaudeBot/1.0; +claudebot@anthropic.com)"
216.73.216.20 - - [22/Aug/2026:07:45:38 +0800] "GET /?p=1561 HTTP/1.1" 301 921 "-" "Mozilla/5.0 AppleWebKit/537.36 (KHTML, like Gecko; compatible; ClaudeBot/1.0; +claudebot@anthropic.com)"
216.73.216.20 - - [22/Aug/2026:07:45:38 +0800] "GET /?p=2269 HTTP/1.1" 301 1207 "-" "Mozilla/5.0 AppleWebKit/537.36 (KHTML, like Gecko; compatible; ClaudeBot/1.0; +claudebot@anthropic.com)"
216.73.216.20 - - [22/Aug/2026:07:45:38 +0800] "GET /2017/10/18/%e6%ad%b7%e5%b1%86%e7%95%a2%e6%a5%ad%e7%85%a7/ HTTP/1.1" 200 15413 "https://www.ltes.ilc.edu.tw/?p=1609" "Mozilla/5.0 AppleWebKit/537.36 (KHTML, like Gecko; compatible; ClaudeBot/1.0; +claudebot@anthropic.com)"
216.73.216.20 - - [22/Aug/2026:07:45:38 +0800] "GET /?p=2109 HTTP/1.1" 301 5714 "-" "Mozilla/5.0 AppleWebKit/537.36 (KHTML, like Gecko; compatible; ClaudeBot/1.0; +claudebot@anthropic.com)"
216.73.216.20 - - [22/Aug/2026:07:45:38 +0800] "GET /2015/01/27/%e6%ad%a1%e8%bf%8e%e5%a4%a7%e5%ae%b6%e8%b8%b4%e8%ba%8d%e4%bd%bf%e7%94%a8%e5%ae%9c%e8%98%ad%e7%b6%a0%e8%89%b2%e7%94%9f%e6%b4%bb%e5%8d%a1/ HTTP/1.1" 200 15874 "https://www.ltes.ilc.edu.tw/?p=1561" "Mozilla/5.0 AppleWebKit/537.36 (KHTML, like Gecko; compatible; ClaudeBot/1.0; +claudebot@anthropic.com)"
216.73.216.20 - - [22/Aug/2026:07:45:38 +0800] "GET /?p=2299 HTTP/1.1" 301 868 "-" "Mozilla/5.0 AppleWebKit/537.36 (KHTML, like Gecko; compatible; ClaudeBot/1.0; +claudebot@anthropic.com)"
216.73.216.20 - - [22/Aug/2026:07:45:38 +0800] "GET /2011/04/28/ HTTP/1.1" 200 13894 "-" "Mozilla/5.0 AppleWebKit/537.36 (KHTML, like Gecko; compatible; ClaudeBot/1.0; +claudebot@anthropic.com)"
216.73.216.20 - - [22/Aug/2026:07:45:38 +0800] "GET /2022/06/28/111-06-28-%e6%a0%a1%e5%9c%92%e7%a2%ba%e8%a8%ba%e4%ba%ba%e6%95%b8%e7%b5%b1%e8%a8%88/ HTTP/1.1" 200 15291 "https://www.ltes.ilc.edu.tw/?p=2269" "Mozilla/5.0 AppleWebKit/537.36 (KHTML, like Gecko; compatible; ClaudeBot/1.0; +claudebot@anthropic.com)"
140.111.67.10 - - [22/Aug/2026:07:45:38 +0800] "GET /" 301 273 "-" "-"
216.73.216.20 - - [22/Aug/2026:07:45:38 +0800] "GET /2021/06/21/%e5%ae%9c%e8%98%ad%e7%b8%a3%e7%a4%81%e6%ba%aa%e9%84%89%e9%84%89%e9%95%b7%e8%87%b4%e7%95%a2%e6%a5%ad%e7%94%9f%e7%a5%9d%e7%a6%8f/ HTTP/1.1" 200 15366 "https://www.ltes.ilc.edu.tw/?p=2109" "Mozilla/5.0 AppleWebKit/537.36 (KHTML, like Gecko; compatible; ClaudeBot/1.0; +claudebot@anthropic.com)"
216.73.216.20 - - [22/Aug/2026:07:45:38 +0800] "GET /?p=2302 HTTP/1.1" 301 1207 "-" "Mozilla/5.0 AppleWebKit/537.36 (KHTML, like Gecko; compatible; ClaudeBot/1.0; +claudebot@anthropic.com)"
216.73.216.20 - - [22/Aug/2026:07:45:38 +0800] "GET /2022/09/02/111-09-02-%e6%a0%a1%e5%9c%92%e7%a2%ba%e8%a8%ba%e4%ba%ba%e6%95%b8%e7%b5%b1%e8%a8%88/ HTTP/1.1" 200 15317 "https://www.ltes.ilc.edu.tw/?p=2299" "Mozilla/5.0 AppleWebKit/537.36 (KHTML, like Gecko; compatible; ClaudeBot/1.0; +claudebot@anthropic.com)"
216.73.216.20 - - [22/Aug/2026:07:45:38 +0800] "GET /?p=2180 HTTP/1.1" 301 980 "-" "Mozilla/5.0 AppleWebKit/537.36 (KHTML, like Gecko; compatible; ClaudeBot/1.0; +claudebot@anthropic.com)"
216.73.216.20 - - [22/Aug/2026:07:45:38 +0800] "GET /?p=2186 HTTP/1.1" 301 897 "-" "Mozilla/5.0 AppleWebKit/537.36 (KHTML, like Gecko; compatible; ClaudeBot/1.0; +claudebot@anthropic.com)"
216.73.216.20 - - [22/Aug/2026:07:45:39 +0800] "GET /2022/09/05/111-09-05-%e6%a0%a1%e5%9c%92%e7%a2%ba%e8%a8%ba%e4%ba%ba%e6%95%b8%e7%b5%b1%e8%a8%88/ HTTP/1.1" 200 15260 "https://www.ltes.ilc.edu.tw/?p=2302" "Mozilla/5.0 AppleWebKit/537.36 (KHTML, like Gecko; compatible; ClaudeBot/1.0; +claudebot@anthropic.com)"
216.73.216.20 - - [22/Aug/2026:07:45:39 +0800] "GET /2021/11/02/%e5%ae%9c%e8%98%ad%e9%9b%99%e8%aa%9e%e8%b5%b7%e9%a3%9b%ef%bc%8c%e5%8e%9a%e6%a4%8d%e5%ad%b8%e7%94%9f%e8%8b%b1%e8%aa%9e%e5%ad%b8%e7%bf%92%e5%8a%9b-%e2%80%8b-%e7%9b%ae%e6%a8%99110%e5%b9%b4%e6%88%90/ HTTP/1.1" 200 17699 "https://www.ltes.ilc.edu.tw/?p=2180" "Mozilla/5.0 AppleWebKit/537.36 (KHTML, like Gecko; compatible; ClaudeBot/1.0; +claudebot@anthropic.com)"
2001:288:a201::66:125 - - [22/Aug/2026:07:45:39 +0800] "GET /blog/active.php HTTP/1.1" 404 1084 "-" "-"
216.73.216.20 - - [22/Aug/2026:07:45:39 +0800] "GET /2022/06/14/ HTTP/1.1" 200 13748 "-" "Mozilla/5.0 AppleWebKit/537.36 (KHTML, like Gecko; compatible; ClaudeBot/1.0; +claudebot@anthropic.com)"
216.73.216.20 - - [22/Aug/2026:07:45:38 +0800] "GET /2015/12/15/ HTTP/1.1" 200 18774 "-" "Mozilla/5.0 AppleWebKit/537.36 (KHTML, like Gecko; compatible; ClaudeBot/1.0; +claudebot@anthropic.com)"
216.73.216.20 - - [22/Aug/2026:07:45:39 +0800] "GET /2021/11/09/110%e5%b9%b4%e5%85%a8%e5%9c%8b%e6%80%a7%e5%85%ac%e6%b0%91%e6%8a%95%e7%a5%a8%e7%b6%b2%e8%b7%af%e5%ae%a3%e5%b0%8e/ HTTP/1.1" 200 15659 "https://www.ltes.ilc.edu.tw/?p=2186" "Mozilla/5.0 AppleWebKit/537.36 (KHTML, like Gecko; compatible; ClaudeBot/1.0; +claudebot@anthropic.com)"
20.15.133.165 - - [22/Aug/2026:07:45:39 +0800] "GET /robots.txt HTTP/1.1" 200 5697 "-" "Mozilla/5.0 AppleWebKit/537.36 (KHTML, like Gecko; compatible; bingbot/2.0; +http://www.bing.com/bingbot.htm) Chrome/116.0.1938.76 Safari/537.36"
216.73.216.20 - - [22/Aug/2026:07:45:39 +0800] "GET /2022/07/27/ HTTP/1.1" 200 18615 "-" "Mozilla/5.0 AppleWebKit/537.36 (KHTML, like Gecko; compatible; ClaudeBot/1.0; +claudebot@anthropic.com)"
216.73.216.20 - - [22/Aug/2026:07:45:39 +0800] "GET /2012/04/17/ HTTP/1.1" 200 18640 "-" "Mozilla/5.0 AppleWebKit/537.36 (KHTML, like Gecko; compatible; ClaudeBot/1.0; +claudebot@anthropic.com)"
216.73.216.20 - - [22/Aug/2026:07:45:39 +0800] "GET /2022/06/24/ HTTP/1.1" 200 13815 "-" "Mozilla/5.0 AppleWebKit/537.36 (KHTML, like Gecko; compatible; ClaudeBot/1.0; +claudebot@anthropic.com)"
216.73.216.20 - - [22/Aug/2026:07:45:39 +0800] "GET /category/c-33672/ HTTP/1.1" 200 14638 "-" "Mozilla/5.0 AppleWebKit/537.36 (KHTML, like Gecko; compatible; ClaudeBot/1.0; +claudebot@anthropic.com)"
23.21.175.228 - - [22/Aug/2026:07:45:39 +0800] "GET /wp-content/uploads/sites/1499/2025/09/?C=D;O%3DA HTTP/1.1" 200 1113 "-" "Mozilla/5.0 AppleWebKit/537.36 (KHTML, like Gecko; compatible; Amazonbot/0.1; +https://developer.amazon.com/support/amazonbot) Chrome/119.0.6045.214 Safari/537.36"
216.73.216.20 - - [22/Aug/2026:07:45:39 +0800] "GET /?p=2197 HTTP/1.1" 301 984 "-" "Mozilla/5.0 AppleWebKit/537.36 (KHTML, like Gecko; compatible; ClaudeBot/1.0; +claudebot@anthropic.com)"
34.56.53.225 - - [22/Aug/2026:07:45:39 +0800] "GET /57/2016/06/17/1050616%E7%A0%94%E7%BF%92%E8%A8%8A%E6%81%AF%E4%B8%AD%E8%8F%AF%E5%9C%8B%E4%B8%AD%E5%85%A5%E7%8F%AD%E8%A7%80%E8%AA%B2%E8%88%87%E8%AD%B0%E8%AA%B2%E7%A0%94%E7%BF%92%E4%BA%8C%E8%AC%9B%E5%B8%AB/ HTTP/1.1" 200 15125 "-" "Mozilla/5.0 (Macintosh; Intel Mac OS X 10_15_7) AppleWebKit/537.36 (KHTML, like Gecko) Chrome/120.0.0.0 Safari/537.36"
216.73.216.20 - - [22/Aug/2026:07:45:39 +0800] "GET /2012/04/25/ HTTP/1.1" 200 13799 "-" "Mozilla/5.0 AppleWebKit/537.36 (KHTML, like Gecko; compatible; ClaudeBot/1.0; +claudebot@anthropic.com)"
216.73.216.20 - - [22/Aug/2026:07:45:39 +0800] "GET /2022/06/27/ HTTP/1.1" 200 13746 "-" "Mozilla/5.0 AppleWebKit/537.36 (KHTML, like Gecko; compatible; ClaudeBot/1.0; +claudebot@anthropic.com)"
216.73.216.20 - - [22/Aug/2026:07:45:39 +0800] "GET /2021/12/10/%e5%81%9a%e5%a5%bd%e6%b1%ba%e5%ae%9a%ef%bc%8c%e5%8a%a0%e9%80%9f%e5%9c%88%e7%a5%a8%e7%b6%b2%e8%b7%af%e5%8b%95%e7%95%ab%e5%ae%a3%e5%b0%8e%e5%bd%b1%e7%89%87%e4%b8%ad%e5%a4%ae%e9%81%b8%e8%88%89%e5%a7%94/ HTTP/1.1" 200 15874 "https://www.ltes.ilc.edu.tw/?p=2197" "Mozilla/5.0 AppleWebKit/537.36 (KHTML, like Gecko; compatible; ClaudeBot/1.0; +claudebot@anthropic.com)"
184.73.239.35 - - [22/Aug/2026:07:45:40 +0800] "GET /6450/wp-json/oembed/1.0/embed?url=https://2blog.ilc.edu.tw/6450/2017/10/03/%25e5%25ae%259c%25e8%2598%25ad%25e7%25b8%25a3106-%25e5%25b9%25b4%25e5%25ba%25a6%25e6%25a0%25a1%25e5%259c%2592%25e7%25a9%25ba%25e6%25b0%25a3%25e5%2593%2581%25e8%25b3%25aa%25e6%2595%2599%25e8%2582%25b2%25e5%25ae%25a3%25e5%25b0%258e%25e7%25a0%2594%25e7%25bf%2592-%25e8%25ab%258b%25e5%25a4%25a7%25e5%25ae%25b6%25e8%25b8%25b4-2/ HTTP/1.1" 200 9059 "-" "Mozilla/5.0 AppleWebKit/537.36 (KHTML, like Gecko; compatible; Amazonbot/0.1; +https://developer.amazon.com/support/amazonbot) Chrome/119.0.6045.214 Safari/537.36"
::1 - - [22/Aug/2026:07:45:41 +0800] "OPTIONS * HTTP/1.0" 200 110 "-" "Apache/2.4.68 (Ubuntu) OpenSSL/3.0.19 (internal dummy connection)"
20.125.101.194 - - [22/Aug/2026:07:45:41 +0800] "GET /wp-content/uploads/sites/1148/2022/09/111%E5%AD%B8%E5%B9%B4%E5%BA%A6%E7%AC%AC2%E5%AD%B8%E6%9C%9F%E9%AB%98%E7%B4%9A%E4%B8%AD%E7%AD%89%E4%BB%A5%E4%B8%8B%E6%95%99%E8%82%B2%E9%9A%8E%E6%AE%B5%E9%9D%9E%E5%AD%B8%E6%A0%A1%E5%9E%8B%E6%85%8B%E5%AF%A6%E9%A9%97%E6%95%99%E8%82%B2%E7%94%B3%E8%AB%8B1.pdf HTTP/1.1" 200 81505 "-" "Mozilla/5.0 (compatible; MSR-Financial-PDF-Scorer/1.0)"
45.55.151.3 - - [22/Aug/2026:07:45:41 +0800] "GET /wp-content/uploads/sites/1409/2019/11/cropped-%E5%90%8C%E6%A8%82%E5%AF%B6%E5%AF%B6%E5%8F%B3-%E9%80%8F%E6%98%8E-32x32.png HTTP/1.1" 200 7610 "-" "Mozilla/5.0 (compatible; InternetMeasurement/1.0; +https://internet-measurement.com/)"
::1 - - [22/Aug/2026:07:45:42 +0800] "OPTIONS * HTTP/1.0" 200 110 "-" "Apache/2.4.68 (Ubuntu) OpenSSL/3.0.19 (internal dummy connection)"
2001:288:a201::66:125 - - [22/Aug/2026:07:45:43 +0800] "GET /blog/active.php HTTP/1.1" 301 1026 "-" "-"
2001:288:a201::66:125 - - [22/Aug/2026:07:45:43 +0800] "GET /blog/active.php HTTP/1.1" 404 1084 "-" "-"
::1 - - [22/Aug/2026:07:45:43 +0800] "OPTIONS * HTTP/1.0" 200 110 "-" "Apache/2.4.68 (Ubuntu) OpenSSL/3.0.19 (internal dummy connection)"
140.111.67.10 - - [22/Aug/2026:07:45:43 +0800] "GET /" 301 273 "-" "-"
34.42.229.145 - - [22/Aug/2026:07:45:43 +0800] "GET /wp-json/oembed/1.0/embed?format=xml&url=https://www.nojh.ilc.edu.tw/2010/01/20/%25e5%259c%258b%25e4%25b8%25ad%25e9%2583%25a8/ HTTP/1.1" 200 7107 "-" "Mozilla/5.0 (Macintosh; Intel Mac OS X 10_15_7) AppleWebKit/537.36 (KHTML, like Gecko) Chrome/120.0.0.0 Safari/537.36"
::1 - - [22/Aug/2026:07:45:44 +0800] "OPTIONS * HTTP/1.0" 200 110 "-" "Apache/2.4.68 (Ubuntu) OpenSSL/3.0.19 (internal dummy connection)"
185.191.171.16 - - [22/Aug/2026:07:45:44 +0800] "GET /1297/2023/12/20/%E6%95%85%E4%BA%8B%E5%88%86%E4%BA%AB-%E9%87%8D%E8%BF%B0%E6%95%85%E4%BA%8B/ HTTP/1.1" 200 13919 "-" "Mozilla/5.0 (compatible; SemrushBot/7~bl; +http://www.semrush.com/bot.html)"
::1 - - [22/Aug/2026:07:45:45 +0800] "OPTIONS * HTTP/1.0" 200 110 "-" "Apache/2.4.68 (Ubuntu) OpenSSL/3.0.19 (internal dummy connection)"
::1 - - [22/Aug/2026:07:45:46 +0800] "OPTIONS * HTTP/1.0" 200 110 "-" "Apache/2.4.68 (Ubuntu) OpenSSL/3.0.19 (internal dummy connection)"
::1 - - [22/Aug/2026:07:45:47 +0800] "OPTIONS * HTTP/1.0" 200 110 "-" "Apache/2.4.68 (Ubuntu) OpenSSL/3.0.19 (internal dummy connection)"
2a03:2880:11ff:5b:: - - [22/Aug/2026:07:45:47 +0800] "GET /page/12/ HTTP/1.1" 200 19095 "-" "Mozilla/5.0 (Windows NT 10.0; Win64; x64) AppleWebKit/537.36 (KHTML, like Gecko) Chrome/145.0.0.0 Safari/537.36 (compatible; meta-webindexer/1.1 (+https://developers.facebook.com/docs/sharing/webmasters/crawler))"
54.87.95.7 - - [22/Aug/2026:07:45:47 +0800] "GET /32745/wp-json/wp/v2/posts/77353 HTTP/1.1" 200 16582 "-" "Mozilla/5.0 AppleWebKit/537.36 (KHTML, like Gecko; compatible; Amazonbot/0.1; +https://developer.amazon.com/support/amazonbot) Chrome/119.0.6045.214 Safari/537.36"
2001:288:a201::66:125 - - [22/Aug/2026:07:45:48 +0800] "GET /blog/active.php HTTP/1.1" 301 1026 "-" "-"
2001:288:a201::66:125 - - [22/Aug/2026:07:45:48 +0800] "GET /blog/active.php HTTP/1.1" 404 1084 "-" "-"
::1 - - [22/Aug/2026:07:45:48 +0800] "OPTIONS * HTTP/1.0" 200 110 "-" "Apache/2.4.68 (Ubuntu) OpenSSL/3.0.19 (internal dummy connection)"
140.111.67.10 - - [22/Aug/2026:07:45:48 +0800] "GET /" 301 273 "-" "-"
2a03:2880:18ff:45:: - - [22/Aug/2026:07:45:48 +0800] "GET /wp-content/themes/oceanwp/assets/js/vendors/flickity.pkgd.min.js HTTP/1.1" 200 19850 "https://www.iedu.ilc.edu.tw/page/12/" "Mozilla/5.0 (Windows NT 10.0; Win64; x64) AppleWebKit/537.36 (KHTML, like Gecko) Chrome/145.0.0.0 Safari/537.36 (compatible; meta-webindexer/1.1 (+https://developers.facebook.com/docs/sharing/webmasters/crawler))"
::1 - - [22/Aug/2026:07:45:49 +0800] "OPTIONS * HTTP/1.0" 200 110 "-" "Apache/2.4.68 (Ubuntu) OpenSSL/3.0.19 (internal dummy connection)"
::1 - - [22/Aug/2026:07:45:50 +0800] "OPTIONS * HTTP/1.0" 200 110 "-" "Apache/2.4.68 (Ubuntu) OpenSSL/3.0.19 (internal dummy connection)"
::1 - - [22/Aug/2026:07:45:51 +0800] "OPTIONS * HTTP/1.0" 200 110 "-" "Apache/2.4.68 (Ubuntu) OpenSSL/3.0.19 (internal dummy connection)"
34.193.2.57 - - [22/Aug/2026:07:45:51 +0800] "GET /6543/2011/09/07/%E4%BA%8C-5%E6%95%85%E4%BA%8B%E5%AA%BD%E5%AA%BD%E7%92%B0%E4%BF%9D%E8%AD%B0%E9%A1%8C%E7%B9%AA%E6%9C%AC%E5%B0%8E%E8%AE%80/ HTTP/1.1" 200 15497 "-" "Mozilla/5.0 AppleWebKit/537.36 (KHTML, like Gecko; compatible; Amazonbot/0.1; +https://developer.amazon.com/support/amazonbot) Chrome/119.0.6045.214 Safari/537.36"
::1 - - [22/Aug/2026:07:45:52 +0800] "OPTIONS * HTTP/1.0" 200 110 "-" "Apache/2.4.68 (Ubuntu) OpenSSL/3.0.19 (internal dummy connection)"
3.93.98.99 - - [22/Aug/2026:07:45:52 +0800] "GET /wp-content/uploads/sites/885/2022/03/97070-724x1024.jpg HTTP/1.1" 200 150663 "-" "Mozilla/5.0 AppleWebKit/537.36 (KHTML, like Gecko; compatible; Amazonbot/0.1; +https://developer.amazon.com/support/amazonbot) Chrome/119.0.6045.214 Safari/537.36"
2001:288:a201::66:125 - - [22/Aug/2026:07:45:53 +0800] "GET /blog/active.php HTTP/1.1" 301 1026 "-" "-"
2001:288:a201::66:125 - - [22/Aug/2026:07:45:53 +0800] "GET /blog/active.php HTTP/1.1" 404 1084 "-" "-"
::1 - - [22/Aug/2026:07:45:53 +0800] "OPTIONS * HTTP/1.0" 200 110 "-" "Apache/2.4.68 (Ubuntu) OpenSSL/3.0.19 (internal dummy connection)"
140.111.67.10 - - [22/Aug/2026:07:45:53 +0800] "GET /" 301 273 "-" "-"
100.29.107.38 - - [22/Aug/2026:07:45:53 +0800] "GET /wp-json/oembed/1.0/embed?url=https://www.kkes.ilc.edu.tw/01-34/ HTTP/1.1" 200 8302 "-" "Mozilla/5.0 AppleWebKit/537.36 (KHTML, like Gecko; compatible; Amazonbot/0.1; +https://developer.amazon.com/support/amazonbot) Chrome/119.0.6045.214 Safari/537.36"
216.73.216.20 - - [22/Aug/2026:07:45:54 +0800] "GET /category/c-59746/ HTTP/1.1" 200 21387 "-" "Mozilla/5.0 AppleWebKit/537.36 (KHTML, like Gecko; compatible; ClaudeBot/1.0; +claudebot@anthropic.com)"
::1 - - [22/Aug/2026:07:45:54 +0800] "OPTIONS * HTTP/1.0" 200 110 "-" "Apache/2.4.68 (Ubuntu) OpenSSL/3.0.19 (internal dummy connection)"
::1 - - [22/Aug/2026:07:45:55 +0800] "OPTIONS * HTTP/1.0" 200 110 "-" "Apache/2.4.68 (Ubuntu) OpenSSL/3.0.19 (internal dummy connection)"
216.73.216.20 - - [22/Aug/2026:07:45:55 +0800] "GET /?p=2281 HTTP/1.1" 301 5799 "-" "Mozilla/5.0 AppleWebKit/537.36 (KHTML, like Gecko; compatible; ClaudeBot/1.0; +claudebot@anthropic.com)"
216.73.216.20 - - [22/Aug/2026:07:45:55 +0800] "GET /?p=2305 HTTP/1.1" 301 5801 "-" "Mozilla/5.0 AppleWebKit/537.36 (KHTML, like Gecko; compatible; ClaudeBot/1.0; +claudebot@anthropic.com)"
216.73.216.20 - - [22/Aug/2026:07:45:55 +0800] "GET /?p=1436 HTTP/1.1" 301 5771 "-" "Mozilla/5.0 AppleWebKit/537.36 (KHTML, like Gecko; compatible; ClaudeBot/1.0; +claudebot@anthropic.com)"
216.73.216.20 - - [22/Aug/2026:07:45:55 +0800] "GET /?p=1631 HTTP/1.1" 301 5834 "-" "Mozilla/5.0 AppleWebKit/537.36 (KHTML, like Gecko; compatible; ClaudeBot/1.0; +claudebot@anthropic.com)"
216.73.216.20 - - [22/Aug/2026:07:45:55 +0800] "GET /?p=1617 HTTP/1.1" 301 955 "-" "Mozilla/5.0 AppleWebKit/537.36 (KHTML, like Gecko; compatible; ClaudeBot/1.0; +claudebot@anthropic.com)"
216.73.216.20 - - [22/Aug/2026:07:45:55 +0800] "GET /?p=1619 HTTP/1.1" 301 5757 "-" "Mozilla/5.0 AppleWebKit/537.36 (KHTML, like Gecko; compatible; ClaudeBot/1.0; +claudebot@anthropic.com)"
216.73.216.20 - - [22/Aug/2026:07:45:56 +0800] "GET /?p=1403 HTTP/1.1" 301 1034 "-" "Mozilla/5.0 AppleWebKit/537.36 (KHTML, like Gecko; compatible; ClaudeBot/1.0; +claudebot@anthropic.com)"
216.73.216.20 - - [22/Aug/2026:07:45:56 +0800] "GET /?p=1627 HTTP/1.1" 301 1008 "-" "Mozilla/5.0 AppleWebKit/537.36 (KHTML, like Gecko; compatible; ClaudeBot/1.0; +claudebot@anthropic.com)"
216.73.216.20 - - [22/Aug/2026:07:45:56 +0800] "GET /2022/06/29/111-06-29-%e6%a0%a1%e5%9c%92%e7%a2%ba%e8%a8%ba%e4%ba%ba%e6%95%b8%e7%b5%b1%e8%a8%88/ HTTP/1.1" 200 15544 "https://www.ltes.ilc.edu.tw/?p=2281" "Mozilla/5.0 AppleWebKit/537.36 (KHTML, like Gecko; compatible; ClaudeBot/1.0; +claudebot@anthropic.com)"
::1 - - [22/Aug/2026:07:45:56 +0800] "OPTIONS * HTTP/1.0" 200 110 "-" "Apache/2.4.68 (Ubuntu) OpenSSL/3.0.19 (internal dummy connection)"
52.204.89.12 - - [22/Aug/2026:07:45:55 +0800] "GET /6569/wp-content/uploads/sites/2640/2020/11/IMG_2501.jpg HTTP/1.1" 200 220281 "-" "Mozilla/5.0 AppleWebKit/537.36 (KHTML, like Gecko; compatible; Amazonbot/0.1; +https://developer.amazon.com/support/amazonbot) Chrome/119.0.6045.214 Safari/537.36"
216.73.216.20 - - [22/Aug/2026:07:45:56 +0800] "GET /?p=1550 HTTP/1.1" 301 1322 "-" "Mozilla/5.0 AppleWebKit/537.36 (KHTML, like Gecko; compatible; ClaudeBot/1.0; +claudebot@anthropic.com)"
216.73.216.20 - - [22/Aug/2026:07:45:56 +0800] "GET /2022/09/06/111-09-05-%e6%a0%a1%e5%9c%92%e7%a2%ba%e8%a8%ba%e4%ba%ba%e6%95%b8%e7%b5%b1%e8%a8%88-2/ HTTP/1.1" 200 15261 "https://www.ltes.ilc.edu.tw/?p=2305" "Mozilla/5.0 AppleWebKit/537.36 (KHTML, like Gecko; compatible; ClaudeBot/1.0; +claudebot@anthropic.com)"
216.73.216.20 - - [22/Aug/2026:07:45:56 +0800] "GET /2011/10/11/%e7%a4%81%e6%ba%aa%e9%84%89%e9%81%8b%e6%88%90%e7%b8%be/ HTTP/1.1" 200 15716 "https://www.ltes.ilc.edu.tw/?p=1436" "Mozilla/5.0 AppleWebKit/537.36 (KHTML, like Gecko; compatible; ClaudeBot/1.0; +claudebot@anthropic.com)"
216.73.216.20 - - [22/Aug/2026:07:45:56 +0800] "GET /2020/02/13/%e6%95%99%e8%82%b2%e8%99%95%e7%b5%a6%e5%ad%b8%e6%a0%a1%e5%8f%8a%e5%ae%b6%e9%95%b7%e7%9a%84%e4%b8%80%e5%b0%81%e4%bf%a1/ HTTP/1.1" 200 15280 "https://www.ltes.ilc.edu.tw/?p=1631" "Mozilla/5.0 AppleWebKit/537.36 (KHTML, like Gecko; compatible; ClaudeBot/1.0; +claudebot@anthropic.com)"
216.73.216.20 - - [22/Aug/2026:07:45:56 +0800] "GET /?p=1598 HTTP/1.1" 301 984 "-" "Mozilla/5.0 AppleWebKit/537.36 (KHTML, like Gecko; compatible; ClaudeBot/1.0; +claudebot@anthropic.com)"
216.73.216.20 - - [22/Aug/2026:07:45:56 +0800] "GET /2018/06/25/%e7%ac%ac41%e5%b1%86%e7%ac%ac50%e5%b1%86/ HTTP/1.1" 200 15621 "https://www.ltes.ilc.edu.tw/?p=1617" "Mozilla/5.0 AppleWebKit/537.36 (KHTML, like Gecko; compatible; ClaudeBot/1.0; +claudebot@anthropic.com)"
216.73.216.20 - - [22/Aug/2026:07:45:56 +0800] "GET /2018/06/25/%e7%ac%ac51%e5%b1%86%e7%ac%ac60%e5%b1%86/ HTTP/1.1" 200 15557 "https://www.ltes.ilc.edu.tw/?p=1619" "Mozilla/5.0 AppleWebKit/537.36 (KHTML, like Gecko; compatible; ClaudeBot/1.0; +claudebot@anthropic.com)"
216.73.216.20 - - [22/Aug/2026:07:45:56 +0800] "GET /2011/04/28/%e8%87%aa%e6%b2%bb%e9%84%89%e5%8d%a1%e5%95%a6ok%e6%af%94%e8%b3%bd%e6%b1%ba%e8%b3%bd%e5%85%a5%e9%81%b8%e5%90%8d%e5%96%ae/ HTTP/1.1" 200 16651 "https://www.ltes.ilc.edu.tw/?p=1403" "Mozilla/5.0 AppleWebKit/537.36 (KHTML, like Gecko; compatible; ClaudeBot/1.0; +claudebot@anthropic.com)"
216.73.216.20 - - [22/Aug/2026:07:45:56 +0800] "GET /2018/08/10/107%e5%ad%b8%e5%b9%b4%e5%ba%a6%e6%96%b0%e7%94%9f%e8%a6%aa%e5%ad%90%e5%ba%a7%e8%ab%87%e6%9c%83/ HTTP/1.1" 200 15776 "https://www.ltes.ilc.edu.tw/?p=1627" "Mozilla/5.0 AppleWebKit/537.36 (KHTML, like Gecko; compatible; ClaudeBot/1.0; +claudebot@anthropic.com)"
216.73.216.20 - - [22/Aug/2026:07:45:56 +0800] "GET /2014/10/08/%e9%be%8d%e6%bd%ad%e5%9c%92%e4%b8%81103%e5%ad%b8%e5%b9%b4%e5%ba%a6-2/ HTTP/1.1" 200 17082 "https://www.ltes.ilc.edu.tw/?p=1550" "Mozilla/5.0 AppleWebKit/537.36 (KHTML, like Gecko; compatible; ClaudeBot/1.0; +claudebot@anthropic.com)"
216.73.216.20 - - [22/Aug/2026:07:45:56 +0800] "GET /2016/08/29/%e3%80%90%e5%a4%a7%e9%99%b8%e5%8f%8a%e5%a4%96%e7%b1%8d%e9%85%8d%e5%81%b6%e6%88%90%e4%ba%ba%e5%9f%ba%e6%9c%ac%e6%95%99%e8%82%b2%e7%8f%ad%e3%80%91%e5%a0%b1%e5%90%8d%e5%8f%8a%e8%aa%b2%e7%a8%8b%e6%99%82/ HTTP/1.1" 200 15734 "https://www.ltes.ilc.edu.tw/?p=1598" "Mozilla/5.0 AppleWebKit/537.36 (KHTML, like Gecko; compatible; ClaudeBot/1.0; +claudebot@anthropic.com)"
216.73.216.20 - - [22/Aug/2026:07:45:56 +0800] "GET /?p=1468 HTTP/1.1" 301 1219 "-" "Mozilla/5.0 AppleWebKit/537.36 (KHTML, like Gecko; compatible; ClaudeBot/1.0; +claudebot@anthropic.com)"
216.73.216.20 - - [22/Aug/2026:07:45:56 +0800] "GET /?p=1493 HTTP/1.1" 301 1318 "-" "Mozilla/5.0 AppleWebKit/537.36 (KHTML, like Gecko; compatible; ClaudeBot/1.0; +claudebot@anthropic.com)"
216.73.216.20 - - [22/Aug/2026:07:45:56 +0800] "GET /?p=1582 HTTP/1.1" 301 831 "-" "Mozilla/5.0 AppleWebKit/537.36 (KHTML, like Gecko; compatible; ClaudeBot/1.0; +claudebot@anthropic.com)"
216.73.216.20 - - [22/Aug/2026:07:45:57 +0800] "GET /2012/05/30/5-26%e7%b1%83%e7%90%83%e9%9a%8a%e5%81%87%e6%97%a5%e9%9b%86%e8%a8%93%e5%a4%a7%e5%90%88%e7%85%a7/ HTTP/1.1" 200 15461 "https://www.ltes.ilc.edu.tw/?p=1468" "Mozilla/5.0 AppleWebKit/537.36 (KHTML, like Gecko; compatible; ClaudeBot/1.0; +claudebot@anthropic.com)"
216.73.216.20 - - [22/Aug/2026:07:45:56 +0800] "GET /?p=1592 HTTP/1.1" 301 903 "-" "Mozilla/5.0 AppleWebKit/537.36 (KHTML, like Gecko; compatible; ClaudeBot/1.0; +claudebot@anthropic.com)"
216.73.216.20 - - [22/Aug/2026:07:45:57 +0800] "GET /2012/12/25/%e8%b3%80%ef%bc%81%e9%be%8d%e6%bd%ad%e5%9c%8b%e5%b0%8f%e5%8f%83%e5%8a%a02012%e5%bf%97%e5%a0%85%e7%9b%83%e5%85%a8%e5%9c%8b%e5%a4%aa%e6%a5%b5%e6%8b%b3%e9%8c%a6%e6%a8%99%e8%b3%bd%e6%a6%ae%e7%8d%b2/ HTTP/1.1" 200 15858 "https://www.ltes.ilc.edu.tw/?p=1493" "Mozilla/5.0 AppleWebKit/537.36 (KHTML, like Gecko; compatible; ClaudeBot/1.0; +claudebot@anthropic.com)"
216.73.216.20 - - [22/Aug/2026:07:45:57 +0800] "GET /?p=1434 HTTP/1.1" 301 840 "-" "Mozilla/5.0 AppleWebKit/537.36 (KHTML, like Gecko; compatible; ClaudeBot/1.0; +claudebot@anthropic.com)"
216.73.216.20 - - [22/Aug/2026:07:45:57 +0800] "GET /2015/12/24/%e7%8f%ad%e7%b4%9a%e9%83%a8%e8%90%bd%e6%a0%bc/ HTTP/1.1" 200 16849 "https://www.ltes.ilc.edu.tw/?p=1582" "Mozilla/5.0 AppleWebKit/537.36 (KHTML, like Gecko; compatible; ClaudeBot/1.0; +claudebot@anthropic.com)"
::1 - - [22/Aug/2026:07:45:57 +0800] "OPTIONS * HTTP/1.0" 200 110 "-" "Apache/2.4.68 (Ubuntu) OpenSSL/3.0.19 (internal dummy connection)"
216.73.216.20 - - [22/Aug/2026:07:45:57 +0800] "GET /?p=1465 HTTP/1.1" 301 915 "-" "Mozilla/5.0 AppleWebKit/537.36 (KHTML, like Gecko; compatible; ClaudeBot/1.0; +claudebot@anthropic.com)"
216.73.216.20 - - [22/Aug/2026:07:45:57 +0800] "GET /2016/03/04/%e5%bc%b7%e5%8c%96%e5%ad%b8%e7%94%9f%e5%8f%8d%e8%a9%90%e9%a8%99%e6%84%8f%e8%ad%98%e6%a1%88%e4%be%8b%e5%ae%a3%e5%b0%8e/ HTTP/1.1" 200 17264 "https://www.ltes.ilc.edu.tw/?p=1592" "Mozilla/5.0 AppleWebKit/537.36 (KHTML, like Gecko; compatible; ClaudeBot/1.0; +claudebot@anthropic.com)"
2409:8a6a:3c04:ee82:504d:9ead:800f:dbbb - - [22/Aug/2026:07:45:57 +0800] "GET /21/wp-content/cache/2blog.ilc.edu.tw/wpfc-minified/eq0rzmph/5wugy.css HTTP/1.1" 200 20576 "https://2blog.ilc.edu.tw/21/category/c-105450/" "Mozilla/5.0 (Windows NT 10.0; Win64; x64) AppleWebKit/537.36 (KHTML, like Gecko) Chrome/144.0.0.0 Safari/537.36"
216.73.216.20 - - [22/Aug/2026:07:45:57 +0800] "GET /?p=1496 HTTP/1.1" 301 1269 "-" "Mozilla/5.0 AppleWebKit/537.36 (KHTML, like Gecko; compatible; ClaudeBot/1.0; +claudebot@anthropic.com)"
2409:8a6a:3c04:ee82:504d:9ead:800f:dbbb - - [22/Aug/2026:07:45:57 +0800] "GET /21/wp-content/cache/2blog.ilc.edu.tw/wpfc-minified/d66xwctp/5wugy.css HTTP/1.1" 200 5951 "https://2blog.ilc.edu.tw/21/category/c-105450/" "Mozilla/5.0 (Windows NT 10.0; Win64; x64) AppleWebKit/537.36 (KHTML, like Gecko) Chrome/144.0.0.0 Safari/537.36"
216.73.216.20 - - [22/Aug/2026:07:45:57 +0800] "GET /2011/07/07/%e6%b0%b4%e5%9f%9f%e5%ae%89%e5%85%a8%e5%ae%a3%e5%b0%8e/ HTTP/1.1" 200 15817 "https://www.ltes.ilc.edu.tw/?p=1434" "Mozilla/5.0 AppleWebKit/537.36 (KHTML, like Gecko; compatible; ClaudeBot/1.0; +claudebot@anthropic.com)"
216.73.216.20 - - [22/Aug/2026:07:45:57 +0800] "GET /?p=1626 HTTP/1.1" 301 822 "-" "Mozilla/5.0 AppleWebKit/537.36 (KHTML, like Gecko; compatible; ClaudeBot/1.0; +claudebot@anthropic.com)"
216.73.216.20 - - [22/Aug/2026:07:45:57 +0800] "GET /2012/05/24/%e5%ae%9c%e8%98%ad%e7%b8%a3101%e5%b9%b4%e4%b8%ad%e5%b0%8f%e5%ad%b8%e6%b8%b8%e6%b3%b3%e9%8c%a6%e6%a8%99%e8%b3%bd%e6%88%90%e7%b8%be/ HTTP/1.1" 200 15855 "https://www.ltes.ilc.edu.tw/?p=1465" "Mozilla/5.0 AppleWebKit/537.36 (KHTML, like Gecko; compatible; ClaudeBot/1.0; +claudebot@anthropic.com)"
216.73.216.20 - - [22/Aug/2026:07:45:57 +0800] "GET /?p=1378 HTTP/1.1" 301 979 "-" "Mozilla/5.0 AppleWebKit/537.36 (KHTML, like Gecko; compatible; ClaudeBot/1.0; +claudebot@anthropic.com)"
216.73.216.20 - - [22/Aug/2026:07:45:57 +0800] "GET /2013/03/05/%e3%80%8c%e4%ba%ba%e8%88%87%e7%92%b0%e5%a2%83%ef%bc%8d%e9%9b%99%e9%80%a3%e5%9f%a4%e7%99%be%e5%b9%b4%e9%9c%a7%e8%aa%9e%e3%80%8d%e7%89%b9%e5%b1%95/ HTTP/1.1" 200 15668 "https://www.ltes.ilc.edu.tw/?p=1496" "Mozilla/5.0 AppleWebKit/537.36 (KHTML, like Gecko; compatible; ClaudeBot/1.0; +claudebot@anthropic.com)"
216.73.216.20 - - [22/Aug/2026:07:45:57 +0800] "GET /?p=1612 HTTP/1.1" 301 933 "-" "Mozilla/5.0 AppleWebKit/537.36 (KHTML, like Gecko; compatible; ClaudeBot/1.0; +claudebot@anthropic.com)"
216.73.216.20 - - [22/Aug/2026:07:45:57 +0800] "GET /2018/08/07/%e9%be%8d%e6%bd%ad%e5%9c%92%e4%b8%81/ HTTP/1.1" 200 18535 "https://www.ltes.ilc.edu.tw/?p=1626" "Mozilla/5.0 AppleWebKit/537.36 (KHTML, like Gecko; compatible; ClaudeBot/1.0; +claudebot@anthropic.com)"
216.73.216.20 - - [22/Aug/2026:07:45:57 +0800] "GET /?p=1430 HTTP/1.1" 301 966 "-" "Mozilla/5.0 AppleWebKit/537.36 (KHTML, like Gecko; compatible; ClaudeBot/1.0; +claudebot@anthropic.com)"
2409:8a6a:3c04:ee82:504d:9ead:800f:dbbb - - [22/Aug/2026:07:45:57 +0800] "GET /21/wp-content/cache/2blog.ilc.edu.tw/wpfc-minified/7vl0hizk/5wugz.js HTTP/1.1" 200 35559 "https://2blog.ilc.edu.tw/21/category/c-105450/" "Mozilla/5.0 (Windows NT 10.0; Win64; x64) AppleWebKit/537.36 (KHTML, like Gecko) Chrome/144.0.0.0 Safari/537.36"
216.73.216.20 - - [22/Aug/2026:07:45:57 +0800] "GET /2011/01/12/%e8%b3%80%e6%81%ad%e5%96%9c%e6%96%87%e7%90%a6%e8%80%81%e5%b8%ab%e6%8c%87%e5%b0%8e%e7%9a%84%e5%9c%8b%e8%a1%93%e9%9a%8a%e5%8f%83%e5%8a%a02010%e5%bf%97%e5%a0%85%e7%9b%83%e6%a6%ae%e7%8d%b2%e4%bd%b3/ HTTP/1.1" 200 15982 "https://www.ltes.ilc.edu.tw/?p=1378" "Mozilla/5.0 AppleWebKit/537.36 (KHTML, like Gecko; compatible; ClaudeBot/1.0; +claudebot@anthropic.com)"
216.73.216.20 - - [22/Aug/2026:07:45:57 +0800] "GET /?p=1546 HTTP/1.1" 301 976 "-" "Mozilla/5.0 AppleWebKit/537.36 (KHTML, like Gecko; compatible; ClaudeBot/1.0; +claudebot@anthropic.com)"
216.73.216.20 - - [22/Aug/2026:07:45:57 +0800] "GET /2018/04/23/5-5%e7%99%be%e5%91%a8%e5%b9%b4%e9%87%91%e8%bb%8a%e9%9f%b3%e6%a8%82%e6%9c%83%e6%ad%a1%e8%bf%8e%e5%a4%a7%e5%ae%b6%e5%89%8d%e5%be%80%e8%81%86%e8%81%bd/ HTTP/1.1" 200 15635 "https://www.ltes.ilc.edu.tw/?p=1612" "Mozilla/5.0 AppleWebKit/537.36 (KHTML, like Gecko; compatible; ClaudeBot/1.0; +claudebot@anthropic.com)"
216.73.216.20 - - [22/Aug/2026:07:45:57 +0800] "GET /?p=1620 HTTP/1.1" 301 826 "-" "Mozilla/5.0 AppleWebKit/537.36 (KHTML, like Gecko; compatible; ClaudeBot/1.0; +claudebot@anthropic.com)"
216.73.216.20 - - [22/Aug/2026:07:45:58 +0800] "GET /2011/06/27/%e9%a0%ad%e5%9f%8e%e9%8e%ae%e9%ab%94%e8%82%b2%e6%9c%83%e7%90%86%e4%ba%8b%e9%95%b7%e7%9b%83%e5%88%86%e9%bd%a1%e6%b8%b8%e6%b3%b3%e9%8c%a6%e6%a8%99%e8%b3%bd%e7%8d%b2%e4%bd%b3%e7%b8%be/ HTTP/1.1" 200 16240 "https://www.ltes.ilc.edu.tw/?p=1430" "Mozilla/5.0 AppleWebKit/537.36 (KHTML, like Gecko; compatible; ClaudeBot/1.0; +claudebot@anthropic.com)"
216.73.216.20 - - [22/Aug/2026:07:45:57 +0800] "GET /?p=1547 HTTP/1.1" 301 894 "-" "Mozilla/5.0 AppleWebKit/537.36 (KHTML, like Gecko; compatible; ClaudeBot/1.0; +claudebot@anthropic.com)"
2001:288:a201::66:125 - - [22/Aug/2026:07:45:58 +0800] "GET /blog/active.php HTTP/1.1" 301 1026 "-" "-"
216.73.216.20 - - [22/Aug/2026:07:45:58 +0800] "GET /2014/05/15/%e8%b3%80%ef%bc%81%e6%9c%ac%e6%a0%a1%e5%81%b6%e6%88%b2%e9%9a%8a-%e6%a6%ae%e7%8d%b2%e5%85%a8%e5%9c%8b%e5%ad%b8%e7%94%9f%e5%89%b5%e6%84%8f%e5%81%b6%e6%88%b2%e6%af%94%e8%b3%bd%e7%89%b9%e5%84%aa/ HTTP/1.1" 200 16055 "https://www.ltes.ilc.edu.tw/?p=1546" "Mozilla/5.0 AppleWebKit/537.36 (KHTML, like Gecko; compatible; ClaudeBot/1.0; +claudebot@anthropic.com)"
216.73.216.20 - - [22/Aug/2026:07:45:58 +0800] "GET /?p=1575 HTTP/1.1" 301 858 "-" "Mozilla/5.0 AppleWebKit/537.36 (KHTML, like Gecko; compatible; ClaudeBot/1.0; +claudebot@anthropic.com)"
2001:288:a201::66:125 - - [22/Aug/2026:07:45:58 +0800] "GET /blog/active.php HTTP/1.1" 404 1084 "-" "-"
2409:8a6a:3c04:ee82:504d:9ead:800f:dbbb - - [22/Aug/2026:07:45:58 +0800] "GET /21/wp-includes/js/admin-bar.min.js HTTP/1.1" 200 2237 "https://2blog.ilc.edu.tw/21/category/c-105450/" "Mozilla/5.0 (Windows NT 10.0; Win64; x64) AppleWebKit/537.36 (KHTML, like Gecko) Chrome/144.0.0.0 Safari/537.36"
::1 - - [22/Aug/2026:07:45:58 +0800] "OPTIONS * HTTP/1.0" 200 110 "-" "Apache/2.4.68 (Ubuntu) OpenSSL/3.0.19 (internal dummy connection)"
