18.117.75.156 - - [22/Aug/2026:07:41:51 +0800] "GET /bin/.env HTTP/1.1" 404 50836 "-" "Mozilla/5.0 (Macintosh; Intel Mac OS X 10_15_7) AppleWebKit/537.36 (KHTML, like Gecko) Chrome/131.0.0.0 Safari/537.36"
35.169.240.53 - - [22/Aug/2026:07:41:50 +0800] "GET /wp-content/uploads/sites/2813/6488/6488-3327683.jpg HTTP/1.1" 200 51766 "-" "Mozilla/5.0 AppleWebKit/537.36 (KHTML, like Gecko; compatible; Amazonbot/0.1; +https://developer.amazon.com/support/amazonbot) Chrome/119.0.6045.214 Safari/537.36"
100.55.60.118 - - [22/Aug/2026:07:41:49 +0800] "GET /resources/.env HTTP/1.1" 404 50079 "-" "Mozilla/5.0 (Windows NT 10.0; Win64; x64) AppleWebKit/537.36 (KHTML, like Gecko) Chrome/131.0.0.0 Safari/537.36"
2408:872f:c00:408::16c - - [22/Aug/2026:07:41:51 +0800] "GET /wp-content/cache/ilta.ilc.edu.tw/wpfc-minified/l07fx5lw/6wvk.css HTTP/1.1" 200 15782 "https://ilta.ilc.edu.tw/2010/12/29/" "Mozilla/5.0 (Windows NT 10.0; Win64; x64) AppleWebKit/537.36 (KHTML, like Gecko) Chrome/144.0.0.0 Safari/537.36"
2408:872f:c00:408::16c - - [22/Aug/2026:07:41:51 +0800] "GET /wp-content/cache/ilta.ilc.edu.tw/wpfc-minified/qm0ohmet/6wvk.css HTTP/1.1" 200 1496 "https://ilta.ilc.edu.tw/2010/12/29/" "Mozilla/5.0 (Windows NT 10.0; Win64; x64) AppleWebKit/537.36 (KHTML, like Gecko) Chrome/144.0.0.0 Safari/537.36"
18.117.75.156 - - [22/Aug/2026:07:41:51 +0800] "GET /sbin/.env HTTP/1.1" 404 50836 "-" "Mozilla/5.0 (Macintosh; Intel Mac OS X 10_15_7) AppleWebKit/537.36 (KHTML, like Gecko) Chrome/131.0.0.0 Safari/537.36"
2408:872f:c00:408::16c - - [22/Aug/2026:07:41:51 +0800] "GET /wp-includes/js/hoverintent-js.min.js HTTP/1.1" 200 6392 "https://ilta.ilc.edu.tw/2010/12/29/" "Mozilla/5.0 (Windows NT 10.0; Win64; x64) AppleWebKit/537.36 (KHTML, like Gecko) Chrome/144.0.0.0 Safari/537.36"
2408:872f:c00:408::16c - - [22/Aug/2026:07:41:51 +0800] "GET /wp-content/cache/ilta.ilc.edu.tw/wpfc-minified/1qjpbzp9/6wvk.js HTTP/1.1" 200 40344 "https://ilta.ilc.edu.tw/2010/12/29/" "Mozilla/5.0 (Windows NT 10.0; Win64; x64) AppleWebKit/537.36 (KHTML, like Gecko) Chrome/144.0.0.0 Safari/537.36"
2408:872f:c00:408::16c - - [22/Aug/2026:07:41:51 +0800] "GET /wp-content/cache/ilta.ilc.edu.tw/wpfc-minified/7vo8n6iy/6wvk.css HTTP/1.1" 200 61047 "https://ilta.ilc.edu.tw/2010/12/29/" "Mozilla/5.0 (Windows NT 10.0; Win64; x64) AppleWebKit/537.36 (KHTML, like Gecko) Chrome/144.0.0.0 Safari/537.36"
2408:872f:c00:408::16c - - [22/Aug/2026:07:41:51 +0800] "GET /wp-includes/js/admin-bar.min.js HTTP/1.1" 200 7032 "https://ilta.ilc.edu.tw/2010/12/29/" "Mozilla/5.0 (Windows NT 10.0; Win64; x64) AppleWebKit/537.36 (KHTML, like Gecko) Chrome/144.0.0.0 Safari/537.36"
17.246.19.168 - - [22/Aug/2026:07:41:51 +0800] "GET /wp-content/themes/toujours/style.css HTTP/1.1" 200 13815 "https://www.ltjh.ilc.edu.tw/?p=2559" "Mozilla/5.0 (Macintosh; Intel Mac OS X 10_15_7) AppleWebKit/605.1.15 (KHTML, like Gecko) Version/17.4 Safari/605.1.15 (Applebot/0.1; +http://www.apple.com/go/applebot)"
34.215.240.225 - - [22/Aug/2026:07:41:51 +0800] "GET /mailjet/.env HTTP/1.1" 404 54906 "-" "Mozilla/5.0 (Windows NT 10.0; Win64; x64) AppleWebKit/537.36 (KHTML, like Gecko) Chrome/131.0.0.0 Safari/537.36"
2408:872f:c00:408::16c - - [22/Aug/2026:07:41:51 +0800] "GET /wp-includes/js/imagesloaded.min.js HTTP/1.1" 200 2683 "https://ilta.ilc.edu.tw/2010/12/29/" "Mozilla/5.0 (Windows NT 10.0; Win64; x64) AppleWebKit/537.36 (KHTML, like Gecko) Chrome/144.0.0.0 Safari/537.36"
2408:872f:c00:408::16c - - [22/Aug/2026:07:41:52 +0800] "GET /wp-content/themes/oceanwp/assets/js/theme.min.js HTTP/1.1" 200 5130 "https://ilta.ilc.edu.tw/2010/12/29/" "Mozilla/5.0 (Windows NT 10.0; Win64; x64) AppleWebKit/537.36 (KHTML, like Gecko) Chrome/144.0.0.0 Safari/537.36"
2408:872f:c00:408::16c - - [22/Aug/2026:07:41:52 +0800] "GET /wp-content/themes/oceanwp/assets/js/drop-down-mobile-menu.min.js HTTP/1.1" 200 4663 "https://ilta.ilc.edu.tw/2010/12/29/" "Mozilla/5.0 (Windows NT 10.0; Win64; x64) AppleWebKit/537.36 (KHTML, like Gecko) Chrome/144.0.0.0 Safari/537.36"
18.117.75.156 - - [22/Aug/2026:07:41:52 +0800] "GET /local/.env HTTP/1.1" 404 50836 "-" "Mozilla/5.0 (Macintosh; Intel Mac OS X 10_15_7) AppleWebKit/537.36 (KHTML, like Gecko) Chrome/131.0.0.0 Safari/537.36"
2408:872f:c00:408::16c - - [22/Aug/2026:07:41:52 +0800] "GET /wp-content/themes/oceanwp/assets/js/drop-down-search.min.js HTTP/1.1" 200 2968 "https://ilta.ilc.edu.tw/2010/12/29/" "Mozilla/5.0 (Windows NT 10.0; Win64; x64) AppleWebKit/537.36 (KHTML, like Gecko) Chrome/144.0.0.0 Safari/537.36"
2408:872f:c00:408::16c - - [22/Aug/2026:07:41:52 +0800] "GET /wp-content/themes/oceanwp/assets/js/vendors/magnific-popup.min.js HTTP/1.1" 200 8270 "https://ilta.ilc.edu.tw/2010/12/29/" "Mozilla/5.0 (Windows NT 10.0; Win64; x64) AppleWebKit/537.36 (KHTML, like Gecko) Chrome/144.0.0.0 Safari/537.36"
2408:872f:c00:408::16c - - [22/Aug/2026:07:41:52 +0800] "GET /wp-content/themes/oceanwp/assets/js/ow-lightbox.min.js HTTP/1.1" 200 2321 "https://ilta.ilc.edu.tw/2010/12/29/" "Mozilla/5.0 (Windows NT 10.0; Win64; x64) AppleWebKit/537.36 (KHTML, like Gecko) Chrome/144.0.0.0 Safari/537.36"
2408:872f:c00:408::16c - - [22/Aug/2026:07:41:52 +0800] "GET /wp-content/themes/oceanwp/assets/js/vendors/flickity.pkgd.min.js HTTP/1.1" 200 15048 "https://ilta.ilc.edu.tw/2010/12/29/" "Mozilla/5.0 (Windows NT 10.0; Win64; x64) AppleWebKit/537.36 (KHTML, like Gecko) Chrome/144.0.0.0 Safari/537.36"
2408:872f:c00:408::16c - - [22/Aug/2026:07:41:52 +0800] "GET /wp-content/themes/oceanwp/assets/js/ow-slider.min.js HTTP/1.1" 200 1761 "https://ilta.ilc.edu.tw/2010/12/29/" "Mozilla/5.0 (Windows NT 10.0; Win64; x64) AppleWebKit/537.36 (KHTML, like Gecko) Chrome/144.0.0.0 Safari/537.36"
2408:872f:c00:408::16c - - [22/Aug/2026:07:41:52 +0800] "GET /wp-content/themes/oceanwp/assets/js/scroll-effect.min.js HTTP/1.1" 200 4127 "https://ilta.ilc.edu.tw/2010/12/29/" "Mozilla/5.0 (Windows NT 10.0; Win64; x64) AppleWebKit/537.36 (KHTML, like Gecko) Chrome/144.0.0.0 Safari/537.36"
2408:872f:c00:408::16c - - [22/Aug/2026:07:41:52 +0800] "GET /wp-content/themes/oceanwp/assets/js/scroll-top.min.js HTTP/1.1" 200 3202 "https://ilta.ilc.edu.tw/2010/12/29/" "Mozilla/5.0 (Windows NT 10.0; Win64; x64) AppleWebKit/537.36 (KHTML, like Gecko) Chrome/144.0.0.0 Safari/537.36"
34.215.240.225 - - [22/Aug/2026:07:41:52 +0800] "GET /brevo/.env HTTP/1.1" 404 54906 "-" "Mozilla/5.0 (Windows NT 10.0; Win64; x64) AppleWebKit/537.36 (KHTML, like Gecko) Chrome/131.0.0.0 Safari/537.36"
18.117.75.156 - - [22/Aug/2026:07:41:52 +0800] "GET /portal/.env HTTP/1.1" 404 50836 "-" "Mozilla/5.0 (Macintosh; Intel Mac OS X 10_15_7) AppleWebKit/537.36 (KHTML, like Gecko) Chrome/131.0.0.0 Safari/537.36"
2408:872f:c00:408::16c - - [22/Aug/2026:07:41:52 +0800] "GET /wp-content/themes/oceanwp/assets/js/select.min.js HTTP/1.1" 200 2408 "https://ilta.ilc.edu.tw/2010/12/29/" "Mozilla/5.0 (Windows NT 10.0; Win64; x64) AppleWebKit/537.36 (KHTML, like Gecko) Chrome/144.0.0.0 Safari/537.36"
2408:872f:c00:408::16c - - [22/Aug/2026:07:41:52 +0800] "GET /wp-content/plugins/ocean-extra/includes/widgets/js/flickr.min.js HTTP/1.1" 200 1319 "https://ilta.ilc.edu.tw/2010/12/29/" "Mozilla/5.0 (Windows NT 10.0; Win64; x64) AppleWebKit/537.36 (KHTML, like Gecko) Chrome/144.0.0.0 Safari/537.36"
2408:872f:c00:408::16c - - [22/Aug/2026:07:41:52 +0800] "GET /wp-content/themes/oceanwp/assets/fonts/simple-line-icons/Simple-Line-Icons.woff2?v=2.4.0 HTTP/1.1" 200 30959 "https://ilta.ilc.edu.tw/wp-content/cache/ilta.ilc.edu.tw/wpfc-minified/7vo8n6iy/6wvk.css" "Mozilla/5.0 (Windows NT 10.0; Win64; x64) AppleWebKit/537.36 (KHTML, like Gecko) Chrome/144.0.0.0 Safari/537.36"
2001:288:a201::66:125 - - [22/Aug/2026:07:41:53 +0800] "GET /blog/active.php HTTP/1.1" 301 1026 "-" "-"
18.117.75.156 - - [22/Aug/2026:07:41:52 +0800] "GET /dashboard/.env HTTP/1.1" 404 50836 "-" "Mozilla/5.0 (Macintosh; Intel Mac OS X 10_15_7) AppleWebKit/537.36 (KHTML, like Gecko) Chrome/131.0.0.0 Safari/537.36"
2001:288:a201::66:125 - - [22/Aug/2026:07:41:53 +0800] "GET /blog/active.php HTTP/1.1" 404 1084 "-" "-"
140.111.67.10 - - [22/Aug/2026:07:41:53 +0800] "GET /" 301 273 "-" "-"
34.215.240.225 - - [22/Aug/2026:07:41:53 +0800] "GET /transactional/.env HTTP/1.1" 404 54906 "-" "Mozilla/5.0 (Windows NT 10.0; Win64; x64) AppleWebKit/537.36 (KHTML, like Gecko) Chrome/131.0.0.0 Safari/537.36"
17.246.19.168 - - [22/Aug/2026:07:41:53 +0800] "GET /wp-includes/css/admin-bar.min.css HTTP/1.1" 200 4685 "https://www.ltjh.ilc.edu.tw/?p=2559" "Mozilla/5.0 (Macintosh; Intel Mac OS X 10_15_7) AppleWebKit/605.1.15 (KHTML, like Gecko) Version/17.4 Safari/605.1.15 (Applebot/0.1; +http://www.apple.com/go/applebot)"
2408:872f:c00:408::16c - - [22/Aug/2026:07:41:52 +0800] "GET /wp-content/themes/oceanwp/assets/fonts/fontawesome/webfonts/fa-solid-900.woff2 HTTP/1.1" 200 151246 "https://ilta.ilc.edu.tw/wp-content/cache/ilta.ilc.edu.tw/wpfc-minified/7vo8n6iy/6wvk.css" "Mozilla/5.0 (Windows NT 10.0; Win64; x64) AppleWebKit/537.36 (KHTML, like Gecko) Chrome/144.0.0.0 Safari/537.36"
18.117.75.156 - - [22/Aug/2026:07:41:53 +0800] "GET /panel/.env HTTP/1.1" 404 50836 "-" "Mozilla/5.0 (Macintosh; Intel Mac OS X 10_15_7) AppleWebKit/537.36 (KHTML, like Gecko) Chrome/131.0.0.0 Safari/537.36"
34.215.240.225 - - [22/Aug/2026:07:41:53 +0800] "GET /bulk/.env HTTP/1.1" 404 54906 "-" "Mozilla/5.0 (Windows NT 10.0; Win64; x64) AppleWebKit/537.36 (KHTML, like Gecko) Chrome/131.0.0.0 Safari/537.36"
18.117.75.156 - - [22/Aug/2026:07:41:53 +0800] "GET /crm/.env HTTP/1.1" 404 50836 "-" "Mozilla/5.0 (Macintosh; Intel Mac OS X 10_15_7) AppleWebKit/537.36 (KHTML, like Gecko) Chrome/131.0.0.0 Safari/537.36"
100.55.60.118 - - [22/Aug/2026:07:41:52 +0800] "GET /assets/.env HTTP/1.1" 404 50089 "-" "Mozilla/5.0 (Windows NT 10.0; Win64; x64) AppleWebKit/537.36 (KHTML, like Gecko) Chrome/131.0.0.0 Safari/537.36"
2408:872f:c00:408::16c - - [22/Aug/2026:07:41:54 +0800] "GET /favicon.ico HTTP/1.1" 302 925 "https://ilta.ilc.edu.tw/2010/12/29/" "Mozilla/5.0 (Windows NT 10.0; Win64; x64) AppleWebKit/537.36 (KHTML, like Gecko) Chrome/144.0.0.0 Safari/537.36"
2408:872f:c00:408::16c - - [22/Aug/2026:07:41:54 +0800] "GET /wp-includes/images/w-logo-blue-white-bg.png HTTP/1.1" 200 4946 "https://ilta.ilc.edu.tw/2010/12/29/" "Mozilla/5.0 (Windows NT 10.0; Win64; x64) AppleWebKit/537.36 (KHTML, like Gecko) Chrome/144.0.0.0 Safari/537.36"
2001:4860:7:410::f2 - - [22/Aug/2026:07:41:54 +0800] "GET /ltjhinformation/2022/08/05/%E5%B0%8E%E5%B8%AB%E7%9A%84%E5%A5%BD%E5%B9%AB%E6%89%8B_line%E5%AE%98%E6%96%B9%E5%B8%B3%E8%99%9F%E7%9A%84%E7%94%B3%E8%AB%8B%E8%A8%AD%E5%AE%9A%E8%88%87%E4%BD%BF%E7%94%A8/ HTTP/1.1" 200 15694 "https://www.google.com/" "Mozilla/5.0 (Macintosh; Intel Mac OS X 10_15_7) AppleWebKit/537.36 (KHTML, like Gecko) Chrome/150.0.0.0 Safari/537.36"
18.117.75.156 - - [22/Aug/2026:07:41:54 +0800] "GET /erp/.env HTTP/1.1" 404 50836 "-" "Mozilla/5.0 (Macintosh; Intel Mac OS X 10_15_7) AppleWebKit/537.36 (KHTML, like Gecko) Chrome/131.0.0.0 Safari/537.36"
17.246.19.168 - - [22/Aug/2026:07:41:54 +0800] "GET /wp-includes/js/jquery/jquery.min.js HTTP/1.1" 200 31359 "https://www.ltjh.ilc.edu.tw/?p=2559" "Mozilla/5.0 (Macintosh; Intel Mac OS X 10_15_7) AppleWebKit/605.1.15 (KHTML, like Gecko) Version/17.4 Safari/605.1.15 (Applebot/0.1; +http://www.apple.com/go/applebot)"
34.215.240.225 - - [22/Aug/2026:07:41:54 +0800] "GET /aws/.env HTTP/1.1" 404 54906 "-" "Mozilla/5.0 (Windows NT 10.0; Win64; x64) AppleWebKit/537.36 (KHTML, like Gecko) Chrome/131.0.0.0 Safari/537.36"
18.117.75.156 - - [22/Aug/2026:07:41:54 +0800] "GET /shop/.env HTTP/1.1" 404 50836 "-" "Mozilla/5.0 (Macintosh; Intel Mac OS X 10_15_7) AppleWebKit/537.36 (KHTML, like Gecko) Chrome/131.0.0.0 Safari/537.36"
18.117.75.156 - - [22/Aug/2026:07:41:55 +0800] "GET /store/.env HTTP/1.1" 404 50836 "-" "Mozilla/5.0 (Macintosh; Intel Mac OS X 10_15_7) AppleWebKit/537.36 (KHTML, like Gecko) Chrome/131.0.0.0 Safari/537.36"
34.215.240.225 - - [22/Aug/2026:07:41:55 +0800] "GET /azure/.env HTTP/1.1" 404 54906 "-" "Mozilla/5.0 (Windows NT 10.0; Win64; x64) AppleWebKit/537.36 (KHTML, like Gecko) Chrome/131.0.0.0 Safari/537.36"
40.77.167.18 - - [22/Aug/2026:07:41:55 +0800] "GET /?s=foreign+%E5%B8%B8%E8%A6%8B%E6%90%AD%E9%85%8D%E8%A9%9E HTTP/1.1" 200 20483 "-" "Mozilla/5.0 AppleWebKit/537.36 (KHTML, like Gecko; compatible; bingbot/2.0; +http://www.bing.com/bingbot.htm) Chrome/116.0.1938.76 Safari/537.36"
18.117.75.156 - - [22/Aug/2026:07:41:55 +0800] "GET /saas/.env HTTP/1.1" 404 50836 "-" "Mozilla/5.0 (Macintosh; Intel Mac OS X 10_15_7) AppleWebKit/537.36 (KHTML, like Gecko) Chrome/131.0.0.0 Safari/537.36"
54.163.169.168 - - [22/Aug/2026:07:41:55 +0800] "GET /1003/wp-json/wp/v2/posts/29803 HTTP/1.1" 200 30440 "-" "Mozilla/5.0 AppleWebKit/537.36 (KHTML, like Gecko; compatible; Amazonbot/0.1; +https://developer.amazon.com/support/amazonbot) Chrome/119.0.6045.214 Safari/537.36"
17.246.19.168 - - [22/Aug/2026:07:41:56 +0800] "GET /wp-content/themes/toujours/js/jquery.flexslider.js HTTP/1.1" 200 12795 "https://www.ltjh.ilc.edu.tw/?p=2559" "Mozilla/5.0 (Macintosh; Intel Mac OS X 10_15_7) AppleWebKit/605.1.15 (KHTML, like Gecko) Version/17.4 Safari/605.1.15 (Applebot/0.1; +http://www.apple.com/go/applebot)"
34.215.240.225 - - [22/Aug/2026:07:41:56 +0800] "GET /gcp/.env HTTP/1.1" 404 54906 "-" "Mozilla/5.0 (Windows NT 10.0; Win64; x64) AppleWebKit/537.36 (KHTML, like Gecko) Chrome/131.0.0.0 Safari/537.36"
18.117.75.156 - - [22/Aug/2026:07:41:56 +0800] "GET /client/.env HTTP/1.1" 404 50836 "-" "Mozilla/5.0 (Macintosh; Intel Mac OS X 10_15_7) AppleWebKit/537.36 (KHTML, like Gecko) Chrome/131.0.0.0 Safari/537.36"
18.117.75.156 - - [22/Aug/2026:07:41:56 +0800] "GET /project/.env HTTP/1.1" 404 50836 "-" "Mozilla/5.0 (Macintosh; Intel Mac OS X 10_15_7) AppleWebKit/537.36 (KHTML, like Gecko) Chrome/131.0.0.0 Safari/537.36"
100.55.60.118 - - [22/Aug/2026:07:41:54 +0800] "GET /uploads/.env HTTP/1.1" 404 50084 "-" "Mozilla/5.0 (Windows NT 10.0; Win64; x64) AppleWebKit/537.36 (KHTML, like Gecko) Chrome/131.0.0.0 Safari/537.36"
34.215.240.225 - - [22/Aug/2026:07:41:56 +0800] "GET /cloud/.env HTTP/1.1" 404 54906 "-" "Mozilla/5.0 (Windows NT 10.0; Win64; x64) AppleWebKit/537.36 (KHTML, like Gecko) Chrome/131.0.0.0 Safari/537.36"
18.117.75.156 - - [22/Aug/2026:07:41:57 +0800] "GET /admin-panel/.env HTTP/1.1" 404 50836 "-" "Mozilla/5.0 (Macintosh; Intel Mac OS X 10_15_7) AppleWebKit/537.36 (KHTML, like Gecko) Chrome/131.0.0.0 Safari/537.36"
185.191.171.3 - - [22/Aug/2026:07:41:57 +0800] "GET /6509/category/c-22009/page/1/ HTTP/1.1" 301 5720 "-" "Mozilla/5.0 (compatible; SemrushBot/7~bl; +http://www.semrush.com/bot.html)"
::1 - - [22/Aug/2026:07:41:57 +0800] "OPTIONS * HTTP/1.0" 200 110 "-" "Apache/2.4.68 (Ubuntu) OpenSSL/3.0.19 (internal dummy connection)"
17.246.19.168 - - [22/Aug/2026:07:41:57 +0800] "GET /wp-content/themes/toujours/js/navigation.js HTTP/1.1" 200 1748 "https://www.ltjh.ilc.edu.tw/?p=2559" "Mozilla/5.0 (Macintosh; Intel Mac OS X 10_15_7) AppleWebKit/605.1.15 (KHTML, like Gecko) Version/17.4 Safari/605.1.15 (Applebot/0.1; +http://www.apple.com/go/applebot)"
34.215.240.225 - - [22/Aug/2026:07:41:57 +0800] "GET /infrastructure/.env HTTP/1.1" 404 54906 "-" "Mozilla/5.0 (Windows NT 10.0; Win64; x64) AppleWebKit/537.36 (KHTML, like Gecko) Chrome/131.0.0.0 Safari/537.36"
18.117.75.156 - - [22/Aug/2026:07:41:57 +0800] "GET /control-panel/.env HTTP/1.1" 404 50836 "-" "Mozilla/5.0 (Macintosh; Intel Mac OS X 10_15_7) AppleWebKit/537.36 (KHTML, like Gecko) Chrome/131.0.0.0 Safari/537.36"
2001:288:a201::66:125 - - [22/Aug/2026:07:41:58 +0800] "GET /blog/active.php HTTP/1.1" 301 1026 "-" "-"
2001:288:a201::66:125 - - [22/Aug/2026:07:41:58 +0800] "GET /blog/active.php HTTP/1.1" 404 1084 "-" "-"
2a01:4f9:c010:ae8c::1 - - [22/Aug/2026:07:41:58 +0800] "GET /feed/ HTTP/1.1" 200 28040 "-" "Mozilla/5.0 (Windows NT 10.0; Win64; x64; rv:148.0) Gecko/20100101 Firefox/148.0"
140.111.67.10 - - [22/Aug/2026:07:41:58 +0800] "GET /" 301 273 "-" "-"
18.117.75.156 - - [22/Aug/2026:07:41:58 +0800] "GET /user-panel/.env HTTP/1.1" 404 50836 "-" "Mozilla/5.0 (Macintosh; Intel Mac OS X 10_15_7) AppleWebKit/537.36 (KHTML, like Gecko) Chrome/131.0.0.0 Safari/537.36"
34.215.240.225 - - [22/Aug/2026:07:41:58 +0800] "GET /docker/.env HTTP/1.1" 404 54906 "-" "Mozilla/5.0 (Windows NT 10.0; Win64; x64) AppleWebKit/537.36 (KHTML, like Gecko) Chrome/131.0.0.0 Safari/537.36"
3.229.2.217 - - [22/Aug/2026:07:41:58 +0800] "GET /wp-content/uploads/sites/375/2026/03/?C=M;O%3DD HTTP/1.1" 200 1112 "-" "Mozilla/5.0 AppleWebKit/537.36 (KHTML, like Gecko; compatible; Amazonbot/0.1; +https://developer.amazon.com/support/amazonbot) Chrome/119.0.6045.214 Safari/537.36"
54.197.82.195 - - [22/Aug/2026:07:41:58 +0800] "GET /6488/wp-json/wp/v2/posts/%22https:/2blog.ilc.edu.tw/wp-content/uploads/sites/2813/6488/6488-1989330.jpg/%22 HTTP/1.1" 404 6131 "-" "Mozilla/5.0 AppleWebKit/537.36 (KHTML, like Gecko; compatible; Amazonbot/0.1; +https://developer.amazon.com/support/amazonbot) Chrome/119.0.6045.214 Safari/537.36"
18.117.75.156 - - [22/Aug/2026:07:41:58 +0800] "GET /node/.env HTTP/1.1" 404 50836 "-" "Mozilla/5.0 (Macintosh; Intel Mac OS X 10_15_7) AppleWebKit/537.36 (KHTML, like Gecko) Chrome/131.0.0.0 Safari/537.36"
17.246.19.168 - - [22/Aug/2026:07:41:59 +0800] "GET /wp-content/themes/toujours/js/skip-link-focus-fix.js HTTP/1.1" 200 1344 "https://www.ltjh.ilc.edu.tw/?p=2559" "Mozilla/5.0 (Macintosh; Intel Mac OS X 10_15_7) AppleWebKit/605.1.15 (KHTML, like Gecko) Version/17.4 Safari/605.1.15 (Applebot/0.1; +http://www.apple.com/go/applebot)"
18.117.75.156 - - [22/Aug/2026:07:41:59 +0800] "GET /express/.env HTTP/1.1" 404 50836 "-" "Mozilla/5.0 (Macintosh; Intel Mac OS X 10_15_7) AppleWebKit/537.36 (KHTML, like Gecko) Chrome/131.0.0.0 Safari/537.36"
34.215.240.225 - - [22/Aug/2026:07:41:58 +0800] "GET /k8s/.env HTTP/1.1" 404 54906 "-" "Mozilla/5.0 (Windows NT 10.0; Win64; x64) AppleWebKit/537.36 (KHTML, like Gecko) Chrome/131.0.0.0 Safari/537.36"
85.208.96.206 - - [22/Aug/2026:07:41:59 +0800] "GET /6509/category/c-22009/ HTTP/1.1" 200 16370 "-" "Mozilla/5.0 (compatible; SemrushBot/7~bl; +http://www.semrush.com/bot.html)"
::1 - - [22/Aug/2026:07:41:59 +0800] "OPTIONS * HTTP/1.0" 200 110 "-" "Apache/2.4.68 (Ubuntu) OpenSSL/3.0.19 (internal dummy connection)"
100.55.60.118 - - [22/Aug/2026:07:41:57 +0800] "GET /internal/.env HTTP/1.1" 404 50084 "-" "Mozilla/5.0 (Windows NT 10.0; Win64; x64) AppleWebKit/537.36 (KHTML, like Gecko) Chrome/131.0.0.0 Safari/537.36"
18.117.75.156 - - [22/Aug/2026:07:41:59 +0800] "GET /next/.env HTTP/1.1" 404 50836 "-" "Mozilla/5.0 (Macintosh; Intel Mac OS X 10_15_7) AppleWebKit/537.36 (KHTML, like Gecko) Chrome/131.0.0.0 Safari/537.36"
34.215.240.225 - - [22/Aug/2026:07:41:59 +0800] "GET /kubernetes/.env HTTP/1.1" 404 54906 "-" "Mozilla/5.0 (Windows NT 10.0; Win64; x64) AppleWebKit/537.36 (KHTML, like Gecko) Chrome/131.0.0.0 Safari/537.36"
18.117.75.156 - - [22/Aug/2026:07:41:59 +0800] "GET /nuxt/.env HTTP/1.1" 404 50836 "-" "Mozilla/5.0 (Macintosh; Intel Mac OS X 10_15_7) AppleWebKit/537.36 (KHTML, like Gecko) Chrome/131.0.0.0 Safari/537.36"
18.117.75.156 - - [22/Aug/2026:07:42:00 +0800] "GET /nest/.env HTTP/1.1" 404 50836 "-" "Mozilla/5.0 (Macintosh; Intel Mac OS X 10_15_7) AppleWebKit/537.36 (KHTML, like Gecko) Chrome/131.0.0.0 Safari/537.36"
17.246.19.168 - - [22/Aug/2026:07:42:00 +0800] "GET /wp-includes/js/masonry.min.js HTTP/1.1" 200 8306 "https://www.ltjh.ilc.edu.tw/?p=2559" "Mozilla/5.0 (Macintosh; Intel Mac OS X 10_15_7) AppleWebKit/605.1.15 (KHTML, like Gecko) Version/17.4 Safari/605.1.15 (Applebot/0.1; +http://www.apple.com/go/applebot)"
34.215.240.225 - - [22/Aug/2026:07:42:00 +0800] "GET /terraform/.env HTTP/1.1" 404 54906 "-" "Mozilla/5.0 (Windows NT 10.0; Win64; x64) AppleWebKit/537.36 (KHTML, like Gecko) Chrome/131.0.0.0 Safari/537.36"
18.117.75.156 - - [22/Aug/2026:07:42:00 +0800] "GET /react/.env HTTP/1.1" 404 50836 "-" "Mozilla/5.0 (Macintosh; Intel Mac OS X 10_15_7) AppleWebKit/537.36 (KHTML, like Gecko) Chrome/131.0.0.0 Safari/537.36"
98.84.131.195 - - [22/Aug/2026:07:42:01 +0800] "GET /wp-content/uploads/sites/881/staatic/resources/e/a5bf908ad3751fe94b5a8e36a00ba1168c7f377 HTTP/1.1" 200 788 "-" "Mozilla/5.0 AppleWebKit/537.36 (KHTML, like Gecko; compatible; Amazonbot/0.1; +https://developer.amazon.com/support/amazonbot) Chrome/119.0.6045.214 Safari/537.36"
2001:288:a201::67:82 - - [22/Aug/2026:07:42:01 +0800] "GET / HTTP/1.1" 200 56291 "-" "curl/7.81.0"
2001:288:a201::67:84 - - [22/Aug/2026:07:42:01 +0800] "GET / HTTP/1.1" 200 56291 "-" "curl/7.81.0"
18.117.75.156 - - [22/Aug/2026:07:42:01 +0800] "GET /vue/.env HTTP/1.1" 404 50836 "-" "Mozilla/5.0 (Macintosh; Intel Mac OS X 10_15_7) AppleWebKit/537.36 (KHTML, like Gecko) Chrome/131.0.0.0 Safari/537.36"
34.215.240.225 - - [22/Aug/2026:07:42:01 +0800] "GET /ansible/.env HTTP/1.1" 404 54906 "-" "Mozilla/5.0 (Windows NT 10.0; Win64; x64) AppleWebKit/537.36 (KHTML, like Gecko) Chrome/131.0.0.0 Safari/537.36"
18.117.75.156 - - [22/Aug/2026:07:42:01 +0800] "GET /angular/.env HTTP/1.1" 404 50836 "-" "Mozilla/5.0 (Macintosh; Intel Mac OS X 10_15_7) AppleWebKit/537.36 (KHTML, like Gecko) Chrome/131.0.0.0 Safari/537.36"
17.246.19.168 - - [22/Aug/2026:07:42:02 +0800] "GET /wp-content/themes/toujours/js/global.js HTTP/1.1" 200 2171 "https://www.ltjh.ilc.edu.tw/?p=2559" "Mozilla/5.0 (Macintosh; Intel Mac OS X 10_15_7) AppleWebKit/605.1.15 (KHTML, like Gecko) Version/17.4 Safari/605.1.15 (Applebot/0.1; +http://www.apple.com/go/applebot)"
85.208.96.202 - - [22/Aug/2026:07:42:01 +0800] "GET /kses1093a/2020/10/20/ HTTP/1.1" 200 18110 "-" "Mozilla/5.0 (compatible; SemrushBot/7~bl; +http://www.semrush.com/bot.html)"
2409:8770:2f0:651::107 - - [22/Aug/2026:07:42:02 +0800] "GET /2011/07/04 HTTP/1.1" 301 5761 "-" "Mozilla/5.0 (Windows NT 10.0; Win64; x64) AppleWebKit/537.36 (KHTML, like Gecko) Chrome/144.0.0.0 Safari/537.36"
34.215.240.225 - - [22/Aug/2026:07:42:01 +0800] "GET /.git/.env HTTP/1.1" 404 54906 "-" "Mozilla/5.0 (Windows NT 10.0; Win64; x64) AppleWebKit/537.36 (KHTML, like Gecko) Chrome/131.0.0.0 Safari/537.36"
18.117.75.156 - - [22/Aug/2026:07:42:02 +0800] "GET /svelte/.env HTTP/1.1" 404 50836 "-" "Mozilla/5.0 (Macintosh; Intel Mac OS X 10_15_7) AppleWebKit/537.36 (KHTML, like Gecko) Chrome/131.0.0.0 Safari/537.36"
46.202.63.146 - - [22/Aug/2026:07:42:02 +0800] "GET /wp-content/uploads/sites/3591/2023/04/%E6%8E%83%E6%8F%8Fqr-code%E6%88%96%E6%98%AF%E8%BC%B8%E5%85%A5%E4%BB%A3%E7%A2%BC-1024x634.jpg HTTP/1.1" 200 44981 "https://isupport.ilc.edu.tw/7525/" "Mozilla/5.0 (Macintosh; Intel Mac OS X 10_15_7) AppleWebKit/537.36 (KHTML, like Gecko) Chrome/131.0.0.0 Safari/537.36"
18.117.75.156 - - [22/Aug/2026:07:42:02 +0800] "GET /vite/.env HTTP/1.1" 404 50836 "-" "Mozilla/5.0 (Macintosh; Intel Mac OS X 10_15_7) AppleWebKit/537.36 (KHTML, like Gecko) Chrome/131.0.0.0 Safari/537.36"
2001:288:a201::66:125 - - [22/Aug/2026:07:42:03 +0800] "GET /blog/active.php HTTP/1.1" 301 1026 "-" "-"
34.215.240.225 - - [22/Aug/2026:07:42:02 +0800] "GET /ci/.env HTTP/1.1" 404 54906 "-" "Mozilla/5.0 (Windows NT 10.0; Win64; x64) AppleWebKit/537.36 (KHTML, like Gecko) Chrome/131.0.0.0 Safari/537.36"
100.55.60.118 - - [22/Aug/2026:07:42:00 +0800] "GET /tools/.env HTTP/1.1" 404 50104 "-" "Mozilla/5.0 (Windows NT 10.0; Win64; x64) AppleWebKit/537.36 (KHTML, like Gecko) Chrome/131.0.0.0 Safari/537.36"
2001:288:a201::66:125 - - [22/Aug/2026:07:42:03 +0800] "GET /blog/active.php HTTP/1.1" 404 1084 "-" "-"
18.117.75.156 - - [22/Aug/2026:07:42:03 +0800] "GET /backup/.env HTTP/1.1" 404 50836 "-" "Mozilla/5.0 (Macintosh; Intel Mac OS X 10_15_7) AppleWebKit/537.36 (KHTML, like Gecko) Chrome/131.0.0.0 Safari/537.36"
140.111.67.10 - - [22/Aug/2026:07:42:03 +0800] "GET /" 301 273 "-" "-"
2409:8a62:10b:6b2b:c862:7ede:48c:a0d1 - - [22/Aug/2026:07:42:03 +0800] "GET /wp-content/cache/ilta.ilc.edu.tw/wpfc-minified/qm0ohmet/6wvk.css HTTP/1.1" 200 5952 "https://ilta.ilc.edu.tw/2011/01/" "Mozilla/5.0 (Windows NT 10.0; Win64; x64) AppleWebKit/537.36 (KHTML, like Gecko) Chrome/144.0.0.0 Safari/537.36"
2409:8a62:10b:6b2b:c862:7ede:48c:a0d1 - - [22/Aug/2026:07:42:03 +0800] "GET /wp-includes/js/hoverintent-js.min.js HTTP/1.1" 200 6392 "https://ilta.ilc.edu.tw/2011/01/" "Mozilla/5.0 (Windows NT 10.0; Win64; x64) AppleWebKit/537.36 (KHTML, like Gecko) Chrome/144.0.0.0 Safari/537.36"
2409:8a62:10b:6b2b:c862:7ede:48c:a0d1 - - [22/Aug/2026:07:42:03 +0800] "GET /wp-content/cache/ilta.ilc.edu.tw/wpfc-minified/1qjpbzp9/6wvk.js HTTP/1.1" 200 40344 "https://ilta.ilc.edu.tw/2011/01/" "Mozilla/5.0 (Windows NT 10.0; Win64; x64) AppleWebKit/537.36 (KHTML, like Gecko) Chrome/144.0.0.0 Safari/537.36"
2409:8a62:10b:6b2b:c862:7ede:48c:a0d1 - - [22/Aug/2026:07:42:03 +0800] "GET /wp-content/cache/ilta.ilc.edu.tw/wpfc-minified/7vo8n6iy/6wvk.css HTTP/1.1" 200 65503 "https://ilta.ilc.edu.tw/2011/01/" "Mozilla/5.0 (Windows NT 10.0; Win64; x64) AppleWebKit/537.36 (KHTML, like Gecko) Chrome/144.0.0.0 Safari/537.36"
2409:8a62:10b:6b2b:c862:7ede:48c:a0d1 - - [22/Aug/2026:07:42:03 +0800] "GET /wp-includes/js/admin-bar.min.js HTTP/1.1" 200 7032 "https://ilta.ilc.edu.tw/2011/01/" "Mozilla/5.0 (Windows NT 10.0; Win64; x64) AppleWebKit/537.36 (KHTML, like Gecko) Chrome/144.0.0.0 Safari/537.36"
18.117.75.156 - - [22/Aug/2026:07:42:03 +0800] "GET /backups/.env HTTP/1.1" 404 50836 "-" "Mozilla/5.0 (Macintosh; Intel Mac OS X 10_15_7) AppleWebKit/537.36 (KHTML, like Gecko) Chrome/131.0.0.0 Safari/537.36"
17.246.19.168 - - [22/Aug/2026:07:42:03 +0800] "POST /index.php?rest_route=/ilc-summary/v1/popular-posts HTTP/1.1" 201 1283 "https://www.ltjh.ilc.edu.tw/?p=2559" "Mozilla/5.0 (Macintosh; Intel Mac OS X 10_15_7) AppleWebKit/605.1.15 (KHTML, like Gecko) Version/17.4 Safari/605.1.15 (Applebot/0.1; +http://www.apple.com/go/applebot)"
34.215.240.225 - - [22/Aug/2026:07:42:03 +0800] "GET /cd/.env HTTP/1.1" 404 54906 "-" "Mozilla/5.0 (Windows NT 10.0; Win64; x64) AppleWebKit/537.36 (KHTML, like Gecko) Chrome/131.0.0.0 Safari/537.36"
2409:8a62:10b:6b2b:c862:7ede:48c:a0d1 - - [22/Aug/2026:07:42:04 +0800] "GET /wp-content/themes/oceanwp/assets/js/theme.min.js HTTP/1.1" 200 5130 "https://ilta.ilc.edu.tw/2011/01/" "Mozilla/5.0 (Windows NT 10.0; Win64; x64) AppleWebKit/537.36 (KHTML, like Gecko) Chrome/144.0.0.0 Safari/537.36"
2409:8a62:10b:6b2b:c862:7ede:48c:a0d1 - - [22/Aug/2026:07:42:04 +0800] "GET /wp-content/themes/oceanwp/assets/js/drop-down-mobile-menu.min.js HTTP/1.1" 200 4663 "https://ilta.ilc.edu.tw/2011/01/" "Mozilla/5.0 (Windows NT 10.0; Win64; x64) AppleWebKit/537.36 (KHTML, like Gecko) Chrome/144.0.0.0 Safari/537.36"
2409:8a62:10b:6b2b:c862:7ede:48c:a0d1 - - [22/Aug/2026:07:42:04 +0800] "GET /wp-content/themes/oceanwp/assets/js/drop-down-search.min.js HTTP/1.1" 200 2968 "https://ilta.ilc.edu.tw/2011/01/" "Mozilla/5.0 (Windows NT 10.0; Win64; x64) AppleWebKit/537.36 (KHTML, like Gecko) Chrome/144.0.0.0 Safari/537.36"
54.85.126.86 - - [22/Aug/2026:07:42:04 +0800] "GET /wp-content/uploads/sites/1256/6/previews/6-170884.bmp HTTP/1.1" 200 33535 "-" "Mozilla/5.0 AppleWebKit/537.36 (KHTML, like Gecko; compatible; Amazonbot/0.1; +https://developer.amazon.com/support/amazonbot) Chrome/119.0.6045.214 Safari/537.36"
18.117.75.156 - - [22/Aug/2026:07:42:04 +0800] "GET /old/.env HTTP/1.1" 404 50836 "-" "Mozilla/5.0 (Macintosh; Intel Mac OS X 10_15_7) AppleWebKit/537.36 (KHTML, like Gecko) Chrome/131.0.0.0 Safari/537.36"
2409:8a62:10b:6b2b:c862:7ede:48c:a0d1 - - [22/Aug/2026:07:42:04 +0800] "GET /wp-content/themes/oceanwp/assets/js/ow-lightbox.min.js HTTP/1.1" 200 2321 "https://ilta.ilc.edu.tw/2011/01/" "Mozilla/5.0 (Windows NT 10.0; Win64; x64) AppleWebKit/537.36 (KHTML, like Gecko) Chrome/144.0.0.0 Safari/537.36"
2409:8a62:10b:6b2b:c862:7ede:48c:a0d1 - - [22/Aug/2026:07:42:04 +0800] "GET /wp-content/themes/oceanwp/assets/js/vendors/flickity.pkgd.min.js HTTP/1.1" 200 15048 "https://ilta.ilc.edu.tw/2011/01/" "Mozilla/5.0 (Windows NT 10.0; Win64; x64) AppleWebKit/537.36 (KHTML, like Gecko) Chrome/144.0.0.0 Safari/537.36"
2409:8a62:10b:6b2b:c862:7ede:48c:a0d1 - - [22/Aug/2026:07:42:04 +0800] "GET /wp-content/themes/oceanwp/assets/js/ow-slider.min.js HTTP/1.1" 200 1761 "https://ilta.ilc.edu.tw/2011/01/" "Mozilla/5.0 (Windows NT 10.0; Win64; x64) AppleWebKit/537.36 (KHTML, like Gecko) Chrome/144.0.0.0 Safari/537.36"
34.215.240.225 - - [22/Aug/2026:07:42:04 +0800] "GET /jenkins/.env HTTP/1.1" 404 54906 "-" "Mozilla/5.0 (Windows NT 10.0; Win64; x64) AppleWebKit/537.36 (KHTML, like Gecko) Chrome/131.0.0.0 Safari/537.36"
2409:8a62:10b:6b2b:c862:7ede:48c:a0d1 - - [22/Aug/2026:07:42:04 +0800] "GET /wp-content/themes/oceanwp/assets/js/scroll-top.min.js HTTP/1.1" 200 3202 "https://ilta.ilc.edu.tw/2011/01/" "Mozilla/5.0 (Windows NT 10.0; Win64; x64) AppleWebKit/537.36 (KHTML, like Gecko) Chrome/144.0.0.0 Safari/537.36"
18.117.75.156 - - [22/Aug/2026:07:42:04 +0800] "GET /tmp/.env HTTP/1.1" 404 50836 "-" "Mozilla/5.0 (Macintosh; Intel Mac OS X 10_15_7) AppleWebKit/537.36 (KHTML, like Gecko) Chrome/131.0.0.0 Safari/537.36"
2409:8a62:10b:6b2b:c862:7ede:48c:a0d1 - - [22/Aug/2026:07:42:04 +0800] "GET /wp-content/themes/oceanwp/assets/js/select.min.js HTTP/1.1" 200 2408 "https://ilta.ilc.edu.tw/2011/01/" "Mozilla/5.0 (Windows NT 10.0; Win64; x64) AppleWebKit/537.36 (KHTML, like Gecko) Chrome/144.0.0.0 Safari/537.36"
2409:8770:2f0:651::107 - - [22/Aug/2026:07:42:04 +0800] "GET /2011/07/04/ HTTP/1.1" 200 10688 "-" "Mozilla/5.0 (Windows NT 10.0; Win64; x64) AppleWebKit/537.36 (KHTML, like Gecko) Chrome/144.0.0.0 Safari/537.36"
2409:8a62:10b:6b2b:c862:7ede:48c:a0d1 - - [22/Aug/2026:07:42:04 +0800] "GET /wp-content/plugins/ocean-extra/includes/widgets/js/flickr.min.js HTTP/1.1" 200 1319 "https://ilta.ilc.edu.tw/2011/01/" "Mozilla/5.0 (Windows NT 10.0; Win64; x64) AppleWebKit/537.36 (KHTML, like Gecko) Chrome/144.0.0.0 Safari/537.36"
2a03:2880:f802:41:: - - [22/Aug/2026:07:42:02 +0800] "GET /wp-login.php?key=sxm36375&_wpnonce=&action=ilc_logout&redirect_to=https%3A%2F%2Fgame.edu.kg HTTP/1.1" 302 8248 "-" "Mozilla/5.0 (Windows NT 10.0; Win64; x64) AppleWebKit/537.36 (KHTML, like Gecko) Chrome/145.0.0.0 Safari/537.36 (compatible; meta-externalagent/1.1 (+https://developers.facebook.com/docs/sharing/webmasters/crawler))"
34.215.240.225 - - [22/Aug/2026:07:42:05 +0800] "GET /gitlab/.env HTTP/1.1" 404 54906 "-" "Mozilla/5.0 (Windows NT 10.0; Win64; x64) AppleWebKit/537.36 (KHTML, like Gecko) Chrome/131.0.0.0 Safari/537.36"
2409:8a62:10b:6b2b:c862:7ede:48c:a0d1 - - [22/Aug/2026:07:42:05 +0800] "GET /wp-content/themes/oceanwp/assets/fonts/simple-line-icons/Simple-Line-Icons.woff2?v=2.4.0 HTTP/1.1" 200 30959 "https://ilta.ilc.edu.tw/wp-content/cache/ilta.ilc.edu.tw/wpfc-minified/7vo8n6iy/6wvk.css" "Mozilla/5.0 (Windows NT 10.0; Win64; x64) AppleWebKit/537.36 (KHTML, like Gecko) Chrome/144.0.0.0 Safari/537.36"
2409:8a62:10b:6b2b:c862:7ede:48c:a0d1 - - [22/Aug/2026:07:42:05 +0800] "GET /wp-content/themes/oceanwp/assets/fonts/fontawesome/webfonts/fa-solid-900.woff2 HTTP/1.1" 200 151246 "https://ilta.ilc.edu.tw/wp-content/cache/ilta.ilc.edu.tw/wpfc-minified/7vo8n6iy/6wvk.css" "Mozilla/5.0 (Windows NT 10.0; Win64; x64) AppleWebKit/537.36 (KHTML, like Gecko) Chrome/144.0.0.0 Safari/537.36"
18.117.75.156 - - [22/Aug/2026:07:42:05 +0800] "GET /temp/.env HTTP/1.1" 404 50836 "-" "Mozilla/5.0 (Macintosh; Intel Mac OS X 10_15_7) AppleWebKit/537.36 (KHTML, like Gecko) Chrome/131.0.0.0 Safari/537.36"
18.117.75.156 - - [22/Aug/2026:07:42:05 +0800] "GET /lab/.env HTTP/1.1" 404 50836 "-" "Mozilla/5.0 (Macintosh; Intel Mac OS X 10_15_7) AppleWebKit/537.36 (KHTML, like Gecko) Chrome/131.0.0.0 Safari/537.36"
34.215.240.225 - - [22/Aug/2026:07:42:05 +0800] "GET /github/.env HTTP/1.1" 404 54906 "-" "Mozilla/5.0 (Windows NT 10.0; Win64; x64) AppleWebKit/537.36 (KHTML, like Gecko) Chrome/131.0.0.0 Safari/537.36"
100.55.60.118 - - [22/Aug/2026:07:42:03 +0800] "GET /scripts/.env HTTP/1.1" 404 50089 "-" "Mozilla/5.0 (Windows NT 10.0; Win64; x64) AppleWebKit/537.36 (KHTML, like Gecko) Chrome/131.0.0.0 Safari/537.36"
2409:8770:2f0:651::107 - - [22/Aug/2026:07:42:06 +0800] "GET /wp-content/cache/ilta.ilc.edu.tw/wpfc-minified/30cml7nx/6wvk.css HTTP/1.1" 200 40877 "https://ilta.ilc.edu.tw/2011/07/04/" "Mozilla/5.0 (Windows NT 10.0; Win64; x64) AppleWebKit/537.36 (KHTML, like Gecko) Chrome/144.0.0.0 Safari/537.36"
18.117.75.156 - - [22/Aug/2026:07:42:06 +0800] "GET /cronlab/.env HTTP/1.1" 404 50836 "-" "Mozilla/5.0 (Macintosh; Intel Mac OS X 10_15_7) AppleWebKit/537.36 (KHTML, like Gecko) Chrome/131.0.0.0 Safari/537.36"
2409:8770:2f0:651::107 - - [22/Aug/2026:07:42:06 +0800] "GET /wp-content/cache/ilta.ilc.edu.tw/wpfc-minified/l07fx5lw/6wvk.css HTTP/1.1" 200 16121 "https://ilta.ilc.edu.tw/2011/07/04/" "Mozilla/5.0 (Windows NT 10.0; Win64; x64) AppleWebKit/537.36 (KHTML, like Gecko) Chrome/144.0.0.0 Safari/537.36"
2409:8770:2f0:651::107 - - [22/Aug/2026:07:42:06 +0800] "GET /wp-content/cache/ilta.ilc.edu.tw/wpfc-minified/qm0ohmet/6wvk.css HTTP/1.1" 200 5952 "https://ilta.ilc.edu.tw/2011/07/04/" "Mozilla/5.0 (Windows NT 10.0; Win64; x64) AppleWebKit/537.36 (KHTML, like Gecko) Chrome/144.0.0.0 Safari/537.36"
2409:8770:2f0:651::107 - - [22/Aug/2026:07:42:06 +0800] "GET /wp-content/cache/ilta.ilc.edu.tw/wpfc-minified/7vo8n6iy/6wvk.css HTTP/1.1" 200 61047 "https://ilta.ilc.edu.tw/2011/07/04/" "Mozilla/5.0 (Windows NT 10.0; Win64; x64) AppleWebKit/537.36 (KHTML, like Gecko) Chrome/144.0.0.0 Safari/537.36"
34.215.240.225 - - [22/Aug/2026:07:42:06 +0800] "GET /actions/.env HTTP/1.1" 404 54906 "-" "Mozilla/5.0 (Windows NT 10.0; Win64; x64) AppleWebKit/537.36 (KHTML, like Gecko) Chrome/131.0.0.0 Safari/537.36"
18.117.75.156 - - [22/Aug/2026:07:42:06 +0800] "GET /cron/.env HTTP/1.1" 404 50836 "-" "Mozilla/5.0 (Macintosh; Intel Mac OS X 10_15_7) AppleWebKit/537.36 (KHTML, like Gecko) Chrome/131.0.0.0 Safari/537.36"
2409:8770:2f0:651::107 - - [22/Aug/2026:07:42:07 +0800] "GET /wp-content/cache/ilta.ilc.edu.tw/wpfc-minified/1qjpbzp9/6wvk.js HTTP/1.1" 200 35549 "https://ilta.ilc.edu.tw/2011/07/04/" "Mozilla/5.0 (Windows NT 10.0; Win64; x64) AppleWebKit/537.36 (KHTML, like Gecko) Chrome/144.0.0.0 Safari/537.36"
2409:8a62:10b:6b2b:c862:7ede:48c:a0d1 - - [22/Aug/2026:07:42:07 +0800] "GET /favicon.ico HTTP/1.1" 302 925 "https://ilta.ilc.edu.tw/2011/01/" "Mozilla/5.0 (Windows NT 10.0; Win64; x64) AppleWebKit/537.36 (KHTML, like Gecko) Chrome/144.0.0.0 Safari/537.36"
18.117.75.156 - - [22/Aug/2026:07:42:07 +0800] "GET /en/.env HTTP/1.1" 404 50836 "-" "Mozilla/5.0 (Macintosh; Intel Mac OS X 10_15_7) AppleWebKit/537.36 (KHTML, like Gecko) Chrome/131.0.0.0 Safari/537.36"
34.215.240.225 - - [22/Aug/2026:07:42:07 +0800] "GET /circleci/.env HTTP/1.1" 404 54906 "-" "Mozilla/5.0 (Windows NT 10.0; Win64; x64) AppleWebKit/537.36 (KHTML, like Gecko) Chrome/131.0.0.0 Safari/537.36"
2409:8a62:10b:6b2b:c862:7ede:48c:a0d1 - - [22/Aug/2026:07:42:07 +0800] "GET /wp-includes/images/w-logo-blue-white-bg.png HTTP/1.1" 200 4946 "https://ilta.ilc.edu.tw/2011/01/" "Mozilla/5.0 (Windows NT 10.0; Win64; x64) AppleWebKit/537.36 (KHTML, like Gecko) Chrome/144.0.0.0 Safari/537.36"
2409:8770:2f0:651::107 - - [22/Aug/2026:07:42:07 +0800] "GET /wp-includes/js/hoverintent-js.min.js HTTP/1.1" 200 1936 "https://ilta.ilc.edu.tw/2011/07/04/" "Mozilla/5.0 (Windows NT 10.0; Win64; x64) AppleWebKit/537.36 (KHTML, like Gecko) Chrome/144.0.0.0 Safari/537.36"
18.117.75.156 - - [22/Aug/2026:07:42:07 +0800] "GET /administrator/.env HTTP/1.1" 404 50836 "-" "Mozilla/5.0 (Macintosh; Intel Mac OS X 10_15_7) AppleWebKit/537.36 (KHTML, like Gecko) Chrome/131.0.0.0 Safari/537.36"
2409:8770:2f0:651::107 - - [22/Aug/2026:07:42:08 +0800] "GET /wp-includes/js/admin-bar.min.js HTTP/1.1" 200 7032 "https://ilta.ilc.edu.tw/2011/07/04/" "Mozilla/5.0 (Windows NT 10.0; Win64; x64) AppleWebKit/537.36 (KHTML, like Gecko) Chrome/144.0.0.0 Safari/537.36"
2001:288:a201::66:125 - - [22/Aug/2026:07:42:08 +0800] "GET /blog/active.php HTTP/1.1" 301 1026 "-" "-"
34.215.240.225 - - [22/Aug/2026:07:42:07 +0800] "GET /travis/.env HTTP/1.1" 404 54906 "-" "Mozilla/5.0 (Windows NT 10.0; Win64; x64) AppleWebKit/537.36 (KHTML, like Gecko) Chrome/131.0.0.0 Safari/537.36"
2001:288:a201::66:125 - - [22/Aug/2026:07:42:08 +0800] "GET /blog/active.php HTTP/1.1" 404 1084 "-" "-"
140.111.67.10 - - [22/Aug/2026:07:42:08 +0800] "GET /" 301 273 "-" "-"
18.117.75.156 - - [22/Aug/2026:07:42:08 +0800] "GET /psnlink/.env HTTP/1.1" 404 50836 "-" "Mozilla/5.0 (Macintosh; Intel Mac OS X 10_15_7) AppleWebKit/537.36 (KHTML, like Gecko) Chrome/131.0.0.0 Safari/537.36"
2409:8770:2f0:651::107 - - [22/Aug/2026:07:42:08 +0800] "GET /wp-content/themes/oceanwp/assets/js/theme.min.js HTTP/1.1" 200 5130 "https://ilta.ilc.edu.tw/2011/07/04/" "Mozilla/5.0 (Windows NT 10.0; Win64; x64) AppleWebKit/537.36 (KHTML, like Gecko) Chrome/144.0.0.0 Safari/537.36"
2409:8770:2f0:651::107 - - [22/Aug/2026:07:42:08 +0800] "GET /wp-includes/js/imagesloaded.min.js HTTP/1.1" 200 2683 "https://ilta.ilc.edu.tw/2011/07/04/" "Mozilla/5.0 (Windows NT 10.0; Win64; x64) AppleWebKit/537.36 (KHTML, like Gecko) Chrome/144.0.0.0 Safari/537.36"
2409:8770:2f0:651::107 - - [22/Aug/2026:07:42:08 +0800] "GET /wp-content/themes/oceanwp/assets/js/drop-down-mobile-menu.min.js HTTP/1.1" 200 4663 "https://ilta.ilc.edu.tw/2011/07/04/" "Mozilla/5.0 (Windows NT 10.0; Win64; x64) AppleWebKit/537.36 (KHTML, like Gecko) Chrome/144.0.0.0 Safari/537.36"
2409:8770:2f0:651::107 - - [22/Aug/2026:07:42:08 +0800] "GET /wp-content/themes/oceanwp/assets/js/vendors/magnific-popup.min.js HTTP/1.1" 200 8270 "https://ilta.ilc.edu.tw/2011/07/04/" "Mozilla/5.0 (Windows NT 10.0; Win64; x64) AppleWebKit/537.36 (KHTML, like Gecko) Chrome/144.0.0.0 Safari/537.36"
2409:8770:2f0:651::107 - - [22/Aug/2026:07:42:08 +0800] "GET /wp-content/themes/oceanwp/assets/js/drop-down-search.min.js HTTP/1.1" 200 2968 "https://ilta.ilc.edu.tw/2011/07/04/" "Mozilla/5.0 (Windows NT 10.0; Win64; x64) AppleWebKit/537.36 (KHTML, like Gecko) Chrome/144.0.0.0 Safari/537.36"
2409:8770:2f0:651::107 - - [22/Aug/2026:07:42:08 +0800] "GET /wp-content/themes/oceanwp/assets/js/ow-lightbox.min.js HTTP/1.1" 200 2321 "https://ilta.ilc.edu.tw/2011/07/04/" "Mozilla/5.0 (Windows NT 10.0; Win64; x64) AppleWebKit/537.36 (KHTML, like Gecko) Chrome/144.0.0.0 Safari/537.36"
18.117.75.156 - - [22/Aug/2026:07:42:08 +0800] "GET /exapi/.env HTTP/1.1" 404 50836 "-" "Mozilla/5.0 (Macintosh; Intel Mac OS X 10_15_7) AppleWebKit/537.36 (KHTML, like Gecko) Chrome/131.0.0.0 Safari/537.36"
100.55.60.118 - - [22/Aug/2026:07:42:06 +0800] "GET /bin/.env HTTP/1.1" 404 50094 "-" "Mozilla/5.0 (Windows NT 10.0; Win64; x64) AppleWebKit/537.36 (KHTML, like Gecko) Chrome/131.0.0.0 Safari/537.36"
34.215.240.225 - - [22/Aug/2026:07:42:08 +0800] "GET /buildkite/.env HTTP/1.1" 404 54906 "-" "Mozilla/5.0 (Windows NT 10.0; Win64; x64) AppleWebKit/537.36 (KHTML, like Gecko) Chrome/131.0.0.0 Safari/537.36"
2409:8770:2f0:651::107 - - [22/Aug/2026:07:42:08 +0800] "GET /wp-content/themes/oceanwp/assets/js/vendors/flickity.pkgd.min.js HTTP/1.1" 200 15048 "https://ilta.ilc.edu.tw/2011/07/04/" "Mozilla/5.0 (Windows NT 10.0; Win64; x64) AppleWebKit/537.36 (KHTML, like Gecko) Chrome/144.0.0.0 Safari/537.36"
3.232.39.98 - - [22/Aug/2026:07:42:08 +0800] "GET /wp-content/uploads/sites/1326/2024/12/IMG_E8064-1536x864.jpg HTTP/1.1" 200 301807 "-" "Mozilla/5.0 AppleWebKit/537.36 (KHTML, like Gecko; compatible; Amazonbot/0.1; +https://developer.amazon.com/support/amazonbot) Chrome/119.0.6045.214 Safari/537.36"
52.3.156.186 - - [22/Aug/2026:07:42:09 +0800] "GET /wp-content/uploads/sites/847/2020/03/?C=M;O%3DA HTTP/1.1" 200 1112 "-" "Mozilla/5.0 AppleWebKit/537.36 (KHTML, like Gecko; compatible; Amazonbot/0.1; +https://developer.amazon.com/support/amazonbot) Chrome/119.0.6045.214 Safari/537.36"
2409:8770:2f0:651::107 - - [22/Aug/2026:07:42:09 +0800] "GET /wp-content/themes/oceanwp/assets/js/ow-slider.min.js HTTP/1.1" 200 1761 "https://ilta.ilc.edu.tw/2011/07/04/" "Mozilla/5.0 (Windows NT 10.0; Win64; x64) AppleWebKit/537.36 (KHTML, like Gecko) Chrome/144.0.0.0 Safari/537.36"
18.117.75.156 - - [22/Aug/2026:07:42:09 +0800] "GET /sitemaps/.env HTTP/1.1" 404 50836 "-" "Mozilla/5.0 (Macintosh; Intel Mac OS X 10_15_7) AppleWebKit/537.36 (KHTML, like Gecko) Chrome/131.0.0.0 Safari/537.36"
2409:8770:2f0:651::107 - - [22/Aug/2026:07:42:09 +0800] "GET /wp-content/themes/oceanwp/assets/fonts/simple-line-icons/Simple-Line-Icons.woff2?v=2.4.0 HTTP/1.1" 200 30959 "https://ilta.ilc.edu.tw/wp-content/cache/ilta.ilc.edu.tw/wpfc-minified/7vo8n6iy/6wvk.css" "Mozilla/5.0 (Windows NT 10.0; Win64; x64) AppleWebKit/537.36 (KHTML, like Gecko) Chrome/144.0.0.0 Safari/537.36"
2409:8770:2f0:651::107 - - [22/Aug/2026:07:42:09 +0800] "GET /wp-content/themes/oceanwp/assets/js/scroll-effect.min.js HTTP/1.1" 200 4127 "https://ilta.ilc.edu.tw/2011/07/04/" "Mozilla/5.0 (Windows NT 10.0; Win64; x64) AppleWebKit/537.36 (KHTML, like Gecko) Chrome/144.0.0.0 Safari/537.36"
2409:8770:2f0:651::107 - - [22/Aug/2026:07:42:09 +0800] "GET /wp-content/themes/oceanwp/assets/js/scroll-top.min.js HTTP/1.1" 200 3202 "https://ilta.ilc.edu.tw/2011/07/04/" "Mozilla/5.0 (Windows NT 10.0; Win64; x64) AppleWebKit/537.36 (KHTML, like Gecko) Chrome/144.0.0.0 Safari/537.36"
34.215.240.225 - - [22/Aug/2026:07:42:09 +0800] "GET /mysql/.env HTTP/1.1" 404 54906 "-" "Mozilla/5.0 (Windows NT 10.0; Win64; x64) AppleWebKit/537.36 (KHTML, like Gecko) Chrome/131.0.0.0 Safari/537.36"
2409:8770:2f0:651::107 - - [22/Aug/2026:07:42:09 +0800] "GET /wp-content/themes/oceanwp/assets/js/select.min.js HTTP/1.1" 200 2408 "https://ilta.ilc.edu.tw/2011/07/04/" "Mozilla/5.0 (Windows NT 10.0; Win64; x64) AppleWebKit/537.36 (KHTML, like Gecko) Chrome/144.0.0.0 Safari/537.36"
18.117.75.156 - - [22/Aug/2026:07:42:09 +0800] "GET /.env.backup1 HTTP/1.1" 404 50836 "-" "Mozilla/5.0 (Macintosh; Intel Mac OS X 10_15_7) AppleWebKit/537.36 (KHTML, like Gecko) Chrome/131.0.0.0 Safari/537.36"
2409:8770:2f0:651::107 - - [22/Aug/2026:07:42:09 +0800] "GET /wp-content/plugins/ocean-extra/includes/widgets/js/flickr.min.js HTTP/1.1" 200 1319 "https://ilta.ilc.edu.tw/2011/07/04/" "Mozilla/5.0 (Windows NT 10.0; Win64; x64) AppleWebKit/537.36 (KHTML, like Gecko) Chrome/144.0.0.0 Safari/537.36"
85.208.96.201 - - [22/Aug/2026:07:42:09 +0800] "GET /kses1113a/2022/09/02/%E8%81%AF%E7%B5%A1%E7%B0%BF1110905/ HTTP/1.1" 200 17595 "-" "Mozilla/5.0 (compatible; SemrushBot/7~bl; +http://www.semrush.com/bot.html)"
18.117.75.156 - - [22/Aug/2026:07:42:09 +0800] "GET /.env.backup2 HTTP/1.1" 404 50836 "-" "Mozilla/5.0 (Macintosh; Intel Mac OS X 10_15_7) AppleWebKit/537.36 (KHTML, like Gecko) Chrome/131.0.0.0 Safari/537.36"
34.215.240.225 - - [22/Aug/2026:07:42:09 +0800] "GET /postgres/.env HTTP/1.1" 404 54906 "-" "Mozilla/5.0 (Windows NT 10.0; Win64; x64) AppleWebKit/537.36 (KHTML, like Gecko) Chrome/131.0.0.0 Safari/537.36"
18.117.75.156 - - [22/Aug/2026:07:42:10 +0800] "GET /logs/.env HTTP/1.1" 404 50836 "-" "Mozilla/5.0 (Macintosh; Intel Mac OS X 10_15_7) AppleWebKit/537.36 (KHTML, like Gecko) Chrome/131.0.0.0 Safari/537.36"
::1 - - [22/Aug/2026:07:42:10 +0800] "OPTIONS * HTTP/1.0" 200 110 "-" "Apache/2.4.68 (Ubuntu) OpenSSL/3.0.19 (internal dummy connection)"
18.117.75.156 - - [22/Aug/2026:07:42:10 +0800] "GET /cache/.env HTTP/1.1" 404 50836 "-" "Mozilla/5.0 (Macintosh; Intel Mac OS X 10_15_7) AppleWebKit/537.36 (KHTML, like Gecko) Chrome/131.0.0.0 Safari/537.36"
34.215.240.225 - - [22/Aug/2026:07:42:10 +0800] "GET /mongodb/.env HTTP/1.1" 404 54906 "-" "Mozilla/5.0 (Windows NT 10.0; Win64; x64) AppleWebKit/537.36 (KHTML, like Gecko) Chrome/131.0.0.0 Safari/537.36"
18.117.75.156 - - [22/Aug/2026:07:42:11 +0800] "GET /mailer/.env HTTP/1.1" 404 50836 "-" "Mozilla/5.0 (Macintosh; Intel Mac OS X 10_15_7) AppleWebKit/537.36 (KHTML, like Gecko) Chrome/131.0.0.0 Safari/537.36"
100.55.60.118 - - [22/Aug/2026:07:42:09 +0800] "GET /sbin/.env HTTP/1.1" 404 50089 "-" "Mozilla/5.0 (Windows NT 10.0; Win64; x64) AppleWebKit/537.36 (KHTML, like Gecko) Chrome/131.0.0.0 Safari/537.36"
::1 - - [22/Aug/2026:07:42:11 +0800] "OPTIONS * HTTP/1.0" 200 110 "-" "Apache/2.4.68 (Ubuntu) OpenSSL/3.0.19 (internal dummy connection)"
54.84.250.51 - - [22/Aug/2026:07:42:11 +0800] "GET /wp-content/uploads/sites/173/2019/09/?C=N;O%3DA HTTP/1.1" 200 1112 "-" "Mozilla/5.0 AppleWebKit/537.36 (KHTML, like Gecko; compatible; Amazonbot/0.1; +https://developer.amazon.com/support/amazonbot) Chrome/119.0.6045.214 Safari/537.36"
18.117.75.156 - - [22/Aug/2026:07:42:11 +0800] "GET /mail/.env HTTP/1.1" 404 50836 "-" "Mozilla/5.0 (Macintosh; Intel Mac OS X 10_15_7) AppleWebKit/537.36 (KHTML, like Gecko) Chrome/131.0.0.0 Safari/537.36"
34.215.240.225 - - [22/Aug/2026:07:42:11 +0800] "GET /redis/.env HTTP/1.1" 404 54906 "-" "Mozilla/5.0 (Windows NT 10.0; Win64; x64) AppleWebKit/537.36 (KHTML, like Gecko) Chrome/131.0.0.0 Safari/537.36"
2a03:2880:f802:3d:: - - [22/Aug/2026:07:42:10 +0800] "GET /wp-login.php?key=kdcps375&_wpnonce=&action=ilc_logout&redirect_to=https%3A%2F%2Fgame.edu.kg HTTP/1.1" 302 8248 "-" "Mozilla/5.0 (Windows NT 10.0; Win64; x64) AppleWebKit/537.36 (KHTML, like Gecko) Chrome/145.0.0.0 Safari/537.36 (compatible; meta-externalagent/1.1 (+https://developers.facebook.com/docs/sharing/webmasters/crawler))"
18.117.75.156 - - [22/Aug/2026:07:42:12 +0800] "GET /email/.env HTTP/1.1" 404 50836 "-" "Mozilla/5.0 (Macintosh; Intel Mac OS X 10_15_7) AppleWebKit/537.36 (KHTML, like Gecko) Chrome/131.0.0.0 Safari/537.36"
34.215.240.225 - - [22/Aug/2026:07:42:12 +0800] "GET /elasticsearch/.env HTTP/1.1" 404 54906 "-" "Mozilla/5.0 (Windows NT 10.0; Win64; x64) AppleWebKit/537.36 (KHTML, like Gecko) Chrome/131.0.0.0 Safari/537.36"
::1 - - [22/Aug/2026:07:42:12 +0800] "OPTIONS * HTTP/1.0" 200 110 "-" "Apache/2.4.68 (Ubuntu) OpenSSL/3.0.19 (internal dummy connection)"
18.117.75.156 - - [22/Aug/2026:07:42:12 +0800] "GET /smtp/.env HTTP/1.1" 404 50836 "-" "Mozilla/5.0 (Macintosh; Intel Mac OS X 10_15_7) AppleWebKit/537.36 (KHTML, like Gecko) Chrome/131.0.0.0 Safari/537.36"
2409:8770:2f0:651::107 - - [22/Aug/2026:07:42:09 +0800] "GET /wp-content/themes/oceanwp/assets/fonts/fontawesome/webfonts/fa-solid-900.woff2 HTTP/1.1" 200 151246 "https://ilta.ilc.edu.tw/wp-content/cache/ilta.ilc.edu.tw/wpfc-minified/7vo8n6iy/6wvk.css" "Mozilla/5.0 (Windows NT 10.0; Win64; x64) AppleWebKit/537.36 (KHTML, like Gecko) Chrome/144.0.0.0 Safari/537.36"
18.117.75.156 - - [22/Aug/2026:07:42:13 +0800] "GET /mailing/.env HTTP/1.1" 404 50836 "-" "Mozilla/5.0 (Macintosh; Intel Mac OS X 10_15_7) AppleWebKit/537.36 (KHTML, like Gecko) Chrome/131.0.0.0 Safari/537.36"
2001:288:a201::66:125 - - [22/Aug/2026:07:42:13 +0800] "GET /blog/active.php HTTP/1.1" 301 1026 "-" "-"
2001:288:a201::66:125 - - [22/Aug/2026:07:42:13 +0800] "GET /blog/active.php HTTP/1.1" 404 1084 "-" "-"
2407:4b00:4c0a:8944:964:78f0:fce6:43db - - [22/Aug/2026:07:42:13 +0800] "GET / HTTP/1.1" 200 20715 "-" "Mozilla/5.0 (Windows NT 10.0; Win64; x64) AppleWebKit/537.36 (KHTML, like Gecko) Chrome/151.0.0.0 Safari/537.36"
140.111.67.10 - - [22/Aug/2026:07:42:13 +0800] "GET /" 301 273 "-" "-"
2407:4b00:4c0a:8944:964:78f0:fce6:43db - - [22/Aug/2026:07:42:13 +0800] "GET / HTTP/1.1" 200 20715 "-" "Mozilla/5.0 (Windows NT 10.0; Win64; x64) AppleWebKit/537.36 (KHTML, like Gecko) Chrome/151.0.0.0 Safari/537.36"
34.215.240.225 - - [22/Aug/2026:07:42:12 +0800] "GET /rabbitmq/.env HTTP/1.1" 404 54906 "-" "Mozilla/5.0 (Windows NT 10.0; Win64; x64) AppleWebKit/537.36 (KHTML, like Gecko) Chrome/131.0.0.0 Safari/537.36"
2407:4b00:4c0a:8944:964:78f0:fce6:43db - - [22/Aug/2026:07:42:13 +0800] "GET /wp-content/cache/www.tces.ilc.edu.tw/wpfc-minified/dq16v0m2/77oe.css HTTP/1.1" 200 40884 "https://www.tces.ilc.edu.tw/" "Mozilla/5.0 (Windows NT 10.0; Win64; x64) AppleWebKit/537.36 (KHTML, like Gecko) Chrome/151.0.0.0 Safari/537.36"
2407:4b00:4c0a:8944:964:78f0:fce6:43db - - [22/Aug/2026:07:42:13 +0800] "GET /wp-content/cache/www.tces.ilc.edu.tw/wpfc-minified/9h424c7l/77oe.css HTTP/1.1" 200 1157 "https://www.tces.ilc.edu.tw/" "Mozilla/5.0 (Windows NT 10.0; Win64; x64) AppleWebKit/537.36 (KHTML, like Gecko) Chrome/151.0.0.0 Safari/537.36"
18.117.75.156 - - [22/Aug/2026:07:42:13 +0800] "GET /notifications/.env HTTP/1.1" 404 50836 "-" "Mozilla/5.0 (Macintosh; Intel Mac OS X 10_15_7) AppleWebKit/537.36 (KHTML, like Gecko) Chrome/131.0.0.0 Safari/537.36"
2407:4b00:4c0a:8944:964:78f0:fce6:43db - - [22/Aug/2026:07:42:13 +0800] "GET /wp-content/cache/www.tces.ilc.edu.tw/wpfc-minified/mcjcx99s/77oe.css HTTP/1.1" 200 87246 "https://www.tces.ilc.edu.tw/" "Mozilla/5.0 (Windows NT 10.0; Win64; x64) AppleWebKit/537.36 (KHTML, like Gecko) Chrome/151.0.0.0 Safari/537.36"
2407:4b00:4c0a:8944:964:78f0:fce6:43db - - [22/Aug/2026:07:42:13 +0800] "GET /wp-content/uploads/sites/449/elementor/css/post-617.css HTTP/1.1" 200 1607 "https://www.tces.ilc.edu.tw/" "Mozilla/5.0 (Windows NT 10.0; Win64; x64) AppleWebKit/537.36 (KHTML, like Gecko) Chrome/151.0.0.0 Safari/537.36"
2407:4b00:4c0a:8944:964:78f0:fce6:43db - - [22/Aug/2026:07:42:13 +0800] "GET /wp-content/cache/www.tces.ilc.edu.tw/wpfc-minified/8uavxyn0/77oe.css HTTP/1.1" 200 58865 "https://www.tces.ilc.edu.tw/" "Mozilla/5.0 (Windows NT 10.0; Win64; x64) AppleWebKit/537.36 (KHTML, like Gecko) Chrome/151.0.0.0 Safari/537.36"
2407:4b00:4c0a:8944:964:78f0:fce6:43db - - [22/Aug/2026:07:42:13 +0800] "GET /wp-content/cache/www.tces.ilc.edu.tw/wpfc-minified/k26jrcx2/77oe.js HTTP/1.1" 200 35557 "https://www.tces.ilc.edu.tw/" "Mozilla/5.0 (Windows NT 10.0; Win64; x64) AppleWebKit/537.36 (KHTML, like Gecko) Chrome/151.0.0.0 Safari/537.36"
2407:4b00:4c0a:8944:964:78f0:fce6:43db - - [22/Aug/2026:07:42:13 +0800] "GET /wp-content/uploads/sites/449/21820/21820-1360230.jpg HTTP/1.1" 200 9647 "https://www.tces.ilc.edu.tw/" "Mozilla/5.0 (Windows NT 10.0; Win64; x64) AppleWebKit/537.36 (KHTML, like Gecko) Chrome/151.0.0.0 Safari/537.36"
