216.73.216.20 - - [22/Aug/2026:07:44:35 +0800] "GET /6537/wp-json/wp/v2/posts/4982 HTTP/1.1" 200 9246 "-" "Mozilla/5.0 AppleWebKit/537.36 (KHTML, like Gecko; compatible; ClaudeBot/1.0; +claudebot@anthropic.com)"
34.171.68.95 - - [22/Aug/2026:07:44:35 +0800] "GET /?p=57 HTTP/1.1" 301 5825 "-" "Mozilla/5.0 (Macintosh; Intel Mac OS X 10_15_7) AppleWebKit/537.36 (KHTML, like Gecko) Chrome/120.0.0.0 Safari/537.36"
216.73.216.20 - - [22/Aug/2026:07:44:35 +0800] "GET /tsesgenderequality/wp-json/ HTTP/1.1" 200 258843 "-" "Mozilla/5.0 AppleWebKit/537.36 (KHTML, like Gecko; compatible; ClaudeBot/1.0; +claudebot@anthropic.com)"
216.73.216.20 - - [22/Aug/2026:07:44:35 +0800] "GET /6537/wp-json/wp/v2/posts/5218 HTTP/1.1" 200 7005 "-" "Mozilla/5.0 AppleWebKit/537.36 (KHTML, like Gecko; compatible; ClaudeBot/1.0; +claudebot@anthropic.com)"
216.73.216.20 - - [22/Aug/2026:07:44:35 +0800] "GET /4925/wp-json/wp/v2/posts/4885 HTTP/1.1" 200 4181 "-" "Mozilla/5.0 AppleWebKit/537.36 (KHTML, like Gecko; compatible; ClaudeBot/1.0; +claudebot@anthropic.com)"
216.73.216.20 - - [22/Aug/2026:07:44:35 +0800] "GET /6537/wp-json/wp/v2/posts/5252 HTTP/1.1" 200 7425 "-" "Mozilla/5.0 AppleWebKit/537.36 (KHTML, like Gecko; compatible; ClaudeBot/1.0; +claudebot@anthropic.com)"
216.73.216.20 - - [22/Aug/2026:07:44:35 +0800] "GET /4925/wp-json/wp/v2/posts/5017 HTTP/1.1" 200 6048 "-" "Mozilla/5.0 AppleWebKit/537.36 (KHTML, like Gecko; compatible; ClaudeBot/1.0; +claudebot@anthropic.com)"
216.73.216.20 - - [22/Aug/2026:07:44:36 +0800] "GET /1297/wp-json/wp/v2/posts/919 HTTP/1.1" 200 5807 "-" "Mozilla/5.0 AppleWebKit/537.36 (KHTML, like Gecko; compatible; ClaudeBot/1.0; +claudebot@anthropic.com)"
107.20.255.194 - - [22/Aug/2026:07:44:35 +0800] "GET /32745/wp-json/wp/v2/categories?post=97744 HTTP/1.1" 200 6680 "-" "Mozilla/5.0 AppleWebKit/537.36 (KHTML, like Gecko; compatible; Amazonbot/0.1; +https://developer.amazon.com/support/amazonbot) Chrome/119.0.6045.214 Safari/537.36"
216.73.216.20 - - [22/Aug/2026:07:44:36 +0800] "GET /6489/page/48/ HTTP/1.1" 200 28238 "-" "Mozilla/5.0 AppleWebKit/537.36 (KHTML, like Gecko; compatible; ClaudeBot/1.0; +claudebot@anthropic.com)"
65.215.60.193 - - [22/Aug/2026:07:44:36 +0800] "GET /daes501/wp-content/uploads/sites/3620/2024/09/LINE_ALBUM_1130118%E6%9C%9F%E6%9C%AB%E5%B0%8F%E6%97%85%E8%A1%8C_240902_15-768x576.jpg HTTP/1.1" 200 135118 "https://2blog.ilc.edu.tw/daes501/2024/01/18/%E6%9C%9F%E6%9C%AB%E5%B0%8F%E6%97%85%E8%A1%8C/" "Mozilla/5.0 (Macintosh; Intel Mac OS X 10_15_7) AppleWebKit/537.36 (KHTML, like Gecko) Chrome/131.0.0.0 Safari/537.36"
216.73.216.20 - - [22/Aug/2026:07:44:36 +0800] "GET /3642/wp-json/wp/v2/posts/2806 HTTP/1.1" 200 33107 "-" "Mozilla/5.0 AppleWebKit/537.36 (KHTML, like Gecko; compatible; ClaudeBot/1.0; +claudebot@anthropic.com)"
17.22.245.44 - - [22/Aug/2026:07:44:36 +0800] "GET /3288/2010/01/16/%e9%97%9c%e6%96%bc%e6%a9%a1%e7%9a%ae%e6%93%a6%e5%8d%b0%e7%ab%a0/ HTTP/1.1" 200 15141 "-" "Mozilla/5.0 (Macintosh; Intel Mac OS X 10_15_7) AppleWebKit/605.1.15 (KHTML, like Gecko) Version/17.4 Safari/605.1.15 (Applebot/0.1; +http://www.apple.com/go/applebot)"
216.73.216.20 - - [22/Aug/2026:07:44:36 +0800] "GET /1297/wp-json/wp/v2/posts/913 HTTP/1.1" 200 4998 "-" "Mozilla/5.0 AppleWebKit/537.36 (KHTML, like Gecko; compatible; ClaudeBot/1.0; +claudebot@anthropic.com)"
216.73.216.20 - - [22/Aug/2026:07:44:36 +0800] "GET /6537/wp-json/wp/v2/posts/5121 HTTP/1.1" 200 8753 "-" "Mozilla/5.0 AppleWebKit/537.36 (KHTML, like Gecko; compatible; ClaudeBot/1.0; +claudebot@anthropic.com)"
216.73.216.20 - - [22/Aug/2026:07:44:36 +0800] "GET /6537/wp-json/wp/v2/posts/4849 HTTP/1.1" 200 7475 "-" "Mozilla/5.0 AppleWebKit/537.36 (KHTML, like Gecko; compatible; ClaudeBot/1.0; +claudebot@anthropic.com)"
216.73.216.20 - - [22/Aug/2026:07:44:36 +0800] "GET /6537/wp-json/wp/v2/posts/5296 HTTP/1.1" 200 7003 "-" "Mozilla/5.0 AppleWebKit/537.36 (KHTML, like Gecko; compatible; ClaudeBot/1.0; +claudebot@anthropic.com)"
216.73.216.20 - - [22/Aug/2026:07:44:36 +0800] "GET /6537/wp-json/wp/v2/posts/4795 HTTP/1.1" 200 6945 "-" "Mozilla/5.0 AppleWebKit/537.36 (KHTML, like Gecko; compatible; ClaudeBot/1.0; +claudebot@anthropic.com)"
216.73.216.20 - - [22/Aug/2026:07:44:36 +0800] "GET /1297/wp-json/wp/v2/posts/687 HTTP/1.1" 200 12005 "-" "Mozilla/5.0 AppleWebKit/537.36 (KHTML, like Gecko; compatible; ClaudeBot/1.0; +claudebot@anthropic.com)"
216.73.216.20 - - [22/Aug/2026:07:44:36 +0800] "GET /6537/wp-json/wp/v2/posts/4933 HTTP/1.1" 200 7409 "-" "Mozilla/5.0 AppleWebKit/537.36 (KHTML, like Gecko; compatible; ClaudeBot/1.0; +claudebot@anthropic.com)"
216.73.216.20 - - [22/Aug/2026:07:44:36 +0800] "GET /6537/wp-json/wp/v2/posts/5260 HTTP/1.1" 200 9506 "-" "Mozilla/5.0 AppleWebKit/537.36 (KHTML, like Gecko; compatible; ClaudeBot/1.0; +claudebot@anthropic.com)"
216.73.216.20 - - [22/Aug/2026:07:44:37 +0800] "GET /6537/wp-json/wp/v2/posts/4899 HTTP/1.1" 200 6909 "-" "Mozilla/5.0 AppleWebKit/537.36 (KHTML, like Gecko; compatible; ClaudeBot/1.0; +claudebot@anthropic.com)"
216.73.216.20 - - [22/Aug/2026:07:44:37 +0800] "GET /43042/wp-json/wp/v2/posts/302 HTTP/1.1" 200 6723 "-" "Mozilla/5.0 AppleWebKit/537.36 (KHTML, like Gecko; compatible; ClaudeBot/1.0; +claudebot@anthropic.com)"
85.208.96.212 - - [22/Aug/2026:07:44:37 +0800] "GET /3860/2012/03/05/%E5%85%8D%E9%8C%A2%E8%B4%88%E9%80%81%E8%8E%8A%E6%96%87%E9%BE%8D%E5%8F%B0%E8%AA%9E%E8%A9%A9%E9%9F%BB%E8%A1%A8/ HTTP/1.1" 200 31199 "-" "Mozilla/5.0 (compatible; SemrushBot/7~bl; +http://www.semrush.com/bot.html)"
216.73.216.20 - - [22/Aug/2026:07:44:37 +0800] "GET /6537/wp-json/wp/v2/posts/4898 HTTP/1.1" 200 6805 "-" "Mozilla/5.0 AppleWebKit/537.36 (KHTML, like Gecko; compatible; ClaudeBot/1.0; +claudebot@anthropic.com)"
216.73.216.20 - - [22/Aug/2026:07:44:37 +0800] "GET /3642/wp-json/wp/v2/posts/1671 HTTP/1.1" 200 25352 "-" "Mozilla/5.0 AppleWebKit/537.36 (KHTML, like Gecko; compatible; ClaudeBot/1.0; +claudebot@anthropic.com)"
100.55.60.118 - - [22/Aug/2026:07:44:35 +0800] "GET /postmark/.env HTTP/1.1" 404 54891 "-" "Mozilla/5.0 (Windows NT 10.0; Win64; x64) AppleWebKit/537.36 (KHTML, like Gecko) Chrome/131.0.0.0 Safari/537.36"
216.73.216.20 - - [22/Aug/2026:07:44:37 +0800] "GET /1297/wp-json/wp/v2/posts/675 HTTP/1.1" 200 4132 "-" "Mozilla/5.0 AppleWebKit/537.36 (KHTML, like Gecko; compatible; ClaudeBot/1.0; +claudebot@anthropic.com)"
216.73.216.20 - - [22/Aug/2026:07:44:37 +0800] "GET /6537/wp-json/wp/v2/posts/4846 HTTP/1.1" 200 7466 "-" "Mozilla/5.0 AppleWebKit/537.36 (KHTML, like Gecko; compatible; ClaudeBot/1.0; +claudebot@anthropic.com)"
216.73.216.20 - - [22/Aug/2026:07:44:37 +0800] "GET /6537/wp-json/wp/v2/posts/4986 HTTP/1.1" 200 10562 "-" "Mozilla/5.0 AppleWebKit/537.36 (KHTML, like Gecko; compatible; ClaudeBot/1.0; +claudebot@anthropic.com)"
2001:288:a201::66:125 - - [22/Aug/2026:07:44:38 +0800] "GET /blog/active.php HTTP/1.1" 301 1026 "-" "-"
216.73.216.20 - - [22/Aug/2026:07:44:37 +0800] "GET /6537/wp-json/wp/v2/posts/4977 HTTP/1.1" 200 10277 "-" "Mozilla/5.0 AppleWebKit/537.36 (KHTML, like Gecko; compatible; ClaudeBot/1.0; +claudebot@anthropic.com)"
2001:288:a201::66:125 - - [22/Aug/2026:07:44:38 +0800] "GET /blog/active.php HTTP/1.1" 404 1084 "-" "-"
216.73.216.20 - - [22/Aug/2026:07:44:37 +0800] "GET /6537/wp-json/wp/v2/posts/5103 HTTP/1.1" 200 11779 "-" "Mozilla/5.0 AppleWebKit/537.36 (KHTML, like Gecko; compatible; ClaudeBot/1.0; +claudebot@anthropic.com)"
216.73.216.20 - - [22/Aug/2026:07:44:37 +0800] "GET /3642/wp-json/wp/v2/posts/2865 HTTP/1.1" 200 25971 "-" "Mozilla/5.0 AppleWebKit/537.36 (KHTML, like Gecko; compatible; ClaudeBot/1.0; +claudebot@anthropic.com)"
216.73.216.20 - - [22/Aug/2026:07:44:37 +0800] "GET /6537/wp-json/wp/v2/posts/4848 HTTP/1.1" 200 7816 "-" "Mozilla/5.0 AppleWebKit/537.36 (KHTML, like Gecko; compatible; ClaudeBot/1.0; +claudebot@anthropic.com)"
140.111.67.10 - - [22/Aug/2026:07:44:38 +0800] "GET /" 301 273 "-" "-"
216.73.216.20 - - [22/Aug/2026:07:44:38 +0800] "GET /6325/wp-json/wp/v2/posts/20861 HTTP/1.1" 200 3926 "-" "Mozilla/5.0 AppleWebKit/537.36 (KHTML, like Gecko; compatible; ClaudeBot/1.0; +claudebot@anthropic.com)"
216.73.216.20 - - [22/Aug/2026:07:44:38 +0800] "GET /19761/wp-json/wp/v2/posts/77 HTTP/1.1" 200 9548 "-" "Mozilla/5.0 AppleWebKit/537.36 (KHTML, like Gecko; compatible; ClaudeBot/1.0; +claudebot@anthropic.com)"
216.73.216.20 - - [22/Aug/2026:07:44:38 +0800] "GET /6448/page/7/ HTTP/1.1" 200 11003 "-" "Mozilla/5.0 AppleWebKit/537.36 (KHTML, like Gecko; compatible; ClaudeBot/1.0; +claudebot@anthropic.com)"
216.73.216.20 - - [22/Aug/2026:07:44:38 +0800] "GET /6537/wp-json/wp/v2/posts/4853 HTTP/1.1" 200 7717 "-" "Mozilla/5.0 AppleWebKit/537.36 (KHTML, like Gecko; compatible; ClaudeBot/1.0; +claudebot@anthropic.com)"
216.73.216.20 - - [22/Aug/2026:07:44:38 +0800] "GET /6537/wp-json/wp/v2/posts/4828 HTTP/1.1" 200 8567 "-" "Mozilla/5.0 AppleWebKit/537.36 (KHTML, like Gecko; compatible; ClaudeBot/1.0; +claudebot@anthropic.com)"
216.73.216.20 - - [22/Aug/2026:07:44:38 +0800] "GET /25222/wp-json/wp/v2/posts/982 HTTP/1.1" 200 16747 "-" "Mozilla/5.0 AppleWebKit/537.36 (KHTML, like Gecko; compatible; ClaudeBot/1.0; +claudebot@anthropic.com)"
216.73.216.20 - - [22/Aug/2026:07:44:38 +0800] "GET /6537/wp-json/wp/v2/posts/4822 HTTP/1.1" 200 10107 "-" "Mozilla/5.0 AppleWebKit/537.36 (KHTML, like Gecko; compatible; ClaudeBot/1.0; +claudebot@anthropic.com)"
::1 - - [22/Aug/2026:07:44:38 +0800] "OPTIONS * HTTP/1.0" 200 110 "-" "Apache/2.4.68 (Ubuntu) OpenSSL/3.0.19 (internal dummy connection)"
216.73.216.20 - - [22/Aug/2026:07:44:38 +0800] "GET /6537/wp-json/wp/v2/posts/4874 HTTP/1.1" 200 6969 "-" "Mozilla/5.0 AppleWebKit/537.36 (KHTML, like Gecko; compatible; ClaudeBot/1.0; +claudebot@anthropic.com)"
216.73.216.20 - - [22/Aug/2026:07:44:38 +0800] "GET /6537/wp-json/wp/v2/posts/5334 HTTP/1.1" 200 7672 "-" "Mozilla/5.0 AppleWebKit/537.36 (KHTML, like Gecko; compatible; ClaudeBot/1.0; +claudebot@anthropic.com)"
216.73.216.20 - - [22/Aug/2026:07:44:39 +0800] "GET /72/?p=511 HTTP/1.1" 301 905 "-" "Mozilla/5.0 AppleWebKit/537.36 (KHTML, like Gecko; compatible; ClaudeBot/1.0; +claudebot@anthropic.com)"
216.73.216.20 - - [22/Aug/2026:07:44:38 +0800] "GET /6537/wp-json/wp/v2/posts/4980 HTTP/1.1" 200 7584 "-" "Mozilla/5.0 AppleWebKit/537.36 (KHTML, like Gecko; compatible; ClaudeBot/1.0; +claudebot@anthropic.com)"
216.73.216.20 - - [22/Aug/2026:07:44:39 +0800] "GET /6537/wp-json/wp/v2/posts/4944 HTTP/1.1" 200 8977 "-" "Mozilla/5.0 AppleWebKit/537.36 (KHTML, like Gecko; compatible; ClaudeBot/1.0; +claudebot@anthropic.com)"
216.73.216.20 - - [22/Aug/2026:07:44:39 +0800] "GET /72/2006/01/18/%e5%8b%95%e5%8b%95%e4%bd%a0%e7%9a%84%e8%85%a6%e8%a2%8b-%ef%bd%9e%ef%bd%9e%e9%80%a3%e9%97%96%e4%b8%89%e9%97%9c%e6%9c%80%e5%8e%b2%e5%ae%b3%ef%bc%81/ HTTP/1.1" 200 9836 "https://2blog.ilc.edu.tw/72/?p=511" "Mozilla/5.0 AppleWebKit/537.36 (KHTML, like Gecko; compatible; ClaudeBot/1.0; +claudebot@anthropic.com)"
216.73.216.20 - - [22/Aug/2026:07:44:39 +0800] "GET /6537/wp-json/wp/v2/posts/5154 HTTP/1.1" 200 8264 "-" "Mozilla/5.0 AppleWebKit/537.36 (KHTML, like Gecko; compatible; ClaudeBot/1.0; +claudebot@anthropic.com)"
216.73.216.20 - - [22/Aug/2026:07:44:39 +0800] "GET /6537/wp-json/wp/v2/posts/5162 HTTP/1.1" 200 9370 "-" "Mozilla/5.0 AppleWebKit/537.36 (KHTML, like Gecko; compatible; ClaudeBot/1.0; +claudebot@anthropic.com)"
216.73.216.20 - - [22/Aug/2026:07:44:39 +0800] "GET /6418/page/32/ HTTP/1.1" 200 11209 "-" "Mozilla/5.0 AppleWebKit/537.36 (KHTML, like Gecko; compatible; ClaudeBot/1.0; +claudebot@anthropic.com)"
54.87.62.248 - - [22/Aug/2026:07:44:39 +0800] "GET /wp-content/uploads/sites/847/6483/previews/6483-1217010.gif HTTP/1.1" 200 10292 "-" "Mozilla/5.0 AppleWebKit/537.36 (KHTML, like Gecko; compatible; Amazonbot/0.1; +https://developer.amazon.com/support/amazonbot) Chrome/119.0.6045.214 Safari/537.36"
216.73.216.20 - - [22/Aug/2026:07:44:39 +0800] "GET /6537/wp-json/wp/v2/posts/5155 HTTP/1.1" 200 12774 "-" "Mozilla/5.0 AppleWebKit/537.36 (KHTML, like Gecko; compatible; ClaudeBot/1.0; +claudebot@anthropic.com)"
216.73.216.20 - - [22/Aug/2026:07:44:39 +0800] "GET /6537/wp-json/wp/v2/posts/4989 HTTP/1.1" 200 7199 "-" "Mozilla/5.0 AppleWebKit/537.36 (KHTML, like Gecko; compatible; ClaudeBot/1.0; +claudebot@anthropic.com)"
185.191.171.19 - - [22/Aug/2026:07:44:39 +0800] "GET /daes501/2024/04/ HTTP/1.1" 200 20468 "-" "Mozilla/5.0 (compatible; SemrushBot/7~bl; +http://www.semrush.com/bot.html)"
216.73.216.20 - - [22/Aug/2026:07:44:39 +0800] "GET /6537/wp-json/wp/v2/posts/5016 HTTP/1.1" 200 11274 "-" "Mozilla/5.0 AppleWebKit/537.36 (KHTML, like Gecko; compatible; ClaudeBot/1.0; +claudebot@anthropic.com)"
::1 - - [22/Aug/2026:07:44:39 +0800] "OPTIONS * HTTP/1.0" 200 110 "-" "Apache/2.4.68 (Ubuntu) OpenSSL/3.0.19 (internal dummy connection)"
216.73.216.20 - - [22/Aug/2026:07:44:39 +0800] "GET /general01/author/ujames/feed/ HTTP/1.1" 200 3971 "-" "Mozilla/5.0 AppleWebKit/537.36 (KHTML, like Gecko; compatible; ClaudeBot/1.0; +claudebot@anthropic.com)"
216.73.216.20 - - [22/Aug/2026:07:44:39 +0800] "GET /6537/wp-json/wp/v2/posts/4940 HTTP/1.1" 200 7332 "-" "Mozilla/5.0 AppleWebKit/537.36 (KHTML, like Gecko; compatible; ClaudeBot/1.0; +claudebot@anthropic.com)"
216.73.216.20 - - [22/Aug/2026:07:44:39 +0800] "GET /6537/wp-json/wp/v2/posts/4785 HTTP/1.1" 200 9099 "-" "Mozilla/5.0 AppleWebKit/537.36 (KHTML, like Gecko; compatible; ClaudeBot/1.0; +claudebot@anthropic.com)"
216.73.216.20 - - [22/Aug/2026:07:44:40 +0800] "GET /36393/wp-json/wp/v2/posts/57 HTTP/1.1" 200 12918 "-" "Mozilla/5.0 AppleWebKit/537.36 (KHTML, like Gecko; compatible; ClaudeBot/1.0; +claudebot@anthropic.com)"
216.73.216.20 - - [22/Aug/2026:07:44:40 +0800] "GET /6537/wp-json/wp/v2/posts/4983 HTTP/1.1" 200 15045 "-" "Mozilla/5.0 AppleWebKit/537.36 (KHTML, like Gecko; compatible; ClaudeBot/1.0; +claudebot@anthropic.com)"
216.73.216.20 - - [22/Aug/2026:07:44:40 +0800] "GET /3642/wp-json/wp/v2/posts/2907 HTTP/1.1" 200 52889 "-" "Mozilla/5.0 AppleWebKit/537.36 (KHTML, like Gecko; compatible; ClaudeBot/1.0; +claudebot@anthropic.com)"
216.73.216.20 - - [22/Aug/2026:07:44:40 +0800] "GET /6567/page/30/ HTTP/1.1" 200 10677 "-" "Mozilla/5.0 AppleWebKit/537.36 (KHTML, like Gecko; compatible; ClaudeBot/1.0; +claudebot@anthropic.com)"
216.73.216.20 - - [22/Aug/2026:07:44:40 +0800] "GET /6537/wp-json/wp/v2/posts/4847 HTTP/1.1" 200 6987 "-" "Mozilla/5.0 AppleWebKit/537.36 (KHTML, like Gecko; compatible; ClaudeBot/1.0; +claudebot@anthropic.com)"
216.73.216.20 - - [22/Aug/2026:07:44:40 +0800] "GET /6537/wp-json/wp/v2/posts/4835 HTTP/1.1" 200 7068 "-" "Mozilla/5.0 AppleWebKit/537.36 (KHTML, like Gecko; compatible; ClaudeBot/1.0; +claudebot@anthropic.com)"
216.73.216.20 - - [22/Aug/2026:07:44:40 +0800] "GET /6325/page/135/ HTTP/1.1" 200 11655 "-" "Mozilla/5.0 AppleWebKit/537.36 (KHTML, like Gecko; compatible; ClaudeBot/1.0; +claudebot@anthropic.com)"
216.73.216.20 - - [22/Aug/2026:07:44:40 +0800] "GET /6537/wp-json/wp/v2/posts/4852 HTTP/1.1" 200 11852 "-" "Mozilla/5.0 AppleWebKit/537.36 (KHTML, like Gecko; compatible; ClaudeBot/1.0; +claudebot@anthropic.com)"
240e:971:6000:1::6c - - [22/Aug/2026:07:44:40 +0800] "GET /6472/2014/11 HTTP/1.1" 301 5763 "-" "Mozilla/5.0 (Windows NT 10.0; Win64; x64) AppleWebKit/537.36 (KHTML, like Gecko) Chrome/144.0.0.0 Safari/537.36"
216.73.216.20 - - [22/Aug/2026:07:44:40 +0800] "GET /6537/wp-json/wp/v2/posts/4850 HTTP/1.1" 200 7451 "-" "Mozilla/5.0 AppleWebKit/537.36 (KHTML, like Gecko; compatible; ClaudeBot/1.0; +claudebot@anthropic.com)"
2408:862e:ff:ff0d::1108 - - [22/Aug/2026:07:44:40 +0800] "GET /cges103/2021/04 HTTP/1.1" 301 5740 "-" "Mozilla/5.0 (Windows NT 10.0; Win64; x64) AppleWebKit/537.36 (KHTML, like Gecko) Chrome/144.0.0.0 Safari/537.36"
216.73.216.20 - - [22/Aug/2026:07:44:40 +0800] "GET /6537/wp-json/wp/v2/posts/4965 HTTP/1.1" 200 16104 "-" "Mozilla/5.0 AppleWebKit/537.36 (KHTML, like Gecko; compatible; ClaudeBot/1.0; +claudebot@anthropic.com)"
2408:862e:ff:ff0d::1106 - - [22/Aug/2026:07:44:40 +0800] "GET /5315?cat=97&paged=2 HTTP/1.1" 301 5744 "-" "Mozilla/5.0 (Windows NT 10.0; Win64; x64) AppleWebKit/537.36 (KHTML, like Gecko) Chrome/144.0.0.0 Safari/537.36"
216.73.216.20 - - [22/Aug/2026:07:44:40 +0800] "GET /6537/wp-json/wp/v2/posts/4840 HTTP/1.1" 200 18111 "-" "Mozilla/5.0 AppleWebKit/537.36 (KHTML, like Gecko; compatible; ClaudeBot/1.0; +claudebot@anthropic.com)"
2408:862e:ff:ff0d::1108 - - [22/Aug/2026:07:44:41 +0800] "GET /cges103/2021/04/ HTTP/1.1" 200 10485 "-" "Mozilla/5.0 (Windows NT 10.0; Win64; x64) AppleWebKit/537.36 (KHTML, like Gecko) Chrome/144.0.0.0 Safari/537.36"
216.73.216.20 - - [22/Aug/2026:07:44:41 +0800] "GET /3642/wp-json/wp/v2/posts/2909 HTTP/1.1" 200 11072 "-" "Mozilla/5.0 AppleWebKit/537.36 (KHTML, like Gecko; compatible; ClaudeBot/1.0; +claudebot@anthropic.com)"
240e:971:6000:1::6c - - [22/Aug/2026:07:44:41 +0800] "GET /6472/2014/11/ HTTP/1.1" 200 11345 "-" "Mozilla/5.0 (Windows NT 10.0; Win64; x64) AppleWebKit/537.36 (KHTML, like Gecko) Chrome/144.0.0.0 Safari/537.36"
216.73.216.20 - - [22/Aug/2026:07:44:41 +0800] "GET /6537/wp-json/wp/v2/posts/4879 HTTP/1.1" 200 6984 "-" "Mozilla/5.0 AppleWebKit/537.36 (KHTML, like Gecko; compatible; ClaudeBot/1.0; +claudebot@anthropic.com)"
216.73.216.20 - - [22/Aug/2026:07:44:41 +0800] "GET /6448/wp-json/wp/v2/posts/4696 HTTP/1.1" 200 3634 "-" "Mozilla/5.0 AppleWebKit/537.36 (KHTML, like Gecko; compatible; ClaudeBot/1.0; +claudebot@anthropic.com)"
216.73.216.20 - - [22/Aug/2026:07:44:41 +0800] "GET /6537/wp-json/wp/v2/posts/4891 HTTP/1.1" 200 8244 "-" "Mozilla/5.0 AppleWebKit/537.36 (KHTML, like Gecko; compatible; ClaudeBot/1.0; +claudebot@anthropic.com)"
216.73.216.20 - - [22/Aug/2026:07:44:41 +0800] "GET /6567/page/29/ HTTP/1.1" 200 11051 "-" "Mozilla/5.0 AppleWebKit/537.36 (KHTML, like Gecko; compatible; ClaudeBot/1.0; +claudebot@anthropic.com)"
2408:862e:ff:ff0d::1108 - - [22/Aug/2026:07:44:41 +0800] "GET /cges103/wp-content/cache/2blog.ilc.edu.tw/wpfc-minified/2ri5ipse/6ad6t.css HTTP/1.1" 200 40891 "https://2blog.ilc.edu.tw/cges103/2021/04/" "Mozilla/5.0 (Windows NT 10.0; Win64; x64) AppleWebKit/537.36 (KHTML, like Gecko) Chrome/144.0.0.0 Safari/537.36"
240e:971:6000:1::6c - - [22/Aug/2026:07:44:41 +0800] "GET /6472/wp-content/cache/2blog.ilc.edu.tw/wpfc-minified/lpp3zd49/88j1u.css HTTP/1.1" 200 40886 "https://2blog.ilc.edu.tw/6472/2014/11/" "Mozilla/5.0 (Windows NT 10.0; Win64; x64) AppleWebKit/537.36 (KHTML, like Gecko) Chrome/144.0.0.0 Safari/537.36"
216.73.216.20 - - [22/Aug/2026:07:44:41 +0800] "GET /6537/wp-json/wp/v2/posts/4789 HTTP/1.1" 200 6943 "-" "Mozilla/5.0 AppleWebKit/537.36 (KHTML, like Gecko; compatible; ClaudeBot/1.0; +claudebot@anthropic.com)"
2408:862e:ff:ff0d::1106 - - [22/Aug/2026:07:44:41 +0800] "GET /5315/?cat=97&paged=2 HTTP/1.1" 200 11629 "-" "Mozilla/5.0 (Windows NT 10.0; Win64; x64) AppleWebKit/537.36 (KHTML, like Gecko) Chrome/144.0.0.0 Safari/537.36"
216.73.216.20 - - [22/Aug/2026:07:44:41 +0800] "GET /6537/wp-json/wp/v2/posts/4845 HTTP/1.1" 200 7494 "-" "Mozilla/5.0 AppleWebKit/537.36 (KHTML, like Gecko; compatible; ClaudeBot/1.0; +claudebot@anthropic.com)"
216.73.216.20 - - [22/Aug/2026:07:44:41 +0800] "GET /6537/wp-json/wp/v2/posts/4976 HTTP/1.1" 200 8430 "-" "Mozilla/5.0 AppleWebKit/537.36 (KHTML, like Gecko; compatible; ClaudeBot/1.0; +claudebot@anthropic.com)"
216.73.216.20 - - [22/Aug/2026:07:44:41 +0800] "GET /6325/2022/05/ HTTP/1.1" 200 10661 "-" "Mozilla/5.0 AppleWebKit/537.36 (KHTML, like Gecko; compatible; ClaudeBot/1.0; +claudebot@anthropic.com)"
23.94.242.8 - - [22/Aug/2026:07:44:41 +0800] "GET /355/wp-content/uploads/sites/2571/2022/01/S__59899933-1536x1023.jpg HTTP/1.1" 200 132588 "https://2blog.ilc.edu.tw/355/" "Mozilla/5.0 (Macintosh; Intel Mac OS X 10_15_7) AppleWebKit/537.36 (KHTML, like Gecko) Chrome/131.0.0.0 Safari/537.36"
216.73.216.20 - - [22/Aug/2026:07:44:41 +0800] "GET /6537/wp-json/wp/v2/posts/4889 HTTP/1.1" 200 11378 "-" "Mozilla/5.0 AppleWebKit/537.36 (KHTML, like Gecko; compatible; ClaudeBot/1.0; +claudebot@anthropic.com)"
216.73.216.20 - - [22/Aug/2026:07:44:42 +0800] "GET /robots.txt HTTP/1.1" 200 5546 "-" "Mozilla/5.0 AppleWebKit/537.36 (KHTML, like Gecko; compatible; ClaudeBot/1.0; +claudebot@anthropic.com)"
31.57.193.168 - - [22/Aug/2026:07:44:41 +0800] "GET /daes501/wp-content/uploads/sites/3620/2024/09/LINE_ALBUM_1130118%E6%9C%9F%E6%9C%AB%E5%B0%8F%E6%97%85%E8%A1%8C_240902_20-1024x768.jpg HTTP/1.1" 200 144819 "https://2blog.ilc.edu.tw/daes501/2024/01/18/%E6%9C%9F%E6%9C%AB%E5%B0%8F%E6%97%85%E8%A1%8C/" "Mozilla/5.0 (Macintosh; Intel Mac OS X 10_15_7) AppleWebKit/537.36 (KHTML, like Gecko) Chrome/131.0.0.0 Safari/537.36"
216.73.216.20 - - [22/Aug/2026:07:44:41 +0800] "GET /6448/wp-json/wp/v2/posts/4685 HTTP/1.1" 200 4864 "-" "Mozilla/5.0 AppleWebKit/537.36 (KHTML, like Gecko; compatible; ClaudeBot/1.0; +claudebot@anthropic.com)"
2408:862e:ff:ff0d::1108 - - [22/Aug/2026:07:44:42 +0800] "GET /cges103/wp-content/cache/2blog.ilc.edu.tw/wpfc-minified/f40fqkf1/6ad6t.css HTTP/1.1" 200 15980 "https://2blog.ilc.edu.tw/cges103/2021/04/" "Mozilla/5.0 (Windows NT 10.0; Win64; x64) AppleWebKit/537.36 (KHTML, like Gecko) Chrome/144.0.0.0 Safari/537.36"
216.73.216.20 - - [22/Aug/2026:07:44:42 +0800] "GET /6537/wp-json/wp/v2/posts/5129 HTTP/1.1" 200 12038 "-" "Mozilla/5.0 AppleWebKit/537.36 (KHTML, like Gecko; compatible; ClaudeBot/1.0; +claudebot@anthropic.com)"
240e:971:6000:1::6c - - [22/Aug/2026:07:44:42 +0800] "GET /6472/wp-content/cache/2blog.ilc.edu.tw/wpfc-minified/e5usvt4x/88j1u.css HTTP/1.1" 200 15782 "https://2blog.ilc.edu.tw/6472/2014/11/" "Mozilla/5.0 (Windows NT 10.0; Win64; x64) AppleWebKit/537.36 (KHTML, like Gecko) Chrome/144.0.0.0 Safari/537.36"
216.73.216.20 - - [22/Aug/2026:07:44:42 +0800] "GET /43042/wp-json/wp/v2/posts/307 HTTP/1.1" 200 6894 "-" "Mozilla/5.0 AppleWebKit/537.36 (KHTML, like Gecko; compatible; ClaudeBot/1.0; +claudebot@anthropic.com)"
216.73.216.20 - - [22/Aug/2026:07:44:42 +0800] "GET /1297/wp-json/wp/v2/posts/622 HTTP/1.1" 200 12710 "-" "Mozilla/5.0 AppleWebKit/537.36 (KHTML, like Gecko; compatible; ClaudeBot/1.0; +claudebot@anthropic.com)"
216.73.216.20 - - [22/Aug/2026:07:44:42 +0800] "GET /1297/wp-json/wp/v2/posts/551 HTTP/1.1" 200 4431 "-" "Mozilla/5.0 AppleWebKit/537.36 (KHTML, like Gecko; compatible; ClaudeBot/1.0; +claudebot@anthropic.com)"
216.73.216.20 - - [22/Aug/2026:07:44:42 +0800] "GET /6537/wp-json/wp/v2/posts/5202 HTTP/1.1" 200 10999 "-" "Mozilla/5.0 AppleWebKit/537.36 (KHTML, like Gecko; compatible; ClaudeBot/1.0; +claudebot@anthropic.com)"
240e:971:6000:1::6c - - [22/Aug/2026:07:44:42 +0800] "GET /6472/wp-includes/js/imagesloaded.min.js HTTP/1.1" 200 2683 "https://2blog.ilc.edu.tw/6472/2014/11/" "Mozilla/5.0 (Windows NT 10.0; Win64; x64) AppleWebKit/537.36 (KHTML, like Gecko) Chrome/144.0.0.0 Safari/537.36"
216.73.216.20 - - [22/Aug/2026:07:44:42 +0800] "GET /19761/wp-json/wp/v2/posts/33 HTTP/1.1" 200 5386 "-" "Mozilla/5.0 AppleWebKit/537.36 (KHTML, like Gecko; compatible; ClaudeBot/1.0; +claudebot@anthropic.com)"
216.73.216.20 - - [22/Aug/2026:07:44:42 +0800] "GET /1297/wp-json/wp/v2/posts/589 HTTP/1.1" 200 4299 "-" "Mozilla/5.0 AppleWebKit/537.36 (KHTML, like Gecko; compatible; ClaudeBot/1.0; +claudebot@anthropic.com)"
216.73.216.20 - - [22/Aug/2026:07:44:42 +0800] "GET /19761/wp-json/wp/v2/posts/73 HTTP/1.1" 200 7096 "-" "Mozilla/5.0 AppleWebKit/537.36 (KHTML, like Gecko; compatible; ClaudeBot/1.0; +claudebot@anthropic.com)"
::1 - - [22/Aug/2026:07:44:42 +0800] "OPTIONS * HTTP/1.0" 200 110 "-" "Apache/2.4.68 (Ubuntu) OpenSSL/3.0.19 (internal dummy connection)"
240e:971:6000:1::6c - - [22/Aug/2026:07:44:43 +0800] "GET /6472/wp-content/themes/oceanwp/assets/js/vendors/magnific-popup.min.js HTTP/1.1" 200 8270 "https://2blog.ilc.edu.tw/6472/2014/11/" "Mozilla/5.0 (Windows NT 10.0; Win64; x64) AppleWebKit/537.36 (KHTML, like Gecko) Chrome/144.0.0.0 Safari/537.36"
216.73.216.20 - - [22/Aug/2026:07:44:42 +0800] "GET /6489/page/8/ HTTP/1.1" 200 38461 "-" "Mozilla/5.0 AppleWebKit/537.36 (KHTML, like Gecko; compatible; ClaudeBot/1.0; +claudebot@anthropic.com)"
216.73.216.20 - - [22/Aug/2026:07:44:42 +0800] "GET /43042/wp-json/wp/v2/posts/320 HTTP/1.1" 200 5705 "-" "Mozilla/5.0 AppleWebKit/537.36 (KHTML, like Gecko; compatible; ClaudeBot/1.0; +claudebot@anthropic.com)"
2001:288:a201::66:125 - - [22/Aug/2026:07:44:43 +0800] "GET /blog/active.php HTTP/1.1" 301 1026 "-" "-"
2001:288:a201::66:125 - - [22/Aug/2026:07:44:43 +0800] "GET /blog/active.php HTTP/1.1" 404 5511 "-" "-"
216.73.216.20 - - [22/Aug/2026:07:44:42 +0800] "GET /43042/wp-json/wp/v2/posts/313 HTTP/1.1" 200 7625 "-" "Mozilla/5.0 AppleWebKit/537.36 (KHTML, like Gecko; compatible; ClaudeBot/1.0; +claudebot@anthropic.com)"
42.79.140.57 - - [22/Aug/2026:07:44:43 +0800] "GET / HTTP/1.1" 200 24669 "-" "Mozilla/5.0 (iPhone; CPU iPhone OS 18_3_2 like Mac OS X) AppleWebKit/605.1.15 (KHTML, like Gecko) Version/18.3.1 Mobile/15E148 Safari/604.1"
2408:862e:ff:ff0d::1106 - - [22/Aug/2026:07:44:43 +0800] "GET /5315/wp-includes/css/dashicons.min.css HTTP/1.1" 200 36736 "https://2blog.ilc.edu.tw/5315/?cat=97&paged=2" "Mozilla/5.0 (Windows NT 10.0; Win64; x64) AppleWebKit/537.36 (KHTML, like Gecko) Chrome/144.0.0.0 Safari/537.36"
216.73.216.20 - - [22/Aug/2026:07:44:43 +0800] "GET /6537/wp-json/wp/v2/posts/5233 HTTP/1.1" 200 8178 "-" "Mozilla/5.0 AppleWebKit/537.36 (KHTML, like Gecko; compatible; ClaudeBot/1.0; +claudebot@anthropic.com)"
140.111.67.10 - - [22/Aug/2026:07:44:43 +0800] "GET /" 301 273 "-" "-"
216.73.216.20 - - [22/Aug/2026:07:44:43 +0800] "GET /526/page/29/ HTTP/1.1" 200 32559 "-" "Mozilla/5.0 AppleWebKit/537.36 (KHTML, like Gecko; compatible; ClaudeBot/1.0; +claudebot@anthropic.com)"
216.73.216.20 - - [22/Aug/2026:07:44:43 +0800] "GET /19761/wp-json/wp/v2/posts/5 HTTP/1.1" 200 10425 "-" "Mozilla/5.0 AppleWebKit/537.36 (KHTML, like Gecko; compatible; ClaudeBot/1.0; +claudebot@anthropic.com)"
216.73.216.20 - - [22/Aug/2026:07:44:43 +0800] "GET /6537/wp-json/wp/v2/posts/5083 HTTP/1.1" 200 10053 "-" "Mozilla/5.0 AppleWebKit/537.36 (KHTML, like Gecko; compatible; ClaudeBot/1.0; +claudebot@anthropic.com)"
216.73.216.20 - - [22/Aug/2026:07:44:43 +0800] "GET /6325/2022/03/ HTTP/1.1" 200 9984 "-" "Mozilla/5.0 AppleWebKit/537.36 (KHTML, like Gecko; compatible; ClaudeBot/1.0; +claudebot@anthropic.com)"
216.73.216.20 - - [22/Aug/2026:07:44:43 +0800] "GET /36393/wp-json/wp/v2/posts/1 HTTP/1.1" 200 3559 "-" "Mozilla/5.0 AppleWebKit/537.36 (KHTML, like Gecko; compatible; ClaudeBot/1.0; +claudebot@anthropic.com)"
216.73.216.20 - - [22/Aug/2026:07:44:43 +0800] "GET /6448/wp-json/wp/v2/posts/4682 HTTP/1.1" 200 3912 "-" "Mozilla/5.0 AppleWebKit/537.36 (KHTML, like Gecko; compatible; ClaudeBot/1.0; +claudebot@anthropic.com)"
52.2.4.213 - - [22/Aug/2026:07:44:43 +0800] "GET /wp-content/uploads/sites/1350/2021/10/?C=S;O%3DA HTTP/1.1" 200 1112 "-" "Mozilla/5.0 AppleWebKit/537.36 (KHTML, like Gecko; compatible; Amazonbot/0.1; +https://developer.amazon.com/support/amazonbot) Chrome/119.0.6045.214 Safari/537.36"
2408:862e:ff:ff0d::1106 - - [22/Aug/2026:07:44:43 +0800] "GET /5315/wp-includes/css/admin-bar.min.css HTTP/1.1" 200 4685 "https://2blog.ilc.edu.tw/5315/?cat=97&paged=2" "Mozilla/5.0 (Windows NT 10.0; Win64; x64) AppleWebKit/537.36 (KHTML, like Gecko) Chrome/144.0.0.0 Safari/537.36"
2408:862e:ff:ff0d::1106 - - [22/Aug/2026:07:44:43 +0800] "GET /5315/wp-includes/css/dist/block-library/style.min.css HTTP/1.1" 200 16119 "https://2blog.ilc.edu.tw/5315/?cat=97&paged=2" "Mozilla/5.0 (Windows NT 10.0; Win64; x64) AppleWebKit/537.36 (KHTML, like Gecko) Chrome/144.0.0.0 Safari/537.36"
2408:862e:ff:ff0d::1106 - - [22/Aug/2026:07:44:43 +0800] "GET /5315/wp-content/plugins/google-drive-embedder/css/gdm-blocks.css HTTP/1.1" 200 1499 "https://2blog.ilc.edu.tw/5315/?cat=97&paged=2" "Mozilla/5.0 (Windows NT 10.0; Win64; x64) AppleWebKit/537.36 (KHTML, like Gecko) Chrome/144.0.0.0 Safari/537.36"
144.31.35.19 - - [22/Aug/2026:07:44:43 +0800] "GET /blog/gallery/15/15-292214.jpg HTTP/1.1" 301 1054 "-" "-"
2408:862e:ff:ff0d::1106 - - [22/Aug/2026:07:44:43 +0800] "GET /5315/wp-content/themes/huemanilc/assets/front/css/main.min.css HTTP/1.1" 200 23255 "https://2blog.ilc.edu.tw/5315/?cat=97&paged=2" "Mozilla/5.0 (Windows NT 10.0; Win64; x64) AppleWebKit/537.36 (KHTML, like Gecko) Chrome/144.0.0.0 Safari/537.36"
2408:862e:ff:ff0d::1106 - - [22/Aug/2026:07:44:44 +0800] "GET /5315/wp-content/themes/huemanilc/assets/front/css/font-awesome.min.css HTTP/1.1" 200 16999 "https://2blog.ilc.edu.tw/5315/?cat=97&paged=2" "Mozilla/5.0 (Windows NT 10.0; Win64; x64) AppleWebKit/537.36 (KHTML, like Gecko) Chrome/144.0.0.0 Safari/537.36"
2408:862e:ff:ff0d::1106 - - [22/Aug/2026:07:44:44 +0800] "GET /5315/wp-includes/js/jquery/jquery.min.js HTTP/1.1" 200 36153 "https://2blog.ilc.edu.tw/5315/?cat=97&paged=2" "Mozilla/5.0 (Windows NT 10.0; Win64; x64) AppleWebKit/537.36 (KHTML, like Gecko) Chrome/144.0.0.0 Safari/537.36"
216.73.216.20 - - [22/Aug/2026:07:44:43 +0800] "GET /1297/wp-json/wp/v2/posts/580 HTTP/1.1" 200 3732 "-" "Mozilla/5.0 AppleWebKit/537.36 (KHTML, like Gecko; compatible; ClaudeBot/1.0; +claudebot@anthropic.com)"
216.73.216.20 - - [22/Aug/2026:07:44:43 +0800] "GET /6448/wp-json/wp/v2/posts/4699 HTTP/1.1" 200 3717 "-" "Mozilla/5.0 AppleWebKit/537.36 (KHTML, like Gecko; compatible; ClaudeBot/1.0; +claudebot@anthropic.com)"
216.73.216.20 - - [22/Aug/2026:07:44:43 +0800] "GET /25149/wp-json/wp/v2/posts/25 HTTP/1.1" 200 3042 "-" "Mozilla/5.0 AppleWebKit/537.36 (KHTML, like Gecko; compatible; ClaudeBot/1.0; +claudebot@anthropic.com)"
18.215.24.66 - - [22/Aug/2026:07:44:43 +0800] "GET /32745/wp-json/oembed/1.0/embed?format=xml&url=https://2blog.ilc.edu.tw/32745/2020/08/01/%25e6%2583%2585%25e8%25b7%25af%25e6%2581%25ac%25e6%2581%25ac%25e8%25a1%258c/ HTTP/1.1" 200 7299 "-" "Mozilla/5.0 AppleWebKit/537.36 (KHTML, like Gecko; compatible; Amazonbot/0.1; +https://developer.amazon.com/support/amazonbot) Chrome/119.0.6045.214 Safari/537.36"
2408:862e:ff:ff0d::1106 - - [22/Aug/2026:07:44:44 +0800] "GET /5315/wp-includes/js/jquery/jquery-migrate.min.js HTTP/1.1" 200 5752 "https://2blog.ilc.edu.tw/5315/?cat=97&paged=2" "Mozilla/5.0 (Windows NT 10.0; Win64; x64) AppleWebKit/537.36 (KHTML, like Gecko) Chrome/144.0.0.0 Safari/537.36"
2408:862e:ff:ff0d::1106 - - [22/Aug/2026:07:44:44 +0800] "GET /5315/wp-includes/js/hoverintent-js.min.js HTTP/1.1" 200 1597 "https://2blog.ilc.edu.tw/5315/?cat=97&paged=2" "Mozilla/5.0 (Windows NT 10.0; Win64; x64) AppleWebKit/537.36 (KHTML, like Gecko) Chrome/144.0.0.0 Safari/537.36"
216.73.216.20 - - [22/Aug/2026:07:44:44 +0800] "GET /6325/wp-json/wp/v2/posts/20863 HTTP/1.1" 200 3926 "-" "Mozilla/5.0 AppleWebKit/537.36 (KHTML, like Gecko; compatible; ClaudeBot/1.0; +claudebot@anthropic.com)"
216.73.216.20 - - [22/Aug/2026:07:44:43 +0800] "GET /sun520/wp-json/wp/v2/posts/40006 HTTP/1.1" 200 185731 "-" "Mozilla/5.0 AppleWebKit/537.36 (KHTML, like Gecko; compatible; ClaudeBot/1.0; +claudebot@anthropic.com)"
216.73.216.20 - - [22/Aug/2026:07:44:44 +0800] "GET /19761/wp-json/wp/v2/posts/4 HTTP/1.1" 200 10582 "-" "Mozilla/5.0 AppleWebKit/537.36 (KHTML, like Gecko; compatible; ClaudeBot/1.0; +claudebot@anthropic.com)"
216.73.216.20 - - [22/Aug/2026:07:44:44 +0800] "GET /25149/wp-json/wp/v2/posts/24 HTTP/1.1" 200 3000 "-" "Mozilla/5.0 AppleWebKit/537.36 (KHTML, like Gecko; compatible; ClaudeBot/1.0; +claudebot@anthropic.com)"
2408:862e:ff:ff0d::1106 - - [22/Aug/2026:07:44:44 +0800] "GET /5315/wp-includes/js/admin-bar.min.js HTTP/1.1" 200 2237 "https://2blog.ilc.edu.tw/5315/?cat=97&paged=2" "Mozilla/5.0 (Windows NT 10.0; Win64; x64) AppleWebKit/537.36 (KHTML, like Gecko) Chrome/144.0.0.0 Safari/537.36"
216.73.216.20 - - [22/Aug/2026:07:44:44 +0800] "GET /6537/wp-json/wp/v2/posts/5201 HTTP/1.1" 200 8334 "-" "Mozilla/5.0 AppleWebKit/537.36 (KHTML, like Gecko; compatible; ClaudeBot/1.0; +claudebot@anthropic.com)"
216.73.216.20 - - [22/Aug/2026:07:44:44 +0800] "GET /19761/wp-json/wp/v2/posts/3 HTTP/1.1" 200 36906 "-" "Mozilla/5.0 AppleWebKit/537.36 (KHTML, like Gecko; compatible; ClaudeBot/1.0; +claudebot@anthropic.com)"
100.27.153.9 - - [22/Aug/2026:07:44:44 +0800] "GET /wp-json/oembed/1.0/embed?url=https://www.djps.ilc.edu.tw/2024/11/02/%25e5%2585%25ac%25e5%2591%258a%25e8%25ab%258b%25e6%2598%258e%25e5%25b9%25b4%25e5%25ba%25a6%25e6%25a0%25a1%25e4%25b8%2580%25e6%2596%25b0%25e7%2594%259f%25e5%25ae%25b6%25e9%2595%25b7%25e6%25b3%25a8%25e6%2584%258f%25e7%259b%25b8%25e9%2597%259c%25e6%2599%2582%25e7%25a8%258b/ HTTP/1.1" 200 9176 "-" "Mozilla/5.0 AppleWebKit/537.36 (KHTML, like Gecko; compatible; Amazonbot/0.1; +https://developer.amazon.com/support/amazonbot) Chrome/119.0.6045.214 Safari/537.36"
2408:862e:ff:ff0d::1106 - - [22/Aug/2026:07:44:44 +0800] "GET /5315/wp-content/themes/huemanilc/assets/front/js/scripts.min.js HTTP/1.1" 200 27001 "https://2blog.ilc.edu.tw/5315/?cat=97&paged=2" "Mozilla/5.0 (Windows NT 10.0; Win64; x64) AppleWebKit/537.36 (KHTML, like Gecko) Chrome/144.0.0.0 Safari/537.36"
2408:862e:ff:ff0d::1106 - - [22/Aug/2026:07:44:44 +0800] "GET /5315/wp-includes/js/underscore.min.js HTTP/1.1" 200 8191 "https://2blog.ilc.edu.tw/5315/?cat=97&paged=2" "Mozilla/5.0 (Windows NT 10.0; Win64; x64) AppleWebKit/537.36 (KHTML, like Gecko) Chrome/144.0.0.0 Safari/537.36"
216.73.216.20 - - [22/Aug/2026:07:44:44 +0800] "GET /6325/wp-json/wp/v2/posts/20834 HTTP/1.1" 200 3566 "-" "Mozilla/5.0 AppleWebKit/537.36 (KHTML, like Gecko; compatible; ClaudeBot/1.0; +claudebot@anthropic.com)"
2408:862e:ff:ff0d::1106 - - [22/Aug/2026:07:44:44 +0800] "GET /5315/wp-content/themes/huemanilc/assets/front/webfonts/fa-brands-400.woff2?v=5.5.0 HTTP/1.1" 200 70613 "https://2blog.ilc.edu.tw/5315/wp-content/themes/huemanilc/assets/front/css/font-awesome.min.css" "Mozilla/5.0 (Windows NT 10.0; Win64; x64) AppleWebKit/537.36 (KHTML, like Gecko) Chrome/144.0.0.0 Safari/537.36"
2408:862e:ff:ff0d::1106 - - [22/Aug/2026:07:44:44 +0800] "GET /5315/wp-content/themes/huemanilc/assets/front/webfonts/fa-solid-900.woff2?v=5.5.0 HTTP/1.1" 200 74879 "https://2blog.ilc.edu.tw/5315/wp-content/themes/huemanilc/assets/front/css/font-awesome.min.css" "Mozilla/5.0 (Windows NT 10.0; Win64; x64) AppleWebKit/537.36 (KHTML, like Gecko) Chrome/144.0.0.0 Safari/537.36"
216.73.216.20 - - [22/Aug/2026:07:44:44 +0800] "GET /25149/wp-json/wp/v2/posts/23 HTTP/1.1" 200 3042 "-" "Mozilla/5.0 AppleWebKit/537.36 (KHTML, like Gecko; compatible; ClaudeBot/1.0; +claudebot@anthropic.com)"
216.73.216.20 - - [22/Aug/2026:07:44:44 +0800] "GET /8162/wp-json/wp/v2/posts/57 HTTP/1.1" 200 39699 "-" "Mozilla/5.0 AppleWebKit/537.36 (KHTML, like Gecko; compatible; ClaudeBot/1.0; +claudebot@anthropic.com)"
216.73.216.20 - - [22/Aug/2026:07:44:44 +0800] "GET /1297/wp-json/wp/v2/posts/598 HTTP/1.1" 200 3903 "-" "Mozilla/5.0 AppleWebKit/537.36 (KHTML, like Gecko; compatible; ClaudeBot/1.0; +claudebot@anthropic.com)"
216.73.216.20 - - [22/Aug/2026:07:44:44 +0800] "GET /8162/wp-json/wp/v2/posts/56 HTTP/1.1" 200 22428 "-" "Mozilla/5.0 AppleWebKit/537.36 (KHTML, like Gecko; compatible; ClaudeBot/1.0; +claudebot@anthropic.com)"
216.73.216.20 - - [22/Aug/2026:07:44:44 +0800] "GET /4925/wp-json/wp/v2/posts/4656 HTTP/1.1" 200 7179 "-" "Mozilla/5.0 AppleWebKit/537.36 (KHTML, like Gecko; compatible; ClaudeBot/1.0; +claudebot@anthropic.com)"
216.73.216.20 - - [22/Aug/2026:07:44:45 +0800] "GET /6325/wp-json/wp/v2/posts/20867 HTTP/1.1" 200 4506 "-" "Mozilla/5.0 AppleWebKit/537.36 (KHTML, like Gecko; compatible; ClaudeBot/1.0; +claudebot@anthropic.com)"
216.73.216.20 - - [22/Aug/2026:07:44:45 +0800] "GET /sun520/wp-json/wp/v2/posts/41138 HTTP/1.1" 200 115869 "-" "Mozilla/5.0 AppleWebKit/537.36 (KHTML, like Gecko; compatible; ClaudeBot/1.0; +claudebot@anthropic.com)"
216.73.216.20 - - [22/Aug/2026:07:44:45 +0800] "GET /6325/wp-json/wp/v2/posts/20895 HTTP/1.1" 200 4059 "-" "Mozilla/5.0 AppleWebKit/537.36 (KHTML, like Gecko; compatible; ClaudeBot/1.0; +claudebot@anthropic.com)"
157.230.190.145 - - [22/Aug/2026:07:44:45 +0800] "GET /blog/gallery/15/15-292214.jpg HTTP/1.1" 404 25426 "http://blog.ilc.edu.tw/" "Mozilla/5.0 (Windows NT 10.0; Win64; x64) AppleWebKit/537.36 (KHTML, like Gecko) Chrome/117.0.0.0 Safari/537.36"
142.93.14.1 - - [22/Aug/2026:07:44:45 +0800] "GET /blog/gallery/1279/1279-3193422.png HTTP/1.1" 404 25426 "http://blog.ilc.edu.tw/" "Mozilla/5.0 (Windows NT 10.0; Win64; x64) AppleWebKit/537.36 (KHTML, like Gecko) Chrome/116.0.0.0 Safari/537.36"
216.73.216.20 - - [22/Aug/2026:07:44:45 +0800] "GET /6448/wp-json/oembed/1.0/embed HTTP/1.1" 400 1142 "-" "Mozilla/5.0 AppleWebKit/537.36 (KHTML, like Gecko; compatible; ClaudeBot/1.0; +claudebot@anthropic.com)"
146.190.73.255 - - [22/Aug/2026:07:44:45 +0800] "GET /blog/gallery/1279/1279-3193419.png HTTP/1.1" 404 25426 "http://blog.ilc.edu.tw/" "Mozilla/5.0 (Windows NT 10.0; Win64; x64) AppleWebKit/537.36 (KHTML, like Gecko) Chrome/116.0.0.0 Safari/537.36"
216.73.216.20 - - [22/Aug/2026:07:44:45 +0800] "GET /6325/page/137/ HTTP/1.1" 200 11212 "-" "Mozilla/5.0 AppleWebKit/537.36 (KHTML, like Gecko; compatible; ClaudeBot/1.0; +claudebot@anthropic.com)"
162.243.165.114 - - [22/Aug/2026:07:44:45 +0800] "GET /blog/gallery/2835/2835-689240.jpg HTTP/1.1" 404 25426 "http://blog.ilc.edu.tw/" "Mozilla/5.0 (Windows NT 10.0; Win64; x64) AppleWebKit/537.36 (KHTML, like Gecko) Chrome/120.0.0.0 Safari/537.36"
34.123.149.87 - - [22/Aug/2026:07:44:45 +0800] "GET /6512/category/c-22020/page/3/ HTTP/1.1" 200 15314 "-" "Mozilla/5.0 (Macintosh; Intel Mac OS X 10_15_7) AppleWebKit/537.36 (KHTML, like Gecko) Chrome/120.0.0.0 Safari/537.36"
216.73.216.20 - - [22/Aug/2026:07:44:45 +0800] "GET /6325/wp-json/wp/v2/posts/20869 HTTP/1.1" 200 4028 "-" "Mozilla/5.0 AppleWebKit/537.36 (KHTML, like Gecko; compatible; ClaudeBot/1.0; +claudebot@anthropic.com)"
2408:862e:ff:ff0d::1106 - - [22/Aug/2026:07:44:45 +0800] "GET /5315/wp-content/uploads/sites/878/2024/12/cropped-1735626522773-774ffef3-4be1-4d2e-ba35-9e4a5f955113_-scaled-1-32x32.jpg HTTP/1.1" 200 2037 "https://2blog.ilc.edu.tw/5315/?cat=97&paged=2" "Mozilla/5.0 (Windows NT 10.0; Win64; x64) AppleWebKit/537.36 (KHTML, like Gecko) Chrome/144.0.0.0 Safari/537.36"
216.73.216.20 - - [22/Aug/2026:07:44:45 +0800] "GET /1297/wp-json/wp/v2/posts/648 HTTP/1.1" 200 4744 "-" "Mozilla/5.0 AppleWebKit/537.36 (KHTML, like Gecko; compatible; ClaudeBot/1.0; +claudebot@anthropic.com)"
137.184.212.92 - - [22/Aug/2026:07:44:45 +0800] "GET /blog/gallery/1279/1279-3193418.png HTTP/1.1" 404 25426 "http://blog.ilc.edu.tw/" "Mozilla/5.0 (Windows NT 10.0; Win64; x64) AppleWebKit/537.36 (KHTML, like Gecko) Chrome/116.0.0.0 Safari/537.36"
24.144.109.33 - - [22/Aug/2026:07:44:45 +0800] "GET /blog/plugins/articlelicense/images/icon_nc_mini.gif HTTP/1.1" 404 25426 "http://blog.ilc.edu.tw/" "Mozilla/5.0 (Windows NT 10.0; Win64; x64) AppleWebKit/537.36 (KHTML, like Gecko) Chrome/120.0.0.0 Safari/537.36"
216.73.216.20 - - [22/Aug/2026:07:44:45 +0800] "GET /1297/wp-json/wp/v2/posts/536 HTTP/1.1" 200 5162 "-" "Mozilla/5.0 AppleWebKit/537.36 (KHTML, like Gecko; compatible; ClaudeBot/1.0; +claudebot@anthropic.com)"
216.73.216.20 - - [22/Aug/2026:07:44:45 +0800] "GET /1297/wp-json/wp/v2/posts/703 HTTP/1.1" 200 4455 "-" "Mozilla/5.0 AppleWebKit/537.36 (KHTML, like Gecko; compatible; ClaudeBot/1.0; +claudebot@anthropic.com)"
216.73.216.20 - - [22/Aug/2026:07:44:46 +0800] "GET /6537/?p=4792 HTTP/1.1" 301 920 "-" "Mozilla/5.0 AppleWebKit/537.36 (KHTML, like Gecko; compatible; ClaudeBot/1.0; +claudebot@anthropic.com)"
216.73.216.20 - - [22/Aug/2026:07:44:46 +0800] "GET /6325/wp-json/wp/v2/posts/20865 HTTP/1.1" 200 4181 "-" "Mozilla/5.0 AppleWebKit/537.36 (KHTML, like Gecko; compatible; ClaudeBot/1.0; +claudebot@anthropic.com)"
165.22.11.41 - - [22/Aug/2026:07:44:46 +0800] "GET /blog/gallery/15/previews-med/15-291982.jpg HTTP/1.1" 404 25426 "http://blog.ilc.edu.tw/" "Mozilla/5.0 (Windows NT 10.0; Win64; x64) AppleWebKit/537.36 (KHTML, like Gecko) Chrome/117.0.0.0 Safari/537.36"
216.73.216.20 - - [22/Aug/2026:07:44:46 +0800] "GET /25149/wp-json/wp/v2/posts/22 HTTP/1.1" 200 3346 "-" "Mozilla/5.0 AppleWebKit/537.36 (KHTML, like Gecko; compatible; ClaudeBot/1.0; +claudebot@anthropic.com)"
216.73.216.20 - - [22/Aug/2026:07:44:46 +0800] "GET /6537/2010/10/11/%e4%b8%89-12%e6%8e%a8%e8%a1%8c%e6%a9%9f%e9%97%9c%e7%b6%a0%e8%89%b2%e6%8e%a1%e8%b3%bc%e6%8e%a8%e5%8b%95%e6%96%b9%e6%a1%88%e9%81%94100/ HTTP/1.1" 200 10766 "https://2blog.ilc.edu.tw/6537/?p=4792" "Mozilla/5.0 AppleWebKit/537.36 (KHTML, like Gecko; compatible; ClaudeBot/1.0; +claudebot@anthropic.com)"
216.73.216.20 - - [22/Aug/2026:07:44:46 +0800] "GET /6537/wp-json/wp/v2/posts/5232 HTTP/1.1" 200 7333 "-" "Mozilla/5.0 AppleWebKit/537.36 (KHTML, like Gecko; compatible; ClaudeBot/1.0; +claudebot@anthropic.com)"
147.182.213.38 - - [22/Aug/2026:07:44:46 +0800] "GET /blog/imgs/thumbs_up.gif HTTP/1.1" 404 25426 "http://blog.ilc.edu.tw/" "Mozilla/5.0 (Windows NT 10.0; Win64; x64) AppleWebKit/537.36 (KHTML, like Gecko) Chrome/117.0.0.0 Safari/537.36"
216.73.216.20 - - [22/Aug/2026:07:44:45 +0800] "GET /sun520/wp-json/wp/v2/posts/42309 HTTP/1.1" 200 227339 "-" "Mozilla/5.0 AppleWebKit/537.36 (KHTML, like Gecko; compatible; ClaudeBot/1.0; +claudebot@anthropic.com)"
157.230.185.165 - - [22/Aug/2026:07:44:46 +0800] "GET /blog/gallery/2835/2835-689237.jpg HTTP/1.1" 404 25426 "http://blog.ilc.edu.tw/" "Mozilla/5.0 (Windows NT 10.0; Win64; x64) AppleWebKit/537.36 (KHTML, like Gecko) Chrome/120.0.0.0 Safari/537.36"
137.184.109.0 - - [22/Aug/2026:07:44:46 +0800] "GET /blog/imgs/comment_icon1.gif HTTP/1.1" 404 25426 "http://blog.ilc.edu.tw/" "Mozilla/5.0 (Windows NT 10.0; Win64; x64) AppleWebKit/537.36 (KHTML, like Gecko) Chrome/116.0.0.0 Safari/537.36"
216.73.216.20 - - [22/Aug/2026:07:44:46 +0800] "GET /6325/wp-json/wp/v2/posts/20873 HTTP/1.1" 200 3926 "-" "Mozilla/5.0 AppleWebKit/537.36 (KHTML, like Gecko; compatible; ClaudeBot/1.0; +claudebot@anthropic.com)"
216.73.216.20 - - [22/Aug/2026:07:44:46 +0800] "GET /8162/wp-json/wp/v2/posts/53 HTTP/1.1" 200 8539 "-" "Mozilla/5.0 AppleWebKit/537.36 (KHTML, like Gecko; compatible; ClaudeBot/1.0; +claudebot@anthropic.com)"
147.182.183.218 - - [22/Aug/2026:07:44:46 +0800] "GET /blog/gallery/15/15-291982.jpg HTTP/1.1" 404 25426 "http://blog.ilc.edu.tw/" "Mozilla/5.0 (Windows NT 10.0; Win64; x64) AppleWebKit/537.36 (KHTML, like Gecko) Chrome/117.0.0.0 Safari/537.36"
216.73.216.20 - - [22/Aug/2026:07:44:46 +0800] "GET /6325/wp-json/wp/v2/posts/20875 HTTP/1.1" 200 4028 "-" "Mozilla/5.0 AppleWebKit/537.36 (KHTML, like Gecko; compatible; ClaudeBot/1.0; +claudebot@anthropic.com)"
85.208.96.206 - - [22/Aug/2026:07:44:46 +0800] "GET /112dongaopreschool/2025/02/ HTTP/1.1" 200 13369 "-" "Mozilla/5.0 (compatible; SemrushBot/7~bl; +http://www.semrush.com/bot.html)"
216.73.216.20 - - [22/Aug/2026:07:44:46 +0800] "GET /1297/wp-json/wp/v2/posts/586 HTTP/1.1" 200 4021 "-" "Mozilla/5.0 AppleWebKit/537.36 (KHTML, like Gecko; compatible; ClaudeBot/1.0; +claudebot@anthropic.com)"
159.89.91.127 - - [22/Aug/2026:07:44:46 +0800] "GET /blog/gallery/1279/1279-3193421.png HTTP/1.1" 404 25426 "http://blog.ilc.edu.tw/" "Mozilla/5.0 (Windows NT 10.0; Win64; x64) AppleWebKit/537.36 (KHTML, like Gecko) Chrome/116.0.0.0 Safari/537.36"
216.73.216.20 - - [22/Aug/2026:07:44:46 +0800] "GET /1297/wp-json/wp/v2/posts/706 HTTP/1.1" 200 5277 "-" "Mozilla/5.0 AppleWebKit/537.36 (KHTML, like Gecko; compatible; ClaudeBot/1.0; +claudebot@anthropic.com)"
208.68.39.55 - - [22/Aug/2026:07:44:46 +0800] "GET /blog/gallery/1279/1279-3193423.png HTTP/1.1" 404 25426 "http://blog.ilc.edu.tw/" "Mozilla/5.0 (Windows NT 10.0; Win64; x64) AppleWebKit/537.36 (KHTML, like Gecko) Chrome/116.0.0.0 Safari/537.36"
216.73.216.20 - - [22/Aug/2026:07:44:46 +0800] "GET /8162/wp-json/wp/v2/posts/86 HTTP/1.1" 200 4106 "-" "Mozilla/5.0 AppleWebKit/537.36 (KHTML, like Gecko; compatible; ClaudeBot/1.0; +claudebot@anthropic.com)"
216.73.216.20 - - [22/Aug/2026:07:44:46 +0800] "GET /1297/wp-json/wp/v2/posts/601 HTTP/1.1" 200 4002 "-" "Mozilla/5.0 AppleWebKit/537.36 (KHTML, like Gecko; compatible; ClaudeBot/1.0; +claudebot@anthropic.com)"
216.73.216.20 - - [22/Aug/2026:07:44:47 +0800] "GET /8162/wp-json/wp/v2/posts/87 HTTP/1.1" 200 4106 "-" "Mozilla/5.0 AppleWebKit/537.36 (KHTML, like Gecko; compatible; ClaudeBot/1.0; +claudebot@anthropic.com)"
18.213.70.100 - - [22/Aug/2026:07:44:47 +0800] "GET /6460/wp-json/wp/v2/posts/%22https:/2blog.ilc.edu.tw/wp-content/uploads/sites/2300/6460/6460-2147728.jpg/%22 HTTP/1.1" 404 6131 "-" "Mozilla/5.0 AppleWebKit/537.36 (KHTML, like Gecko; compatible; Amazonbot/0.1; +https://developer.amazon.com/support/amazonbot) Chrome/119.0.6045.214 Safari/537.36"
137.184.66.246 - - [22/Aug/2026:07:44:47 +0800] "GET /blog/imgs/thumbs_up.gif HTTP/1.1" 404 25426 "http://blog.ilc.edu.tw/" "Mozilla/5.0 (Windows NT 10.0; Win64; x64) AppleWebKit/537.36 (KHTML, like Gecko) Chrome/120.0.0.0 Safari/537.36"
216.73.216.20 - - [22/Aug/2026:07:44:47 +0800] "GET /57/wp-json/wp/v2/posts/275 HTTP/1.1" 200 3737 "-" "Mozilla/5.0 AppleWebKit/537.36 (KHTML, like Gecko; compatible; ClaudeBot/1.0; +claudebot@anthropic.com)"
162.243.161.177 - - [22/Aug/2026:07:44:47 +0800] "GET /blog/gallery/2835/2835-689235.jpg HTTP/1.1" 404 25426 "http://blog.ilc.edu.tw/" "Mozilla/5.0 (Windows NT 10.0; Win64; x64) AppleWebKit/537.36 (KHTML, like Gecko) Chrome/120.0.0.0 Safari/537.36"
137.184.97.252 - - [22/Aug/2026:07:44:47 +0800] "GET /blog/plugins/articlelicense/images/icon_by_mini.gif HTTP/1.1" 404 25426 "http://blog.ilc.edu.tw/" "Mozilla/5.0 (Windows NT 10.0; Win64; x64) AppleWebKit/537.36 (KHTML, like Gecko) Chrome/116.0.0.0 Safari/537.36"
216.73.216.20 - - [22/Aug/2026:07:44:47 +0800] "GET /6325/wp-json/wp/v2/posts/20871 HTTP/1.1" 200 4367 "-" "Mozilla/5.0 AppleWebKit/537.36 (KHTML, like Gecko; compatible; ClaudeBot/1.0; +claudebot@anthropic.com)"
34.56.53.225 - - [22/Aug/2026:07:44:47 +0800] "GET /3860/wp-json/oembed/1.0/embed?format=xml&url=https://2blog.ilc.edu.tw/3860/2024/02/19/%25e8%258e%258a%25e6%2596%2587%25e9%25be%258d%25e5%25ad%25b8%25e8%2587%25ba%25e8%25aa%259e%25e5%258d%2594%25e4%25bd%259c%25e5%25b9%25b3%25e5%258f%25b0/ HTTP/1.1" 200 7197 "-" "Mozilla/5.0 (Macintosh; Intel Mac OS X 10_15_7) AppleWebKit/537.36 (KHTML, like Gecko) Chrome/120.0.0.0 Safari/537.36"
216.73.216.20 - - [22/Aug/2026:07:44:47 +0800] "GET /57/wp-json/wp/v2/posts/193 HTTP/1.1" 200 4233 "-" "Mozilla/5.0 AppleWebKit/537.36 (KHTML, like Gecko; compatible; ClaudeBot/1.0; +claudebot@anthropic.com)"
216.73.216.20 - - [22/Aug/2026:07:44:47 +0800] "GET /57/wp-json/wp/v2/posts/195 HTTP/1.1" 200 5807 "-" "Mozilla/5.0 AppleWebKit/537.36 (KHTML, like Gecko; compatible; ClaudeBot/1.0; +claudebot@anthropic.com)"
216.73.216.20 - - [22/Aug/2026:07:44:47 +0800] "GET /57/wp-json/wp/v2/posts/139 HTTP/1.1" 200 4209 "-" "Mozilla/5.0 AppleWebKit/537.36 (KHTML, like Gecko; compatible; ClaudeBot/1.0; +claudebot@anthropic.com)"
216.73.216.20 - - [22/Aug/2026:07:44:47 +0800] "GET /1297/wp-json/wp/v2/posts/700 HTTP/1.1" 200 5021 "-" "Mozilla/5.0 AppleWebKit/537.36 (KHTML, like Gecko; compatible; ClaudeBot/1.0; +claudebot@anthropic.com)"
216.73.216.20 - - [22/Aug/2026:07:44:47 +0800] "GET /526/page/32/ HTTP/1.1" 200 32063 "-" "Mozilla/5.0 AppleWebKit/537.36 (KHTML, like Gecko; compatible; ClaudeBot/1.0; +claudebot@anthropic.com)"
216.73.216.20 - - [22/Aug/2026:07:44:47 +0800] "GET /sun520/wp-json/wp/v2/posts/43206 HTTP/1.1" 200 234521 "-" "Mozilla/5.0 AppleWebKit/537.36 (KHTML, like Gecko; compatible; ClaudeBot/1.0; +claudebot@anthropic.com)"
216.73.216.20 - - [22/Aug/2026:07:44:47 +0800] "GET /1297/wp-json/wp/v2/posts/595 HTTP/1.1" 200 3844 "-" "Mozilla/5.0 AppleWebKit/537.36 (KHTML, like Gecko; compatible; ClaudeBot/1.0; +claudebot@anthropic.com)"
2001:288:a201::66:125 - - [22/Aug/2026:07:44:48 +0800] "GET /blog/active.php HTTP/1.1" 301 1026 "-" "-"
216.73.216.20 - - [22/Aug/2026:07:44:48 +0800] "GET /6448/page/116/ HTTP/1.1" 200 11716 "-" "Mozilla/5.0 AppleWebKit/537.36 (KHTML, like Gecko; compatible; ClaudeBot/1.0; +claudebot@anthropic.com)"
100.55.60.118 - - [22/Aug/2026:07:44:45 +0800] "GET /mailjet/.env HTTP/1.1" 404 54876 "-" "Mozilla/5.0 (Windows NT 10.0; Win64; x64) AppleWebKit/537.36 (KHTML, like Gecko) Chrome/131.0.0.0 Safari/537.36"
216.73.216.20 - - [22/Aug/2026:07:44:47 +0800] "GET /57/wp-json/wp/v2/posts/234 HTTP/1.1" 200 3978 "-" "Mozilla/5.0 AppleWebKit/537.36 (KHTML, like Gecko; compatible; ClaudeBot/1.0; +claudebot@anthropic.com)"
2001:288:a201::66:125 - - [22/Aug/2026:07:44:48 +0800] "GET /blog/active.php HTTP/1.1" 404 1084 "-" "-"
216.73.216.20 - - [22/Aug/2026:07:44:48 +0800] "GET /57/wp-json/wp/v2/posts/278 HTTP/1.1" 200 4095 "-" "Mozilla/5.0 AppleWebKit/537.36 (KHTML, like Gecko; compatible; ClaudeBot/1.0; +claudebot@anthropic.com)"
140.111.67.10 - - [22/Aug/2026:07:44:48 +0800] "GET /" 301 273 "-" "-"
216.73.216.20 - - [22/Aug/2026:07:44:48 +0800] "GET /general01/wp-json/oembed/1.0/embed HTTP/1.1" 400 1147 "-" "Mozilla/5.0 AppleWebKit/537.36 (KHTML, like Gecko; compatible; ClaudeBot/1.0; +claudebot@anthropic.com)"
67.205.153.104 - - [22/Aug/2026:07:44:48 +0800] "GET /blog/plugins/articlelicense/images/icon_sa_mini.gif HTTP/1.1" 301 1098 "http://blog.ilc.edu.tw/" "Mozilla/5.0 (Windows NT 10.0; Win64; x64) AppleWebKit/537.36 (KHTML, like Gecko) Chrome/116.0.0.0 Safari/537.36"
157.245.255.189 - - [22/Aug/2026:07:44:48 +0800] "GET /blog/imgs/thumbs_up.gif HTTP/1.1" 301 1042 "http://blog.ilc.edu.tw/" "Mozilla/5.0 (Windows NT 10.0; Win64; x64) AppleWebKit/537.36 (KHTML, like Gecko) Chrome/116.0.0.0 Safari/537.36"
216.73.216.20 - - [22/Aug/2026:07:44:48 +0800] "GET /57/wp-json/wp/v2/posts/184 HTTP/1.1" 200 4646 "-" "Mozilla/5.0 AppleWebKit/537.36 (KHTML, like Gecko; compatible; ClaudeBot/1.0; +claudebot@anthropic.com)"
216.73.216.20 - - [22/Aug/2026:07:44:48 +0800] "GET /57/wp-json/wp/v2/posts/194 HTTP/1.1" 200 5706 "-" "Mozilla/5.0 AppleWebKit/537.36 (KHTML, like Gecko; compatible; ClaudeBot/1.0; +claudebot@anthropic.com)"
