216.73.216.20 - - [22/Aug/2026:07:42:57 +0800] "GET /1297/2021/03/03/%e5%b0%8f%e5%b0%8f%e5%bb%9a%e5%b8%ab%e4%b8%8a%e5%a0%b4%e4%ba%86/ HTTP/1.1" 200 9130 "https://2blog.ilc.edu.tw/1297/?p=619" "Mozilla/5.0 AppleWebKit/537.36 (KHTML, like Gecko; compatible; ClaudeBot/1.0; +claudebot@anthropic.com)"
216.73.216.20 - - [22/Aug/2026:07:42:57 +0800] "GET /1297/?p=616 HTTP/1.1" 301 798 "-" "Mozilla/5.0 AppleWebKit/537.36 (KHTML, like Gecko; compatible; ClaudeBot/1.0; +claudebot@anthropic.com)"
216.73.216.20 - - [22/Aug/2026:07:42:57 +0800] "GET /19761/?p=32 HTTP/1.1" 301 892 "-" "Mozilla/5.0 AppleWebKit/537.36 (KHTML, like Gecko; compatible; ClaudeBot/1.0; +claudebot@anthropic.com)"
216.73.216.20 - - [22/Aug/2026:07:42:57 +0800] "GET /57/2021/07/07/2021-06-22-%e5%85%a8%e8%8b%b1%e5%85%b1%e5%82%99%e4%b8%89-%e7%b7%9a%e4%b8%8a%e7%a0%94%e7%bf%92%e8%b3%87%e6%96%99/ HTTP/1.1" 200 10087 "https://2blog.ilc.edu.tw/57/?p=1741" "Mozilla/5.0 AppleWebKit/537.36 (KHTML, like Gecko; compatible; ClaudeBot/1.0; +claudebot@anthropic.com)"
216.73.216.20 - - [22/Aug/2026:07:42:57 +0800] "GET /1297/2021/03/03/%e7%ac%ac%e4%b8%80%e6%ac%a1%e5%af%ab%e4%bf%a1%e3%80%81%e5%af%84%e4%bf%a1/ HTTP/1.1" 200 9224 "https://2blog.ilc.edu.tw/1297/?p=592" "Mozilla/5.0 AppleWebKit/537.36 (KHTML, like Gecko; compatible; ClaudeBot/1.0; +claudebot@anthropic.com)"
216.73.216.20 - - [22/Aug/2026:07:42:57 +0800] "GET /1297/?p=604 HTTP/1.1" 301 843 "-" "Mozilla/5.0 AppleWebKit/537.36 (KHTML, like Gecko; compatible; ClaudeBot/1.0; +claudebot@anthropic.com)"
18.117.75.156 - - [22/Aug/2026:07:42:57 +0800] "GET /.config/gcloud/application_default_credentials.json HTTP/1.1" 404 50836 "-" "Mozilla/5.0 (Macintosh; Intel Mac OS X 10_15_7) AppleWebKit/537.36 (KHTML, like Gecko) Chrome/131.0.0.0 Safari/537.36"
216.73.216.20 - - [22/Aug/2026:07:42:57 +0800] "GET /1297/2021/03/03/%e6%89%93%e5%a4%aa%e9%bc%93%e5%9b%89/ HTTP/1.1" 200 9120 "https://2blog.ilc.edu.tw/1297/?p=616" "Mozilla/5.0 AppleWebKit/537.36 (KHTML, like Gecko; compatible; ClaudeBot/1.0; +claudebot@anthropic.com)"
216.73.216.20 - - [22/Aug/2026:07:42:57 +0800] "GET /sun520/?p=42754 HTTP/1.1" 301 846 "-" "Mozilla/5.0 AppleWebKit/537.36 (KHTML, like Gecko; compatible; ClaudeBot/1.0; +claudebot@anthropic.com)"
216.73.216.20 - - [22/Aug/2026:07:42:58 +0800] "GET /19761/2014/03/03/102%e5%ad%b8%e5%b9%b4%e5%ba%a6%e4%b8%8b%e5%ad%b8%e6%9c%9f%e8%87%ba%e8%aa%9e%e4%bf%97%e8%ab%ba%e6%af%8f%e9%80%b1%e4%b8%80%e5%8f%a5/ HTTP/1.1" 200 9966 "https://2blog.ilc.edu.tw/19761/?p=32" "Mozilla/5.0 AppleWebKit/537.36 (KHTML, like Gecko; compatible; ClaudeBot/1.0; +claudebot@anthropic.com)"
2001:288:a201::66:125 - - [22/Aug/2026:07:42:58 +0800] "GET /blog/active.php HTTP/1.1" 301 1026 "-" "-"
216.73.216.20 - - [22/Aug/2026:07:42:58 +0800] "GET /57/?p=240 HTTP/1.1" 301 875 "-" "Mozilla/5.0 AppleWebKit/537.36 (KHTML, like Gecko; compatible; ClaudeBot/1.0; +claudebot@anthropic.com)"
2001:288:a201::66:125 - - [22/Aug/2026:07:42:58 +0800] "GET /blog/active.php HTTP/1.1" 404 1084 "-" "-"
216.73.216.20 - - [22/Aug/2026:07:42:58 +0800] "GET /1297/2021/03/03/%e4%be%86%e4%be%86%e4%be%86%ef%bc%8c%e4%be%86%e6%90%93%e6%b9%af%e5%9c%93%e5%9b%89/ HTTP/1.1" 200 9199 "https://2blog.ilc.edu.tw/1297/?p=604" "Mozilla/5.0 AppleWebKit/537.36 (KHTML, like Gecko; compatible; ClaudeBot/1.0; +claudebot@anthropic.com)"
216.73.216.20 - - [22/Aug/2026:07:42:58 +0800] "GET /sun520/?p=47269 HTTP/1.1" 301 791 "-" "Mozilla/5.0 AppleWebKit/537.36 (KHTML, like Gecko; compatible; ClaudeBot/1.0; +claudebot@anthropic.com)"
44.205.120.22 - - [22/Aug/2026:07:42:58 +0800] "GET /wp-content/uploads/sites/845/3753/previews-med/3753-221881.jpg HTTP/1.1" 200 81895 "-" "Mozilla/5.0 AppleWebKit/537.36 (KHTML, like Gecko; compatible; Amazonbot/0.1; +https://developer.amazon.com/support/amazonbot) Chrome/119.0.6045.214 Safari/537.36"
216.73.216.20 - - [22/Aug/2026:07:42:58 +0800] "GET /sun520/2026/03/27/%e6%96%b0%e8%81%b2%e6%b4%bb-%e5%a4%a7%e8%87%aa%e7%84%b6%e7%9a%84%e8%81%b2%e9%9f%b3/ HTTP/1.1" 200 17456 "https://2blog.ilc.edu.tw/sun520/?p=42754" "Mozilla/5.0 AppleWebKit/537.36 (KHTML, like Gecko; compatible; ClaudeBot/1.0; +claudebot@anthropic.com)"
140.111.67.10 - - [22/Aug/2026:07:42:58 +0800] "GET /" 301 273 "-" "-"
216.73.216.20 - - [22/Aug/2026:07:42:58 +0800] "GET /sun520/?p=43670 HTTP/1.1" 301 855 "-" "Mozilla/5.0 AppleWebKit/537.36 (KHTML, like Gecko; compatible; ClaudeBot/1.0; +claudebot@anthropic.com)"
216.73.216.20 - - [22/Aug/2026:07:42:58 +0800] "GET /57/2015/09/09/1040706%e5%a4%9a%e5%85%83%e8%a9%95%e9%87%8f%e5%ad%b8%e7%bf%92%e6%88%90%e5%b0%b1%e8%a9%95%e9%87%8f%e6%a8%99%e6%ba%96/ HTTP/1.1" 200 9930 "https://2blog.ilc.edu.tw/57/?p=240" "Mozilla/5.0 AppleWebKit/537.36 (KHTML, like Gecko; compatible; ClaudeBot/1.0; +claudebot@anthropic.com)"
18.117.75.156 - - [22/Aug/2026:07:42:58 +0800] "GET /application_default_credentials.json HTTP/1.1" 404 50836 "-" "Mozilla/5.0 (Macintosh; Intel Mac OS X 10_15_7) AppleWebKit/537.36 (KHTML, like Gecko) Chrome/131.0.0.0 Safari/537.36"
216.73.216.20 - - [22/Aug/2026:07:42:58 +0800] "GET /sun520/category/uncategorized/page/12/ HTTP/1.1" 200 11060 "-" "Mozilla/5.0 AppleWebKit/537.36 (KHTML, like Gecko; compatible; ClaudeBot/1.0; +claudebot@anthropic.com)"
216.73.216.20 - - [22/Aug/2026:07:42:58 +0800] "GET /sun520/2026/05/29/%e5%89%b5%e8%81%b2%e9%9f%b3/ HTTP/1.1" 200 19354 "https://2blog.ilc.edu.tw/sun520/?p=47269" "Mozilla/5.0 AppleWebKit/537.36 (KHTML, like Gecko; compatible; ClaudeBot/1.0; +claudebot@anthropic.com)"
216.73.216.20 - - [22/Aug/2026:07:42:58 +0800] "GET /sun520/?p=44048 HTTP/1.1" 301 855 "-" "Mozilla/5.0 AppleWebKit/537.36 (KHTML, like Gecko; compatible; ClaudeBot/1.0; +claudebot@anthropic.com)"
216.73.216.20 - - [22/Aug/2026:07:42:58 +0800] "GET /sun520/2026/04/10/%e5%a5%bd%e8%81%b2%e6%b4%bb-%e6%88%91%e6%9c%80%e5%96%9c%e6%ad%a1%e7%9a%84%e8%81%b2%e9%9f%b3/ HTTP/1.1" 200 16242 "https://2blog.ilc.edu.tw/sun520/?p=43670" "Mozilla/5.0 AppleWebKit/537.36 (KHTML, like Gecko; compatible; ClaudeBot/1.0; +claudebot@anthropic.com)"
216.73.216.20 - - [22/Aug/2026:07:42:58 +0800] "GET /6537/2016/11/11/ HTTP/1.1" 200 9977 "-" "Mozilla/5.0 AppleWebKit/537.36 (KHTML, like Gecko; compatible; ClaudeBot/1.0; +claudebot@anthropic.com)"
216.73.216.20 - - [22/Aug/2026:07:42:58 +0800] "GET /sun520/?p=46686 HTTP/1.1" 301 819 "-" "Mozilla/5.0 AppleWebKit/537.36 (KHTML, like Gecko; compatible; ClaudeBot/1.0; +claudebot@anthropic.com)"
216.73.216.20 - - [22/Aug/2026:07:42:58 +0800] "GET /sun520/2026/04/17/%e8%aa%aa%e8%a9%b1%e7%9a%84%e8%81%b2%e9%9f%b3-%e7%b6%a0%e8%89%b2%e5%8d%9a%e8%a6%bd%e6%9c%83/ HTTP/1.1" 200 17216 "https://2blog.ilc.edu.tw/sun520/?p=44048" "Mozilla/5.0 AppleWebKit/537.36 (KHTML, like Gecko; compatible; ClaudeBot/1.0; +claudebot@anthropic.com)"
216.73.216.20 - - [22/Aug/2026:07:42:58 +0800] "GET /sun520/?p=47848 HTTP/1.1" 301 819 "-" "Mozilla/5.0 AppleWebKit/537.36 (KHTML, like Gecko; compatible; ClaudeBot/1.0; +claudebot@anthropic.com)"
18.117.75.156 - - [22/Aug/2026:07:42:58 +0800] "GET /key.json HTTP/1.1" 404 50836 "-" "Mozilla/5.0 (Macintosh; Intel Mac OS X 10_15_7) AppleWebKit/537.36 (KHTML, like Gecko) Chrome/131.0.0.0 Safari/537.36"
216.73.216.20 - - [22/Aug/2026:07:42:58 +0800] "GET /sun520/?p=48463 HTTP/1.1" 301 791 "-" "Mozilla/5.0 AppleWebKit/537.36 (KHTML, like Gecko; compatible; ClaudeBot/1.0; +claudebot@anthropic.com)"
216.73.216.20 - - [22/Aug/2026:07:42:58 +0800] "GET /sun520/2026/05/22/%e5%a5%bd%e8%81%b2%e6%b4%bb-%e5%89%b5%e8%81%b2%e9%9f%b3/ HTTP/1.1" 200 19321 "https://2blog.ilc.edu.tw/sun520/?p=46686" "Mozilla/5.0 AppleWebKit/537.36 (KHTML, like Gecko; compatible; ClaudeBot/1.0; +claudebot@anthropic.com)"
216.73.216.20 - - [22/Aug/2026:07:42:58 +0800] "GET /57/?p=52 HTTP/1.1" 301 957 "-" "Mozilla/5.0 AppleWebKit/537.36 (KHTML, like Gecko; compatible; ClaudeBot/1.0; +claudebot@anthropic.com)"
216.73.216.20 - - [22/Aug/2026:07:42:58 +0800] "GET /sun520/2026/06/05/%e6%96%b0%e8%81%b2%e6%b4%bb-%e6%a8%82%e8%81%b2%e9%9f%b3/ HTTP/1.1" 200 19664 "https://2blog.ilc.edu.tw/sun520/?p=47848" "Mozilla/5.0 AppleWebKit/537.36 (KHTML, like Gecko; compatible; ClaudeBot/1.0; +claudebot@anthropic.com)"
216.73.216.20 - - [22/Aug/2026:07:42:59 +0800] "GET /sun520/2026/06/12/%e6%a8%82%e8%81%b2%e9%9f%b3/ HTTP/1.1" 200 16496 "https://2blog.ilc.edu.tw/sun520/?p=48463" "Mozilla/5.0 AppleWebKit/537.36 (KHTML, like Gecko; compatible; ClaudeBot/1.0; +claudebot@anthropic.com)"
216.73.216.20 - - [22/Aug/2026:07:42:59 +0800] "GET /sun520/?p=45666 HTTP/1.1" 301 793 "-" "Mozilla/5.0 AppleWebKit/537.36 (KHTML, like Gecko; compatible; ClaudeBot/1.0; +claudebot@anthropic.com)"
216.73.216.20 - - [22/Aug/2026:07:42:59 +0800] "GET /57/2011/11/11/1001025%e8%8b%b1%e8%aa%9e%e5%a2%9e%e8%83%bd%e5%b7%a5%e4%bd%9c%e6%96%b9-%e6%9d%b1%e5%85%89%e5%9c%8b%e4%b8%ad%e6%9e%97%e5%ae%b6%e6%80%a1%e8%80%81%e5%b8%ab%e5%85%a8%e6%b0%91%e8%8b%b1%e6%aa%a2%e5%88%9d/ HTTP/1.1" 200 10106 "https://2blog.ilc.edu.tw/57/?p=52" "Mozilla/5.0 AppleWebKit/537.36 (KHTML, like Gecko; compatible; ClaudeBot/1.0; +claudebot@anthropic.com)"
216.73.216.20 - - [22/Aug/2026:07:42:59 +0800] "GET /sun520/?p=46211 HTTP/1.1" 301 809 "-" "Mozilla/5.0 AppleWebKit/537.36 (KHTML, like Gecko; compatible; ClaudeBot/1.0; +claudebot@anthropic.com)"
18.117.75.156 - - [22/Aug/2026:07:42:59 +0800] "GET /keyfile.json HTTP/1.1" 404 50836 "-" "Mozilla/5.0 (Macintosh; Intel Mac OS X 10_15_7) AppleWebKit/537.36 (KHTML, like Gecko) Chrome/131.0.0.0 Safari/537.36"
216.73.216.20 - - [22/Aug/2026:07:42:59 +0800] "GET /sun520/2026/05/08/%e7%8e%a9%e8%81%b2%e9%9f%b3-2/ HTTP/1.1" 200 18674 "https://2blog.ilc.edu.tw/sun520/?p=45666" "Mozilla/5.0 AppleWebKit/537.36 (KHTML, like Gecko; compatible; ClaudeBot/1.0; +claudebot@anthropic.com)"
216.73.216.20 - - [22/Aug/2026:07:42:59 +0800] "GET /rainbow123/wp-json/wp/v2/posts/52954 HTTP/1.1" 200 445912 "-" "Mozilla/5.0 AppleWebKit/537.36 (KHTML, like Gecko; compatible; ClaudeBot/1.0; +claudebot@anthropic.com)"
216.73.216.20 - - [22/Aug/2026:07:42:59 +0800] "GET /sun520/2026/05/15/%e8%81%b2%e9%9f%b3%e7%9c%8b%e5%be%97%e8%a6%8b/ HTTP/1.1" 200 17664 "https://2blog.ilc.edu.tw/sun520/?p=46211" "Mozilla/5.0 AppleWebKit/537.36 (KHTML, like Gecko; compatible; ClaudeBot/1.0; +claudebot@anthropic.com)"
216.73.216.20 - - [22/Aug/2026:07:42:59 +0800] "GET /rainbow123/wp-json/wp/v2/posts/53820 HTTP/1.1" 200 332845 "-" "Mozilla/5.0 AppleWebKit/537.36 (KHTML, like Gecko; compatible; ClaudeBot/1.0; +claudebot@anthropic.com)"
::1 - - [22/Aug/2026:07:42:59 +0800] "OPTIONS * HTTP/1.0" 200 110 "-" "Apache/2.4.68 (Ubuntu) OpenSSL/3.0.19 (internal dummy connection)"
18.117.75.156 - - [22/Aug/2026:07:42:59 +0800] "GET /firebase-adminsdk.json HTTP/1.1" 404 50836 "-" "Mozilla/5.0 (Macintosh; Intel Mac OS X 10_15_7) AppleWebKit/537.36 (KHTML, like Gecko) Chrome/131.0.0.0 Safari/537.36"
216.73.216.20 - - [22/Aug/2026:07:42:59 +0800] "GET /rainbow123/wp-json/wp/v2/posts/52137 HTTP/1.1" 200 421277 "-" "Mozilla/5.0 AppleWebKit/537.36 (KHTML, like Gecko; compatible; ClaudeBot/1.0; +claudebot@anthropic.com)"
216.73.216.20 - - [22/Aug/2026:07:42:59 +0800] "GET /3642/wp-json/wp/v2/posts/2563 HTTP/1.1" 200 36243 "-" "Mozilla/5.0 AppleWebKit/537.36 (KHTML, like Gecko; compatible; ClaudeBot/1.0; +claudebot@anthropic.com)"
216.73.216.20 - - [22/Aug/2026:07:42:58 +0800] "GET /rainbow123/wp-json/wp/v2/posts/49788 HTTP/1.1" 200 328500 "-" "Mozilla/5.0 AppleWebKit/537.36 (KHTML, like Gecko; compatible; ClaudeBot/1.0; +claudebot@anthropic.com)"
216.73.216.20 - - [22/Aug/2026:07:42:59 +0800] "GET /rainbow123/wp-json/wp/v2/posts/51405 HTTP/1.1" 200 243820 "-" "Mozilla/5.0 AppleWebKit/537.36 (KHTML, like Gecko; compatible; ClaudeBot/1.0; +claudebot@anthropic.com)"
3.94.40.182 - - [22/Aug/2026:07:43:00 +0800] "GET /6460/2012/page/3/ HTTP/1.1" 200 17536 "-" "Mozilla/5.0 AppleWebKit/537.36 (KHTML, like Gecko; compatible; Amazonbot/0.1; +https://developer.amazon.com/support/amazonbot) Chrome/119.0.6045.214 Safari/537.36"
18.117.75.156 - - [22/Aug/2026:07:43:00 +0800] "GET /firebase-key.json HTTP/1.1" 404 50836 "-" "Mozilla/5.0 (Macintosh; Intel Mac OS X 10_15_7) AppleWebKit/537.36 (KHTML, like Gecko) Chrome/131.0.0.0 Safari/537.36"
146.190.216.220 - - [22/Aug/2026:07:43:00 +0800] "GET /blog/gallery/2800/previews/2800-510654.jpg HTTP/1.1" 301 1080 "http://blog.ilc.edu.tw/" "Mozilla/5.0 (Windows NT 10.0; Win64; x64) AppleWebKit/537.36 (KHTML, like Gecko) Chrome/112.0.0.0 Safari/537.36"
67.205.150.95 - - [22/Aug/2026:07:43:00 +0800] "GET /blog/gallery/2800/previews-med/2800-506071.gif HTTP/1.1" 301 1088 "http://blog.ilc.edu.tw/" "Mozilla/5.0 (Windows NT 10.0; Win64; x64) AppleWebKit/537.36 (KHTML, like Gecko) Chrome/112.0.0.0 Safari/537.36"
100.55.60.118 - - [22/Aug/2026:07:42:58 +0800] "GET /nest/.env HTTP/1.1" 404 50074 "-" "Mozilla/5.0 (Windows NT 10.0; Win64; x64) AppleWebKit/537.36 (KHTML, like Gecko) Chrome/131.0.0.0 Safari/537.36"
::1 - - [22/Aug/2026:07:43:00 +0800] "OPTIONS * HTTP/1.0" 200 110 "-" "Apache/2.4.68 (Ubuntu) OpenSSL/3.0.19 (internal dummy connection)"
67.205.182.123 - - [22/Aug/2026:07:43:01 +0800] "GET /blog/gallery/2800/previews-med/2800-506068.gif HTTP/1.1" 301 1088 "http://blog.ilc.edu.tw/" "Mozilla/5.0 (Windows NT 10.0; Win64; x64) AppleWebKit/537.36 (KHTML, like Gecko) Chrome/112.0.0.0 Safari/537.36"
67.205.182.123 - - [22/Aug/2026:07:43:01 +0800] "GET /blog/gallery/2800/previews-med/2800-504748.gif HTTP/1.1" 301 1088 "http://blog.ilc.edu.tw/" "Mozilla/5.0 (Windows NT 10.0; Win64; x64) AppleWebKit/537.36 (KHTML, like Gecko) Chrome/112.0.0.0 Safari/537.36"
104.248.53.29 - - [22/Aug/2026:07:43:01 +0800] "GET /blog/gallery/2800/previews/2800-510651.jpg HTTP/1.1" 301 1080 "http://blog.ilc.edu.tw/" "Mozilla/5.0 (Windows NT 10.0; Win64; x64) AppleWebKit/537.36 (KHTML, like Gecko) Chrome/112.0.0.0 Safari/537.36"
146.190.208.24 - - [22/Aug/2026:07:43:01 +0800] "GET /blog/gallery/2800/previews-med/2800-504752.gif HTTP/1.1" 301 1088 "http://blog.ilc.edu.tw/" "Mozilla/5.0 (Windows NT 10.0; Win64; x64) AppleWebKit/537.36 (KHTML, like Gecko) Chrome/112.0.0.0 Safari/537.36"
::1 - - [22/Aug/2026:07:43:01 +0800] "OPTIONS * HTTP/1.0" 200 110 "-" "Apache/2.4.68 (Ubuntu) OpenSSL/3.0.19 (internal dummy connection)"
157.245.80.216 - - [22/Aug/2026:07:43:01 +0800] "GET /blog/gallery/2800/previews-med/2800-506071.gif HTTP/1.1" 404 25426 "http://blog.ilc.edu.tw/" "Mozilla/5.0 (Windows NT 10.0; Win64; x64) AppleWebKit/537.36 (KHTML, like Gecko) Chrome/112.0.0.0 Safari/537.36"
18.117.75.156 - - [22/Aug/2026:07:43:01 +0800] "GET /wp-json/ HTTP/1.1" 200 413995 "-" "Mozilla/5.0 (Windows NT 10.0; Win64; x64) AppleWebKit/537.36 (KHTML, like Gecko) Chrome/131.0.0.0 Safari/537.36"
137.184.133.191 - - [22/Aug/2026:07:43:02 +0800] "GET /blog/gallery/2800/previews-med/2800-506070.gif HTTP/1.1" 404 25426 "http://blog.ilc.edu.tw/" "Mozilla/5.0 (Windows NT 10.0; Win64; x64) AppleWebKit/537.36 (KHTML, like Gecko) Chrome/112.0.0.0 Safari/537.36"
137.184.220.116 - - [22/Aug/2026:07:43:02 +0800] "GET /blog/gallery/2800/previews-med/2800-504748.gif HTTP/1.1" 404 25426 "http://blog.ilc.edu.tw/" "Mozilla/5.0 (Windows NT 10.0; Win64; x64) AppleWebKit/537.36 (KHTML, like Gecko) Chrome/112.0.0.0 Safari/537.36"
167.99.233.161 - - [22/Aug/2026:07:43:02 +0800] "GET /blog/gallery/2800/previews/2800-510651.jpg HTTP/1.1" 404 25426 "http://blog.ilc.edu.tw/" "Mozilla/5.0 (Windows NT 10.0; Win64; x64) AppleWebKit/537.36 (KHTML, like Gecko) Chrome/112.0.0.0 Safari/537.36"
159.223.121.218 - - [22/Aug/2026:07:43:02 +0800] "GET /blog/gallery/2800/previews-med/2800-506068.gif HTTP/1.1" 404 25426 "http://blog.ilc.edu.tw/" "Mozilla/5.0 (Windows NT 10.0; Win64; x64) AppleWebKit/537.36 (KHTML, like Gecko) Chrome/112.0.0.0 Safari/537.36"
2001:288:a201::66:125 - - [22/Aug/2026:07:43:03 +0800] "GET /blog/active.php HTTP/1.1" 301 1026 "-" "-"
2001:288:a201::66:125 - - [22/Aug/2026:07:43:03 +0800] "GET /blog/active.php HTTP/1.1" 404 1084 "-" "-"
18.117.75.156 - - [22/Aug/2026:07:43:03 +0800] "GET /wp-login.php HTTP/1.1" 200 6223 "-" "Mozilla/5.0 (Windows NT 10.0; Win64; x64) AppleWebKit/537.36 (KHTML, like Gecko) Chrome/131.0.0.0 Safari/537.36"
140.111.67.10 - - [22/Aug/2026:07:43:03 +0800] "GET /" 301 273 "-" "-"
216.73.216.20 - - [22/Aug/2026:07:43:03 +0800] "GET /sun520/wp-content/uploads/sites/3900/2026/04/IMG_2084-300x200.jpg HTTP/1.1" 200 18434 "-" "Mozilla/5.0 AppleWebKit/537.36 (KHTML, like Gecko; compatible; ClaudeBot/1.0; +claudebot@anthropic.com)"
216.73.216.20 - - [22/Aug/2026:07:43:03 +0800] "GET /sun520/wp-content/uploads/sites/3900/2026/03/IMG_9649-300x200.jpg HTTP/1.1" 200 21881 "-" "Mozilla/5.0 AppleWebKit/537.36 (KHTML, like Gecko; compatible; ClaudeBot/1.0; +claudebot@anthropic.com)"
100.55.60.118 - - [22/Aug/2026:07:43:01 +0800] "GET /react/.env HTTP/1.1" 404 50079 "-" "Mozilla/5.0 (Windows NT 10.0; Win64; x64) AppleWebKit/537.36 (KHTML, like Gecko) Chrome/131.0.0.0 Safari/537.36"
18.117.75.156 - - [22/Aug/2026:07:43:03 +0800] "POST /wp-json/batch/v1 HTTP/1.1" 500 1455 "-" "Mozilla/5.0 (Windows NT 10.0; Win64; x64) AppleWebKit/537.36 (KHTML, like Gecko) Chrome/131.0.0.0 Safari/537.36"
216.73.216.20 - - [22/Aug/2026:07:43:03 +0800] "GET /sun520/wp-content/uploads/sites/3900/2026/04/IMG_1907-300x200.jpg HTTP/1.1" 200 17332 "-" "Mozilla/5.0 AppleWebKit/537.36 (KHTML, like Gecko; compatible; ClaudeBot/1.0; +claudebot@anthropic.com)"
216.73.216.20 - - [22/Aug/2026:07:43:03 +0800] "GET /sun520/wp-content/uploads/sites/3900/2026/03/IMG_8837-300x200.jpg HTTP/1.1" 200 16167 "-" "Mozilla/5.0 AppleWebKit/537.36 (KHTML, like Gecko; compatible; ClaudeBot/1.0; +claudebot@anthropic.com)"
216.73.216.20 - - [22/Aug/2026:07:43:03 +0800] "GET /sun520/wp-content/uploads/sites/3900/2026/03/IMG_9442-300x200.jpg HTTP/1.1" 200 15530 "-" "Mozilla/5.0 AppleWebKit/537.36 (KHTML, like Gecko; compatible; ClaudeBot/1.0; +claudebot@anthropic.com)"
216.73.216.20 - - [22/Aug/2026:07:43:04 +0800] "GET /sun520/wp-content/uploads/sites/3900/2026/03/IMG_9293-300x200.jpg HTTP/1.1" 200 18832 "-" "Mozilla/5.0 AppleWebKit/537.36 (KHTML, like Gecko; compatible; ClaudeBot/1.0; +claudebot@anthropic.com)"
216.73.216.20 - - [22/Aug/2026:07:43:04 +0800] "GET /sun520/wp-content/uploads/sites/3900/2026/03/IMG_9434-300x200.jpg HTTP/1.1" 200 14657 "-" "Mozilla/5.0 AppleWebKit/537.36 (KHTML, like Gecko; compatible; ClaudeBot/1.0; +claudebot@anthropic.com)"
216.73.216.20 - - [22/Aug/2026:07:43:04 +0800] "GET /sun520/wp-content/uploads/sites/3900/2026/04/IMG_2127-300x200.jpg HTTP/1.1" 200 20779 "-" "Mozilla/5.0 AppleWebKit/537.36 (KHTML, like Gecko; compatible; ClaudeBot/1.0; +claudebot@anthropic.com)"
216.73.216.20 - - [22/Aug/2026:07:43:04 +0800] "GET /sun520/wp-content/uploads/sites/3900/2026/04/IMG_2276-300x200.jpg HTTP/1.1" 200 12390 "-" "Mozilla/5.0 AppleWebKit/537.36 (KHTML, like Gecko; compatible; ClaudeBot/1.0; +claudebot@anthropic.com)"
216.73.216.20 - - [22/Aug/2026:07:43:04 +0800] "GET /sun520/wp-content/uploads/sites/3900/2026/03/IMG_9259-300x200.jpg HTTP/1.1" 200 24808 "-" "Mozilla/5.0 AppleWebKit/537.36 (KHTML, like Gecko; compatible; ClaudeBot/1.0; +claudebot@anthropic.com)"
216.73.216.20 - - [22/Aug/2026:07:43:04 +0800] "GET /sun520/wp-content/uploads/sites/3900/2026/03/IMG_9805-300x200.jpg HTTP/1.1" 200 22254 "-" "Mozilla/5.0 AppleWebKit/537.36 (KHTML, like Gecko; compatible; ClaudeBot/1.0; +claudebot@anthropic.com)"
216.73.216.20 - - [22/Aug/2026:07:43:04 +0800] "GET /sun520/wp-content/uploads/sites/3900/2026/03/IMG_9153-300x200.jpg HTTP/1.1" 200 14292 "-" "Mozilla/5.0 AppleWebKit/537.36 (KHTML, like Gecko; compatible; ClaudeBot/1.0; +claudebot@anthropic.com)"
34.196.114.170 - - [22/Aug/2026:07:43:03 +0800] "GET /32745/wp-json/oembed/1.0/embed?url=https://2blog.ilc.edu.tw/32745/2021/11/02/%25e5%25bf%2583%25e7%2596%25bc%25e9%25a9%2597%25e7%2584%25a1%25e5%2582%25b7/ HTTP/1.1" 200 8535 "-" "Mozilla/5.0 AppleWebKit/537.36 (KHTML, like Gecko; compatible; Amazonbot/0.1; +https://developer.amazon.com/support/amazonbot) Chrome/119.0.6045.214 Safari/537.36"
216.73.216.20 - - [22/Aug/2026:07:43:04 +0800] "GET /sun520/wp-content/uploads/sites/3900/2026/03/IMG_8838-300x200.jpg HTTP/1.1" 200 16972 "-" "Mozilla/5.0 AppleWebKit/537.36 (KHTML, like Gecko; compatible; ClaudeBot/1.0; +claudebot@anthropic.com)"
216.73.216.20 - - [22/Aug/2026:07:43:04 +0800] "GET /sun520/wp-content/uploads/sites/3900/2026/04/IMG_2117-300x200.jpg HTTP/1.1" 200 15107 "-" "Mozilla/5.0 AppleWebKit/537.36 (KHTML, like Gecko; compatible; ClaudeBot/1.0; +claudebot@anthropic.com)"
216.73.216.20 - - [22/Aug/2026:07:43:04 +0800] "GET /sun520/wp-content/uploads/sites/3900/2026/03/IMG_9456-300x200.jpg HTTP/1.1" 200 18060 "-" "Mozilla/5.0 AppleWebKit/537.36 (KHTML, like Gecko; compatible; ClaudeBot/1.0; +claudebot@anthropic.com)"
216.73.216.20 - - [22/Aug/2026:07:43:04 +0800] "GET /sun520/wp-content/uploads/sites/3900/2026/04/IMG_2096-300x200.jpg HTTP/1.1" 200 18655 "-" "Mozilla/5.0 AppleWebKit/537.36 (KHTML, like Gecko; compatible; ClaudeBot/1.0; +claudebot@anthropic.com)"
216.73.216.20 - - [22/Aug/2026:07:43:04 +0800] "GET /sun520/wp-content/uploads/sites/3900/2026/04/IMG_1699-300x200.jpg HTTP/1.1" 200 16779 "-" "Mozilla/5.0 AppleWebKit/537.36 (KHTML, like Gecko; compatible; ClaudeBot/1.0; +claudebot@anthropic.com)"
216.73.216.20 - - [22/Aug/2026:07:43:04 +0800] "GET /sun520/wp-content/uploads/sites/3900/2026/03/IMG_9146-300x200.jpg HTTP/1.1" 200 17349 "-" "Mozilla/5.0 AppleWebKit/537.36 (KHTML, like Gecko; compatible; ClaudeBot/1.0; +claudebot@anthropic.com)"
216.73.216.20 - - [22/Aug/2026:07:43:04 +0800] "GET /sun520/wp-content/uploads/sites/3900/2026/03/IMG_9414-300x200.jpg HTTP/1.1" 200 19681 "-" "Mozilla/5.0 AppleWebKit/537.36 (KHTML, like Gecko; compatible; ClaudeBot/1.0; +claudebot@anthropic.com)"
216.73.216.20 - - [22/Aug/2026:07:43:04 +0800] "GET /sun520/wp-content/uploads/sites/3900/2026/04/IMG_1702-300x200.jpg HTTP/1.1" 200 18975 "-" "Mozilla/5.0 AppleWebKit/537.36 (KHTML, like Gecko; compatible; ClaudeBot/1.0; +claudebot@anthropic.com)"
216.73.216.20 - - [22/Aug/2026:07:43:04 +0800] "GET /sun520/wp-content/uploads/sites/3900/2026/03/IMG_9328-300x200.jpg HTTP/1.1" 200 15120 "-" "Mozilla/5.0 AppleWebKit/537.36 (KHTML, like Gecko; compatible; ClaudeBot/1.0; +claudebot@anthropic.com)"
216.73.216.20 - - [22/Aug/2026:07:43:04 +0800] "GET /sun520/wp-content/uploads/sites/3900/2026/03/IMG_8942-300x200.jpg HTTP/1.1" 200 18287 "-" "Mozilla/5.0 AppleWebKit/537.36 (KHTML, like Gecko; compatible; ClaudeBot/1.0; +claudebot@anthropic.com)"
216.73.216.20 - - [22/Aug/2026:07:43:04 +0800] "GET /sun520/wp-content/uploads/sites/3900/2026/03/IMG_9424-300x200.jpg HTTP/1.1" 200 15397 "-" "Mozilla/5.0 AppleWebKit/537.36 (KHTML, like Gecko; compatible; ClaudeBot/1.0; +claudebot@anthropic.com)"
216.73.216.20 - - [22/Aug/2026:07:43:05 +0800] "GET /sun520/wp-content/uploads/sites/3900/2026/03/IMG_8861-300x200.jpg HTTP/1.1" 200 14144 "-" "Mozilla/5.0 AppleWebKit/537.36 (KHTML, like Gecko; compatible; ClaudeBot/1.0; +claudebot@anthropic.com)"
216.73.216.20 - - [22/Aug/2026:07:43:05 +0800] "GET /sun520/wp-content/uploads/sites/3900/2026/03/IMG_9518-300x200.jpg HTTP/1.1" 200 14304 "-" "Mozilla/5.0 AppleWebKit/537.36 (KHTML, like Gecko; compatible; ClaudeBot/1.0; +claudebot@anthropic.com)"
216.73.216.20 - - [22/Aug/2026:07:43:05 +0800] "GET /sun520/wp-content/uploads/sites/3900/2026/04/IMG_1902-300x200.jpg HTTP/1.1" 200 17377 "-" "Mozilla/5.0 AppleWebKit/537.36 (KHTML, like Gecko; compatible; ClaudeBot/1.0; +claudebot@anthropic.com)"
216.73.216.20 - - [22/Aug/2026:07:43:05 +0800] "GET /sun520/wp-content/uploads/sites/3900/2026/03/IMG_8847-300x200.jpg HTTP/1.1" 200 13973 "-" "Mozilla/5.0 AppleWebKit/537.36 (KHTML, like Gecko; compatible; ClaudeBot/1.0; +claudebot@anthropic.com)"
216.73.216.20 - - [22/Aug/2026:07:43:05 +0800] "GET /sun520/wp-content/uploads/sites/3900/2026/03/IMG_9615-300x200.jpg HTTP/1.1" 200 14154 "-" "Mozilla/5.0 AppleWebKit/537.36 (KHTML, like Gecko; compatible; ClaudeBot/1.0; +claudebot@anthropic.com)"
216.73.216.20 - - [22/Aug/2026:07:43:05 +0800] "GET /sun520/wp-content/uploads/sites/3900/2026/04/IMG_2476-300x200.jpg HTTP/1.1" 200 16763 "-" "Mozilla/5.0 AppleWebKit/537.36 (KHTML, like Gecko; compatible; ClaudeBot/1.0; +claudebot@anthropic.com)"
216.73.216.20 - - [22/Aug/2026:07:43:05 +0800] "GET /sun520/wp-content/uploads/sites/3900/2026/03/IMG_9053-300x200.jpg HTTP/1.1" 200 15428 "-" "Mozilla/5.0 AppleWebKit/537.36 (KHTML, like Gecko; compatible; ClaudeBot/1.0; +claudebot@anthropic.com)"
216.73.216.20 - - [22/Aug/2026:07:43:05 +0800] "GET /sun520/wp-content/uploads/sites/3900/2026/03/IMG_9437-300x200.jpg HTTP/1.1" 200 22311 "-" "Mozilla/5.0 AppleWebKit/537.36 (KHTML, like Gecko; compatible; ClaudeBot/1.0; +claudebot@anthropic.com)"
216.73.216.20 - - [22/Aug/2026:07:43:05 +0800] "GET /sun520/wp-content/uploads/sites/3900/2026/03/IMG_8797-300x200.jpg HTTP/1.1" 200 22990 "-" "Mozilla/5.0 AppleWebKit/537.36 (KHTML, like Gecko; compatible; ClaudeBot/1.0; +claudebot@anthropic.com)"
216.73.216.20 - - [22/Aug/2026:07:43:05 +0800] "GET /sun520/wp-content/uploads/sites/3900/2026/03/IMG_9422-300x200.jpg HTTP/1.1" 200 18021 "-" "Mozilla/5.0 AppleWebKit/537.36 (KHTML, like Gecko; compatible; ClaudeBot/1.0; +claudebot@anthropic.com)"
216.73.216.20 - - [22/Aug/2026:07:43:05 +0800] "GET /sun520/wp-content/uploads/sites/3900/2026/03/IMG_9490-300x200.jpg HTTP/1.1" 200 16838 "-" "Mozilla/5.0 AppleWebKit/537.36 (KHTML, like Gecko; compatible; ClaudeBot/1.0; +claudebot@anthropic.com)"
34.171.68.95 - - [22/Aug/2026:07:43:05 +0800] "GET /wp-json/oembed/1.0/embed?url=https://www.ssps.ilc.edu.tw/2023/10/12/112%25e5%25ad%25b8%25e5%25b9%25b4%25e5%25ba%25a6%25e8%2597%259d%25e8%25a1%2593%25e5%25ae%25b6%25e9%25a7%2590%25e6%25a0%25a1%25e9%2596%258b%25e5%25a7%258b%25e4%25ba%2586/ HTTP/1.1" 200 8447 "-" "Mozilla/5.0 (Macintosh; Intel Mac OS X 10_15_7) AppleWebKit/537.36 (KHTML, like Gecko) Chrome/120.0.0.0 Safari/537.36"
185.191.171.14 - - [22/Aug/2026:07:43:05 +0800] "GET /1130801q/2024/09/23/1130920%E7%8F%AD%E8%A6%AA%E6%9C%83/ HTTP/1.1" 200 15501 "-" "Mozilla/5.0 (compatible; SemrushBot/7~bl; +http://www.semrush.com/bot.html)"
216.73.216.20 - - [22/Aug/2026:07:43:06 +0800] "GET /sun520/wp-content/uploads/sites/3900/2026/03/IMG_9510-300x200.jpg HTTP/1.1" 200 19301 "-" "Mozilla/5.0 AppleWebKit/537.36 (KHTML, like Gecko; compatible; ClaudeBot/1.0; +claudebot@anthropic.com)"
216.73.216.20 - - [22/Aug/2026:07:43:06 +0800] "GET /sun520/wp-content/uploads/sites/3900/2026/04/IMG_1875-300x200.jpg HTTP/1.1" 200 17241 "-" "Mozilla/5.0 AppleWebKit/537.36 (KHTML, like Gecko; compatible; ClaudeBot/1.0; +claudebot@anthropic.com)"
216.73.216.20 - - [22/Aug/2026:07:43:06 +0800] "GET /sun520/wp-content/uploads/sites/3900/2026/03/IMG_9447-300x200.jpg HTTP/1.1" 200 16076 "-" "Mozilla/5.0 AppleWebKit/537.36 (KHTML, like Gecko; compatible; ClaudeBot/1.0; +claudebot@anthropic.com)"
34.123.149.87 - - [22/Aug/2026:07:43:03 +0800] "GET /?p=19713 HTTP/1.1" 200 25756 "-" "Mozilla/5.0 (Macintosh; Intel Mac OS X 10_15_7) AppleWebKit/537.36 (KHTML, like Gecko) Chrome/120.0.0.0 Safari/537.36"
216.73.216.20 - - [22/Aug/2026:07:43:06 +0800] "GET /sun520/wp-content/uploads/sites/3900/2026/03/IMG_9812-300x200.jpg HTTP/1.1" 200 18958 "-" "Mozilla/5.0 AppleWebKit/537.36 (KHTML, like Gecko; compatible; ClaudeBot/1.0; +claudebot@anthropic.com)"
216.73.216.20 - - [22/Aug/2026:07:43:06 +0800] "GET /sun520/wp-content/uploads/sites/3900/2026/03/IMG_9514-300x200.jpg HTTP/1.1" 200 18556 "-" "Mozilla/5.0 AppleWebKit/537.36 (KHTML, like Gecko; compatible; ClaudeBot/1.0; +claudebot@anthropic.com)"
216.73.216.20 - - [22/Aug/2026:07:43:06 +0800] "GET /sun520/wp-content/uploads/sites/3900/2026/03/IMG_9915-300x200.jpg HTTP/1.1" 200 13662 "-" "Mozilla/5.0 AppleWebKit/537.36 (KHTML, like Gecko; compatible; ClaudeBot/1.0; +claudebot@anthropic.com)"
216.73.216.20 - - [22/Aug/2026:07:43:06 +0800] "GET /sun520/wp-content/uploads/sites/3900/2026/03/IMG_9810-300x200.jpg HTTP/1.1" 200 16161 "-" "Mozilla/5.0 AppleWebKit/537.36 (KHTML, like Gecko; compatible; ClaudeBot/1.0; +claudebot@anthropic.com)"
216.73.216.20 - - [22/Aug/2026:07:43:06 +0800] "GET /sun520/wp-content/uploads/sites/3900/2026/03/IMG_9238-300x200.jpg HTTP/1.1" 200 16557 "-" "Mozilla/5.0 AppleWebKit/537.36 (KHTML, like Gecko; compatible; ClaudeBot/1.0; +claudebot@anthropic.com)"
100.55.60.118 - - [22/Aug/2026:07:43:04 +0800] "GET /vue/.env HTTP/1.1" 404 50069 "-" "Mozilla/5.0 (Windows NT 10.0; Win64; x64) AppleWebKit/537.36 (KHTML, like Gecko) Chrome/131.0.0.0 Safari/537.36"
216.73.216.20 - - [22/Aug/2026:07:43:06 +0800] "GET /sun520/wp-content/uploads/sites/3900/2026/03/IMG_9516-300x200.jpg HTTP/1.1" 200 20980 "-" "Mozilla/5.0 AppleWebKit/537.36 (KHTML, like Gecko; compatible; ClaudeBot/1.0; +claudebot@anthropic.com)"
216.73.216.20 - - [22/Aug/2026:07:43:06 +0800] "GET /sun520/wp-content/uploads/sites/3900/2026/03/IMG_8867-300x200.jpg HTTP/1.1" 200 18238 "-" "Mozilla/5.0 AppleWebKit/537.36 (KHTML, like Gecko; compatible; ClaudeBot/1.0; +claudebot@anthropic.com)"
216.73.216.20 - - [22/Aug/2026:07:43:06 +0800] "GET /sun520/wp-content/uploads/sites/3900/2026/03/IMG_9462-300x200.jpg HTTP/1.1" 200 15140 "-" "Mozilla/5.0 AppleWebKit/537.36 (KHTML, like Gecko; compatible; ClaudeBot/1.0; +claudebot@anthropic.com)"
216.73.216.20 - - [22/Aug/2026:07:43:07 +0800] "GET /sun520/wp-content/uploads/sites/3900/2026/03/IMG_9524-300x200.jpg HTTP/1.1" 200 17842 "-" "Mozilla/5.0 AppleWebKit/537.36 (KHTML, like Gecko; compatible; ClaudeBot/1.0; +claudebot@anthropic.com)"
216.73.216.20 - - [22/Aug/2026:07:43:07 +0800] "GET /sun520/wp-content/uploads/sites/3900/2026/03/IMG_9821-300x200.jpg HTTP/1.1" 200 15683 "-" "Mozilla/5.0 AppleWebKit/537.36 (KHTML, like Gecko; compatible; ClaudeBot/1.0; +claudebot@anthropic.com)"
216.73.216.20 - - [22/Aug/2026:07:43:07 +0800] "GET /sun520/wp-content/uploads/sites/3900/2026/03/IMG_9678-300x200.jpg HTTP/1.1" 200 16320 "-" "Mozilla/5.0 AppleWebKit/537.36 (KHTML, like Gecko; compatible; ClaudeBot/1.0; +claudebot@anthropic.com)"
216.73.216.20 - - [22/Aug/2026:07:43:07 +0800] "GET /sun520/wp-content/uploads/sites/3900/2026/04/IMG_1561-300x200.jpg HTTP/1.1" 200 13144 "-" "Mozilla/5.0 AppleWebKit/537.36 (KHTML, like Gecko; compatible; ClaudeBot/1.0; +claudebot@anthropic.com)"
216.73.216.20 - - [22/Aug/2026:07:43:07 +0800] "GET /sun520/wp-content/uploads/sites/3900/2026/03/IMG_9646-300x200.jpg HTTP/1.1" 200 17019 "-" "Mozilla/5.0 AppleWebKit/537.36 (KHTML, like Gecko; compatible; ClaudeBot/1.0; +claudebot@anthropic.com)"
216.73.216.20 - - [22/Aug/2026:07:43:07 +0800] "GET /sun520/wp-content/uploads/sites/3900/2026/03/IMG_9576-300x200.jpg HTTP/1.1" 200 14420 "-" "Mozilla/5.0 AppleWebKit/537.36 (KHTML, like Gecko; compatible; ClaudeBot/1.0; +claudebot@anthropic.com)"
216.73.216.20 - - [22/Aug/2026:07:43:07 +0800] "GET /sun520/wp-content/uploads/sites/3900/2026/03/IMG_8989-300x200.jpg HTTP/1.1" 200 15108 "-" "Mozilla/5.0 AppleWebKit/537.36 (KHTML, like Gecko; compatible; ClaudeBot/1.0; +claudebot@anthropic.com)"
216.73.216.20 - - [22/Aug/2026:07:43:07 +0800] "GET /sun520/wp-content/uploads/sites/3900/2026/03/IMG_8843-300x200.jpg HTTP/1.1" 200 16723 "-" "Mozilla/5.0 AppleWebKit/537.36 (KHTML, like Gecko; compatible; ClaudeBot/1.0; +claudebot@anthropic.com)"
216.73.216.20 - - [22/Aug/2026:07:43:07 +0800] "GET /sun520/wp-content/uploads/sites/3900/2026/03/IMG_8873-300x200.jpg HTTP/1.1" 200 17203 "-" "Mozilla/5.0 AppleWebKit/537.36 (KHTML, like Gecko; compatible; ClaudeBot/1.0; +claudebot@anthropic.com)"
216.73.216.20 - - [22/Aug/2026:07:43:07 +0800] "GET /sun520/wp-content/uploads/sites/3900/2026/04/IMG_2135-300x200.jpg HTTP/1.1" 200 19383 "-" "Mozilla/5.0 AppleWebKit/537.36 (KHTML, like Gecko; compatible; ClaudeBot/1.0; +claudebot@anthropic.com)"
216.73.216.20 - - [22/Aug/2026:07:43:07 +0800] "GET /sun520/wp-content/uploads/sites/3900/2026/03/IMG_9338-300x200.jpg HTTP/1.1" 200 14125 "-" "Mozilla/5.0 AppleWebKit/537.36 (KHTML, like Gecko; compatible; ClaudeBot/1.0; +claudebot@anthropic.com)"
216.73.216.20 - - [22/Aug/2026:07:43:08 +0800] "GET /sun520/wp-content/uploads/sites/3900/2026/03/IMG_9034-300x200.jpg HTTP/1.1" 200 15806 "-" "Mozilla/5.0 AppleWebKit/537.36 (KHTML, like Gecko; compatible; ClaudeBot/1.0; +claudebot@anthropic.com)"
216.73.216.20 - - [22/Aug/2026:07:43:08 +0800] "GET /sun520/wp-content/uploads/sites/3900/2026/03/IMG_9476-300x200.jpg HTTP/1.1" 200 16018 "-" "Mozilla/5.0 AppleWebKit/537.36 (KHTML, like Gecko; compatible; ClaudeBot/1.0; +claudebot@anthropic.com)"
2001:288:a201::66:125 - - [22/Aug/2026:07:43:08 +0800] "GET /blog/active.php HTTP/1.1" 404 1084 "-" "-"
2001:288:a201::66:125 - - [22/Aug/2026:07:43:08 +0800] "GET /blog/active.php HTTP/1.1" 301 1026 "-" "-"
216.73.216.20 - - [22/Aug/2026:07:43:08 +0800] "GET /sun520/wp-content/uploads/sites/3900/2026/03/IMG_9819-300x200.jpg HTTP/1.1" 200 15742 "-" "Mozilla/5.0 AppleWebKit/537.36 (KHTML, like Gecko; compatible; ClaudeBot/1.0; +claudebot@anthropic.com)"
44.193.102.198 - - [22/Aug/2026:07:43:08 +0800] "GET /32745/2023/01/24/%E7%BE%8E%E5%A5%BD%E7%9A%84%E5%B0%87%E4%BE%86/embed/ HTTP/1.1" 200 12841 "-" "Mozilla/5.0 AppleWebKit/537.36 (KHTML, like Gecko; compatible; Amazonbot/0.1; +https://developer.amazon.com/support/amazonbot) Chrome/119.0.6045.214 Safari/537.36"
140.111.67.10 - - [22/Aug/2026:07:43:08 +0800] "GET /" 301 273 "-" "-"
216.73.216.20 - - [22/Aug/2026:07:43:08 +0800] "GET /sun520/wp-content/uploads/sites/3900/2026/04/IMG_2385-300x200.jpg HTTP/1.1" 200 19162 "-" "Mozilla/5.0 AppleWebKit/537.36 (KHTML, like Gecko; compatible; ClaudeBot/1.0; +claudebot@anthropic.com)"
216.73.216.20 - - [22/Aug/2026:07:43:08 +0800] "GET /sun520/wp-content/uploads/sites/3900/2026/03/IMG_8978-300x200.jpg HTTP/1.1" 200 15572 "-" "Mozilla/5.0 AppleWebKit/537.36 (KHTML, like Gecko; compatible; ClaudeBot/1.0; +claudebot@anthropic.com)"
216.73.216.20 - - [22/Aug/2026:07:43:08 +0800] "GET /sun520/wp-content/uploads/sites/3900/2026/03/IMG_8826-300x200.jpg HTTP/1.1" 200 13494 "-" "Mozilla/5.0 AppleWebKit/537.36 (KHTML, like Gecko; compatible; ClaudeBot/1.0; +claudebot@anthropic.com)"
216.73.216.20 - - [22/Aug/2026:07:43:08 +0800] "GET /sun520/wp-content/uploads/sites/3900/2026/03/IMG_9561-300x200.jpg HTTP/1.1" 200 16260 "-" "Mozilla/5.0 AppleWebKit/537.36 (KHTML, like Gecko; compatible; ClaudeBot/1.0; +claudebot@anthropic.com)"
216.73.216.20 - - [22/Aug/2026:07:43:08 +0800] "GET /sun520/wp-content/uploads/sites/3900/2026/03/IMG_9570-300x200.jpg HTTP/1.1" 200 15869 "-" "Mozilla/5.0 AppleWebKit/537.36 (KHTML, like Gecko; compatible; ClaudeBot/1.0; +claudebot@anthropic.com)"
216.73.216.20 - - [22/Aug/2026:07:43:08 +0800] "GET /sun520/wp-content/uploads/sites/3900/2026/03/IMG_9814-300x200.jpg HTTP/1.1" 200 17818 "-" "Mozilla/5.0 AppleWebKit/537.36 (KHTML, like Gecko; compatible; ClaudeBot/1.0; +claudebot@anthropic.com)"
216.73.216.20 - - [22/Aug/2026:07:43:08 +0800] "GET /sun520/wp-content/uploads/sites/3900/2026/04/IMG_2020-300x200.jpg HTTP/1.1" 200 13274 "-" "Mozilla/5.0 AppleWebKit/537.36 (KHTML, like Gecko; compatible; ClaudeBot/1.0; +claudebot@anthropic.com)"
216.73.216.20 - - [22/Aug/2026:07:43:08 +0800] "GET /sun520/wp-content/uploads/sites/3900/2026/04/IMG_2106-300x200.jpg HTTP/1.1" 200 14935 "-" "Mozilla/5.0 AppleWebKit/537.36 (KHTML, like Gecko; compatible; ClaudeBot/1.0; +claudebot@anthropic.com)"
216.73.216.20 - - [22/Aug/2026:07:43:09 +0800] "GET /sun520/wp-content/uploads/sites/3900/2026/03/IMG_9895-300x200.jpg HTTP/1.1" 200 14034 "-" "Mozilla/5.0 AppleWebKit/537.36 (KHTML, like Gecko; compatible; ClaudeBot/1.0; +claudebot@anthropic.com)"
216.73.216.20 - - [22/Aug/2026:07:43:09 +0800] "GET /sun520/wp-content/uploads/sites/3900/2026/03/IMG_9885-300x200.jpg HTTP/1.1" 200 13078 "-" "Mozilla/5.0 AppleWebKit/537.36 (KHTML, like Gecko; compatible; ClaudeBot/1.0; +claudebot@anthropic.com)"
216.73.216.20 - - [22/Aug/2026:07:43:09 +0800] "GET /sun520/wp-content/uploads/sites/3900/2026/03/IMG_9715-300x200.jpg HTTP/1.1" 200 11415 "-" "Mozilla/5.0 AppleWebKit/537.36 (KHTML, like Gecko; compatible; ClaudeBot/1.0; +claudebot@anthropic.com)"
216.73.216.20 - - [22/Aug/2026:07:43:09 +0800] "GET /sun520/wp-content/uploads/sites/3900/2026/03/IMG_9460-300x200.jpg HTTP/1.1" 200 14281 "-" "Mozilla/5.0 AppleWebKit/537.36 (KHTML, like Gecko; compatible; ClaudeBot/1.0; +claudebot@anthropic.com)"
216.73.216.20 - - [22/Aug/2026:07:43:09 +0800] "GET /sun520/wp-content/uploads/sites/3900/2026/03/IMG_8769-300x200.jpg HTTP/1.1" 200 17929 "-" "Mozilla/5.0 AppleWebKit/537.36 (KHTML, like Gecko; compatible; ClaudeBot/1.0; +claudebot@anthropic.com)"
211.22.184.58 - - [22/Aug/2026:07:43:09 +0800] "HEAD /1003/feed/ HTTP/1.1" 200 5451 "-" "Mozilla/5.0 (Windows NT 6.1) AppleWebKit/538.1 (KHTML, like Gecko) QuiteRSS/0.18.12 Safari/538.1"
216.73.216.20 - - [22/Aug/2026:07:43:09 +0800] "GET /sun520/wp-content/uploads/sites/3900/2026/04/IMG_2187-300x200.jpg HTTP/1.1" 200 16151 "-" "Mozilla/5.0 AppleWebKit/537.36 (KHTML, like Gecko; compatible; ClaudeBot/1.0; +claudebot@anthropic.com)"
100.55.60.118 - - [22/Aug/2026:07:43:07 +0800] "GET /angular/.env HTTP/1.1" 404 50089 "-" "Mozilla/5.0 (Windows NT 10.0; Win64; x64) AppleWebKit/537.36 (KHTML, like Gecko) Chrome/131.0.0.0 Safari/537.36"
216.73.216.20 - - [22/Aug/2026:07:43:09 +0800] "GET /sun520/wp-content/uploads/sites/3900/2026/03/IMG_9242-300x200.jpg HTTP/1.1" 200 19945 "-" "Mozilla/5.0 AppleWebKit/537.36 (KHTML, like Gecko; compatible; ClaudeBot/1.0; +claudebot@anthropic.com)"
216.73.216.20 - - [22/Aug/2026:07:43:09 +0800] "GET /sun520/wp-content/uploads/sites/3900/2026/03/IMG_8887-300x200.jpg HTTP/1.1" 200 19286 "-" "Mozilla/5.0 AppleWebKit/537.36 (KHTML, like Gecko; compatible; ClaudeBot/1.0; +claudebot@anthropic.com)"
216.73.216.20 - - [22/Aug/2026:07:43:09 +0800] "GET /sun520/wp-content/uploads/sites/3900/2026/03/IMG_9356-300x200.jpg HTTP/1.1" 200 13625 "-" "Mozilla/5.0 AppleWebKit/537.36 (KHTML, like Gecko; compatible; ClaudeBot/1.0; +claudebot@anthropic.com)"
216.73.216.20 - - [22/Aug/2026:07:43:09 +0800] "GET /sun520/wp-content/uploads/sites/3900/2026/03/IMG_9824-300x200.jpg HTTP/1.1" 200 15869 "-" "Mozilla/5.0 AppleWebKit/537.36 (KHTML, like Gecko; compatible; ClaudeBot/1.0; +claudebot@anthropic.com)"
216.73.216.20 - - [22/Aug/2026:07:43:09 +0800] "GET /sun520/wp-content/uploads/sites/3900/2026/03/IMG_9665-300x200.jpg HTTP/1.1" 200 16302 "-" "Mozilla/5.0 AppleWebKit/537.36 (KHTML, like Gecko; compatible; ClaudeBot/1.0; +claudebot@anthropic.com)"
216.73.216.20 - - [22/Aug/2026:07:43:10 +0800] "GET /sun520/wp-content/uploads/sites/3900/2026/03/IMG_9318-300x200.jpg HTTP/1.1" 200 14511 "-" "Mozilla/5.0 AppleWebKit/537.36 (KHTML, like Gecko; compatible; ClaudeBot/1.0; +claudebot@anthropic.com)"
216.73.216.20 - - [22/Aug/2026:07:43:10 +0800] "GET /sun520/wp-content/uploads/sites/3900/2026/03/IMG_8863-300x200.jpg HTTP/1.1" 200 19230 "-" "Mozilla/5.0 AppleWebKit/537.36 (KHTML, like Gecko; compatible; ClaudeBot/1.0; +claudebot@anthropic.com)"
216.73.216.20 - - [22/Aug/2026:07:43:10 +0800] "GET /sun520/wp-content/uploads/sites/3900/2026/03/IMG_9420-300x200.jpg HTTP/1.1" 200 14882 "-" "Mozilla/5.0 AppleWebKit/537.36 (KHTML, like Gecko; compatible; ClaudeBot/1.0; +claudebot@anthropic.com)"
216.73.216.20 - - [22/Aug/2026:07:43:10 +0800] "GET /sun520/wp-content/uploads/sites/3900/2026/03/IMG_9156-300x200.jpg HTTP/1.1" 200 14814 "-" "Mozilla/5.0 AppleWebKit/537.36 (KHTML, like Gecko; compatible; ClaudeBot/1.0; +claudebot@anthropic.com)"
216.73.216.20 - - [22/Aug/2026:07:43:10 +0800] "GET /sun520/wp-content/uploads/sites/3900/2026/03/IMG_9313-300x200.jpg HTTP/1.1" 200 14258 "-" "Mozilla/5.0 AppleWebKit/537.36 (KHTML, like Gecko; compatible; ClaudeBot/1.0; +claudebot@anthropic.com)"
216.73.216.20 - - [22/Aug/2026:07:43:10 +0800] "GET /sun520/wp-content/uploads/sites/3900/2026/03/IMG_9534-300x200.jpg HTTP/1.1" 200 15287 "-" "Mozilla/5.0 AppleWebKit/537.36 (KHTML, like Gecko; compatible; ClaudeBot/1.0; +claudebot@anthropic.com)"
216.73.216.20 - - [22/Aug/2026:07:43:10 +0800] "GET /sun520/wp-content/uploads/sites/3900/2026/04/IMG_2104-300x200.jpg HTTP/1.1" 200 15217 "-" "Mozilla/5.0 AppleWebKit/537.36 (KHTML, like Gecko; compatible; ClaudeBot/1.0; +claudebot@anthropic.com)"
216.73.216.20 - - [22/Aug/2026:07:43:10 +0800] "GET /sun520/wp-content/uploads/sites/3900/2026/03/IMG_9477-300x200.jpg HTTP/1.1" 200 17728 "-" "Mozilla/5.0 AppleWebKit/537.36 (KHTML, like Gecko; compatible; ClaudeBot/1.0; +claudebot@anthropic.com)"
::1 - - [22/Aug/2026:07:43:10 +0800] "OPTIONS * HTTP/1.0" 200 110 "-" "Apache/2.4.68 (Ubuntu) OpenSSL/3.0.19 (internal dummy connection)"
216.73.216.20 - - [22/Aug/2026:07:43:10 +0800] "GET /sun520/wp-content/uploads/sites/3900/2026/03/IMG_8788-300x200.jpg HTTP/1.1" 200 17465 "-" "Mozilla/5.0 AppleWebKit/537.36 (KHTML, like Gecko; compatible; ClaudeBot/1.0; +claudebot@anthropic.com)"
216.73.216.20 - - [22/Aug/2026:07:43:10 +0800] "GET /sun520/wp-content/uploads/sites/3900/2026/04/IMG_2109-300x200.jpg HTTP/1.1" 200 18687 "-" "Mozilla/5.0 AppleWebKit/537.36 (KHTML, like Gecko; compatible; ClaudeBot/1.0; +claudebot@anthropic.com)"
216.73.216.20 - - [22/Aug/2026:07:43:10 +0800] "GET /sun520/wp-content/uploads/sites/3900/2026/03/IMG_8830-300x200.jpg HTTP/1.1" 200 15416 "-" "Mozilla/5.0 AppleWebKit/537.36 (KHTML, like Gecko; compatible; ClaudeBot/1.0; +claudebot@anthropic.com)"
216.73.216.20 - - [22/Aug/2026:07:43:11 +0800] "GET /sun520/wp-content/uploads/sites/3900/2026/03/IMG_8950-300x200.jpg HTTP/1.1" 200 18126 "-" "Mozilla/5.0 AppleWebKit/537.36 (KHTML, like Gecko; compatible; ClaudeBot/1.0; +claudebot@anthropic.com)"
216.73.216.20 - - [22/Aug/2026:07:43:11 +0800] "GET /sun520/wp-content/uploads/sites/3900/2026/03/IMG_9598-300x200.jpg HTTP/1.1" 200 18223 "-" "Mozilla/5.0 AppleWebKit/537.36 (KHTML, like Gecko; compatible; ClaudeBot/1.0; +claudebot@anthropic.com)"
216.73.216.20 - - [22/Aug/2026:07:43:11 +0800] "GET /sun520/wp-content/uploads/sites/3900/2026/03/IMG_9377-300x200.jpg HTTP/1.1" 200 14912 "-" "Mozilla/5.0 AppleWebKit/537.36 (KHTML, like Gecko; compatible; ClaudeBot/1.0; +claudebot@anthropic.com)"
2a03:2880:f802:47:: - - [22/Aug/2026:07:43:09 +0800] "GET /wp-login.php?key=4ltew375&_wpnonce=&action=ilc_logout&redirect_to=https%3A%2F%2Fgame.edu.kg HTTP/1.1" 302 8248 "-" "Mozilla/5.0 (Windows NT 10.0; Win64; x64) AppleWebKit/537.36 (KHTML, like Gecko) Chrome/145.0.0.0 Safari/537.36 (compatible; meta-externalagent/1.1 (+https://developers.facebook.com/docs/sharing/webmasters/crawler))"
23.23.213.182 - - [22/Aug/2026:07:43:11 +0800] "GET /32745/wp-content/uploads/sites/1271/2023/01/1-756-480x245.jpeg HTTP/1.1" 200 23596 "-" "Mozilla/5.0 AppleWebKit/537.36 (KHTML, like Gecko; compatible; Amazonbot/0.1; +https://developer.amazon.com/support/amazonbot) Chrome/119.0.6045.214 Safari/537.36"
216.73.216.20 - - [22/Aug/2026:07:43:11 +0800] "GET /sun520/wp-content/uploads/sites/3900/2026/04/IMG_1685-300x200.jpg HTTP/1.1" 200 17600 "-" "Mozilla/5.0 AppleWebKit/537.36 (KHTML, like Gecko; compatible; ClaudeBot/1.0; +claudebot@anthropic.com)"
216.73.216.20 - - [22/Aug/2026:07:43:11 +0800] "GET /sun520/wp-content/uploads/sites/3900/2026/03/IMG_9061-300x200.jpg HTTP/1.1" 200 14869 "-" "Mozilla/5.0 AppleWebKit/537.36 (KHTML, like Gecko; compatible; ClaudeBot/1.0; +claudebot@anthropic.com)"
216.73.216.20 - - [22/Aug/2026:07:43:11 +0800] "GET /sun520/wp-content/uploads/sites/3900/2026/04/IMG_2076-300x200.jpg HTTP/1.1" 200 15338 "-" "Mozilla/5.0 AppleWebKit/537.36 (KHTML, like Gecko; compatible; ClaudeBot/1.0; +claudebot@anthropic.com)"
54.91.122.193 - - [22/Aug/2026:07:43:11 +0800] "GET /wp-content/uploads/sites/847/6483/previews/6483-2417335.gif HTTP/1.1" 200 53598 "-" "Mozilla/5.0 AppleWebKit/537.36 (KHTML, like Gecko; compatible; Amazonbot/0.1; +https://developer.amazon.com/support/amazonbot) Chrome/119.0.6045.214 Safari/537.36"
216.73.216.20 - - [22/Aug/2026:07:43:11 +0800] "GET /sun520/wp-content/uploads/sites/3900/2026/03/IMG_9549-300x200.jpg HTTP/1.1" 200 11640 "-" "Mozilla/5.0 AppleWebKit/537.36 (KHTML, like Gecko; compatible; ClaudeBot/1.0; +claudebot@anthropic.com)"
216.73.216.20 - - [22/Aug/2026:07:43:11 +0800] "GET /sun520/wp-content/uploads/sites/3900/2026/03/IMG_9838-300x200.jpg HTTP/1.1" 200 13968 "-" "Mozilla/5.0 AppleWebKit/537.36 (KHTML, like Gecko; compatible; ClaudeBot/1.0; +claudebot@anthropic.com)"
::1 - - [22/Aug/2026:07:43:11 +0800] "OPTIONS * HTTP/1.0" 200 110 "-" "Apache/2.4.68 (Ubuntu) OpenSSL/3.0.19 (internal dummy connection)"
216.73.216.20 - - [22/Aug/2026:07:43:11 +0800] "GET /sun520/wp-content/uploads/sites/3900/2026/03/IMG_9277-300x200.jpg HTTP/1.1" 200 21179 "-" "Mozilla/5.0 AppleWebKit/537.36 (KHTML, like Gecko; compatible; ClaudeBot/1.0; +claudebot@anthropic.com)"
216.73.216.20 - - [22/Aug/2026:07:43:11 +0800] "GET /sun520/wp-content/uploads/sites/3900/2026/03/IMG_9326-300x200.jpg HTTP/1.1" 200 13546 "-" "Mozilla/5.0 AppleWebKit/537.36 (KHTML, like Gecko; compatible; ClaudeBot/1.0; +claudebot@anthropic.com)"
100.55.60.118 - - [22/Aug/2026:07:43:10 +0800] "GET /svelte/.env HTTP/1.1" 404 50084 "-" "Mozilla/5.0 (Windows NT 10.0; Win64; x64) AppleWebKit/537.36 (KHTML, like Gecko) Chrome/131.0.0.0 Safari/537.36"
216.73.216.20 - - [22/Aug/2026:07:43:11 +0800] "GET /sun520/wp-content/uploads/sites/3900/2026/03/IMG_9928-300x200.jpg HTTP/1.1" 200 14729 "-" "Mozilla/5.0 AppleWebKit/537.36 (KHTML, like Gecko; compatible; ClaudeBot/1.0; +claudebot@anthropic.com)"
216.73.216.20 - - [22/Aug/2026:07:43:12 +0800] "GET /sun520/wp-content/uploads/sites/3900/2026/03/IMG_9148-300x200.jpg HTTP/1.1" 200 13198 "-" "Mozilla/5.0 AppleWebKit/537.36 (KHTML, like Gecko; compatible; ClaudeBot/1.0; +claudebot@anthropic.com)"
216.73.216.20 - - [22/Aug/2026:07:43:12 +0800] "GET /sun520/wp-content/uploads/sites/3900/2026/03/IMG_9520-300x200.jpg HTTP/1.1" 200 14735 "-" "Mozilla/5.0 AppleWebKit/537.36 (KHTML, like Gecko; compatible; ClaudeBot/1.0; +claudebot@anthropic.com)"
216.73.216.20 - - [22/Aug/2026:07:43:12 +0800] "GET /sun520/wp-content/uploads/sites/3900/2026/03/IMG_9309-300x200.jpg HTTP/1.1" 200 13725 "-" "Mozilla/5.0 AppleWebKit/537.36 (KHTML, like Gecko; compatible; ClaudeBot/1.0; +claudebot@anthropic.com)"
216.73.216.20 - - [22/Aug/2026:07:43:12 +0800] "GET /sun520/wp-content/uploads/sites/3900/2026/04/IMG_2245-300x200.jpg HTTP/1.1" 200 11705 "-" "Mozilla/5.0 AppleWebKit/537.36 (KHTML, like Gecko; compatible; ClaudeBot/1.0; +claudebot@anthropic.com)"
216.73.216.20 - - [22/Aug/2026:07:43:12 +0800] "GET /sun520/wp-content/uploads/sites/3900/2026/03/IMG_9861-300x200.jpg HTTP/1.1" 200 13920 "-" "Mozilla/5.0 AppleWebKit/537.36 (KHTML, like Gecko; compatible; ClaudeBot/1.0; +claudebot@anthropic.com)"
216.73.216.20 - - [22/Aug/2026:07:43:12 +0800] "GET /sun520/wp-content/uploads/sites/3900/2026/03/IMG_9031-300x200.jpg HTTP/1.1" 200 15657 "-" "Mozilla/5.0 AppleWebKit/537.36 (KHTML, like Gecko; compatible; ClaudeBot/1.0; +claudebot@anthropic.com)"
216.73.216.20 - - [22/Aug/2026:07:43:12 +0800] "GET /sun520/wp-content/uploads/sites/3900/2026/03/IMG_8739-300x200.jpg HTTP/1.1" 200 18513 "-" "Mozilla/5.0 AppleWebKit/537.36 (KHTML, like Gecko; compatible; ClaudeBot/1.0; +claudebot@anthropic.com)"
216.73.216.20 - - [22/Aug/2026:07:43:12 +0800] "GET /sun520/wp-content/uploads/sites/3900/2026/03/IMG_8779-300x200.jpg HTTP/1.1" 200 17811 "-" "Mozilla/5.0 AppleWebKit/537.36 (KHTML, like Gecko; compatible; ClaudeBot/1.0; +claudebot@anthropic.com)"
::1 - - [22/Aug/2026:07:43:12 +0800] "OPTIONS * HTTP/1.0" 200 110 "-" "Apache/2.4.68 (Ubuntu) OpenSSL/3.0.19 (internal dummy connection)"
216.73.216.20 - - [22/Aug/2026:07:43:12 +0800] "GET /sun520/wp-content/uploads/sites/3900/2026/03/IMG_9026-300x200.jpg HTTP/1.1" 200 12868 "-" "Mozilla/5.0 AppleWebKit/537.36 (KHTML, like Gecko; compatible; ClaudeBot/1.0; +claudebot@anthropic.com)"
17.241.219.154 - - [22/Aug/2026:07:43:12 +0800] "GET /6415/2016/11/17/105_3_5%E9%A8%8E%E4%B9%98%E8%87%AA%E8%A1%8C%E8%BB%8A%E5%8F%8A%E5%85%B1%E4%B9%98%E5%88%B6%E5%BA%A6/ HTTP/1.1" 200 14606 "-" "Mozilla/5.0 (Macintosh; Intel Mac OS X 10_15_7) AppleWebKit/605.1.15 (KHTML, like Gecko) Version/17.4 Safari/605.1.15 (Applebot/0.1; +http://www.apple.com/go/applebot)"
216.73.216.20 - - [22/Aug/2026:07:43:12 +0800] "GET /sun520/wp-content/uploads/sites/3900/2026/04/IMG_2134-300x200.jpg HTTP/1.1" 200 18787 "-" "Mozilla/5.0 AppleWebKit/537.36 (KHTML, like Gecko; compatible; ClaudeBot/1.0; +claudebot@anthropic.com)"
216.73.216.20 - - [22/Aug/2026:07:43:12 +0800] "GET /sun520/wp-content/uploads/sites/3900/2026/03/IMG_9440-300x200.jpg HTTP/1.1" 200 15795 "-" "Mozilla/5.0 AppleWebKit/537.36 (KHTML, like Gecko; compatible; ClaudeBot/1.0; +claudebot@anthropic.com)"
216.73.216.20 - - [22/Aug/2026:07:43:13 +0800] "GET /sun520/wp-content/uploads/sites/3900/2026/03/IMG_9335-300x200.jpg HTTP/1.1" 200 14647 "-" "Mozilla/5.0 AppleWebKit/537.36 (KHTML, like Gecko; compatible; ClaudeBot/1.0; +claudebot@anthropic.com)"
2001:288:a201::66:125 - - [22/Aug/2026:07:43:13 +0800] "GET /blog/active.php HTTP/1.1" 404 1084 "-" "-"
216.73.216.20 - - [22/Aug/2026:07:43:13 +0800] "GET /sun520/wp-content/uploads/sites/3900/2026/03/IMG_9039-300x200.jpg HTTP/1.1" 200 14350 "-" "Mozilla/5.0 AppleWebKit/537.36 (KHTML, like Gecko; compatible; ClaudeBot/1.0; +claudebot@anthropic.com)"
2001:288:a201::66:125 - - [22/Aug/2026:07:43:13 +0800] "GET /blog/active.php HTTP/1.1" 301 1026 "-" "-"
216.73.216.20 - - [22/Aug/2026:07:43:13 +0800] "GET /sun520/wp-content/uploads/sites/3900/2026/03/IMG_9174-300x200.jpg HTTP/1.1" 200 16528 "-" "Mozilla/5.0 AppleWebKit/537.36 (KHTML, like Gecko; compatible; ClaudeBot/1.0; +claudebot@anthropic.com)"
140.111.67.10 - - [22/Aug/2026:07:43:13 +0800] "GET /" 301 273 "-" "-"
216.73.216.20 - - [22/Aug/2026:07:43:13 +0800] "GET /sun520/wp-content/uploads/sites/3900/2026/03/IMG_9837-300x200.jpg HTTP/1.1" 200 15352 "-" "Mozilla/5.0 AppleWebKit/537.36 (KHTML, like Gecko; compatible; ClaudeBot/1.0; +claudebot@anthropic.com)"
