240e:935:a04:5403:0:1:0:11 - - [22/Aug/2026:07:41:25 +0800] "GET /wp-content/themes/oceanwp/assets/js/select.min.js HTTP/1.1" 200 2408 "https://ilta.ilc.edu.tw/2011/03/page/6/" "Mozilla/5.0 (Windows NT 10.0; Win64; x64) AppleWebKit/537.36 (KHTML, like Gecko) Chrome/144.0.0.0 Safari/537.36"
240e:935:a04:5403:0:1:0:11 - - [22/Aug/2026:07:41:25 +0800] "GET /wp-content/plugins/ocean-extra/includes/widgets/js/flickr.min.js HTTP/1.1" 200 1319 "https://ilta.ilc.edu.tw/2011/03/page/6/" "Mozilla/5.0 (Windows NT 10.0; Win64; x64) AppleWebKit/537.36 (KHTML, like Gecko) Chrome/144.0.0.0 Safari/537.36"
240e:935:a04:5403:0:1:0:11 - - [22/Aug/2026:07:41:25 +0800] "GET /wp-content/themes/oceanwp/assets/fonts/simple-line-icons/Simple-Line-Icons.woff2?v=2.4.0 HTTP/1.1" 200 30959 "https://ilta.ilc.edu.tw/wp-content/cache/ilta.ilc.edu.tw/wpfc-minified/7vo8n6iy/6wvk.css" "Mozilla/5.0 (Windows NT 10.0; Win64; x64) AppleWebKit/537.36 (KHTML, like Gecko) Chrome/144.0.0.0 Safari/537.36"
240e:935:a04:5403:0:1:0:11 - - [22/Aug/2026:07:41:25 +0800] "GET /wp-content/themes/oceanwp/assets/fonts/fontawesome/webfonts/fa-solid-900.woff2 HTTP/1.1" 200 151246 "https://ilta.ilc.edu.tw/wp-content/cache/ilta.ilc.edu.tw/wpfc-minified/7vo8n6iy/6wvk.css" "Mozilla/5.0 (Windows NT 10.0; Win64; x64) AppleWebKit/537.36 (KHTML, like Gecko) Chrome/144.0.0.0 Safari/537.36"
18.117.75.156 - - [22/Aug/2026:07:41:25 +0800] "GET /bootstrap/.env HTTP/1.1" 404 50836 "-" "Mozilla/5.0 (Macintosh; Intel Mac OS X 10_15_7) AppleWebKit/537.36 (KHTML, like Gecko) Chrome/131.0.0.0 Safari/537.36"
34.215.240.225 - - [22/Aug/2026:07:41:25 +0800] "GET /angular/.env HTTP/1.1" 404 54906 "-" "Mozilla/5.0 (Windows NT 10.0; Win64; x64) AppleWebKit/537.36 (KHTML, like Gecko) Chrome/131.0.0.0 Safari/537.36"
18.117.75.156 - - [22/Aug/2026:07:41:25 +0800] "GET /database/.env HTTP/1.1" 404 50836 "-" "Mozilla/5.0 (Macintosh; Intel Mac OS X 10_15_7) AppleWebKit/537.36 (KHTML, like Gecko) Chrome/131.0.0.0 Safari/537.36"
240e:935:a04:5403:0:1:0:11 - - [22/Aug/2026:07:41:26 +0800] "GET /favicon.ico HTTP/1.1" 302 925 "https://ilta.ilc.edu.tw/2011/03/page/6/" "Mozilla/5.0 (Windows NT 10.0; Win64; x64) AppleWebKit/537.36 (KHTML, like Gecko) Chrome/144.0.0.0 Safari/537.36"
34.215.240.225 - - [22/Aug/2026:07:41:25 +0800] "GET /svelte/.env HTTP/1.1" 404 54906 "-" "Mozilla/5.0 (Windows NT 10.0; Win64; x64) AppleWebKit/537.36 (KHTML, like Gecko) Chrome/131.0.0.0 Safari/537.36"
18.117.75.156 - - [22/Aug/2026:07:41:26 +0800] "GET /storage/.env HTTP/1.1" 404 50836 "-" "Mozilla/5.0 (Macintosh; Intel Mac OS X 10_15_7) AppleWebKit/537.36 (KHTML, like Gecko) Chrome/131.0.0.0 Safari/537.36"
240e:935:a04:5403:0:1:0:11 - - [22/Aug/2026:07:41:26 +0800] "GET /wp-includes/images/w-logo-blue-white-bg.png HTTP/1.1" 200 4946 "https://ilta.ilc.edu.tw/2011/03/page/6/" "Mozilla/5.0 (Windows NT 10.0; Win64; x64) AppleWebKit/537.36 (KHTML, like Gecko) Chrome/144.0.0.0 Safari/537.36"
2a03:2880:11ff:4c:: - - [22/Aug/2026:07:41:26 +0800] "GET /6043/page/20/ HTTP/1.1" 200 22573 "-" "Mozilla/5.0 (Windows NT 10.0; Win64; x64) AppleWebKit/537.36 (KHTML, like Gecko) Chrome/145.0.0.0 Safari/537.36 (compatible; meta-webindexer/1.1 (+https://developers.facebook.com/docs/sharing/webmasters/crawler))"
34.61.96.6 - - [22/Aug/2026:07:41:26 +0800] "GET /6423/2017/11/13/106_2-1-10-%E5%9B%9B%E5%B9%B4%E7%B4%9A%E7%92%B0%E5%A2%83%E6%95%99%E8%82%B2%E6%88%90%E6%9E%9C/ HTTP/1.1" 200 14076 "-" "Mozilla/5.0 (Macintosh; Intel Mac OS X 10_15_7) AppleWebKit/537.36 (KHTML, like Gecko) Chrome/120.0.0.0 Safari/537.36"
18.117.75.156 - - [22/Aug/2026:07:41:26 +0800] "GET /var/www/.env HTTP/1.1" 404 50836 "-" "Mozilla/5.0 (Macintosh; Intel Mac OS X 10_15_7) AppleWebKit/537.36 (KHTML, like Gecko) Chrome/131.0.0.0 Safari/537.36"
34.215.240.225 - - [22/Aug/2026:07:41:26 +0800] "GET /vite/.env HTTP/1.1" 404 54906 "-" "Mozilla/5.0 (Windows NT 10.0; Win64; x64) AppleWebKit/537.36 (KHTML, like Gecko) Chrome/131.0.0.0 Safari/537.36"
2a03:2880:10ff:6:: - - [22/Aug/2026:07:41:27 +0800] "GET /6043/wp-content/cache/2blog.ilc.edu.tw/wpfc-minified/2ppa7vde/5wou7.js HTTP/1.1" 200 40357 "https://2blog.ilc.edu.tw/6043/page/20/" "Mozilla/5.0 (Windows NT 10.0; Win64; x64) AppleWebKit/537.36 (KHTML, like Gecko) Chrome/145.0.0.0 Safari/537.36 (compatible; meta-webindexer/1.1 (+https://developers.facebook.com/docs/sharing/webmasters/crawler))"
18.117.75.156 - - [22/Aug/2026:07:41:27 +0800] "GET /var/www/html/.env HTTP/1.1" 404 50836 "-" "Mozilla/5.0 (Macintosh; Intel Mac OS X 10_15_7) AppleWebKit/537.36 (KHTML, like Gecko) Chrome/131.0.0.0 Safari/537.36"
100.55.60.118 - - [22/Aug/2026:07:41:25 +0800] "GET /graphql/.env HTTP/1.1" 404 50079 "-" "Mozilla/5.0 (Windows NT 10.0; Win64; x64) AppleWebKit/537.36 (KHTML, like Gecko) Chrome/131.0.0.0 Safari/537.36"
::1 - - [22/Aug/2026:07:41:27 +0800] "OPTIONS * HTTP/1.0" 200 110 "-" "Apache/2.4.68 (Ubuntu) OpenSSL/3.0.19 (internal dummy connection)"
52.71.216.196 - - [22/Aug/2026:07:41:27 +0800] "GET /wp-content/uploads/sites/1484/2021/02/?C=S;O%3DA HTTP/1.1" 200 1113 "-" "Mozilla/5.0 AppleWebKit/537.36 (KHTML, like Gecko; compatible; Amazonbot/0.1; +https://developer.amazon.com/support/amazonbot) Chrome/119.0.6045.214 Safari/537.36"
34.215.240.225 - - [22/Aug/2026:07:41:27 +0800] "GET /backup/.env HTTP/1.1" 404 54906 "-" "Mozilla/5.0 (Windows NT 10.0; Win64; x64) AppleWebKit/537.36 (KHTML, like Gecko) Chrome/131.0.0.0 Safari/537.36"
18.117.75.156 - - [22/Aug/2026:07:41:27 +0800] "GET /current/.env HTTP/1.1" 404 50836 "-" "Mozilla/5.0 (Macintosh; Intel Mac OS X 10_15_7) AppleWebKit/537.36 (KHTML, like Gecko) Chrome/131.0.0.0 Safari/537.36"
2a03:2880:24ff:58:: - - [22/Aug/2026:07:41:27 +0800] "GET /6043/wp-content/cache/2blog.ilc.edu.tw/wpfc-minified/2z17qj5q/5wou7.css HTTP/1.1" 200 22713 "https://2blog.ilc.edu.tw/6043/page/20/" "Mozilla/5.0 (Windows NT 10.0; Win64; x64) AppleWebKit/537.36 (KHTML, like Gecko) Chrome/145.0.0.0 Safari/537.36 (compatible; meta-webindexer/1.1 (+https://developers.facebook.com/docs/sharing/webmasters/crawler))"
2001:288:a201::66:125 - - [22/Aug/2026:07:41:28 +0800] "GET /blog/active.php HTTP/1.1" 301 1026 "-" "-"
2001:288:a201::66:125 - - [22/Aug/2026:07:41:28 +0800] "GET /blog/active.php HTTP/1.1" 404 1084 "-" "-"
2a03:2880:10ff:5c:: - - [22/Aug/2026:07:41:28 +0800] "GET /wp-content/uploads/sites/207/6043/6043-1616730.jpg HTTP/1.1" 200 60179 "https://2blog.ilc.edu.tw/6043/page/20/" "Mozilla/5.0 (Windows NT 10.0; Win64; x64) AppleWebKit/537.36 (KHTML, like Gecko) Chrome/145.0.0.0 Safari/537.36 (compatible; meta-webindexer/1.1 (+https://developers.facebook.com/docs/sharing/webmasters/crawler))"
140.111.67.10 - - [22/Aug/2026:07:41:28 +0800] "GET /" 301 273 "-" "-"
2a03:2880:16ff:50:: - - [22/Aug/2026:07:41:28 +0800] "GET /wp-content/uploads/sites/207/6043/6043-1631441.jpg HTTP/1.1" 200 26948 "https://2blog.ilc.edu.tw/6043/page/20/" "Mozilla/5.0 (Windows NT 10.0; Win64; x64) AppleWebKit/537.36 (KHTML, like Gecko) Chrome/145.0.0.0 Safari/537.36 (compatible; meta-webindexer/1.1 (+https://developers.facebook.com/docs/sharing/webmasters/crawler))"
18.117.75.156 - - [22/Aug/2026:07:41:28 +0800] "GET /release/.env HTTP/1.1" 404 50836 "-" "Mozilla/5.0 (Macintosh; Intel Mac OS X 10_15_7) AppleWebKit/537.36 (KHTML, like Gecko) Chrome/131.0.0.0 Safari/537.36"
34.215.240.225 - - [22/Aug/2026:07:41:28 +0800] "GET /backups/.env HTTP/1.1" 404 54906 "-" "Mozilla/5.0 (Windows NT 10.0; Win64; x64) AppleWebKit/537.36 (KHTML, like Gecko) Chrome/131.0.0.0 Safari/537.36"
2a03:2880:10ff:73:: - - [22/Aug/2026:07:41:28 +0800] "GET /6043/wp-includes/js/admin-bar.min.js HTTP/1.1" 200 7031 "https://2blog.ilc.edu.tw/6043/page/20/" "Mozilla/5.0 (Windows NT 10.0; Win64; x64) AppleWebKit/537.36 (KHTML, like Gecko) Chrome/145.0.0.0 Safari/537.36 (compatible; meta-webindexer/1.1 (+https://developers.facebook.com/docs/sharing/webmasters/crawler))"
2a03:2880:18ff:4d:: - - [22/Aug/2026:07:41:28 +0800] "GET /wp-content/uploads/sites/207/6043/6043-1614479.jpg HTTP/1.1" 200 50353 "https://2blog.ilc.edu.tw/6043/page/20/" "Mozilla/5.0 (Windows NT 10.0; Win64; x64) AppleWebKit/537.36 (KHTML, like Gecko) Chrome/145.0.0.0 Safari/537.36 (compatible; meta-webindexer/1.1 (+https://developers.facebook.com/docs/sharing/webmasters/crawler))"
2a03:2880:18ff:4d:: - - [22/Aug/2026:07:41:28 +0800] "GET /6043/wp-includes/js/masonry.min.js HTTP/1.1" 200 13100 "https://2blog.ilc.edu.tw/6043/page/20/" "Mozilla/5.0 (Windows NT 10.0; Win64; x64) AppleWebKit/537.36 (KHTML, like Gecko) Chrome/145.0.0.0 Safari/537.36 (compatible; meta-webindexer/1.1 (+https://developers.facebook.com/docs/sharing/webmasters/crawler))"
2a03:2880:18ff:42:: - - [22/Aug/2026:07:41:28 +0800] "GET /6043/wp-content/themes/scratchpad/js/navigation.js HTTP/1.1" 200 6544 "https://2blog.ilc.edu.tw/6043/page/20/" "Mozilla/5.0 (Windows NT 10.0; Win64; x64) AppleWebKit/537.36 (KHTML, like Gecko) Chrome/145.0.0.0 Safari/537.36 (compatible; meta-webindexer/1.1 (+https://developers.facebook.com/docs/sharing/webmasters/crawler))"
2a03:2880:18ff:32:: - - [22/Aug/2026:07:41:28 +0800] "GET /wp-content/uploads/sites/207/6043/6043-1614481.jpg HTTP/1.1" 200 57871 "https://2blog.ilc.edu.tw/6043/page/20/" "Mozilla/5.0 (Windows NT 10.0; Win64; x64) AppleWebKit/537.36 (KHTML, like Gecko) Chrome/145.0.0.0 Safari/537.36 (compatible; meta-webindexer/1.1 (+https://developers.facebook.com/docs/sharing/webmasters/crawler))"
18.117.75.156 - - [22/Aug/2026:07:41:28 +0800] "GET /releases/.env HTTP/1.1" 404 50836 "-" "Mozilla/5.0 (Macintosh; Intel Mac OS X 10_15_7) AppleWebKit/537.36 (KHTML, like Gecko) Chrome/131.0.0.0 Safari/537.36"
2a03:2880:24ff:4b:: - - [22/Aug/2026:07:41:28 +0800] "GET /wp-content/uploads/sites/207/6043/6043-1584990.jpg HTTP/1.1" 200 56382 "https://2blog.ilc.edu.tw/6043/page/20/" "Mozilla/5.0 (Windows NT 10.0; Win64; x64) AppleWebKit/537.36 (KHTML, like Gecko) Chrome/145.0.0.0 Safari/537.36 (compatible; meta-webindexer/1.1 (+https://developers.facebook.com/docs/sharing/webmasters/crawler))"
2a03:2880:16ff:6:: - - [22/Aug/2026:07:41:28 +0800] "GET /wp-content/uploads/sites/207/6043/6043-1614482.jpg HTTP/1.1" 200 44613 "https://2blog.ilc.edu.tw/6043/page/20/" "Mozilla/5.0 (Windows NT 10.0; Win64; x64) AppleWebKit/537.36 (KHTML, like Gecko) Chrome/145.0.0.0 Safari/537.36 (compatible; meta-webindexer/1.1 (+https://developers.facebook.com/docs/sharing/webmasters/crawler))"
2a03:2880:16ff:3:: - - [22/Aug/2026:07:41:28 +0800] "GET /wp-content/uploads/sites/207/6043/6043-1614478.jpg HTTP/1.1" 200 57512 "https://2blog.ilc.edu.tw/6043/page/20/" "Mozilla/5.0 (Windows NT 10.0; Win64; x64) AppleWebKit/537.36 (KHTML, like Gecko) Chrome/145.0.0.0 Safari/537.36 (compatible; meta-webindexer/1.1 (+https://developers.facebook.com/docs/sharing/webmasters/crawler))"
34.215.240.225 - - [22/Aug/2026:07:41:28 +0800] "GET /old/.env HTTP/1.1" 404 54906 "-" "Mozilla/5.0 (Windows NT 10.0; Win64; x64) AppleWebKit/537.36 (KHTML, like Gecko) Chrome/131.0.0.0 Safari/537.36"
18.117.75.156 - - [22/Aug/2026:07:41:29 +0800] "GET /shared/.env HTTP/1.1" 404 50836 "-" "Mozilla/5.0 (Macintosh; Intel Mac OS X 10_15_7) AppleWebKit/537.36 (KHTML, like Gecko) Chrome/131.0.0.0 Safari/537.36"
::1 - - [22/Aug/2026:07:41:29 +0800] "OPTIONS * HTTP/1.0" 200 110 "-" "Apache/2.4.68 (Ubuntu) OpenSSL/3.0.19 (internal dummy connection)"
18.117.75.156 - - [22/Aug/2026:07:41:29 +0800] "GET /deploy/.env HTTP/1.1" 404 50836 "-" "Mozilla/5.0 (Macintosh; Intel Mac OS X 10_15_7) AppleWebKit/537.36 (KHTML, like Gecko) Chrome/131.0.0.0 Safari/537.36"
34.215.240.225 - - [22/Aug/2026:07:41:29 +0800] "GET /tmp/.env HTTP/1.1" 404 54906 "-" "Mozilla/5.0 (Windows NT 10.0; Win64; x64) AppleWebKit/537.36 (KHTML, like Gecko) Chrome/131.0.0.0 Safari/537.36"
100.55.60.118 - - [22/Aug/2026:07:41:28 +0800] "GET /gateway/.env HTTP/1.1" 404 50089 "-" "Mozilla/5.0 (Windows NT 10.0; Win64; x64) AppleWebKit/537.36 (KHTML, like Gecko) Chrome/131.0.0.0 Safari/537.36"
18.117.75.156 - - [22/Aug/2026:07:41:30 +0800] "GET /build/.env HTTP/1.1" 404 50836 "-" "Mozilla/5.0 (Macintosh; Intel Mac OS X 10_15_7) AppleWebKit/537.36 (KHTML, like Gecko) Chrome/131.0.0.0 Safari/537.36"
216.73.216.20 - - [22/Aug/2026:07:41:30 +0800] "GET /%e6%a0%a1%e6%ad%8c/4/ HTTP/1.1" 301 5818 "-" "Mozilla/5.0 AppleWebKit/537.36 (KHTML, like Gecko; compatible; ClaudeBot/1.0; +claudebot@anthropic.com)"
::1 - - [22/Aug/2026:07:41:30 +0800] "OPTIONS * HTTP/1.0" 200 110 "-" "Apache/2.4.68 (Ubuntu) OpenSSL/3.0.19 (internal dummy connection)"
216.73.216.20 - - [22/Aug/2026:07:41:30 +0800] "GET /%e6%a0%a1%e6%ad%8c/3/ HTTP/1.1" 301 5818 "-" "Mozilla/5.0 AppleWebKit/537.36 (KHTML, like Gecko; compatible; ClaudeBot/1.0; +claudebot@anthropic.com)"
2001:288:a201::67:82 - - [22/Aug/2026:07:41:30 +0800] "POST /%E6%A0%A1%E6%AD%8C/5/?fsm_edd_37394=37755bb53b17cfe612fefa85c2eb2528 HTTP/1.1" 404 82751 "-" "WordPress/6.6.7; https://www.gtes.ilc.edu.tw"
34.215.240.225 - - [22/Aug/2026:07:41:30 +0800] "GET /temp/.env HTTP/1.1" 404 54906 "-" "Mozilla/5.0 (Windows NT 10.0; Win64; x64) AppleWebKit/537.36 (KHTML, like Gecko) Chrome/131.0.0.0 Safari/537.36"
216.73.216.20 - - [22/Aug/2026:07:41:30 +0800] "GET /%e6%a0%a1%e6%ad%8c/2/ HTTP/1.1" 301 5818 "-" "Mozilla/5.0 AppleWebKit/537.36 (KHTML, like Gecko; compatible; ClaudeBot/1.0; +claudebot@anthropic.com)"
216.73.216.20 - - [22/Aug/2026:07:41:30 +0800] "GET /%e6%a0%a1%e6%ad%8c/ HTTP/1.1" 200 20653 "https://www.gtes.ilc.edu.tw/%e6%a0%a1%e6%ad%8c/4/" "Mozilla/5.0 AppleWebKit/537.36 (KHTML, like Gecko; compatible; ClaudeBot/1.0; +claudebot@anthropic.com)"
18.117.75.156 - - [22/Aug/2026:07:41:30 +0800] "GET /dist/.env HTTP/1.1" 404 50836 "-" "Mozilla/5.0 (Macintosh; Intel Mac OS X 10_15_7) AppleWebKit/537.36 (KHTML, like Gecko) Chrome/131.0.0.0 Safari/537.36"
34.123.149.87 - - [22/Aug/2026:07:41:30 +0800] "GET /3860/2013/02/22/%E5%B1%95%E9%9C%B2%E7%9C%9F%E5%A7%BF-%E5%B1%95%E5%87%BA%E8%87%AA%E4%BF%A1%E5%90%8C%E5%88%86%E4%BA%AB%E3%84%8F%E3%84%A7%E3%84%A4%CB%8B%EF%BC%8C-%E9%9C%B2%E6%B0%B4%E6%BB%8B%E9%A4%8A%E4%B8%96/ HTTP/1.1" 200 29747 "-" "Mozilla/5.0 (Macintosh; Intel Mac OS X 10_15_7) AppleWebKit/537.36 (KHTML, like Gecko) Chrome/120.0.0.0 Safari/537.36"
216.73.216.20 - - [22/Aug/2026:07:41:30 +0800] "GET /%e6%a0%a1%e6%ad%8c/ HTTP/1.1" 200 20653 "https://www.gtes.ilc.edu.tw/%e6%a0%a1%e6%ad%8c/3/" "Mozilla/5.0 AppleWebKit/537.36 (KHTML, like Gecko; compatible; ClaudeBot/1.0; +claudebot@anthropic.com)"
216.73.216.20 - - [22/Aug/2026:07:41:30 +0800] "GET /%e6%a0%a1%e6%ad%8c/5/ HTTP/1.1" 301 5818 "-" "Mozilla/5.0 AppleWebKit/537.36 (KHTML, like Gecko; compatible; ClaudeBot/1.0; +claudebot@anthropic.com)"
216.73.216.20 - - [22/Aug/2026:07:41:30 +0800] "GET /%e6%a0%a1%e6%ad%8c/ HTTP/1.1" 200 20653 "https://www.gtes.ilc.edu.tw/%e6%a0%a1%e6%ad%8c/2/" "Mozilla/5.0 AppleWebKit/537.36 (KHTML, like Gecko; compatible; ClaudeBot/1.0; +claudebot@anthropic.com)"
216.73.216.20 - - [22/Aug/2026:07:41:30 +0800] "GET /10889/category/c-4152/c-31307/page/14/ HTTP/1.1" 200 15874 "-" "Mozilla/5.0 AppleWebKit/537.36 (KHTML, like Gecko; compatible; ClaudeBot/1.0; +claudebot@anthropic.com)"
216.73.216.20 - - [22/Aug/2026:07:41:30 +0800] "GET /10889/category/c-4148/c-31311/page/12/ HTTP/1.1" 200 15796 "-" "Mozilla/5.0 AppleWebKit/537.36 (KHTML, like Gecko; compatible; ClaudeBot/1.0; +claudebot@anthropic.com)"
216.73.216.20 - - [22/Aug/2026:07:41:31 +0800] "GET /%e6%a0%a1%e6%ad%8c/ HTTP/1.1" 200 20653 "https://www.gtes.ilc.edu.tw/%e6%a0%a1%e6%ad%8c/5/" "Mozilla/5.0 AppleWebKit/537.36 (KHTML, like Gecko; compatible; ClaudeBot/1.0; +claudebot@anthropic.com)"
216.73.216.20 - - [22/Aug/2026:07:41:30 +0800] "GET /babybaby/category/uncategorized/page/4/ HTTP/1.1" 200 16653 "-" "Mozilla/5.0 AppleWebKit/537.36 (KHTML, like Gecko; compatible; ClaudeBot/1.0; +claudebot@anthropic.com)"
18.117.75.156 - - [22/Aug/2026:07:41:31 +0800] "GET /public_html/.env HTTP/1.1" 404 50836 "-" "Mozilla/5.0 (Macintosh; Intel Mac OS X 10_15_7) AppleWebKit/537.36 (KHTML, like Gecko) Chrome/131.0.0.0 Safari/537.36"
216.73.216.20 - - [22/Aug/2026:07:41:31 +0800] "GET /10889/category/c-4148/c-31311/page/13/ HTTP/1.1" 200 15650 "-" "Mozilla/5.0 AppleWebKit/537.36 (KHTML, like Gecko; compatible; ClaudeBot/1.0; +claudebot@anthropic.com)"
216.73.216.20 - - [22/Aug/2026:07:41:31 +0800] "GET /10889/category/c-4152/c-31307/page/13/ HTTP/1.1" 200 15839 "-" "Mozilla/5.0 AppleWebKit/537.36 (KHTML, like Gecko; compatible; ClaudeBot/1.0; +claudebot@anthropic.com)"
34.215.240.225 - - [22/Aug/2026:07:41:31 +0800] "GET /lab/.env HTTP/1.1" 404 54906 "-" "Mozilla/5.0 (Windows NT 10.0; Win64; x64) AppleWebKit/537.36 (KHTML, like Gecko) Chrome/131.0.0.0 Safari/537.36"
::1 - - [22/Aug/2026:07:41:31 +0800] "OPTIONS * HTTP/1.0" 200 110 "-" "Apache/2.4.68 (Ubuntu) OpenSSL/3.0.19 (internal dummy connection)"
18.117.75.156 - - [22/Aug/2026:07:41:31 +0800] "GET /htdocs/.env HTTP/1.1" 404 50836 "-" "Mozilla/5.0 (Macintosh; Intel Mac OS X 10_15_7) AppleWebKit/537.36 (KHTML, like Gecko) Chrome/131.0.0.0 Safari/537.36"
54.85.126.86 - - [22/Aug/2026:07:41:32 +0800] "GET /wp-content/uploads/sites/712/2020/06/?C=D;O%3DD HTTP/1.1" 200 1112 "-" "Mozilla/5.0 AppleWebKit/537.36 (KHTML, like Gecko; compatible; Amazonbot/0.1; +https://developer.amazon.com/support/amazonbot) Chrome/119.0.6045.214 Safari/537.36"
18.117.75.156 - - [22/Aug/2026:07:41:31 +0800] "GET /www/.env HTTP/1.1" 404 50836 "-" "Mozilla/5.0 (Macintosh; Intel Mac OS X 10_15_7) AppleWebKit/537.36 (KHTML, like Gecko) Chrome/131.0.0.0 Safari/537.36"
34.215.240.225 - - [22/Aug/2026:07:41:31 +0800] "GET /cronlab/.env HTTP/1.1" 404 54906 "-" "Mozilla/5.0 (Windows NT 10.0; Win64; x64) AppleWebKit/537.36 (KHTML, like Gecko) Chrome/131.0.0.0 Safari/537.36"
::1 - - [22/Aug/2026:07:41:32 +0800] "OPTIONS * HTTP/1.0" 200 110 "-" "Apache/2.4.68 (Ubuntu) OpenSSL/3.0.19 (internal dummy connection)"
18.117.75.156 - - [22/Aug/2026:07:41:32 +0800] "GET /html/.env HTTP/1.1" 404 50836 "-" "Mozilla/5.0 (Macintosh; Intel Mac OS X 10_15_7) AppleWebKit/537.36 (KHTML, like Gecko) Chrome/131.0.0.0 Safari/537.36"
44.195.50.71 - - [22/Aug/2026:07:41:32 +0800] "GET /32745/wp-json/wp/v2/posts/56589 HTTP/1.1" 200 16925 "-" "Mozilla/5.0 AppleWebKit/537.36 (KHTML, like Gecko; compatible; Amazonbot/0.1; +https://developer.amazon.com/support/amazonbot) Chrome/119.0.6045.214 Safari/537.36"
100.55.60.118 - - [22/Aug/2026:07:41:30 +0800] "GET /microservice/.env HTTP/1.1" 404 50069 "-" "Mozilla/5.0 (Windows NT 10.0; Win64; x64) AppleWebKit/537.36 (KHTML, like Gecko) Chrome/131.0.0.0 Safari/537.36"
34.215.240.225 - - [22/Aug/2026:07:41:32 +0800] "GET /cron/.env HTTP/1.1" 404 54906 "-" "Mozilla/5.0 (Windows NT 10.0; Win64; x64) AppleWebKit/537.36 (KHTML, like Gecko) Chrome/131.0.0.0 Safari/537.36"
18.117.75.156 - - [22/Aug/2026:07:41:32 +0800] "GET /live/.env HTTP/1.1" 404 50836 "-" "Mozilla/5.0 (Macintosh; Intel Mac OS X 10_15_7) AppleWebKit/537.36 (KHTML, like Gecko) Chrome/131.0.0.0 Safari/537.36"
2001:288:a201::66:125 - - [22/Aug/2026:07:41:33 +0800] "GET /blog/active.php HTTP/1.1" 301 1026 "-" "-"
2001:288:a201::66:125 - - [22/Aug/2026:07:41:33 +0800] "GET /blog/active.php HTTP/1.1" 404 1084 "-" "-"
140.111.67.10 - - [22/Aug/2026:07:41:33 +0800] "GET /" 301 273 "-" "-"
18.117.75.156 - - [22/Aug/2026:07:41:33 +0800] "GET /prod/.env HTTP/1.1" 404 50836 "-" "Mozilla/5.0 (Macintosh; Intel Mac OS X 10_15_7) AppleWebKit/537.36 (KHTML, like Gecko) Chrome/131.0.0.0 Safari/537.36"
::1 - - [22/Aug/2026:07:41:33 +0800] "OPTIONS * HTTP/1.0" 200 110 "-" "Apache/2.4.68 (Ubuntu) OpenSSL/3.0.19 (internal dummy connection)"
34.215.240.225 - - [22/Aug/2026:07:41:33 +0800] "GET /en/.env HTTP/1.1" 404 54906 "-" "Mozilla/5.0 (Windows NT 10.0; Win64; x64) AppleWebKit/537.36 (KHTML, like Gecko) Chrome/131.0.0.0 Safari/537.36"
2409:8774:202f::11f - - [22/Aug/2026:07:41:33 +0800] "GET /2012/10/29/ HTTP/1.1" 200 16073 "-" "Mozilla/5.0 (Windows NT 10.0; Win64; x64) AppleWebKit/537.36 (KHTML, like Gecko) Chrome/144.0.0.0 Safari/537.36"
18.117.75.156 - - [22/Aug/2026:07:41:33 +0800] "GET /dev/.env HTTP/1.1" 404 50836 "-" "Mozilla/5.0 (Macintosh; Intel Mac OS X 10_15_7) AppleWebKit/537.36 (KHTML, like Gecko) Chrome/131.0.0.0 Safari/537.36"
34.215.240.225 - - [22/Aug/2026:07:41:33 +0800] "GET /administrator/.env HTTP/1.1" 404 54906 "-" "Mozilla/5.0 (Windows NT 10.0; Win64; x64) AppleWebKit/537.36 (KHTML, like Gecko) Chrome/131.0.0.0 Safari/537.36"
18.117.75.156 - - [22/Aug/2026:07:41:34 +0800] "GET /staging/.env HTTP/1.1" 404 50836 "-" "Mozilla/5.0 (Macintosh; Intel Mac OS X 10_15_7) AppleWebKit/537.36 (KHTML, like Gecko) Chrome/131.0.0.0 Safari/537.36"
::1 - - [22/Aug/2026:07:41:34 +0800] "OPTIONS * HTTP/1.0" 200 110 "-" "Apache/2.4.68 (Ubuntu) OpenSSL/3.0.19 (internal dummy connection)"
18.117.75.156 - - [22/Aug/2026:07:41:34 +0800] "GET /opt/.env HTTP/1.1" 404 50836 "-" "Mozilla/5.0 (Macintosh; Intel Mac OS X 10_15_7) AppleWebKit/537.36 (KHTML, like Gecko) Chrome/131.0.0.0 Safari/537.36"
34.215.240.225 - - [22/Aug/2026:07:41:34 +0800] "GET /psnlink/.env HTTP/1.1" 404 54906 "-" "Mozilla/5.0 (Windows NT 10.0; Win64; x64) AppleWebKit/537.36 (KHTML, like Gecko) Chrome/131.0.0.0 Safari/537.36"
18.117.75.156 - - [22/Aug/2026:07:41:35 +0800] "GET /laravel/.env HTTP/1.1" 404 50836 "-" "Mozilla/5.0 (Macintosh; Intel Mac OS X 10_15_7) AppleWebKit/537.36 (KHTML, like Gecko) Chrome/131.0.0.0 Safari/537.36"
100.55.60.118 - - [22/Aug/2026:07:41:33 +0800] "GET /service/.env HTTP/1.1" 404 50089 "-" "Mozilla/5.0 (Windows NT 10.0; Win64; x64) AppleWebKit/537.36 (KHTML, like Gecko) Chrome/131.0.0.0 Safari/537.36"
18.117.75.156 - - [22/Aug/2026:07:41:35 +0800] "GET /symfony/.env HTTP/1.1" 404 50836 "-" "Mozilla/5.0 (Macintosh; Intel Mac OS X 10_15_7) AppleWebKit/537.36 (KHTML, like Gecko) Chrome/131.0.0.0 Safari/537.36"
34.215.240.225 - - [22/Aug/2026:07:41:35 +0800] "GET /exapi/.env HTTP/1.1" 404 54906 "-" "Mozilla/5.0 (Windows NT 10.0; Win64; x64) AppleWebKit/537.36 (KHTML, like Gecko) Chrome/131.0.0.0 Safari/537.36"
18.117.75.156 - - [22/Aug/2026:07:41:36 +0800] "GET /wordpress/.env HTTP/1.1" 404 50836 "-" "Mozilla/5.0 (Macintosh; Intel Mac OS X 10_15_7) AppleWebKit/537.36 (KHTML, like Gecko) Chrome/131.0.0.0 Safari/537.36"
34.215.240.225 - - [22/Aug/2026:07:41:36 +0800] "GET /sitemaps/.env HTTP/1.1" 404 54906 "-" "Mozilla/5.0 (Windows NT 10.0; Win64; x64) AppleWebKit/537.36 (KHTML, like Gecko) Chrome/131.0.0.0 Safari/537.36"
::1 - - [22/Aug/2026:07:41:36 +0800] "OPTIONS * HTTP/1.0" 200 110 "-" "Apache/2.4.68 (Ubuntu) OpenSSL/3.0.19 (internal dummy connection)"
18.117.75.156 - - [22/Aug/2026:07:41:36 +0800] "GET /wp/.env HTTP/1.1" 404 50836 "-" "Mozilla/5.0 (Macintosh; Intel Mac OS X 10_15_7) AppleWebKit/537.36 (KHTML, like Gecko) Chrome/131.0.0.0 Safari/537.36"
65.215.43.238 - - [22/Aug/2026:07:41:36 +0800] "GET /868/wp-content/uploads/sites/268/2020/08/02-16.png HTTP/1.1" 200 12591 "https://2blog.ilc.edu.tw/868/44690/" "Mozilla/5.0 (Macintosh; Intel Mac OS X 10_15_7) AppleWebKit/537.36 (KHTML, like Gecko) Chrome/131.0.0.0 Safari/537.36"
1.169.34.163 - - [22/Aug/2026:07:41:37 +0800] "-" 408 4801 "-" "-"
18.117.75.156 - - [22/Aug/2026:07:41:36 +0800] "GET /cms/.env HTTP/1.1" 404 50836 "-" "Mozilla/5.0 (Macintosh; Intel Mac OS X 10_15_7) AppleWebKit/537.36 (KHTML, like Gecko) Chrome/131.0.0.0 Safari/537.36"
2409:8774:202f::11f - - [22/Aug/2026:07:41:37 +0800] "GET /wp-includes/js/hoverintent-js.min.js HTTP/1.1" 200 1597 "https://ilta.ilc.edu.tw/2012/10/29/" "Mozilla/5.0 (Windows NT 10.0; Win64; x64) AppleWebKit/537.36 (KHTML, like Gecko) Chrome/144.0.0.0 Safari/537.36"
34.215.240.225 - - [22/Aug/2026:07:41:36 +0800] "GET /.env.backup1 HTTP/1.1" 404 54906 "-" "Mozilla/5.0 (Windows NT 10.0; Win64; x64) AppleWebKit/537.36 (KHTML, like Gecko) Chrome/131.0.0.0 Safari/537.36"
18.117.75.156 - - [22/Aug/2026:07:41:37 +0800] "GET /drupal/.env HTTP/1.1" 404 50836 "-" "Mozilla/5.0 (Macintosh; Intel Mac OS X 10_15_7) AppleWebKit/537.36 (KHTML, like Gecko) Chrome/131.0.0.0 Safari/537.36"
::1 - - [22/Aug/2026:07:41:37 +0800] "OPTIONS * HTTP/1.0" 200 110 "-" "Apache/2.4.68 (Ubuntu) OpenSSL/3.0.19 (internal dummy connection)"
2409:8774:202f::11f - - [22/Aug/2026:07:41:37 +0800] "GET /wp-content/themes/oceanwp/assets/js/drop-down-search.min.js HTTP/1.1" 200 2968 "https://ilta.ilc.edu.tw/2012/10/29/" "Mozilla/5.0 (Windows NT 10.0; Win64; x64) AppleWebKit/537.36 (KHTML, like Gecko) Chrome/144.0.0.0 Safari/537.36"
18.117.75.156 - - [22/Aug/2026:07:41:37 +0800] "GET /joomla/.env HTTP/1.1" 404 50836 "-" "Mozilla/5.0 (Macintosh; Intel Mac OS X 10_15_7) AppleWebKit/537.36 (KHTML, like Gecko) Chrome/131.0.0.0 Safari/537.36"
34.215.240.225 - - [22/Aug/2026:07:41:37 +0800] "GET /.env.backup2 HTTP/1.1" 404 54906 "-" "Mozilla/5.0 (Windows NT 10.0; Win64; x64) AppleWebKit/537.36 (KHTML, like Gecko) Chrome/131.0.0.0 Safari/537.36"
2001:288:a201::66:125 - - [22/Aug/2026:07:41:38 +0800] "GET /blog/active.php HTTP/1.1" 301 1026 "-" "-"
2001:288:a201::66:125 - - [22/Aug/2026:07:41:38 +0800] "GET /blog/active.php HTTP/1.1" 404 1084 "-" "-"
100.55.60.118 - - [22/Aug/2026:07:41:36 +0800] "GET /api/v3/.env HTTP/1.1" 404 50079 "-" "Mozilla/5.0 (Windows NT 10.0; Win64; x64) AppleWebKit/537.36 (KHTML, like Gecko) Chrome/131.0.0.0 Safari/537.36"
140.111.67.10 - - [22/Aug/2026:07:41:38 +0800] "GET /" 301 273 "-" "-"
52.167.144.171 - - [22/Aug/2026:07:41:38 +0800] "GET /27438/2026/08/01/ HTTP/1.1" 200 15451 "-" "Mozilla/5.0 AppleWebKit/537.36 (KHTML, like Gecko; compatible; bingbot/2.0; +http://www.bing.com/bingbot.htm) Chrome/116.0.1938.76 Safari/537.36"
18.117.75.156 - - [22/Aug/2026:07:41:38 +0800] "GET /magento/.env HTTP/1.1" 404 50836 "-" "Mozilla/5.0 (Macintosh; Intel Mac OS X 10_15_7) AppleWebKit/537.36 (KHTML, like Gecko) Chrome/131.0.0.0 Safari/537.36"
2409:8774:202f::11f - - [22/Aug/2026:07:41:38 +0800] "GET /wp-content/themes/oceanwp/assets/js/vendors/flickity.pkgd.min.js HTTP/1.1" 200 15048 "https://ilta.ilc.edu.tw/2012/10/29/" "Mozilla/5.0 (Windows NT 10.0; Win64; x64) AppleWebKit/537.36 (KHTML, like Gecko) Chrome/144.0.0.0 Safari/537.36"
::1 - - [22/Aug/2026:07:41:38 +0800] "OPTIONS * HTTP/1.0" 200 110 "-" "Apache/2.4.68 (Ubuntu) OpenSSL/3.0.19 (internal dummy connection)"
52.200.142.199 - - [22/Aug/2026:07:41:38 +0800] "GET /wp-content/uploads/sites/848/6554/6554-3341241.jpg HTTP/1.1" 200 52347 "-" "Mozilla/5.0 AppleWebKit/537.36 (KHTML, like Gecko; compatible; Amazonbot/0.1; +https://developer.amazon.com/support/amazonbot) Chrome/119.0.6045.214 Safari/537.36"
2409:8c54:6010:3::2e - - [22/Aug/2026:07:41:37 +0800] "GET /39664/category/c-17494/leader/page/2/ HTTP/1.1" 200 18914 "-" "Mozilla/5.0 (Windows NT 10.0; Win64; x64) AppleWebKit/537.36 (KHTML, like Gecko) Chrome/144.0.0.0 Safari/537.36"
34.215.240.225 - - [22/Aug/2026:07:41:38 +0800] "GET /logs/.env HTTP/1.1" 404 54906 "-" "Mozilla/5.0 (Windows NT 10.0; Win64; x64) AppleWebKit/537.36 (KHTML, like Gecko) Chrome/131.0.0.0 Safari/537.36"
18.117.75.156 - - [22/Aug/2026:07:41:38 +0800] "GET /shopify/.env HTTP/1.1" 404 50836 "-" "Mozilla/5.0 (Macintosh; Intel Mac OS X 10_15_7) AppleWebKit/537.36 (KHTML, like Gecko) Chrome/131.0.0.0 Safari/537.36"
2409:8c54:6010:3::2e - - [22/Aug/2026:07:41:39 +0800] "GET /39664/wp-content/cache/2blog.ilc.edu.tw/wpfc-minified/qx4prmkh/5wp3s.css HTTP/1.1" 200 40888 "https://2blog.ilc.edu.tw/39664/category/c-17494/leader/page/2/" "Mozilla/5.0 (Windows NT 10.0; Win64; x64) AppleWebKit/537.36 (KHTML, like Gecko) Chrome/144.0.0.0 Safari/537.36"
18.117.75.156 - - [22/Aug/2026:07:41:39 +0800] "GET /prestashop/.env HTTP/1.1" 404 50836 "-" "Mozilla/5.0 (Macintosh; Intel Mac OS X 10_15_7) AppleWebKit/537.36 (KHTML, like Gecko) Chrome/131.0.0.0 Safari/537.36"
2409:8c54:6010:3::2e - - [22/Aug/2026:07:41:39 +0800] "GET /39664/wp-content/cache/2blog.ilc.edu.tw/wpfc-minified/f5943mn4/5wp3s.css HTTP/1.1" 200 15782 "https://2blog.ilc.edu.tw/39664/category/c-17494/leader/page/2/" "Mozilla/5.0 (Windows NT 10.0; Win64; x64) AppleWebKit/537.36 (KHTML, like Gecko) Chrome/144.0.0.0 Safari/537.36"
52.167.144.140 - - [22/Aug/2026:07:41:39 +0800] "GET /%E8%B3%87%E6%96%99%E6%9F%A5%E8%A9%A2/%E5%BA%8F%E8%99%9F12%E6%94%AF%E6%8F%B4%E4%BA%BA%E5%93%A1%E8%AA%8D%E8%AD%89 HTTP/1.1" 404 77302 "-" "Mozilla/5.0 AppleWebKit/537.36 (KHTML, like Gecko; compatible; bingbot/2.0; +http://www.bing.com/bingbot.htm) Chrome/116.0.1938.76 Safari/537.36"
2409:8c54:6010:3::2e - - [22/Aug/2026:07:41:39 +0800] "GET /39664/wp-content/cache/2blog.ilc.edu.tw/wpfc-minified/7m6biq18/5wp3s.css HTTP/1.1" 200 1496 "https://2blog.ilc.edu.tw/39664/category/c-17494/leader/page/2/" "Mozilla/5.0 (Windows NT 10.0; Win64; x64) AppleWebKit/537.36 (KHTML, like Gecko) Chrome/144.0.0.0 Safari/537.36"
2409:8c54:6010:3::2e - - [22/Aug/2026:07:41:39 +0800] "GET /39664/wp-content/cache/2blog.ilc.edu.tw/wpfc-minified/kcv8g84j/5wp3s.css HTTP/1.1" 200 53976 "https://2blog.ilc.edu.tw/39664/category/c-17494/leader/page/2/" "Mozilla/5.0 (Windows NT 10.0; Win64; x64) AppleWebKit/537.36 (KHTML, like Gecko) Chrome/144.0.0.0 Safari/537.36"
2409:8c54:6010:3::2e - - [22/Aug/2026:07:41:39 +0800] "GET /39664/wp-includes/js/hoverintent-js.min.js HTTP/1.1" 200 6391 "https://2blog.ilc.edu.tw/39664/category/c-17494/leader/page/2/" "Mozilla/5.0 (Windows NT 10.0; Win64; x64) AppleWebKit/537.36 (KHTML, like Gecko) Chrome/144.0.0.0 Safari/537.36"
2409:8c54:6010:3::2e - - [22/Aug/2026:07:41:39 +0800] "GET /39664/wp-content/cache/2blog.ilc.edu.tw/wpfc-minified/9915ilob/5wp3s.js HTTP/1.1" 200 40360 "https://2blog.ilc.edu.tw/39664/category/c-17494/leader/page/2/" "Mozilla/5.0 (Windows NT 10.0; Win64; x64) AppleWebKit/537.36 (KHTML, like Gecko) Chrome/144.0.0.0 Safari/537.36"
2409:8c54:6010:3::2e - - [22/Aug/2026:07:41:39 +0800] "GET /39664/wp-includes/js/admin-bar.min.js HTTP/1.1" 200 7031 "https://2blog.ilc.edu.tw/39664/category/c-17494/leader/page/2/" "Mozilla/5.0 (Windows NT 10.0; Win64; x64) AppleWebKit/537.36 (KHTML, like Gecko) Chrome/144.0.0.0 Safari/537.36"
34.215.240.225 - - [22/Aug/2026:07:41:39 +0800] "GET /cache/.env HTTP/1.1" 404 54906 "-" "Mozilla/5.0 (Windows NT 10.0; Win64; x64) AppleWebKit/537.36 (KHTML, like Gecko) Chrome/131.0.0.0 Safari/537.36"
2409:8c54:6010:3::2e - - [22/Aug/2026:07:41:39 +0800] "GET /39664/wp-includes/js/imagesloaded.min.js HTTP/1.1" 200 2683 "https://2blog.ilc.edu.tw/39664/category/c-17494/leader/page/2/" "Mozilla/5.0 (Windows NT 10.0; Win64; x64) AppleWebKit/537.36 (KHTML, like Gecko) Chrome/144.0.0.0 Safari/537.36"
2409:8c54:6010:3::2e - - [22/Aug/2026:07:41:39 +0800] "GET /39664/wp-content/themes/oceanwp/assets/js/theme.min.js HTTP/1.1" 200 5130 "https://2blog.ilc.edu.tw/39664/category/c-17494/leader/page/2/" "Mozilla/5.0 (Windows NT 10.0; Win64; x64) AppleWebKit/537.36 (KHTML, like Gecko) Chrome/144.0.0.0 Safari/537.36"
2409:8c54:6010:3::2e - - [22/Aug/2026:07:41:39 +0800] "GET /39664/wp-content/themes/oceanwp/assets/js/drop-down-mobile-menu.min.js HTTP/1.1" 200 4663 "https://2blog.ilc.edu.tw/39664/category/c-17494/leader/page/2/" "Mozilla/5.0 (Windows NT 10.0; Win64; x64) AppleWebKit/537.36 (KHTML, like Gecko) Chrome/144.0.0.0 Safari/537.36"
18.117.75.156 - - [22/Aug/2026:07:41:39 +0800] "GET /codeigniter/.env HTTP/1.1" 404 50836 "-" "Mozilla/5.0 (Macintosh; Intel Mac OS X 10_15_7) AppleWebKit/537.36 (KHTML, like Gecko) Chrome/131.0.0.0 Safari/537.36"
2409:8c54:6010:3::2e - - [22/Aug/2026:07:41:39 +0800] "GET /39664/wp-content/themes/oceanwp/assets/js/drop-down-search.min.js HTTP/1.1" 200 2968 "https://2blog.ilc.edu.tw/39664/category/c-17494/leader/page/2/" "Mozilla/5.0 (Windows NT 10.0; Win64; x64) AppleWebKit/537.36 (KHTML, like Gecko) Chrome/144.0.0.0 Safari/537.36"
2409:8c54:6010:3::2e - - [22/Aug/2026:07:41:39 +0800] "GET /39664/wp-content/themes/oceanwp/assets/js/vendors/magnific-popup.min.js HTTP/1.1" 200 8270 "https://2blog.ilc.edu.tw/39664/category/c-17494/leader/page/2/" "Mozilla/5.0 (Windows NT 10.0; Win64; x64) AppleWebKit/537.36 (KHTML, like Gecko) Chrome/144.0.0.0 Safari/537.36"
2409:8c54:6010:3::2e - - [22/Aug/2026:07:41:39 +0800] "GET /39664/wp-content/themes/oceanwp/assets/js/ow-lightbox.min.js HTTP/1.1" 200 2321 "https://2blog.ilc.edu.tw/39664/category/c-17494/leader/page/2/" "Mozilla/5.0 (Windows NT 10.0; Win64; x64) AppleWebKit/537.36 (KHTML, like Gecko) Chrome/144.0.0.0 Safari/537.36"
2409:8c54:6010:3::2e - - [22/Aug/2026:07:41:39 +0800] "GET /39664/wp-content/themes/oceanwp/assets/js/vendors/flickity.pkgd.min.js HTTP/1.1" 200 15048 "https://2blog.ilc.edu.tw/39664/category/c-17494/leader/page/2/" "Mozilla/5.0 (Windows NT 10.0; Win64; x64) AppleWebKit/537.36 (KHTML, like Gecko) Chrome/144.0.0.0 Safari/537.36"
2409:8c54:6010:3::2e - - [22/Aug/2026:07:41:39 +0800] "GET /39664/wp-content/themes/oceanwp/assets/js/ow-slider.min.js HTTP/1.1" 200 1761 "https://2blog.ilc.edu.tw/39664/category/c-17494/leader/page/2/" "Mozilla/5.0 (Windows NT 10.0; Win64; x64) AppleWebKit/537.36 (KHTML, like Gecko) Chrome/144.0.0.0 Safari/537.36"
2409:8c54:6010:3::2e - - [22/Aug/2026:07:41:39 +0800] "GET /39664/wp-content/themes/oceanwp/assets/js/scroll-effect.min.js HTTP/1.1" 200 4127 "https://2blog.ilc.edu.tw/39664/category/c-17494/leader/page/2/" "Mozilla/5.0 (Windows NT 10.0; Win64; x64) AppleWebKit/537.36 (KHTML, like Gecko) Chrome/144.0.0.0 Safari/537.36"
2409:8c54:6010:3::2e - - [22/Aug/2026:07:41:40 +0800] "GET /39664/wp-content/themes/oceanwp/assets/js/scroll-top.min.js HTTP/1.1" 200 3202 "https://2blog.ilc.edu.tw/39664/category/c-17494/leader/page/2/" "Mozilla/5.0 (Windows NT 10.0; Win64; x64) AppleWebKit/537.36 (KHTML, like Gecko) Chrome/144.0.0.0 Safari/537.36"
2409:8c54:6010:3::2e - - [22/Aug/2026:07:41:40 +0800] "GET /39664/wp-content/themes/oceanwp/assets/js/select.min.js HTTP/1.1" 200 2408 "https://2blog.ilc.edu.tw/39664/category/c-17494/leader/page/2/" "Mozilla/5.0 (Windows NT 10.0; Win64; x64) AppleWebKit/537.36 (KHTML, like Gecko) Chrome/144.0.0.0 Safari/537.36"
18.117.75.156 - - [22/Aug/2026:07:41:40 +0800] "GET /cakephp/.env HTTP/1.1" 404 50836 "-" "Mozilla/5.0 (Macintosh; Intel Mac OS X 10_15_7) AppleWebKit/537.36 (KHTML, like Gecko) Chrome/131.0.0.0 Safari/537.36"
34.215.240.225 - - [22/Aug/2026:07:41:40 +0800] "GET /mailer/.env HTTP/1.1" 404 54906 "-" "Mozilla/5.0 (Windows NT 10.0; Win64; x64) AppleWebKit/537.36 (KHTML, like Gecko) Chrome/131.0.0.0 Safari/537.36"
18.117.75.156 - - [22/Aug/2026:07:41:40 +0800] "GET /zend/.env HTTP/1.1" 404 50836 "-" "Mozilla/5.0 (Macintosh; Intel Mac OS X 10_15_7) AppleWebKit/537.36 (KHTML, like Gecko) Chrome/131.0.0.0 Safari/537.36"
100.55.60.118 - - [22/Aug/2026:07:41:38 +0800] "GET /api/dev/.env HTTP/1.1" 404 50074 "-" "Mozilla/5.0 (Windows NT 10.0; Win64; x64) AppleWebKit/537.36 (KHTML, like Gecko) Chrome/131.0.0.0 Safari/537.36"
85.208.96.196 - - [22/Aug/2026:07:41:40 +0800] "GET /daes501/2025/10/09/%E6%8A%B9%E8%8C%B6%E5%B1%B1/ HTTP/1.1" 200 18564 "-" "Mozilla/5.0 (compatible; SemrushBot/7~bl; +http://www.semrush.com/bot.html)"
18.117.75.156 - - [22/Aug/2026:07:41:40 +0800] "GET /yii/.env HTTP/1.1" 404 50836 "-" "Mozilla/5.0 (Macintosh; Intel Mac OS X 10_15_7) AppleWebKit/537.36 (KHTML, like Gecko) Chrome/131.0.0.0 Safari/537.36"
34.215.240.225 - - [22/Aug/2026:07:41:40 +0800] "GET /mail/.env HTTP/1.1" 404 54906 "-" "Mozilla/5.0 (Windows NT 10.0; Win64; x64) AppleWebKit/537.36 (KHTML, like Gecko) Chrome/131.0.0.0 Safari/537.36"
2a00:ccc0:ffff:ec29:ec29:16d6:ec29:16d6 - - [22/Aug/2026:07:41:40 +0800] "GET / HTTP/1.1" 200 58352 "-" "Mozilla/5.0 (Windows NT 10.0; Win64; x64; rv:148.0) Gecko/20100101 Firefox/148.0"
18.117.75.156 - - [22/Aug/2026:07:41:41 +0800] "GET /laravel5/.env HTTP/1.1" 404 50836 "-" "Mozilla/5.0 (Macintosh; Intel Mac OS X 10_15_7) AppleWebKit/537.36 (KHTML, like Gecko) Chrome/131.0.0.0 Safari/537.36"
34.215.240.225 - - [22/Aug/2026:07:41:41 +0800] "GET /email/.env HTTP/1.1" 404 54906 "-" "Mozilla/5.0 (Windows NT 10.0; Win64; x64) AppleWebKit/537.36 (KHTML, like Gecko) Chrome/131.0.0.0 Safari/537.36"
18.117.75.156 - - [22/Aug/2026:07:41:41 +0800] "GET /v1/.env HTTP/1.1" 404 50836 "-" "Mozilla/5.0 (Macintosh; Intel Mac OS X 10_15_7) AppleWebKit/537.36 (KHTML, like Gecko) Chrome/131.0.0.0 Safari/537.36"
66.249.71.201 - - [22/Aug/2026:07:41:41 +0800] "GET /?page_id=154 HTTP/1.1" 200 17892 "-" "Mozilla/5.0 (Linux; Android 6.0.1; Nexus 5X Build/MMB29P) AppleWebKit/537.36 (KHTML, like Gecko) Chrome/151.0.7922.137 Mobile Safari/537.36 (compatible; Googlebot/2.1; +http://www.google.com/bot.html)"
18.117.75.156 - - [22/Aug/2026:07:41:42 +0800] "GET /v2/.env HTTP/1.1" 404 50836 "-" "Mozilla/5.0 (Macintosh; Intel Mac OS X 10_15_7) AppleWebKit/537.36 (KHTML, like Gecko) Chrome/131.0.0.0 Safari/537.36"
34.215.240.225 - - [22/Aug/2026:07:41:42 +0800] "GET /smtp/.env HTTP/1.1" 404 54906 "-" "Mozilla/5.0 (Windows NT 10.0; Win64; x64) AppleWebKit/537.36 (KHTML, like Gecko) Chrome/131.0.0.0 Safari/537.36"
18.117.75.156 - - [22/Aug/2026:07:41:42 +0800] "GET /v3/.env HTTP/1.1" 404 50836 "-" "Mozilla/5.0 (Macintosh; Intel Mac OS X 10_15_7) AppleWebKit/537.36 (KHTML, like Gecko) Chrome/131.0.0.0 Safari/537.36"
2001:288:a201::66:125 - - [22/Aug/2026:07:41:43 +0800] "GET /blog/active.php HTTP/1.1" 404 1084 "-" "-"
2001:288:a201::66:125 - - [22/Aug/2026:07:41:43 +0800] "GET /blog/active.php HTTP/1.1" 301 1026 "-" "-"
140.111.67.10 - - [22/Aug/2026:07:41:43 +0800] "GET /" 301 273 "-" "-"
18.117.75.156 - - [22/Aug/2026:07:41:43 +0800] "GET /api/v1/.env HTTP/1.1" 404 50836 "-" "Mozilla/5.0 (Macintosh; Intel Mac OS X 10_15_7) AppleWebKit/537.36 (KHTML, like Gecko) Chrome/131.0.0.0 Safari/537.36"
34.215.240.225 - - [22/Aug/2026:07:41:43 +0800] "GET /mailing/.env HTTP/1.1" 404 54906 "-" "Mozilla/5.0 (Windows NT 10.0; Win64; x64) AppleWebKit/537.36 (KHTML, like Gecko) Chrome/131.0.0.0 Safari/537.36"
100.55.60.118 - - [22/Aug/2026:07:41:41 +0800] "GET /api/staging/.env HTTP/1.1" 404 50089 "-" "Mozilla/5.0 (Windows NT 10.0; Win64; x64) AppleWebKit/537.36 (KHTML, like Gecko) Chrome/131.0.0.0 Safari/537.36"
54.225.199.17 - - [22/Aug/2026:07:41:43 +0800] "GET /wp-content/uploads/sites/712/2022/09/?C=M;O%3DA HTTP/1.1" 200 1112 "-" "Mozilla/5.0 AppleWebKit/537.36 (KHTML, like Gecko; compatible; Amazonbot/0.1; +https://developer.amazon.com/support/amazonbot) Chrome/119.0.6045.214 Safari/537.36"
18.117.75.156 - - [22/Aug/2026:07:41:43 +0800] "GET /api/v2/.env HTTP/1.1" 404 50836 "-" "Mozilla/5.0 (Macintosh; Intel Mac OS X 10_15_7) AppleWebKit/537.36 (KHTML, like Gecko) Chrome/131.0.0.0 Safari/537.36"
17.241.227.69 - - [22/Aug/2026:07:41:43 +0800] "GET /6488/2015/11/11/%e9%a6%ac%e8%b3%bd%e5%9c%8b%e5%b0%8f104%e5%b9%b4%e3%80%8c%e9%a6%ac%e8%b3%bd%e8%96%aa%e5%82%b3%e3%80%8d%e8%b7%af%e8%b7%91%e6%b4%bb%e5%8b%95%e8%a8%88%e5%8a%83/ HTTP/1.1" 200 17717 "-" "Mozilla/5.0 (Macintosh; Intel Mac OS X 10_15_7) AppleWebKit/605.1.15 (KHTML, like Gecko) Version/17.4 Safari/605.1.15 (Applebot/0.1; +http://www.apple.com/go/applebot)"
34.215.240.225 - - [22/Aug/2026:07:41:43 +0800] "GET /notifications/.env HTTP/1.1" 404 54906 "-" "Mozilla/5.0 (Windows NT 10.0; Win64; x64) AppleWebKit/537.36 (KHTML, like Gecko) Chrome/131.0.0.0 Safari/537.36"
18.117.75.156 - - [22/Aug/2026:07:41:44 +0800] "GET /rest/.env HTTP/1.1" 404 50836 "-" "Mozilla/5.0 (Macintosh; Intel Mac OS X 10_15_7) AppleWebKit/537.36 (KHTML, like Gecko) Chrome/131.0.0.0 Safari/537.36"
18.117.75.156 - - [22/Aug/2026:07:41:44 +0800] "GET /graphql/.env HTTP/1.1" 404 50836 "-" "Mozilla/5.0 (Macintosh; Intel Mac OS X 10_15_7) AppleWebKit/537.36 (KHTML, like Gecko) Chrome/131.0.0.0 Safari/537.36"
34.215.240.225 - - [22/Aug/2026:07:41:44 +0800] "GET /notify/.env HTTP/1.1" 404 54906 "-" "Mozilla/5.0 (Windows NT 10.0; Win64; x64) AppleWebKit/537.36 (KHTML, like Gecko) Chrome/131.0.0.0 Safari/537.36"
18.117.75.156 - - [22/Aug/2026:07:41:44 +0800] "GET /gateway/.env HTTP/1.1" 404 50836 "-" "Mozilla/5.0 (Macintosh; Intel Mac OS X 10_15_7) AppleWebKit/537.36 (KHTML, like Gecko) Chrome/131.0.0.0 Safari/537.36"
34.56.53.225 - - [22/Aug/2026:07:41:45 +0800] "GET /34299/2021/10/26/%E5%AE%9C%E8%98%AD%E7%B8%A3%E7%AB%8B%E5%90%B3%E6%B2%99%E5%9C%8B%E6%B0%91%E4%B8%AD%E5%AD%B8109%E5%AD%B8%E5%B9%B4%E5%BA%A6%E6%8E%A8%E5%8B%95%E5%AD%B8%E6%A0%A1%E6%AF%8D%E8%AA%9E%E6%97%A5%E6%95%99/ HTTP/1.1" 200 31634 "-" "Mozilla/5.0 (Macintosh; Intel Mac OS X 10_15_7) AppleWebKit/537.36 (KHTML, like Gecko) Chrome/120.0.0.0 Safari/537.36"
34.215.240.225 - - [22/Aug/2026:07:41:45 +0800] "GET /sender/.env HTTP/1.1" 404 54906 "-" "Mozilla/5.0 (Windows NT 10.0; Win64; x64) AppleWebKit/537.36 (KHTML, like Gecko) Chrome/131.0.0.0 Safari/537.36"
18.117.75.156 - - [22/Aug/2026:07:41:45 +0800] "GET /microservice/.env HTTP/1.1" 404 50836 "-" "Mozilla/5.0 (Macintosh; Intel Mac OS X 10_15_7) AppleWebKit/537.36 (KHTML, like Gecko) Chrome/131.0.0.0 Safari/537.36"
::1 - - [22/Aug/2026:07:41:45 +0800] "OPTIONS * HTTP/1.0" 200 110 "-" "Apache/2.4.68 (Ubuntu) OpenSSL/3.0.19 (internal dummy connection)"
96.77.190.57 - - [22/Aug/2026:07:41:45 +0800] "GET /blog/gallery/5828/5828-486775.jpg HTTP/1.1" 301 1099 "http://94i.club/" "Mozilla/5.0 (Linux; Android 6.0; Nexus 5 Build/MRA58N) AppleWebKit/537.36 (KHTML, like Gecko) Chrome/65.0.3325.181 Mobile Safari/537.36"
2407:4b00:4c01:9cf3:3812:a142:a3ee:38fd - - [22/Aug/2026:07:41:45 +0800] "GET / HTTP/1.1" 200 29749 "-" "Mozilla/5.0 (Windows NT 10.0; Win64; x64) AppleWebKit/537.36 (KHTML, like Gecko) Chrome/151.0.0.0 Safari/537.36"
18.117.75.156 - - [22/Aug/2026:07:41:45 +0800] "GET /service/.env HTTP/1.1" 404 50836 "-" "Mozilla/5.0 (Macintosh; Intel Mac OS X 10_15_7) AppleWebKit/537.36 (KHTML, like Gecko) Chrome/131.0.0.0 Safari/537.36"
100.55.60.118 - - [22/Aug/2026:07:41:44 +0800] "GET /vendor/.env HTTP/1.1" 404 50069 "-" "Mozilla/5.0 (Windows NT 10.0; Win64; x64) AppleWebKit/537.36 (KHTML, like Gecko) Chrome/131.0.0.0 Safari/537.36"
34.215.240.225 - - [22/Aug/2026:07:41:45 +0800] "GET /campaign/.env HTTP/1.1" 404 54906 "-" "Mozilla/5.0 (Windows NT 10.0; Win64; x64) AppleWebKit/537.36 (KHTML, like Gecko) Chrome/131.0.0.0 Safari/537.36"
18.117.75.156 - - [22/Aug/2026:07:41:46 +0800] "GET /api/v3/.env HTTP/1.1" 404 50836 "-" "Mozilla/5.0 (Macintosh; Intel Mac OS X 10_15_7) AppleWebKit/537.36 (KHTML, like Gecko) Chrome/131.0.0.0 Safari/537.36"
::1 - - [22/Aug/2026:07:41:46 +0800] "OPTIONS * HTTP/1.0" 200 110 "-" "Apache/2.4.68 (Ubuntu) OpenSSL/3.0.19 (internal dummy connection)"
18.117.75.156 - - [22/Aug/2026:07:41:46 +0800] "GET /api/dev/.env HTTP/1.1" 404 50836 "-" "Mozilla/5.0 (Macintosh; Intel Mac OS X 10_15_7) AppleWebKit/537.36 (KHTML, like Gecko) Chrome/131.0.0.0 Safari/537.36"
34.215.240.225 - - [22/Aug/2026:07:41:46 +0800] "GET /newsletter/.env HTTP/1.1" 404 54906 "-" "Mozilla/5.0 (Windows NT 10.0; Win64; x64) AppleWebKit/537.36 (KHTML, like Gecko) Chrome/131.0.0.0 Safari/537.36"
18.117.75.156 - - [22/Aug/2026:07:41:47 +0800] "GET /api/staging/.env HTTP/1.1" 404 50836 "-" "Mozilla/5.0 (Macintosh; Intel Mac OS X 10_15_7) AppleWebKit/537.36 (KHTML, like Gecko) Chrome/131.0.0.0 Safari/537.36"
::1 - - [22/Aug/2026:07:41:47 +0800] "OPTIONS * HTTP/1.0" 200 110 "-" "Apache/2.4.68 (Ubuntu) OpenSSL/3.0.19 (internal dummy connection)"
44.206.65.8 - - [22/Aug/2026:07:41:47 +0800] "GET /wp-content/uploads/sites/847/6483/previews/6483-1259714.gif HTTP/1.1" 200 48010 "-" "Mozilla/5.0 AppleWebKit/537.36 (KHTML, like Gecko; compatible; Amazonbot/0.1; +https://developer.amazon.com/support/amazonbot) Chrome/119.0.6045.214 Safari/537.36"
34.215.240.225 - - [22/Aug/2026:07:41:47 +0800] "GET /ses/.env HTTP/1.1" 404 54906 "-" "Mozilla/5.0 (Windows NT 10.0; Win64; x64) AppleWebKit/537.36 (KHTML, like Gecko) Chrome/131.0.0.0 Safari/537.36"
34.61.96.6 - - [22/Aug/2026:07:41:47 +0800] "GET /6569/2014/11/24/103_2-3_%E6%95%99%E8%81%B7%E5%93%A1%E7%92%B0%E5%A2%83%E6%95%99%E8%82%B2%E7%A0%94%E7%BF%92%E5%A4%A7%E5%AE%89%E8%97%A5%E5%9C%92%E4%B9%8B%E6%97%85/ HTTP/1.1" 200 16083 "-" "Mozilla/5.0 (Macintosh; Intel Mac OS X 10_15_7) AppleWebKit/537.36 (KHTML, like Gecko) Chrome/120.0.0.0 Safari/537.36"
18.117.75.156 - - [22/Aug/2026:07:41:47 +0800] "GET /vendor/.env HTTP/1.1" 404 50836 "-" "Mozilla/5.0 (Macintosh; Intel Mac OS X 10_15_7) AppleWebKit/537.36 (KHTML, like Gecko) Chrome/131.0.0.0 Safari/537.36"
52.200.58.199 - - [22/Aug/2026:07:41:47 +0800] "GET /4366/2012/04/17/%E5%AD%B8%E6%A0%A1%E6%B2%BF%E9%9D%A9/ HTTP/1.1" 200 15001 "-" "Mozilla/5.0 AppleWebKit/537.36 (KHTML, like Gecko; compatible; Amazonbot/0.1; +https://developer.amazon.com/support/amazonbot) Chrome/119.0.6045.214 Safari/537.36"
2001:288:a201::66:125 - - [22/Aug/2026:07:41:48 +0800] "GET /blog/active.php HTTP/1.1" 301 1026 "-" "-"
2001:288:a201::66:125 - - [22/Aug/2026:07:41:48 +0800] "GET /blog/active.php HTTP/1.1" 404 1084 "-" "-"
18.117.75.156 - - [22/Aug/2026:07:41:48 +0800] "GET /lib/.env HTTP/1.1" 404 50836 "-" "Mozilla/5.0 (Macintosh; Intel Mac OS X 10_15_7) AppleWebKit/537.36 (KHTML, like Gecko) Chrome/131.0.0.0 Safari/537.36"
85.208.96.194 - - [22/Aug/2026:07:41:48 +0800] "GET /amy6998/2022/10/13/111%E5%B9%B410%E6%9C%886%E6%97%A5%E6%80%A1%E9%9D%9C%E8%80%81%E5%B8%AB%E7%94%9F%E6%97%A5%E5%BF%AB%E6%A8%82/ HTTP/1.1" 200 17686 "-" "Mozilla/5.0 (compatible; SemrushBot/7~bl; +http://www.semrush.com/bot.html)"
140.111.67.10 - - [22/Aug/2026:07:41:48 +0800] "GET /" 301 273 "-" "-"
34.215.240.225 - - [22/Aug/2026:07:41:48 +0800] "GET /sendgrid/.env HTTP/1.1" 404 54906 "-" "Mozilla/5.0 (Windows NT 10.0; Win64; x64) AppleWebKit/537.36 (KHTML, like Gecko) Chrome/131.0.0.0 Safari/537.36"
::1 - - [22/Aug/2026:07:41:48 +0800] "OPTIONS * HTTP/1.0" 200 110 "-" "Apache/2.4.68 (Ubuntu) OpenSSL/3.0.19 (internal dummy connection)"
18.117.75.156 - - [22/Aug/2026:07:41:48 +0800] "GET /resources/.env HTTP/1.1" 404 50836 "-" "Mozilla/5.0 (Macintosh; Intel Mac OS X 10_15_7) AppleWebKit/537.36 (KHTML, like Gecko) Chrome/131.0.0.0 Safari/537.36"
100.55.60.118 - - [22/Aug/2026:07:41:46 +0800] "GET /lib/.env HTTP/1.1" 404 50074 "-" "Mozilla/5.0 (Windows NT 10.0; Win64; x64) AppleWebKit/537.36 (KHTML, like Gecko) Chrome/131.0.0.0 Safari/537.36"
34.215.240.225 - - [22/Aug/2026:07:41:48 +0800] "GET /sparkpost/.env HTTP/1.1" 404 54906 "-" "Mozilla/5.0 (Windows NT 10.0; Win64; x64) AppleWebKit/537.36 (KHTML, like Gecko) Chrome/131.0.0.0 Safari/537.36"
18.117.75.156 - - [22/Aug/2026:07:41:48 +0800] "GET /assets/.env HTTP/1.1" 404 50836 "-" "Mozilla/5.0 (Macintosh; Intel Mac OS X 10_15_7) AppleWebKit/537.36 (KHTML, like Gecko) Chrome/131.0.0.0 Safari/537.36"
18.117.75.156 - - [22/Aug/2026:07:41:49 +0800] "GET /uploads/.env HTTP/1.1" 404 50836 "-" "Mozilla/5.0 (Macintosh; Intel Mac OS X 10_15_7) AppleWebKit/537.36 (KHTML, like Gecko) Chrome/131.0.0.0 Safari/537.36"
::1 - - [22/Aug/2026:07:41:49 +0800] "OPTIONS * HTTP/1.0" 200 110 "-" "Apache/2.4.68 (Ubuntu) OpenSSL/3.0.19 (internal dummy connection)"
17.246.19.168 - - [22/Aug/2026:07:41:49 +0800] "GET /wp-content/plugins/google-drive-embedder/css/gdm-blocks.css HTTP/1.1" 200 5961 "https://www.ltjh.ilc.edu.tw/?p=2559" "Mozilla/5.0 (Macintosh; Intel Mac OS X 10_15_7) AppleWebKit/605.1.15 (KHTML, like Gecko) Version/17.4 Safari/605.1.15 (Applebot/0.1; +http://www.apple.com/go/applebot)"
34.215.240.225 - - [22/Aug/2026:07:41:49 +0800] "GET /postmark/.env HTTP/1.1" 404 54906 "-" "Mozilla/5.0 (Windows NT 10.0; Win64; x64) AppleWebKit/537.36 (KHTML, like Gecko) Chrome/131.0.0.0 Safari/537.36"
18.117.75.156 - - [22/Aug/2026:07:41:49 +0800] "GET /internal/.env HTTP/1.1" 404 50836 "-" "Mozilla/5.0 (Macintosh; Intel Mac OS X 10_15_7) AppleWebKit/537.36 (KHTML, like Gecko) Chrome/131.0.0.0 Safari/537.36"
34.215.240.225 - - [22/Aug/2026:07:41:50 +0800] "GET /mailgun/.env HTTP/1.1" 404 54906 "-" "Mozilla/5.0 (Windows NT 10.0; Win64; x64) AppleWebKit/537.36 (KHTML, like Gecko) Chrome/131.0.0.0 Safari/537.36"
18.117.75.156 - - [22/Aug/2026:07:41:50 +0800] "GET /tools/.env HTTP/1.1" 404 50836 "-" "Mozilla/5.0 (Macintosh; Intel Mac OS X 10_15_7) AppleWebKit/537.36 (KHTML, like Gecko) Chrome/131.0.0.0 Safari/537.36"
2408:872f:c00:408::16c - - [22/Aug/2026:07:41:50 +0800] "GET /2010/12/29 HTTP/1.1" 301 5761 "-" "Mozilla/5.0 (Windows NT 10.0; Win64; x64) AppleWebKit/537.36 (KHTML, like Gecko) Chrome/144.0.0.0 Safari/537.36"
17.246.19.168 - - [22/Aug/2026:07:41:50 +0800] "GET /wp-content/themes/toujours/genericons/genericons.css HTTP/1.1" 200 17403 "https://www.ltjh.ilc.edu.tw/?p=2559" "Mozilla/5.0 (Macintosh; Intel Mac OS X 10_15_7) AppleWebKit/605.1.15 (KHTML, like Gecko) Version/17.4 Safari/605.1.15 (Applebot/0.1; +http://www.apple.com/go/applebot)"
64.204.225.190 - - [22/Aug/2026:07:41:50 +0800] "GET /868/wp-content/uploads/sites/268/2020/08/%E7%A8%8B%E5%BC%8F1.png HTTP/1.1" 200 125299 "https://2blog.ilc.edu.tw/868/44690/" "Mozilla/5.0 (Macintosh; Intel Mac OS X 10_15_7) AppleWebKit/537.36 (KHTML, like Gecko) Chrome/131.0.0.0 Safari/537.36"
2408:872f:c00:408::16c - - [22/Aug/2026:07:41:50 +0800] "GET /2010/12/29/ HTTP/1.1" 200 10759 "-" "Mozilla/5.0 (Windows NT 10.0; Win64; x64) AppleWebKit/537.36 (KHTML, like Gecko) Chrome/144.0.0.0 Safari/537.36"
18.117.75.156 - - [22/Aug/2026:07:41:50 +0800] "GET /scripts/.env HTTP/1.1" 404 50836 "-" "Mozilla/5.0 (Macintosh; Intel Mac OS X 10_15_7) AppleWebKit/537.36 (KHTML, like Gecko) Chrome/131.0.0.0 Safari/537.36"
52.167.144.160 - - [22/Aug/2026:07:41:50 +0800] "GET /?s=%E6%AE%98%E9%85%B7%E4%BA%8C%E9%81%B8%E4%B8%80%E9%A1%8C%E7%9B%AE HTTP/1.1" 200 20491 "-" "Mozilla/5.0 AppleWebKit/537.36 (KHTML, like Gecko; compatible; bingbot/2.0; +http://www.bing.com/bingbot.htm) Chrome/116.0.1938.76 Safari/537.36"
2408:872f:c00:408::16c - - [22/Aug/2026:07:41:51 +0800] "GET /wp-content/cache/ilta.ilc.edu.tw/wpfc-minified/30cml7nx/6wvk.css HTTP/1.1" 200 40877 "https://ilta.ilc.edu.tw/2010/12/29/" "Mozilla/5.0 (Windows NT 10.0; Win64; x64) AppleWebKit/537.36 (KHTML, like Gecko) Chrome/144.0.0.0 Safari/537.36"
34.215.240.225 - - [22/Aug/2026:07:41:50 +0800] "GET /mandrill/.env HTTP/1.1" 404 54906 "-" "Mozilla/5.0 (Windows NT 10.0; Win64; x64) AppleWebKit/537.36 (KHTML, like Gecko) Chrome/131.0.0.0 Safari/537.36"
