[Sat Aug 22 00:45:19.209019 2026] [ssl:debug] [pid 613398:tid 613398] ssl_engine_kernel.c(254): [client 2407:4d00:5c06:813b:cf08:1b28:f4ac:a7df:55470] AH02034: Subsequent (No.6) HTTPS request received for child 0 (server www.tces.ilc.edu.tw:443), referer: https://www.tces.ilc.edu.tw/2020/08/03/%E7%8F%AD%E7%B4%9A%E4%BA%BA%E6%95%B8/
[Sat Aug 22 00:45:19.209559 2026] [authz_core:debug] [pid 613398:tid 613398] mod_authz_core.c(815): [client 2407:4d00:5c06:813b:cf08:1b28:f4ac:a7df:55470] AH01626: authorization result of Require all granted: granted, referer: https://www.tces.ilc.edu.tw/2020/08/03/%E7%8F%AD%E7%B4%9A%E4%BA%BA%E6%95%B8/
[Sat Aug 22 00:45:19.209566 2026] [authz_core:debug] [pid 613398:tid 613398] mod_authz_core.c(815): [client 2407:4d00:5c06:813b:cf08:1b28:f4ac:a7df:55470] AH01626: authorization result of : granted, referer: https://www.tces.ilc.edu.tw/2020/08/03/%E7%8F%AD%E7%B4%9A%E4%BA%BA%E6%95%B8/
[Sat Aug 22 00:45:19.238334 2026] [ssl:debug] [pid 613441:tid 613441] ssl_engine_kernel.c(254): [client 2407:4d00:5c06:813b:cf08:1b28:f4ac:a7df:55464] AH02034: Subsequent (No.11) HTTPS request received for child 29 (server www.tces.ilc.edu.tw:443), referer: https://www.tces.ilc.edu.tw/2020/08/03/%E7%8F%AD%E7%B4%9A%E4%BA%BA%E6%95%B8/
[Sat Aug 22 00:45:19.238912 2026] [authz_core:debug] [pid 613441:tid 613441] mod_authz_core.c(815): [client 2407:4d00:5c06:813b:cf08:1b28:f4ac:a7df:55464] AH01626: authorization result of Require all granted: granted, referer: https://www.tces.ilc.edu.tw/2020/08/03/%E7%8F%AD%E7%B4%9A%E4%BA%BA%E6%95%B8/
[Sat Aug 22 00:45:19.238918 2026] [authz_core:debug] [pid 613441:tid 613441] mod_authz_core.c(815): [client 2407:4d00:5c06:813b:cf08:1b28:f4ac:a7df:55464] AH01626: authorization result of : granted, referer: https://www.tces.ilc.edu.tw/2020/08/03/%E7%8F%AD%E7%B4%9A%E4%BA%BA%E6%95%B8/
[Sat Aug 22 00:45:19.242297 2026] [ssl:debug] [pid 613400:tid 613400] ssl_engine_kernel.c(254): [client 2407:4d00:5c06:813b:cf08:1b28:f4ac:a7df:55512] AH02034: Subsequent (No.12) HTTPS request received for child 3 (server www.tces.ilc.edu.tw:443), referer: https://www.tces.ilc.edu.tw/2020/08/03/%E7%8F%AD%E7%B4%9A%E4%BA%BA%E6%95%B8/
[Sat Aug 22 00:45:19.242317 2026] [ssl:debug] [pid 613322:tid 613322] ssl_engine_kernel.c(254): [client 2407:4d00:5c06:813b:cf08:1b28:f4ac:a7df:55508] AH02034: Subsequent (No.4) HTTPS request received for child 5 (server www.tces.ilc.edu.tw:443), referer: https://www.tces.ilc.edu.tw/2020/08/03/%E7%8F%AD%E7%B4%9A%E4%BA%BA%E6%95%B8/
[Sat Aug 22 00:45:19.242707 2026] [authz_core:debug] [pid 613400:tid 613400] mod_authz_core.c(815): [client 2407:4d00:5c06:813b:cf08:1b28:f4ac:a7df:55512] AH01626: authorization result of Require all granted: granted, referer: https://www.tces.ilc.edu.tw/2020/08/03/%E7%8F%AD%E7%B4%9A%E4%BA%BA%E6%95%B8/
[Sat Aug 22 00:45:19.242715 2026] [authz_core:debug] [pid 613400:tid 613400] mod_authz_core.c(815): [client 2407:4d00:5c06:813b:cf08:1b28:f4ac:a7df:55512] AH01626: authorization result of : granted, referer: https://www.tces.ilc.edu.tw/2020/08/03/%E7%8F%AD%E7%B4%9A%E4%BA%BA%E6%95%B8/
[Sat Aug 22 00:45:19.242998 2026] [authz_core:debug] [pid 613322:tid 613322] mod_authz_core.c(815): [client 2407:4d00:5c06:813b:cf08:1b28:f4ac:a7df:55508] AH01626: authorization result of Require all granted: granted, referer: https://www.tces.ilc.edu.tw/2020/08/03/%E7%8F%AD%E7%B4%9A%E4%BA%BA%E6%95%B8/
[Sat Aug 22 00:45:19.243004 2026] [authz_core:debug] [pid 613322:tid 613322] mod_authz_core.c(815): [client 2407:4d00:5c06:813b:cf08:1b28:f4ac:a7df:55508] AH01626: authorization result of : granted, referer: https://www.tces.ilc.edu.tw/2020/08/03/%E7%8F%AD%E7%B4%9A%E4%BA%BA%E6%95%B8/
[Sat Aug 22 00:45:19.246647 2026] [ssl:debug] [pid 613911:tid 613911] ssl_engine_kernel.c(254): [client 2407:4d00:5c06:813b:cf08:1b28:f4ac:a7df:55486] AH02034: Subsequent (No.10) HTTPS request received for child 15 (server www.tces.ilc.edu.tw:443), referer: https://www.tces.ilc.edu.tw/2020/08/03/%E7%8F%AD%E7%B4%9A%E4%BA%BA%E6%95%B8/
[Sat Aug 22 00:45:19.246670 2026] [ssl:debug] [pid 613398:tid 613398] ssl_engine_kernel.c(254): [client 2407:4d00:5c06:813b:cf08:1b28:f4ac:a7df:55470] AH02034: Subsequent (No.7) HTTPS request received for child 0 (server www.tces.ilc.edu.tw:443), referer: https://www.tces.ilc.edu.tw/2020/08/03/%E7%8F%AD%E7%B4%9A%E4%BA%BA%E6%95%B8/
[Sat Aug 22 00:45:19.247060 2026] [authz_core:debug] [pid 613911:tid 613911] mod_authz_core.c(815): [client 2407:4d00:5c06:813b:cf08:1b28:f4ac:a7df:55486] AH01626: authorization result of Require all granted: granted, referer: https://www.tces.ilc.edu.tw/2020/08/03/%E7%8F%AD%E7%B4%9A%E4%BA%BA%E6%95%B8/
[Sat Aug 22 00:45:19.247066 2026] [authz_core:debug] [pid 613911:tid 613911] mod_authz_core.c(815): [client 2407:4d00:5c06:813b:cf08:1b28:f4ac:a7df:55486] AH01626: authorization result of : granted, referer: https://www.tces.ilc.edu.tw/2020/08/03/%E7%8F%AD%E7%B4%9A%E4%BA%BA%E6%95%B8/
[Sat Aug 22 00:45:19.247114 2026] [authz_core:debug] [pid 613398:tid 613398] mod_authz_core.c(815): [client 2407:4d00:5c06:813b:cf08:1b28:f4ac:a7df:55470] AH01626: authorization result of Require all granted: granted, referer: https://www.tces.ilc.edu.tw/2020/08/03/%E7%8F%AD%E7%B4%9A%E4%BA%BA%E6%95%B8/
[Sat Aug 22 00:45:19.247123 2026] [authz_core:debug] [pid 613398:tid 613398] mod_authz_core.c(815): [client 2407:4d00:5c06:813b:cf08:1b28:f4ac:a7df:55470] AH01626: authorization result of : granted, referer: https://www.tces.ilc.edu.tw/2020/08/03/%E7%8F%AD%E7%B4%9A%E4%BA%BA%E6%95%B8/
[Sat Aug 22 00:45:19.275405 2026] [ssl:debug] [pid 613311:tid 613311] ssl_engine_io.c(1150): [client 2a13:dcc7:e4c1:8a67:e09a:2466:2e56:b56:55415] AH02001: Connection closed to child 4 with standard shutdown (server isupport.ilc.edu.tw:443)
[Sat Aug 22 00:45:19.280239 2026] [ssl:debug] [pid 613400:tid 613400] ssl_engine_kernel.c(254): [client 2407:4d00:5c06:813b:cf08:1b28:f4ac:a7df:55512] AH02034: Subsequent (No.13) HTTPS request received for child 3 (server www.tces.ilc.edu.tw:443), referer: https://www.tces.ilc.edu.tw/2020/08/03/%E7%8F%AD%E7%B4%9A%E4%BA%BA%E6%95%B8/
[Sat Aug 22 00:45:19.280995 2026] [authz_core:debug] [pid 613400:tid 613400] mod_authz_core.c(815): [client 2407:4d00:5c06:813b:cf08:1b28:f4ac:a7df:55512] AH01626: authorization result of Require all granted: granted, referer: https://www.tces.ilc.edu.tw/2020/08/03/%E7%8F%AD%E7%B4%9A%E4%BA%BA%E6%95%B8/
[Sat Aug 22 00:45:19.281010 2026] [authz_core:debug] [pid 613400:tid 613400] mod_authz_core.c(815): [client 2407:4d00:5c06:813b:cf08:1b28:f4ac:a7df:55512] AH01626: authorization result of : granted, referer: https://www.tces.ilc.edu.tw/2020/08/03/%E7%8F%AD%E7%B4%9A%E4%BA%BA%E6%95%B8/
[Sat Aug 22 00:45:19.284387 2026] [ssl:debug] [pid 613441:tid 613441] ssl_engine_kernel.c(254): [client 2407:4d00:5c06:813b:cf08:1b28:f4ac:a7df:55464] AH02034: Subsequent (No.12) HTTPS request received for child 29 (server www.tces.ilc.edu.tw:443), referer: https://www.tces.ilc.edu.tw/2020/08/03/%E7%8F%AD%E7%B4%9A%E4%BA%BA%E6%95%B8/
[Sat Aug 22 00:45:19.284387 2026] [ssl:debug] [pid 613398:tid 613398] ssl_engine_kernel.c(254): [client 2407:4d00:5c06:813b:cf08:1b28:f4ac:a7df:55470] AH02034: Subsequent (No.8) HTTPS request received for child 0 (server www.tces.ilc.edu.tw:443), referer: https://www.tces.ilc.edu.tw/2020/08/03/%E7%8F%AD%E7%B4%9A%E4%BA%BA%E6%95%B8/
[Sat Aug 22 00:45:19.284890 2026] [authz_core:debug] [pid 613441:tid 613441] mod_authz_core.c(815): [client 2407:4d00:5c06:813b:cf08:1b28:f4ac:a7df:55464] AH01626: authorization result of Require all granted: granted, referer: https://www.tces.ilc.edu.tw/2020/08/03/%E7%8F%AD%E7%B4%9A%E4%BA%BA%E6%95%B8/
[Sat Aug 22 00:45:19.284906 2026] [authz_core:debug] [pid 613441:tid 613441] mod_authz_core.c(815): [client 2407:4d00:5c06:813b:cf08:1b28:f4ac:a7df:55464] AH01626: authorization result of : granted, referer: https://www.tces.ilc.edu.tw/2020/08/03/%E7%8F%AD%E7%B4%9A%E4%BA%BA%E6%95%B8/
[Sat Aug 22 00:45:19.284972 2026] [authz_core:debug] [pid 613398:tid 613398] mod_authz_core.c(815): [client 2407:4d00:5c06:813b:cf08:1b28:f4ac:a7df:55470] AH01626: authorization result of Require all granted: granted, referer: https://www.tces.ilc.edu.tw/2020/08/03/%E7%8F%AD%E7%B4%9A%E4%BA%BA%E6%95%B8/
[Sat Aug 22 00:45:19.284981 2026] [authz_core:debug] [pid 613398:tid 613398] mod_authz_core.c(815): [client 2407:4d00:5c06:813b:cf08:1b28:f4ac:a7df:55470] AH01626: authorization result of : granted, referer: https://www.tces.ilc.edu.tw/2020/08/03/%E7%8F%AD%E7%B4%9A%E4%BA%BA%E6%95%B8/
[Sat Aug 22 00:45:19.288492 2026] [ssl:debug] [pid 613911:tid 613911] ssl_engine_kernel.c(254): [client 2407:4d00:5c06:813b:cf08:1b28:f4ac:a7df:55486] AH02034: Subsequent (No.11) HTTPS request received for child 15 (server www.tces.ilc.edu.tw:443), referer: https://www.tces.ilc.edu.tw/2020/08/03/%E7%8F%AD%E7%B4%9A%E4%BA%BA%E6%95%B8/
[Sat Aug 22 00:45:19.288868 2026] [authz_core:debug] [pid 613911:tid 613911] mod_authz_core.c(815): [client 2407:4d00:5c06:813b:cf08:1b28:f4ac:a7df:55486] AH01626: authorization result of Require all granted: granted, referer: https://www.tces.ilc.edu.tw/2020/08/03/%E7%8F%AD%E7%B4%9A%E4%BA%BA%E6%95%B8/
[Sat Aug 22 00:45:19.288875 2026] [authz_core:debug] [pid 613911:tid 613911] mod_authz_core.c(815): [client 2407:4d00:5c06:813b:cf08:1b28:f4ac:a7df:55486] AH01626: authorization result of : granted, referer: https://www.tces.ilc.edu.tw/2020/08/03/%E7%8F%AD%E7%B4%9A%E4%BA%BA%E6%95%B8/
[Sat Aug 22 00:45:19.318009 2026] [ssl:debug] [pid 613322:tid 613322] ssl_engine_kernel.c(254): [client 2407:4d00:5c06:813b:cf08:1b28:f4ac:a7df:55508] AH02034: Subsequent (No.5) HTTPS request received for child 5 (server www.tces.ilc.edu.tw:443), referer: https://www.tces.ilc.edu.tw/2020/08/03/%E7%8F%AD%E7%B4%9A%E4%BA%BA%E6%95%B8/
[Sat Aug 22 00:45:19.318673 2026] [authz_core:debug] [pid 613322:tid 613322] mod_authz_core.c(815): [client 2407:4d00:5c06:813b:cf08:1b28:f4ac:a7df:55508] AH01626: authorization result of Require all granted: granted, referer: https://www.tces.ilc.edu.tw/2020/08/03/%E7%8F%AD%E7%B4%9A%E4%BA%BA%E6%95%B8/
[Sat Aug 22 00:45:19.318682 2026] [authz_core:debug] [pid 613322:tid 613322] mod_authz_core.c(815): [client 2407:4d00:5c06:813b:cf08:1b28:f4ac:a7df:55508] AH01626: authorization result of : granted, referer: https://www.tces.ilc.edu.tw/2020/08/03/%E7%8F%AD%E7%B4%9A%E4%BA%BA%E6%95%B8/
[Sat Aug 22 00:45:19.322202 2026] [ssl:debug] [pid 613432:tid 613432] ssl_engine_kernel.c(2082): [client 2a03:2880:f802:c:::21764] AH02041: Protocol: TLSv1.3, Cipher: TLS_AES_256_GCM_SHA384 (256/256 bits)
[Sat Aug 22 00:45:19.322244 2026] [socache_shmcb:debug] [pid 613432:tid 613432] mod_socache_shmcb.c(508): AH00831: socache_shmcb_store (0x89 -> subcache 9)
[Sat Aug 22 00:45:19.322250 2026] [socache_shmcb:debug] [pid 613432:tid 613432] mod_socache_shmcb.c(860): AH00847: insert happened at idx=40, data=(12042:12074)
[Sat Aug 22 00:45:19.322252 2026] [socache_shmcb:debug] [pid 613432:tid 613432] mod_socache_shmcb.c(863): AH00848: finished insert, subcache: idx_pos/idx_used=87/42, data_pos/data_used=2863/9407
[Sat Aug 22 00:45:19.322254 2026] [socache_shmcb:debug] [pid 613432:tid 613432] mod_socache_shmcb.c(530): AH00834: leaving socache_shmcb_store successfully
[Sat Aug 22 00:45:19.322254 2026] [ssl:debug] [pid 613911:tid 613911] ssl_engine_kernel.c(254): [client 2407:4d00:5c06:813b:cf08:1b28:f4ac:a7df:55486] AH02034: Subsequent (No.12) HTTPS request received for child 15 (server www.tces.ilc.edu.tw:443), referer: https://www.tces.ilc.edu.tw/2020/08/03/%E7%8F%AD%E7%B4%9A%E4%BA%BA%E6%95%B8/
[Sat Aug 22 00:45:19.322298 2026] [socache_shmcb:debug] [pid 613432:tid 613432] mod_socache_shmcb.c(508): AH00831: socache_shmcb_store (0xdb -> subcache 27)
[Sat Aug 22 00:45:19.322303 2026] [socache_shmcb:debug] [pid 613432:tid 613432] mod_socache_shmcb.c(860): AH00847: insert happened at idx=18, data=(7167:7199)
[Sat Aug 22 00:45:19.322305 2026] [socache_shmcb:debug] [pid 613432:tid 613432] mod_socache_shmcb.c(863): AH00848: finished insert, subcache: idx_pos/idx_used=65/42, data_pos/data_used=11957/9303
[Sat Aug 22 00:45:19.322307 2026] [socache_shmcb:debug] [pid 613432:tid 613432] mod_socache_shmcb.c(530): AH00834: leaving socache_shmcb_store successfully
[Sat Aug 22 00:45:19.322308 2026] [ssl:debug] [pid 613400:tid 613400] ssl_engine_kernel.c(254): [client 2407:4d00:5c06:813b:cf08:1b28:f4ac:a7df:55512] AH02034: Subsequent (No.14) HTTPS request received for child 3 (server www.tces.ilc.edu.tw:443), referer: https://www.tces.ilc.edu.tw/2020/08/03/%E7%8F%AD%E7%B4%9A%E4%BA%BA%E6%95%B8/
[Sat Aug 22 00:45:19.322428 2026] [ssl:debug] [pid 613432:tid 613432] ssl_engine_kernel.c(254): [client 2a03:2880:f802:c:::21764] AH02034: Initial (No.1) HTTPS request received for child 42 (server www.jwes.ilc.edu.tw:443)
[Sat Aug 22 00:45:19.322505 2026] [ssl:debug] [pid 613441:tid 613441] ssl_engine_kernel.c(254): [client 2407:4d00:5c06:813b:cf08:1b28:f4ac:a7df:55464] AH02034: Subsequent (No.13) HTTPS request received for child 29 (server www.tces.ilc.edu.tw:443), referer: https://www.tces.ilc.edu.tw/2020/08/03/%E7%8F%AD%E7%B4%9A%E4%BA%BA%E6%95%B8/
[Sat Aug 22 00:45:19.322627 2026] [authz_core:debug] [pid 613432:tid 613432] mod_authz_core.c(815): [client 2a03:2880:f802:c:::21764] AH01626: authorization result of Require all granted: granted
[Sat Aug 22 00:45:19.322638 2026] [authz_core:debug] [pid 613432:tid 613432] mod_authz_core.c(815): [client 2a03:2880:f802:c:::21764] AH01626: authorization result of : granted
[Sat Aug 22 00:45:19.322750 2026] [authz_core:debug] [pid 613911:tid 613911] mod_authz_core.c(815): [client 2407:4d00:5c06:813b:cf08:1b28:f4ac:a7df:55486] AH01626: authorization result of Require all granted: granted, referer: https://www.tces.ilc.edu.tw/2020/08/03/%E7%8F%AD%E7%B4%9A%E4%BA%BA%E6%95%B8/
[Sat Aug 22 00:45:19.322757 2026] [authz_core:debug] [pid 613911:tid 613911] mod_authz_core.c(815): [client 2407:4d00:5c06:813b:cf08:1b28:f4ac:a7df:55486] AH01626: authorization result of : granted, referer: https://www.tces.ilc.edu.tw/2020/08/03/%E7%8F%AD%E7%B4%9A%E4%BA%BA%E6%95%B8/
[Sat Aug 22 00:45:19.322774 2026] [authz_core:debug] [pid 613400:tid 613400] mod_authz_core.c(815): [client 2407:4d00:5c06:813b:cf08:1b28:f4ac:a7df:55512] AH01626: authorization result of Require all granted: granted, referer: https://www.tces.ilc.edu.tw/2020/08/03/%E7%8F%AD%E7%B4%9A%E4%BA%BA%E6%95%B8/
[Sat Aug 22 00:45:19.322782 2026] [authz_core:debug] [pid 613400:tid 613400] mod_authz_core.c(815): [client 2407:4d00:5c06:813b:cf08:1b28:f4ac:a7df:55512] AH01626: authorization result of : granted, referer: https://www.tces.ilc.edu.tw/2020/08/03/%E7%8F%AD%E7%B4%9A%E4%BA%BA%E6%95%B8/
[Sat Aug 22 00:45:19.322833 2026] [authz_core:debug] [pid 613441:tid 613441] mod_authz_core.c(815): [client 2407:4d00:5c06:813b:cf08:1b28:f4ac:a7df:55464] AH01626: authorization result of Require all granted: granted, referer: https://www.tces.ilc.edu.tw/2020/08/03/%E7%8F%AD%E7%B4%9A%E4%BA%BA%E6%95%B8/
[Sat Aug 22 00:45:19.322840 2026] [authz_core:debug] [pid 613441:tid 613441] mod_authz_core.c(815): [client 2407:4d00:5c06:813b:cf08:1b28:f4ac:a7df:55464] AH01626: authorization result of : granted, referer: https://www.tces.ilc.edu.tw/2020/08/03/%E7%8F%AD%E7%B4%9A%E4%BA%BA%E6%95%B8/
[Sat Aug 22 00:45:19.355776 2026] [ssl:debug] [pid 613398:tid 613398] ssl_engine_kernel.c(254): [client 2407:4d00:5c06:813b:cf08:1b28:f4ac:a7df:55470] AH02034: Subsequent (No.9) HTTPS request received for child 0 (server www.tces.ilc.edu.tw:443), referer: https://www.tces.ilc.edu.tw/2020/08/03/%E7%8F%AD%E7%B4%9A%E4%BA%BA%E6%95%B8/
[Sat Aug 22 00:45:19.355840 2026] [ssl:debug] [pid 613322:tid 613322] ssl_engine_kernel.c(254): [client 2407:4d00:5c06:813b:cf08:1b28:f4ac:a7df:55508] AH02034: Subsequent (No.6) HTTPS request received for child 5 (server www.tces.ilc.edu.tw:443), referer: https://www.tces.ilc.edu.tw/2020/08/03/%E7%8F%AD%E7%B4%9A%E4%BA%BA%E6%95%B8/
[Sat Aug 22 00:45:19.356414 2026] [authz_core:debug] [pid 613398:tid 613398] mod_authz_core.c(815): [client 2407:4d00:5c06:813b:cf08:1b28:f4ac:a7df:55470] AH01626: authorization result of Require all granted: granted, referer: https://www.tces.ilc.edu.tw/2020/08/03/%E7%8F%AD%E7%B4%9A%E4%BA%BA%E6%95%B8/
[Sat Aug 22 00:45:19.356423 2026] [authz_core:debug] [pid 613398:tid 613398] mod_authz_core.c(815): [client 2407:4d00:5c06:813b:cf08:1b28:f4ac:a7df:55470] AH01626: authorization result of : granted, referer: https://www.tces.ilc.edu.tw/2020/08/03/%E7%8F%AD%E7%B4%9A%E4%BA%BA%E6%95%B8/
[Sat Aug 22 00:45:19.356469 2026] [authz_core:debug] [pid 613322:tid 613322] mod_authz_core.c(815): [client 2407:4d00:5c06:813b:cf08:1b28:f4ac:a7df:55508] AH01626: authorization result of Require all granted: granted, referer: https://www.tces.ilc.edu.tw/2020/08/03/%E7%8F%AD%E7%B4%9A%E4%BA%BA%E6%95%B8/
[Sat Aug 22 00:45:19.356479 2026] [authz_core:debug] [pid 613322:tid 613322] mod_authz_core.c(815): [client 2407:4d00:5c06:813b:cf08:1b28:f4ac:a7df:55508] AH01626: authorization result of : granted, referer: https://www.tces.ilc.edu.tw/2020/08/03/%E7%8F%AD%E7%B4%9A%E4%BA%BA%E6%95%B8/
[Sat Aug 22 00:45:19.360018 2026] [ssl:debug] [pid 613400:tid 613400] ssl_engine_kernel.c(254): [client 2407:4d00:5c06:813b:cf08:1b28:f4ac:a7df:55512] AH02034: Subsequent (No.15) HTTPS request received for child 3 (server www.tces.ilc.edu.tw:443), referer: https://www.tces.ilc.edu.tw/2020/08/03/%E7%8F%AD%E7%B4%9A%E4%BA%BA%E6%95%B8/
[Sat Aug 22 00:45:19.360538 2026] [authz_core:debug] [pid 613400:tid 613400] mod_authz_core.c(815): [client 2407:4d00:5c06:813b:cf08:1b28:f4ac:a7df:55512] AH01626: authorization result of Require all granted: granted, referer: https://www.tces.ilc.edu.tw/2020/08/03/%E7%8F%AD%E7%B4%9A%E4%BA%BA%E6%95%B8/
[Sat Aug 22 00:45:19.360548 2026] [authz_core:debug] [pid 613400:tid 613400] mod_authz_core.c(815): [client 2407:4d00:5c06:813b:cf08:1b28:f4ac:a7df:55512] AH01626: authorization result of : granted, referer: https://www.tces.ilc.edu.tw/2020/08/03/%E7%8F%AD%E7%B4%9A%E4%BA%BA%E6%95%B8/
[Sat Aug 22 00:45:19.364140 2026] [ssl:debug] [pid 613911:tid 613911] ssl_engine_kernel.c(254): [client 2407:4d00:5c06:813b:cf08:1b28:f4ac:a7df:55486] AH02034: Subsequent (No.13) HTTPS request received for child 15 (server www.tces.ilc.edu.tw:443), referer: https://www.tces.ilc.edu.tw/2020/08/03/%E7%8F%AD%E7%B4%9A%E4%BA%BA%E6%95%B8/
[Sat Aug 22 00:45:19.364194 2026] [ssl:debug] [pid 613441:tid 613441] ssl_engine_kernel.c(254): [client 2407:4d00:5c06:813b:cf08:1b28:f4ac:a7df:55464] AH02034: Subsequent (No.14) HTTPS request received for child 29 (server www.tces.ilc.edu.tw:443), referer: https://www.tces.ilc.edu.tw/2020/08/03/%E7%8F%AD%E7%B4%9A%E4%BA%BA%E6%95%B8/
[Sat Aug 22 00:45:19.364534 2026] [authz_core:debug] [pid 613911:tid 613911] mod_authz_core.c(815): [client 2407:4d00:5c06:813b:cf08:1b28:f4ac:a7df:55486] AH01626: authorization result of Require all granted: granted, referer: https://www.tces.ilc.edu.tw/2020/08/03/%E7%8F%AD%E7%B4%9A%E4%BA%BA%E6%95%B8/
[Sat Aug 22 00:45:19.364542 2026] [authz_core:debug] [pid 613911:tid 613911] mod_authz_core.c(815): [client 2407:4d00:5c06:813b:cf08:1b28:f4ac:a7df:55486] AH01626: authorization result of : granted, referer: https://www.tces.ilc.edu.tw/2020/08/03/%E7%8F%AD%E7%B4%9A%E4%BA%BA%E6%95%B8/
[Sat Aug 22 00:45:19.364813 2026] [authz_core:debug] [pid 613441:tid 613441] mod_authz_core.c(815): [client 2407:4d00:5c06:813b:cf08:1b28:f4ac:a7df:55464] AH01626: authorization result of Require all granted: granted, referer: https://www.tces.ilc.edu.tw/2020/08/03/%E7%8F%AD%E7%B4%9A%E4%BA%BA%E6%95%B8/
[Sat Aug 22 00:45:19.364825 2026] [authz_core:debug] [pid 613441:tid 613441] mod_authz_core.c(815): [client 2407:4d00:5c06:813b:cf08:1b28:f4ac:a7df:55464] AH01626: authorization result of : granted, referer: https://www.tces.ilc.edu.tw/2020/08/03/%E7%8F%AD%E7%B4%9A%E4%BA%BA%E6%95%B8/
[Sat Aug 22 00:45:19.415403 2026] [ssl:debug] [pid 613322:tid 613322] ssl_engine_kernel.c(254): [client 2407:4d00:5c06:813b:cf08:1b28:f4ac:a7df:55508] AH02034: Subsequent (No.7) HTTPS request received for child 5 (server www.tces.ilc.edu.tw:443), referer: https://www.tces.ilc.edu.tw/2020/08/03/%E7%8F%AD%E7%B4%9A%E4%BA%BA%E6%95%B8/
[Sat Aug 22 00:45:19.416097 2026] [authz_core:debug] [pid 613322:tid 613322] mod_authz_core.c(815): [client 2407:4d00:5c06:813b:cf08:1b28:f4ac:a7df:55508] AH01626: authorization result of Require all granted: granted, referer: https://www.tces.ilc.edu.tw/2020/08/03/%E7%8F%AD%E7%B4%9A%E4%BA%BA%E6%95%B8/
[Sat Aug 22 00:45:19.416108 2026] [authz_core:debug] [pid 613322:tid 613322] mod_authz_core.c(815): [client 2407:4d00:5c06:813b:cf08:1b28:f4ac:a7df:55508] AH01626: authorization result of : granted, referer: https://www.tces.ilc.edu.tw/2020/08/03/%E7%8F%AD%E7%B4%9A%E4%BA%BA%E6%95%B8/
[Sat Aug 22 00:45:20.105046 2026] [ssl:debug] [pid 613430:tid 613430] ssl_engine_io.c(1150): [client 216.73.216.122:15979] AH02001: Connection closed to child 40 with standard shutdown (server www.jaes.ilc.edu.tw:443)
[Sat Aug 22 00:45:20.165080 2026] [ssl:debug] [pid 613429:tid 613429] ssl_engine_io.c(1150): [client 216.73.216.122:39398] AH02001: Connection closed to child 39 with standard shutdown (server www.jaes.ilc.edu.tw:443)
[Sat Aug 22 00:45:20.193086 2026] [ssl:debug] [pid 613420:tid 613420] ssl_engine_io.c(1150): [client 216.73.216.122:40938] AH02001: Connection closed to child 26 with standard shutdown (server www.jaes.ilc.edu.tw:443)
[Sat Aug 22 00:45:20.349415 2026] [ssl:info] [pid 613402:tid 613402] [client 52.167.144.150:55939] AH01964: Connection to child 9 established (server 2blog.ilc.edu.tw:443)
[Sat Aug 22 00:45:20.349580 2026] [ssl:debug] [pid 613402:tid 613402] ssl_engine_kernel.c(2222): [client 52.167.144.150:55939] AH02043: SSL virtual host for servername 2blog.ilc.edu.tw found
[Sat Aug 22 00:45:20.349708 2026] [core:debug] [pid 613402:tid 613402] protocol.c(2460): [client 52.167.144.150:55939] AH03155: select protocol from , choices=h2,http/1.1 for server 2blog.ilc.edu.tw
[Sat Aug 22 00:45:20.547037 2026] [ssl:debug] [pid 613402:tid 613402] ssl_engine_kernel.c(2082): [client 52.167.144.150:55939] AH02041: Protocol: TLSv1.3, Cipher: TLS_AES_256_GCM_SHA384 (256/256 bits)
[Sat Aug 22 00:45:20.547096 2026] [socache_shmcb:debug] [pid 613402:tid 613402] mod_socache_shmcb.c(508): AH00831: socache_shmcb_store (0x67 -> subcache 7)
[Sat Aug 22 00:45:20.547106 2026] [socache_shmcb:debug] [pid 613402:tid 613402] mod_socache_shmcb.c(860): AH00847: insert happened at idx=48, data=(13736:13768)
[Sat Aug 22 00:45:20.547109 2026] [socache_shmcb:debug] [pid 613402:tid 613402] mod_socache_shmcb.c(863): AH00848: finished insert, subcache: idx_pos/idx_used=15/34, data_pos/data_used=6358/7604
[Sat Aug 22 00:45:20.547112 2026] [socache_shmcb:debug] [pid 613402:tid 613402] mod_socache_shmcb.c(530): AH00834: leaving socache_shmcb_store successfully
[Sat Aug 22 00:45:20.547181 2026] [socache_shmcb:debug] [pid 613402:tid 613402] mod_socache_shmcb.c(508): AH00831: socache_shmcb_store (0x0d -> subcache 13)
[Sat Aug 22 00:45:20.547187 2026] [socache_shmcb:debug] [pid 613402:tid 613402] mod_socache_shmcb.c(745): AH00842: expiring 1 and reclaiming 0 removed socache entries
[Sat Aug 22 00:45:20.547190 2026] [socache_shmcb:debug] [pid 613402:tid 613402] mod_socache_shmcb.c(765): AH00843: we now have 33 socache entries
[Sat Aug 22 00:45:20.547194 2026] [socache_shmcb:debug] [pid 613402:tid 613402] mod_socache_shmcb.c(860): AH00847: insert happened at idx=29, data=(9541:9573)
[Sat Aug 22 00:45:20.547197 2026] [socache_shmcb:debug] [pid 613402:tid 613402] mod_socache_shmcb.c(863): AH00848: finished insert, subcache: idx_pos/idx_used=84/34, data_pos/data_used=2208/7559
[Sat Aug 22 00:45:20.547210 2026] [socache_shmcb:debug] [pid 613402:tid 613402] mod_socache_shmcb.c(530): AH00834: leaving socache_shmcb_store successfully
[Sat Aug 22 00:45:20.547744 2026] [ssl:debug] [pid 613402:tid 613402] ssl_engine_kernel.c(254): [client 52.167.144.150:55939] AH02034: Initial (No.1) HTTPS request received for child 9 (server 2blog.ilc.edu.tw:443)
[Sat Aug 22 00:45:20.547918 2026] [authz_core:debug] [pid 613402:tid 613402] mod_authz_core.c(815): [client 52.167.144.150:55939] AH01626: authorization result of Require all granted: granted
[Sat Aug 22 00:45:20.547923 2026] [authz_core:debug] [pid 613402:tid 613402] mod_authz_core.c(815): [client 52.167.144.150:55939] AH01626: authorization result of : granted
[Sat Aug 22 00:45:20.548041 2026] [authz_core:debug] [pid 613402:tid 613402] mod_authz_core.c(815): [client 52.167.144.150:55939] AH01626: authorization result of Require all granted: granted
[Sat Aug 22 00:45:20.548046 2026] [authz_core:debug] [pid 613402:tid 613402] mod_authz_core.c(815): [client 52.167.144.150:55939] AH01626: authorization result of : granted
[Sat Aug 22 00:45:20.687609 2026] [authz_core:debug] [pid 613442:tid 613442] mod_authz_core.c(815): [client 2400:e920:0:2:f45d:ddff:fe00:7a:62278] AH01626: authorization result of Require all granted: granted, referer: http://ilta.ilc.edu.tw
[Sat Aug 22 00:45:20.687628 2026] [authz_core:debug] [pid 613442:tid 613442] mod_authz_core.c(815): [client 2400:e920:0:2:f45d:ddff:fe00:7a:62278] AH01626: authorization result of : granted, referer: http://ilta.ilc.edu.tw
[Sat Aug 22 00:45:20.752652 2026] [deflate:debug] [pid 613402:tid 613402] mod_deflate.c(909): [client 52.167.144.150:55939] AH01384: Zlib: Compressed 63182 to 11630 : URL /index.php
[Sat Aug 22 00:45:20.763587 2026] [ssl:debug] [pid 613431:tid 613431] ssl_engine_kernel.c(254): [client 2407:4d00:5c06:813b:cf08:1b28:f4ac:a7df:55502] AH02034: Subsequent (No.3) HTTPS request received for child 41 (server www.tces.ilc.edu.tw:443), referer: https://www.tces.ilc.edu.tw/2020/08/03/%E7%8F%AD%E7%B4%9A%E4%BA%BA%E6%95%B8/
[Sat Aug 22 00:45:20.764654 2026] [authz_core:debug] [pid 613431:tid 613431] mod_authz_core.c(815): [client 2407:4d00:5c06:813b:cf08:1b28:f4ac:a7df:55502] AH01626: authorization result of Require all granted: granted, referer: https://www.tces.ilc.edu.tw/2020/08/03/%E7%8F%AD%E7%B4%9A%E4%BA%BA%E6%95%B8/
[Sat Aug 22 00:45:20.764667 2026] [authz_core:debug] [pid 613431:tid 613431] mod_authz_core.c(815): [client 2407:4d00:5c06:813b:cf08:1b28:f4ac:a7df:55502] AH01626: authorization result of : granted, referer: https://www.tces.ilc.edu.tw/2020/08/03/%E7%8F%AD%E7%B4%9A%E4%BA%BA%E6%95%B8/
[Sat Aug 22 00:45:20.802686 2026] [ssl:debug] [pid 613322:tid 613322] ssl_engine_kernel.c(254): [client 2407:4d00:5c06:813b:cf08:1b28:f4ac:a7df:55508] AH02034: Subsequent (No.8) HTTPS request received for child 5 (server www.tces.ilc.edu.tw:443), referer: https://www.tces.ilc.edu.tw/2020/08/03/%E7%8F%AD%E7%B4%9A%E4%BA%BA%E6%95%B8/
[Sat Aug 22 00:45:20.803356 2026] [authz_core:debug] [pid 613322:tid 613322] mod_authz_core.c(815): [client 2407:4d00:5c06:813b:cf08:1b28:f4ac:a7df:55508] AH01626: authorization result of Require all granted: granted, referer: https://www.tces.ilc.edu.tw/2020/08/03/%E7%8F%AD%E7%B4%9A%E4%BA%BA%E6%95%B8/
[Sat Aug 22 00:45:20.803364 2026] [authz_core:debug] [pid 613322:tid 613322] mod_authz_core.c(815): [client 2407:4d00:5c06:813b:cf08:1b28:f4ac:a7df:55508] AH01626: authorization result of : granted, referer: https://www.tces.ilc.edu.tw/2020/08/03/%E7%8F%AD%E7%B4%9A%E4%BA%BA%E6%95%B8/
[Sat Aug 22 00:45:21.046453 2026] [ssl:info] [pid 613422:tid 613422] [client 2400:e920:0:2:f45d:ddff:fe00:7a:62310] AH01964: Connection to child 28 established (server 2blog.ilc.edu.tw:443)
[Sat Aug 22 00:45:21.046626 2026] [ssl:debug] [pid 613422:tid 613422] ssl_engine_kernel.c(2222): [client 2400:e920:0:2:f45d:ddff:fe00:7a:62310] AH02043: SSL virtual host for servername ilta.ilc.edu.tw found
[Sat Aug 22 00:45:21.046674 2026] [core:debug] [pid 613422:tid 613422] protocol.c(2460): [client 2400:e920:0:2:f45d:ddff:fe00:7a:62310] AH03155: select protocol from , choices=http/1.1 for server ilta.ilc.edu.tw
[Sat Aug 22 00:45:21.154427 2026] [ssl:debug] [pid 613422:tid 613422] ssl_engine_kernel.c(2082): [client 2400:e920:0:2:f45d:ddff:fe00:7a:62310] AH02041: Protocol: TLSv1.3, Cipher: TLS_AES_256_GCM_SHA384 (256/256 bits)
[Sat Aug 22 00:45:21.154475 2026] [socache_shmcb:debug] [pid 613422:tid 613422] mod_socache_shmcb.c(508): AH00831: socache_shmcb_store (0x77 -> subcache 23)
[Sat Aug 22 00:45:21.154488 2026] [socache_shmcb:debug] [pid 613422:tid 613422] mod_socache_shmcb.c(860): AH00847: insert happened at idx=46, data=(13484:13516)
[Sat Aug 22 00:45:21.154490 2026] [socache_shmcb:debug] [pid 613422:tid 613422] mod_socache_shmcb.c(863): AH00848: finished insert, subcache: idx_pos/idx_used=2/45, data_pos/data_used=3661/10048
[Sat Aug 22 00:45:21.154493 2026] [socache_shmcb:debug] [pid 613422:tid 613422] mod_socache_shmcb.c(530): AH00834: leaving socache_shmcb_store successfully
[Sat Aug 22 00:45:21.154543 2026] [socache_shmcb:debug] [pid 613422:tid 613422] mod_socache_shmcb.c(508): AH00831: socache_shmcb_store (0xb8 -> subcache 24)
[Sat Aug 22 00:45:21.154551 2026] [socache_shmcb:debug] [pid 613422:tid 613422] mod_socache_shmcb.c(860): AH00847: insert happened at idx=28, data=(9481:9513)
[Sat Aug 22 00:45:21.154552 2026] [socache_shmcb:debug] [pid 613422:tid 613422] mod_socache_shmcb.c(863): AH00848: finished insert, subcache: idx_pos/idx_used=82/35, data_pos/data_used=1952/7754
[Sat Aug 22 00:45:21.154554 2026] [socache_shmcb:debug] [pid 613422:tid 613422] mod_socache_shmcb.c(530): AH00834: leaving socache_shmcb_store successfully
[Sat Aug 22 00:45:21.154741 2026] [ssl:debug] [pid 613422:tid 613422] ssl_engine_kernel.c(254): [client 2400:e920:0:2:f45d:ddff:fe00:7a:62310] AH02034: Initial (No.1) HTTPS request received for child 28 (server ilta.ilc.edu.tw:443), referer: http://ilta.ilc.edu.tw
[Sat Aug 22 00:45:21.154893 2026] [authz_core:debug] [pid 613422:tid 613422] mod_authz_core.c(815): [client 2400:e920:0:2:f45d:ddff:fe00:7a:62310] AH01626: authorization result of Require all granted: granted, referer: http://ilta.ilc.edu.tw
[Sat Aug 22 00:45:21.154897 2026] [authz_core:debug] [pid 613422:tid 613422] mod_authz_core.c(815): [client 2400:e920:0:2:f45d:ddff:fe00:7a:62310] AH01626: authorization result of : granted, referer: http://ilta.ilc.edu.tw
[Sat Aug 22 00:45:21.255997 2026] [deflate:debug] [pid 613422:tid 613422] mod_deflate.c(909): [client 2400:e920:0:2:f45d:ddff:fe00:7a:62310] AH01384: Zlib: Compressed 13605 to 5007 : URL /wp-login.php, referer: http://ilta.ilc.edu.tw
[Sat Aug 22 00:45:21.464474 2026] [authz_core:debug] [pid 613184:tid 613184] mod_authz_core.c(815): [client 2400:e920:0:2:f45d:ddff:fe00:7a:62345] AH01626: authorization result of Require all granted: granted, referer: http://ilta.ilc.edu.tw
[Sat Aug 22 00:45:21.464495 2026] [authz_core:debug] [pid 613184:tid 613184] mod_authz_core.c(815): [client 2400:e920:0:2:f45d:ddff:fe00:7a:62345] AH01626: authorization result of : granted, referer: http://ilta.ilc.edu.tw
[Sat Aug 22 00:45:21.838551 2026] [ssl:info] [pid 613416:tid 613416] [client 2400:e920:0:2:f45d:ddff:fe00:7a:62371] AH01964: Connection to child 24 established (server 2blog.ilc.edu.tw:443)
[Sat Aug 22 00:45:21.838679 2026] [ssl:debug] [pid 613416:tid 613416] ssl_engine_kernel.c(2222): [client 2400:e920:0:2:f45d:ddff:fe00:7a:62371] AH02043: SSL virtual host for servername ilta.ilc.edu.tw found
[Sat Aug 22 00:45:21.838725 2026] [core:debug] [pid 613416:tid 613416] protocol.c(2460): [client 2400:e920:0:2:f45d:ddff:fe00:7a:62371] AH03155: select protocol from , choices=http/1.1 for server ilta.ilc.edu.tw
[Sat Aug 22 00:45:21.950068 2026] [ssl:debug] [pid 613416:tid 613416] ssl_engine_kernel.c(2082): [client 2400:e920:0:2:f45d:ddff:fe00:7a:62371] AH02041: Protocol: TLSv1.3, Cipher: TLS_AES_256_GCM_SHA384 (256/256 bits)
[Sat Aug 22 00:45:21.950123 2026] [socache_shmcb:debug] [pid 613416:tid 613416] mod_socache_shmcb.c(508): AH00831: socache_shmcb_store (0x7c -> subcache 28)
[Sat Aug 22 00:45:21.950135 2026] [socache_shmcb:debug] [pid 613416:tid 613416] mod_socache_shmcb.c(860): AH00847: insert happened at idx=46, data=(13464:13496)
[Sat Aug 22 00:45:21.950138 2026] [socache_shmcb:debug] [pid 613416:tid 613416] mod_socache_shmcb.c(863): AH00848: finished insert, subcache: idx_pos/idx_used=15/32, data_pos/data_used=6579/7109
[Sat Aug 22 00:45:21.950140 2026] [socache_shmcb:debug] [pid 613416:tid 613416] mod_socache_shmcb.c(530): AH00834: leaving socache_shmcb_store successfully
[Sat Aug 22 00:45:21.950208 2026] [socache_shmcb:debug] [pid 613416:tid 613416] mod_socache_shmcb.c(508): AH00831: socache_shmcb_store (0xec -> subcache 12)
[Sat Aug 22 00:45:21.950212 2026] [socache_shmcb:debug] [pid 613416:tid 613416] mod_socache_shmcb.c(860): AH00847: insert happened at idx=32, data=(10233:10265)
[Sat Aug 22 00:45:21.950214 2026] [socache_shmcb:debug] [pid 613416:tid 613416] mod_socache_shmcb.c(863): AH00848: finished insert, subcache: idx_pos/idx_used=86/35, data_pos/data_used=2640/7817
[Sat Aug 22 00:45:21.950215 2026] [socache_shmcb:debug] [pid 613416:tid 613416] mod_socache_shmcb.c(530): AH00834: leaving socache_shmcb_store successfully
[Sat Aug 22 00:45:21.950768 2026] [ssl:debug] [pid 613416:tid 613416] ssl_engine_kernel.c(254): [client 2400:e920:0:2:f45d:ddff:fe00:7a:62371] AH02034: Initial (No.1) HTTPS request received for child 24 (server ilta.ilc.edu.tw:443), referer: http://ilta.ilc.edu.tw
[Sat Aug 22 00:45:21.950937 2026] [authz_core:debug] [pid 613416:tid 613416] mod_authz_core.c(815): [client 2400:e920:0:2:f45d:ddff:fe00:7a:62371] AH01626: authorization result of Require all granted: granted, referer: http://ilta.ilc.edu.tw
[Sat Aug 22 00:45:21.950942 2026] [authz_core:debug] [pid 613416:tid 613416] mod_authz_core.c(815): [client 2400:e920:0:2:f45d:ddff:fe00:7a:62371] AH01626: authorization result of : granted, referer: http://ilta.ilc.edu.tw
[Sat Aug 22 00:45:21.975745 2026] [ssl:debug] [pid 613432:tid 613432] ssl_engine_io.c(1150): [client 2a03:2880:f802:c:::21764] AH02001: Connection closed to child 42 with standard shutdown (server www.jwes.ilc.edu.tw:443)
[Sat Aug 22 00:45:22.036929 2026] [deflate:debug] [pid 613416:tid 613416] mod_deflate.c(909): [client 2400:e920:0:2:f45d:ddff:fe00:7a:62371] AH01384: Zlib: Compressed 13605 to 5007 : URL /wp-login.php, referer: http://ilta.ilc.edu.tw
[Sat Aug 22 00:45:22.148900 2026] [ssl:info] [pid 613422:tid 613422] (70014)End of file found: [client 2400:e920:0:2:f45d:ddff:fe00:7a:62310] AH01992: SSL library error 6 reading data
[Sat Aug 22 00:45:22.149009 2026] [ssl:debug] [pid 613422:tid 613422] ssl_engine_io.c(1150): [client 2400:e920:0:2:f45d:ddff:fe00:7a:62310] AH02001: Connection closed to child 28 with standard shutdown (server ilta.ilc.edu.tw:443)
[Sat Aug 22 00:45:22.151611 2026] [ssl:info] [pid 613416:tid 613416] (70014)End of file found: [client 2400:e920:0:2:f45d:ddff:fe00:7a:62371] AH01992: SSL library error 6 reading data
[Sat Aug 22 00:45:22.151678 2026] [ssl:debug] [pid 613416:tid 613416] ssl_engine_io.c(1150): [client 2400:e920:0:2:f45d:ddff:fe00:7a:62371] AH02001: Connection closed to child 24 with standard shutdown (server ilta.ilc.edu.tw:443)
[Sat Aug 22 00:45:22.256903 2026] [ssl:info] [pid 613328:tid 613328] [client 2408:862e:ff:ff0d::110a:29050] AH01964: Connection to child 13 established (server 2blog.ilc.edu.tw:443)
[Sat Aug 22 00:45:22.257078 2026] [ssl:debug] [pid 613328:tid 613328] ssl_engine_kernel.c(2222): [client 2408:862e:ff:ff0d::110a:29050] AH02043: SSL virtual host for servername 2blog.ilc.edu.tw found
[Sat Aug 22 00:45:22.257132 2026] [core:debug] [pid 613328:tid 613328] protocol.c(2460): [client 2408:862e:ff:ff0d::110a:29050] AH03155: select protocol from , choices=h2,http/1.1 for server 2blog.ilc.edu.tw
[Sat Aug 22 00:45:22.257176 2026] [ssl:debug] [pid 613328:tid 613328] ssl_util_stapling.c(819): AH01951: stapling_cb: OCSP Stapling callback called
[Sat Aug 22 00:45:22.257181 2026] [ssl:info] [pid 613328:tid 613328] AH01926: stapling_get_certinfo: stapling not supported for certificate
[Sat Aug 22 00:45:22.648122 2026] [ssl:debug] [pid 613328:tid 613328] ssl_engine_kernel.c(2082): [client 2408:862e:ff:ff0d::110a:29050] AH02041: Protocol: TLSv1.3, Cipher: TLS_AES_256_GCM_SHA384 (256/256 bits)
[Sat Aug 22 00:45:22.648200 2026] [socache_shmcb:debug] [pid 613328:tid 613328] mod_socache_shmcb.c(508): AH00831: socache_shmcb_store (0x18 -> subcache 24)
[Sat Aug 22 00:45:22.648207 2026] [socache_shmcb:debug] [pid 613328:tid 613328] mod_socache_shmcb.c(860): AH00847: insert happened at idx=29, data=(9706:9738)
[Sat Aug 22 00:45:22.648209 2026] [socache_shmcb:debug] [pid 613328:tid 613328] mod_socache_shmcb.c(863): AH00848: finished insert, subcache: idx_pos/idx_used=82/36, data_pos/data_used=1952/7979
[Sat Aug 22 00:45:22.648211 2026] [socache_shmcb:debug] [pid 613328:tid 613328] mod_socache_shmcb.c(530): AH00834: leaving socache_shmcb_store successfully
[Sat Aug 22 00:45:22.648288 2026] [socache_shmcb:debug] [pid 613328:tid 613328] mod_socache_shmcb.c(508): AH00831: socache_shmcb_store (0x0b -> subcache 11)
[Sat Aug 22 00:45:22.648295 2026] [socache_shmcb:debug] [pid 613328:tid 613328] mod_socache_shmcb.c(745): AH00842: expiring 4 and reclaiming 0 removed socache entries
[Sat Aug 22 00:45:22.648298 2026] [socache_shmcb:debug] [pid 613328:tid 613328] mod_socache_shmcb.c(765): AH00843: we now have 42 socache entries
[Sat Aug 22 00:45:22.648300 2026] [socache_shmcb:debug] [pid 613328:tid 613328] mod_socache_shmcb.c(860): AH00847: insert happened at idx=67, data=(4208:4240)
[Sat Aug 22 00:45:22.648302 2026] [socache_shmcb:debug] [pid 613328:tid 613328] mod_socache_shmcb.c(863): AH00848: finished insert, subcache: idx_pos/idx_used=25/43, data_pos/data_used=8678/9620
[Sat Aug 22 00:45:22.648303 2026] [socache_shmcb:debug] [pid 613328:tid 613328] mod_socache_shmcb.c(530): AH00834: leaving socache_shmcb_store successfully
[Sat Aug 22 00:45:22.648423 2026] [ssl:debug] [pid 613328:tid 613328] ssl_engine_kernel.c(254): [client 2408:862e:ff:ff0d::110a:29050] AH02034: Initial (No.1) HTTPS request received for child 13 (server 2blog.ilc.edu.tw:443)
[Sat Aug 22 00:45:22.648606 2026] [authz_core:debug] [pid 613328:tid 613328] mod_authz_core.c(815): [client 2408:862e:ff:ff0d::110a:29050] AH01626: authorization result of Require all granted: granted
[Sat Aug 22 00:45:22.648610 2026] [authz_core:debug] [pid 613328:tid 613328] mod_authz_core.c(815): [client 2408:862e:ff:ff0d::110a:29050] AH01626: authorization result of : granted
[Sat Aug 22 00:45:22.648754 2026] [authz_core:debug] [pid 613328:tid 613328] mod_authz_core.c(815): [client 2408:862e:ff:ff0d::110a:29050] AH01626: authorization result of Require all granted: granted
[Sat Aug 22 00:45:22.648760 2026] [authz_core:debug] [pid 613328:tid 613328] mod_authz_core.c(815): [client 2408:862e:ff:ff0d::110a:29050] AH01626: authorization result of : granted
[Sat Aug 22 00:45:23.145356 2026] [ssl:info] [pid 613401:tid 613401] [client 2001:288:a201::66:125:42156] AH01964: Connection to child 7 established (server 2blog.ilc.edu.tw:443)
[Sat Aug 22 00:45:23.145511 2026] [ssl:debug] [pid 613401:tid 613401] ssl_engine_kernel.c(2252): [client 2001:288:a201::66:125:42156] AH02645: Server name not provided via TLS extension (using default/first virtual host)
[Sat Aug 22 00:45:23.145526 2026] [socache_shmcb:debug] [pid 613401:tid 613401] mod_socache_shmcb.c(545): AH00835: socache_shmcb_retrieve (0xcc -> subcache 12)
[Sat Aug 22 00:45:23.145531 2026] [socache_shmcb:debug] [pid 613401:tid 613401] mod_socache_shmcb.c(896): AH00849: match at idx=31, data=10043
[Sat Aug 22 00:45:23.145533 2026] [socache_shmcb:debug] [pid 613401:tid 613401] mod_socache_shmcb.c(556): AH00836: leaving socache_shmcb_retrieve successfully
[Sat Aug 22 00:45:23.146450 2026] [ssl:debug] [pid 613401:tid 613401] ssl_engine_kernel.c(2082): [client 2001:288:a201::66:125:42156] AH02041: Protocol: TLSv1.2, Cipher: ECDHE-RSA-AES256-GCM-SHA384 (256/256 bits)
[Sat Aug 22 00:45:23.146542 2026] [ssl:debug] [pid 613401:tid 613401] ssl_engine_kernel.c(254): [client 2001:288:a201::66:125:42156] AH02034: Initial (No.1) HTTPS request received for child 7 (server 2blog.ilc.edu.tw:443)
[Sat Aug 22 00:45:23.146723 2026] [authz_core:debug] [pid 613401:tid 613401] mod_authz_core.c(815): [client 2001:288:a201::66:125:42156] AH01626: authorization result of Require all granted: granted
[Sat Aug 22 00:45:23.146729 2026] [authz_core:debug] [pid 613401:tid 613401] mod_authz_core.c(815): [client 2001:288:a201::66:125:42156] AH01626: authorization result of : granted
[Sat Aug 22 00:45:23.146858 2026] [authz_core:debug] [pid 613401:tid 613401] mod_authz_core.c(815): [client 2001:288:a201::66:125:42156] AH01626: authorization result of Require all granted: granted
[Sat Aug 22 00:45:23.146864 2026] [authz_core:debug] [pid 613401:tid 613401] mod_authz_core.c(815): [client 2001:288:a201::66:125:42156] AH01626: authorization result of : granted
[Sat Aug 22 00:45:23.146874 2026] [php7:error] [pid 613401:tid 613401] [client 2001:288:a201::66:125:42156] script '/var/www/html/2blog/active.php' not found or unable to stat
[Sat Aug 22 00:45:23.146881 2026] [headers:debug] [pid 613401:tid 613401] mod_headers.c(900): AH01503: headers: ap_headers_error_filter()
[Sat Aug 22 00:45:23.147017 2026] [ssl:debug] [pid 613401:tid 613401] ssl_engine_io.c(1150): [client 2001:288:a201::66:125:42156] AH02001: Connection closed to child 7 with standard shutdown (server 2blog.ilc.edu.tw:443)
[Sat Aug 22 00:45:23.172320 2026] [ssl:debug] [pid 613328:tid 613328] ssl_engine_kernel.c(254): [client 2408:862e:ff:ff0d::110a:29050] AH02034: Subsequent (No.2) HTTPS request received for child 13 (server 2blog.ilc.edu.tw:443)
[Sat Aug 22 00:45:23.172516 2026] [authz_core:debug] [pid 613328:tid 613328] mod_authz_core.c(815): [client 2408:862e:ff:ff0d::110a:29050] AH01626: authorization result of Require all granted: granted
[Sat Aug 22 00:45:23.172522 2026] [authz_core:debug] [pid 613328:tid 613328] mod_authz_core.c(815): [client 2408:862e:ff:ff0d::110a:29050] AH01626: authorization result of : granted
[Sat Aug 22 00:45:23.172635 2026] [authz_core:debug] [pid 613328:tid 613328] mod_authz_core.c(815): [client 2408:862e:ff:ff0d::110a:29050] AH01626: authorization result of Require all granted: granted
[Sat Aug 22 00:45:23.172638 2026] [authz_core:debug] [pid 613328:tid 613328] mod_authz_core.c(815): [client 2408:862e:ff:ff0d::110a:29050] AH01626: authorization result of : granted
[Sat Aug 22 00:45:23.179092 2026] [headers:debug] [pid 613405:tid 613405] mod_headers.c(900): AH01503: headers: ap_headers_error_filter()
[Sat Aug 22 00:45:23.280852 2026] [headers:debug] [pid 613408:tid 613408] mod_headers.c(900): AH01503: headers: ap_headers_error_filter()
[Sat Aug 22 00:45:23.320517 2026] [deflate:debug] [pid 613328:tid 613328] mod_deflate.c(909): [client 2408:862e:ff:ff0d::110a:29050] AH01384: Zlib: Compressed 59913 to 11205 : URL /index.php
[Sat Aug 22 00:45:23.347629 2026] [ssl:info] [pid 613311:tid 613311] [client 140.111.67.10:31886] AH01964: Connection to child 4 established (server 2blog.ilc.edu.tw:443)
[Sat Aug 22 00:45:23.347769 2026] [ssl:info] [pid 613311:tid 613311] (70014)End of file found: [client 140.111.67.10:31886] AH02006: SSL handshake stopped: connection was closed
[Sat Aug 22 00:45:23.347775 2026] [ssl:info] [pid 613311:tid 613311] [client 140.111.67.10:31886] AH01998: Connection closed to child 4 with abortive shutdown (server 2blog.ilc.edu.tw:443)
[Sat Aug 22 00:45:23.604833 2026] [ssl:debug] [pid 613415:tid 613415] ssl_engine_io.c(1150): [client 216.73.216.122:64001] AH02001: Connection closed to child 23 with standard shutdown (server 2blog.ilc.edu.tw:443)
[Sat Aug 22 00:45:23.605090 2026] [ssl:debug] [pid 608488:tid 608488] ssl_engine_io.c(1150): [client 216.73.216.122:18474] AH02001: Connection closed to child 8 with standard shutdown (server 2blog.ilc.edu.tw:443)
[Sat Aug 22 00:45:23.615383 2026] [ssl:debug] [pid 613426:tid 613426] ssl_engine_io.c(1150): [client 216.73.216.122:38022] AH02001: Connection closed to child 36 with standard shutdown (server 2blog.ilc.edu.tw:443)
[Sat Aug 22 00:45:23.615517 2026] [ssl:debug] [pid 613414:tid 613414] ssl_engine_io.c(1150): [client 216.73.216.122:16963] AH02001: Connection closed to child 22 with standard shutdown (server 2blog.ilc.edu.tw:443)
[Sat Aug 22 00:45:23.615609 2026] [ssl:debug] [pid 613413:tid 613413] ssl_engine_io.c(1150): [client 216.73.216.122:53673] AH02001: Connection closed to child 21 with standard shutdown (server 2blog.ilc.edu.tw:443)
[Sat Aug 22 00:45:23.616433 2026] [ssl:debug] [pid 613425:tid 613425] ssl_engine_io.c(1150): [client 216.73.216.122:1761] AH02001: Connection closed to child 33 with standard shutdown (server 2blog.ilc.edu.tw:443)
[Sat Aug 22 00:45:23.827421 2026] [ssl:debug] [pid 613328:tid 613328] ssl_engine_kernel.c(254): [client 2408:862e:ff:ff0d::110a:29050] AH02034: Subsequent (No.3) HTTPS request received for child 13 (server 2blog.ilc.edu.tw:443), referer: https://2blog.ilc.edu.tw/6504/page/89/
[Sat Aug 22 00:45:23.827611 2026] [authz_core:debug] [pid 613328:tid 613328] mod_authz_core.c(815): [client 2408:862e:ff:ff0d::110a:29050] AH01626: authorization result of Require all granted: granted, referer: https://2blog.ilc.edu.tw/6504/page/89/
[Sat Aug 22 00:45:23.827616 2026] [authz_core:debug] [pid 613328:tid 613328] mod_authz_core.c(815): [client 2408:862e:ff:ff0d::110a:29050] AH01626: authorization result of : granted, referer: https://2blog.ilc.edu.tw/6504/page/89/
[Sat Aug 22 00:45:23.827760 2026] [authz_core:debug] [pid 613328:tid 613328] mod_authz_core.c(815): [client 2408:862e:ff:ff0d::110a:29050] AH01626: authorization result of Require all granted: granted, referer: https://2blog.ilc.edu.tw/6504/page/89/
[Sat Aug 22 00:45:23.827764 2026] [authz_core:debug] [pid 613328:tid 613328] mod_authz_core.c(815): [client 2408:862e:ff:ff0d::110a:29050] AH01626: authorization result of : granted, referer: https://2blog.ilc.edu.tw/6504/page/89/
[Sat Aug 22 00:45:23.830120 2026] [deflate:debug] [pid 613328:tid 613328] mod_deflate.c(909): [client 2408:862e:ff:ff0d::110a:29050] AH01384: Zlib: Compressed 79264 to 39710 : URL /wp-content/cache/2blog.ilc.edu.tw/wpfc-minified/jzfjcfix/5x7ej.css, referer: https://2blog.ilc.edu.tw/6504/page/89/
[Sat Aug 22 00:45:24.098262 2026] [authz_core:debug] [pid 613429:tid 613429] mod_authz_core.c(815): [client 3.215.59.93:31224] AH01626: authorization result of Require all granted: granted
[Sat Aug 22 00:45:24.098287 2026] [authz_core:debug] [pid 613429:tid 613429] mod_authz_core.c(815): [client 3.215.59.93:31224] AH01626: authorization result of : granted
[Sat Aug 22 00:45:24.099745 2026] [authz_core:debug] [pid 613429:tid 613429] mod_authz_core.c(815): [client 3.215.59.93:31224] AH01626: authorization result of Require all granted: granted
[Sat Aug 22 00:45:24.099760 2026] [authz_core:debug] [pid 613429:tid 613429] mod_authz_core.c(815): [client 3.215.59.93:31224] AH01626: authorization result of : granted
[Sat Aug 22 00:45:24.104393 2026] [authz_core:debug] [pid 613429:tid 613429] mod_authz_core.c(815): [client 3.215.59.93:31224] AH01626: authorization result of Require all granted: granted
[Sat Aug 22 00:45:24.104411 2026] [authz_core:debug] [pid 613429:tid 613429] mod_authz_core.c(815): [client 3.215.59.93:31224] AH01626: authorization result of : granted
[Sat Aug 22 00:45:24.115414 2026] [authz_core:debug] [pid 613429:tid 613429] mod_authz_core.c(815): [client 3.215.59.93:31224] AH01626: authorization result of Require all granted: granted
[Sat Aug 22 00:45:24.115429 2026] [authz_core:debug] [pid 613429:tid 613429] mod_authz_core.c(815): [client 3.215.59.93:31224] AH01626: authorization result of : granted
[Sat Aug 22 00:45:24.117135 2026] [authz_core:debug] [pid 613429:tid 613429] mod_authz_core.c(815): [client 3.215.59.93:31224] AH01626: authorization result of Require all granted: granted
[Sat Aug 22 00:45:24.117140 2026] [authz_core:debug] [pid 613429:tid 613429] mod_authz_core.c(815): [client 3.215.59.93:31224] AH01626: authorization result of : granted
[Sat Aug 22 00:45:24.118663 2026] [authz_core:debug] [pid 613429:tid 613429] mod_authz_core.c(815): [client 3.215.59.93:31224] AH01626: authorization result of Require all granted: granted
[Sat Aug 22 00:45:24.118667 2026] [authz_core:debug] [pid 613429:tid 613429] mod_authz_core.c(815): [client 3.215.59.93:31224] AH01626: authorization result of : granted
[Sat Aug 22 00:45:24.120362 2026] [authz_core:debug] [pid 613429:tid 613429] mod_authz_core.c(815): [client 3.215.59.93:31224] AH01626: authorization result of Require all granted: granted
[Sat Aug 22 00:45:24.120372 2026] [authz_core:debug] [pid 613429:tid 613429] mod_authz_core.c(815): [client 3.215.59.93:31224] AH01626: authorization result of : granted
[Sat Aug 22 00:45:24.120888 2026] [deflate:debug] [pid 613429:tid 613429] mod_deflate.c(909): [client 3.215.59.93:31224] AH01384: Zlib: Compressed 1734 to 491 : URL /wp-content/uploads/sites/3093/
[Sat Aug 22 00:45:24.232459 2026] [ssl:info] [pid 613420:tid 613420] [client 2408:862e:ff:ff0d::110a:29284] AH01964: Connection to child 26 established (server 2blog.ilc.edu.tw:443)
[Sat Aug 22 00:45:24.232609 2026] [ssl:debug] [pid 613420:tid 613420] ssl_engine_kernel.c(2222): [client 2408:862e:ff:ff0d::110a:29284] AH02043: SSL virtual host for servername 2blog.ilc.edu.tw found
[Sat Aug 22 00:45:24.232624 2026] [socache_shmcb:debug] [pid 613420:tid 613420] mod_socache_shmcb.c(545): AH00835: socache_shmcb_retrieve (0x0b -> subcache 11)
[Sat Aug 22 00:45:24.232638 2026] [socache_shmcb:debug] [pid 613420:tid 613420] mod_socache_shmcb.c(896): AH00849: match at idx=67, data=4208
[Sat Aug 22 00:45:24.232640 2026] [socache_shmcb:debug] [pid 613420:tid 613420] mod_socache_shmcb.c(556): AH00836: leaving socache_shmcb_retrieve successfully
