[Sat Aug 22 00:45:18.096779 2026] [ssl:debug] [pid 613322:tid 613322] ssl_engine_kernel.c(254): [client 2407:4d00:5c06:813b:cf08:1b28:f4ac:a7df:55508] AH02034: Subsequent (No.2) HTTPS request received for child 5 (server www.tces.ilc.edu.tw:443), referer: https://www.tces.ilc.edu.tw/2020/08/03/%E7%8F%AD%E7%B4%9A%E4%BA%BA%E6%95%B8/
[Sat Aug 22 00:45:18.097116 2026] [ssl:debug] [pid 613398:tid 613398] ssl_engine_kernel.c(254): [client 2407:4d00:5c06:813b:cf08:1b28:f4ac:a7df:55470] AH02034: Subsequent (No.4) HTTPS request received for child 0 (server www.tces.ilc.edu.tw:443), referer: https://www.tces.ilc.edu.tw/2020/08/03/%E7%8F%AD%E7%B4%9A%E4%BA%BA%E6%95%B8/
[Sat Aug 22 00:45:18.101040 2026] [ssl:debug] [pid 613431:tid 613431] ssl_engine_kernel.c(254): [client 2407:4d00:5c06:813b:cf08:1b28:f4ac:a7df:55502] AH02034: Subsequent (No.2) HTTPS request received for child 41 (server www.tces.ilc.edu.tw:443), referer: https://www.tces.ilc.edu.tw/2020/08/03/%E7%8F%AD%E7%B4%9A%E4%BA%BA%E6%95%B8/
[Sat Aug 22 00:45:18.105169 2026] [ssl:debug] [pid 613911:tid 613911] ssl_engine_kernel.c(254): [client 2407:4d00:5c06:813b:cf08:1b28:f4ac:a7df:55486] AH02034: Initial (No.1) HTTPS request received for child 15 (server www.tces.ilc.edu.tw:443), referer: https://www.tces.ilc.edu.tw/2020/08/03/%E7%8F%AD%E7%B4%9A%E4%BA%BA%E6%95%B8/
[Sat Aug 22 00:45:18.105174 2026] [ssl:debug] [pid 613400:tid 613400] ssl_engine_kernel.c(254): [client 2407:4d00:5c06:813b:cf08:1b28:f4ac:a7df:55512] AH02034: Initial (No.1) HTTPS request received for child 3 (server www.tces.ilc.edu.tw:443), referer: https://www.tces.ilc.edu.tw/2020/08/03/%E7%8F%AD%E7%B4%9A%E4%BA%BA%E6%95%B8/
[Sat Aug 22 00:45:18.105349 2026] [authz_core:debug] [pid 613400:tid 613400] mod_authz_core.c(815): [client 2407:4d00:5c06:813b:cf08:1b28:f4ac:a7df:55512] AH01626: authorization result of Require all granted: granted, referer: https://www.tces.ilc.edu.tw/2020/08/03/%E7%8F%AD%E7%B4%9A%E4%BA%BA%E6%95%B8/
[Sat Aug 22 00:45:18.105349 2026] [authz_core:debug] [pid 613911:tid 613911] mod_authz_core.c(815): [client 2407:4d00:5c06:813b:cf08:1b28:f4ac:a7df:55486] AH01626: authorization result of Require all granted: granted, referer: https://www.tces.ilc.edu.tw/2020/08/03/%E7%8F%AD%E7%B4%9A%E4%BA%BA%E6%95%B8/
[Sat Aug 22 00:45:18.105354 2026] [authz_core:debug] [pid 613400:tid 613400] mod_authz_core.c(815): [client 2407:4d00:5c06:813b:cf08:1b28:f4ac:a7df:55512] AH01626: authorization result of : granted, referer: https://www.tces.ilc.edu.tw/2020/08/03/%E7%8F%AD%E7%B4%9A%E4%BA%BA%E6%95%B8/
[Sat Aug 22 00:45:18.105357 2026] [authz_core:debug] [pid 613911:tid 613911] mod_authz_core.c(815): [client 2407:4d00:5c06:813b:cf08:1b28:f4ac:a7df:55486] AH01626: authorization result of : granted, referer: https://www.tces.ilc.edu.tw/2020/08/03/%E7%8F%AD%E7%B4%9A%E4%BA%BA%E6%95%B8/
[Sat Aug 22 00:45:18.105564 2026] [deflate:debug] [pid 613911:tid 613911] mod_deflate.c(909): [client 2407:4d00:5c06:813b:cf08:1b28:f4ac:a7df:55486] AH01384: Zlib: Compressed 1718 to 700 : URL /wp-includes/js/hoverintent-js.min.js, referer: https://www.tces.ilc.edu.tw/2020/08/03/%E7%8F%AD%E7%B4%9A%E4%BA%BA%E6%95%B8/
[Sat Aug 22 00:45:18.105584 2026] [deflate:debug] [pid 613400:tid 613400] mod_deflate.c(909): [client 2407:4d00:5c06:813b:cf08:1b28:f4ac:a7df:55512] AH01384: Zlib: Compressed 3487 to 1339 : URL /wp-includes/js/admin-bar.min.js, referer: https://www.tces.ilc.edu.tw/2020/08/03/%E7%8F%AD%E7%B4%9A%E4%BA%BA%E6%95%B8/
[Sat Aug 22 00:45:18.134852 2026] [ssl:debug] [pid 613400:tid 613400] ssl_engine_kernel.c(254): [client 2407:4d00:5c06:813b:cf08:1b28:f4ac:a7df:55512] AH02034: Subsequent (No.2) HTTPS request received for child 3 (server www.tces.ilc.edu.tw:443), referer: https://www.tces.ilc.edu.tw/wp-content/cache/www.tces.ilc.edu.tw/wpfc-minified/ld97mu9b/ap08.css
[Sat Aug 22 00:45:18.135074 2026] [authz_core:debug] [pid 613400:tid 613400] mod_authz_core.c(815): [client 2407:4d00:5c06:813b:cf08:1b28:f4ac:a7df:55512] AH01626: authorization result of Require all granted: granted, referer: https://www.tces.ilc.edu.tw/wp-content/cache/www.tces.ilc.edu.tw/wpfc-minified/ld97mu9b/ap08.css
[Sat Aug 22 00:45:18.135081 2026] [authz_core:debug] [pid 613400:tid 613400] mod_authz_core.c(815): [client 2407:4d00:5c06:813b:cf08:1b28:f4ac:a7df:55512] AH01626: authorization result of : granted, referer: https://www.tces.ilc.edu.tw/wp-content/cache/www.tces.ilc.edu.tw/wpfc-minified/ld97mu9b/ap08.css
[Sat Aug 22 00:45:18.135403 2026] [ssl:debug] [pid 613911:tid 613911] ssl_engine_kernel.c(254): [client 2407:4d00:5c06:813b:cf08:1b28:f4ac:a7df:55486] AH02034: Subsequent (No.2) HTTPS request received for child 15 (server www.tces.ilc.edu.tw:443), referer: https://www.tces.ilc.edu.tw/wp-content/cache/www.tces.ilc.edu.tw/wpfc-minified/ld97mu9b/ap08.css
[Sat Aug 22 00:45:18.135554 2026] [authz_core:debug] [pid 613911:tid 613911] mod_authz_core.c(815): [client 2407:4d00:5c06:813b:cf08:1b28:f4ac:a7df:55486] AH01626: authorization result of Require all granted: granted, referer: https://www.tces.ilc.edu.tw/wp-content/cache/www.tces.ilc.edu.tw/wpfc-minified/ld97mu9b/ap08.css
[Sat Aug 22 00:45:18.135559 2026] [authz_core:debug] [pid 613911:tid 613911] mod_authz_core.c(815): [client 2407:4d00:5c06:813b:cf08:1b28:f4ac:a7df:55486] AH01626: authorization result of : granted, referer: https://www.tces.ilc.edu.tw/wp-content/cache/www.tces.ilc.edu.tw/wpfc-minified/ld97mu9b/ap08.css
[Sat Aug 22 00:45:18.149101 2026] [ssl:info] [pid 613389:tid 613389] [client 2001:288:a201::66:125:42374] AH01964: Connection to child 6 established (server 2blog.ilc.edu.tw:443)
[Sat Aug 22 00:45:18.149231 2026] [ssl:debug] [pid 613389:tid 613389] ssl_engine_kernel.c(2252): [client 2001:288:a201::66:125:42374] AH02645: Server name not provided via TLS extension (using default/first virtual host)
[Sat Aug 22 00:45:18.149246 2026] [socache_shmcb:debug] [pid 613389:tid 613389] mod_socache_shmcb.c(545): AH00835: socache_shmcb_retrieve (0x7e -> subcache 30)
[Sat Aug 22 00:45:18.149250 2026] [socache_shmcb:debug] [pid 613389:tid 613389] mod_socache_shmcb.c(896): AH00849: match at idx=0, data=3006
[Sat Aug 22 00:45:18.149252 2026] [socache_shmcb:debug] [pid 613389:tid 613389] mod_socache_shmcb.c(919): AH00850: shmcb_subcache_retrieve discarding expired entry
[Sat Aug 22 00:45:18.149254 2026] [socache_shmcb:debug] [pid 613389:tid 613389] mod_socache_shmcb.c(556): AH00836: leaving socache_shmcb_retrieve successfully
[Sat Aug 22 00:45:18.159913 2026] [socache_shmcb:debug] [pid 613389:tid 613389] mod_socache_shmcb.c(508): AH00831: socache_shmcb_store (0xcc -> subcache 12)
[Sat Aug 22 00:45:18.159949 2026] [socache_shmcb:debug] [pid 613389:tid 613389] mod_socache_shmcb.c(860): AH00847: insert happened at idx=31, data=(10043:10075)
[Sat Aug 22 00:45:18.159952 2026] [socache_shmcb:debug] [pid 613389:tid 613389] mod_socache_shmcb.c(863): AH00848: finished insert, subcache: idx_pos/idx_used=86/34, data_pos/data_used=2640/7593
[Sat Aug 22 00:45:18.159955 2026] [socache_shmcb:debug] [pid 613389:tid 613389] mod_socache_shmcb.c(530): AH00834: leaving socache_shmcb_store successfully
[Sat Aug 22 00:45:18.159965 2026] [ssl:debug] [pid 613389:tid 613389] ssl_engine_kernel.c(2082): [client 2001:288:a201::66:125:42374] AH02041: Protocol: TLSv1.2, Cipher: ECDHE-RSA-AES256-GCM-SHA384 (256/256 bits)
[Sat Aug 22 00:45:18.160605 2026] [ssl:debug] [pid 613389:tid 613389] ssl_engine_kernel.c(254): [client 2001:288:a201::66:125:42374] AH02034: Initial (No.1) HTTPS request received for child 6 (server 2blog.ilc.edu.tw:443)
[Sat Aug 22 00:45:18.160808 2026] [authz_core:debug] [pid 613389:tid 613389] mod_authz_core.c(815): [client 2001:288:a201::66:125:42374] AH01626: authorization result of Require all granted: granted
[Sat Aug 22 00:45:18.160816 2026] [authz_core:debug] [pid 613389:tid 613389] mod_authz_core.c(815): [client 2001:288:a201::66:125:42374] AH01626: authorization result of : granted
[Sat Aug 22 00:45:18.161078 2026] [authz_core:debug] [pid 613389:tid 613389] mod_authz_core.c(815): [client 2001:288:a201::66:125:42374] AH01626: authorization result of Require all granted: granted
[Sat Aug 22 00:45:18.161088 2026] [authz_core:debug] [pid 613389:tid 613389] mod_authz_core.c(815): [client 2001:288:a201::66:125:42374] AH01626: authorization result of : granted
[Sat Aug 22 00:45:18.161105 2026] [php7:error] [pid 613389:tid 613389] [client 2001:288:a201::66:125:42374] script '/var/www/html/2blog/active.php' not found or unable to stat
[Sat Aug 22 00:45:18.161116 2026] [headers:debug] [pid 613389:tid 613389] mod_headers.c(900): AH01503: headers: ap_headers_error_filter()
[Sat Aug 22 00:45:18.161265 2026] [ssl:debug] [pid 613389:tid 613389] ssl_engine_io.c(1150): [client 2001:288:a201::66:125:42374] AH02001: Connection closed to child 6 with standard shutdown (server 2blog.ilc.edu.tw:443)
[Sat Aug 22 00:45:18.211215 2026] [ssl:debug] [pid 613911:tid 613911] ssl_engine_kernel.c(254): [client 2407:4d00:5c06:813b:cf08:1b28:f4ac:a7df:55486] AH02034: Subsequent (No.3) HTTPS request received for child 15 (server www.tces.ilc.edu.tw:443), referer: https://www.tces.ilc.edu.tw/2020/08/03/%E7%8F%AD%E7%B4%9A%E4%BA%BA%E6%95%B8/
[Sat Aug 22 00:45:18.218435 2026] [authz_core:debug] [pid 613911:tid 613911] mod_authz_core.c(815): [client 2407:4d00:5c06:813b:cf08:1b28:f4ac:a7df:55486] AH01626: authorization result of Require all granted: granted, referer: https://www.tces.ilc.edu.tw/2020/08/03/%E7%8F%AD%E7%B4%9A%E4%BA%BA%E6%95%B8/
[Sat Aug 22 00:45:18.218448 2026] [authz_core:debug] [pid 613911:tid 613911] mod_authz_core.c(815): [client 2407:4d00:5c06:813b:cf08:1b28:f4ac:a7df:55486] AH01626: authorization result of : granted, referer: https://www.tces.ilc.edu.tw/2020/08/03/%E7%8F%AD%E7%B4%9A%E4%BA%BA%E6%95%B8/
[Sat Aug 22 00:45:18.263600 2026] [ssl:info] [pid 613380:tid 613380] [client 2400:e920:0:2:f45d:ddff:fe00:7a:62091] AH01964: Connection to child 2 established (server 2blog.ilc.edu.tw:443)
[Sat Aug 22 00:45:18.263740 2026] [ssl:debug] [pid 613380:tid 613380] ssl_engine_kernel.c(2222): [client 2400:e920:0:2:f45d:ddff:fe00:7a:62091] AH02043: SSL virtual host for servername ilta.ilc.edu.tw found
[Sat Aug 22 00:45:18.263788 2026] [core:debug] [pid 613380:tid 613380] protocol.c(2460): [client 2400:e920:0:2:f45d:ddff:fe00:7a:62091] AH03155: select protocol from , choices=http/1.1 for server ilta.ilc.edu.tw
[Sat Aug 22 00:45:18.274223 2026] [ssl:debug] [pid 613400:tid 613400] ssl_engine_kernel.c(254): [client 2407:4d00:5c06:813b:cf08:1b28:f4ac:a7df:55512] AH02034: Subsequent (No.3) HTTPS request received for child 3 (server www.tces.ilc.edu.tw:443), referer: https://www.tces.ilc.edu.tw/2020/08/03/%E7%8F%AD%E7%B4%9A%E4%BA%BA%E6%95%B8/
[Sat Aug 22 00:45:18.274387 2026] [authz_core:debug] [pid 613400:tid 613400] mod_authz_core.c(815): [client 2407:4d00:5c06:813b:cf08:1b28:f4ac:a7df:55512] AH01626: authorization result of Require all granted: granted, referer: https://www.tces.ilc.edu.tw/2020/08/03/%E7%8F%AD%E7%B4%9A%E4%BA%BA%E6%95%B8/
[Sat Aug 22 00:45:18.274392 2026] [authz_core:debug] [pid 613400:tid 613400] mod_authz_core.c(815): [client 2407:4d00:5c06:813b:cf08:1b28:f4ac:a7df:55512] AH01626: authorization result of : granted, referer: https://www.tces.ilc.edu.tw/2020/08/03/%E7%8F%AD%E7%B4%9A%E4%BA%BA%E6%95%B8/
[Sat Aug 22 00:45:18.274643 2026] [deflate:debug] [pid 613400:tid 613400] mod_deflate.c(909): [client 2407:4d00:5c06:813b:cf08:1b28:f4ac:a7df:55512] AH01384: Zlib: Compressed 5520 to 1785 : URL /wp-includes/js/imagesloaded.min.js, referer: https://www.tces.ilc.edu.tw/2020/08/03/%E7%8F%AD%E7%B4%9A%E4%BA%BA%E6%95%B8/
[Sat Aug 22 00:45:18.287310 2026] [headers:debug] [pid 613389:tid 613389] mod_headers.c(900): AH01503: headers: ap_headers_error_filter()
[Sat Aug 22 00:45:18.361701 2026] [ssl:info] [pid 613389:tid 613389] [client 140.111.67.10:63582] AH01964: Connection to child 6 established (server 2blog.ilc.edu.tw:443)
[Sat Aug 22 00:45:18.361810 2026] [ssl:info] [pid 613389:tid 613389] (70014)End of file found: [client 140.111.67.10:63582] AH02006: SSL handshake stopped: connection was closed
[Sat Aug 22 00:45:18.361816 2026] [ssl:info] [pid 613389:tid 613389] [client 140.111.67.10:63582] AH01998: Connection closed to child 6 with abortive shutdown (server 2blog.ilc.edu.tw:443)
[Sat Aug 22 00:45:18.367836 2026] [ssl:debug] [pid 613380:tid 613380] ssl_engine_kernel.c(2082): [client 2400:e920:0:2:f45d:ddff:fe00:7a:62091] AH02041: Protocol: TLSv1.3, Cipher: TLS_AES_256_GCM_SHA384 (256/256 bits)
[Sat Aug 22 00:45:18.367881 2026] [socache_shmcb:debug] [pid 613380:tid 613380] mod_socache_shmcb.c(508): AH00831: socache_shmcb_store (0x30 -> subcache 16)
[Sat Aug 22 00:45:18.367896 2026] [socache_shmcb:debug] [pid 613380:tid 613380] mod_socache_shmcb.c(860): AH00847: insert happened at idx=44, data=(12903:12935)
[Sat Aug 22 00:45:18.367898 2026] [socache_shmcb:debug] [pid 613380:tid 613380] mod_socache_shmcb.c(863): AH00848: finished insert, subcache: idx_pos/idx_used=84/49, data_pos/data_used=2147/10980
[Sat Aug 22 00:45:18.367900 2026] [socache_shmcb:debug] [pid 613380:tid 613380] mod_socache_shmcb.c(530): AH00834: leaving socache_shmcb_store successfully
[Sat Aug 22 00:45:18.367954 2026] [socache_shmcb:debug] [pid 613380:tid 613380] mod_socache_shmcb.c(508): AH00831: socache_shmcb_store (0x93 -> subcache 19)
[Sat Aug 22 00:45:18.367958 2026] [socache_shmcb:debug] [pid 613380:tid 613380] mod_socache_shmcb.c(745): AH00842: expiring 1 and reclaiming 0 removed socache entries
[Sat Aug 22 00:45:18.367961 2026] [socache_shmcb:debug] [pid 613380:tid 613380] mod_socache_shmcb.c(765): AH00843: we now have 52 socache entries
[Sat Aug 22 00:45:18.367962 2026] [socache_shmcb:debug] [pid 613380:tid 613380] mod_socache_shmcb.c(860): AH00847: insert happened at idx=16, data=(6704:6736)
[Sat Aug 22 00:45:18.367964 2026] [socache_shmcb:debug] [pid 613380:tid 613380] mod_socache_shmcb.c(863): AH00848: finished insert, subcache: idx_pos/idx_used=52/53, data_pos/data_used=9021/11771
[Sat Aug 22 00:45:18.367966 2026] [socache_shmcb:debug] [pid 613380:tid 613380] mod_socache_shmcb.c(530): AH00834: leaving socache_shmcb_store successfully
[Sat Aug 22 00:45:18.368489 2026] [ssl:debug] [pid 613380:tid 613380] ssl_engine_kernel.c(254): [client 2400:e920:0:2:f45d:ddff:fe00:7a:62091] AH02034: Initial (No.1) HTTPS request received for child 2 (server ilta.ilc.edu.tw:443), referer: http://ilta.ilc.edu.tw
[Sat Aug 22 00:45:18.368644 2026] [authz_core:debug] [pid 613380:tid 613380] mod_authz_core.c(815): [client 2400:e920:0:2:f45d:ddff:fe00:7a:62091] AH01626: authorization result of Require all granted: granted, referer: http://ilta.ilc.edu.tw
[Sat Aug 22 00:45:18.368649 2026] [authz_core:debug] [pid 613380:tid 613380] mod_authz_core.c(815): [client 2400:e920:0:2:f45d:ddff:fe00:7a:62091] AH01626: authorization result of : granted, referer: http://ilta.ilc.edu.tw
[Sat Aug 22 00:45:18.371075 2026] [ssl:debug] [pid 613400:tid 613400] ssl_engine_kernel.c(254): [client 2407:4d00:5c06:813b:cf08:1b28:f4ac:a7df:55512] AH02034: Subsequent (No.4) HTTPS request received for child 3 (server www.tces.ilc.edu.tw:443), referer: https://www.tces.ilc.edu.tw/2020/08/03/%E7%8F%AD%E7%B4%9A%E4%BA%BA%E6%95%B8/
[Sat Aug 22 00:45:18.371248 2026] [authz_core:debug] [pid 613400:tid 613400] mod_authz_core.c(815): [client 2407:4d00:5c06:813b:cf08:1b28:f4ac:a7df:55512] AH01626: authorization result of Require all granted: granted, referer: https://www.tces.ilc.edu.tw/2020/08/03/%E7%8F%AD%E7%B4%9A%E4%BA%BA%E6%95%B8/
[Sat Aug 22 00:45:18.371254 2026] [authz_core:debug] [pid 613400:tid 613400] mod_authz_core.c(815): [client 2407:4d00:5c06:813b:cf08:1b28:f4ac:a7df:55512] AH01626: authorization result of : granted, referer: https://www.tces.ilc.edu.tw/2020/08/03/%E7%8F%AD%E7%B4%9A%E4%BA%BA%E6%95%B8/
[Sat Aug 22 00:45:18.371793 2026] [deflate:debug] [pid 613400:tid 613400] mod_deflate.c(909): [client 2407:4d00:5c06:813b:cf08:1b28:f4ac:a7df:55512] AH01384: Zlib: Compressed 19719 to 4232 : URL /wp-content/themes/oceanwp/assets/js/theme.min.js, referer: https://www.tces.ilc.edu.tw/2020/08/03/%E7%8F%AD%E7%B4%9A%E4%BA%BA%E6%95%B8/
[Sat Aug 22 00:45:18.375607 2026] [ssl:debug] [pid 613441:tid 613441] ssl_engine_kernel.c(254): [client 2407:4d00:5c06:813b:cf08:1b28:f4ac:a7df:55464] AH02034: Subsequent (No.4) HTTPS request received for child 29 (server www.tces.ilc.edu.tw:443), referer: https://www.tces.ilc.edu.tw/2020/08/03/%E7%8F%AD%E7%B4%9A%E4%BA%BA%E6%95%B8/
[Sat Aug 22 00:45:18.375774 2026] [authz_core:debug] [pid 613441:tid 613441] mod_authz_core.c(815): [client 2407:4d00:5c06:813b:cf08:1b28:f4ac:a7df:55464] AH01626: authorization result of Require all granted: granted, referer: https://www.tces.ilc.edu.tw/2020/08/03/%E7%8F%AD%E7%B4%9A%E4%BA%BA%E6%95%B8/
[Sat Aug 22 00:45:18.375785 2026] [authz_core:debug] [pid 613441:tid 613441] mod_authz_core.c(815): [client 2407:4d00:5c06:813b:cf08:1b28:f4ac:a7df:55464] AH01626: authorization result of : granted, referer: https://www.tces.ilc.edu.tw/2020/08/03/%E7%8F%AD%E7%B4%9A%E4%BA%BA%E6%95%B8/
[Sat Aug 22 00:45:18.376192 2026] [deflate:debug] [pid 613441:tid 613441] mod_deflate.c(909): [client 2407:4d00:5c06:813b:cf08:1b28:f4ac:a7df:55464] AH01384: Zlib: Compressed 14581 to 3765 : URL /wp-content/themes/oceanwp/assets/js/drop-down-mobile-menu.min.js, referer: https://www.tces.ilc.edu.tw/2020/08/03/%E7%8F%AD%E7%B4%9A%E4%BA%BA%E6%95%B8/
[Sat Aug 22 00:45:18.412882 2026] [ssl:debug] [pid 613400:tid 613400] ssl_engine_kernel.c(254): [client 2407:4d00:5c06:813b:cf08:1b28:f4ac:a7df:55512] AH02034: Subsequent (No.5) HTTPS request received for child 3 (server www.tces.ilc.edu.tw:443), referer: https://www.tces.ilc.edu.tw/2020/08/03/%E7%8F%AD%E7%B4%9A%E4%BA%BA%E6%95%B8/
[Sat Aug 22 00:45:18.413077 2026] [authz_core:debug] [pid 613400:tid 613400] mod_authz_core.c(815): [client 2407:4d00:5c06:813b:cf08:1b28:f4ac:a7df:55512] AH01626: authorization result of Require all granted: granted, referer: https://www.tces.ilc.edu.tw/2020/08/03/%E7%8F%AD%E7%B4%9A%E4%BA%BA%E6%95%B8/
[Sat Aug 22 00:45:18.413083 2026] [authz_core:debug] [pid 613400:tid 613400] mod_authz_core.c(815): [client 2407:4d00:5c06:813b:cf08:1b28:f4ac:a7df:55512] AH01626: authorization result of : granted, referer: https://www.tces.ilc.edu.tw/2020/08/03/%E7%8F%AD%E7%B4%9A%E4%BA%BA%E6%95%B8/
[Sat Aug 22 00:45:18.413405 2026] [deflate:debug] [pid 613400:tid 613400] mod_deflate.c(909): [client 2407:4d00:5c06:813b:cf08:1b28:f4ac:a7df:55512] AH01384: Zlib: Compressed 7540 to 2070 : URL /wp-content/themes/oceanwp/assets/js/drop-down-search.min.js, referer: https://www.tces.ilc.edu.tw/2020/08/03/%E7%8F%AD%E7%B4%9A%E4%BA%BA%E6%95%B8/
[Sat Aug 22 00:45:18.417056 2026] [ssl:debug] [pid 613441:tid 613441] ssl_engine_kernel.c(254): [client 2407:4d00:5c06:813b:cf08:1b28:f4ac:a7df:55464] AH02034: Subsequent (No.5) HTTPS request received for child 29 (server www.tces.ilc.edu.tw:443), referer: https://www.tces.ilc.edu.tw/2020/08/03/%E7%8F%AD%E7%B4%9A%E4%BA%BA%E6%95%B8/
[Sat Aug 22 00:45:18.417236 2026] [authz_core:debug] [pid 613441:tid 613441] mod_authz_core.c(815): [client 2407:4d00:5c06:813b:cf08:1b28:f4ac:a7df:55464] AH01626: authorization result of Require all granted: granted, referer: https://www.tces.ilc.edu.tw/2020/08/03/%E7%8F%AD%E7%B4%9A%E4%BA%BA%E6%95%B8/
[Sat Aug 22 00:45:18.417242 2026] [authz_core:debug] [pid 613441:tid 613441] mod_authz_core.c(815): [client 2407:4d00:5c06:813b:cf08:1b28:f4ac:a7df:55464] AH01626: authorization result of : granted, referer: https://www.tces.ilc.edu.tw/2020/08/03/%E7%8F%AD%E7%B4%9A%E4%BA%BA%E6%95%B8/
[Sat Aug 22 00:45:18.417889 2026] [deflate:debug] [pid 613441:tid 613441] mod_deflate.c(909): [client 2407:4d00:5c06:813b:cf08:1b28:f4ac:a7df:55464] AH01384: Zlib: Compressed 20216 to 7328 : URL /wp-content/themes/oceanwp/assets/js/vendors/magnific-popup.min.js, referer: https://www.tces.ilc.edu.tw/2020/08/03/%E7%8F%AD%E7%B4%9A%E4%BA%BA%E6%95%B8/
[Sat Aug 22 00:45:18.459004 2026] [deflate:debug] [pid 613380:tid 613380] mod_deflate.c(909): [client 2400:e920:0:2:f45d:ddff:fe00:7a:62091] AH01384: Zlib: Compressed 13605 to 5006 : URL /wp-login.php, referer: http://ilta.ilc.edu.tw
[Sat Aug 22 00:45:18.459052 2026] [ssl:debug] [pid 613400:tid 613400] ssl_engine_kernel.c(254): [client 2407:4d00:5c06:813b:cf08:1b28:f4ac:a7df:55512] AH02034: Subsequent (No.6) HTTPS request received for child 3 (server www.tces.ilc.edu.tw:443), referer: https://www.tces.ilc.edu.tw/2020/08/03/%E7%8F%AD%E7%B4%9A%E4%BA%BA%E6%95%B8/
[Sat Aug 22 00:45:18.459221 2026] [authz_core:debug] [pid 613400:tid 613400] mod_authz_core.c(815): [client 2407:4d00:5c06:813b:cf08:1b28:f4ac:a7df:55512] AH01626: authorization result of Require all granted: granted, referer: https://www.tces.ilc.edu.tw/2020/08/03/%E7%8F%AD%E7%B4%9A%E4%BA%BA%E6%95%B8/
[Sat Aug 22 00:45:18.459233 2026] [authz_core:debug] [pid 613400:tid 613400] mod_authz_core.c(815): [client 2407:4d00:5c06:813b:cf08:1b28:f4ac:a7df:55512] AH01626: authorization result of : granted, referer: https://www.tces.ilc.edu.tw/2020/08/03/%E7%8F%AD%E7%B4%9A%E4%BA%BA%E6%95%B8/
[Sat Aug 22 00:45:18.459443 2026] [deflate:debug] [pid 613400:tid 613400] mod_deflate.c(909): [client 2407:4d00:5c06:813b:cf08:1b28:f4ac:a7df:55512] AH01384: Zlib: Compressed 4111 to 1423 : URL /wp-content/themes/oceanwp/assets/js/ow-lightbox.min.js, referer: https://www.tces.ilc.edu.tw/2020/08/03/%E7%8F%AD%E7%B4%9A%E4%BA%BA%E6%95%B8/
[Sat Aug 22 00:45:18.463352 2026] [ssl:debug] [pid 613441:tid 613441] ssl_engine_kernel.c(254): [client 2407:4d00:5c06:813b:cf08:1b28:f4ac:a7df:55464] AH02034: Subsequent (No.6) HTTPS request received for child 29 (server www.tces.ilc.edu.tw:443), referer: https://www.tces.ilc.edu.tw/2020/08/03/%E7%8F%AD%E7%B4%9A%E4%BA%BA%E6%95%B8/
[Sat Aug 22 00:45:18.463521 2026] [authz_core:debug] [pid 613441:tid 613441] mod_authz_core.c(815): [client 2407:4d00:5c06:813b:cf08:1b28:f4ac:a7df:55464] AH01626: authorization result of Require all granted: granted, referer: https://www.tces.ilc.edu.tw/2020/08/03/%E7%8F%AD%E7%B4%9A%E4%BA%BA%E6%95%B8/
[Sat Aug 22 00:45:18.463526 2026] [authz_core:debug] [pid 613441:tid 613441] mod_authz_core.c(815): [client 2407:4d00:5c06:813b:cf08:1b28:f4ac:a7df:55464] AH01626: authorization result of : granted, referer: https://www.tces.ilc.edu.tw/2020/08/03/%E7%8F%AD%E7%B4%9A%E4%BA%BA%E6%95%B8/
[Sat Aug 22 00:45:18.465175 2026] [deflate:debug] [pid 613441:tid 613441] mod_deflate.c(909): [client 2407:4d00:5c06:813b:cf08:1b28:f4ac:a7df:55464] AH01384: Zlib: Compressed 57513 to 14083 : URL /wp-content/themes/oceanwp/assets/js/vendors/flickity.pkgd.min.js, referer: https://www.tces.ilc.edu.tw/2020/08/03/%E7%8F%AD%E7%B4%9A%E4%BA%BA%E6%95%B8/
[Sat Aug 22 00:45:18.488491 2026] [ssl:debug] [pid 613400:tid 613400] ssl_engine_kernel.c(254): [client 2407:4d00:5c06:813b:cf08:1b28:f4ac:a7df:55512] AH02034: Subsequent (No.7) HTTPS request received for child 3 (server www.tces.ilc.edu.tw:443), referer: https://www.tces.ilc.edu.tw/2020/08/03/%E7%8F%AD%E7%B4%9A%E4%BA%BA%E6%95%B8/
[Sat Aug 22 00:45:18.488667 2026] [authz_core:debug] [pid 613400:tid 613400] mod_authz_core.c(815): [client 2407:4d00:5c06:813b:cf08:1b28:f4ac:a7df:55512] AH01626: authorization result of Require all granted: granted, referer: https://www.tces.ilc.edu.tw/2020/08/03/%E7%8F%AD%E7%B4%9A%E4%BA%BA%E6%95%B8/
[Sat Aug 22 00:45:18.488671 2026] [authz_core:debug] [pid 613400:tid 613400] mod_authz_core.c(815): [client 2407:4d00:5c06:813b:cf08:1b28:f4ac:a7df:55512] AH01626: authorization result of : granted, referer: https://www.tces.ilc.edu.tw/2020/08/03/%E7%8F%AD%E7%B4%9A%E4%BA%BA%E6%95%B8/
[Sat Aug 22 00:45:18.488855 2026] [deflate:debug] [pid 613400:tid 613400] mod_deflate.c(909): [client 2407:4d00:5c06:813b:cf08:1b28:f4ac:a7df:55512] AH01384: Zlib: Compressed 2002 to 864 : URL /wp-content/themes/oceanwp/assets/js/ow-slider.min.js, referer: https://www.tces.ilc.edu.tw/2020/08/03/%E7%8F%AD%E7%B4%9A%E4%BA%BA%E6%95%B8/
[Sat Aug 22 00:45:18.492712 2026] [ssl:debug] [pid 613441:tid 613441] ssl_engine_kernel.c(254): [client 2407:4d00:5c06:813b:cf08:1b28:f4ac:a7df:55464] AH02034: Subsequent (No.7) HTTPS request received for child 29 (server www.tces.ilc.edu.tw:443), referer: https://www.tces.ilc.edu.tw/2020/08/03/%E7%8F%AD%E7%B4%9A%E4%BA%BA%E6%95%B8/
[Sat Aug 22 00:45:18.492876 2026] [authz_core:debug] [pid 613441:tid 613441] mod_authz_core.c(815): [client 2407:4d00:5c06:813b:cf08:1b28:f4ac:a7df:55464] AH01626: authorization result of Require all granted: granted, referer: https://www.tces.ilc.edu.tw/2020/08/03/%E7%8F%AD%E7%B4%9A%E4%BA%BA%E6%95%B8/
[Sat Aug 22 00:45:18.492881 2026] [authz_core:debug] [pid 613441:tid 613441] mod_authz_core.c(815): [client 2407:4d00:5c06:813b:cf08:1b28:f4ac:a7df:55464] AH01626: authorization result of : granted, referer: https://www.tces.ilc.edu.tw/2020/08/03/%E7%8F%AD%E7%B4%9A%E4%BA%BA%E6%95%B8/
[Sat Aug 22 00:45:18.493243 2026] [deflate:debug] [pid 613441:tid 613441] mod_deflate.c(909): [client 2407:4d00:5c06:813b:cf08:1b28:f4ac:a7df:55464] AH01384: Zlib: Compressed 12402 to 3229 : URL /wp-content/themes/oceanwp/assets/js/scroll-effect.min.js, referer: https://www.tces.ilc.edu.tw/2020/08/03/%E7%8F%AD%E7%B4%9A%E4%BA%BA%E6%95%B8/
[Sat Aug 22 00:45:18.517117 2026] [ssl:debug] [pid 613442:tid 613442] ssl_engine_io.c(1150): [client 216.73.216.122:56873] AH02001: Connection closed to child 38 with standard shutdown (server 2blog.ilc.edu.tw:443)
[Sat Aug 22 00:45:18.517881 2026] [ssl:debug] [pid 613400:tid 613400] ssl_engine_kernel.c(254): [client 2407:4d00:5c06:813b:cf08:1b28:f4ac:a7df:55512] AH02034: Subsequent (No.8) HTTPS request received for child 3 (server www.tces.ilc.edu.tw:443), referer: https://www.tces.ilc.edu.tw/2020/08/03/%E7%8F%AD%E7%B4%9A%E4%BA%BA%E6%95%B8/
[Sat Aug 22 00:45:18.518112 2026] [authz_core:debug] [pid 613400:tid 613400] mod_authz_core.c(815): [client 2407:4d00:5c06:813b:cf08:1b28:f4ac:a7df:55512] AH01626: authorization result of Require all granted: granted, referer: https://www.tces.ilc.edu.tw/2020/08/03/%E7%8F%AD%E7%B4%9A%E4%BA%BA%E6%95%B8/
[Sat Aug 22 00:45:18.518119 2026] [authz_core:debug] [pid 613400:tid 613400] mod_authz_core.c(815): [client 2407:4d00:5c06:813b:cf08:1b28:f4ac:a7df:55512] AH01626: authorization result of : granted, referer: https://www.tces.ilc.edu.tw/2020/08/03/%E7%8F%AD%E7%B4%9A%E4%BA%BA%E6%95%B8/
[Sat Aug 22 00:45:18.518526 2026] [deflate:debug] [pid 613400:tid 613400] mod_deflate.c(909): [client 2407:4d00:5c06:813b:cf08:1b28:f4ac:a7df:55512] AH01384: Zlib: Compressed 8989 to 2304 : URL /wp-content/themes/oceanwp/assets/js/scroll-top.min.js, referer: https://www.tces.ilc.edu.tw/2020/08/03/%E7%8F%AD%E7%B4%9A%E4%BA%BA%E6%95%B8/
[Sat Aug 22 00:45:18.526265 2026] [ssl:debug] [pid 613441:tid 613441] ssl_engine_kernel.c(254): [client 2407:4d00:5c06:813b:cf08:1b28:f4ac:a7df:55464] AH02034: Subsequent (No.8) HTTPS request received for child 29 (server www.tces.ilc.edu.tw:443), referer: https://www.tces.ilc.edu.tw/2020/08/03/%E7%8F%AD%E7%B4%9A%E4%BA%BA%E6%95%B8/
[Sat Aug 22 00:45:18.526455 2026] [authz_core:debug] [pid 613441:tid 613441] mod_authz_core.c(815): [client 2407:4d00:5c06:813b:cf08:1b28:f4ac:a7df:55464] AH01626: authorization result of Require all granted: granted, referer: https://www.tces.ilc.edu.tw/2020/08/03/%E7%8F%AD%E7%B4%9A%E4%BA%BA%E6%95%B8/
[Sat Aug 22 00:45:18.526460 2026] [authz_core:debug] [pid 613441:tid 613441] mod_authz_core.c(815): [client 2407:4d00:5c06:813b:cf08:1b28:f4ac:a7df:55464] AH01626: authorization result of : granted, referer: https://www.tces.ilc.edu.tw/2020/08/03/%E7%8F%AD%E7%B4%9A%E4%BA%BA%E6%95%B8/
[Sat Aug 22 00:45:18.526688 2026] [deflate:debug] [pid 613441:tid 613441] mod_deflate.c(909): [client 2407:4d00:5c06:813b:cf08:1b28:f4ac:a7df:55464] AH01384: Zlib: Compressed 5181 to 1510 : URL /wp-content/themes/oceanwp/assets/js/select.min.js, referer: https://www.tces.ilc.edu.tw/2020/08/03/%E7%8F%AD%E7%B4%9A%E4%BA%BA%E6%95%B8/
[Sat Aug 22 00:45:18.529045 2026] [ssl:debug] [pid 613183:tid 613183] ssl_engine_io.c(1150): [client 216.73.216.122:17261] AH02001: Connection closed to child 34 with standard shutdown (server 2blog.ilc.edu.tw:443)
[Sat Aug 22 00:45:18.553090 2026] [ssl:debug] [pid 613422:tid 613422] ssl_engine_io.c(1150): [client 216.73.216.122:26121] AH02001: Connection closed to child 28 with standard shutdown (server 2blog.ilc.edu.tw:443)
[Sat Aug 22 00:45:18.562430 2026] [ssl:info] [pid 613380:tid 613380] (70014)End of file found: [client 2400:e920:0:2:f45d:ddff:fe00:7a:62091] AH01992: SSL library error 6 reading data
[Sat Aug 22 00:45:18.562491 2026] [ssl:debug] [pid 613380:tid 613380] ssl_engine_io.c(1150): [client 2400:e920:0:2:f45d:ddff:fe00:7a:62091] AH02001: Connection closed to child 2 with standard shutdown (server ilta.ilc.edu.tw:443)
[Sat Aug 22 00:45:18.568498 2026] [ssl:info] [pid 613402:tid 613402] (70014)End of file found: [client 2400:e920:0:2:f45d:ddff:fe00:7a:62025] AH01992: SSL library error 6 reading data
[Sat Aug 22 00:45:18.568549 2026] [ssl:debug] [pid 613402:tid 613402] ssl_engine_io.c(1150): [client 2400:e920:0:2:f45d:ddff:fe00:7a:62025] AH02001: Connection closed to child 9 with standard shutdown (server ilta.ilc.edu.tw:443)
[Sat Aug 22 00:45:18.573020 2026] [ssl:debug] [pid 613184:tid 613184] ssl_engine_io.c(1150): [client 216.73.216.122:49812] AH02001: Connection closed to child 35 with standard shutdown (server 2blog.ilc.edu.tw:443)
[Sat Aug 22 00:45:18.577058 2026] [ssl:debug] [pid 613396:tid 613396] ssl_engine_io.c(1150): [client 216.73.216.122:63297] AH02001: Connection closed to child 14 with standard shutdown (server 2blog.ilc.edu.tw:443)
[Sat Aug 22 00:45:18.581893 2026] [ssl:debug] [pid 613400:tid 613400] ssl_engine_kernel.c(254): [client 2407:4d00:5c06:813b:cf08:1b28:f4ac:a7df:55512] AH02034: Subsequent (No.9) HTTPS request received for child 3 (server www.tces.ilc.edu.tw:443), referer: https://www.tces.ilc.edu.tw/2020/08/03/%E7%8F%AD%E7%B4%9A%E4%BA%BA%E6%95%B8/
[Sat Aug 22 00:45:18.582078 2026] [authz_core:debug] [pid 613400:tid 613400] mod_authz_core.c(815): [client 2407:4d00:5c06:813b:cf08:1b28:f4ac:a7df:55512] AH01626: authorization result of Require all granted: granted, referer: https://www.tces.ilc.edu.tw/2020/08/03/%E7%8F%AD%E7%B4%9A%E4%BA%BA%E6%95%B8/
[Sat Aug 22 00:45:18.582083 2026] [authz_core:debug] [pid 613400:tid 613400] mod_authz_core.c(815): [client 2407:4d00:5c06:813b:cf08:1b28:f4ac:a7df:55512] AH01626: authorization result of : granted, referer: https://www.tces.ilc.edu.tw/2020/08/03/%E7%8F%AD%E7%B4%9A%E4%BA%BA%E6%95%B8/
[Sat Aug 22 00:45:18.582245 2026] [deflate:debug] [pid 613400:tid 613400] mod_deflate.c(909): [client 2407:4d00:5c06:813b:cf08:1b28:f4ac:a7df:55512] AH01384: Zlib: Compressed 712 to 422 : URL /wp-content/plugins/ocean-extra/includes/widgets/js/flickr.min.js, referer: https://www.tces.ilc.edu.tw/2020/08/03/%E7%8F%AD%E7%B4%9A%E4%BA%BA%E6%95%B8/
[Sat Aug 22 00:45:18.582453 2026] [ssl:debug] [pid 613441:tid 613441] ssl_engine_kernel.c(254): [client 2407:4d00:5c06:813b:cf08:1b28:f4ac:a7df:55464] AH02034: Subsequent (No.9) HTTPS request received for child 29 (server www.tces.ilc.edu.tw:443), referer: https://www.tces.ilc.edu.tw/2020/08/03/%E7%8F%AD%E7%B4%9A%E4%BA%BA%E6%95%B8/
[Sat Aug 22 00:45:18.589058 2026] [ssl:debug] [pid 613416:tid 613416] ssl_engine_io.c(1150): [client 216.73.216.122:30082] AH02001: Connection closed to child 24 with standard shutdown (server 2blog.ilc.edu.tw:443)
[Sat Aug 22 00:45:18.637080 2026] [ssl:debug] [pid 613328:tid 613328] ssl_engine_io.c(1150): [client 216.73.216.122:22877] AH02001: Connection closed to child 13 with standard shutdown (server 2blog.ilc.edu.tw:443)
[Sat Aug 22 00:45:18.640757 2026] [ssl:debug] [pid 613400:tid 613400] ssl_engine_kernel.c(254): [client 2407:4d00:5c06:813b:cf08:1b28:f4ac:a7df:55512] AH02034: Subsequent (No.10) HTTPS request received for child 3 (server www.tces.ilc.edu.tw:443), referer: https://www.tces.ilc.edu.tw/2020/08/03/%E7%8F%AD%E7%B4%9A%E4%BA%BA%E6%95%B8/
[Sat Aug 22 00:45:18.649069 2026] [ssl:debug] [pid 613419:tid 613419] ssl_engine_io.c(1150): [client 216.73.216.122:1342] AH02001: Connection closed to child 25 with standard shutdown (server 2blog.ilc.edu.tw:443)
[Sat Aug 22 00:45:18.673072 2026] [ssl:debug] [pid 613401:tid 613401] ssl_engine_io.c(1150): [client 216.73.216.122:25659] AH02001: Connection closed to child 7 with standard shutdown (server 2blog.ilc.edu.tw:443)
[Sat Aug 22 00:45:18.712150 2026] [ssl:debug] [pid 613911:tid 613911] ssl_engine_kernel.c(254): [client 2407:4d00:5c06:813b:cf08:1b28:f4ac:a7df:55486] AH02034: Subsequent (No.4) HTTPS request received for child 15 (server www.tces.ilc.edu.tw:443), referer: https://www.tces.ilc.edu.tw/2020/08/03/%E7%8F%AD%E7%B4%9A%E4%BA%BA%E6%95%B8/
[Sat Aug 22 00:45:18.712799 2026] [authz_core:debug] [pid 613911:tid 613911] mod_authz_core.c(815): [client 2407:4d00:5c06:813b:cf08:1b28:f4ac:a7df:55486] AH01626: authorization result of Require all granted: granted, referer: https://www.tces.ilc.edu.tw/2020/08/03/%E7%8F%AD%E7%B4%9A%E4%BA%BA%E6%95%B8/
[Sat Aug 22 00:45:18.712815 2026] [authz_core:debug] [pid 613911:tid 613911] mod_authz_core.c(815): [client 2407:4d00:5c06:813b:cf08:1b28:f4ac:a7df:55486] AH01626: authorization result of : granted, referer: https://www.tces.ilc.edu.tw/2020/08/03/%E7%8F%AD%E7%B4%9A%E4%BA%BA%E6%95%B8/
[Sat Aug 22 00:45:18.745704 2026] [ssl:debug] [pid 613911:tid 613911] ssl_engine_kernel.c(254): [client 2407:4d00:5c06:813b:cf08:1b28:f4ac:a7df:55486] AH02034: Subsequent (No.5) HTTPS request received for child 15 (server www.tces.ilc.edu.tw:443), referer: https://www.tces.ilc.edu.tw/2020/08/03/%E7%8F%AD%E7%B4%9A%E4%BA%BA%E6%95%B8/
[Sat Aug 22 00:45:18.746276 2026] [authz_core:debug] [pid 613911:tid 613911] mod_authz_core.c(815): [client 2407:4d00:5c06:813b:cf08:1b28:f4ac:a7df:55486] AH01626: authorization result of Require all granted: granted, referer: https://www.tces.ilc.edu.tw/2020/08/03/%E7%8F%AD%E7%B4%9A%E4%BA%BA%E6%95%B8/
[Sat Aug 22 00:45:18.746285 2026] [authz_core:debug] [pid 613911:tid 613911] mod_authz_core.c(815): [client 2407:4d00:5c06:813b:cf08:1b28:f4ac:a7df:55486] AH01626: authorization result of : granted, referer: https://www.tces.ilc.edu.tw/2020/08/03/%E7%8F%AD%E7%B4%9A%E4%BA%BA%E6%95%B8/
[Sat Aug 22 00:45:18.779846 2026] [ssl:debug] [pid 613911:tid 613911] ssl_engine_kernel.c(254): [client 2407:4d00:5c06:813b:cf08:1b28:f4ac:a7df:55486] AH02034: Subsequent (No.6) HTTPS request received for child 15 (server www.tces.ilc.edu.tw:443), referer: https://www.tces.ilc.edu.tw/2020/08/03/%E7%8F%AD%E7%B4%9A%E4%BA%BA%E6%95%B8/
[Sat Aug 22 00:45:18.780380 2026] [authz_core:debug] [pid 613911:tid 613911] mod_authz_core.c(815): [client 2407:4d00:5c06:813b:cf08:1b28:f4ac:a7df:55486] AH01626: authorization result of Require all granted: granted, referer: https://www.tces.ilc.edu.tw/2020/08/03/%E7%8F%AD%E7%B4%9A%E4%BA%BA%E6%95%B8/
[Sat Aug 22 00:45:18.780389 2026] [authz_core:debug] [pid 613911:tid 613911] mod_authz_core.c(815): [client 2407:4d00:5c06:813b:cf08:1b28:f4ac:a7df:55486] AH01626: authorization result of : granted, referer: https://www.tces.ilc.edu.tw/2020/08/03/%E7%8F%AD%E7%B4%9A%E4%BA%BA%E6%95%B8/
[Sat Aug 22 00:45:18.812873 2026] [ssl:debug] [pid 613911:tid 613911] ssl_engine_kernel.c(254): [client 2407:4d00:5c06:813b:cf08:1b28:f4ac:a7df:55486] AH02034: Subsequent (No.7) HTTPS request received for child 15 (server www.tces.ilc.edu.tw:443), referer: https://www.tces.ilc.edu.tw/2020/08/03/%E7%8F%AD%E7%B4%9A%E4%BA%BA%E6%95%B8/
[Sat Aug 22 00:45:18.813514 2026] [authz_core:debug] [pid 613911:tid 613911] mod_authz_core.c(815): [client 2407:4d00:5c06:813b:cf08:1b28:f4ac:a7df:55486] AH01626: authorization result of Require all granted: granted, referer: https://www.tces.ilc.edu.tw/2020/08/03/%E7%8F%AD%E7%B4%9A%E4%BA%BA%E6%95%B8/
[Sat Aug 22 00:45:18.813522 2026] [authz_core:debug] [pid 613911:tid 613911] mod_authz_core.c(815): [client 2407:4d00:5c06:813b:cf08:1b28:f4ac:a7df:55486] AH01626: authorization result of : granted, referer: https://www.tces.ilc.edu.tw/2020/08/03/%E7%8F%AD%E7%B4%9A%E4%BA%BA%E6%95%B8/
[Sat Aug 22 00:45:18.821086 2026] [ssl:debug] [pid 613405:tid 613405] ssl_engine_io.c(1150): [client 216.73.216.122:65105] AH02001: Connection closed to child 11 with standard shutdown (server 2blog.ilc.edu.tw:443)
[Sat Aug 22 00:45:18.838037 2026] [ssl:debug] [pid 613911:tid 613911] ssl_engine_kernel.c(254): [client 2407:4d00:5c06:813b:cf08:1b28:f4ac:a7df:55486] AH02034: Subsequent (No.8) HTTPS request received for child 15 (server www.tces.ilc.edu.tw:443), referer: https://www.tces.ilc.edu.tw/2020/08/03/%E7%8F%AD%E7%B4%9A%E4%BA%BA%E6%95%B8/
[Sat Aug 22 00:45:18.895765 2026] [ssl:info] [pid 613311:tid 613311] [client 2a13:dcc7:e4c1:8a67:e09a:2466:2e56:b56:55415] AH01964: Connection to child 4 established (server 2blog.ilc.edu.tw:443)
[Sat Aug 22 00:45:18.895931 2026] [ssl:debug] [pid 613311:tid 613311] ssl_engine_kernel.c(2222): [client 2a13:dcc7:e4c1:8a67:e09a:2466:2e56:b56:55415] AH02043: SSL virtual host for servername isupport.ilc.edu.tw found
[Sat Aug 22 00:45:18.895983 2026] [core:debug] [pid 613311:tid 613311] protocol.c(2460): [client 2a13:dcc7:e4c1:8a67:e09a:2466:2e56:b56:55415] AH03155: select protocol from , choices=h2,http/1.1 for server isupport.ilc.edu.tw
[Sat Aug 22 00:45:18.896013 2026] [ssl:debug] [pid 613311:tid 613311] ssl_util_stapling.c(819): AH01951: stapling_cb: OCSP Stapling callback called
[Sat Aug 22 00:45:18.896018 2026] [ssl:info] [pid 613311:tid 613311] AH01926: stapling_get_certinfo: stapling not supported for certificate
[Sat Aug 22 00:45:19.021109 2026] [ssl:debug] [pid 613408:tid 613408] ssl_engine_io.c(1150): [client 216.73.216.122:36879] AH02001: Connection closed to child 16 with standard shutdown (server 2blog.ilc.edu.tw:443)
[Sat Aug 22 00:45:19.054684 2026] [ssl:debug] [pid 613311:tid 613311] ssl_engine_kernel.c(2082): [client 2a13:dcc7:e4c1:8a67:e09a:2466:2e56:b56:55415] AH02041: Protocol: TLSv1.3, Cipher: TLS_AES_256_GCM_SHA384 (256/256 bits)
[Sat Aug 22 00:45:19.054738 2026] [socache_shmcb:debug] [pid 613311:tid 613311] mod_socache_shmcb.c(508): AH00831: socache_shmcb_store (0x31 -> subcache 17)
[Sat Aug 22 00:45:19.054743 2026] [socache_shmcb:debug] [pid 613311:tid 613311] mod_socache_shmcb.c(860): AH00847: insert happened at idx=5, data=(4270:4302)
[Sat Aug 22 00:45:19.054745 2026] [socache_shmcb:debug] [pid 613311:tid 613311] mod_socache_shmcb.c(863): AH00848: finished insert, subcache: idx_pos/idx_used=57/37, data_pos/data_used=10139/8223
[Sat Aug 22 00:45:19.054747 2026] [socache_shmcb:debug] [pid 613311:tid 613311] mod_socache_shmcb.c(530): AH00834: leaving socache_shmcb_store successfully
[Sat Aug 22 00:45:19.054812 2026] [socache_shmcb:debug] [pid 613311:tid 613311] mod_socache_shmcb.c(508): AH00831: socache_shmcb_store (0x5b -> subcache 27)
[Sat Aug 22 00:45:19.054816 2026] [socache_shmcb:debug] [pid 613311:tid 613311] mod_socache_shmcb.c(745): AH00842: expiring 2 and reclaiming 0 removed socache entries
[Sat Aug 22 00:45:19.054818 2026] [socache_shmcb:debug] [pid 613311:tid 613311] mod_socache_shmcb.c(765): AH00843: we now have 40 socache entries
[Sat Aug 22 00:45:19.054820 2026] [socache_shmcb:debug] [pid 613311:tid 613311] mod_socache_shmcb.c(860): AH00847: insert happened at idx=17, data=(6939:6971)
[Sat Aug 22 00:45:19.054822 2026] [socache_shmcb:debug] [pid 613311:tid 613311] mod_socache_shmcb.c(863): AH00848: finished insert, subcache: idx_pos/idx_used=65/41, data_pos/data_used=11957/9074
[Sat Aug 22 00:45:19.054824 2026] [socache_shmcb:debug] [pid 613311:tid 613311] mod_socache_shmcb.c(530): AH00834: leaving socache_shmcb_store successfully
[Sat Aug 22 00:45:19.054926 2026] [ssl:debug] [pid 613311:tid 613311] ssl_engine_kernel.c(254): [client 2a13:dcc7:e4c1:8a67:e09a:2466:2e56:b56:55415] AH02034: Initial (No.1) HTTPS request received for child 4 (server isupport.ilc.edu.tw:443)
[Sat Aug 22 00:45:19.055070 2026] [authz_core:debug] [pid 613311:tid 613311] mod_authz_core.c(815): [client 2a13:dcc7:e4c1:8a67:e09a:2466:2e56:b56:55415] AH01626: authorization result of Require all granted: granted
[Sat Aug 22 00:45:19.055074 2026] [authz_core:debug] [pid 613311:tid 613311] mod_authz_core.c(815): [client 2a13:dcc7:e4c1:8a67:e09a:2466:2e56:b56:55415] AH01626: authorization result of : granted
[Sat Aug 22 00:45:19.055177 2026] [authz_core:debug] [pid 613311:tid 613311] mod_authz_core.c(815): [client 2a13:dcc7:e4c1:8a67:e09a:2466:2e56:b56:55415] AH01626: authorization result of Require all granted: granted
[Sat Aug 22 00:45:19.055181 2026] [authz_core:debug] [pid 613311:tid 613311] mod_authz_core.c(815): [client 2a13:dcc7:e4c1:8a67:e09a:2466:2e56:b56:55415] AH01626: authorization result of : granted
[Sat Aug 22 00:45:19.070452 2026] [deflate:debug] [pid 613311:tid 613311] mod_deflate.c(909): [client 2a13:dcc7:e4c1:8a67:e09a:2466:2e56:b56:55415] AH01384: Zlib: Compressed 83003 to 17012 : URL /index.php
[Sat Aug 22 00:45:19.134373 2026] [authz_core:debug] [pid 613431:tid 613431] mod_authz_core.c(815): [client 2407:4d00:5c06:813b:cf08:1b28:f4ac:a7df:55502] AH01626: authorization result of Require all granted: granted, referer: https://www.tces.ilc.edu.tw/2020/08/03/%E7%8F%AD%E7%B4%9A%E4%BA%BA%E6%95%B8/
[Sat Aug 22 00:45:19.134389 2026] [authz_core:debug] [pid 613911:tid 613911] mod_authz_core.c(815): [client 2407:4d00:5c06:813b:cf08:1b28:f4ac:a7df:55486] AH01626: authorization result of Require all granted: granted, referer: https://www.tces.ilc.edu.tw/2020/08/03/%E7%8F%AD%E7%B4%9A%E4%BA%BA%E6%95%B8/
[Sat Aug 22 00:45:19.134400 2026] [authz_core:debug] [pid 613431:tid 613431] mod_authz_core.c(815): [client 2407:4d00:5c06:813b:cf08:1b28:f4ac:a7df:55502] AH01626: authorization result of : granted, referer: https://www.tces.ilc.edu.tw/2020/08/03/%E7%8F%AD%E7%B4%9A%E4%BA%BA%E6%95%B8/
[Sat Aug 22 00:45:19.134406 2026] [authz_core:debug] [pid 613911:tid 613911] mod_authz_core.c(815): [client 2407:4d00:5c06:813b:cf08:1b28:f4ac:a7df:55486] AH01626: authorization result of : granted, referer: https://www.tces.ilc.edu.tw/2020/08/03/%E7%8F%AD%E7%B4%9A%E4%BA%BA%E6%95%B8/
[Sat Aug 22 00:45:19.136818 2026] [authz_core:debug] [pid 613322:tid 613322] mod_authz_core.c(815): [client 2407:4d00:5c06:813b:cf08:1b28:f4ac:a7df:55508] AH01626: authorization result of Require all granted: granted, referer: https://www.tces.ilc.edu.tw/2020/08/03/%E7%8F%AD%E7%B4%9A%E4%BA%BA%E6%95%B8/
[Sat Aug 22 00:45:19.136834 2026] [authz_core:debug] [pid 613322:tid 613322] mod_authz_core.c(815): [client 2407:4d00:5c06:813b:cf08:1b28:f4ac:a7df:55508] AH01626: authorization result of : granted, referer: https://www.tces.ilc.edu.tw/2020/08/03/%E7%8F%AD%E7%B4%9A%E4%BA%BA%E6%95%B8/
[Sat Aug 22 00:45:19.136922 2026] [authz_core:debug] [pid 613400:tid 613400] mod_authz_core.c(815): [client 2407:4d00:5c06:813b:cf08:1b28:f4ac:a7df:55512] AH01626: authorization result of Require all granted: granted, referer: https://www.tces.ilc.edu.tw/2020/08/03/%E7%8F%AD%E7%B4%9A%E4%BA%BA%E6%95%B8/
[Sat Aug 22 00:45:19.136937 2026] [authz_core:debug] [pid 613400:tid 613400] mod_authz_core.c(815): [client 2407:4d00:5c06:813b:cf08:1b28:f4ac:a7df:55512] AH01626: authorization result of : granted, referer: https://www.tces.ilc.edu.tw/2020/08/03/%E7%8F%AD%E7%B4%9A%E4%BA%BA%E6%95%B8/
[Sat Aug 22 00:45:19.139406 2026] [authz_core:debug] [pid 613441:tid 613441] mod_authz_core.c(815): [client 2407:4d00:5c06:813b:cf08:1b28:f4ac:a7df:55464] AH01626: authorization result of Require all granted: granted, referer: https://www.tces.ilc.edu.tw/2020/08/03/%E7%8F%AD%E7%B4%9A%E4%BA%BA%E6%95%B8/
[Sat Aug 22 00:45:19.139419 2026] [authz_core:debug] [pid 613441:tid 613441] mod_authz_core.c(815): [client 2407:4d00:5c06:813b:cf08:1b28:f4ac:a7df:55464] AH01626: authorization result of : granted, referer: https://www.tces.ilc.edu.tw/2020/08/03/%E7%8F%AD%E7%B4%9A%E4%BA%BA%E6%95%B8/
[Sat Aug 22 00:45:19.141704 2026] [authz_core:debug] [pid 613398:tid 613398] mod_authz_core.c(815): [client 2407:4d00:5c06:813b:cf08:1b28:f4ac:a7df:55470] AH01626: authorization result of Require all granted: granted, referer: https://www.tces.ilc.edu.tw/2020/08/03/%E7%8F%AD%E7%B4%9A%E4%BA%BA%E6%95%B8/
[Sat Aug 22 00:45:19.141719 2026] [authz_core:debug] [pid 613398:tid 613398] mod_authz_core.c(815): [client 2407:4d00:5c06:813b:cf08:1b28:f4ac:a7df:55470] AH01626: authorization result of : granted, referer: https://www.tces.ilc.edu.tw/2020/08/03/%E7%8F%AD%E7%B4%9A%E4%BA%BA%E6%95%B8/
[Sat Aug 22 00:45:19.175774 2026] [ssl:info] [pid 613432:tid 613432] [client 2a03:2880:f802:c:::21764] AH01964: Connection to child 42 established (server 2blog.ilc.edu.tw:443)
[Sat Aug 22 00:45:19.175955 2026] [ssl:debug] [pid 613432:tid 613432] ssl_engine_kernel.c(2222): [client 2a03:2880:f802:c:::21764] AH02043: SSL virtual host for servername www.jwes.ilc.edu.tw found
[Sat Aug 22 00:45:19.176005 2026] [core:debug] [pid 613432:tid 613432] protocol.c(2460): [client 2a03:2880:f802:c:::21764] AH03155: select protocol from , choices=h2,http/1.1 for server www.jwes.ilc.edu.tw
[Sat Aug 22 00:45:19.187836 2026] [ssl:debug] [pid 613398:tid 613398] ssl_engine_kernel.c(254): [client 2407:4d00:5c06:813b:cf08:1b28:f4ac:a7df:55470] AH02034: Subsequent (No.5) HTTPS request received for child 0 (server www.tces.ilc.edu.tw:443), referer: https://www.tces.ilc.edu.tw/2020/08/03/%E7%8F%AD%E7%B4%9A%E4%BA%BA%E6%95%B8/
[Sat Aug 22 00:45:19.188395 2026] [authz_core:debug] [pid 613398:tid 613398] mod_authz_core.c(815): [client 2407:4d00:5c06:813b:cf08:1b28:f4ac:a7df:55470] AH01626: authorization result of Require all granted: granted, referer: https://www.tces.ilc.edu.tw/2020/08/03/%E7%8F%AD%E7%B4%9A%E4%BA%BA%E6%95%B8/
[Sat Aug 22 00:45:19.188403 2026] [authz_core:debug] [pid 613398:tid 613398] mod_authz_core.c(815): [client 2407:4d00:5c06:813b:cf08:1b28:f4ac:a7df:55470] AH01626: authorization result of : granted, referer: https://www.tces.ilc.edu.tw/2020/08/03/%E7%8F%AD%E7%B4%9A%E4%BA%BA%E6%95%B8/
[Sat Aug 22 00:45:19.196251 2026] [ssl:debug] [pid 613322:tid 613322] ssl_engine_kernel.c(254): [client 2407:4d00:5c06:813b:cf08:1b28:f4ac:a7df:55508] AH02034: Subsequent (No.3) HTTPS request received for child 5 (server www.tces.ilc.edu.tw:443), referer: https://www.tces.ilc.edu.tw/2020/08/03/%E7%8F%AD%E7%B4%9A%E4%BA%BA%E6%95%B8/
[Sat Aug 22 00:45:19.196266 2026] [ssl:debug] [pid 613400:tid 613400] ssl_engine_kernel.c(254): [client 2407:4d00:5c06:813b:cf08:1b28:f4ac:a7df:55512] AH02034: Subsequent (No.11) HTTPS request received for child 3 (server www.tces.ilc.edu.tw:443), referer: https://www.tces.ilc.edu.tw/2020/08/03/%E7%8F%AD%E7%B4%9A%E4%BA%BA%E6%95%B8/
[Sat Aug 22 00:45:19.196302 2026] [ssl:debug] [pid 613441:tid 613441] ssl_engine_kernel.c(254): [client 2407:4d00:5c06:813b:cf08:1b28:f4ac:a7df:55464] AH02034: Subsequent (No.10) HTTPS request received for child 29 (server www.tces.ilc.edu.tw:443), referer: https://www.tces.ilc.edu.tw/2020/08/03/%E7%8F%AD%E7%B4%9A%E4%BA%BA%E6%95%B8/
[Sat Aug 22 00:45:19.196318 2026] [ssl:debug] [pid 613911:tid 613911] ssl_engine_kernel.c(254): [client 2407:4d00:5c06:813b:cf08:1b28:f4ac:a7df:55486] AH02034: Subsequent (No.9) HTTPS request received for child 15 (server www.tces.ilc.edu.tw:443), referer: https://www.tces.ilc.edu.tw/2020/08/03/%E7%8F%AD%E7%B4%9A%E4%BA%BA%E6%95%B8/
[Sat Aug 22 00:45:19.196773 2026] [authz_core:debug] [pid 613322:tid 613322] mod_authz_core.c(815): [client 2407:4d00:5c06:813b:cf08:1b28:f4ac:a7df:55508] AH01626: authorization result of Require all granted: granted, referer: https://www.tces.ilc.edu.tw/2020/08/03/%E7%8F%AD%E7%B4%9A%E4%BA%BA%E6%95%B8/
[Sat Aug 22 00:45:19.196780 2026] [authz_core:debug] [pid 613322:tid 613322] mod_authz_core.c(815): [client 2407:4d00:5c06:813b:cf08:1b28:f4ac:a7df:55508] AH01626: authorization result of : granted, referer: https://www.tces.ilc.edu.tw/2020/08/03/%E7%8F%AD%E7%B4%9A%E4%BA%BA%E6%95%B8/
[Sat Aug 22 00:45:19.196817 2026] [authz_core:debug] [pid 613441:tid 613441] mod_authz_core.c(815): [client 2407:4d00:5c06:813b:cf08:1b28:f4ac:a7df:55464] AH01626: authorization result of Require all granted: granted, referer: https://www.tces.ilc.edu.tw/2020/08/03/%E7%8F%AD%E7%B4%9A%E4%BA%BA%E6%95%B8/
[Sat Aug 22 00:45:19.196824 2026] [authz_core:debug] [pid 613441:tid 613441] mod_authz_core.c(815): [client 2407:4d00:5c06:813b:cf08:1b28:f4ac:a7df:55464] AH01626: authorization result of : granted, referer: https://www.tces.ilc.edu.tw/2020/08/03/%E7%8F%AD%E7%B4%9A%E4%BA%BA%E6%95%B8/
[Sat Aug 22 00:45:19.196847 2026] [authz_core:debug] [pid 613400:tid 613400] mod_authz_core.c(815): [client 2407:4d00:5c06:813b:cf08:1b28:f4ac:a7df:55512] AH01626: authorization result of Require all granted: granted, referer: https://www.tces.ilc.edu.tw/2020/08/03/%E7%8F%AD%E7%B4%9A%E4%BA%BA%E6%95%B8/
[Sat Aug 22 00:45:19.196855 2026] [authz_core:debug] [pid 613400:tid 613400] mod_authz_core.c(815): [client 2407:4d00:5c06:813b:cf08:1b28:f4ac:a7df:55512] AH01626: authorization result of : granted, referer: https://www.tces.ilc.edu.tw/2020/08/03/%E7%8F%AD%E7%B4%9A%E4%BA%BA%E6%95%B8/
[Sat Aug 22 00:45:19.197133 2026] [authz_core:debug] [pid 613911:tid 613911] mod_authz_core.c(815): [client 2407:4d00:5c06:813b:cf08:1b28:f4ac:a7df:55486] AH01626: authorization result of Require all granted: granted, referer: https://www.tces.ilc.edu.tw/2020/08/03/%E7%8F%AD%E7%B4%9A%E4%BA%BA%E6%95%B8/
[Sat Aug 22 00:45:19.197144 2026] [authz_core:debug] [pid 613911:tid 613911] mod_authz_core.c(815): [client 2407:4d00:5c06:813b:cf08:1b28:f4ac:a7df:55486] AH01626: authorization result of : granted, referer: https://www.tces.ilc.edu.tw/2020/08/03/%E7%8F%AD%E7%B4%9A%E4%BA%BA%E6%95%B8/
