2408:820c:821b:3280::1 - - [22/Aug/2026:05:12:11 +0800] "GET /wp-content/cache/www.najh.ilc.edu.tw/wpfc-minified/kz7ju7r3/6wh9.css HTTP/1.1" 200 5959 "https://www.najh.ilc.edu.tw/2019/12/13/%E8%98%AD%E9%99%BD%E8%97%9D%E8%A1%93%E6%95%99%E8%82%B2%E6%9C%88-%E7%B5%82%E8%BA%AB%E5%AD%B8%E7%BF%92%E8%97%9D%E8%B5%B7%E4%BE%86/" "Mozilla/5.0 (Windows NT 10.0; Win64; x64) AppleWebKit/537.36 (KHTML, like Gecko) Chrome/144.0.0.0 Safari/537.36"
2408:820c:821b:3280::1 - - [22/Aug/2026:05:12:11 +0800] "GET /wp-content/cache/www.najh.ilc.edu.tw/wpfc-minified/4ybahoo/6wh9.css HTTP/1.1" 200 20584 "https://www.najh.ilc.edu.tw/2019/12/13/%E8%98%AD%E9%99%BD%E8%97%9D%E8%A1%93%E6%95%99%E8%82%B2%E6%9C%88-%E7%B5%82%E8%BA%AB%E5%AD%B8%E7%BF%92%E8%97%9D%E8%B5%B7%E4%BE%86/" "Mozilla/5.0 (Windows NT 10.0; Win64; x64) AppleWebKit/537.36 (KHTML, like Gecko) Chrome/144.0.0.0 Safari/537.36"
::1 - - [22/Aug/2026:05:12:11 +0800] "OPTIONS * HTTP/1.0" 200 110 "-" "Apache/2.4.68 (Ubuntu) OpenSSL/3.0.19 (internal dummy connection)"
2408:820c:821b:3280::1 - - [22/Aug/2026:05:12:11 +0800] "GET /wp-content/cache/www.najh.ilc.edu.tw/wpfc-minified/kcxb236g/6wh9.css HTTP/1.1" 200 66147 "https://www.najh.ilc.edu.tw/2019/12/13/%E8%98%AD%E9%99%BD%E8%97%9D%E8%A1%93%E6%95%99%E8%82%B2%E6%9C%88-%E7%B5%82%E8%BA%AB%E5%AD%B8%E7%BF%92%E8%97%9D%E8%B5%B7%E4%BE%86/" "Mozilla/5.0 (Windows NT 10.0; Win64; x64) AppleWebKit/537.36 (KHTML, like Gecko) Chrome/144.0.0.0 Safari/537.36"
2408:820c:821b:3280::1 - - [22/Aug/2026:05:12:11 +0800] "GET /wp-content/cache/www.najh.ilc.edu.tw/wpfc-minified/k0kc5650/6wh9.js HTTP/1.1" 200 40360 "https://www.najh.ilc.edu.tw/2019/12/13/%E8%98%AD%E9%99%BD%E8%97%9D%E8%A1%93%E6%95%99%E8%82%B2%E6%9C%88-%E7%B5%82%E8%BA%AB%E5%AD%B8%E7%BF%92%E8%97%9D%E8%B5%B7%E4%BE%86/" "Mozilla/5.0 (Windows NT 10.0; Win64; x64) AppleWebKit/537.36 (KHTML, like Gecko) Chrome/144.0.0.0 Safari/537.36"
216.73.216.20 - - [22/Aug/2026:05:12:11 +0800] "GET /4925/2015/10/15/%e4%b8%89%e5%b9%b4%e7%b4%9a%e8%87%aa%e7%84%b6-%e6%a4%8d%e7%89%a9%e7%9a%84%e6%a0%b9%e8%8e%96%e8%91%89/ HTTP/1.1" 200 12616 "-" "Mozilla/5.0 AppleWebKit/537.36 (KHTML, like Gecko; compatible; ClaudeBot/1.0; +claudebot@anthropic.com)"
216.73.216.20 - - [22/Aug/2026:05:12:11 +0800] "GET /4925/2018/07/09/106%e5%ad%b8%e5%b9%b4%e5%ba%a6%e7%ac%ac%e4%b8%89%e6%ac%a1%e8%aa%b2%e7%99%bc%e6%9c%83%e8%ad%b0%e7%b4%80%e9%8c%84/ HTTP/1.1" 200 12134 "-" "Mozilla/5.0 AppleWebKit/537.36 (KHTML, like Gecko; compatible; ClaudeBot/1.0; +claudebot@anthropic.com)"
216.73.216.20 - - [22/Aug/2026:05:12:11 +0800] "GET /5882/2012/05/17/2-1-1%e8%aa%b2%e7%a8%8b%e8%a8%88%e7%95%ab%e5%8f%8a%e6%95%99%e5%ad%b8%e9%81%8e%e7%a8%8b%e7%b4%80%e9%8c%84%e3%80%82/ HTTP/1.1" 200 9351 "-" "Mozilla/5.0 AppleWebKit/537.36 (KHTML, like Gecko; compatible; ClaudeBot/1.0; +claudebot@anthropic.com)"
2408:820c:821b:3280::1 - - [22/Aug/2026:05:12:11 +0800] "GET /wp-includes/js/hoverintent-js.min.js HTTP/1.1" 200 1597 "https://www.najh.ilc.edu.tw/2019/12/13/%E8%98%AD%E9%99%BD%E8%97%9D%E8%A1%93%E6%95%99%E8%82%B2%E6%9C%88-%E7%B5%82%E8%BA%AB%E5%AD%B8%E7%BF%92%E8%97%9D%E8%B5%B7%E4%BE%86/" "Mozilla/5.0 (Windows NT 10.0; Win64; x64) AppleWebKit/537.36 (KHTML, like Gecko) Chrome/144.0.0.0 Safari/537.36"
23.158.233.122 - - [22/Aug/2026:05:12:11 +0800] "GET /wp-login.php?action=ilc_logout&_wpnonce=020ea612b9&redirect_to=https://postheaven.net/5f2cwqcveo HTTP/1.1" 302 8238 "https://www.ilc.edu.tw/" "Mozilla/5.0 (X11; Linux x86_64) AppleWebKit/537.36 (KHTML, like Gecko) Chrome/114.0.0.0 Safari/537.36"
216.73.216.20 - - [22/Aug/2026:05:12:11 +0800] "GET /4925/2018/07/23/106%e5%ad%b8%e5%b9%b4%e5%ba%a6%e7%ac%ac%e5%9b%9b%e6%ac%a1%e8%aa%b2%e7%99%bc%e6%9c%83%e8%ad%b0%e7%b4%80%e9%8c%84/ HTTP/1.1" 200 12112 "-" "Mozilla/5.0 AppleWebKit/537.36 (KHTML, like Gecko; compatible; ClaudeBot/1.0; +claudebot@anthropic.com)"
66.249.71.37 - - [22/Aug/2026:05:12:12 +0800] "GET /41336/wp-includes/js/admin-bar.min.js HTTP/1.1" 200 2237 "https://2blog.ilc.edu.tw/41336/page/48/" "Mozilla/5.0 AppleWebKit/537.36 (KHTML, like Gecko; compatible; Googlebot/2.1; +http://www.google.com/bot.html) Chrome/151.0.7922.108 Safari/537.36"
216.73.216.20 - - [22/Aug/2026:05:12:11 +0800] "GET /6439/wp-json/oembed/1.0/embed?url=https%3A%2F%2F2blog.ilc.edu.tw%2F6439%2F2010%2F11%2F10%2F%25e4%25b8%2580%25e8%25a1%258c%25e6%2594%25bf%25e8%2588%2587%25e7%25ae%25a1%25e7%2590%2586-5%2F HTTP/1.1" 200 3398 "-" "Mozilla/5.0 AppleWebKit/537.36 (KHTML, like Gecko; compatible; ClaudeBot/1.0; +claudebot@anthropic.com)"
107.23.62.75 - - [22/Aug/2026:05:12:11 +0800] "GET /32745/wp-json/oembed/1.0/embed?format=xml&url=https://2blog.ilc.edu.tw/32745/2022/11/25/%25e4%25bd%2595%25e6%2599%2582%25e4%25bd%2595%25e5%259c%25b0%25e5%2586%258d%25e7%259b%25b8%25e6%259c%2583/ HTTP/1.1" 200 7330 "-" "Mozilla/5.0 AppleWebKit/537.36 (KHTML, like Gecko; compatible; Amazonbot/0.1; +https://developer.amazon.com/support/amazonbot) Chrome/119.0.6045.214 Safari/537.36"
2409:8c28:c05:16::135 - - [22/Aug/2026:05:12:12 +0800] "GET /wp-content/uploads/sites/1148/2026/08/cropped-%E6%A0%A1%E5%BE%BD-609x1024-1-32x32.png HTTP/1.1" 200 2560 "https://www.najh.ilc.edu.tw/2019/12/27/%E3%80%8C108%E5%AD%B8%E5%B9%B4%E5%BA%A6%E5%9C%8B%E4%B8%AD%E7%B4%A0%E9%A4%8A%E8%A9%95%E9%87%8F%E4%BF%83%E9%80%B2%E8%A8%88%E7%95%AB%EF%BC%8D%E8%AA%B2%E5%AE%A4%E5%BD%A2%E6%88%90%E6%80%A7%E8%A9%95/" "Mozilla/5.0 (Windows NT 10.0; Win64; x64) AppleWebKit/537.36 (KHTML, like Gecko) Chrome/144.0.0.0 Safari/537.36"
34.196.6.199 - - [22/Aug/2026:05:12:12 +0800] "GET /wp-content/uploads/sites/3364/2021/08/?C=S;O%3DA HTTP/1.1" 200 1113 "-" "Mozilla/5.0 AppleWebKit/537.36 (KHTML, like Gecko; compatible; Amazonbot/0.1; +https://developer.amazon.com/support/amazonbot) Chrome/119.0.6045.214 Safari/537.36"
23.95.194.22 - - [22/Aug/2026:05:12:12 +0800] "GET /wp-content/uploads/sites/1389/2025/07/%E6%86%82%E9%AC%B1%E7%97%87%E5%8F%8A%E8%87%AA%E6%AE%BA%E9%98%B2%E6%B2%BB-768x384.png HTTP/1.1" 200 412480 "https://www.tses.ilc.edu.tw/" "Mozilla/5.0 (Macintosh; Intel Mac OS X 10_15_7) AppleWebKit/537.36 (KHTML, like Gecko) Chrome/131.0.0.0 Safari/537.36"
::1 - - [22/Aug/2026:05:12:12 +0800] "OPTIONS * HTTP/1.0" 200 110 "-" "Apache/2.4.68 (Ubuntu) OpenSSL/3.0.19 (internal dummy connection)"
2408:820c:821b:3280::1 - - [22/Aug/2026:05:12:12 +0800] "GET /wp-includes/js/admin-bar.min.js HTTP/1.1" 200 2237 "https://www.najh.ilc.edu.tw/2019/12/13/%E8%98%AD%E9%99%BD%E8%97%9D%E8%A1%93%E6%95%99%E8%82%B2%E6%9C%88-%E7%B5%82%E8%BA%AB%E5%AD%B8%E7%BF%92%E8%97%9D%E8%B5%B7%E4%BE%86/" "Mozilla/5.0 (Windows NT 10.0; Win64; x64) AppleWebKit/537.36 (KHTML, like Gecko) Chrome/144.0.0.0 Safari/537.36"
216.73.216.20 - - [22/Aug/2026:05:12:12 +0800] "GET /robots.txt HTTP/1.1" 200 5547 "-" "Mozilla/5.0 AppleWebKit/537.36 (KHTML, like Gecko; compatible; ClaudeBot/1.0; +claudebot@anthropic.com)"
66.249.79.163 - - [22/Aug/2026:05:12:12 +0800] "GET /41336/wp-includes/js/mediaelement/renderers/vimeo.min.js HTTP/1.1" 200 3164 "https://2blog.ilc.edu.tw/41336/page/48/" "Mozilla/5.0 AppleWebKit/537.36 (KHTML, like Gecko; compatible; Googlebot/2.1; +http://www.google.com/bot.html) Chrome/151.0.7922.108 Safari/537.36"
2001:288:a201::66:125 - - [22/Aug/2026:05:12:13 +0800] "GET /blog/active.php HTTP/1.1" 301 1026 "-" "-"
2001:288:a201::66:125 - - [22/Aug/2026:05:12:13 +0800] "GET /blog/active.php HTTP/1.1" 404 1084 "-" "-"
2408:820c:821b:3280::1 - - [22/Aug/2026:05:12:13 +0800] "GET /wp-content/themes/oceanwp/assets/js/drop-down-mobile-menu.min.js HTTP/1.1" 200 4663 "https://www.najh.ilc.edu.tw/2019/12/13/%E8%98%AD%E9%99%BD%E8%97%9D%E8%A1%93%E6%95%99%E8%82%B2%E6%9C%88-%E7%B5%82%E8%BA%AB%E5%AD%B8%E7%BF%92%E8%97%9D%E8%B5%B7%E4%BE%86/" "Mozilla/5.0 (Windows NT 10.0; Win64; x64) AppleWebKit/537.36 (KHTML, like Gecko) Chrome/144.0.0.0 Safari/537.36"
2408:820c:821b:3280::1 - - [22/Aug/2026:05:12:13 +0800] "GET /wp-content/themes/oceanwp/assets/js/theme.min.js HTTP/1.1" 200 5130 "https://www.najh.ilc.edu.tw/2019/12/13/%E8%98%AD%E9%99%BD%E8%97%9D%E8%A1%93%E6%95%99%E8%82%B2%E6%9C%88-%E7%B5%82%E8%BA%AB%E5%AD%B8%E7%BF%92%E8%97%9D%E8%B5%B7%E4%BE%86/" "Mozilla/5.0 (Windows NT 10.0; Win64; x64) AppleWebKit/537.36 (KHTML, like Gecko) Chrome/144.0.0.0 Safari/537.36"
23.229.101.204 - - [22/Aug/2026:05:12:12 +0800] "GET /17160/wp-content/uploads/sites/1249/2020/12/1091130-1-1024x498.jpg HTTP/1.1" 200 105944 "https://2blog.ilc.edu.tw/17160/2020/12/18/%E3%80%90%E5%85%AD%E5%B9%B4%E7%B4%9A%E3%80%91%E6%8E%A8%E7%90%86%E6%95%B8%E5%AD%B8-%E8%B3%BD%E5%89%8D%E7%B7%B4%E7%BF%92-%E6%AF%94%E8%B3%BD-%E7%AC%AC52%E5%B1%86%E5%A5%A7%E6%9E%97%E5%8C%B9%E5%85%8B/" "Mozilla/5.0 (Macintosh; Intel Mac OS X 10_15_7) AppleWebKit/537.36 (KHTML, like Gecko) Chrome/131.0.0.0 Safari/537.36"
2408:820c:821b:3280::1 - - [22/Aug/2026:05:12:13 +0800] "GET /wp-content/themes/oceanwp/assets/js/vendors/magnific-popup.min.js HTTP/1.1" 200 8270 "https://www.najh.ilc.edu.tw/2019/12/13/%E8%98%AD%E9%99%BD%E8%97%9D%E8%A1%93%E6%95%99%E8%82%B2%E6%9C%88-%E7%B5%82%E8%BA%AB%E5%AD%B8%E7%BF%92%E8%97%9D%E8%B5%B7%E4%BE%86/" "Mozilla/5.0 (Windows NT 10.0; Win64; x64) AppleWebKit/537.36 (KHTML, like Gecko) Chrome/144.0.0.0 Safari/537.36"
216.73.216.20 - - [22/Aug/2026:05:12:13 +0800] "GET /2022/12/12/12%e6%9c%8823%e6%97%a5%e4%b8%80%e8%b5%b7%e4%be%86%e5%8f%83%e5%8a%a0%e8%81%96%e8%aa%95%e7%99%bc%e8%a1%a8%e6%9c%83%e6%b4%bb%e5%8b%95/ HTTP/1.1" 200 19982 "-" "Mozilla/5.0 AppleWebKit/537.36 (KHTML, like Gecko; compatible; ClaudeBot/1.0; +claudebot@anthropic.com)"
140.111.67.10 - - [22/Aug/2026:05:12:13 +0800] "GET /" 301 273 "-" "-"
2408:820c:821b:3280::1 - - [22/Aug/2026:05:12:13 +0800] "POST /wp-json/ilc-summary/v1/popular-posts HTTP/1.1" 201 1269 "https://www.najh.ilc.edu.tw/2019/12/13/%E8%98%AD%E9%99%BD%E8%97%9D%E8%A1%93%E6%95%99%E8%82%B2%E6%9C%88-%E7%B5%82%E8%BA%AB%E5%AD%B8%E7%BF%92%E8%97%9D%E8%B5%B7%E4%BE%86/" "Mozilla/5.0 (Windows NT 10.0; Win64; x64) AppleWebKit/537.36 (KHTML, like Gecko) Chrome/144.0.0.0 Safari/537.36"
2408:820c:821b:3280::1 - - [22/Aug/2026:05:12:13 +0800] "GET /wp-content/themes/oceanwp/assets/fonts/simple-line-icons/Simple-Line-Icons.woff2?v=2.4.0 HTTP/1.1" 200 30959 "https://www.najh.ilc.edu.tw/wp-content/cache/www.najh.ilc.edu.tw/wpfc-minified/kcxb236g/6wh9.css" "Mozilla/5.0 (Windows NT 10.0; Win64; x64) AppleWebKit/537.36 (KHTML, like Gecko) Chrome/144.0.0.0 Safari/537.36"
2408:820c:821b:3280::1 - - [22/Aug/2026:05:12:13 +0800] "GET /wp-content/themes/oceanwp/assets/js/ow-lightbox.min.js HTTP/1.1" 200 2321 "https://www.najh.ilc.edu.tw/2019/12/13/%E8%98%AD%E9%99%BD%E8%97%9D%E8%A1%93%E6%95%99%E8%82%B2%E6%9C%88-%E7%B5%82%E8%BA%AB%E5%AD%B8%E7%BF%92%E8%97%9D%E8%B5%B7%E4%BE%86/" "Mozilla/5.0 (Windows NT 10.0; Win64; x64) AppleWebKit/537.36 (KHTML, like Gecko) Chrome/144.0.0.0 Safari/537.36"
3.93.211.16 - - [22/Aug/2026:05:12:13 +0800] "GET /6554/wp-json/wp/v2/posts/%22https:/2blog.ilc.edu.tw/wp-content/uploads/sites/848/6554/6554-2219185.jpg/%22 HTTP/1.1" 404 6131 "-" "Mozilla/5.0 AppleWebKit/537.36 (KHTML, like Gecko; compatible; Amazonbot/0.1; +https://developer.amazon.com/support/amazonbot) Chrome/119.0.6045.214 Safari/537.36"
::1 - - [22/Aug/2026:05:12:13 +0800] "OPTIONS * HTTP/1.0" 200 110 "-" "Apache/2.4.68 (Ubuntu) OpenSSL/3.0.19 (internal dummy connection)"
66.249.79.163 - - [22/Aug/2026:05:12:13 +0800] "GET /41336/wp-content/themes/oceanwp/assets/js/ow-lightbox.min.js HTTP/1.1" 200 2321 "https://2blog.ilc.edu.tw/41336/page/48/" "Mozilla/5.0 AppleWebKit/537.36 (KHTML, like Gecko; compatible; Googlebot/2.1; +http://www.google.com/bot.html) Chrome/151.0.7922.108 Safari/537.36"
2408:820c:821b:3280::1 - - [22/Aug/2026:05:12:13 +0800] "GET /wp-content/themes/oceanwp/assets/js/ow-slider.min.js HTTP/1.1" 200 1761 "https://www.najh.ilc.edu.tw/2019/12/13/%E8%98%AD%E9%99%BD%E8%97%9D%E8%A1%93%E6%95%99%E8%82%B2%E6%9C%88-%E7%B5%82%E8%BA%AB%E5%AD%B8%E7%BF%92%E8%97%9D%E8%B5%B7%E4%BE%86/" "Mozilla/5.0 (Windows NT 10.0; Win64; x64) AppleWebKit/537.36 (KHTML, like Gecko) Chrome/144.0.0.0 Safari/537.36"
2408:820c:821b:3280::1 - - [22/Aug/2026:05:12:13 +0800] "GET /wp-content/themes/oceanwp/assets/fonts/fontawesome/webfonts/fa-solid-900.woff2 HTTP/1.1" 200 151246 "https://www.najh.ilc.edu.tw/wp-content/cache/www.najh.ilc.edu.tw/wpfc-minified/kcxb236g/6wh9.css" "Mozilla/5.0 (Windows NT 10.0; Win64; x64) AppleWebKit/537.36 (KHTML, like Gecko) Chrome/144.0.0.0 Safari/537.36"
240e:960:3601:4::101 - - [22/Aug/2026:05:12:13 +0800] "GET /wp-includes/js/admin-bar.min.js HTTP/1.1" 200 7039 "https://www.najh.ilc.edu.tw/2019/10/01/159/" "Mozilla/5.0 (Windows NT 10.0; Win64; x64) AppleWebKit/537.36 (KHTML, like Gecko) Chrome/144.0.0.0 Safari/537.36"
240e:960:3601:4::101 - - [22/Aug/2026:05:12:13 +0800] "GET /wp-includes/js/imagesloaded.min.js HTTP/1.1" 200 7485 "https://www.najh.ilc.edu.tw/2019/10/01/159/" "Mozilla/5.0 (Windows NT 10.0; Win64; x64) AppleWebKit/537.36 (KHTML, like Gecko) Chrome/144.0.0.0 Safari/537.36"
240e:960:3601:4::101 - - [22/Aug/2026:05:12:13 +0800] "GET /wp-content/themes/oceanwp/assets/js/theme.min.js HTTP/1.1" 200 9932 "https://www.najh.ilc.edu.tw/2019/10/01/159/" "Mozilla/5.0 (Windows NT 10.0; Win64; x64) AppleWebKit/537.36 (KHTML, like Gecko) Chrome/144.0.0.0 Safari/537.36"
240e:960:3601:4::101 - - [22/Aug/2026:05:12:13 +0800] "GET /wp-content/themes/oceanwp/assets/js/drop-down-mobile-menu.min.js HTTP/1.1" 200 9465 "https://www.najh.ilc.edu.tw/2019/10/01/159/" "Mozilla/5.0 (Windows NT 10.0; Win64; x64) AppleWebKit/537.36 (KHTML, like Gecko) Chrome/144.0.0.0 Safari/537.36"
2408:820c:821b:3280::1 - - [22/Aug/2026:05:12:14 +0800] "GET /wp-content/themes/oceanwp/assets/js/scroll-effect.min.js HTTP/1.1" 200 4127 "https://www.najh.ilc.edu.tw/2019/12/13/%E8%98%AD%E9%99%BD%E8%97%9D%E8%A1%93%E6%95%99%E8%82%B2%E6%9C%88-%E7%B5%82%E8%BA%AB%E5%AD%B8%E7%BF%92%E8%97%9D%E8%B5%B7%E4%BE%86/" "Mozilla/5.0 (Windows NT 10.0; Win64; x64) AppleWebKit/537.36 (KHTML, like Gecko) Chrome/144.0.0.0 Safari/537.36"
240e:960:3601:4::101 - - [22/Aug/2026:05:12:13 +0800] "POST /wp-json/ilc-summary/v1/popular-posts HTTP/1.1" 201 6070 "https://www.najh.ilc.edu.tw/2019/10/01/159/" "Mozilla/5.0 (Windows NT 10.0; Win64; x64) AppleWebKit/537.36 (KHTML, like Gecko) Chrome/144.0.0.0 Safari/537.36"
34.10.180.98 - - [22/Aug/2026:05:12:13 +0800] "GET /3288/2018/12/18/%E4%BB%81%E5%A4%A7%E4%BA%8B-12-19%E9%99%90%E6%99%82%E6%95%B8%E5%AD%B8%E4%BB%BB%E5%8B%99/ HTTP/1.1" 200 15048 "-" "Mozilla/5.0 (Macintosh; Intel Mac OS X 10_15_7) AppleWebKit/537.36 (KHTML, like Gecko) Chrome/120.0.0.0 Safari/537.36"
240e:960:3601:4::101 - - [22/Aug/2026:05:12:14 +0800] "GET /wp-content/themes/oceanwp/assets/js/vendors/magnific-popup.min.js HTTP/1.1" 200 8270 "https://www.najh.ilc.edu.tw/2019/10/01/159/" "Mozilla/5.0 (Windows NT 10.0; Win64; x64) AppleWebKit/537.36 (KHTML, like Gecko) Chrome/144.0.0.0 Safari/537.36"
240e:960:3601:4::101 - - [22/Aug/2026:05:12:14 +0800] "GET /wp-content/themes/oceanwp/assets/js/ow-lightbox.min.js HTTP/1.1" 200 2321 "https://www.najh.ilc.edu.tw/2019/10/01/159/" "Mozilla/5.0 (Windows NT 10.0; Win64; x64) AppleWebKit/537.36 (KHTML, like Gecko) Chrome/144.0.0.0 Safari/537.36"
240e:960:3601:4::101 - - [22/Aug/2026:05:12:14 +0800] "GET /wp-content/themes/oceanwp/assets/js/vendors/flickity.pkgd.min.js HTTP/1.1" 200 15048 "https://www.najh.ilc.edu.tw/2019/10/01/159/" "Mozilla/5.0 (Windows NT 10.0; Win64; x64) AppleWebKit/537.36 (KHTML, like Gecko) Chrome/144.0.0.0 Safari/537.36"
240e:960:3601:4::101 - - [22/Aug/2026:05:12:14 +0800] "GET /wp-content/themes/oceanwp/assets/js/ow-slider.min.js HTTP/1.1" 200 1761 "https://www.najh.ilc.edu.tw/2019/10/01/159/" "Mozilla/5.0 (Windows NT 10.0; Win64; x64) AppleWebKit/537.36 (KHTML, like Gecko) Chrome/144.0.0.0 Safari/537.36"
2408:820c:821b:3280::1 - - [22/Aug/2026:05:12:14 +0800] "GET /wp-content/themes/oceanwp/assets/js/select.min.js HTTP/1.1" 200 2408 "https://www.najh.ilc.edu.tw/2019/12/13/%E8%98%AD%E9%99%BD%E8%97%9D%E8%A1%93%E6%95%99%E8%82%B2%E6%9C%88-%E7%B5%82%E8%BA%AB%E5%AD%B8%E7%BF%92%E8%97%9D%E8%B5%B7%E4%BE%86/" "Mozilla/5.0 (Windows NT 10.0; Win64; x64) AppleWebKit/537.36 (KHTML, like Gecko) Chrome/144.0.0.0 Safari/537.36"
240e:960:3601:4::101 - - [22/Aug/2026:05:12:14 +0800] "GET /wp-content/themes/oceanwp/assets/js/scroll-top.min.js HTTP/1.1" 200 3202 "https://www.najh.ilc.edu.tw/2019/10/01/159/" "Mozilla/5.0 (Windows NT 10.0; Win64; x64) AppleWebKit/537.36 (KHTML, like Gecko) Chrome/144.0.0.0 Safari/537.36"
2408:820c:821b:3280::1 - - [22/Aug/2026:05:12:14 +0800] "GET /wp-content/plugins/ocean-extra/includes/widgets/js/flickr.min.js HTTP/1.1" 200 1319 "https://www.najh.ilc.edu.tw/2019/12/13/%E8%98%AD%E9%99%BD%E8%97%9D%E8%A1%93%E6%95%99%E8%82%B2%E6%9C%88-%E7%B5%82%E8%BA%AB%E5%AD%B8%E7%BF%92%E8%97%9D%E8%B5%B7%E4%BE%86/" "Mozilla/5.0 (Windows NT 10.0; Win64; x64) AppleWebKit/537.36 (KHTML, like Gecko) Chrome/144.0.0.0 Safari/537.36"
240e:960:3601:4::101 - - [22/Aug/2026:05:12:14 +0800] "GET /wp-content/themes/oceanwp/assets/js/select.min.js HTTP/1.1" 200 2408 "https://www.najh.ilc.edu.tw/2019/10/01/159/" "Mozilla/5.0 (Windows NT 10.0; Win64; x64) AppleWebKit/537.36 (KHTML, like Gecko) Chrome/144.0.0.0 Safari/537.36"
240e:960:3601:4::101 - - [22/Aug/2026:05:12:14 +0800] "GET /wp-content/themes/oceanwp/assets/fonts/simple-line-icons/Simple-Line-Icons.woff2?v=2.4.0 HTTP/1.1" 200 30959 "https://www.najh.ilc.edu.tw/wp-content/cache/www.najh.ilc.edu.tw/wpfc-minified/kcxb236g/6wh9.css" "Mozilla/5.0 (Windows NT 10.0; Win64; x64) AppleWebKit/537.36 (KHTML, like Gecko) Chrome/144.0.0.0 Safari/537.36"
240e:960:3601:4::101 - - [22/Aug/2026:05:12:14 +0800] "GET /wp-content/themes/oceanwp/assets/fonts/fontawesome/webfonts/fa-regular-400.woff2 HTTP/1.1" 200 25383 "https://www.najh.ilc.edu.tw/wp-content/cache/www.najh.ilc.edu.tw/wpfc-minified/kcxb236g/6wh9.css" "Mozilla/5.0 (Windows NT 10.0; Win64; x64) AppleWebKit/537.36 (KHTML, like Gecko) Chrome/144.0.0.0 Safari/537.36"
::1 - - [22/Aug/2026:05:12:14 +0800] "OPTIONS * HTTP/1.0" 200 110 "-" "Apache/2.4.68 (Ubuntu) OpenSSL/3.0.19 (internal dummy connection)"
2408:820c:821b:3280::1 - - [22/Aug/2026:05:12:14 +0800] "GET /wp-includes/js/mediaelement/mediaelement-and-player.min.js HTTP/1.1" 200 39802 "https://www.najh.ilc.edu.tw/2019/12/13/%E8%98%AD%E9%99%BD%E8%97%9D%E8%A1%93%E6%95%99%E8%82%B2%E6%9C%88-%E7%B5%82%E8%BA%AB%E5%AD%B8%E7%BF%92%E8%97%9D%E8%B5%B7%E4%BE%86/" "Mozilla/5.0 (Windows NT 10.0; Win64; x64) AppleWebKit/537.36 (KHTML, like Gecko) Chrome/144.0.0.0 Safari/537.36"
66.249.79.163 - - [22/Aug/2026:05:12:14 +0800] "GET /41336/wp-content/themes/oceanwp/assets/js/scroll-effect.min.js HTTP/1.1" 200 4127 "https://2blog.ilc.edu.tw/41336/page/48/" "Mozilla/5.0 AppleWebKit/537.36 (KHTML, like Gecko; compatible; Googlebot/2.1; +http://www.google.com/bot.html) Chrome/151.0.7922.108 Safari/537.36"
240e:960:3601:4::101 - - [22/Aug/2026:05:12:14 +0800] "GET /wp-includes/js/mediaelement/mediaelement-and-player.min.js HTTP/1.1" 200 39802 "https://www.najh.ilc.edu.tw/2019/10/01/159/" "Mozilla/5.0 (Windows NT 10.0; Win64; x64) AppleWebKit/537.36 (KHTML, like Gecko) Chrome/144.0.0.0 Safari/537.36"
240e:960:3601:4::101 - - [22/Aug/2026:05:12:14 +0800] "GET /wp-includes/js/mediaelement/mediaelement-migrate.min.js HTTP/1.1" 200 1419 "https://www.najh.ilc.edu.tw/2019/10/01/159/" "Mozilla/5.0 (Windows NT 10.0; Win64; x64) AppleWebKit/537.36 (KHTML, like Gecko) Chrome/144.0.0.0 Safari/537.36"
240e:960:3601:4::101 - - [22/Aug/2026:05:12:14 +0800] "GET /wp-includes/js/mediaelement/wp-mediaelement.min.js HTTP/1.1" 200 1417 "https://www.najh.ilc.edu.tw/2019/10/01/159/" "Mozilla/5.0 (Windows NT 10.0; Win64; x64) AppleWebKit/537.36 (KHTML, like Gecko) Chrome/144.0.0.0 Safari/537.36"
2409:8714:e95:160:102::c - - [22/Aug/2026:05:12:08 +0800] "GET /wp-content/themes/oceanwp/assets/fonts/fontawesome/webfonts/fa-solid-900.woff2 HTTP/1.1" 200 151246 "https://www.najh.ilc.edu.tw/wp-content/cache/www.najh.ilc.edu.tw/wpfc-minified/kcxb236g/6wh9.css" "Mozilla/5.0 (Windows NT 10.0; Win64; x64) AppleWebKit/537.36 (KHTML, like Gecko) Chrome/144.0.0.0 Safari/537.36"
240e:960:3601:4::101 - - [22/Aug/2026:05:12:14 +0800] "GET /wp-content/themes/oceanwp/assets/fonts/fontawesome/webfonts/fa-solid-900.woff2 HTTP/1.1" 200 151246 "https://www.najh.ilc.edu.tw/wp-content/cache/www.najh.ilc.edu.tw/wpfc-minified/kcxb236g/6wh9.css" "Mozilla/5.0 (Windows NT 10.0; Win64; x64) AppleWebKit/537.36 (KHTML, like Gecko) Chrome/144.0.0.0 Safari/537.36"
2409:8a44:2460:a063:e4f1:607a:6c9a:d27 - - [22/Aug/2026:05:12:03 +0800] "GET /wp-content/themes/oceanwp/assets/fonts/fontawesome/webfonts/fa-solid-900.woff2 HTTP/1.1" 200 151246 "https://www.najh.ilc.edu.tw/wp-content/cache/www.najh.ilc.edu.tw/wpfc-minified/kcxb236g/6wh9.css" "Mozilla/5.0 (Windows NT 10.0; Win64; x64) AppleWebKit/537.36 (KHTML, like Gecko) Chrome/144.0.0.0 Safari/537.36"
2408:820c:821b:3280::1 - - [22/Aug/2026:05:12:15 +0800] "GET /wp-includes/js/mediaelement/renderers/vimeo.min.js HTTP/1.1" 200 3164 "https://www.najh.ilc.edu.tw/2019/12/13/%E8%98%AD%E9%99%BD%E8%97%9D%E8%A1%93%E6%95%99%E8%82%B2%E6%9C%88-%E7%B5%82%E8%BA%AB%E5%AD%B8%E7%BF%92%E8%97%9D%E8%B5%B7%E4%BE%86/" "Mozilla/5.0 (Windows NT 10.0; Win64; x64) AppleWebKit/537.36 (KHTML, like Gecko) Chrome/144.0.0.0 Safari/537.36"
52.7.33.248 - - [22/Aug/2026:05:12:15 +0800] "GET /6486/wp-json/wp/v2/posts/%22https:/2blog.ilc.edu.tw/wp-content/uploads/sites/2616/6486/6486-2793397.jpg/%22 HTTP/1.1" 404 6131 "-" "Mozilla/5.0 AppleWebKit/537.36 (KHTML, like Gecko; compatible; Amazonbot/0.1; +https://developer.amazon.com/support/amazonbot) Chrome/119.0.6045.214 Safari/537.36"
66.249.79.163 - - [22/Aug/2026:05:12:15 +0800] "GET /41336/wp-content/themes/oceanwp/assets/fonts/simple-line-icons/Simple-Line-Icons.woff2?v=2.4.0 HTTP/1.1" 200 30959 "https://2blog.ilc.edu.tw/41336/wp-content/cache/2blog.ilc.edu.tw/wpfc-minified/6zojx74y/5woxg.css" "Mozilla/5.0 AppleWebKit/537.36 (KHTML, like Gecko; compatible; Googlebot/2.1; +http://www.google.com/bot.html) Chrome/151.0.7922.108 Safari/537.36"
::1 - - [22/Aug/2026:05:12:15 +0800] "OPTIONS * HTTP/1.0" 200 110 "-" "Apache/2.4.68 (Ubuntu) OpenSSL/3.0.19 (internal dummy connection)"
3.218.103.254 - - [22/Aug/2026:05:12:15 +0800] "GET /1003/wp-json/wp/v2/comments?post=31491 HTTP/1.1" 200 6010 "-" "Mozilla/5.0 AppleWebKit/537.36 (KHTML, like Gecko; compatible; Amazonbot/0.1; +https://developer.amazon.com/support/amazonbot) Chrome/119.0.6045.214 Safari/537.36"
::1 - - [22/Aug/2026:05:12:16 +0800] "OPTIONS * HTTP/1.0" 200 110 "-" "Apache/2.4.68 (Ubuntu) OpenSSL/3.0.19 (internal dummy connection)"
66.249.79.163 - - [22/Aug/2026:05:12:16 +0800] "GET /41336/wp-content/themes/oceanwp/assets/fonts/fontawesome/webfonts/fa-solid-900.woff2 HTTP/1.1" 200 151246 "https://2blog.ilc.edu.tw/41336/wp-content/cache/2blog.ilc.edu.tw/wpfc-minified/6zojx74y/5woxg.css" "Mozilla/5.0 AppleWebKit/537.36 (KHTML, like Gecko; compatible; Googlebot/2.1; +http://www.google.com/bot.html) Chrome/151.0.7922.108 Safari/537.36"
34.171.68.95 - - [22/Aug/2026:05:12:17 +0800] "GET /41795/2025/12/17/114%E5%B9%B412%E6%9C%8818%E6%97%A5%E9%80%B1%E5%9B%9B%E5%9B%9E%E5%AE%B6%E4%BD%9C%E6%A5%AD%E5%90%AB%E6%B3%A8%E6%84%8F%E4%BA%8B%E9%A0%85/ HTTP/1.1" 200 16638 "-" "Mozilla/5.0 (Macintosh; Intel Mac OS X 10_15_7) AppleWebKit/537.36 (KHTML, like Gecko) Chrome/120.0.0.0 Safari/537.36"
66.249.79.163 - - [22/Aug/2026:05:12:17 +0800] "GET /yleerc/wp-content/themes/oceanwp/assets/fonts/fontawesome/webfonts/fa-solid-900.ttf HTTP/1.1" 200 396574 "https://2blog.ilc.edu.tw/yleerc/wp-content/cache/2blog.ilc.edu.tw/wpfc-minified/ldqf2d01/5wt98.css" "Mozilla/5.0 AppleWebKit/537.36 (KHTML, like Gecko; compatible; Googlebot/2.1; +http://www.google.com/bot.html) Chrome/151.0.7922.108 Safari/537.36"
136.119.35.120 - - [22/Aug/2026:05:12:17 +0800] "GET /27304/2020/11/07/%E8%B3%80%E6%9C%AC%E6%A0%A1%E5%8F%83%E5%8A%A0109%E5%AD%B8%E5%B9%B4%E5%BA%A6%E5%AE%9C%E8%98%AD%E7%B8%A3%E6%9C%AC%E5%9C%9F%E8%AA%9E%E8%A8%80%E6%95%99%E5%AD%B8%E7%AB%B6%E8%B3%BD%E5%9C%8B%E5%B0%8F-2/ HTTP/1.1" 200 17501 "-" "Mozilla/5.0 (Macintosh; Intel Mac OS X 10_15_7) AppleWebKit/537.36 (KHTML, like Gecko) Chrome/120.0.0.0 Safari/537.36"
2a03:2880:f802:4b:: - - [22/Aug/2026:05:12:17 +0800] "GET /32745/2020/12/06/%e7%84%a1%e6%83%85%e7%a7%8b%e9%9b%a8/ HTTP/1.1" 200 92135 "-" "Mozilla/5.0 (Macintosh; Intel Mac OS X 10_15_7) AppleWebKit/537.36 (KHTML, like Gecko) Chrome/145.0.0.0 Safari/537.36 (compatible; meta-webindexer/1.1 (+https://developers.facebook.com/docs/sharing/webmasters/crawler))"
::1 - - [22/Aug/2026:05:12:17 +0800] "OPTIONS * HTTP/1.0" 200 110 "-" "Apache/2.4.68 (Ubuntu) OpenSSL/3.0.19 (internal dummy connection)"
2408:8722:0:1::2c4 - - [22/Aug/2026:05:12:17 +0800] "GET /author/magiccell01536/page/4 HTTP/1.1" 301 5790 "-" "Mozilla/5.0 (Windows NT 10.0; Win64; x64) AppleWebKit/537.36 (KHTML, like Gecko) Chrome/144.0.0.0 Safari/537.36"
34.42.229.145 - - [22/Aug/2026:05:12:17 +0800] "GET /6489/2020/11/13/109-3-1-1%E6%A0%A1%E5%9C%92%E7%B6%A0%E5%8C%96%E7%BE%8E%E5%8C%96%E6%83%85%E5%BD%A2/imag5635/ HTTP/1.1" 200 30459 "-" "Mozilla/5.0 (Macintosh; Intel Mac OS X 10_15_7) AppleWebKit/537.36 (KHTML, like Gecko) Chrome/120.0.0.0 Safari/537.36"
52.21.62.139 - - [22/Aug/2026:05:12:17 +0800] "GET /wp-content/uploads/sites/1256/2022/09/?C=S;O%3DD HTTP/1.1" 200 1114 "-" "Mozilla/5.0 AppleWebKit/537.36 (KHTML, like Gecko; compatible; Amazonbot/0.1; +https://developer.amazon.com/support/amazonbot) Chrome/119.0.6045.214 Safari/537.36"
2001:288:a201::66:125 - - [22/Aug/2026:05:12:18 +0800] "GET /blog/active.php HTTP/1.1" 301 1026 "-" "-"
2001:288:a201::66:125 - - [22/Aug/2026:05:12:18 +0800] "GET /blog/active.php HTTP/1.1" 404 1084 "-" "-"
2408:862e:ff:ff33::130 - - [22/Aug/2026:05:12:18 +0800] "GET /wp-content/themes/oceanwp/assets/fonts/simple-line-icons/Simple-Line-Icons.woff2?v=2.4.0 HTTP/1.1" 200 35762 "https://www.cwjh.ilc.edu.tw/wp-content/cache/www.cwjh.ilc.edu.tw/wpfc-minified/dhutxct0/77dd.css" "Mozilla/5.0 (Windows NT 10.0; Win64; x64) AppleWebKit/537.36 (KHTML, like Gecko) Chrome/144.0.0.0 Safari/537.36"
140.111.67.10 - - [22/Aug/2026:05:12:18 +0800] "GET /" 301 273 "-" "-"
136.119.35.120 - - [22/Aug/2026:05:12:18 +0800] "GET /wp-json/wp/v2/posts/5878 HTTP/1.1" 200 20237 "-" "Mozilla/5.0 (Macintosh; Intel Mac OS X 10_15_7) AppleWebKit/537.36 (KHTML, like Gecko) Chrome/120.0.0.0 Safari/537.36"
2408:8722:0:1::2c4 - - [22/Aug/2026:05:12:18 +0800] "GET /author/magiccell01536/page/4/ HTTP/1.1" 200 44507 "-" "Mozilla/5.0 (Windows NT 10.0; Win64; x64) AppleWebKit/537.36 (KHTML, like Gecko) Chrome/144.0.0.0 Safari/537.36"
::1 - - [22/Aug/2026:05:12:18 +0800] "OPTIONS * HTTP/1.0" 200 110 "-" "Apache/2.4.68 (Ubuntu) OpenSSL/3.0.19 (internal dummy connection)"
34.171.68.95 - - [22/Aug/2026:05:12:18 +0800] "GET /41795/2018/11/16/11%E6%9C%8819%E6%97%A5%E9%80%B1%E4%B8%80%E5%9B%9E%E5%AE%B6%E4%BD%9C%E6%A5%AD%E5%90%AB%E6%B3%A8%E6%84%8F%E4%BA%8B%E9%A0%85/ HTTP/1.1" 200 16575 "-" "Mozilla/5.0 (Macintosh; Intel Mac OS X 10_15_7) AppleWebKit/537.36 (KHTML, like Gecko) Chrome/120.0.0.0 Safari/537.36"
2408:862e:ff:ff33::130 - - [22/Aug/2026:05:12:18 +0800] "GET /wp-content/themes/oceanwp/assets/fonts/fontawesome/webfonts/fa-solid-900.woff2 HTTP/1.1" 200 156049 "https://www.cwjh.ilc.edu.tw/wp-content/cache/www.cwjh.ilc.edu.tw/wpfc-minified/dhutxct0/77dd.css" "Mozilla/5.0 (Windows NT 10.0; Win64; x64) AppleWebKit/537.36 (KHTML, like Gecko) Chrome/144.0.0.0 Safari/537.36"
66.249.79.163 - - [22/Aug/2026:05:12:18 +0800] "GET /yleerc/wp-content/themes/oceanwp/assets/fonts/simple-line-icons/Simple-Line-Icons.woff2?v=2.4.0 HTTP/1.1" 200 30959 "https://2blog.ilc.edu.tw/yleerc/wp-content/cache/2blog.ilc.edu.tw/wpfc-minified/ldqf2d01/5wt98.css" "Mozilla/5.0 AppleWebKit/537.36 (KHTML, like Gecko; compatible; Googlebot/2.1; +http://www.google.com/bot.html) Chrome/151.0.7922.108 Safari/537.36"
2408:8722:0:1::2c4 - - [22/Aug/2026:05:12:19 +0800] "GET /wp-content/cache/www.najh.ilc.edu.tw/wpfc-minified/1f13uvw/6wh9.css HTTP/1.1" 200 40884 "https://www.najh.ilc.edu.tw/author/magiccell01536/page/4/" "Mozilla/5.0 (Windows NT 10.0; Win64; x64) AppleWebKit/537.36 (KHTML, like Gecko) Chrome/144.0.0.0 Safari/537.36"
2408:862e:ff:ff33::130 - - [22/Aug/2026:05:12:19 +0800] "GET /wp-content/uploads/sites/1364/2020/02/cropped-cwjh001-32x32.png HTTP/1.1" 200 3126 "https://www.cwjh.ilc.edu.tw/category/c-8618/c-59318/page/7/" "Mozilla/5.0 (Windows NT 10.0; Win64; x64) AppleWebKit/537.36 (KHTML, like Gecko) Chrome/144.0.0.0 Safari/537.36"
2408:8722:0:1::2c4 - - [22/Aug/2026:05:12:19 +0800] "GET /wp-content/cache/www.najh.ilc.edu.tw/wpfc-minified/4ybahoo/6wh9.css HTTP/1.1" 200 16121 "https://www.najh.ilc.edu.tw/author/magiccell01536/page/4/" "Mozilla/5.0 (Windows NT 10.0; Win64; x64) AppleWebKit/537.36 (KHTML, like Gecko) Chrome/144.0.0.0 Safari/537.36"
2408:8722:0:1::2c4 - - [22/Aug/2026:05:12:19 +0800] "GET /wp-content/cache/www.najh.ilc.edu.tw/wpfc-minified/kz7ju7r3/6wh9.css HTTP/1.1" 200 1496 "https://www.najh.ilc.edu.tw/author/magiccell01536/page/4/" "Mozilla/5.0 (Windows NT 10.0; Win64; x64) AppleWebKit/537.36 (KHTML, like Gecko) Chrome/144.0.0.0 Safari/537.36"
2408:8722:0:1::2c4 - - [22/Aug/2026:05:12:19 +0800] "GET /wp-content/cache/www.najh.ilc.edu.tw/wpfc-minified/kcxb236g/6wh9.css HTTP/1.1" 200 66147 "https://www.najh.ilc.edu.tw/author/magiccell01536/page/4/" "Mozilla/5.0 (Windows NT 10.0; Win64; x64) AppleWebKit/537.36 (KHTML, like Gecko) Chrome/144.0.0.0 Safari/537.36"
2408:8722:0:1::2c4 - - [22/Aug/2026:05:12:19 +0800] "GET /wp-content/cache/www.najh.ilc.edu.tw/wpfc-minified/k0kc5650/6wh9.js HTTP/1.1" 200 40360 "https://www.najh.ilc.edu.tw/author/magiccell01536/page/4/" "Mozilla/5.0 (Windows NT 10.0; Win64; x64) AppleWebKit/537.36 (KHTML, like Gecko) Chrome/144.0.0.0 Safari/537.36"
2408:8722:0:1::2c4 - - [22/Aug/2026:05:12:19 +0800] "GET /wp-content/cache/www.najh.ilc.edu.tw/wpfc-minified/87xhsi2d/6wh9.css HTTP/1.1" 200 9124 "https://www.najh.ilc.edu.tw/author/magiccell01536/page/4/" "Mozilla/5.0 (Windows NT 10.0; Win64; x64) AppleWebKit/537.36 (KHTML, like Gecko) Chrome/144.0.0.0 Safari/537.36"
::1 - - [22/Aug/2026:05:12:19 +0800] "OPTIONS * HTTP/1.0" 200 110 "-" "Apache/2.4.68 (Ubuntu) OpenSSL/3.0.19 (internal dummy connection)"
2408:8722:0:1::2c4 - - [22/Aug/2026:05:12:19 +0800] "GET /wp-includes/js/hoverintent-js.min.js HTTP/1.1" 200 1597 "https://www.najh.ilc.edu.tw/author/magiccell01536/page/4/" "Mozilla/5.0 (Windows NT 10.0; Win64; x64) AppleWebKit/537.36 (KHTML, like Gecko) Chrome/144.0.0.0 Safari/537.36"
2408:8722:0:1::2c4 - - [22/Aug/2026:05:12:19 +0800] "GET /wp-includes/js/admin-bar.min.js HTTP/1.1" 200 2237 "https://www.najh.ilc.edu.tw/author/magiccell01536/page/4/" "Mozilla/5.0 (Windows NT 10.0; Win64; x64) AppleWebKit/537.36 (KHTML, like Gecko) Chrome/144.0.0.0 Safari/537.36"
2408:8722:0:1::2c4 - - [22/Aug/2026:05:12:20 +0800] "GET /wp-includes/js/imagesloaded.min.js HTTP/1.1" 200 2683 "https://www.najh.ilc.edu.tw/author/magiccell01536/page/4/" "Mozilla/5.0 (Windows NT 10.0; Win64; x64) AppleWebKit/537.36 (KHTML, like Gecko) Chrome/144.0.0.0 Safari/537.36"
2408:8722:0:1::2c4 - - [22/Aug/2026:05:12:20 +0800] "GET /wp-content/themes/oceanwp/assets/js/theme.min.js HTTP/1.1" 200 5130 "https://www.najh.ilc.edu.tw/author/magiccell01536/page/4/" "Mozilla/5.0 (Windows NT 10.0; Win64; x64) AppleWebKit/537.36 (KHTML, like Gecko) Chrome/144.0.0.0 Safari/537.36"
52.7.33.248 - - [22/Aug/2026:05:12:19 +0800] "GET /kkes603/wp-content/uploads/sites/2892/2024/07/20240506_120102_s-1153x2048.jpg HTTP/1.1" 200 351340 "-" "Mozilla/5.0 AppleWebKit/537.36 (KHTML, like Gecko; compatible; Amazonbot/0.1; +https://developer.amazon.com/support/amazonbot) Chrome/119.0.6045.214 Safari/537.36"
2408:8722:0:1::2c4 - - [22/Aug/2026:05:12:20 +0800] "GET /wp-content/themes/oceanwp/assets/js/drop-down-search.min.js HTTP/1.1" 200 2968 "https://www.najh.ilc.edu.tw/author/magiccell01536/page/4/" "Mozilla/5.0 (Windows NT 10.0; Win64; x64) AppleWebKit/537.36 (KHTML, like Gecko) Chrome/144.0.0.0 Safari/537.36"
2408:8722:0:1::2c4 - - [22/Aug/2026:05:12:20 +0800] "GET /wp-content/themes/oceanwp/assets/js/drop-down-mobile-menu.min.js HTTP/1.1" 200 4663 "https://www.najh.ilc.edu.tw/author/magiccell01536/page/4/" "Mozilla/5.0 (Windows NT 10.0; Win64; x64) AppleWebKit/537.36 (KHTML, like Gecko) Chrome/144.0.0.0 Safari/537.36"
2408:8722:0:1::2c4 - - [22/Aug/2026:05:12:20 +0800] "GET /wp-content/themes/oceanwp/assets/js/ow-lightbox.min.js HTTP/1.1" 200 2321 "https://www.najh.ilc.edu.tw/author/magiccell01536/page/4/" "Mozilla/5.0 (Windows NT 10.0; Win64; x64) AppleWebKit/537.36 (KHTML, like Gecko) Chrome/144.0.0.0 Safari/537.36"
2408:8722:0:1::2c4 - - [22/Aug/2026:05:12:20 +0800] "GET /wp-content/themes/oceanwp/assets/js/vendors/magnific-popup.min.js HTTP/1.1" 200 8270 "https://www.najh.ilc.edu.tw/author/magiccell01536/page/4/" "Mozilla/5.0 (Windows NT 10.0; Win64; x64) AppleWebKit/537.36 (KHTML, like Gecko) Chrome/144.0.0.0 Safari/537.36"
::1 - - [22/Aug/2026:05:12:20 +0800] "OPTIONS * HTTP/1.0" 200 110 "-" "Apache/2.4.68 (Ubuntu) OpenSSL/3.0.19 (internal dummy connection)"
2408:8722:0:1::2c4 - - [22/Aug/2026:05:12:20 +0800] "GET /wp-content/themes/oceanwp/assets/js/vendors/flickity.pkgd.min.js HTTP/1.1" 200 15048 "https://www.najh.ilc.edu.tw/author/magiccell01536/page/4/" "Mozilla/5.0 (Windows NT 10.0; Win64; x64) AppleWebKit/537.36 (KHTML, like Gecko) Chrome/144.0.0.0 Safari/537.36"
2408:8722:0:1::2c4 - - [22/Aug/2026:05:12:20 +0800] "GET /wp-content/themes/oceanwp/assets/fonts/simple-line-icons/Simple-Line-Icons.woff2?v=2.4.0 HTTP/1.1" 200 30959 "https://www.najh.ilc.edu.tw/wp-content/cache/www.najh.ilc.edu.tw/wpfc-minified/kcxb236g/6wh9.css" "Mozilla/5.0 (Windows NT 10.0; Win64; x64) AppleWebKit/537.36 (KHTML, like Gecko) Chrome/144.0.0.0 Safari/537.36"
2408:8722:0:1::2c4 - - [22/Aug/2026:05:12:20 +0800] "GET /wp-content/themes/oceanwp/assets/js/scroll-effect.min.js HTTP/1.1" 200 4127 "https://www.najh.ilc.edu.tw/author/magiccell01536/page/4/" "Mozilla/5.0 (Windows NT 10.0; Win64; x64) AppleWebKit/537.36 (KHTML, like Gecko) Chrome/144.0.0.0 Safari/537.36"
2408:8722:0:1::2c4 - - [22/Aug/2026:05:12:20 +0800] "GET /wp-content/themes/oceanwp/assets/js/ow-slider.min.js HTTP/1.1" 200 1761 "https://www.najh.ilc.edu.tw/author/magiccell01536/page/4/" "Mozilla/5.0 (Windows NT 10.0; Win64; x64) AppleWebKit/537.36 (KHTML, like Gecko) Chrome/144.0.0.0 Safari/537.36"
2408:8722:0:1::2c4 - - [22/Aug/2026:05:12:20 +0800] "GET /wp-content/themes/oceanwp/assets/js/scroll-top.min.js HTTP/1.1" 200 3202 "https://www.najh.ilc.edu.tw/author/magiccell01536/page/4/" "Mozilla/5.0 (Windows NT 10.0; Win64; x64) AppleWebKit/537.36 (KHTML, like Gecko) Chrome/144.0.0.0 Safari/537.36"
2408:8722:0:1::2c4 - - [22/Aug/2026:05:12:20 +0800] "GET /wp-content/themes/oceanwp/assets/js/select.min.js HTTP/1.1" 200 2408 "https://www.najh.ilc.edu.tw/author/magiccell01536/page/4/" "Mozilla/5.0 (Windows NT 10.0; Win64; x64) AppleWebKit/537.36 (KHTML, like Gecko) Chrome/144.0.0.0 Safari/537.36"
2408:8722:0:1::2c4 - - [22/Aug/2026:05:12:20 +0800] "GET /wp-content/themes/oceanwp/assets/fonts/fontawesome/webfonts/fa-solid-900.woff2 HTTP/1.1" 200 151246 "https://www.najh.ilc.edu.tw/wp-content/cache/www.najh.ilc.edu.tw/wpfc-minified/kcxb236g/6wh9.css" "Mozilla/5.0 (Windows NT 10.0; Win64; x64) AppleWebKit/537.36 (KHTML, like Gecko) Chrome/144.0.0.0 Safari/537.36"
2408:8722:0:1::2c4 - - [22/Aug/2026:05:12:21 +0800] "GET /wp-includes/js/mediaelement/mediaelement-migrate.min.js HTTP/1.1" 200 1419 "https://www.najh.ilc.edu.tw/author/magiccell01536/page/4/" "Mozilla/5.0 (Windows NT 10.0; Win64; x64) AppleWebKit/537.36 (KHTML, like Gecko) Chrome/144.0.0.0 Safari/537.36"
2408:8722:0:1::2c4 - - [22/Aug/2026:05:12:21 +0800] "GET /wp-content/plugins/ocean-extra/includes/widgets/js/flickr.min.js HTTP/1.1" 200 1319 "https://www.najh.ilc.edu.tw/author/magiccell01536/page/4/" "Mozilla/5.0 (Windows NT 10.0; Win64; x64) AppleWebKit/537.36 (KHTML, like Gecko) Chrome/144.0.0.0 Safari/537.36"
2408:8722:0:1::2c4 - - [22/Aug/2026:05:12:21 +0800] "GET /wp-includes/js/mediaelement/mediaelement-and-player.min.js HTTP/1.1" 200 39802 "https://www.najh.ilc.edu.tw/author/magiccell01536/page/4/" "Mozilla/5.0 (Windows NT 10.0; Win64; x64) AppleWebKit/537.36 (KHTML, like Gecko) Chrome/144.0.0.0 Safari/537.36"
2408:8722:0:1::2c4 - - [22/Aug/2026:05:12:21 +0800] "GET /wp-includes/js/mediaelement/wp-mediaelement.min.js HTTP/1.1" 200 1417 "https://www.najh.ilc.edu.tw/author/magiccell01536/page/4/" "Mozilla/5.0 (Windows NT 10.0; Win64; x64) AppleWebKit/537.36 (KHTML, like Gecko) Chrome/144.0.0.0 Safari/537.36"
2408:8722:0:1::2c4 - - [22/Aug/2026:05:12:21 +0800] "GET /wp-includes/js/mediaelement/renderers/vimeo.min.js HTTP/1.1" 200 3164 "https://www.najh.ilc.edu.tw/author/magiccell01536/page/4/" "Mozilla/5.0 (Windows NT 10.0; Win64; x64) AppleWebKit/537.36 (KHTML, like Gecko) Chrome/144.0.0.0 Safari/537.36"
::1 - - [22/Aug/2026:05:12:21 +0800] "OPTIONS * HTTP/1.0" 200 110 "-" "Apache/2.4.68 (Ubuntu) OpenSSL/3.0.19 (internal dummy connection)"
::1 - - [22/Aug/2026:05:12:22 +0800] "OPTIONS * HTTP/1.0" 200 110 "-" "Apache/2.4.68 (Ubuntu) OpenSSL/3.0.19 (internal dummy connection)"
2001:288:a201::66:125 - - [22/Aug/2026:05:12:23 +0800] "GET /blog/active.php HTTP/1.1" 301 1026 "-" "-"
2001:288:a201::66:125 - - [22/Aug/2026:05:12:23 +0800] "GET /blog/active.php HTTP/1.1" 404 1084 "-" "-"
140.111.67.10 - - [22/Aug/2026:05:12:23 +0800] "GET /" 301 273 "-" "-"
::1 - - [22/Aug/2026:05:12:23 +0800] "OPTIONS * HTTP/1.0" 200 110 "-" "Apache/2.4.68 (Ubuntu) OpenSSL/3.0.19 (internal dummy connection)"
34.56.53.225 - - [22/Aug/2026:05:12:23 +0800] "GET /wp-json/oembed/1.0/embed?format=xml&url=https://www.yeses.ilc.edu.tw/2020/11/13/diverse_teaching_materials/ HTTP/1.1" 200 7214 "-" "Mozilla/5.0 (Macintosh; Intel Mac OS X 10_15_7) AppleWebKit/537.36 (KHTML, like Gecko) Chrome/120.0.0.0 Safari/537.36"
2408:875c:1000:6:4000::5 - - [22/Aug/2026:05:12:23 +0800] "GET /2025/09/ HTTP/1.1" 200 20494 "-" "Mozilla/5.0 (Windows NT 10.0; Win64; x64) AppleWebKit/537.36 (KHTML, like Gecko) Chrome/144.0.0.0 Safari/537.36"
54.197.102.71 - - [22/Aug/2026:05:12:24 +0800] "GET /wp-content/uploads/sites/2370/2022/?C=M;O%3DA HTTP/1.1" 200 1290 "-" "Mozilla/5.0 AppleWebKit/537.36 (KHTML, like Gecko; compatible; Amazonbot/0.1; +https://developer.amazon.com/support/amazonbot) Chrome/119.0.6045.214 Safari/537.36"
2408:875c:1000:6:4000::5 - - [22/Aug/2026:05:12:24 +0800] "GET /wp-content/cache/www.tlps.ilc.edu.tw/wpfc-minified/1ror6u4l/6vx7.css HTTP/1.1" 200 40884 "https://www.tlps.ilc.edu.tw/2025/09/" "Mozilla/5.0 (Windows NT 10.0; Win64; x64) AppleWebKit/537.36 (KHTML, like Gecko) Chrome/144.0.0.0 Safari/537.36"
::1 - - [22/Aug/2026:05:12:24 +0800] "OPTIONS * HTTP/1.0" 200 110 "-" "Apache/2.4.68 (Ubuntu) OpenSSL/3.0.19 (internal dummy connection)"
2408:875c:1000:6:4000::5 - - [22/Aug/2026:05:12:25 +0800] "GET /wp-content/cache/www.tlps.ilc.edu.tw/wpfc-minified/r78krlq/6vx7.css HTTP/1.1" 200 15777 "https://www.tlps.ilc.edu.tw/2025/09/" "Mozilla/5.0 (Windows NT 10.0; Win64; x64) AppleWebKit/537.36 (KHTML, like Gecko) Chrome/144.0.0.0 Safari/537.36"
2408:875c:1000:6:4000::5 - - [22/Aug/2026:05:12:25 +0800] "GET /wp-content/cache/www.tlps.ilc.edu.tw/wpfc-minified/1gkvie4m/6vx7.css HTTP/1.1" 200 1496 "https://www.tlps.ilc.edu.tw/2025/09/" "Mozilla/5.0 (Windows NT 10.0; Win64; x64) AppleWebKit/537.36 (KHTML, like Gecko) Chrome/144.0.0.0 Safari/537.36"
2408:875c:1000:6:4000::5 - - [22/Aug/2026:05:12:25 +0800] "GET /wp-content/cache/www.tlps.ilc.edu.tw/wpfc-minified/qtpvwoaf/6vx7.css HTTP/1.1" 200 2315 "https://www.tlps.ilc.edu.tw/2025/09/" "Mozilla/5.0 (Windows NT 10.0; Win64; x64) AppleWebKit/537.36 (KHTML, like Gecko) Chrome/144.0.0.0 Safari/537.36"
2408:875c:1000:6:4000::5 - - [22/Aug/2026:05:12:25 +0800] "GET /wp-content/cache/www.tlps.ilc.edu.tw/wpfc-minified/kp8dcaob/273lf.css HTTP/1.1" 200 66104 "https://www.tlps.ilc.edu.tw/2025/09/" "Mozilla/5.0 (Windows NT 10.0; Win64; x64) AppleWebKit/537.36 (KHTML, like Gecko) Chrome/144.0.0.0 Safari/537.36"
2408:875c:1000:6:4000::5 - - [22/Aug/2026:05:12:25 +0800] "GET /wp-content/cache/www.tlps.ilc.edu.tw/wpfc-minified/jotdpxct/6vx7.js HTTP/1.1" 200 40358 "https://www.tlps.ilc.edu.tw/2025/09/" "Mozilla/5.0 (Windows NT 10.0; Win64; x64) AppleWebKit/537.36 (KHTML, like Gecko) Chrome/144.0.0.0 Safari/537.36"
2408:875c:1000:6:4000::5 - - [22/Aug/2026:05:12:25 +0800] "GET /wp-content/cache/www.tlps.ilc.edu.tw/wpfc-minified/kz9emqo7/6vx7.js HTTP/1.1" 200 7160 "https://www.tlps.ilc.edu.tw/2025/09/" "Mozilla/5.0 (Windows NT 10.0; Win64; x64) AppleWebKit/537.36 (KHTML, like Gecko) Chrome/144.0.0.0 Safari/537.36"
2408:875c:1000:6:4000::5 - - [22/Aug/2026:05:12:25 +0800] "GET /wp-includes/js/hoverintent-js.min.js HTTP/1.1" 200 1597 "https://www.tlps.ilc.edu.tw/2025/09/" "Mozilla/5.0 (Windows NT 10.0; Win64; x64) AppleWebKit/537.36 (KHTML, like Gecko) Chrome/144.0.0.0 Safari/537.36"
2408:875c:1000:6:4000::5 - - [22/Aug/2026:05:12:25 +0800] "GET /wp-includes/js/admin-bar.min.js HTTP/1.1" 200 2237 "https://www.tlps.ilc.edu.tw/2025/09/" "Mozilla/5.0 (Windows NT 10.0; Win64; x64) AppleWebKit/537.36 (KHTML, like Gecko) Chrome/144.0.0.0 Safari/537.36"
2408:875c:1000:6:4000::5 - - [22/Aug/2026:05:12:25 +0800] "GET /wp-includes/js/imagesloaded.min.js HTTP/1.1" 200 2683 "https://www.tlps.ilc.edu.tw/2025/09/" "Mozilla/5.0 (Windows NT 10.0; Win64; x64) AppleWebKit/537.36 (KHTML, like Gecko) Chrome/144.0.0.0 Safari/537.36"
2408:875c:1000:6:4000::5 - - [22/Aug/2026:05:12:25 +0800] "GET /wp-content/themes/oceanwp/assets/js/theme.min.js HTTP/1.1" 200 5130 "https://www.tlps.ilc.edu.tw/2025/09/" "Mozilla/5.0 (Windows NT 10.0; Win64; x64) AppleWebKit/537.36 (KHTML, like Gecko) Chrome/144.0.0.0 Safari/537.36"
::1 - - [22/Aug/2026:05:12:25 +0800] "OPTIONS * HTTP/1.0" 200 110 "-" "Apache/2.4.68 (Ubuntu) OpenSSL/3.0.19 (internal dummy connection)"
2408:875c:1000:6:4000::5 - - [22/Aug/2026:05:12:25 +0800] "GET /wp-content/themes/oceanwp/assets/js/drop-down-mobile-menu.min.js HTTP/1.1" 200 4663 "https://www.tlps.ilc.edu.tw/2025/09/" "Mozilla/5.0 (Windows NT 10.0; Win64; x64) AppleWebKit/537.36 (KHTML, like Gecko) Chrome/144.0.0.0 Safari/537.36"
2408:875c:1000:6:4000::5 - - [22/Aug/2026:05:12:25 +0800] "GET /wp-content/themes/oceanwp/assets/js/drop-down-search.min.js HTTP/1.1" 200 2968 "https://www.tlps.ilc.edu.tw/2025/09/" "Mozilla/5.0 (Windows NT 10.0; Win64; x64) AppleWebKit/537.36 (KHTML, like Gecko) Chrome/144.0.0.0 Safari/537.36"
2408:875c:1000:6:4000::5 - - [22/Aug/2026:05:12:25 +0800] "GET /wp-content/themes/oceanwp/assets/js/vendors/magnific-popup.min.js HTTP/1.1" 200 8270 "https://www.tlps.ilc.edu.tw/2025/09/" "Mozilla/5.0 (Windows NT 10.0; Win64; x64) AppleWebKit/537.36 (KHTML, like Gecko) Chrome/144.0.0.0 Safari/537.36"
2408:875c:1000:6:4000::5 - - [22/Aug/2026:05:12:25 +0800] "GET /wp-content/themes/oceanwp/assets/js/ow-lightbox.min.js HTTP/1.1" 200 2321 "https://www.tlps.ilc.edu.tw/2025/09/" "Mozilla/5.0 (Windows NT 10.0; Win64; x64) AppleWebKit/537.36 (KHTML, like Gecko) Chrome/144.0.0.0 Safari/537.36"
2408:875c:1000:6:4000::5 - - [22/Aug/2026:05:12:25 +0800] "GET /wp-content/themes/oceanwp/assets/js/vendors/flickity.pkgd.min.js HTTP/1.1" 200 15048 "https://www.tlps.ilc.edu.tw/2025/09/" "Mozilla/5.0 (Windows NT 10.0; Win64; x64) AppleWebKit/537.36 (KHTML, like Gecko) Chrome/144.0.0.0 Safari/537.36"
2408:875c:1000:6:4000::5 - - [22/Aug/2026:05:12:25 +0800] "GET /wp-content/themes/oceanwp/assets/js/ow-slider.min.js HTTP/1.1" 200 1761 "https://www.tlps.ilc.edu.tw/2025/09/" "Mozilla/5.0 (Windows NT 10.0; Win64; x64) AppleWebKit/537.36 (KHTML, like Gecko) Chrome/144.0.0.0 Safari/537.36"
2408:875c:1000:6:4000::5 - - [22/Aug/2026:05:12:26 +0800] "GET /wp-content/themes/oceanwp/assets/js/scroll-effect.min.js HTTP/1.1" 200 4127 "https://www.tlps.ilc.edu.tw/2025/09/" "Mozilla/5.0 (Windows NT 10.0; Win64; x64) AppleWebKit/537.36 (KHTML, like Gecko) Chrome/144.0.0.0 Safari/537.36"
2408:875c:1000:6:4000::5 - - [22/Aug/2026:05:12:26 +0800] "GET /wp-content/themes/oceanwp/assets/js/scroll-top.min.js HTTP/1.1" 200 3202 "https://www.tlps.ilc.edu.tw/2025/09/" "Mozilla/5.0 (Windows NT 10.0; Win64; x64) AppleWebKit/537.36 (KHTML, like Gecko) Chrome/144.0.0.0 Safari/537.36"
2408:875c:1000:6:4000::5 - - [22/Aug/2026:05:12:26 +0800] "GET /wp-content/themes/oceanwp/assets/js/select.min.js HTTP/1.1" 200 2408 "https://www.tlps.ilc.edu.tw/2025/09/" "Mozilla/5.0 (Windows NT 10.0; Win64; x64) AppleWebKit/537.36 (KHTML, like Gecko) Chrome/144.0.0.0 Safari/537.36"
2408:875c:1000:6:4000::5 - - [22/Aug/2026:05:12:26 +0800] "GET /wp-content/plugins/ocean-extra/includes/widgets/js/flickr.min.js HTTP/1.1" 200 1319 "https://www.tlps.ilc.edu.tw/2025/09/" "Mozilla/5.0 (Windows NT 10.0; Win64; x64) AppleWebKit/537.36 (KHTML, like Gecko) Chrome/144.0.0.0 Safari/537.36"
2408:875c:1000:6:4000::5 - - [22/Aug/2026:05:12:26 +0800] "GET /wp-content/themes/oceanwp/assets/fonts/fontawesome/webfonts/fa-solid-900.woff2 HTTP/1.1" 200 151246 "https://www.tlps.ilc.edu.tw/wp-content/cache/www.tlps.ilc.edu.tw/wpfc-minified/kp8dcaob/273lf.css" "Mozilla/5.0 (Windows NT 10.0; Win64; x64) AppleWebKit/537.36 (KHTML, like Gecko) Chrome/144.0.0.0 Safari/537.36"
2408:875c:1000:6:4000::5 - - [22/Aug/2026:05:12:26 +0800] "GET /wp-content/themes/oceanwp/assets/fonts/simple-line-icons/Simple-Line-Icons.woff2?v=2.4.0 HTTP/1.1" 200 30959 "https://www.tlps.ilc.edu.tw/wp-content/cache/www.tlps.ilc.edu.tw/wpfc-minified/kp8dcaob/273lf.css" "Mozilla/5.0 (Windows NT 10.0; Win64; x64) AppleWebKit/537.36 (KHTML, like Gecko) Chrome/144.0.0.0 Safari/537.36"
::1 - - [22/Aug/2026:05:12:26 +0800] "OPTIONS * HTTP/1.0" 200 110 "-" "Apache/2.4.68 (Ubuntu) OpenSSL/3.0.19 (internal dummy connection)"
66.249.79.163 - - [22/Aug/2026:05:12:27 +0800] "GET /yleerc/2026/08/04/%E3%80%90%E8%BD%89%E7%9F%A5%E3%80%91sdgs-%E9%A3%9B%E8%8B%B1%E4%BB%BB%E5%8B%99%E6%9A%91%E6%9C%9F%E6%B4%BB%E5%8B%95%E3%80%90%E6%89%93%E9%80%A0%E6%B0%B8%E7%BA%8C%E5%9F%8E%E5%B8%82%E8%97%8D%E5%9C%96/ HTTP/1.1" 200 26765 "-" "Mozilla/5.0 (Linux; Android 6.0.1; Nexus 5X Build/MMB29P) AppleWebKit/537.36 (KHTML, like Gecko) Chrome/151.0.7922.137 Mobile Safari/537.36 (compatible; Googlebot/2.1; +http://www.google.com/bot.html)"
3.89.170.186 - - [22/Aug/2026:05:12:27 +0800] "GET /6486/wp-json/wp/v2/posts/%22https:/2blog.ilc.edu.tw/wp-content/uploads/sites/2616/6486/6486-1592668.jpg/%22 HTTP/1.1" 404 6131 "-" "Mozilla/5.0 AppleWebKit/537.36 (KHTML, like Gecko; compatible; Amazonbot/0.1; +https://developer.amazon.com/support/amazonbot) Chrome/119.0.6045.214 Safari/537.36"
::1 - - [22/Aug/2026:05:12:27 +0800] "OPTIONS * HTTP/1.0" 200 110 "-" "Apache/2.4.68 (Ubuntu) OpenSSL/3.0.19 (internal dummy connection)"
52.167.144.192 - - [22/Aug/2026:05:12:27 +0800] "GET / HTTP/1.1" 200 20285 "-" "Mozilla/5.0 AppleWebKit/537.36 (KHTML, like Gecko; compatible; bingbot/2.0; +http://www.bing.com/bingbot.htm) Chrome/116.0.1938.76 Safari/537.36"
2001:288:a201::66:125 - - [22/Aug/2026:05:12:28 +0800] "GET /blog/active.php HTTP/1.1" 301 1026 "-" "-"
2001:288:a201::66:125 - - [22/Aug/2026:05:12:28 +0800] "GET /blog/active.php HTTP/1.1" 404 1084 "-" "-"
140.111.67.10 - - [22/Aug/2026:05:12:28 +0800] "GET /" 301 273 "-" "-"
::1 - - [22/Aug/2026:05:12:28 +0800] "OPTIONS * HTTP/1.0" 200 110 "-" "Apache/2.4.68 (Ubuntu) OpenSSL/3.0.19 (internal dummy connection)"
::1 - - [22/Aug/2026:05:12:29 +0800] "OPTIONS * HTTP/1.0" 200 110 "-" "Apache/2.4.68 (Ubuntu) OpenSSL/3.0.19 (internal dummy connection)"
129.146.77.150 - - [22/Aug/2026:05:12:30 +0800] "GET /2013/01/31/%E3%80%90%E9%96%8B%E6%9C%83%E9%80%9A%E7%9F%A5%E3%80%91%E5%AE%9C%E8%98%AD%E6%95%99%E5%B8%AB%E8%81%B7%E6%A5%AD%E5%B7%A5%E6%9C%83%E7%AC%AC1%E5%B1%86%E7%AC%AC3%E6%AC%A1%E6%9C%83%E5%93%A1%E4%BB%A3%E8%A1%A8 HTTP/1.1" 301 5891 "-" "Mozilla/5.0 (X11; Linux aarch64) AppleWebKit/537.36 (KHTML, like Gecko) Chrome/139.0.0.0 Safari/537.36"
34.61.96.6 - - [22/Aug/2026:05:12:30 +0800] "GET /6529/2015/11/13/104%E7%92%B0%E5%A2%83%E6%95%99%E8%82%B2%E6%88%90%E6%9E%9C%E8%87%AA%E8%A9%95%E8%A1%A8%EF%BC%88%E7%A2%BA%E8%AA%8D%E7%89%88%EF%BC%89/ HTTP/1.1" 200 37195 "-" "Mozilla/5.0 (Macintosh; Intel Mac OS X 10_15_7) AppleWebKit/537.36 (KHTML, like Gecko) Chrome/120.0.0.0 Safari/537.36"
::1 - - [22/Aug/2026:05:12:30 +0800] "OPTIONS * HTTP/1.0" 200 110 "-" "Apache/2.4.68 (Ubuntu) OpenSSL/3.0.19 (internal dummy connection)"
98.82.40.168 - - [22/Aug/2026:05:12:31 +0800] "GET /wp-content/uploads/sites/845/3753/previews-med/3753-3942944.jpg HTTP/1.1" 200 94192 "-" "Mozilla/5.0 AppleWebKit/537.36 (KHTML, like Gecko; compatible; Amazonbot/0.1; +https://developer.amazon.com/support/amazonbot) Chrome/119.0.6045.214 Safari/537.36"
::1 - - [22/Aug/2026:05:12:31 +0800] "OPTIONS * HTTP/1.0" 200 110 "-" "Apache/2.4.68 (Ubuntu) OpenSSL/3.0.19 (internal dummy connection)"
17.241.75.114 - - [22/Aug/2026:05:12:31 +0800] "GET /6547/2016/11/14/105%E5%B9%B4%E5%BA%A6%E7%92%B0%E6%95%99%E8%80%83%E8%A9%95-1-1%E7%92%B0%E5%A2%83%E6%95%99%E8%82%B2%E3%80%81%E6%A0%A1%E5%9C%92%E5%81%9A%E7%92%B0%E4%BF%9D%E5%8F%8A%E7%AF%80%E8%83%BD%E6%B8%9B%E7%A2%B3/ HTTP/1.1" 200 15130 "-" "Mozilla/5.0 (Macintosh; Intel Mac OS X 10_15_7) AppleWebKit/605.1.15 (KHTML, like Gecko) Version/17.4 Safari/605.1.15 (Applebot/0.1; +http://www.apple.com/go/applebot)"
66.249.79.163 - - [22/Aug/2026:05:12:31 +0800] "GET /yleerc/wp-content/plugins/elementor/assets/lib/waypoints/waypoints.min.js HTTP/1.1" 200 8652 "https://2blog.ilc.edu.tw/yleerc/2026/08/04/%E3%80%90%E8%BD%89%E7%9F%A5%E3%80%91sdgs-%E9%A3%9B%E8%8B%B1%E4%BB%BB%E5%8B%99%E6%9A%91%E6%9C%9F%E6%B4%BB%E5%8B%95%E3%80%90%E6%89%93%E9%80%A0%E6%B0%B8%E7%BA%8C%E5%9F%8E%E5%B8%82%E8%97%8D%E5%9C%96/" "Mozilla/5.0 (Linux; Android 6.0.1; Nexus 5X Build/MMB29P) AppleWebKit/537.36 (KHTML, like Gecko) Chrome/151.0.7922.137 Mobile Safari/537.36 (compatible; Googlebot/2.1; +http://www.google.com/bot.html)"
::1 - - [22/Aug/2026:05:12:32 +0800] "OPTIONS * HTTP/1.0" 200 110 "-" "Apache/2.4.68 (Ubuntu) OpenSSL/3.0.19 (internal dummy connection)"
