216.73.216.20 - - [22/Aug/2026:05:10:37 +0800] "GET /5882/2013/03/25/101%e5%ad%b8%e5%b9%b4%e5%ba%a6-%e6%a8%99%e6%ba%96%e4%b8%83%e3%80%81%e7%89%b9%e8%89%b2%e8%88%87%e5%85%b6%e4%bb%96/ HTTP/1.1" 200 10011 "https://2blog.ilc.edu.tw/5882/?p=6478" "Mozilla/5.0 AppleWebKit/537.36 (KHTML, like Gecko; compatible; ClaudeBot/1.0; +claudebot@anthropic.com)"
2408:872f:c00:408::16d - - [22/Aug/2026:05:10:37 +0800] "GET /wp-content/themes/oceanwp/assets/js/scroll-top.min.js HTTP/1.1" 200 3202 "https://www.najh.ilc.edu.tw/2019/10/01/159/" "Mozilla/5.0 (Windows NT 10.0; Win64; x64) AppleWebKit/537.36 (KHTML, like Gecko) Chrome/144.0.0.0 Safari/537.36"
216.73.216.20 - - [22/Aug/2026:05:10:37 +0800] "GET /5882/?p=6497 HTTP/1.1" 301 897 "-" "Mozilla/5.0 AppleWebKit/537.36 (KHTML, like Gecko; compatible; ClaudeBot/1.0; +claudebot@anthropic.com)"
2409:8a34:1a0c:14b0:a5b7:dbb:9933:3596 - - [22/Aug/2026:05:10:35 +0800] "GET /2018/09/09/%e6%a0%a1%e5%88%8a%e5%b0%88%e5%8d%80 HTTP/1.1" 301 5809 "-" "Mozilla/5.0 (Windows NT 10.0; Win64; x64) AppleWebKit/537.36 (KHTML, like Gecko) Chrome/144.0.0.0 Safari/537.36"
2408:872f:c00:408::16d - - [22/Aug/2026:05:10:37 +0800] "GET /wp-content/plugins/ocean-extra/includes/widgets/js/flickr.min.js HTTP/1.1" 200 1319 "https://www.najh.ilc.edu.tw/2019/10/01/159/" "Mozilla/5.0 (Windows NT 10.0; Win64; x64) AppleWebKit/537.36 (KHTML, like Gecko) Chrome/144.0.0.0 Safari/537.36"
216.73.216.20 - - [22/Aug/2026:05:10:37 +0800] "GET /5882/2014/03/14/103%e5%ad%b8%e5%b9%b4%e5%ba%a6%e5%ad%b8%e6%a0%a1%e5%bb%81%e6%89%80%e5%8f%8a%e6%b4%97%e6%89%8b%e5%8f%b0%e7%b6%ad%e8%ad%b7%e5%8f%8a%e7%ae%a1%e7%90%86%e8%be%a6%e6%b3%95/ HTTP/1.1" 200 14695 "https://2blog.ilc.edu.tw/5882/?p=6569" "Mozilla/5.0 AppleWebKit/537.36 (KHTML, like Gecko; compatible; ClaudeBot/1.0; +claudebot@anthropic.com)"
216.73.216.20 - - [22/Aug/2026:05:10:37 +0800] "GET /5882/2012/05/09/%e8%a1%a8%e3%80%90%e4%b8%89%e3%80%91-%e3%80%90%e5%ad%b8%e6%a0%a1%e7%a4%be%e6%9c%83%e7%92%b0%e5%a2%83%e3%80%91/ HTTP/1.1" 200 13878 "https://2blog.ilc.edu.tw/5882/?p=6352" "Mozilla/5.0 AppleWebKit/537.36 (KHTML, like Gecko; compatible; ClaudeBot/1.0; +claudebot@anthropic.com)"
216.73.216.20 - - [22/Aug/2026:05:10:37 +0800] "GET /5882/2013/07/25/%e7%8b%82%e7%8a%ac%e7%97%85q-a/ HTTP/1.1" 200 10995 "https://2blog.ilc.edu.tw/5882/?p=6545" "Mozilla/5.0 AppleWebKit/537.36 (KHTML, like Gecko; compatible; ClaudeBot/1.0; +claudebot@anthropic.com)"
216.73.216.20 - - [22/Aug/2026:05:10:37 +0800] "GET /5882/2013/04/22/h7n9%e5%ae%a3%e5%b0%8e%e7%9f%ad%e7%89%87/ HTTP/1.1" 200 13952 "https://2blog.ilc.edu.tw/5882/?p=6504" "Mozilla/5.0 AppleWebKit/537.36 (KHTML, like Gecko; compatible; ClaudeBot/1.0; +claudebot@anthropic.com)"
216.73.216.20 - - [22/Aug/2026:05:10:37 +0800] "GET /5882/2013/06/04/%e8%ae%8a%e7%a8%ae%e8%85%b8%e7%97%85%e6%af%92-%e5%88%ba%e7%a0%b4%e6%b0%b4%e6%b3%a1%e6%9c%83%e5%82%b3%e6%9f%93/ HTTP/1.1" 200 11163 "https://2blog.ilc.edu.tw/5882/?p=6544" "Mozilla/5.0 AppleWebKit/537.36 (KHTML, like Gecko; compatible; ClaudeBot/1.0; +claudebot@anthropic.com)"
216.73.216.20 - - [22/Aug/2026:05:10:37 +0800] "GET /5882/2014/03/19/%e8%ad%b7%e7%90%86%e4%ba%ba%e5%93%a1%e5%b7%ae%e5%81%87%e6%9c%9f%e9%96%93%e8%81%b7%e5%8b%99%e4%bb%a3%e7%90%86%e4%ba%ba%e5%88%b6%e5%ba%a6/ HTTP/1.1" 200 17339 "https://2blog.ilc.edu.tw/5882/?p=6573" "Mozilla/5.0 AppleWebKit/537.36 (KHTML, like Gecko; compatible; ClaudeBot/1.0; +claudebot@anthropic.com)"
216.73.216.20 - - [22/Aug/2026:05:10:37 +0800] "GET /5882/2014/04/18/%e9%95%b7%e8%80%85%e6%84%9b%e5%bf%83%e7%87%9f%e9%a4%8a%e5%8d%88%e9%a4%90-%e5%aa%92%e9%ab%94%e8%a1%8c%e9%8a%b7/ HTTP/1.1" 200 14952 "https://2blog.ilc.edu.tw/5882/?p=6599" "Mozilla/5.0 AppleWebKit/537.36 (KHTML, like Gecko; compatible; ClaudeBot/1.0; +claudebot@anthropic.com)"
2408:872f:c00:408::16d - - [22/Aug/2026:05:10:37 +0800] "GET /wp-includes/js/mediaelement/mediaelement-and-player.min.js HTTP/1.1" 200 39802 "https://www.najh.ilc.edu.tw/2019/10/01/159/" "Mozilla/5.0 (Windows NT 10.0; Win64; x64) AppleWebKit/537.36 (KHTML, like Gecko) Chrome/144.0.0.0 Safari/537.36"
216.73.216.20 - - [22/Aug/2026:05:10:37 +0800] "GET /5882/?p=6572 HTTP/1.1" 301 1191 "-" "Mozilla/5.0 AppleWebKit/537.36 (KHTML, like Gecko; compatible; ClaudeBot/1.0; +claudebot@anthropic.com)"
2408:872f:c00:408::16d - - [22/Aug/2026:05:10:37 +0800] "GET /wp-includes/js/mediaelement/mediaelement-migrate.min.js HTTP/1.1" 200 1419 "https://www.najh.ilc.edu.tw/2019/10/01/159/" "Mozilla/5.0 (Windows NT 10.0; Win64; x64) AppleWebKit/537.36 (KHTML, like Gecko) Chrome/144.0.0.0 Safari/537.36"
216.73.216.20 - - [22/Aug/2026:05:10:37 +0800] "GET /5882/2013/04/17/%e9%a3%b2%e6%b0%b4%e6%a9%9f%e7%ae%a1%e7%90%86%e8%be%a6%e6%b3%95%e5%8f%8a%e7%b6%ad%e8%ad%b7%e9%a3%b2%e7%94%a8%e6%b0%b4%e8%a1%9b%e7%94%9f/ HTTP/1.1" 200 9402 "https://2blog.ilc.edu.tw/5882/?p=6497" "Mozilla/5.0 AppleWebKit/537.36 (KHTML, like Gecko; compatible; ClaudeBot/1.0; +claudebot@anthropic.com)"
2408:872f:c00:408::16d - - [22/Aug/2026:05:10:37 +0800] "GET /wp-includes/js/mediaelement/wp-mediaelement.min.js HTTP/1.1" 200 1417 "https://www.najh.ilc.edu.tw/2019/10/01/159/" "Mozilla/5.0 (Windows NT 10.0; Win64; x64) AppleWebKit/537.36 (KHTML, like Gecko) Chrome/144.0.0.0 Safari/537.36"
2408:872f:c00:408::16d - - [22/Aug/2026:05:10:37 +0800] "GET /wp-includes/js/mediaelement/renderers/vimeo.min.js HTTP/1.1" 200 3164 "https://www.najh.ilc.edu.tw/2019/10/01/159/" "Mozilla/5.0 (Windows NT 10.0; Win64; x64) AppleWebKit/537.36 (KHTML, like Gecko) Chrome/144.0.0.0 Safari/537.36"
216.73.216.20 - - [22/Aug/2026:05:10:37 +0800] "GET /5882/?p=6344 HTTP/1.1" 301 874 "-" "Mozilla/5.0 AppleWebKit/537.36 (KHTML, like Gecko; compatible; ClaudeBot/1.0; +claudebot@anthropic.com)"
2409:8a34:1a0c:14b0:a5b7:dbb:9933:3596 - - [22/Aug/2026:05:10:37 +0800] "GET /2018/09/09/%e6%a0%a1%e5%88%8a%e5%b0%88%e5%8d%80/ HTTP/1.1" 200 19924 "-" "Mozilla/5.0 (Windows NT 10.0; Win64; x64) AppleWebKit/537.36 (KHTML, like Gecko) Chrome/144.0.0.0 Safari/537.36"
216.73.216.20 - - [22/Aug/2026:05:10:37 +0800] "GET /5882/?p=6594 HTTP/1.1" 301 943 "-" "Mozilla/5.0 AppleWebKit/537.36 (KHTML, like Gecko; compatible; ClaudeBot/1.0; +claudebot@anthropic.com)"
34.56.53.225 - - [22/Aug/2026:05:10:37 +0800] "GET /25770/wp-json/oembed/1.0/embed?url=https://2blog.ilc.edu.tw/25770/2018/05/02/%25e5%25ae%25a2%25e8%25aa%259e%25e4%25b8%258a%25e8%25aa%25b22017-04/ HTTP/1.1" 200 8270 "-" "Mozilla/5.0 (Macintosh; Intel Mac OS X 10_15_7) AppleWebKit/537.36 (KHTML, like Gecko) Chrome/120.0.0.0 Safari/537.36"
216.73.216.20 - - [22/Aug/2026:05:10:37 +0800] "GET /5882/2014/03/19/%e5%81%a5%e5%ba%b7%e6%95%99%e8%82%b2%e8%80%81%e5%b8%ab%e7%a0%94%e7%bf%92%e6%99%82%e6%95%b8/ HTTP/1.1" 200 9785 "https://2blog.ilc.edu.tw/5882/?p=6572" "Mozilla/5.0 AppleWebKit/537.36 (KHTML, like Gecko; compatible; ClaudeBot/1.0; +claudebot@anthropic.com)"
216.73.216.20 - - [22/Aug/2026:05:10:37 +0800] "GET /5882/?p=6579 HTTP/1.1" 301 816 "-" "Mozilla/5.0 AppleWebKit/537.36 (KHTML, like Gecko; compatible; ClaudeBot/1.0; +claudebot@anthropic.com)"
34.56.53.225 - - [22/Aug/2026:05:10:37 +0800] "GET /index.php?rest_route=/wp/v2/posts/87 HTTP/1.1" 200 18175 "-" "Mozilla/5.0 (Macintosh; Intel Mac OS X 10_15_7) AppleWebKit/537.36 (KHTML, like Gecko) Chrome/120.0.0.0 Safari/537.36"
216.73.216.20 - - [22/Aug/2026:05:10:37 +0800] "GET /5882/2012/05/09/100%e5%ad%b8%e5%b9%b4%e5%ba%a6-%e6%a8%99%e6%ba%96%e4%b8%83%e3%80%81%e7%89%b9%e8%89%b2%e8%88%87%e5%85%b6%e4%bb%96/ HTTP/1.1" 200 9982 "https://2blog.ilc.edu.tw/5882/?p=6344" "Mozilla/5.0 AppleWebKit/537.36 (KHTML, like Gecko; compatible; ClaudeBot/1.0; +claudebot@anthropic.com)"
216.73.216.20 - - [22/Aug/2026:05:10:37 +0800] "GET /5882/?p=6345 HTTP/1.1" 301 883 "-" "Mozilla/5.0 AppleWebKit/537.36 (KHTML, like Gecko; compatible; ClaudeBot/1.0; +claudebot@anthropic.com)"
216.73.216.20 - - [22/Aug/2026:05:10:37 +0800] "GET /5882/2014/04/15/%e4%ba%94%e3%80%81%e5%85%ad%e5%b9%b4%e7%b4%9a-%e5%81%a5%e5%ba%b7%e6%95%99%e8%82%b2%e6%8e%88%e8%aa%b2%e6%95%99%e5%ad%b8%e6%aa%94%e6%a1%88%e7%9b%a7%e5%a6%82%e6%83%a0%e8%80%81%e5%b8%ab/ HTTP/1.1" 200 9194 "https://2blog.ilc.edu.tw/5882/?p=6594" "Mozilla/5.0 AppleWebKit/537.36 (KHTML, like Gecko; compatible; ClaudeBot/1.0; +claudebot@anthropic.com)"
216.73.216.20 - - [22/Aug/2026:05:10:37 +0800] "GET /5882/2014/04/01/%e5%87%b1%e6%97%8b%e5%bf%97%e5%b7%a5%e8%a8%93%e7%b7%b4/ HTTP/1.1" 200 10589 "https://2blog.ilc.edu.tw/5882/?p=6579" "Mozilla/5.0 AppleWebKit/537.36 (KHTML, like Gecko; compatible; ClaudeBot/1.0; +claudebot@anthropic.com)"
216.73.216.20 - - [22/Aug/2026:05:10:37 +0800] "GET /6439/category/c-21518/page/4/ HTTP/1.1" 200 26801 "-" "Mozilla/5.0 AppleWebKit/537.36 (KHTML, like Gecko; compatible; ClaudeBot/1.0; +claudebot@anthropic.com)"
216.73.216.20 - - [22/Aug/2026:05:10:37 +0800] "GET /5882/?p=6591 HTTP/1.1" 301 888 "-" "Mozilla/5.0 AppleWebKit/537.36 (KHTML, like Gecko; compatible; ClaudeBot/1.0; +claudebot@anthropic.com)"
216.73.216.20 - - [22/Aug/2026:05:10:37 +0800] "GET /5882/2012/05/09/100%e5%ad%b8%e5%b9%b4%e5%ba%a6-%e6%a8%99%e6%ba%96%e3%84%a7%e3%80%81%e5%ad%b8%e6%a0%a1%e8%a1%9b%e7%94%9f%e6%94%bf%e7%ad%96/ HTTP/1.1" 200 10915 "https://2blog.ilc.edu.tw/5882/?p=6345" "Mozilla/5.0 AppleWebKit/537.36 (KHTML, like Gecko; compatible; ClaudeBot/1.0; +claudebot@anthropic.com)"
2408:8722:1040:80::64 - - [22/Aug/2026:05:10:37 +0800] "GET /favicon.ico HTTP/1.1" 302 1054 "https://ilta.ilc.edu.tw/2015/03/page/2/" "Mozilla/5.0 (Windows NT 10.0; Win64; x64) AppleWebKit/537.36 (KHTML, like Gecko) Chrome/144.0.0.0 Safari/537.36"
216.73.216.20 - - [22/Aug/2026:05:10:37 +0800] "GET /5882/?p=6589 HTTP/1.1" 301 1173 "-" "Mozilla/5.0 AppleWebKit/537.36 (KHTML, like Gecko; compatible; ClaudeBot/1.0; +claudebot@anthropic.com)"
2001:288:a201::66:125 - - [22/Aug/2026:05:10:38 +0800] "GET /blog/active.php HTTP/1.1" 301 1026 "-" "-"
2001:288:a201::66:125 - - [22/Aug/2026:05:10:38 +0800] "GET /blog/active.php HTTP/1.1" 404 1084 "-" "-"
2409:8a34:1a0c:14b0:a5b7:dbb:9933:3596 - - [22/Aug/2026:05:10:38 +0800] "GET /wp-content/cache/www.ssjh.ilc.edu.tw/wpfc-minified/7m4b5ed4/6xsa.css HTTP/1.1" 200 40884 "https://www.ssjh.ilc.edu.tw/2018/09/09/%e6%a0%a1%e5%88%8a%e5%b0%88%e5%8d%80/" "Mozilla/5.0 (Windows NT 10.0; Win64; x64) AppleWebKit/537.36 (KHTML, like Gecko) Chrome/144.0.0.0 Safari/537.36"
216.73.216.20 - - [22/Aug/2026:05:10:38 +0800] "GET /5882/?p=6576 HTTP/1.1" 301 828 "-" "Mozilla/5.0 AppleWebKit/537.36 (KHTML, like Gecko; compatible; ClaudeBot/1.0; +claudebot@anthropic.com)"
216.73.216.20 - - [22/Aug/2026:05:10:38 +0800] "GET /5882/2014/04/14/%e5%81%a5%e5%ba%b7%e6%aa%a2%e6%9f%a5%e8%b3%87%e6%96%99%e6%96%bc%e8%a6%8f%e5%ae%9a%e5%85%a7%e5%ae%8c%e6%88%90%e4%b8%8a%e5%82%b3/ HTTP/1.1" 200 9634 "https://2blog.ilc.edu.tw/5882/?p=6591" "Mozilla/5.0 AppleWebKit/537.36 (KHTML, like Gecko; compatible; ClaudeBot/1.0; +claudebot@anthropic.com)"
216.73.216.20 - - [22/Aug/2026:05:10:38 +0800] "GET /5882/2014/04/09/%e5%81%a5%e5%ba%b7%e4%b8%ad%e5%bf%83%e8%a8%ad%e5%82%99%e5%9f%ba%e6%ba%96/ HTTP/1.1" 200 10733 "https://2blog.ilc.edu.tw/5882/?p=6589" "Mozilla/5.0 AppleWebKit/537.36 (KHTML, like Gecko; compatible; ClaudeBot/1.0; +claudebot@anthropic.com)"
140.111.67.10 - - [22/Aug/2026:05:10:38 +0800] "GET /" 301 273 "-" "-"
216.73.216.20 - - [22/Aug/2026:05:10:38 +0800] "GET /tcesinfo/2019/01/30/hello-world/ HTTP/1.1" 200 10039 "-" "Mozilla/5.0 AppleWebKit/537.36 (KHTML, like Gecko; compatible; ClaudeBot/1.0; +claudebot@anthropic.com)"
216.73.216.20 - - [22/Aug/2026:05:10:38 +0800] "GET /5882/author/sherry123/feed/ HTTP/1.1" 200 2253 "-" "Mozilla/5.0 AppleWebKit/537.36 (KHTML, like Gecko; compatible; ClaudeBot/1.0; +claudebot@anthropic.com)"
216.73.216.20 - - [22/Aug/2026:05:10:38 +0800] "GET /5882/2014/03/24/%e6%96%b0%e7%94%9f%e9%a0%90%e9%98%b2%e6%8e%a5%e7%a8%ae%e7%8e%87100/ HTTP/1.1" 200 9384 "https://2blog.ilc.edu.tw/5882/?p=6576" "Mozilla/5.0 AppleWebKit/537.36 (KHTML, like Gecko; compatible; ClaudeBot/1.0; +claudebot@anthropic.com)"
216.73.216.20 - - [22/Aug/2026:05:10:38 +0800] "GET /5882/?p=6743 HTTP/1.1" 301 1239 "-" "Mozilla/5.0 AppleWebKit/537.36 (KHTML, like Gecko; compatible; ClaudeBot/1.0; +claudebot@anthropic.com)"
216.73.216.20 - - [22/Aug/2026:05:10:38 +0800] "GET /24659/author/ckoo/page/27/ HTTP/1.1" 200 19709 "-" "Mozilla/5.0 AppleWebKit/537.36 (KHTML, like Gecko; compatible; ClaudeBot/1.0; +claudebot@anthropic.com)"
216.73.216.20 - - [22/Aug/2026:05:10:38 +0800] "GET /5882/?p=6597 HTTP/1.1" 301 879 "-" "Mozilla/5.0 AppleWebKit/537.36 (KHTML, like Gecko; compatible; ClaudeBot/1.0; +claudebot@anthropic.com)"
2408:8722:1040:80::64 - - [22/Aug/2026:05:10:38 +0800] "GET /wp-includes/images/w-logo-blue-white-bg.png HTTP/1.1" 200 4946 "https://ilta.ilc.edu.tw/2015/03/page/2/" "Mozilla/5.0 (Windows NT 10.0; Win64; x64) AppleWebKit/537.36 (KHTML, like Gecko) Chrome/144.0.0.0 Safari/537.36"
216.73.216.20 - - [22/Aug/2026:05:10:38 +0800] "GET /5882/2018/06/15/19-%e6%9c%9f%e6%9c%ab%e5%81%a5%e5%ba%b7%e4%bf%83%e9%80%b2%e5%a4%a7%e8%ba%8d%e9%80%b2%e9%97%96%e9%97%9c%e8%a9%95%e9%87%8f%e6%b4%bb%e5%8b%95/ HTTP/1.1" 200 9183 "https://2blog.ilc.edu.tw/5882/?p=6743" "Mozilla/5.0 AppleWebKit/537.36 (KHTML, like Gecko; compatible; ClaudeBot/1.0; +claudebot@anthropic.com)"
2409:8a34:1a0c:14b0:a5b7:dbb:9933:3596 - - [22/Aug/2026:05:10:38 +0800] "GET /wp-content/cache/www.ssjh.ilc.edu.tw/wpfc-minified/7io1ij5w/lih4.css HTTP/1.1" 200 15782 "https://www.ssjh.ilc.edu.tw/2018/09/09/%e6%a0%a1%e5%88%8a%e5%b0%88%e5%8d%80/" "Mozilla/5.0 (Windows NT 10.0; Win64; x64) AppleWebKit/537.36 (KHTML, like Gecko) Chrome/144.0.0.0 Safari/537.36"
216.73.216.20 - - [22/Aug/2026:05:10:38 +0800] "GET /4925/2015/04/page/2/ HTTP/1.1" 200 10672 "-" "Mozilla/5.0 AppleWebKit/537.36 (KHTML, like Gecko; compatible; ClaudeBot/1.0; +claudebot@anthropic.com)"
216.73.216.20 - - [22/Aug/2026:05:10:38 +0800] "GET /5882/?p=6509 HTTP/1.1" 301 843 "-" "Mozilla/5.0 AppleWebKit/537.36 (KHTML, like Gecko; compatible; ClaudeBot/1.0; +claudebot@anthropic.com)"
216.73.216.20 - - [22/Aug/2026:05:10:38 +0800] "GET /5882/2014/04/17/%e4%b8%89%e5%ad%9d%e5%81%a5%e5%ba%b7%e4%bf%83%e9%80%b2%e6%95%99%e6%a1%88%e8%88%87%e6%88%90%e6%9e%9c%e7%85%a7%e7%89%87/ HTTP/1.1" 200 9094 "https://2blog.ilc.edu.tw/5882/?p=6597" "Mozilla/5.0 AppleWebKit/537.36 (KHTML, like Gecko; compatible; ClaudeBot/1.0; +claudebot@anthropic.com)"
216.73.216.20 - - [22/Aug/2026:05:10:38 +0800] "GET /5882/?p=6571 HTTP/1.1" 301 835 "-" "Mozilla/5.0 AppleWebKit/537.36 (KHTML, like Gecko; compatible; ClaudeBot/1.0; +claudebot@anthropic.com)"
34.10.180.98 - - [22/Aug/2026:05:10:38 +0800] "GET /5765/2024/03/27/20240327%E5%96%AE%E9%80%B1%E6%AF%8D%E8%AA%9E%E6%97%A5%E9%96%A9%E5%8D%97%E8%AA%9E%E8%AB%BA%E8%AA%9E-%E6%96%B0%E5%A8%98%E8%BD%8E%E6%89%9B%E5%88%B0%EF%BC%8C%E6%89%8D%E6%83%B3%E6%AC%B2%E7%B8%9B%E8%85%B3/ HTTP/1.1" 200 15039 "-" "Mozilla/5.0 (Macintosh; Intel Mac OS X 10_15_7) AppleWebKit/537.36 (KHTML, like Gecko) Chrome/120.0.0.0 Safari/537.36"
216.73.216.20 - - [22/Aug/2026:05:10:39 +0800] "GET /tcesinfo/2020/11/page/3/ HTTP/1.1" 200 9950 "-" "Mozilla/5.0 AppleWebKit/537.36 (KHTML, like Gecko; compatible; ClaudeBot/1.0; +claudebot@anthropic.com)"
216.73.216.20 - - [22/Aug/2026:05:10:39 +0800] "GET /5882/2013/04/25/%e7%89%b9%e6%ae%8a%e9%9c%80%e8%a6%81%e4%b9%8b%e8%a8%ad%e7%bd%ae%e6%a9%9f%e5%88%b6/ HTTP/1.1" 200 9468 "https://2blog.ilc.edu.tw/5882/?p=6509" "Mozilla/5.0 AppleWebKit/537.36 (KHTML, like Gecko; compatible; ClaudeBot/1.0; +claudebot@anthropic.com)"
216.73.216.20 - - [22/Aug/2026:05:10:38 +0800] "GET /6439/category/c-21183/page/18/ HTTP/1.1" 200 28589 "-" "Mozilla/5.0 AppleWebKit/537.36 (KHTML, like Gecko; compatible; ClaudeBot/1.0; +claudebot@anthropic.com)"
2409:8a34:1a0c:14b0:a5b7:dbb:9933:3596 - - [22/Aug/2026:05:10:39 +0800] "GET /wp-content/cache/www.ssjh.ilc.edu.tw/wpfc-minified/dsjd4rl6/6xsa.css HTTP/1.1" 200 1157 "https://www.ssjh.ilc.edu.tw/2018/09/09/%e6%a0%a1%e5%88%8a%e5%b0%88%e5%8d%80/" "Mozilla/5.0 (Windows NT 10.0; Win64; x64) AppleWebKit/537.36 (KHTML, like Gecko) Chrome/144.0.0.0 Safari/537.36"
216.73.216.20 - - [22/Aug/2026:05:10:39 +0800] "GET /5882/2014/03/19/%e5%87%b1%e6%97%8b%e5%9c%8b%e5%b0%8f-%e6%a6%ae%e8%ad%bd%e8%ad%b7%e7%85%a7/ HTTP/1.1" 200 9614 "https://2blog.ilc.edu.tw/5882/?p=6571" "Mozilla/5.0 AppleWebKit/537.36 (KHTML, like Gecko; compatible; ClaudeBot/1.0; +claudebot@anthropic.com)"
216.73.216.20 - - [22/Aug/2026:05:10:39 +0800] "GET /tcesinfo/?p=1066 HTTP/1.1" 301 817 "-" "Mozilla/5.0 AppleWebKit/537.36 (KHTML, like Gecko; compatible; ClaudeBot/1.0; +claudebot@anthropic.com)"
::1 - - [22/Aug/2026:05:10:39 +0800] "OPTIONS * HTTP/1.0" 200 110 "-" "Apache/2.4.68 (Ubuntu) OpenSSL/3.0.19 (internal dummy connection)"
216.73.216.20 - - [22/Aug/2026:05:10:39 +0800] "GET /6569/2013/11/29/page/2/ HTTP/1.1" 200 9718 "-" "Mozilla/5.0 AppleWebKit/537.36 (KHTML, like Gecko; compatible; ClaudeBot/1.0; +claudebot@anthropic.com)"
216.73.216.20 - - [22/Aug/2026:05:10:39 +0800] "GET /5882/?p=6367 HTTP/1.1" 301 875 "-" "Mozilla/5.0 AppleWebKit/537.36 (KHTML, like Gecko; compatible; ClaudeBot/1.0; +claudebot@anthropic.com)"
216.73.216.20 - - [22/Aug/2026:05:10:39 +0800] "GET /tcesinfo/2021/06/20/windows-10-dev-21390-2025/ HTTP/1.1" 200 10604 "https://2blog.ilc.edu.tw/tcesinfo/?p=1066" "Mozilla/5.0 AppleWebKit/537.36 (KHTML, like Gecko; compatible; ClaudeBot/1.0; +claudebot@anthropic.com)"
2409:8a34:1a0c:14b0:a5b7:dbb:9933:3596 - - [22/Aug/2026:05:10:39 +0800] "GET /wp-content/cache/www.ssjh.ilc.edu.tw/wpfc-minified/d4b76a5b/6xsa.css HTTP/1.1" 200 54756 "https://www.ssjh.ilc.edu.tw/2018/09/09/%e6%a0%a1%e5%88%8a%e5%b0%88%e5%8d%80/" "Mozilla/5.0 (Windows NT 10.0; Win64; x64) AppleWebKit/537.36 (KHTML, like Gecko) Chrome/144.0.0.0 Safari/537.36"
216.73.216.20 - - [22/Aug/2026:05:10:39 +0800] "GET /tcesinfo/2020/12/page/3/ HTTP/1.1" 200 10096 "-" "Mozilla/5.0 AppleWebKit/537.36 (KHTML, like Gecko; compatible; ClaudeBot/1.0; +claudebot@anthropic.com)"
216.73.216.20 - - [22/Aug/2026:05:10:39 +0800] "GET /tcesinfo/?p=1060 HTTP/1.1" 301 845 "-" "Mozilla/5.0 AppleWebKit/537.36 (KHTML, like Gecko; compatible; ClaudeBot/1.0; +claudebot@anthropic.com)"
216.73.216.20 - - [22/Aug/2026:05:10:39 +0800] "GET /5882/2012/05/16/1-2-1%e6%a0%a1%e5%9c%92%e7%9a%84%e5%ae%89%e5%85%a8%e6%aa%a2%e6%a0%b8%e8%a1%a8%e5%8f%8a%e7%b4%80%e9%8c%84%e3%80%82/ HTTP/1.1" 200 9158 "https://2blog.ilc.edu.tw/5882/?p=6367" "Mozilla/5.0 AppleWebKit/537.36 (KHTML, like Gecko; compatible; ClaudeBot/1.0; +claudebot@anthropic.com)"
2409:8a3c:56f1:7190:981a:83e8:10a7:1a5a - - [22/Aug/2026:05:10:39 +0800] "GET /wp-content/cache/www.najh.ilc.edu.tw/wpfc-minified/kz7ju7r3/6wh9.css HTTP/1.1" 200 5959 "https://www.najh.ilc.edu.tw/author/jchch/page/3/" "Mozilla/5.0 (Windows NT 10.0; Win64; x64) AppleWebKit/537.36 (KHTML, like Gecko) Chrome/144.0.0.0 Safari/537.36"
2409:8a3c:56f1:7190:981a:83e8:10a7:1a5a - - [22/Aug/2026:05:10:39 +0800] "GET /wp-content/cache/www.najh.ilc.edu.tw/wpfc-minified/4ybahoo/6wh9.css HTTP/1.1" 200 20584 "https://www.najh.ilc.edu.tw/author/jchch/page/3/" "Mozilla/5.0 (Windows NT 10.0; Win64; x64) AppleWebKit/537.36 (KHTML, like Gecko) Chrome/144.0.0.0 Safari/537.36"
216.73.216.20 - - [22/Aug/2026:05:10:39 +0800] "GET /4925/author/jkluio/page/3/ HTTP/1.1" 200 9874 "-" "Mozilla/5.0 AppleWebKit/537.36 (KHTML, like Gecko; compatible; ClaudeBot/1.0; +claudebot@anthropic.com)"
2409:8a3c:56f1:7190:981a:83e8:10a7:1a5a - - [22/Aug/2026:05:10:39 +0800] "GET /wp-content/cache/www.najh.ilc.edu.tw/wpfc-minified/kcxb236g/6wh9.css HTTP/1.1" 200 66147 "https://www.najh.ilc.edu.tw/author/jchch/page/3/" "Mozilla/5.0 (Windows NT 10.0; Win64; x64) AppleWebKit/537.36 (KHTML, like Gecko) Chrome/144.0.0.0 Safari/537.36"
2409:8a3c:56f1:7190:981a:83e8:10a7:1a5a - - [22/Aug/2026:05:10:39 +0800] "GET /wp-content/cache/www.najh.ilc.edu.tw/wpfc-minified/k0kc5650/6wh9.js HTTP/1.1" 200 40360 "https://www.najh.ilc.edu.tw/author/jchch/page/3/" "Mozilla/5.0 (Windows NT 10.0; Win64; x64) AppleWebKit/537.36 (KHTML, like Gecko) Chrome/144.0.0.0 Safari/537.36"
2409:8a3c:56f1:7190:981a:83e8:10a7:1a5a - - [22/Aug/2026:05:10:39 +0800] "GET /wp-content/cache/www.najh.ilc.edu.tw/wpfc-minified/87xhsi2d/6wh9.css HTTP/1.1" 200 9124 "https://www.najh.ilc.edu.tw/author/jchch/page/3/" "Mozilla/5.0 (Windows NT 10.0; Win64; x64) AppleWebKit/537.36 (KHTML, like Gecko) Chrome/144.0.0.0 Safari/537.36"
216.73.216.20 - - [22/Aug/2026:05:10:39 +0800] "GET /tcesinfo/2021/06/17/fireofx-%e8%a1%8d%e7%94%9f%e7%80%8f%e8%a6%bd%e5%99%a8/ HTTP/1.1" 200 11113 "https://2blog.ilc.edu.tw/tcesinfo/?p=1060" "Mozilla/5.0 AppleWebKit/537.36 (KHTML, like Gecko; compatible; ClaudeBot/1.0; +claudebot@anthropic.com)"
216.73.216.20 - - [22/Aug/2026:05:10:39 +0800] "GET /tcesinfo/?p=1000 HTTP/1.1" 301 866 "-" "Mozilla/5.0 AppleWebKit/537.36 (KHTML, like Gecko; compatible; ClaudeBot/1.0; +claudebot@anthropic.com)"
2409:8a3c:56f1:7190:981a:83e8:10a7:1a5a - - [22/Aug/2026:05:10:40 +0800] "GET /wp-includes/js/admin-bar.min.js HTTP/1.1" 200 2237 "https://www.najh.ilc.edu.tw/author/jchch/page/3/" "Mozilla/5.0 (Windows NT 10.0; Win64; x64) AppleWebKit/537.36 (KHTML, like Gecko) Chrome/144.0.0.0 Safari/537.36"
216.73.216.20 - - [22/Aug/2026:05:10:39 +0800] "GET /6439/category/c-21183/page/5/ HTTP/1.1" 200 28618 "-" "Mozilla/5.0 AppleWebKit/537.36 (KHTML, like Gecko; compatible; ClaudeBot/1.0; +claudebot@anthropic.com)"
216.73.216.20 - - [22/Aug/2026:05:10:39 +0800] "GET /6030/2013/05/page/20/ HTTP/1.1" 200 9794 "-" "Mozilla/5.0 AppleWebKit/537.36 (KHTML, like Gecko; compatible; ClaudeBot/1.0; +claudebot@anthropic.com)"
216.73.216.20 - - [22/Aug/2026:05:10:40 +0800] "GET /tcesinfo/2021/05/19/chromebook-%e8%a8%ad%e5%ae%9a%e4%bd%bf%e7%94%a8%e8%80%85%e5%b8%b3%e8%99%9f/ HTTP/1.1" 200 11388 "https://2blog.ilc.edu.tw/tcesinfo/?p=1000" "Mozilla/5.0 AppleWebKit/537.36 (KHTML, like Gecko; compatible; ClaudeBot/1.0; +claudebot@anthropic.com)"
216.73.216.20 - - [22/Aug/2026:05:10:39 +0800] "GET /amy6998/category/uncategorized/page/23/ HTTP/1.1" 200 16059 "-" "Mozilla/5.0 AppleWebKit/537.36 (KHTML, like Gecko; compatible; ClaudeBot/1.0; +claudebot@anthropic.com)"
216.73.216.20 - - [22/Aug/2026:05:10:40 +0800] "GET /6439/author/weichi1210/page/5/ HTTP/1.1" 200 28630 "-" "Mozilla/5.0 AppleWebKit/537.36 (KHTML, like Gecko; compatible; ClaudeBot/1.0; +claudebot@anthropic.com)"
216.73.216.20 - - [22/Aug/2026:05:10:40 +0800] "GET /tcesinfo/?p=1074 HTTP/1.1" 301 816 "-" "Mozilla/5.0 AppleWebKit/537.36 (KHTML, like Gecko; compatible; ClaudeBot/1.0; +claudebot@anthropic.com)"
2409:8a3c:56f1:7190:981a:83e8:10a7:1a5a - - [22/Aug/2026:05:10:40 +0800] "GET /wp-includes/js/imagesloaded.min.js HTTP/1.1" 200 2683 "https://www.najh.ilc.edu.tw/author/jchch/page/3/" "Mozilla/5.0 (Windows NT 10.0; Win64; x64) AppleWebKit/537.36 (KHTML, like Gecko) Chrome/144.0.0.0 Safari/537.36"
216.73.216.20 - - [22/Aug/2026:05:10:40 +0800] "GET /tcesinfo/?p=1083 HTTP/1.1" 301 822 "-" "Mozilla/5.0 AppleWebKit/537.36 (KHTML, like Gecko; compatible; ClaudeBot/1.0; +claudebot@anthropic.com)"
2409:8a34:1a0c:14b0:a5b7:dbb:9933:3596 - - [22/Aug/2026:05:10:40 +0800] "GET /wp-content/themes/oceanwp/assets/js/drop-down-mobile-menu.min.js HTTP/1.1" 200 4663 "https://www.ssjh.ilc.edu.tw/2018/09/09/%e6%a0%a1%e5%88%8a%e5%b0%88%e5%8d%80/" "Mozilla/5.0 (Windows NT 10.0; Win64; x64) AppleWebKit/537.36 (KHTML, like Gecko) Chrome/144.0.0.0 Safari/537.36"
216.73.216.20 - - [22/Aug/2026:05:10:40 +0800] "GET /tcesinfo/2021/06/21/windows-11-cloud-edition/ HTTP/1.1" 200 10895 "https://2blog.ilc.edu.tw/tcesinfo/?p=1074" "Mozilla/5.0 AppleWebKit/537.36 (KHTML, like Gecko; compatible; ClaudeBot/1.0; +claudebot@anthropic.com)"
2409:8a3c:56f1:7190:981a:83e8:10a7:1a5a - - [22/Aug/2026:05:10:40 +0800] "GET /wp-content/themes/oceanwp/assets/js/theme.min.js HTTP/1.1" 200 5130 "https://www.najh.ilc.edu.tw/author/jchch/page/3/" "Mozilla/5.0 (Windows NT 10.0; Win64; x64) AppleWebKit/537.36 (KHTML, like Gecko) Chrome/144.0.0.0 Safari/537.36"
216.73.216.20 - - [22/Aug/2026:05:10:40 +0800] "GET /6526/2013/11/page/8/ HTTP/1.1" 200 31313 "-" "Mozilla/5.0 AppleWebKit/537.36 (KHTML, like Gecko; compatible; ClaudeBot/1.0; +claudebot@anthropic.com)"
216.73.216.20 - - [22/Aug/2026:05:10:40 +0800] "GET /tcesinfo/2020/11/page/2/ HTTP/1.1" 200 11670 "-" "Mozilla/5.0 AppleWebKit/537.36 (KHTML, like Gecko; compatible; ClaudeBot/1.0; +claudebot@anthropic.com)"
216.73.216.20 - - [22/Aug/2026:05:10:40 +0800] "GET /5882/?p=6366 HTTP/1.1" 301 839 "-" "Mozilla/5.0 AppleWebKit/537.36 (KHTML, like Gecko; compatible; ClaudeBot/1.0; +claudebot@anthropic.com)"
216.73.216.20 - - [22/Aug/2026:05:10:40 +0800] "GET /tcesinfo/2021/08/21/windows-11-windows-7-%e5%8c%96/ HTTP/1.1" 200 11066 "https://2blog.ilc.edu.tw/tcesinfo/?p=1083" "Mozilla/5.0 AppleWebKit/537.36 (KHTML, like Gecko; compatible; ClaudeBot/1.0; +claudebot@anthropic.com)"
216.73.216.20 - - [22/Aug/2026:05:10:40 +0800] "GET /4925/2020/04/24/ HTTP/1.1" 200 9927 "-" "Mozilla/5.0 AppleWebKit/537.36 (KHTML, like Gecko; compatible; ClaudeBot/1.0; +claudebot@anthropic.com)"
2a03:2880:f802:2e:: - - [22/Aug/2026:05:10:40 +0800] "GET /32745/2021/01/12/%e8%8a%b3%e9%9b%aa%e6%96%87/ HTTP/1.1" 200 91989 "-" "Mozilla/5.0 (Windows NT 10.0; Win64; x64) AppleWebKit/537.36 (KHTML, like Gecko) Chrome/145.0.0.0 Safari/537.36 (compatible; meta-externalagent/1.1 (+https://developers.facebook.com/docs/sharing/webmasters/crawler))"
2409:8a3c:56f1:7190:981a:83e8:10a7:1a5a - - [22/Aug/2026:05:10:40 +0800] "GET /wp-content/themes/oceanwp/assets/js/drop-down-mobile-menu.min.js HTTP/1.1" 200 4663 "https://www.najh.ilc.edu.tw/author/jchch/page/3/" "Mozilla/5.0 (Windows NT 10.0; Win64; x64) AppleWebKit/537.36 (KHTML, like Gecko) Chrome/144.0.0.0 Safari/537.36"
2409:8a34:1a0c:14b0:a5b7:dbb:9933:3596 - - [22/Aug/2026:05:10:40 +0800] "GET /wp-content/themes/oceanwp/assets/fonts/fontawesome/webfonts/fa-solid-900.woff2 HTTP/1.1" 200 151246 "https://www.ssjh.ilc.edu.tw/wp-content/cache/www.ssjh.ilc.edu.tw/wpfc-minified/d4b76a5b/6xsa.css" "Mozilla/5.0 (Windows NT 10.0; Win64; x64) AppleWebKit/537.36 (KHTML, like Gecko) Chrome/144.0.0.0 Safari/537.36"
216.73.216.20 - - [22/Aug/2026:05:10:40 +0800] "GET /5882/2012/05/16/1-1-2%e4%ba%ba%e5%93%a1%e4%bd%bf%e7%94%a8%e8%aa%aa%e6%98%8e%e7%b4%80%e9%8c%84/ HTTP/1.1" 200 9165 "https://2blog.ilc.edu.tw/5882/?p=6366" "Mozilla/5.0 AppleWebKit/537.36 (KHTML, like Gecko; compatible; ClaudeBot/1.0; +claudebot@anthropic.com)"
2409:8a3c:56f1:7190:981a:83e8:10a7:1a5a - - [22/Aug/2026:05:10:40 +0800] "GET /wp-content/themes/oceanwp/assets/js/drop-down-search.min.js HTTP/1.1" 200 2968 "https://www.najh.ilc.edu.tw/author/jchch/page/3/" "Mozilla/5.0 (Windows NT 10.0; Win64; x64) AppleWebKit/537.36 (KHTML, like Gecko) Chrome/144.0.0.0 Safari/537.36"
216.73.216.20 - - [22/Aug/2026:05:10:40 +0800] "GET /tcesinfo/2020/12/page/2/ HTTP/1.1" 200 11726 "-" "Mozilla/5.0 AppleWebKit/537.36 (KHTML, like Gecko; compatible; ClaudeBot/1.0; +claudebot@anthropic.com)"
216.73.216.20 - - [22/Aug/2026:05:10:40 +0800] "GET /tcesinfo/author/t850008/feed/ HTTP/1.1" 200 11509 "-" "Mozilla/5.0 AppleWebKit/537.36 (KHTML, like Gecko; compatible; ClaudeBot/1.0; +claudebot@anthropic.com)"
2409:8a3c:56f1:7190:981a:83e8:10a7:1a5a - - [22/Aug/2026:05:10:41 +0800] "GET /wp-content/themes/oceanwp/assets/js/vendors/magnific-popup.min.js HTTP/1.1" 200 8270 "https://www.najh.ilc.edu.tw/author/jchch/page/3/" "Mozilla/5.0 (Windows NT 10.0; Win64; x64) AppleWebKit/537.36 (KHTML, like Gecko) Chrome/144.0.0.0 Safari/537.36"
216.73.216.20 - - [22/Aug/2026:05:10:40 +0800] "GET /4925/author/jkluio/page/2/ HTTP/1.1" 200 10810 "-" "Mozilla/5.0 AppleWebKit/537.36 (KHTML, like Gecko; compatible; ClaudeBot/1.0; +claudebot@anthropic.com)"
216.73.216.20 - - [22/Aug/2026:05:10:40 +0800] "GET /6526/?p=18811 HTTP/1.1" 301 892 "-" "Mozilla/5.0 AppleWebKit/537.36 (KHTML, like Gecko; compatible; ClaudeBot/1.0; +claudebot@anthropic.com)"
2409:8a3c:56f1:7190:981a:83e8:10a7:1a5a - - [22/Aug/2026:05:10:41 +0800] "GET /wp-content/themes/oceanwp/assets/js/ow-lightbox.min.js HTTP/1.1" 200 2321 "https://www.najh.ilc.edu.tw/author/jchch/page/3/" "Mozilla/5.0 (Windows NT 10.0; Win64; x64) AppleWebKit/537.36 (KHTML, like Gecko) Chrome/144.0.0.0 Safari/537.36"
216.73.216.20 - - [22/Aug/2026:05:10:41 +0800] "GET /tcesinfo/category/5a88-oat/feed/ HTTP/1.1" 200 5299 "-" "Mozilla/5.0 AppleWebKit/537.36 (KHTML, like Gecko; compatible; ClaudeBot/1.0; +claudebot@anthropic.com)"
216.73.216.20 - - [22/Aug/2026:05:10:41 +0800] "GET /tcesinfo/category/win81/feed/ HTTP/1.1" 200 4888 "-" "Mozilla/5.0 AppleWebKit/537.36 (KHTML, like Gecko; compatible; ClaudeBot/1.0; +claudebot@anthropic.com)"
2409:8a3c:56f1:7190:981a:83e8:10a7:1a5a - - [22/Aug/2026:05:10:41 +0800] "GET /wp-content/themes/oceanwp/assets/js/vendors/flickity.pkgd.min.js HTTP/1.1" 200 15048 "https://www.najh.ilc.edu.tw/author/jchch/page/3/" "Mozilla/5.0 (Windows NT 10.0; Win64; x64) AppleWebKit/537.36 (KHTML, like Gecko) Chrome/144.0.0.0 Safari/537.36"
216.73.216.20 - - [22/Aug/2026:05:10:41 +0800] "GET /6526/2014/10/20/104_%e6%8e%a8%e5%8b%95%e7%92%b0%e6%95%99%e6%9c%89%e5%8a%9f%e4%ba%ba%e5%93%a1%e6%9c%ac%e6%a0%a1%e7%92%b0%e4%bf%9d%e5%bf%97%e5%b7%a5/ HTTP/1.1" 200 10852 "https://2blog.ilc.edu.tw/6526/?p=18811" "Mozilla/5.0 AppleWebKit/537.36 (KHTML, like Gecko; compatible; ClaudeBot/1.0; +claudebot@anthropic.com)"
::1 - - [22/Aug/2026:05:10:41 +0800] "OPTIONS * HTTP/1.0" 200 110 "-" "Apache/2.4.68 (Ubuntu) OpenSSL/3.0.19 (internal dummy connection)"
216.73.216.20 - - [22/Aug/2026:05:10:41 +0800] "GET /6439/?p=319 HTTP/1.1" 301 893 "-" "Mozilla/5.0 AppleWebKit/537.36 (KHTML, like Gecko; compatible; ClaudeBot/1.0; +claudebot@anthropic.com)"
2409:8a3c:56f1:7190:981a:83e8:10a7:1a5a - - [22/Aug/2026:05:10:41 +0800] "GET /wp-content/themes/oceanwp/assets/js/ow-slider.min.js HTTP/1.1" 200 1761 "https://www.najh.ilc.edu.tw/author/jchch/page/3/" "Mozilla/5.0 (Windows NT 10.0; Win64; x64) AppleWebKit/537.36 (KHTML, like Gecko) Chrome/144.0.0.0 Safari/537.36"
2409:8a3c:56f1:7190:981a:83e8:10a7:1a5a - - [22/Aug/2026:05:10:41 +0800] "GET /wp-content/themes/oceanwp/assets/js/select.min.js HTTP/1.1" 200 2408 "https://www.najh.ilc.edu.tw/author/jchch/page/3/" "Mozilla/5.0 (Windows NT 10.0; Win64; x64) AppleWebKit/537.36 (KHTML, like Gecko) Chrome/144.0.0.0 Safari/537.36"
2409:8a3c:56f1:7190:981a:83e8:10a7:1a5a - - [22/Aug/2026:05:10:41 +0800] "GET /wp-includes/js/mediaelement/mediaelement-and-player.min.js HTTP/1.1" 200 39802 "https://www.najh.ilc.edu.tw/author/jchch/page/3/" "Mozilla/5.0 (Windows NT 10.0; Win64; x64) AppleWebKit/537.36 (KHTML, like Gecko) Chrome/144.0.0.0 Safari/537.36"
2409:8a3c:56f1:7190:981a:83e8:10a7:1a5a - - [22/Aug/2026:05:10:41 +0800] "GET /wp-content/themes/oceanwp/assets/js/scroll-top.min.js HTTP/1.1" 200 3202 "https://www.najh.ilc.edu.tw/author/jchch/page/3/" "Mozilla/5.0 (Windows NT 10.0; Win64; x64) AppleWebKit/537.36 (KHTML, like Gecko) Chrome/144.0.0.0 Safari/537.36"
2409:8a3c:56f1:7190:981a:83e8:10a7:1a5a - - [22/Aug/2026:05:10:41 +0800] "GET /wp-content/themes/oceanwp/assets/js/scroll-effect.min.js HTTP/1.1" 200 4127 "https://www.najh.ilc.edu.tw/author/jchch/page/3/" "Mozilla/5.0 (Windows NT 10.0; Win64; x64) AppleWebKit/537.36 (KHTML, like Gecko) Chrome/144.0.0.0 Safari/537.36"
216.73.216.20 - - [22/Aug/2026:05:10:41 +0800] "GET /6439/author/weichi1210/page/3/ HTTP/1.1" 200 27857 "-" "Mozilla/5.0 AppleWebKit/537.36 (KHTML, like Gecko; compatible; ClaudeBot/1.0; +claudebot@anthropic.com)"
2409:8a3c:56f1:7190:981a:83e8:10a7:1a5a - - [22/Aug/2026:05:10:41 +0800] "GET /wp-includes/js/mediaelement/mediaelement-migrate.min.js HTTP/1.1" 200 1419 "https://www.najh.ilc.edu.tw/author/jchch/page/3/" "Mozilla/5.0 (Windows NT 10.0; Win64; x64) AppleWebKit/537.36 (KHTML, like Gecko) Chrome/144.0.0.0 Safari/537.36"
216.73.216.20 - - [22/Aug/2026:05:10:41 +0800] "GET /6569/?p=15011 HTTP/1.1" 301 886 "-" "Mozilla/5.0 AppleWebKit/537.36 (KHTML, like Gecko; compatible; ClaudeBot/1.0; +claudebot@anthropic.com)"
216.73.216.20 - - [22/Aug/2026:05:10:41 +0800] "GET /6439/2016/11/05/105_%e6%a0%a1%e5%9c%92%e7%92%b0%e5%a2%83%e7%ae%a1%e7%90%86_%e7%af%80%e8%83%bd%e6%b8%9b%e7%a2%b3%e6%8e%a8%e5%8b%95%e6%83%85%e5%bd%a2/ HTTP/1.1" 200 25235 "https://2blog.ilc.edu.tw/6439/?p=319" "Mozilla/5.0 AppleWebKit/537.36 (KHTML, like Gecko; compatible; ClaudeBot/1.0; +claudebot@anthropic.com)"
136.119.35.120 - - [22/Aug/2026:05:10:41 +0800] "GET /868/wp-json/wp/v2/posts/46038 HTTP/1.1" 200 14187 "-" "Mozilla/5.0 (Macintosh; Intel Mac OS X 10_15_7) AppleWebKit/537.36 (KHTML, like Gecko) Chrome/120.0.0.0 Safari/537.36"
216.73.216.20 - - [22/Aug/2026:05:10:41 +0800] "GET /5882/wp-json/wp/v2/users/5081 HTTP/1.1" 200 1609 "-" "Mozilla/5.0 AppleWebKit/537.36 (KHTML, like Gecko; compatible; ClaudeBot/1.0; +claudebot@anthropic.com)"
216.73.216.20 - - [22/Aug/2026:05:10:41 +0800] "GET /6569/?p=15144 HTTP/1.1" 301 896 "-" "Mozilla/5.0 AppleWebKit/537.36 (KHTML, like Gecko; compatible; ClaudeBot/1.0; +claudebot@anthropic.com)"
2409:8a3c:56f1:7190:981a:83e8:10a7:1a5a - - [22/Aug/2026:05:10:41 +0800] "GET /wp-content/themes/oceanwp/assets/fonts/simple-line-icons/Simple-Line-Icons.woff2?v=2.4.0 HTTP/1.1" 200 30959 "https://www.najh.ilc.edu.tw/wp-content/cache/www.najh.ilc.edu.tw/wpfc-minified/kcxb236g/6wh9.css" "Mozilla/5.0 (Windows NT 10.0; Win64; x64) AppleWebKit/537.36 (KHTML, like Gecko) Chrome/144.0.0.0 Safari/537.36"
2409:8a3c:56f1:7190:981a:83e8:10a7:1a5a - - [22/Aug/2026:05:10:41 +0800] "GET /wp-includes/js/mediaelement/wp-mediaelement.min.js HTTP/1.1" 200 1417 "https://www.najh.ilc.edu.tw/author/jchch/page/3/" "Mozilla/5.0 (Windows NT 10.0; Win64; x64) AppleWebKit/537.36 (KHTML, like Gecko) Chrome/144.0.0.0 Safari/537.36"
216.73.216.20 - - [22/Aug/2026:05:10:41 +0800] "GET /6569/?p=14785 HTTP/1.1" 301 950 "-" "Mozilla/5.0 AppleWebKit/537.36 (KHTML, like Gecko; compatible; ClaudeBot/1.0; +claudebot@anthropic.com)"
216.73.216.20 - - [22/Aug/2026:05:10:41 +0800] "GET /6569/2015/11/05/104_2-1_%e6%95%99%e8%81%b7%e5%93%a1%e5%b7%a5%e7%92%b0%e5%a2%83%e6%95%99%e8%82%b2%e6%b4%bb%e5%8b%95/ HTTP/1.1" 200 10384 "https://2blog.ilc.edu.tw/6569/?p=15011" "Mozilla/5.0 AppleWebKit/537.36 (KHTML, like Gecko; compatible; ClaudeBot/1.0; +claudebot@anthropic.com)"
216.73.216.20 - - [22/Aug/2026:05:10:41 +0800] "GET /6569/2017/08/16/%e7%be%85%e6%9d%b1%e6%9e%97%e6%a5%ad%e5%9c%92%e5%8d%80%e6%a0%a1%e5%a4%96%e6%95%99%e5%ad%b8%e6%b4%bb%e5%8b%95/ HTTP/1.1" 200 10335 "https://2blog.ilc.edu.tw/6569/?p=15144" "Mozilla/5.0 AppleWebKit/537.36 (KHTML, like Gecko; compatible; ClaudeBot/1.0; +claudebot@anthropic.com)"
216.73.216.20 - - [22/Aug/2026:05:10:41 +0800] "GET /6569/?p=15143 HTTP/1.1" 301 980 "-" "Mozilla/5.0 AppleWebKit/537.36 (KHTML, like Gecko; compatible; ClaudeBot/1.0; +claudebot@anthropic.com)"
2408:8726:2000:a::1328 - - [22/Aug/2026:05:10:41 +0800] "GET /%e5%b0%8b%e6%89%be%e6%95%99%e8%82%b2%e5%ae%b6%e5%90%88%e5%a4%a5%e4%ba%ba HTTP/1.1" 301 5833 "-" "Mozilla/5.0 (Windows NT 10.0; Win64; x64) AppleWebKit/537.36 (KHTML, like Gecko) Chrome/144.0.0.0 Safari/537.36"
216.73.216.20 - - [22/Aug/2026:05:10:42 +0800] "GET /6569/2012/03/28/101-03-26%e4%b8%89%e5%b9%b4%e7%b4%9a%e5%8f%83%e8%a7%80%e3%80%8c%e6%96%b0%e7%a6%8f%e5%ae%ae%e3%80%8d%e5%8f%8a%e3%80%8c%e9%a0%86%e5%ae%89%e5%85%ac%e5%bb%9f%e3%80%8d/ HTTP/1.1" 200 12456 "https://2blog.ilc.edu.tw/6569/?p=14785" "Mozilla/5.0 AppleWebKit/537.36 (KHTML, like Gecko; compatible; ClaudeBot/1.0; +claudebot@anthropic.com)"
216.73.216.20 - - [22/Aug/2026:05:10:41 +0800] "GET /6439/author/paialice/page/13/ HTTP/1.1" 200 26045 "-" "Mozilla/5.0 AppleWebKit/537.36 (KHTML, like Gecko; compatible; ClaudeBot/1.0; +claudebot@anthropic.com)"
216.73.216.20 - - [22/Aug/2026:05:10:41 +0800] "GET /6526/?p=18509 HTTP/1.1" 301 960 "-" "Mozilla/5.0 AppleWebKit/537.36 (KHTML, like Gecko; compatible; ClaudeBot/1.0; +claudebot@anthropic.com)"
2409:8a3c:56f1:7190:981a:83e8:10a7:1a5a - - [22/Aug/2026:05:10:41 +0800] "GET /wp-content/themes/oceanwp/assets/fonts/fontawesome/webfonts/fa-solid-900.woff2 HTTP/1.1" 200 151246 "https://www.najh.ilc.edu.tw/wp-content/cache/www.najh.ilc.edu.tw/wpfc-minified/kcxb236g/6wh9.css" "Mozilla/5.0 (Windows NT 10.0; Win64; x64) AppleWebKit/537.36 (KHTML, like Gecko) Chrome/144.0.0.0 Safari/537.36"
216.73.216.20 - - [22/Aug/2026:05:10:42 +0800] "GET /6569/?p=15226 HTTP/1.1" 301 987 "-" "Mozilla/5.0 AppleWebKit/537.36 (KHTML, like Gecko; compatible; ClaudeBot/1.0; +claudebot@anthropic.com)"
216.73.216.20 - - [22/Aug/2026:05:10:42 +0800] "GET /6569/2017/08/16/106_2-1_2017%e5%ae%9c%e8%98%ad%e7%b6%a0%e8%89%b2%e5%8d%9a%e8%a6%bd%e6%9c%83%e6%a0%a1%e5%a4%96%e6%95%99%e5%ad%b8%e6%b4%bb%e5%8b%95%e6%9c%89%e5%8f%83%e8%88%87%e7%92%b0%e6%95%99%e8%aa%b2%e7%a8%8b/ HTTP/1.1" 200 11313 "https://2blog.ilc.edu.tw/6569/?p=15143" "Mozilla/5.0 AppleWebKit/537.36 (KHTML, like Gecko; compatible; ClaudeBot/1.0; +claudebot@anthropic.com)"
216.73.216.20 - - [22/Aug/2026:05:10:42 +0800] "GET /6526/2010/10/07/%e7%be%85%e6%9d%b1%e5%9c%8b%e5%b0%8f%e4%ba%8c%e6%89%8b%e5%88%b6%e6%9c%8d%e3%80%81%e6%9b%b8%e7%b1%8d%e5%8f%8a%e5%ad%b8%e7%94%a8%e5%93%81%e7%ad%89%e5%9b%9e%e6%94%b6%e5%86%8d%e4%bd%bf%e7%94%a8%e4%b9%8b/ HTTP/1.1" 200 10602 "https://2blog.ilc.edu.tw/6526/?p=18509" "Mozilla/5.0 AppleWebKit/537.36 (KHTML, like Gecko; compatible; ClaudeBot/1.0; +claudebot@anthropic.com)"
216.73.216.20 - - [22/Aug/2026:05:10:42 +0800] "GET /6526/author/lut/page/9/ HTTP/1.1" 200 15664 "-" "Mozilla/5.0 AppleWebKit/537.36 (KHTML, like Gecko; compatible; ClaudeBot/1.0; +claudebot@anthropic.com)"
2408:8726:2000:a::1328 - - [22/Aug/2026:05:10:42 +0800] "GET /%e5%b0%8b%e6%89%be%e6%95%99%e8%82%b2%e5%ae%b6%e5%90%88%e5%a4%a5%e4%ba%ba/ HTTP/1.1" 200 17787 "-" "Mozilla/5.0 (Windows NT 10.0; Win64; x64) AppleWebKit/537.36 (KHTML, like Gecko) Chrome/144.0.0.0 Safari/537.36"
216.73.216.20 - - [22/Aug/2026:05:10:42 +0800] "GET /6569/2018/10/18/107_3-1-1_%e5%87%b1%e6%97%8b%e5%9c%8b%e5%b0%8f%e5%9f%b7%e8%a1%8c%e5%ae%9c%e8%98%ad%e7%b8%a3%e6%94%bf%e5%ba%9c%e7%92%b0%e5%a2%83%e7%b6%a0%e7%be%8e%e5%8c%96%e5%8f%8a%e6%a4%8d%e6%a8%b9%e8%8b%97%e6%9c%a8/ HTTP/1.1" 200 10008 "https://2blog.ilc.edu.tw/6569/?p=15226" "Mozilla/5.0 AppleWebKit/537.36 (KHTML, like Gecko; compatible; ClaudeBot/1.0; +claudebot@anthropic.com)"
216.73.216.20 - - [22/Aug/2026:05:10:42 +0800] "GET /tcesinfo/2021/06/16/windows-11-dev-21996-1/ HTTP/1.1" 200 11842 "-" "Mozilla/5.0 AppleWebKit/537.36 (KHTML, like Gecko; compatible; ClaudeBot/1.0; +claudebot@anthropic.com)"
216.73.216.20 - - [22/Aug/2026:05:10:42 +0800] "GET /4925/2014/04/24/ HTTP/1.1" 200 9079 "-" "Mozilla/5.0 AppleWebKit/537.36 (KHTML, like Gecko; compatible; ClaudeBot/1.0; +claudebot@anthropic.com)"
216.73.216.20 - - [22/Aug/2026:05:10:42 +0800] "GET /6526/author/pib/page/8/ HTTP/1.1" 200 12676 "-" "Mozilla/5.0 AppleWebKit/537.36 (KHTML, like Gecko; compatible; ClaudeBot/1.0; +claudebot@anthropic.com)"
2a10:7b01:865f:d842:46ff:2dec:c87b:b618 - - [22/Aug/2026:05:10:42 +0800] "GET /3860/2022/01/ HTTP/1.1" 200 13093 "-" "Mozilla/5.0 (Windows NT 10.0; Win64; x64) AppleWebKit/537.36 (KHTML, like Gecko) Chrome/99.0.4844.51 Safari/537.36"
216.73.216.20 - - [22/Aug/2026:05:10:42 +0800] "GET /6569/2016/11/01/page/3/ HTTP/1.1" 200 9408 "-" "Mozilla/5.0 AppleWebKit/537.36 (KHTML, like Gecko; compatible; ClaudeBot/1.0; +claudebot@anthropic.com)"
216.73.216.20 - - [22/Aug/2026:05:10:42 +0800] "GET /6439/author/windtalker0314/page/4/ HTTP/1.1" 200 26216 "-" "Mozilla/5.0 AppleWebKit/537.36 (KHTML, like Gecko; compatible; ClaudeBot/1.0; +claudebot@anthropic.com)"
216.73.216.20 - - [22/Aug/2026:05:10:42 +0800] "GET /3642/?p=2781 HTTP/1.1" 301 979 "-" "Mozilla/5.0 AppleWebKit/537.36 (KHTML, like Gecko; compatible; ClaudeBot/1.0; +claudebot@anthropic.com)"
45.89.209.187 - - [22/Aug/2026:05:10:42 +0800] "GET /39664/wp-content/uploads/sites/428/2022/01/1100409-%E6%84%9F%E6%81%A9%E7%9A%93-%E7%BE%85%E6%9D%B1%E7%81%AB%E8%BB%8A%E7%AB%99Sblog-_31-768x576.jpg HTTP/1.1" 200 101768 "https://2blog.ilc.edu.tw/39664/2021/04/30/family110-3/" "Mozilla/5.0 (Macintosh; Intel Mac OS X 10_15_7) AppleWebKit/537.36 (KHTML, like Gecko) Chrome/131.0.0.0 Safari/537.36"
45.89.209.187 - - [22/Aug/2026:05:10:42 +0800] "GET /39664/wp-content/uploads/sites/428/2022/01/1100409-%E6%84%9F%E6%81%A9%E7%9A%93-%E7%BE%85%E6%9D%B1%E7%81%AB%E8%BB%8A%E7%AB%99Sblog-_14-300x225.jpg HTTP/1.1" 200 42954 "https://2blog.ilc.edu.tw/39664/2021/04/30/family110-3/" "Mozilla/5.0 (Macintosh; Intel Mac OS X 10_15_7) AppleWebKit/537.36 (KHTML, like Gecko) Chrome/131.0.0.0 Safari/537.36"
45.89.209.187 - - [22/Aug/2026:05:10:42 +0800] "GET /39664/wp-content/uploads/sites/428/2022/01/1100409-%E6%84%9F%E6%81%A9%E7%9A%93-%E7%BE%85%E6%9D%B1%E7%81%AB%E8%BB%8A%E7%AB%99Sblog-_48.jpg HTTP/1.1" 200 156186 "https://2blog.ilc.edu.tw/39664/2021/04/30/family110-3/" "Mozilla/5.0 (Macintosh; Intel Mac OS X 10_15_7) AppleWebKit/537.36 (KHTML, like Gecko) Chrome/131.0.0.0 Safari/537.36"
216.73.216.20 - - [22/Aug/2026:05:10:42 +0800] "GET /6439/author/windtalker0314/page/3/ HTTP/1.1" 200 26535 "-" "Mozilla/5.0 AppleWebKit/537.36 (KHTML, like Gecko; compatible; ClaudeBot/1.0; +claudebot@anthropic.com)"
45.89.209.187 - - [22/Aug/2026:05:10:42 +0800] "GET /39664/wp-content/uploads/sites/428/2022/01/1100409-%E6%84%9F%E6%81%A9%E7%9A%93-%E7%BE%85%E6%9D%B1%E7%81%AB%E8%BB%8A%E7%AB%99Sblog-_37.jpg HTTP/1.1" 200 225520 "https://2blog.ilc.edu.tw/39664/2021/04/30/family110-3/" "Mozilla/5.0 (Macintosh; Intel Mac OS X 10_15_7) AppleWebKit/537.36 (KHTML, like Gecko) Chrome/131.0.0.0 Safari/537.36"
216.73.216.20 - - [22/Aug/2026:05:10:42 +0800] "GET /tcesinfo/2021/04/page/3/ HTTP/1.1" 200 10047 "-" "Mozilla/5.0 AppleWebKit/537.36 (KHTML, like Gecko; compatible; ClaudeBot/1.0; +claudebot@anthropic.com)"
216.73.216.20 - - [22/Aug/2026:05:10:42 +0800] "GET /6569/?p=14891 HTTP/1.1" 301 886 "-" "Mozilla/5.0 AppleWebKit/537.36 (KHTML, like Gecko; compatible; ClaudeBot/1.0; +claudebot@anthropic.com)"
216.73.216.20 - - [22/Aug/2026:05:10:43 +0800] "GET /3642/2017/04/10/4%e6%9c%88%e3%80%82%e3%80%8c%e6%95%85%e4%ba%8b%e7%8e%8b%e5%9c%8b%e3%80%8d%e4%b8%bb%e9%a1%8c%e9%96%b1%e8%ae%80%e6%b4%bb%e5%8b%956%e6%95%85%e4%ba%8b%e5%aa%bd%e5%aa%bd%e8%aa%aa%e4%b8%ad%e5%9c%8b/ HTTP/1.1" 200 14463 "https://2blog.ilc.edu.tw/3642/?p=2781" "Mozilla/5.0 AppleWebKit/537.36 (KHTML, like Gecko; compatible; ClaudeBot/1.0; +claudebot@anthropic.com)"
2408:8726:2000:a::1328 - - [22/Aug/2026:05:10:43 +0800] "GET /wp-content/cache/www.jwps.ilc.edu.tw/wpfc-minified/8x4lju50/7gcs.css HTTP/1.1" 200 40884 "https://www.jwps.ilc.edu.tw/%e5%b0%8b%e6%89%be%e6%95%99%e8%82%b2%e5%ae%b6%e5%90%88%e5%a4%a5%e4%ba%ba/" "Mozilla/5.0 (Windows NT 10.0; Win64; x64) AppleWebKit/537.36 (KHTML, like Gecko) Chrome/144.0.0.0 Safari/537.36"
2001:288:a201::66:125 - - [22/Aug/2026:05:10:43 +0800] "GET /blog/active.php HTTP/1.1" 301 1026 "-" "-"
31.25.194.23 - - [22/Aug/2026:05:10:43 +0800] "GET /ksespreschool/wp-content/uploads/sites/3376/2023/12/LINE_ALBUM_%E5%B0%8F%E5%85%9411%E6%9C%88_231202_29-1024x768.jpg HTTP/1.1" 200 91595 "https://2blog.ilc.edu.tw/ksespreschool/2023/12/02/" "Mozilla/5.0 (Macintosh; Intel Mac OS X 10_15_7) AppleWebKit/537.36 (KHTML, like Gecko) Chrome/131.0.0.0 Safari/537.36"
2001:288:a201::66:125 - - [22/Aug/2026:05:10:43 +0800] "GET /blog/active.php HTTP/1.1" 404 1084 "-" "-"
2408:821a:161a:4550:aebb:61ff:fee0:b2a6 - - [22/Aug/2026:05:10:43 +0800] "GET /2020/09/ HTTP/1.1" 200 22459 "-" "Mozilla/5.0 (Windows NT 10.0; Win64; x64) AppleWebKit/537.36 (KHTML, like Gecko) Chrome/124.0.0.0 Safari/537.36"
216.73.216.20 - - [22/Aug/2026:05:10:43 +0800] "GET /6537/?p=5691 HTTP/1.1" 301 906 "-" "Mozilla/5.0 AppleWebKit/537.36 (KHTML, like Gecko; compatible; ClaudeBot/1.0; +claudebot@anthropic.com)"
216.73.216.20 - - [22/Aug/2026:05:10:43 +0800] "GET /6569/?p=15169 HTTP/1.1" 301 913 "-" "Mozilla/5.0 AppleWebKit/537.36 (KHTML, like Gecko; compatible; ClaudeBot/1.0; +claudebot@anthropic.com)"
216.73.216.20 - - [22/Aug/2026:05:10:43 +0800] "GET /6569/2014/11/24/103_2-1_%e7%b6%a0%e8%89%b2%e5%8d%9a%e8%a6%bd%e6%9c%83%e6%a0%a1%e5%a4%96%e6%95%99%e5%ad%b8%e4%b8%80/ HTTP/1.1" 200 14709 "https://2blog.ilc.edu.tw/6569/?p=14891" "Mozilla/5.0 AppleWebKit/537.36 (KHTML, like Gecko; compatible; ClaudeBot/1.0; +claudebot@anthropic.com)"
140.111.67.10 - - [22/Aug/2026:05:10:43 +0800] "GET /" 301 273 "-" "-"
::1 - - [22/Aug/2026:05:10:43 +0800] "OPTIONS * HTTP/1.0" 200 110 "-" "Apache/2.4.68 (Ubuntu) OpenSSL/3.0.19 (internal dummy connection)"
216.73.216.20 - - [22/Aug/2026:05:10:43 +0800] "GET /6569/?p=14990 HTTP/1.1" 301 980 "-" "Mozilla/5.0 AppleWebKit/537.36 (KHTML, like Gecko; compatible; ClaudeBot/1.0; +claudebot@anthropic.com)"
216.73.216.20 - - [22/Aug/2026:05:10:43 +0800] "GET /4925/?p=5006 HTTP/1.1" 301 924 "-" "Mozilla/5.0 AppleWebKit/537.36 (KHTML, like Gecko; compatible; ClaudeBot/1.0; +claudebot@anthropic.com)"
216.73.216.20 - - [22/Aug/2026:05:10:43 +0800] "GET /6569/2017/11/01/106_4-1_%e5%87%b1%e6%97%8b%e5%9c%8b%e5%b0%8f%e6%a0%a1%e5%85%a7%e7%92%b0%e4%bf%9d%e6%8c%91%e6%88%b0%e8%b3%bd%e6%88%90%e6%9e%9c/ HTTP/1.1" 200 11857 "https://2blog.ilc.edu.tw/6569/?p=15169" "Mozilla/5.0 AppleWebKit/537.36 (KHTML, like Gecko; compatible; ClaudeBot/1.0; +claudebot@anthropic.com)"
2a13:f41:7cc0:f701:73dd:41e8:c981:ba77 - - [22/Aug/2026:05:10:43 +0800] "GET /3860/2022/10/13/%e7%84%a1%e9%80%9a-bo-thong-bo-thang%e6%9c%89%e9%80%9a-u-thong-u-thang/ HTTP/1.1" 200 34537 "-" "Mozilla/5.0 (Windows NT 10.0; Win64; x64) AppleWebKit/537.36 (KHTML, like Gecko) Chrome/101.0.4951.67 Safari/537.36"
216.73.216.20 - - [22/Aug/2026:05:10:43 +0800] "GET /tcesinfo/?p=307 HTTP/1.1" 301 846 "-" "Mozilla/5.0 AppleWebKit/537.36 (KHTML, like Gecko; compatible; ClaudeBot/1.0; +claudebot@anthropic.com)"
216.73.216.20 - - [22/Aug/2026:05:10:43 +0800] "GET /6569/2015/11/03/104_2-5_%e5%ae%9c%e8%98%ad%e7%b8%a3%e5%87%b1%e6%97%8b%e5%9c%8b%e5%b0%8f2015%e8%a6%aa%e5%b8%ab%e7%94%9f%e8%81%af%e8%aa%bc%e6%b4%bb%e5%8b%95%e5%a4%a9%e5%b1%b1%e4%bc%91%e9%96%92%e8%be%b2%e5%a0%b4/ HTTP/1.1" 200 11166 "https://2blog.ilc.edu.tw/6569/?p=14990" "Mozilla/5.0 AppleWebKit/537.36 (KHTML, like Gecko; compatible; ClaudeBot/1.0; +claudebot@anthropic.com)"
2a00:ccc0:ffff:d5c6:d5c6:3f7e:d5c6:3f7e - - [22/Aug/2026:05:10:25 +0800] "GET /27149/wp-content/uploads/sites/3186/2025/10/114%E8%BE%A6%E7%90%86%E6%9C%AC%E5%9C%9F%E8%AA%9E%E8%97%9D%E6%96%87%E7%AB%B6%E8%B3%BD.doc HTTP/1.1" 200 4248369 "-" "Mozilla/5.0 (Windows NT 10.0; Win64; x64; rv:148.0) Gecko/20100101 Firefox/148.0"
216.73.216.20 - - [22/Aug/2026:05:10:43 +0800] "GET /6537/2020/10/13/109_%e4%b8%80%e3%80%812-1%e6%8f%90%e5%a0%b1108%e5%b9%b4%e5%ba%a6%e7%92%b0%e5%a2%83%e6%95%99%e8%82%b2%e8%a8%88%e7%95%ab/ HTTP/1.1" 200 10945 "https://2blog.ilc.edu.tw/6537/?p=5691" "Mozilla/5.0 AppleWebKit/537.36 (KHTML, like Gecko; compatible; ClaudeBot/1.0; +claudebot@anthropic.com)"
216.73.216.20 - - [22/Aug/2026:05:10:43 +0800] "GET /6569/?p=15081 HTTP/1.1" 301 841 "-" "Mozilla/5.0 AppleWebKit/537.36 (KHTML, like Gecko; compatible; ClaudeBot/1.0; +claudebot@anthropic.com)"
216.73.216.20 - - [22/Aug/2026:05:10:43 +0800] "GET /4925/2020/03/09/%e5%85%ad%e5%bf%a0%e7%a4%be%e6%9c%83%e9%a0%98%e5%9f%9f%e8%aa%b2%e7%a8%8b%e6%95%99%e5%ad%b8-%e5%9b%9b%e5%a4%a7%e5%8f%a4%e6%96%87%e6%98%8e/ HTTP/1.1" 200 12790 "https://2blog.ilc.edu.tw/4925/?p=5006" "Mozilla/5.0 AppleWebKit/537.36 (KHTML, like Gecko; compatible; ClaudeBot/1.0; +claudebot@anthropic.com)"
216.73.216.20 - - [22/Aug/2026:05:10:43 +0800] "GET /4925/?p=4689 HTTP/1.1" 301 896 "-" "Mozilla/5.0 AppleWebKit/537.36 (KHTML, like Gecko; compatible; ClaudeBot/1.0; +claudebot@anthropic.com)"
2408:8726:2000:a::1328 - - [22/Aug/2026:05:10:43 +0800] "GET /wp-content/cache/www.jwps.ilc.edu.tw/wpfc-minified/m8ff8a7k/avhx.css HTTP/1.1" 200 8304 "https://www.jwps.ilc.edu.tw/%e5%b0%8b%e6%89%be%e6%95%99%e8%82%b2%e5%ae%b6%e5%90%88%e5%a4%a5%e4%ba%ba/" "Mozilla/5.0 (Windows NT 10.0; Win64; x64) AppleWebKit/537.36 (KHTML, like Gecko) Chrome/144.0.0.0 Safari/537.36"
23.230.76.197 - - [22/Aug/2026:05:10:43 +0800] "GET /5315/wp-content/uploads/sites/878/2019/04/%E7%B2%89%E8%A0%9F%E7%AD%8618%E9%99%B3%E6%B2%90%E8%8A%B3-300x244.jpg HTTP/1.1" 200 30827 "-" "Mozilla/5.0 (compatible; crawler)"
216.73.216.20 - - [22/Aug/2026:05:10:43 +0800] "GET /tcesinfo/2020/08/31/%e7%a1%ac%e7%a2%9f%e4%bf%9d%e5%9b%ba%e6%9f%a5%e8%a9%a2/ HTTP/1.1" 200 10559 "https://2blog.ilc.edu.tw/tcesinfo/?p=307" "Mozilla/5.0 AppleWebKit/537.36 (KHTML, like Gecko; compatible; ClaudeBot/1.0; +claudebot@anthropic.com)"
216.73.216.20 - - [22/Aug/2026:05:10:43 +0800] "GET /6569/?p=15227 HTTP/1.1" 301 861 "-" "Mozilla/5.0 AppleWebKit/537.36 (KHTML, like Gecko; compatible; ClaudeBot/1.0; +claudebot@anthropic.com)"
2408:875c:1000:6:2000::67 - - [22/Aug/2026:05:10:43 +0800] "GET /5811/2015/09 HTTP/1.1" 301 5737 "-" "Mozilla/5.0 (Windows NT 10.0; Win64; x64) AppleWebKit/537.36 (KHTML, like Gecko) Chrome/144.0.0.0 Safari/537.36"
216.73.216.20 - - [22/Aug/2026:05:10:43 +0800] "GET /6569/2016/11/01/105_2-2_%e9%98%b2%e7%81%bd%e5%b0%8f%e5%b0%96%e5%85%b5/ HTTP/1.1" 200 11919 "https://2blog.ilc.edu.tw/6569/?p=15081" "Mozilla/5.0 AppleWebKit/537.36 (KHTML, like Gecko; compatible; ClaudeBot/1.0; +claudebot@anthropic.com)"
216.73.216.20 - - [22/Aug/2026:05:10:43 +0800] "GET /6439/?p=250 HTTP/1.1" 301 831 "-" "Mozilla/5.0 AppleWebKit/537.36 (KHTML, like Gecko; compatible; ClaudeBot/1.0; +claudebot@anthropic.com)"
216.73.216.20 - - [22/Aug/2026:05:10:43 +0800] "GET /4925/?p=4695 HTTP/1.1" 301 888 "-" "Mozilla/5.0 AppleWebKit/537.36 (KHTML, like Gecko; compatible; ClaudeBot/1.0; +claudebot@anthropic.com)"
2401:e180:8850:8c13:94af:5166:8971:b1dc - - [22/Aug/2026:05:10:43 +0800] "GET /1003/?s=%E7%8F%AD%E7%B4%9A%E7%B6%93%E7%87%9F HTTP/1.1" 200 19709 "https://2blog.ilc.edu.tw/1003/" "Mozilla/5.0 (iPhone; CPU iPhone OS 26_5_0 like Mac OS X) AppleWebKit/605.1.15 (KHTML, like Gecko) CriOS/151.0.7922.57 Mobile/15E148 Safari/604.1"
