240e:90:2010::8 - - [22/Aug/2026:05:24:46 +0800] "GET /17160/wp-content/uploads/sites/1249/2019/11/cropped-logo1-32x32.png HTTP/1.1" 200 3652 "https://2blog.ilc.edu.tw/17160/2015/06/" "Mozilla/5.0 (Windows NT 10.0; Win64; x64) AppleWebKit/537.36 (KHTML, like Gecko) Chrome/144.0.0.0 Safari/537.36"
3.101.8.174 - - [22/Aug/2026:05:24:46 +0800] "HEAD / HTTP/1.1" 301 862 "-" "montastic-monitor www.montastic.com - cid:245483"
23.230.146.108 - - [22/Aug/2026:05:24:46 +0800] "GET /57/wp-content/uploads/sites/1319/2022/10/image9-1024x455.png HTTP/1.1" 200 275234 "-" "Mozilla/5.0 (compatible; crawler)"
54.225.181.161 - - [22/Aug/2026:05:24:47 +0800] "GET /6450/wp-json/wp/v2/posts/15153 HTTP/1.1" 200 8997 "-" "Mozilla/5.0 AppleWebKit/537.36 (KHTML, like Gecko; compatible; Amazonbot/0.1; +https://developer.amazon.com/support/amazonbot) Chrome/119.0.6045.214 Safari/537.36"
3.101.8.174 - - [22/Aug/2026:05:24:47 +0800] "HEAD / HTTP/1.1" 200 5495 "-" "montastic-monitor www.montastic.com - cid:245483"
3.229.95.193 - - [22/Aug/2026:05:24:47 +0800] "GET /tcesinfo/wp-json/wp/v2/%22https:/2blog.ilc.edu.tw/tcesinfo/wp-content/uploads/sites/93/2021/05/IMG_6777.jpg/%22 HTTP/1.1" 404 6135 "-" "Mozilla/5.0 AppleWebKit/537.36 (KHTML, like Gecko; compatible; Amazonbot/0.1; +https://developer.amazon.com/support/amazonbot) Chrome/119.0.6045.214 Safari/537.36"
::1 - - [22/Aug/2026:05:24:47 +0800] "OPTIONS * HTTP/1.0" 200 110 "-" "Apache/2.4.68 (Ubuntu) OpenSSL/3.0.19 (internal dummy connection)"
34.203.111.15 - - [22/Aug/2026:05:24:47 +0800] "GET /wp-content/uploads/sites/2432/2021/12/?C=M;O%3DA HTTP/1.1" 200 1112 "-" "Mozilla/5.0 AppleWebKit/537.36 (KHTML, like Gecko; compatible; Amazonbot/0.1; +https://developer.amazon.com/support/amazonbot) Chrome/119.0.6045.214 Safari/537.36"
2001:288:a201::66:125 - - [22/Aug/2026:05:24:48 +0800] "GET /blog/active.php HTTP/1.1" 301 1026 "-" "-"
2001:288:a201::66:125 - - [22/Aug/2026:05:24:48 +0800] "GET /blog/active.php HTTP/1.1" 404 1084 "-" "-"
140.111.67.10 - - [22/Aug/2026:05:24:48 +0800] "GET /" 301 273 "-" "-"
2a03:2880:f802:2f:: - - [22/Aug/2026:05:24:48 +0800] "GET /6422/2016/10/30/105-%e4%b8%89%e3%80%814-1%e5%bb%9a%e9%a4%98%e8%ab%8b%e5%bb%a0%e5%95%86%e5%9b%9e%e6%94%b6%e9%a4%8a%e8%b1%ac/ HTTP/1.1" 200 14880 "-" "Mozilla/5.0 (Windows NT 10.0; Win64; x64) AppleWebKit/537.36 (KHTML, like Gecko) Chrome/145.0.0.0 Safari/537.36 Edg/145.0.0.0 (compatible; meta-externalagent/1.1 (+https://developers.facebook.com/docs/sharing/webmasters/crawler))"
::1 - - [22/Aug/2026:05:24:48 +0800] "OPTIONS * HTTP/1.0" 200 110 "-" "Apache/2.4.68 (Ubuntu) OpenSSL/3.0.19 (internal dummy connection)"
::1 - - [22/Aug/2026:05:24:49 +0800] "OPTIONS * HTTP/1.0" 200 110 "-" "Apache/2.4.68 (Ubuntu) OpenSSL/3.0.19 (internal dummy connection)"
::1 - - [22/Aug/2026:05:24:50 +0800] "OPTIONS * HTTP/1.0" 200 110 "-" "Apache/2.4.68 (Ubuntu) OpenSSL/3.0.19 (internal dummy connection)"
34.30.223.149 - - [22/Aug/2026:05:24:51 +0800] "GET /6426/2015/11/13/104_%E7%94%B3%E5%A0%B1%E7%92%B0%E5%A2%83%E6%95%99%E8%82%B2%E8%A8%88%E7%95%AB%E5%8F%8A%E5%9F%B7%E8%A1%8C%E6%88%90%E6%9E%9C%E6%83%85%E5%BD%A2/ HTTP/1.1" 200 16478 "-" "Mozilla/5.0 (Macintosh; Intel Mac OS X 10_15_7) AppleWebKit/537.36 (KHTML, like Gecko) Chrome/120.0.0.0 Safari/537.36"
::1 - - [22/Aug/2026:05:24:51 +0800] "OPTIONS * HTTP/1.0" 200 110 "-" "Apache/2.4.68 (Ubuntu) OpenSSL/3.0.19 (internal dummy connection)"
52.167.144.188 - - [22/Aug/2026:05:24:51 +0800] "GET /6454/2016/11/18/3-5-3%E7%AF%80%E6%B0%B4%E8%A3%9D%E7%BD%AE%EF%BC%8C%E7%9C%81%E9%9B%BB%E8%A8%AD%E6%96%BD%E5%AE%A3%E5%B0%8E/ HTTP/1.1" 200 14952 "-" "Mozilla/5.0 AppleWebKit/537.36 (KHTML, like Gecko; compatible; bingbot/2.0; +http://www.bing.com/bingbot.htm) Chrome/116.0.1938.76 Safari/537.36"
::1 - - [22/Aug/2026:05:24:52 +0800] "OPTIONS * HTTP/1.0" 200 110 "-" "Apache/2.4.68 (Ubuntu) OpenSSL/3.0.19 (internal dummy connection)"
54.157.84.74 - - [22/Aug/2026:05:24:52 +0800] "GET /tcesinfo/wp-json/wp/v2/%22https:/2blog.ilc.edu.tw/tcesinfo/wp-content/uploads/sites/93/2021/06/Windows-11-x64-2021-06-16-18-13-55.png/%22 HTTP/1.1" 404 6135 "-" "Mozilla/5.0 AppleWebKit/537.36 (KHTML, like Gecko; compatible; Amazonbot/0.1; +https://developer.amazon.com/support/amazonbot) Chrome/119.0.6045.214 Safari/537.36"
2001:288:a201::66:125 - - [22/Aug/2026:05:24:53 +0800] "GET /blog/active.php HTTP/1.1" 301 1026 "-" "-"
2001:288:a201::66:125 - - [22/Aug/2026:05:24:53 +0800] "GET /blog/active.php HTTP/1.1" 404 1084 "-" "-"
140.111.67.10 - - [22/Aug/2026:05:24:53 +0800] "GET /" 301 273 "-" "-"
159.223.173.194 - - [22/Aug/2026:05:24:53 +0800] "GET /blog/gallery/29603/29603-3406795.jpg HTTP/1.1" 301 1068 "http://blog.ilc.edu.tw/" "Mozilla/5.0 (Windows NT 10.0; Win64; x64) AppleWebKit/537.36 (KHTML, like Gecko) Chrome/120.0.0.0 Safari/537.36"
::1 - - [22/Aug/2026:05:24:53 +0800] "OPTIONS * HTTP/1.0" 200 110 "-" "Apache/2.4.68 (Ubuntu) OpenSSL/3.0.19 (internal dummy connection)"
20.125.101.194 - - [22/Aug/2026:05:24:53 +0800] "GET /yletrc/wp-content/uploads/sites/3413/2021/11/110-1_%E5%81%A5%E5%BA%B7%E8%88%87%E9%AB%94%E8%82%B2%E9%AB%94%E8%82%B2_2%E5%B9%B4%E7%B4%9A%E8%B7%B3%E7%B9%A9%E5%96%AE%E5%85%83%E6%95%99%E6%A1%88_%E5%AE%9C%E7%B8%A3%E9%BB%8E%E6%98%8E%E5%9C%8B%E5%B0%8F.pdf HTTP/1.1" 200 875476 "-" "Mozilla/5.0 (compatible; MSR-Financial-PDF-Scorer/1.0)"
::1 - - [22/Aug/2026:05:24:54 +0800] "OPTIONS * HTTP/1.0" 200 110 "-" "Apache/2.4.68 (Ubuntu) OpenSSL/3.0.19 (internal dummy connection)"
3.212.205.90 - - [22/Aug/2026:05:24:54 +0800] "GET /6509/2010/10/01/%E6%AD%A3%E8%B2%A02%E5%BA%A6c%E8%A7%80%E5%BE%8C%E6%84%9F/ HTTP/1.1" 200 15726 "-" "Mozilla/5.0 AppleWebKit/537.36 (KHTML, like Gecko; compatible; Amazonbot/0.1; +https://developer.amazon.com/support/amazonbot) Chrome/119.0.6045.214 Safari/537.36"
198.211.113.16 - - [22/Aug/2026:05:24:55 +0800] "GET /blog/gallery/20068/20068-2912982.jpg HTTP/1.1" 404 25426 "http://blog.ilc.edu.tw/" "Mozilla/5.0 (Windows NT 10.0; Win64; x64) AppleWebKit/537.36 (KHTML, like Gecko) Chrome/133.0.0.0 Safari/537.36"
137.184.131.101 - - [22/Aug/2026:05:24:55 +0800] "GET /blog/gallery/4024/previews/4024-3484158.jpg HTTP/1.1" 404 25426 "http://blog.ilc.edu.tw/" "Mozilla/5.0 (Windows NT 10.0; Win64; x64) AppleWebKit/537.36 (KHTML, like Gecko) Chrome/109.0.0.0 Safari/537.36"
34.239.85.139 - - [22/Aug/2026:05:24:55 +0800] "GET /tcesinfo/wp-json/wp/v2/%22https:/2blog.ilc.edu.tw/tcesinfo/wp-content/uploads/sites/93/2021/06/Windows-11-x64-2021-06-16-15-46-24.png/%22 HTTP/1.1" 404 6135 "-" "Mozilla/5.0 AppleWebKit/537.36 (KHTML, like Gecko; compatible; Amazonbot/0.1; +https://developer.amazon.com/support/amazonbot) Chrome/119.0.6045.214 Safari/537.36"
52.45.15.233 - - [22/Aug/2026:05:24:55 +0800] "GET /wp-content/uploads/sites/881/staatic/resources/c/6c64bedc6c0b0a5944ad4fa00891e3fef49ea7d HTTP/1.1" 200 253199 "-" "Mozilla/5.0 AppleWebKit/537.36 (KHTML, like Gecko; compatible; Amazonbot/0.1; +https://developer.amazon.com/support/amazonbot) Chrome/119.0.6045.214 Safari/537.36"
::1 - - [22/Aug/2026:05:24:55 +0800] "OPTIONS * HTTP/1.0" 200 110 "-" "Apache/2.4.68 (Ubuntu) OpenSSL/3.0.19 (internal dummy connection)"
::1 - - [22/Aug/2026:05:24:56 +0800] "OPTIONS * HTTP/1.0" 200 110 "-" "Apache/2.4.68 (Ubuntu) OpenSSL/3.0.19 (internal dummy connection)"
40.77.167.70 - - [22/Aug/2026:05:24:57 +0800] "GET /ltjhinformation/category/%E8%BB%9F%E9%AB%94%E6%95%99%E5%AD%B8/appinventor-2/ HTTP/1.1" 200 36433 "-" "Mozilla/5.0 AppleWebKit/537.36 (KHTML, like Gecko; compatible; bingbot/2.0; +http://www.bing.com/bingbot.htm) Chrome/116.0.1938.76 Safari/537.36"
::1 - - [22/Aug/2026:05:24:57 +0800] "OPTIONS * HTTP/1.0" 200 110 "-" "Apache/2.4.68 (Ubuntu) OpenSSL/3.0.19 (internal dummy connection)"
2001:288:a201::66:125 - - [22/Aug/2026:05:24:58 +0800] "GET /blog/active.php HTTP/1.1" 301 1026 "-" "-"
2001:288:a201::66:125 - - [22/Aug/2026:05:24:58 +0800] "GET /blog/active.php HTTP/1.1" 404 1084 "-" "-"
140.111.67.10 - - [22/Aug/2026:05:24:58 +0800] "GET /" 301 273 "-" "-"
::1 - - [22/Aug/2026:05:24:58 +0800] "OPTIONS * HTTP/1.0" 200 110 "-" "Apache/2.4.68 (Ubuntu) OpenSSL/3.0.19 (internal dummy connection)"
::1 - - [22/Aug/2026:05:24:59 +0800] "OPTIONS * HTTP/1.0" 200 110 "-" "Apache/2.4.68 (Ubuntu) OpenSSL/3.0.19 (internal dummy connection)"
107.20.224.184 - - [22/Aug/2026:05:24:59 +0800] "GET /32745/2023/12/03/%E9%BB%83%E8%97%9D/embed/ HTTP/1.1" 200 12740 "-" "Mozilla/5.0 AppleWebKit/537.36 (KHTML, like Gecko; compatible; Amazonbot/0.1; +https://developer.amazon.com/support/amazonbot) Chrome/119.0.6045.214 Safari/537.36"
172.245.100.226 - - [22/Aug/2026:05:25:00 +0800] "GET /barbiagirl/wp-content/uploads/sites/3951/2024/03/S__3309749_0-225x300.jpg HTTP/1.1" 200 24682 "https://2blog.ilc.edu.tw/barbiagirl/" "Mozilla/5.0 (Macintosh; Intel Mac OS X 10_15_7) AppleWebKit/537.36 (KHTML, like Gecko) Chrome/131.0.0.0 Safari/537.36"
172.245.100.226 - - [22/Aug/2026:05:25:00 +0800] "GET /barbiagirl/wp-content/uploads/sites/3951/2024/03/S__3309755_0-768x1024.jpg HTTP/1.1" 200 115688 "https://2blog.ilc.edu.tw/barbiagirl/" "Mozilla/5.0 (Macintosh; Intel Mac OS X 10_15_7) AppleWebKit/537.36 (KHTML, like Gecko) Chrome/131.0.0.0 Safari/537.36"
172.245.100.226 - - [22/Aug/2026:05:25:00 +0800] "GET /barbiagirl/wp-content/uploads/sites/3951/2024/03/S__3309711_0-768x1024.jpg HTTP/1.1" 200 161558 "https://2blog.ilc.edu.tw/barbiagirl/" "Mozilla/5.0 (Macintosh; Intel Mac OS X 10_15_7) AppleWebKit/537.36 (KHTML, like Gecko) Chrome/131.0.0.0 Safari/537.36"
::1 - - [22/Aug/2026:05:25:01 +0800] "OPTIONS * HTTP/1.0" 200 110 "-" "Apache/2.4.68 (Ubuntu) OpenSSL/3.0.19 (internal dummy connection)"
2405:4803:f551:4a60:2d0b:a02d:43df:1f13 - - [22/Aug/2026:05:25:02 +0800] "GET /feed/ HTTP/1.1" 200 8202 "-" "Mozilla/5.0 (Macintosh; Intel Mac OS X 10_15_7) AppleWebKit/605.1.15 (KHTML, like Gecko) Version/26.0.1 Safari/605.1.15"
240e:935:a04:5403:0:1111:0:8 - - [22/Aug/2026:05:25:02 +0800] "GET /2023/03/16 HTTP/1.1" 301 5772 "-" "Mozilla/5.0 (Windows NT 10.0; Win64; x64) AppleWebKit/537.36 (KHTML, like Gecko) Chrome/144.0.0.0 Safari/537.36"
17.241.227.201 - - [22/Aug/2026:05:25:03 +0800] "GET /32745/wp-content/cache/2blog.ilc.edu.tw/wpfc-minified/g0brenjo/5wowx.css HTTP/1.1" 200 20774 "https://2blog.ilc.edu.tw/32745/2021/10/20/page/2/" "Mozilla/5.0 (Macintosh; Intel Mac OS X 10_15_7) AppleWebKit/605.1.15 (KHTML, like Gecko) Version/17.4 Safari/605.1.15 (Applebot/0.1; +http://www.apple.com/go/applebot)"
2001:288:a201::66:125 - - [22/Aug/2026:05:25:03 +0800] "GET /blog/active.php HTTP/1.1" 301 1026 "-" "-"
2001:288:a201::66:125 - - [22/Aug/2026:05:25:03 +0800] "GET /blog/active.php HTTP/1.1" 404 1084 "-" "-"
240e:935:a04:5403:0:1111:0:8 - - [22/Aug/2026:05:25:03 +0800] "GET /2023/03/16/ HTTP/1.1" 200 42103 "-" "Mozilla/5.0 (Windows NT 10.0; Win64; x64) AppleWebKit/537.36 (KHTML, like Gecko) Chrome/144.0.0.0 Safari/537.36"
140.111.67.10 - - [22/Aug/2026:05:25:03 +0800] "GET /" 301 273 "-" "-"
54.84.102.81 - - [22/Aug/2026:05:25:03 +0800] "GET /dreamdongao/wp-json/wp/v2/%22https:/2blog.ilc.edu.tw/dreamdongao/wp-content/uploads/sites/4007/2025/01/LINE_ALBUM_20240910/u5c71/u6d77/u8ab2/uff08/u5927/u6a39/u6559/u6211/u5011/u7684/u90a3/u4e9b/u4e8b/uff09_250102_3-300x225.jpg/%22 HTTP/1.1" 404 6138 "-" "Mozilla/5.0 AppleWebKit/537.36 (KHTML, like Gecko; compatible; Amazonbot/0.1; +https://developer.amazon.com/support/amazonbot) Chrome/119.0.6045.214 Safari/537.36"
18.205.213.231 - - [22/Aug/2026:05:25:03 +0800] "GET /2027/2007/12/04/%E5%AE%B6%E9%95%B7%E9%9B%BB%E8%85%A6%E7%8F%AD/ HTTP/1.1" 200 18673 "-" "Mozilla/5.0 AppleWebKit/537.36 (KHTML, like Gecko; compatible; Amazonbot/0.1; +https://developer.amazon.com/support/amazonbot) Chrome/119.0.6045.214 Safari/537.36"
240e:935:a04:5403:0:1111:0:8 - - [22/Aug/2026:05:25:03 +0800] "GET /wp-content/cache/www.najh.ilc.edu.tw/wpfc-minified/1f13uvw/6wh9.css HTTP/1.1" 200 40884 "https://www.najh.ilc.edu.tw/2023/03/16/" "Mozilla/5.0 (Windows NT 10.0; Win64; x64) AppleWebKit/537.36 (KHTML, like Gecko) Chrome/144.0.0.0 Safari/537.36"
17.241.227.201 - - [22/Aug/2026:05:25:04 +0800] "GET /32745/wp-content/cache/2blog.ilc.edu.tw/wpfc-minified/eh58b1lb/5wowx.css HTTP/1.1" 200 4324 "https://2blog.ilc.edu.tw/32745/2021/10/20/page/2/" "Mozilla/5.0 (Macintosh; Intel Mac OS X 10_15_7) AppleWebKit/605.1.15 (KHTML, like Gecko) Version/17.4 Safari/605.1.15 (Applebot/0.1; +http://www.apple.com/go/applebot)"
240e:935:a04:5403:0:1111:0:8 - - [22/Aug/2026:05:25:04 +0800] "GET /wp-content/cache/www.najh.ilc.edu.tw/wpfc-minified/4ybahoo/6wh9.css HTTP/1.1" 200 15782 "https://www.najh.ilc.edu.tw/2023/03/16/" "Mozilla/5.0 (Windows NT 10.0; Win64; x64) AppleWebKit/537.36 (KHTML, like Gecko) Chrome/144.0.0.0 Safari/537.36"
240e:935:a04:5403:0:1111:0:8 - - [22/Aug/2026:05:25:04 +0800] "GET /wp-content/cache/www.najh.ilc.edu.tw/wpfc-minified/kz7ju7r3/6wh9.css HTTP/1.1" 200 1496 "https://www.najh.ilc.edu.tw/2023/03/16/" "Mozilla/5.0 (Windows NT 10.0; Win64; x64) AppleWebKit/537.36 (KHTML, like Gecko) Chrome/144.0.0.0 Safari/537.36"
240e:935:a04:5403:0:1111:0:8 - - [22/Aug/2026:05:25:04 +0800] "GET /wp-content/cache/www.najh.ilc.edu.tw/wpfc-minified/kcxb236g/6wh9.css HTTP/1.1" 200 61684 "https://www.najh.ilc.edu.tw/2023/03/16/" "Mozilla/5.0 (Windows NT 10.0; Win64; x64) AppleWebKit/537.36 (KHTML, like Gecko) Chrome/144.0.0.0 Safari/537.36"
240e:935:a04:5403:0:1111:0:8 - - [22/Aug/2026:05:25:04 +0800] "GET /wp-content/cache/www.najh.ilc.edu.tw/wpfc-minified/87xhsi2d/6wh9.css HTTP/1.1" 200 9124 "https://www.najh.ilc.edu.tw/2023/03/16/" "Mozilla/5.0 (Windows NT 10.0; Win64; x64) AppleWebKit/537.36 (KHTML, like Gecko) Chrome/144.0.0.0 Safari/537.36"
240e:935:a04:5403:0:1111:0:8 - - [22/Aug/2026:05:25:04 +0800] "GET /wp-content/cache/www.najh.ilc.edu.tw/wpfc-minified/k0kc5650/6wh9.js HTTP/1.1" 200 40360 "https://www.najh.ilc.edu.tw/2023/03/16/" "Mozilla/5.0 (Windows NT 10.0; Win64; x64) AppleWebKit/537.36 (KHTML, like Gecko) Chrome/144.0.0.0 Safari/537.36"
240e:935:a04:5403:0:1111:0:8 - - [22/Aug/2026:05:25:04 +0800] "GET /wp-includes/js/hoverintent-js.min.js HTTP/1.1" 200 6399 "https://www.najh.ilc.edu.tw/2023/03/16/" "Mozilla/5.0 (Windows NT 10.0; Win64; x64) AppleWebKit/537.36 (KHTML, like Gecko) Chrome/144.0.0.0 Safari/537.36"
240e:935:a04:5403:0:1111:0:8 - - [22/Aug/2026:05:25:04 +0800] "GET /wp-includes/js/admin-bar.min.js HTTP/1.1" 200 2237 "https://www.najh.ilc.edu.tw/2023/03/16/" "Mozilla/5.0 (Windows NT 10.0; Win64; x64) AppleWebKit/537.36 (KHTML, like Gecko) Chrome/144.0.0.0 Safari/537.36"
240e:935:a04:5403:0:1111:0:8 - - [22/Aug/2026:05:25:04 +0800] "GET /wp-includes/js/imagesloaded.min.js HTTP/1.1" 200 2683 "https://www.najh.ilc.edu.tw/2023/03/16/" "Mozilla/5.0 (Windows NT 10.0; Win64; x64) AppleWebKit/537.36 (KHTML, like Gecko) Chrome/144.0.0.0 Safari/537.36"
240e:935:a04:5403:0:1111:0:8 - - [22/Aug/2026:05:25:04 +0800] "GET /wp-content/themes/oceanwp/assets/js/theme.min.js HTTP/1.1" 200 5130 "https://www.najh.ilc.edu.tw/2023/03/16/" "Mozilla/5.0 (Windows NT 10.0; Win64; x64) AppleWebKit/537.36 (KHTML, like Gecko) Chrome/144.0.0.0 Safari/537.36"
240e:935:a04:5403:0:1111:0:8 - - [22/Aug/2026:05:25:05 +0800] "GET /wp-content/themes/oceanwp/assets/js/drop-down-mobile-menu.min.js HTTP/1.1" 200 4663 "https://www.najh.ilc.edu.tw/2023/03/16/" "Mozilla/5.0 (Windows NT 10.0; Win64; x64) AppleWebKit/537.36 (KHTML, like Gecko) Chrome/144.0.0.0 Safari/537.36"
240e:935:a04:5403:0:1111:0:8 - - [22/Aug/2026:05:25:05 +0800] "GET /wp-content/themes/oceanwp/assets/js/ow-lightbox.min.js HTTP/1.1" 200 2321 "https://www.najh.ilc.edu.tw/2023/03/16/" "Mozilla/5.0 (Windows NT 10.0; Win64; x64) AppleWebKit/537.36 (KHTML, like Gecko) Chrome/144.0.0.0 Safari/537.36"
240e:935:a04:5403:0:1111:0:8 - - [22/Aug/2026:05:25:05 +0800] "GET /wp-content/themes/oceanwp/assets/js/drop-down-search.min.js HTTP/1.1" 200 2968 "https://www.najh.ilc.edu.tw/2023/03/16/" "Mozilla/5.0 (Windows NT 10.0; Win64; x64) AppleWebKit/537.36 (KHTML, like Gecko) Chrome/144.0.0.0 Safari/537.36"
240e:935:a04:5403:0:1111:0:8 - - [22/Aug/2026:05:25:05 +0800] "GET /wp-content/themes/oceanwp/assets/js/vendors/magnific-popup.min.js HTTP/1.1" 200 8270 "https://www.najh.ilc.edu.tw/2023/03/16/" "Mozilla/5.0 (Windows NT 10.0; Win64; x64) AppleWebKit/537.36 (KHTML, like Gecko) Chrome/144.0.0.0 Safari/537.36"
240e:935:a04:5403:0:1111:0:8 - - [22/Aug/2026:05:25:05 +0800] "GET /wp-content/themes/oceanwp/assets/js/vendors/flickity.pkgd.min.js HTTP/1.1" 200 15048 "https://www.najh.ilc.edu.tw/2023/03/16/" "Mozilla/5.0 (Windows NT 10.0; Win64; x64) AppleWebKit/537.36 (KHTML, like Gecko) Chrome/144.0.0.0 Safari/537.36"
240e:935:a04:5403:0:1111:0:8 - - [22/Aug/2026:05:25:05 +0800] "GET /wp-content/themes/oceanwp/assets/js/ow-slider.min.js HTTP/1.1" 200 1761 "https://www.najh.ilc.edu.tw/2023/03/16/" "Mozilla/5.0 (Windows NT 10.0; Win64; x64) AppleWebKit/537.36 (KHTML, like Gecko) Chrome/144.0.0.0 Safari/537.36"
17.241.227.201 - - [22/Aug/2026:05:25:05 +0800] "GET /32745/wp-includes/js/hoverintent-js.min.js HTTP/1.1" 200 1597 "https://2blog.ilc.edu.tw/32745/2021/10/20/page/2/" "Mozilla/5.0 (Macintosh; Intel Mac OS X 10_15_7) AppleWebKit/605.1.15 (KHTML, like Gecko) Version/17.4 Safari/605.1.15 (Applebot/0.1; +http://www.apple.com/go/applebot)"
240e:935:a04:5403:0:1111:0:8 - - [22/Aug/2026:05:25:05 +0800] "GET /wp-content/themes/oceanwp/assets/fonts/simple-line-icons/Simple-Line-Icons.woff2?v=2.4.0 HTTP/1.1" 200 30959 "https://www.najh.ilc.edu.tw/wp-content/cache/www.najh.ilc.edu.tw/wpfc-minified/kcxb236g/6wh9.css" "Mozilla/5.0 (Windows NT 10.0; Win64; x64) AppleWebKit/537.36 (KHTML, like Gecko) Chrome/144.0.0.0 Safari/537.36"
240e:935:a04:5403:0:1111:0:8 - - [22/Aug/2026:05:25:05 +0800] "GET /wp-content/themes/oceanwp/assets/js/scroll-top.min.js HTTP/1.1" 200 3202 "https://www.najh.ilc.edu.tw/2023/03/16/" "Mozilla/5.0 (Windows NT 10.0; Win64; x64) AppleWebKit/537.36 (KHTML, like Gecko) Chrome/144.0.0.0 Safari/537.36"
240e:935:a04:5403:0:1111:0:8 - - [22/Aug/2026:05:25:05 +0800] "GET /wp-content/themes/oceanwp/assets/js/scroll-effect.min.js HTTP/1.1" 200 4127 "https://www.najh.ilc.edu.tw/2023/03/16/" "Mozilla/5.0 (Windows NT 10.0; Win64; x64) AppleWebKit/537.36 (KHTML, like Gecko) Chrome/144.0.0.0 Safari/537.36"
240e:935:a04:5403:0:1111:0:8 - - [22/Aug/2026:05:25:05 +0800] "GET /wp-content/themes/oceanwp/assets/js/select.min.js HTTP/1.1" 200 2408 "https://www.najh.ilc.edu.tw/2023/03/16/" "Mozilla/5.0 (Windows NT 10.0; Win64; x64) AppleWebKit/537.36 (KHTML, like Gecko) Chrome/144.0.0.0 Safari/537.36"
240e:935:a04:5403:0:1111:0:8 - - [22/Aug/2026:05:25:05 +0800] "GET /wp-content/plugins/ocean-extra/includes/widgets/js/flickr.min.js HTTP/1.1" 200 1319 "https://www.najh.ilc.edu.tw/2023/03/16/" "Mozilla/5.0 (Windows NT 10.0; Win64; x64) AppleWebKit/537.36 (KHTML, like Gecko) Chrome/144.0.0.0 Safari/537.36"
240e:935:a04:5403:0:1111:0:8 - - [22/Aug/2026:05:25:05 +0800] "GET /wp-includes/js/mediaelement/mediaelement-and-player.min.js HTTP/1.1" 200 39802 "https://www.najh.ilc.edu.tw/2023/03/16/" "Mozilla/5.0 (Windows NT 10.0; Win64; x64) AppleWebKit/537.36 (KHTML, like Gecko) Chrome/144.0.0.0 Safari/537.36"
240e:935:a04:5403:0:1111:0:8 - - [22/Aug/2026:05:25:05 +0800] "GET /wp-includes/js/mediaelement/mediaelement-migrate.min.js HTTP/1.1" 200 1419 "https://www.najh.ilc.edu.tw/2023/03/16/" "Mozilla/5.0 (Windows NT 10.0; Win64; x64) AppleWebKit/537.36 (KHTML, like Gecko) Chrome/144.0.0.0 Safari/537.36"
240e:935:a04:5403:0:1111:0:8 - - [22/Aug/2026:05:25:05 +0800] "GET /wp-includes/js/mediaelement/wp-mediaelement.min.js HTTP/1.1" 200 1417 "https://www.najh.ilc.edu.tw/2023/03/16/" "Mozilla/5.0 (Windows NT 10.0; Win64; x64) AppleWebKit/537.36 (KHTML, like Gecko) Chrome/144.0.0.0 Safari/537.36"
240e:935:a04:5403:0:1111:0:8 - - [22/Aug/2026:05:25:05 +0800] "GET /wp-includes/js/mediaelement/renderers/vimeo.min.js HTTP/1.1" 200 3164 "https://www.najh.ilc.edu.tw/2023/03/16/" "Mozilla/5.0 (Windows NT 10.0; Win64; x64) AppleWebKit/537.36 (KHTML, like Gecko) Chrome/144.0.0.0 Safari/537.36"
240e:935:a04:5403:0:1111:0:8 - - [22/Aug/2026:05:25:05 +0800] "GET /wp-content/themes/oceanwp/assets/fonts/fontawesome/webfonts/fa-solid-900.woff2 HTTP/1.1" 200 151246 "https://www.najh.ilc.edu.tw/wp-content/cache/www.najh.ilc.edu.tw/wpfc-minified/kcxb236g/6wh9.css" "Mozilla/5.0 (Windows NT 10.0; Win64; x64) AppleWebKit/537.36 (KHTML, like Gecko) Chrome/144.0.0.0 Safari/537.36"
127.0.0.1 - - [22/Aug/2026:05:25:06 +0800] "GET / HTTP/1.1" 301 977 "-" "curl/7.81.0"
127.0.0.1 - - [22/Aug/2026:05:25:06 +0800] "GET / HTTP/1.1" 302 5497 "-" "curl/7.81.0"
127.0.0.1 - - [22/Aug/2026:05:25:06 +0800] "HEAD / HTTP/1.1" 302 5478 "-" "curl/7.81.0"
17.241.227.201 - - [22/Aug/2026:05:25:06 +0800] "GET /32745/wp-includes/js/admin-bar.min.js HTTP/1.1" 200 2237 "https://2blog.ilc.edu.tw/32745/2021/10/20/page/2/" "Mozilla/5.0 (Macintosh; Intel Mac OS X 10_15_7) AppleWebKit/605.1.15 (KHTML, like Gecko) Version/17.4 Safari/605.1.15 (Applebot/0.1; +http://www.apple.com/go/applebot)"
44.207.207.36 - - [22/Aug/2026:05:25:07 +0800] "GET /dreamdongao/wp-json/wp/v2/%22https:/2blog.ilc.edu.tw/dreamdongao/wp-content/uploads/sites/4007/2025/01/LINE_ALBUM_113.10.11-/u6500/u6a39/u8da3_250103_6-300x225.jpg/%22 HTTP/1.1" 404 6138 "-" "Mozilla/5.0 AppleWebKit/537.36 (KHTML, like Gecko; compatible; Amazonbot/0.1; +https://developer.amazon.com/support/amazonbot) Chrome/119.0.6045.214 Safari/537.36"
2001:4860:7:b10::ff - - [22/Aug/2026:05:25:07 +0800] "GET /11524/ HTTP/1.1" 200 22159 "https://www.google.com/" "Mozilla/5.0 (Windows NT 10.0; Win64; x64) AppleWebKit/537.36 (KHTML, like Gecko) Chrome/151.0.0.0 Safari/537.36"
2001:288:a201::66:125 - - [22/Aug/2026:05:25:08 +0800] "GET /blog/active.php HTTP/1.1" 301 1026 "-" "-"
2001:288:a201::66:125 - - [22/Aug/2026:05:25:08 +0800] "GET /blog/active.php HTTP/1.1" 404 1084 "-" "-"
140.111.67.10 - - [22/Aug/2026:05:25:08 +0800] "GET /" 301 273 "-" "-"
44.223.232.55 - - [22/Aug/2026:05:25:07 +0800] "GET /32745/2021/08/11/%E6%83%85%E4%BA%BA%E6%B7%9A-2/ HTTP/1.1" 200 92273 "-" "Mozilla/5.0 AppleWebKit/537.36 (KHTML, like Gecko; compatible; Amazonbot/0.1; +https://developer.amazon.com/support/amazonbot) Chrome/119.0.6045.214 Safari/537.36"
192.177.175.242 - - [22/Aug/2026:05:25:09 +0800] "GET /wp-content/uploads/gallery/868/868-3465491.png HTTP/1.1" 200 186533 "-" "Mozilla/5.0 (compatible; crawler)"
240e:935:a04:5403:0:1111:0:8 - - [22/Aug/2026:05:25:09 +0800] "GET /wp-content/uploads/sites/1148/2026/08/cropped-%E6%A0%A1%E5%BE%BD-609x1024-1-32x32.png HTTP/1.1" 200 2221 "https://www.najh.ilc.edu.tw/2023/03/16/" "Mozilla/5.0 (Windows NT 10.0; Win64; x64) AppleWebKit/537.36 (KHTML, like Gecko) Chrome/144.0.0.0 Safari/537.36"
::1 - - [22/Aug/2026:05:25:11 +0800] "OPTIONS * HTTP/1.0" 200 110 "-" "Apache/2.4.68 (Ubuntu) OpenSSL/3.0.19 (internal dummy connection)"
::1 - - [22/Aug/2026:05:25:12 +0800] "OPTIONS * HTTP/1.0" 200 110 "-" "Apache/2.4.68 (Ubuntu) OpenSSL/3.0.19 (internal dummy connection)"
2001:288:a201::66:125 - - [22/Aug/2026:05:25:13 +0800] "GET /blog/active.php HTTP/1.1" 301 1026 "-" "-"
50.114.30.98 - - [22/Aug/2026:05:25:13 +0800] "GET /hsiesstudentaffairs/wp-content/uploads/sites/3417/2021/12/202111%E9%98%B2%E7%81%BD%E5%9C%B0%E5%9C%96-768x746.jpg HTTP/1.1" 200 106981 "https://2blog.ilc.edu.tw/hsiesstudentaffairs/%E9%98%B2%E7%81%BD%E6%95%99%E8%82%B2/" "Mozilla/5.0 (Macintosh; Intel Mac OS X 10_15_7) AppleWebKit/537.36 (KHTML, like Gecko) Chrome/131.0.0.0 Safari/537.36"
2001:288:a201::66:125 - - [22/Aug/2026:05:25:13 +0800] "GET /blog/active.php HTTP/1.1" 404 1084 "-" "-"
140.111.67.10 - - [22/Aug/2026:05:25:13 +0800] "GET /" 301 273 "-" "-"
::1 - - [22/Aug/2026:05:25:13 +0800] "OPTIONS * HTTP/1.0" 200 110 "-" "Apache/2.4.68 (Ubuntu) OpenSSL/3.0.19 (internal dummy connection)"
34.56.53.225 - - [22/Aug/2026:05:25:14 +0800] "GET /amy6998/2023/06/29/112%E5%B9%B45%E6%9C%886%E6%97%A5%E6%A0%A1%E9%95%B7%E5%B0%88%E6%A5%AD%E9%A0%98%E5%B0%8E%E9%80%B2%E4%BF%AE/ HTTP/1.1" 200 18030 "-" "Mozilla/5.0 (Macintosh; Intel Mac OS X 10_15_7) AppleWebKit/537.36 (KHTML, like Gecko) Chrome/120.0.0.0 Safari/537.36"
::1 - - [22/Aug/2026:05:25:15 +0800] "OPTIONS * HTTP/1.0" 200 110 "-" "Apache/2.4.68 (Ubuntu) OpenSSL/3.0.19 (internal dummy connection)"
23.23.103.31 - - [22/Aug/2026:05:25:16 +0800] "GET /112/2019/08/28/%E9%96%8B%E5%AD%B8%E5%89%8D%E7%9A%84%E5%82%99%E8%AA%B23-%E7%A4%BE%E6%9C%83%E9%A0%98%E5%9F%9F%E7%9A%84%E7%B4%A0%E9%A4%8A%E5%8F%AF%E4%BB%A5%E9%80%99%E6%A8%A3%E6%95%99%EF%BC%81/ HTTP/1.1" 200 16512 "-" "Mozilla/5.0 AppleWebKit/537.36 (KHTML, like Gecko; compatible; Amazonbot/0.1; +https://developer.amazon.com/support/amazonbot) Chrome/119.0.6045.214 Safari/537.36"
108.44.253.187 - - [22/Aug/2026:05:25:16 +0800] "GET /wp-content/uploads/sites/1962/4719/4719-369136.pdf HTTP/1.1" 200 135160 "-" "Mozilla/5.0 (Macintosh; Intel Mac OS X 10_15_7) AppleWebKit/537.36 (KHTML, like Gecko) Chrome/148.0.0.0 Safari/537.36"
66.249.79.164 - - [22/Aug/2026:05:25:17 +0800] "GET /6497/2011/12/12/100%E5%8A%A0%E5%BC%B7%E5%AD%B8%E6%A0%A1%E7%92%B0%E5%A2%83%E6%95%99%E8%82%B2%E4%B8%89%E5%B9%B4%E8%A8%88%E7%95%AB-99-101/ HTTP/1.1" 200 15826 "-" "Mozilla/5.0 (Linux; Android 6.0.1; Nexus 5X Build/MMB29P) AppleWebKit/537.36 (KHTML, like Gecko) Chrome/151.0.7922.137 Mobile Safari/537.36 (compatible; Googlebot/2.1; +http://www.google.com/bot.html)"
2001:288:a201::66:125 - - [22/Aug/2026:05:25:18 +0800] "GET /blog/active.php HTTP/1.1" 301 1026 "-" "-"
2001:288:a201::66:125 - - [22/Aug/2026:05:25:18 +0800] "GET /blog/active.php HTTP/1.1" 404 1084 "-" "-"
140.111.67.10 - - [22/Aug/2026:05:25:18 +0800] "GET /" 301 273 "-" "-"
172.245.100.72 - - [22/Aug/2026:05:25:18 +0800] "GET /17160/wp-content/uploads/sites/1249/2021/11/IMG_3176-300x225.jpg HTTP/1.1" 200 44641 "https://2blog.ilc.edu.tw/17160/2021/10/22/%E3%80%90%E4%BA%94%E5%B9%B4%E7%B4%9A%E3%80%91%E6%8E%A8%E7%90%86%E6%95%B8%E5%AD%B8-%E6%AD%B8%E4%B8%80%E5%95%8F%E9%A1%8C-2/" "Mozilla/5.0 (Macintosh; Intel Mac OS X 10_15_7) AppleWebKit/537.36 (KHTML, like Gecko) Chrome/131.0.0.0 Safari/537.36"
66.249.79.163 - - [22/Aug/2026:05:25:20 +0800] "POST /6497/wp-json/ilc-summary/v1/popular-posts HTTP/1.1" 201 6051 "https://2blog.ilc.edu.tw/6497/2011/12/12/100%E5%8A%A0%E5%BC%B7%E5%AD%B8%E6%A0%A1%E7%92%B0%E5%A2%83%E6%95%99%E8%82%B2%E4%B8%89%E5%B9%B4%E8%A8%88%E7%95%AB-99-101/" "Mozilla/5.0 (Linux; Android 6.0.1; Nexus 5X Build/MMB29P) AppleWebKit/537.36 (KHTML, like Gecko) Chrome/151.0.7922.137 Mobile Safari/537.36 (compatible; Googlebot/2.1; +http://www.google.com/bot.html)"
54.85.109.140 - - [22/Aug/2026:05:25:20 +0800] "GET /tcesinfo/wp-json/wp/v2/%22https:/2blog.ilc.edu.tw/tcesinfo/wp-content/uploads/sites/93/2021/05/Ubuntu-64-bit-2-2021-05-06-10-10-49.png/%22 HTTP/1.1" 404 6135 "-" "Mozilla/5.0 AppleWebKit/537.36 (KHTML, like Gecko; compatible; Amazonbot/0.1; +https://developer.amazon.com/support/amazonbot) Chrome/119.0.6045.214 Safari/537.36"
18.211.39.188 - - [22/Aug/2026:05:25:21 +0800] "GET /wp-content/uploads/sites/3414/2022/09/?C=N;O%3DA HTTP/1.1" 200 1113 "-" "Mozilla/5.0 AppleWebKit/537.36 (KHTML, like Gecko; compatible; Amazonbot/0.1; +https://developer.amazon.com/support/amazonbot) Chrome/119.0.6045.214 Safari/537.36"
20.125.101.194 - - [22/Aug/2026:05:25:22 +0800] "GET /26064/wp-content/uploads/sites/1066/2018/12/06-%E5%AE%9A%E6%A1%88112%E5%AD%B8%E5%B9%B4%E5%BA%A6%E5%AE%9C%E8%98%AD%E7%B8%A3%E5%9C%8B%E6%B0%91%E4%B8%AD%E5%AD%B8%E5%AD%B8%E5%8D%80%E5%8A%83%E5%88%86%E4%B8%80%E8%A6%BD%E8%A1%A8.pdf HTTP/1.1" 200 241046 "-" "Mozilla/5.0 (compatible; MSR-Financial-PDF-Scorer/1.0)"
2401:e180:8d10:e5bd:7cea:9f2:62fb:67ca - - [22/Aug/2026:05:25:22 +0800] "GET /wp-content/cache/isupport.ilc.edu.tw/wpfc-minified/jpyo1yc2/ks8w.css HTTP/1.1" 200 5958 "https://isupport.ilc.edu.tw/11524/" "Mozilla/5.0 (Windows NT 10.0; Win64; x64) AppleWebKit/537.36 (KHTML, like Gecko) Chrome/151.0.0.0 Safari/537.36"
2401:e180:8d10:e5bd:7cea:9f2:62fb:67ca - - [22/Aug/2026:05:25:22 +0800] "GET /wp-content/cache/isupport.ilc.edu.tw/wpfc-minified/fhgiw72a/ks8w.css HTTP/1.1" 200 45684 "https://isupport.ilc.edu.tw/11524/" "Mozilla/5.0 (Windows NT 10.0; Win64; x64) AppleWebKit/537.36 (KHTML, like Gecko) Chrome/151.0.0.0 Safari/537.36"
2401:e180:8d10:e5bd:7cea:9f2:62fb:67ca - - [22/Aug/2026:05:25:22 +0800] "GET /wp-content/cache/isupport.ilc.edu.tw/wpfc-minified/lwjo9g1t/ks8w.css HTTP/1.1" 200 11144 "https://isupport.ilc.edu.tw/11524/" "Mozilla/5.0 (Windows NT 10.0; Win64; x64) AppleWebKit/537.36 (KHTML, like Gecko) Chrome/151.0.0.0 Safari/537.36"
2401:e180:8d10:e5bd:7cea:9f2:62fb:67ca - - [22/Aug/2026:05:25:22 +0800] "GET /wp-content/uploads/sites/3591/elementor/css/post-3.css HTTP/1.1" 200 6563 "https://isupport.ilc.edu.tw/11524/" "Mozilla/5.0 (Windows NT 10.0; Win64; x64) AppleWebKit/537.36 (KHTML, like Gecko) Chrome/151.0.0.0 Safari/537.36"
2401:e180:8d10:e5bd:7cea:9f2:62fb:67ca - - [22/Aug/2026:05:25:22 +0800] "GET /wp-content/cache/isupport.ilc.edu.tw/wpfc-minified/drup3mak/ks8w.css HTTP/1.1" 200 32361 "https://isupport.ilc.edu.tw/11524/" "Mozilla/5.0 (Windows NT 10.0; Win64; x64) AppleWebKit/537.36 (KHTML, like Gecko) Chrome/151.0.0.0 Safari/537.36"
2401:e180:8d10:e5bd:7cea:9f2:62fb:67ca - - [22/Aug/2026:05:25:22 +0800] "GET /wp-content/cache/isupport.ilc.edu.tw/wpfc-minified/8jq1rsi9/ks8w.css HTTP/1.1" 200 58084 "https://isupport.ilc.edu.tw/11524/" "Mozilla/5.0 (Windows NT 10.0; Win64; x64) AppleWebKit/537.36 (KHTML, like Gecko) Chrome/151.0.0.0 Safari/537.36"
2401:e180:8d10:e5bd:7cea:9f2:62fb:67ca - - [22/Aug/2026:05:25:23 +0800] "GET /wp-content/uploads/sites/3591/elementor/css/post-11524.css HTTP/1.1" 200 960 "https://isupport.ilc.edu.tw/11524/" "Mozilla/5.0 (Windows NT 10.0; Win64; x64) AppleWebKit/537.36 (KHTML, like Gecko) Chrome/151.0.0.0 Safari/537.36"
2401:e180:8d10:e5bd:7cea:9f2:62fb:67ca - - [22/Aug/2026:05:25:23 +0800] "GET /wp-content/cache/isupport.ilc.edu.tw/wpfc-minified/kxdlh8d7/ks8w.css HTTP/1.1" 200 7701 "https://isupport.ilc.edu.tw/11524/" "Mozilla/5.0 (Windows NT 10.0; Win64; x64) AppleWebKit/537.36 (KHTML, like Gecko) Chrome/151.0.0.0 Safari/537.36"
2401:e180:8d10:e5bd:7cea:9f2:62fb:67ca - - [22/Aug/2026:05:25:23 +0800] "GET /wp-content/cache/isupport.ilc.edu.tw/wpfc-minified/10m74ssp/ks8x.js HTTP/1.1" 200 35551 "https://isupport.ilc.edu.tw/11524/" "Mozilla/5.0 (Windows NT 10.0; Win64; x64) AppleWebKit/537.36 (KHTML, like Gecko) Chrome/151.0.0.0 Safari/537.36"
2001:288:a201::66:125 - - [22/Aug/2026:05:25:23 +0800] "GET /blog/active.php HTTP/1.1" 301 1026 "-" "-"
2401:e180:8d10:e5bd:7cea:9f2:62fb:67ca - - [22/Aug/2026:05:25:23 +0800] "GET /wp-content/cache/isupport.ilc.edu.tw/wpfc-minified/fqv0eogw/ks8w.js HTTP/1.1" 200 1635 "https://isupport.ilc.edu.tw/11524/" "Mozilla/5.0 (Windows NT 10.0; Win64; x64) AppleWebKit/537.36 (KHTML, like Gecko) Chrome/151.0.0.0 Safari/537.36"
2401:e180:8d10:e5bd:7cea:9f2:62fb:67ca - - [22/Aug/2026:05:25:23 +0800] "GET /wp-includes/js/hoverintent-js.min.js HTTP/1.1" 200 1597 "https://isupport.ilc.edu.tw/11524/" "Mozilla/5.0 (Windows NT 10.0; Win64; x64) AppleWebKit/537.36 (KHTML, like Gecko) Chrome/151.0.0.0 Safari/537.36"
2401:e180:8d10:e5bd:7cea:9f2:62fb:67ca - - [22/Aug/2026:05:25:23 +0800] "GET /wp-includes/js/admin-bar.min.js HTTP/1.1" 200 2237 "https://isupport.ilc.edu.tw/11524/" "Mozilla/5.0 (Windows NT 10.0; Win64; x64) AppleWebKit/537.36 (KHTML, like Gecko) Chrome/151.0.0.0 Safari/537.36"
2401:e180:8d10:e5bd:7cea:9f2:62fb:67ca - - [22/Aug/2026:05:25:23 +0800] "GET /wp-content/uploads/sites/3591/2024/11/Canva%E6%95%99%E8%82%B2%E7%89%88.png HTTP/1.1" 200 112208 "https://isupport.ilc.edu.tw/11524/" "Mozilla/5.0 (Windows NT 10.0; Win64; x64) AppleWebKit/537.36 (KHTML, like Gecko) Chrome/151.0.0.0 Safari/537.36"
2001:288:a201::66:125 - - [22/Aug/2026:05:25:23 +0800] "GET /blog/active.php HTTP/1.1" 404 5511 "-" "-"
2401:e180:8d10:e5bd:7cea:9f2:62fb:67ca - - [22/Aug/2026:05:25:23 +0800] "GET /wp-includes/js/imagesloaded.min.js HTTP/1.1" 200 2683 "https://isupport.ilc.edu.tw/11524/" "Mozilla/5.0 (Windows NT 10.0; Win64; x64) AppleWebKit/537.36 (KHTML, like Gecko) Chrome/151.0.0.0 Safari/537.36"
2401:e180:8d10:e5bd:7cea:9f2:62fb:67ca - - [22/Aug/2026:05:25:23 +0800] "GET /wp-content/themes/oceanwp/assets/js/vendors/sidr.js HTTP/1.1" 200 4102 "https://isupport.ilc.edu.tw/11524/" "Mozilla/5.0 (Windows NT 10.0; Win64; x64) AppleWebKit/537.36 (KHTML, like Gecko) Chrome/151.0.0.0 Safari/537.36"
2401:e180:8d10:e5bd:7cea:9f2:62fb:67ca - - [22/Aug/2026:05:25:23 +0800] "GET /wp-content/themes/oceanwp/assets/js/theme.min.js HTTP/1.1" 200 5130 "https://isupport.ilc.edu.tw/11524/" "Mozilla/5.0 (Windows NT 10.0; Win64; x64) AppleWebKit/537.36 (KHTML, like Gecko) Chrome/151.0.0.0 Safari/537.36"
2401:e180:8d10:e5bd:7cea:9f2:62fb:67ca - - [22/Aug/2026:05:25:23 +0800] "GET /wp-content/themes/oceanwp/assets/js/sidebar-mobile-menu.min.js HTTP/1.1" 200 4731 "https://isupport.ilc.edu.tw/11524/" "Mozilla/5.0 (Windows NT 10.0; Win64; x64) AppleWebKit/537.36 (KHTML, like Gecko) Chrome/151.0.0.0 Safari/537.36"
2401:e180:8d10:e5bd:7cea:9f2:62fb:67ca - - [22/Aug/2026:05:25:23 +0800] "GET /wp-content/themes/oceanwp/assets/js/drop-down-search.min.js HTTP/1.1" 200 2968 "https://isupport.ilc.edu.tw/11524/" "Mozilla/5.0 (Windows NT 10.0; Win64; x64) AppleWebKit/537.36 (KHTML, like Gecko) Chrome/151.0.0.0 Safari/537.36"
2401:e180:8d10:e5bd:7cea:9f2:62fb:67ca - - [22/Aug/2026:05:25:23 +0800] "GET /wp-content/themes/oceanwp/assets/js/equal-height-elements.min.js HTTP/1.1" 200 2606 "https://isupport.ilc.edu.tw/11524/" "Mozilla/5.0 (Windows NT 10.0; Win64; x64) AppleWebKit/537.36 (KHTML, like Gecko) Chrome/151.0.0.0 Safari/537.36"
2401:e180:8d10:e5bd:7cea:9f2:62fb:67ca - - [22/Aug/2026:05:25:23 +0800] "GET /wp-content/themes/oceanwp/assets/js/vendors/magnific-popup.min.js HTTP/1.1" 200 8270 "https://isupport.ilc.edu.tw/11524/" "Mozilla/5.0 (Windows NT 10.0; Win64; x64) AppleWebKit/537.36 (KHTML, like Gecko) Chrome/151.0.0.0 Safari/537.36"
2401:e180:8d10:e5bd:7cea:9f2:62fb:67ca - - [22/Aug/2026:05:25:23 +0800] "GET /wp-content/themes/oceanwp/assets/js/ow-lightbox.min.js HTTP/1.1" 200 2321 "https://isupport.ilc.edu.tw/11524/" "Mozilla/5.0 (Windows NT 10.0; Win64; x64) AppleWebKit/537.36 (KHTML, like Gecko) Chrome/151.0.0.0 Safari/537.36"
2401:e180:8d10:e5bd:7cea:9f2:62fb:67ca - - [22/Aug/2026:05:25:23 +0800] "GET /wp-content/themes/oceanwp/assets/js/vendors/flickity.pkgd.min.js HTTP/1.1" 200 15048 "https://isupport.ilc.edu.tw/11524/" "Mozilla/5.0 (Windows NT 10.0; Win64; x64) AppleWebKit/537.36 (KHTML, like Gecko) Chrome/151.0.0.0 Safari/537.36"
2401:e180:8d10:e5bd:7cea:9f2:62fb:67ca - - [22/Aug/2026:05:25:23 +0800] "GET /wp-content/themes/oceanwp/assets/js/scroll-effect.min.js HTTP/1.1" 200 4127 "https://isupport.ilc.edu.tw/11524/" "Mozilla/5.0 (Windows NT 10.0; Win64; x64) AppleWebKit/537.36 (KHTML, like Gecko) Chrome/151.0.0.0 Safari/537.36"
2401:e180:8d10:e5bd:7cea:9f2:62fb:67ca - - [22/Aug/2026:05:25:23 +0800] "GET /wp-content/themes/oceanwp/assets/js/scroll-top.min.js HTTP/1.1" 200 3202 "https://isupport.ilc.edu.tw/11524/" "Mozilla/5.0 (Windows NT 10.0; Win64; x64) AppleWebKit/537.36 (KHTML, like Gecko) Chrome/151.0.0.0 Safari/537.36"
2401:e180:8d10:e5bd:7cea:9f2:62fb:67ca - - [22/Aug/2026:05:25:23 +0800] "GET /wp-content/themes/oceanwp/assets/js/ow-slider.min.js HTTP/1.1" 200 1761 "https://isupport.ilc.edu.tw/11524/" "Mozilla/5.0 (Windows NT 10.0; Win64; x64) AppleWebKit/537.36 (KHTML, like Gecko) Chrome/151.0.0.0 Safari/537.36"
2401:e180:8d10:e5bd:7cea:9f2:62fb:67ca - - [22/Aug/2026:05:25:23 +0800] "GET /wp-content/uploads/sites/3591/2022/11/banner_%E6%96%87%E7%AB%A0%E5%85%A7%E5%AE%B9.jpg HTTP/1.1" 200 18255 "https://isupport.ilc.edu.tw/11524/" "Mozilla/5.0 (Windows NT 10.0; Win64; x64) AppleWebKit/537.36 (KHTML, like Gecko) Chrome/151.0.0.0 Safari/537.36"
2401:e180:8d10:e5bd:7cea:9f2:62fb:67ca - - [22/Aug/2026:05:25:23 +0800] "GET /wp-content/themes/oceanwp/assets/fonts/simple-line-icons/Simple-Line-Icons.woff2?v=2.4.0 HTTP/1.1" 200 30959 "https://isupport.ilc.edu.tw/wp-content/cache/isupport.ilc.edu.tw/wpfc-minified/8jq1rsi9/ks8w.css" "Mozilla/5.0 (Windows NT 10.0; Win64; x64) AppleWebKit/537.36 (KHTML, like Gecko) Chrome/151.0.0.0 Safari/537.36"
2401:e180:8d10:e5bd:7cea:9f2:62fb:67ca - - [22/Aug/2026:05:25:23 +0800] "GET /wp-content/themes/oceanwp/assets/fonts/fontawesome/webfonts/fa-solid-900.woff2 HTTP/1.1" 200 151246 "https://isupport.ilc.edu.tw/wp-content/cache/isupport.ilc.edu.tw/wpfc-minified/8jq1rsi9/ks8w.css" "Mozilla/5.0 (Windows NT 10.0; Win64; x64) AppleWebKit/537.36 (KHTML, like Gecko) Chrome/151.0.0.0 Safari/537.36"
2401:e180:8d10:e5bd:7cea:9f2:62fb:67ca - - [22/Aug/2026:05:25:23 +0800] "GET /wp-content/themes/oceanwp/assets/js/select.min.js HTTP/1.1" 200 2408 "https://isupport.ilc.edu.tw/11524/" "Mozilla/5.0 (Windows NT 10.0; Win64; x64) AppleWebKit/537.36 (KHTML, like Gecko) Chrome/151.0.0.0 Safari/537.36"
2401:e180:8d10:e5bd:7cea:9f2:62fb:67ca - - [22/Aug/2026:05:25:23 +0800] "GET /wp-content/uploads/sites/3591/2023/04/%E6%95%B8%E4%BD%8D%E5%AD%B8%E7%BF%92%E6%94%AF%E6%8C%81%E5%B9%B3%E5%8F%B0logo_50.png HTTP/1.1" 200 3861 "https://isupport.ilc.edu.tw/11524/" "Mozilla/5.0 (Windows NT 10.0; Win64; x64) AppleWebKit/537.36 (KHTML, like Gecko) Chrome/151.0.0.0 Safari/537.36"
2401:e180:8d10:e5bd:7cea:9f2:62fb:67ca - - [22/Aug/2026:05:25:23 +0800] "GET /wp-content/themes/oceanwp/assets/js/ow-infinite-scroll.min.js HTTP/1.1" 200 8588 "https://isupport.ilc.edu.tw/11524/" "Mozilla/5.0 (Windows NT 10.0; Win64; x64) AppleWebKit/537.36 (KHTML, like Gecko) Chrome/151.0.0.0 Safari/537.36"
2401:e180:8d10:e5bd:7cea:9f2:62fb:67ca - - [22/Aug/2026:05:25:23 +0800] "POST /wp-json/ilc-summary/v1/popular-posts HTTP/1.1" 201 1400 "https://isupport.ilc.edu.tw/11524/" "Mozilla/5.0 (Windows NT 10.0; Win64; x64) AppleWebKit/537.36 (KHTML, like Gecko) Chrome/151.0.0.0 Safari/537.36"
2401:e180:8d10:e5bd:7cea:9f2:62fb:67ca - - [22/Aug/2026:05:25:23 +0800] "GET /wp-content/plugins/ocean-extra/includes/widgets/js/flickr.min.js HTTP/1.1" 200 1319 "https://isupport.ilc.edu.tw/11524/" "Mozilla/5.0 (Windows NT 10.0; Win64; x64) AppleWebKit/537.36 (KHTML, like Gecko) Chrome/151.0.0.0 Safari/537.36"
2401:e180:8d10:e5bd:7cea:9f2:62fb:67ca - - [22/Aug/2026:05:25:23 +0800] "GET /wp-content/themes/oceanwp/assets/fonts/fontawesome/webfonts/fa-regular-400.woff2 HTTP/1.1" 200 25383 "https://isupport.ilc.edu.tw/wp-content/cache/isupport.ilc.edu.tw/wpfc-minified/8jq1rsi9/ks8w.css" "Mozilla/5.0 (Windows NT 10.0; Win64; x64) AppleWebKit/537.36 (KHTML, like Gecko) Chrome/151.0.0.0 Safari/537.36"
2401:e180:8d10:e5bd:7cea:9f2:62fb:67ca - - [22/Aug/2026:05:25:23 +0800] "GET /wp-content/plugins/elementor-pro/assets/js/webpack-pro.runtime.min.js HTTP/1.1" 200 3562 "https://isupport.ilc.edu.tw/11524/" "Mozilla/5.0 (Windows NT 10.0; Win64; x64) AppleWebKit/537.36 (KHTML, like Gecko) Chrome/151.0.0.0 Safari/537.36"
2401:e180:8d10:e5bd:7cea:9f2:62fb:67ca - - [22/Aug/2026:05:25:23 +0800] "GET /wp-content/plugins/elementor/assets/js/webpack.runtime.min.js HTTP/1.1" 200 3095 "https://isupport.ilc.edu.tw/11524/" "Mozilla/5.0 (Windows NT 10.0; Win64; x64) AppleWebKit/537.36 (KHTML, like Gecko) Chrome/151.0.0.0 Safari/537.36"
2401:e180:8d10:e5bd:7cea:9f2:62fb:67ca - - [22/Aug/2026:05:25:23 +0800] "GET /wp-content/plugins/elementor/assets/js/frontend-modules.min.js HTTP/1.1" 200 19416 "https://isupport.ilc.edu.tw/11524/" "Mozilla/5.0 (Windows NT 10.0; Win64; x64) AppleWebKit/537.36 (KHTML, like Gecko) Chrome/151.0.0.0 Safari/537.36"
2401:e180:8d10:e5bd:7cea:9f2:62fb:67ca - - [22/Aug/2026:05:25:23 +0800] "GET /wp-includes/js/dist/hooks.min.js HTTP/1.1" 200 2421 "https://isupport.ilc.edu.tw/11524/" "Mozilla/5.0 (Windows NT 10.0; Win64; x64) AppleWebKit/537.36 (KHTML, like Gecko) Chrome/151.0.0.0 Safari/537.36"
2401:e180:8d10:e5bd:7cea:9f2:62fb:67ca - - [22/Aug/2026:05:25:23 +0800] "GET /wp-includes/js/dist/i18n.min.js HTTP/1.1" 200 4547 "https://isupport.ilc.edu.tw/11524/" "Mozilla/5.0 (Windows NT 10.0; Win64; x64) AppleWebKit/537.36 (KHTML, like Gecko) Chrome/151.0.0.0 Safari/537.36"
2401:e180:8d10:e5bd:7cea:9f2:62fb:67ca - - [22/Aug/2026:05:25:23 +0800] "GET /wp-content/plugins/elementor-pro/assets/js/frontend.min.js HTTP/1.1" 200 7574 "https://isupport.ilc.edu.tw/11524/" "Mozilla/5.0 (Windows NT 10.0; Win64; x64) AppleWebKit/537.36 (KHTML, like Gecko) Chrome/151.0.0.0 Safari/537.36"
2401:e180:8d10:e5bd:7cea:9f2:62fb:67ca - - [22/Aug/2026:05:25:23 +0800] "GET /wp-content/plugins/elementor/assets/lib/waypoints/waypoints.min.js HTTP/1.1" 200 3873 "https://isupport.ilc.edu.tw/11524/" "Mozilla/5.0 (Windows NT 10.0; Win64; x64) AppleWebKit/537.36 (KHTML, like Gecko) Chrome/151.0.0.0 Safari/537.36"
2401:e180:8d10:e5bd:7cea:9f2:62fb:67ca - - [22/Aug/2026:05:25:23 +0800] "GET /wp-includes/js/jquery/ui/core.min.js HTTP/1.1" 200 7986 "https://isupport.ilc.edu.tw/11524/" "Mozilla/5.0 (Windows NT 10.0; Win64; x64) AppleWebKit/537.36 (KHTML, like Gecko) Chrome/151.0.0.0 Safari/537.36"
2401:e180:8d10:e5bd:7cea:9f2:62fb:67ca - - [22/Aug/2026:05:25:23 +0800] "GET /wp-content/plugins/elementor-pro/assets/js/elements-handlers.min.js HTTP/1.1" 200 10882 "https://isupport.ilc.edu.tw/11524/" "Mozilla/5.0 (Windows NT 10.0; Win64; x64) AppleWebKit/537.36 (KHTML, like Gecko) Chrome/151.0.0.0 Safari/537.36"
2401:e180:8d10:e5bd:7cea:9f2:62fb:67ca - - [22/Aug/2026:05:25:23 +0800] "GET /wp-content/plugins/elementor/assets/js/frontend.min.js HTTP/1.1" 200 13169 "https://isupport.ilc.edu.tw/11524/" "Mozilla/5.0 (Windows NT 10.0; Win64; x64) AppleWebKit/537.36 (KHTML, like Gecko) Chrome/151.0.0.0 Safari/537.36"
52.203.237.170 - - [22/Aug/2026:05:25:23 +0800] "GET /tcesinfo/wp-json/wp/v2/%22https:/2blog.ilc.edu.tw/tcesinfo/wp-content/uploads/sites/93/2021/06/Windows-11-x64-2021-06-16-18-15-44.png/%22 HTTP/1.1" 404 6135 "-" "Mozilla/5.0 AppleWebKit/537.36 (KHTML, like Gecko; compatible; Amazonbot/0.1; +https://developer.amazon.com/support/amazonbot) Chrome/119.0.6045.214 Safari/537.36"
2401:e180:8d10:e5bd:7cea:9f2:62fb:67ca - - [22/Aug/2026:05:25:23 +0800] "GET /wp-content/plugins/elementor/assets/js/text-editor.2c35aafbe5bf0e127950.bundle.min.js HTTP/1.1" 200 1545 "https://isupport.ilc.edu.tw/11524/" "Mozilla/5.0 (Windows NT 10.0; Win64; x64) AppleWebKit/537.36 (KHTML, like Gecko) Chrome/151.0.0.0 Safari/537.36"
2401:e180:8d10:e5bd:7cea:9f2:62fb:67ca - - [22/Aug/2026:05:25:23 +0800] "GET /wp-content/plugins/elementor/assets/js/video.d11c91c1b2b642a34601.bundle.min.js HTTP/1.1" 200 2161 "https://isupport.ilc.edu.tw/11524/" "Mozilla/5.0 (Windows NT 10.0; Win64; x64) AppleWebKit/537.36 (KHTML, like Gecko) Chrome/151.0.0.0 Safari/537.36"
2401:e180:8d10:e5bd:7cea:9f2:62fb:67ca - - [22/Aug/2026:05:25:23 +0800] "GET /wp-content/uploads/sites/3591/2022/07/cropped-%E6%95%B8%E4%BD%8D%E5%AD%B8%E7%BF%92%E6%94%AF%E6%8C%81%E5%B9%B3%E5%8F%B0logo_lg-32x32.png HTTP/1.1" 200 1779 "https://isupport.ilc.edu.tw/11524/" "Mozilla/5.0 (Windows NT 10.0; Win64; x64) AppleWebKit/537.36 (KHTML, like Gecko) Chrome/151.0.0.0 Safari/537.36"
100.28.118.16 - - [22/Aug/2026:05:25:19 +0800] "GET /linkc/2011/01/04/%E5%8D%A1%E5%85%A7%E5%9F%BA%E6%AF%8F%E5%91%A8%E4%B8%80%E6%99%BA-%E5%A6%82%E4%BD%95%E6%88%90%E7%82%BA%E8%87%AA%E5%B7%B1%E7%9A%84%E4%B8%BB%E4%BA%BA%EF%BC%9F/ HTTP/1.1" 200 18910 "-" "Mozilla/5.0 AppleWebKit/537.36 (KHTML, like Gecko; compatible; Amazonbot/0.1; +https://developer.amazon.com/support/amazonbot) Chrome/119.0.6045.214 Safari/537.36"
140.111.67.10 - - [22/Aug/2026:05:25:23 +0800] "GET /" 301 273 "-" "-"
66.249.71.173 - - [22/Aug/2026:05:25:23 +0800] "GET /art/art.html%C2%A0%E8%A3%A1%E9%9D%A2%E6%9C%89%E5%80%8B%E9%9A%8E%E6%AE%B5%E8%A9%B3%E7%B4%B0%E8%AA%AA%E6%98%8E%E8%88%87%E6%AF%94%E5%B0%8D HTTP/1.1" 404 77495 "-" "Mozilla/5.0 (Linux; Android 6.0.1; Nexus 5X Build/MMB29P) AppleWebKit/537.36 (KHTML, like Gecko) Chrome/151.0.7922.137 Mobile Safari/537.36 (compatible; GoogleOther)"
2001:288:a201::67:82 - - [22/Aug/2026:05:25:23 +0800] "POST /art/art.html%C2%A0%E8%A3%A1%E9%9D%A2%E6%9C%89%E5%80%8B%E9%9A%8E%E6%AE%B5%E8%A9%B3%E7%B4%B0%E8%AA%AA%E6%98%8E%E8%88%87%E6%AF%94%E5%B0%8D?fsm_edd_37394=a3709c8ffd6c52e563d3ad701f3f1682 HTTP/1.1" 404 77446 "-" "WordPress/6.6.7; https://www.gtes.ilc.edu.tw"
2001:288:a201::67:82 - - [22/Aug/2026:05:25:22 +0800] "POST /linkc/2011/01/04/%E5%8D%A1%E5%85%A7%E5%9F%BA%E6%AF%8F%E5%91%A8%E4%B8%80%E6%99%BA-%E5%A6%82%E4%BD%95%E6%88%90%E7%82%BA%E8%87%AA%E5%B7%B1%E7%9A%84%E4%B8%BB%E4%BA%BA%EF%BC%9F/?fsm_edd_37394=aba3e245ff1da773e7a1f18812269407 HTTP/1.1" 200 13008 "-" "WordPress/6.6.7; https://2blog.ilc.edu.tw/linkc"
17.241.227.141 - - [22/Aug/2026:05:25:25 +0800] "GET /6574/wp-content/cache/2blog.ilc.edu.tw/wpfc-minified/6nik0okb/dthvo.css HTTP/1.1" 200 45680 "https://2blog.ilc.edu.tw/6574/2011/11/28/%e5%9b%9b%e5%b9%b4%e5%bf%a0%e7%8f%ad%e5%ae%b6%e5%ba%ad%e6%95%99%e8%82%b2%e5%8f%8a%e7%92%b0%e5%a2%83%e6%95%99%e8%82%b2%e8%9e%8d%e5%85%a5%e8%aa%b2%e7%a8%8b%e6%88%90%e6%9e%9c/" "Mozilla/5.0 (Macintosh; Intel Mac OS X 10_15_7) AppleWebKit/605.1.15 (KHTML, like Gecko) Version/17.4 Safari/605.1.15 (Applebot/0.1; +http://www.apple.com/go/applebot)"
17.241.227.141 - - [22/Aug/2026:05:25:26 +0800] "GET /6574/wp-content/cache/2blog.ilc.edu.tw/wpfc-minified/2azb9ah4/g0nww.js HTTP/1.1" 200 1643 "https://2blog.ilc.edu.tw/6574/2011/11/28/%e5%9b%9b%e5%b9%b4%e5%bf%a0%e7%8f%ad%e5%ae%b6%e5%ba%ad%e6%95%99%e8%82%b2%e5%8f%8a%e7%92%b0%e5%a2%83%e6%95%99%e8%82%b2%e8%9e%8d%e5%85%a5%e8%aa%b2%e7%a8%8b%e6%88%90%e6%9e%9c/" "Mozilla/5.0 (Macintosh; Intel Mac OS X 10_15_7) AppleWebKit/605.1.15 (KHTML, like Gecko) Version/17.4 Safari/605.1.15 (Applebot/0.1; +http://www.apple.com/go/applebot)"
64.233.173.149 - - [22/Aug/2026:05:25:26 +0800] "GET /blog/gallery/2406/previews-med/2406-1977577.jpg HTTP/1.1" 301 1127 "-" "Mozilla/5.0 (Windows NT 5.1; rv:11.0) Gecko Firefox/11.0 (via ggpht.com GoogleImageProxy)"
64.233.173.149 - - [22/Aug/2026:05:25:27 +0800] "GET /blog/gallery/2406/previews-med/2406-1977581.jpg HTTP/1.1" 301 1127 "-" "Mozilla/5.0 (Windows NT 5.1; rv:11.0) Gecko Firefox/11.0 (via ggpht.com GoogleImageProxy)"
64.233.173.150 - - [22/Aug/2026:05:25:27 +0800] "GET /blog/gallery/2406/previews-med/2406-1977579.jpg HTTP/1.1" 301 1127 "-" "Mozilla/5.0 (Windows NT 5.1; rv:11.0) Gecko Firefox/11.0 (via ggpht.com GoogleImageProxy)"
192.178.8.129 - - [22/Aug/2026:05:25:27 +0800] "GET /blog/gallery/2406/previews-med/2406-1977580.jpg HTTP/1.1" 404 25463 "-" "Mozilla/5.0 (Windows NT 5.1; rv:11.0) Gecko Firefox/11.0 (via ggpht.com GoogleImageProxy)"
2408:8649:2300:143::2 - - [22/Aug/2026:05:25:26 +0800] "GET /41799/2019/12 HTTP/1.1" 301 5764 "-" "Mozilla/5.0 (Windows NT 10.0; Win64; x64) AppleWebKit/537.36 (KHTML, like Gecko) Chrome/144.0.0.0 Safari/537.36"
192.178.8.137 - - [22/Aug/2026:05:25:27 +0800] "GET /blog/gallery/2406/previews-med/2406-1977584.jpg HTTP/1.1" 404 25463 "-" "Mozilla/5.0 (Windows NT 5.1; rv:11.0) Gecko Firefox/11.0 (via ggpht.com GoogleImageProxy)"
85.208.96.203 - - [22/Aug/2026:05:25:27 +0800] "GET /Resource/Neturl/Sub-Going.asp?url=https%3A%2F%2Fbaomuabannhadat.com%2Fnha-dat%2Fmua-ban-nha-dat%2Fban-can-ho-chung-cu%2Fban-can-ho-chung-cu-1-2-ty-phuong-long-binh-quan-9_i95587 HTTP/1.1" 404 90755 "-" "Mozilla/5.0 (compatible; SemrushBot/7~bl; +http://www.semrush.com/bot.html)"
2408:8649:2300:143::2 - - [22/Aug/2026:05:25:27 +0800] "GET /41799/2019/12/ HTTP/1.1" 200 13084 "-" "Mozilla/5.0 (Windows NT 10.0; Win64; x64) AppleWebKit/537.36 (KHTML, like Gecko) Chrome/144.0.0.0 Safari/537.36"
17.241.227.141 - - [22/Aug/2026:05:25:27 +0800] "GET /6574/wp-includes/js/admin-bar.min.js HTTP/1.1" 200 2237 "https://2blog.ilc.edu.tw/6574/2011/11/28/%e5%9b%9b%e5%b9%b4%e5%bf%a0%e7%8f%ad%e5%ae%b6%e5%ba%ad%e6%95%99%e8%82%b2%e5%8f%8a%e7%92%b0%e5%a2%83%e6%95%99%e8%82%b2%e8%9e%8d%e5%85%a5%e8%aa%b2%e7%a8%8b%e6%88%90%e6%9e%9c/" "Mozilla/5.0 (Macintosh; Intel Mac OS X 10_15_7) AppleWebKit/605.1.15 (KHTML, like Gecko) Version/17.4 Safari/605.1.15 (Applebot/0.1; +http://www.apple.com/go/applebot)"
192.178.8.128 - - [22/Aug/2026:05:25:27 +0800] "GET /blog/gallery/2406/previews-med/2406-1977579.jpg HTTP/1.1" 404 25463 "-" "Mozilla/5.0 (Windows NT 5.1; rv:11.0) Gecko Firefox/11.0 (via ggpht.com GoogleImageProxy)"
192.178.8.128 - - [22/Aug/2026:05:25:27 +0800] "GET /blog/gallery/2406/previews-med/2406-1977581.jpg HTTP/1.1" 404 25463 "-" "Mozilla/5.0 (Windows NT 5.1; rv:11.0) Gecko Firefox/11.0 (via ggpht.com GoogleImageProxy)"
66.249.71.37 - - [22/Aug/2026:05:25:28 +0800] "GET /6497/2014/11/28/103-%E7%B6%A0%E8%89%B2%E6%8E%A1%E8%B3%BC%E7%8E%87100/ HTTP/1.1" 200 13408 "-" "Mozilla/5.0 (Linux; Android 6.0.1; Nexus 5X Build/MMB29P) AppleWebKit/537.36 (KHTML, like Gecko) Chrome/151.0.7922.137 Mobile Safari/537.36 (compatible; Googlebot/2.1; +http://www.google.com/bot.html)"
2408:8649:2300:143::2 - - [22/Aug/2026:05:25:28 +0800] "GET /41799/wp-content/cache/2blog.ilc.edu.tw/wpfc-minified/dijcih3r/63vgq.css HTTP/1.1" 200 40888 "https://2blog.ilc.edu.tw/41799/2019/12/" "Mozilla/5.0 (Windows NT 10.0; Win64; x64) AppleWebKit/537.36 (KHTML, like Gecko) Chrome/144.0.0.0 Safari/537.36"
2001:288:a201::66:125 - - [22/Aug/2026:05:25:28 +0800] "GET /blog/active.php HTTP/1.1" 301 1026 "-" "-"
2001:288:a201::66:125 - - [22/Aug/2026:05:25:28 +0800] "GET /blog/active.php HTTP/1.1" 404 1084 "-" "-"
140.111.67.10 - - [22/Aug/2026:05:25:28 +0800] "GET /" 301 273 "-" "-"
2408:8649:2300:143::2 - - [22/Aug/2026:05:25:29 +0800] "GET /41799/wp-content/cache/2blog.ilc.edu.tw/wpfc-minified/7c7hioei/63vgq.css HTTP/1.1" 200 15782 "https://2blog.ilc.edu.tw/41799/2019/12/" "Mozilla/5.0 (Windows NT 10.0; Win64; x64) AppleWebKit/537.36 (KHTML, like Gecko) Chrome/144.0.0.0 Safari/537.36"
