2409:8c28:c05:16::139 - - [22/Aug/2026:05:11:58 +0800] "GET /wp-content/plugins/ocean-extra/includes/widgets/js/flickr.min.js HTTP/1.1" 200 1319 "https://www.cwjh.ilc.edu.tw/2015/10/15/" "Mozilla/5.0 (Windows NT 10.0; Win64; x64) AppleWebKit/537.36 (KHTML, like Gecko) Chrome/144.0.0.0 Safari/537.36"
216.73.216.20 - - [22/Aug/2026:05:11:58 +0800] "GET /4925/2020/05/19/%e5%85%ad%e5%b9%b4%e7%b4%9a%e5%9c%8b%e8%aa%9e-%e9%81%8e%e6%95%85%e4%ba%ba%e8%8e%8a/ HTTP/1.1" 200 13743 "-" "Mozilla/5.0 AppleWebKit/537.36 (KHTML, like Gecko; compatible; ClaudeBot/1.0; +claudebot@anthropic.com)"
2409:8c28:c05:16::135 - - [22/Aug/2026:05:11:58 +0800] "GET /2019/12/27/%E3%80%8C108%E5%AD%B8%E5%B9%B4%E5%BA%A6%E5%9C%8B%E4%B8%AD%E7%B4%A0%E9%A4%8A%E8%A9%95%E9%87%8F%E4%BF%83%E9%80%B2%E8%A8%88%E7%95%AB%EF%BC%8D%E8%AA%B2%E5%AE%A4%E5%BD%A2%E6%88%90%E6%80%A7%E8%A9%95 HTTP/1.1" 301 5965 "-" "Mozilla/5.0 (Windows NT 10.0; Win64; x64) AppleWebKit/537.36 (KHTML, like Gecko) Chrome/144.0.0.0 Safari/537.36"
2409:8c28:c05:16::139 - - [22/Aug/2026:05:11:58 +0800] "GET /wp-content/themes/oceanwp/assets/fonts/fontawesome/webfonts/fa-solid-900.woff2 HTTP/1.1" 200 151246 "https://www.cwjh.ilc.edu.tw/wp-content/cache/www.cwjh.ilc.edu.tw/wpfc-minified/dhutxct0/77dd.css" "Mozilla/5.0 (Windows NT 10.0; Win64; x64) AppleWebKit/537.36 (KHTML, like Gecko) Chrome/144.0.0.0 Safari/537.36"
2409:8c28:c05:16::139 - - [22/Aug/2026:05:11:58 +0800] "GET /wp-content/themes/oceanwp/assets/fonts/simple-line-icons/Simple-Line-Icons.woff2?v=2.4.0 HTTP/1.1" 200 30959 "https://www.cwjh.ilc.edu.tw/wp-content/cache/www.cwjh.ilc.edu.tw/wpfc-minified/dhutxct0/77dd.css" "Mozilla/5.0 (Windows NT 10.0; Win64; x64) AppleWebKit/537.36 (KHTML, like Gecko) Chrome/144.0.0.0 Safari/537.36"
17.246.23.210 - - [22/Aug/2026:05:11:59 +0800] "GET /feed/ HTTP/1.1" 200 7590 "-" "Mozilla/5.0 (Macintosh; Intel Mac OS X 10_15_7) AppleWebKit/605.1.15 (KHTML, like Gecko) Version/17.4 Safari/605.1.15 (Applebot/0.1; +http://www.apple.com/go/applebot)"
2409:8c28:c05:16::135 - - [22/Aug/2026:05:11:59 +0800] "GET /2019/12/27/%E3%80%8C108%E5%AD%B8%E5%B9%B4%E5%BA%A6%E5%9C%8B%E4%B8%AD%E7%B4%A0%E9%A4%8A%E8%A9%95%E9%87%8F%E4%BF%83%E9%80%B2%E8%A8%88%E7%95%AB%EF%BC%8D%E8%AA%B2%E5%AE%A4%E5%BD%A2%E6%88%90%E6%80%A7%E8%A9%95/ HTTP/1.1" 200 46368 "-" "Mozilla/5.0 (Windows NT 10.0; Win64; x64) AppleWebKit/537.36 (KHTML, like Gecko) Chrome/144.0.0.0 Safari/537.36"
2409:8a44:2460:a063:e4f1:607a:6c9a:d27 - - [22/Aug/2026:05:11:59 +0800] "GET /wp-includes/js/hoverintent-js.min.js HTTP/1.1" 200 6399 "https://www.najh.ilc.edu.tw/2023/page/2/" "Mozilla/5.0 (Windows NT 10.0; Win64; x64) AppleWebKit/537.36 (KHTML, like Gecko) Chrome/144.0.0.0 Safari/537.36"
::1 - - [22/Aug/2026:05:11:59 +0800] "OPTIONS * HTTP/1.0" 200 110 "-" "Apache/2.4.68 (Ubuntu) OpenSSL/3.0.19 (internal dummy connection)"
2409:8c28:c05:16::135 - - [22/Aug/2026:05:11:59 +0800] "GET /wp-content/cache/www.najh.ilc.edu.tw/wpfc-minified/1f13uvw/6wh9.css HTTP/1.1" 200 40884 "https://www.najh.ilc.edu.tw/2019/12/27/%E3%80%8C108%E5%AD%B8%E5%B9%B4%E5%BA%A6%E5%9C%8B%E4%B8%AD%E7%B4%A0%E9%A4%8A%E8%A9%95%E9%87%8F%E4%BF%83%E9%80%B2%E8%A8%88%E7%95%AB%EF%BC%8D%E8%AA%B2%E5%AE%A4%E5%BD%A2%E6%88%90%E6%80%A7%E8%A9%95/" "Mozilla/5.0 (Windows NT 10.0; Win64; x64) AppleWebKit/537.36 (KHTML, like Gecko) Chrome/144.0.0.0 Safari/537.36"
2409:8c28:c05:16::135 - - [22/Aug/2026:05:11:59 +0800] "GET /wp-content/cache/www.najh.ilc.edu.tw/wpfc-minified/4ybahoo/6wh9.css HTTP/1.1" 200 16121 "https://www.najh.ilc.edu.tw/2019/12/27/%E3%80%8C108%E5%AD%B8%E5%B9%B4%E5%BA%A6%E5%9C%8B%E4%B8%AD%E7%B4%A0%E9%A4%8A%E8%A9%95%E9%87%8F%E4%BF%83%E9%80%B2%E8%A8%88%E7%95%AB%EF%BC%8D%E8%AA%B2%E5%AE%A4%E5%BD%A2%E6%88%90%E6%80%A7%E8%A9%95/" "Mozilla/5.0 (Windows NT 10.0; Win64; x64) AppleWebKit/537.36 (KHTML, like Gecko) Chrome/144.0.0.0 Safari/537.36"
2409:8c28:c05:16::135 - - [22/Aug/2026:05:11:59 +0800] "GET /wp-content/cache/www.najh.ilc.edu.tw/wpfc-minified/kz7ju7r3/6wh9.css HTTP/1.1" 200 1496 "https://www.najh.ilc.edu.tw/2019/12/27/%E3%80%8C108%E5%AD%B8%E5%B9%B4%E5%BA%A6%E5%9C%8B%E4%B8%AD%E7%B4%A0%E9%A4%8A%E8%A9%95%E9%87%8F%E4%BF%83%E9%80%B2%E8%A8%88%E7%95%AB%EF%BC%8D%E8%AA%B2%E5%AE%A4%E5%BD%A2%E6%88%90%E6%80%A7%E8%A9%95/" "Mozilla/5.0 (Windows NT 10.0; Win64; x64) AppleWebKit/537.36 (KHTML, like Gecko) Chrome/144.0.0.0 Safari/537.36"
2409:8c28:c05:16::135 - - [22/Aug/2026:05:11:59 +0800] "GET /wp-content/cache/www.najh.ilc.edu.tw/wpfc-minified/kcxb236g/6wh9.css HTTP/1.1" 200 66147 "https://www.najh.ilc.edu.tw/2019/12/27/%E3%80%8C108%E5%AD%B8%E5%B9%B4%E5%BA%A6%E5%9C%8B%E4%B8%AD%E7%B4%A0%E9%A4%8A%E8%A9%95%E9%87%8F%E4%BF%83%E9%80%B2%E8%A8%88%E7%95%AB%EF%BC%8D%E8%AA%B2%E5%AE%A4%E5%BD%A2%E6%88%90%E6%80%A7%E8%A9%95/" "Mozilla/5.0 (Windows NT 10.0; Win64; x64) AppleWebKit/537.36 (KHTML, like Gecko) Chrome/144.0.0.0 Safari/537.36"
2409:8c28:c05:16::135 - - [22/Aug/2026:05:11:59 +0800] "GET /wp-content/cache/www.najh.ilc.edu.tw/wpfc-minified/2b17nkg1/6wh9.js HTTP/1.1" 200 6441 "https://www.najh.ilc.edu.tw/2019/12/27/%E3%80%8C108%E5%AD%B8%E5%B9%B4%E5%BA%A6%E5%9C%8B%E4%B8%AD%E7%B4%A0%E9%A4%8A%E8%A9%95%E9%87%8F%E4%BF%83%E9%80%B2%E8%A8%88%E7%95%AB%EF%BC%8D%E8%AA%B2%E5%AE%A4%E5%BD%A2%E6%88%90%E6%80%A7%E8%A9%95/" "Mozilla/5.0 (Windows NT 10.0; Win64; x64) AppleWebKit/537.36 (KHTML, like Gecko) Chrome/144.0.0.0 Safari/537.36"
2409:8c28:c05:16::135 - - [22/Aug/2026:05:11:59 +0800] "GET /wp-content/cache/www.najh.ilc.edu.tw/wpfc-minified/k0kc5650/6wh9.js HTTP/1.1" 200 40360 "https://www.najh.ilc.edu.tw/2019/12/27/%E3%80%8C108%E5%AD%B8%E5%B9%B4%E5%BA%A6%E5%9C%8B%E4%B8%AD%E7%B4%A0%E9%A4%8A%E8%A9%95%E9%87%8F%E4%BF%83%E9%80%B2%E8%A8%88%E7%95%AB%EF%BC%8D%E8%AA%B2%E5%AE%A4%E5%BD%A2%E6%88%90%E6%80%A7%E8%A9%95/" "Mozilla/5.0 (Windows NT 10.0; Win64; x64) AppleWebKit/537.36 (KHTML, like Gecko) Chrome/144.0.0.0 Safari/537.36"
66.249.71.37 - - [22/Aug/2026:05:11:59 +0800] "GET /41336/wp-content/cache/2blog.ilc.edu.tw/wpfc-minified/6zojx74y/5woxg.css HTTP/1.1" 200 58067 "https://2blog.ilc.edu.tw/41336/page/48/" "Mozilla/5.0 AppleWebKit/537.36 (KHTML, like Gecko; compatible; Googlebot/2.1; +http://www.google.com/bot.html) Chrome/151.0.7922.108 Safari/537.36"
2409:8c28:c05:16::135 - - [22/Aug/2026:05:11:59 +0800] "GET /wp-content/cache/www.najh.ilc.edu.tw/wpfc-minified/87xhsi2d/6wh9.css HTTP/1.1" 200 4322 "https://www.najh.ilc.edu.tw/2019/12/27/%E3%80%8C108%E5%AD%B8%E5%B9%B4%E5%BA%A6%E5%9C%8B%E4%B8%AD%E7%B4%A0%E9%A4%8A%E8%A9%95%E9%87%8F%E4%BF%83%E9%80%B2%E8%A8%88%E7%95%AB%EF%BC%8D%E8%AA%B2%E5%AE%A4%E5%BD%A2%E6%88%90%E6%80%A7%E8%A9%95/" "Mozilla/5.0 (Windows NT 10.0; Win64; x64) AppleWebKit/537.36 (KHTML, like Gecko) Chrome/144.0.0.0 Safari/537.36"
2409:8c28:c05:16::139 - - [22/Aug/2026:05:11:59 +0800] "GET /wp-content/uploads/sites/1364/2020/02/cropped-cwjh001-32x32.png HTTP/1.1" 200 3126 "https://www.cwjh.ilc.edu.tw/2015/10/15/" "Mozilla/5.0 (Windows NT 10.0; Win64; x64) AppleWebKit/537.36 (KHTML, like Gecko) Chrome/144.0.0.0 Safari/537.36"
2409:8c28:c05:16::135 - - [22/Aug/2026:05:11:59 +0800] "GET /wp-includes/js/hoverintent-js.min.js HTTP/1.1" 200 1597 "https://www.najh.ilc.edu.tw/2019/12/27/%E3%80%8C108%E5%AD%B8%E5%B9%B4%E5%BA%A6%E5%9C%8B%E4%B8%AD%E7%B4%A0%E9%A4%8A%E8%A9%95%E9%87%8F%E4%BF%83%E9%80%B2%E8%A8%88%E7%95%AB%EF%BC%8D%E8%AA%B2%E5%AE%A4%E5%BD%A2%E6%88%90%E6%80%A7%E8%A9%95/" "Mozilla/5.0 (Windows NT 10.0; Win64; x64) AppleWebKit/537.36 (KHTML, like Gecko) Chrome/144.0.0.0 Safari/537.36"
52.205.141.124 - - [22/Aug/2026:05:11:59 +0800] "GET /2027/page/3/ HTTP/1.1" 200 17398 "-" "Mozilla/5.0 AppleWebKit/537.36 (KHTML, like Gecko; compatible; Amazonbot/0.1; +https://developer.amazon.com/support/amazonbot) Chrome/119.0.6045.214 Safari/537.36"
2409:8c28:c05:16::135 - - [22/Aug/2026:05:12:00 +0800] "GET /wp-includes/js/admin-bar.min.js HTTP/1.1" 200 2237 "https://www.najh.ilc.edu.tw/2019/12/27/%E3%80%8C108%E5%AD%B8%E5%B9%B4%E5%BA%A6%E5%9C%8B%E4%B8%AD%E7%B4%A0%E9%A4%8A%E8%A9%95%E9%87%8F%E4%BF%83%E9%80%B2%E8%A8%88%E7%95%AB%EF%BC%8D%E8%AA%B2%E5%AE%A4%E5%BD%A2%E6%88%90%E6%80%A7%E8%A9%95/" "Mozilla/5.0 (Windows NT 10.0; Win64; x64) AppleWebKit/537.36 (KHTML, like Gecko) Chrome/144.0.0.0 Safari/537.36"
2409:8c28:c05:16::135 - - [22/Aug/2026:05:12:00 +0800] "GET /wp-includes/js/imagesloaded.min.js HTTP/1.1" 200 2683 "https://www.najh.ilc.edu.tw/2019/12/27/%E3%80%8C108%E5%AD%B8%E5%B9%B4%E5%BA%A6%E5%9C%8B%E4%B8%AD%E7%B4%A0%E9%A4%8A%E8%A9%95%E9%87%8F%E4%BF%83%E9%80%B2%E8%A8%88%E7%95%AB%EF%BC%8D%E8%AA%B2%E5%AE%A4%E5%BD%A2%E6%88%90%E6%80%A7%E8%A9%95/" "Mozilla/5.0 (Windows NT 10.0; Win64; x64) AppleWebKit/537.36 (KHTML, like Gecko) Chrome/144.0.0.0 Safari/537.36"
2409:8c28:c05:16::135 - - [22/Aug/2026:05:12:00 +0800] "GET /wp-content/themes/oceanwp/assets/js/theme.min.js HTTP/1.1" 200 5130 "https://www.najh.ilc.edu.tw/2019/12/27/%E3%80%8C108%E5%AD%B8%E5%B9%B4%E5%BA%A6%E5%9C%8B%E4%B8%AD%E7%B4%A0%E9%A4%8A%E8%A9%95%E9%87%8F%E4%BF%83%E9%80%B2%E8%A8%88%E7%95%AB%EF%BC%8D%E8%AA%B2%E5%AE%A4%E5%BD%A2%E6%88%90%E6%80%A7%E8%A9%95/" "Mozilla/5.0 (Windows NT 10.0; Win64; x64) AppleWebKit/537.36 (KHTML, like Gecko) Chrome/144.0.0.0 Safari/537.36"
2409:8714:e95:160:102::c - - [22/Aug/2026:05:12:00 +0800] "GET /2024/page/1 HTTP/1.1" 301 5766 "-" "Mozilla/5.0 (Windows NT 10.0; Win64; x64) AppleWebKit/537.36 (KHTML, like Gecko) Chrome/144.0.0.0 Safari/537.36"
2409:8c28:c05:16::135 - - [22/Aug/2026:05:12:00 +0800] "GET /wp-content/themes/oceanwp/assets/js/drop-down-mobile-menu.min.js HTTP/1.1" 200 4663 "https://www.najh.ilc.edu.tw/2019/12/27/%E3%80%8C108%E5%AD%B8%E5%B9%B4%E5%BA%A6%E5%9C%8B%E4%B8%AD%E7%B4%A0%E9%A4%8A%E8%A9%95%E9%87%8F%E4%BF%83%E9%80%B2%E8%A8%88%E7%95%AB%EF%BC%8D%E8%AA%B2%E5%AE%A4%E5%BD%A2%E6%88%90%E6%80%A7%E8%A9%95/" "Mozilla/5.0 (Windows NT 10.0; Win64; x64) AppleWebKit/537.36 (KHTML, like Gecko) Chrome/144.0.0.0 Safari/537.36"
240e:f7:e000:663::8 - - [22/Aug/2026:05:12:00 +0800] "GET /?p=311 HTTP/1.1" 301 5890 "-" "Mozilla/5.0 (Windows NT 10.0; Win64; x64) AppleWebKit/537.36 (KHTML, like Gecko) Chrome/144.0.0.0 Safari/537.36"
2409:8c28:c05:16::135 - - [22/Aug/2026:05:12:00 +0800] "GET /wp-content/themes/oceanwp/assets/js/drop-down-search.min.js HTTP/1.1" 200 2968 "https://www.najh.ilc.edu.tw/2019/12/27/%E3%80%8C108%E5%AD%B8%E5%B9%B4%E5%BA%A6%E5%9C%8B%E4%B8%AD%E7%B4%A0%E9%A4%8A%E8%A9%95%E9%87%8F%E4%BF%83%E9%80%B2%E8%A8%88%E7%95%AB%EF%BC%8D%E8%AA%B2%E5%AE%A4%E5%BD%A2%E6%88%90%E6%80%A7%E8%A9%95/" "Mozilla/5.0 (Windows NT 10.0; Win64; x64) AppleWebKit/537.36 (KHTML, like Gecko) Chrome/144.0.0.0 Safari/537.36"
2409:8c28:c05:16::135 - - [22/Aug/2026:05:12:00 +0800] "GET /wp-content/themes/oceanwp/assets/js/vendors/magnific-popup.min.js HTTP/1.1" 200 8270 "https://www.najh.ilc.edu.tw/2019/12/27/%E3%80%8C108%E5%AD%B8%E5%B9%B4%E5%BA%A6%E5%9C%8B%E4%B8%AD%E7%B4%A0%E9%A4%8A%E8%A9%95%E9%87%8F%E4%BF%83%E9%80%B2%E8%A8%88%E7%95%AB%EF%BC%8D%E8%AA%B2%E5%AE%A4%E5%BD%A2%E6%88%90%E6%80%A7%E8%A9%95/" "Mozilla/5.0 (Windows NT 10.0; Win64; x64) AppleWebKit/537.36 (KHTML, like Gecko) Chrome/144.0.0.0 Safari/537.36"
66.249.79.163 - - [22/Aug/2026:05:12:00 +0800] "GET /yleerc/wp-includes/js/imagesloaded.min.js HTTP/1.1" 200 2683 "https://2blog.ilc.edu.tw/yleerc/category/eeg/" "Mozilla/5.0 AppleWebKit/537.36 (KHTML, like Gecko; compatible; Googlebot/2.1; +http://www.google.com/bot.html) Chrome/151.0.7922.108 Safari/537.36"
2409:8a44:2460:a063:e4f1:607a:6c9a:d27 - - [22/Aug/2026:05:12:00 +0800] "GET /wp-content/themes/oceanwp/assets/js/theme.min.js HTTP/1.1" 200 5130 "https://www.najh.ilc.edu.tw/2023/page/2/" "Mozilla/5.0 (Windows NT 10.0; Win64; x64) AppleWebKit/537.36 (KHTML, like Gecko) Chrome/144.0.0.0 Safari/537.36"
216.73.216.20 - - [22/Aug/2026:05:12:00 +0800] "GET /4925/2014/04/23/%e5%9b%9b%e5%85%ad%e5%b9%b4%e7%b4%9a%e6%b8%b8%e6%b3%b3%e6%95%99%e5%ad%b8/ HTTP/1.1" 200 17454 "-" "Mozilla/5.0 AppleWebKit/537.36 (KHTML, like Gecko; compatible; ClaudeBot/1.0; +claudebot@anthropic.com)"
216.73.216.20 - - [22/Aug/2026:05:12:00 +0800] "GET /6537/2012/12/05/%e6%a0%a1%e5%a4%96%e6%95%99%e5%ad%b8%e8%aa%b2%e7%a8%8b%e8%a6%8f%e5%8a%83/ HTTP/1.1" 200 15955 "-" "Mozilla/5.0 AppleWebKit/537.36 (KHTML, like Gecko; compatible; ClaudeBot/1.0; +claudebot@anthropic.com)"
2409:8c28:c05:16::135 - - [22/Aug/2026:05:12:00 +0800] "GET /wp-content/themes/oceanwp/assets/js/ow-lightbox.min.js HTTP/1.1" 200 2321 "https://www.najh.ilc.edu.tw/2019/12/27/%E3%80%8C108%E5%AD%B8%E5%B9%B4%E5%BA%A6%E5%9C%8B%E4%B8%AD%E7%B4%A0%E9%A4%8A%E8%A9%95%E9%87%8F%E4%BF%83%E9%80%B2%E8%A8%88%E7%95%AB%EF%BC%8D%E8%AA%B2%E5%AE%A4%E5%BD%A2%E6%88%90%E6%80%A7%E8%A9%95/" "Mozilla/5.0 (Windows NT 10.0; Win64; x64) AppleWebKit/537.36 (KHTML, like Gecko) Chrome/144.0.0.0 Safari/537.36"
16.147.225.219 - - [22/Aug/2026:05:12:00 +0800] "GET /?rest_route=/batch/v1 HTTP/1.1" 404 6071 "-" "Mozilla/5.0 (Windows NT 10.0; Win64; x64) AppleWebKit/537.36 (KHTML, like Gecko) Chrome/126.0.0.0 Safari/537.36"
216.73.216.20 - - [22/Aug/2026:05:12:00 +0800] "GET /4925/2020/04/24/%e4%b8%89%e5%bf%a0%e9%9f%b3%e6%a8%82%e8%aa%b2%e4%be%86%e8%b7%b3%e8%88%9e/ HTTP/1.1" 200 17504 "-" "Mozilla/5.0 AppleWebKit/537.36 (KHTML, like Gecko; compatible; ClaudeBot/1.0; +claudebot@anthropic.com)"
240e:f7:e000:663::8 - - [22/Aug/2026:05:12:00 +0800] "GET /%e5%b8%b8%e8%a6%8b%e5%95%8f%e7%ad%94/ HTTP/1.1" 200 22630 "-" "Mozilla/5.0 (Windows NT 10.0; Win64; x64) AppleWebKit/537.36 (KHTML, like Gecko) Chrome/144.0.0.0 Safari/537.36"
2409:8c28:c05:16::135 - - [22/Aug/2026:05:12:00 +0800] "GET /wp-content/themes/oceanwp/assets/js/vendors/flickity.pkgd.min.js HTTP/1.1" 200 15048 "https://www.najh.ilc.edu.tw/2019/12/27/%E3%80%8C108%E5%AD%B8%E5%B9%B4%E5%BA%A6%E5%9C%8B%E4%B8%AD%E7%B4%A0%E9%A4%8A%E8%A9%95%E9%87%8F%E4%BF%83%E9%80%B2%E8%A8%88%E7%95%AB%EF%BC%8D%E8%AA%B2%E5%AE%A4%E5%BD%A2%E6%88%90%E6%80%A7%E8%A9%95/" "Mozilla/5.0 (Windows NT 10.0; Win64; x64) AppleWebKit/537.36 (KHTML, like Gecko) Chrome/144.0.0.0 Safari/537.36"
216.73.216.20 - - [22/Aug/2026:05:12:00 +0800] "GET /6537/2011/01/03/%e6%a0%a1%e9%95%b7%e5%88%b0%e7%8f%ad%e7%b4%9a%e8%aa%aa%e6%98%8e/ HTTP/1.1" 200 15873 "-" "Mozilla/5.0 AppleWebKit/537.36 (KHTML, like Gecko; compatible; ClaudeBot/1.0; +claudebot@anthropic.com)"
2409:8c28:c05:16::135 - - [22/Aug/2026:05:12:01 +0800] "GET /wp-content/themes/oceanwp/assets/js/ow-slider.min.js HTTP/1.1" 200 1761 "https://www.najh.ilc.edu.tw/2019/12/27/%E3%80%8C108%E5%AD%B8%E5%B9%B4%E5%BA%A6%E5%9C%8B%E4%B8%AD%E7%B4%A0%E9%A4%8A%E8%A9%95%E9%87%8F%E4%BF%83%E9%80%B2%E8%A8%88%E7%95%AB%EF%BC%8D%E8%AA%B2%E5%AE%A4%E5%BD%A2%E6%88%90%E6%80%A7%E8%A9%95/" "Mozilla/5.0 (Windows NT 10.0; Win64; x64) AppleWebKit/537.36 (KHTML, like Gecko) Chrome/144.0.0.0 Safari/537.36"
2409:8714:e95:160:102::c - - [22/Aug/2026:05:12:01 +0800] "GET /2024/ HTTP/1.1" 200 44348 "-" "Mozilla/5.0 (Windows NT 10.0; Win64; x64) AppleWebKit/537.36 (KHTML, like Gecko) Chrome/144.0.0.0 Safari/537.36"
216.73.216.20 - - [22/Aug/2026:05:12:00 +0800] "GET /4925/2015/10/20/%e6%af%8f%e9%80%b1%e4%b8%80%e5%8f%a5%e8%a6%8f%e7%95%ab%e8%a1%a8/ HTTP/1.1" 200 19232 "-" "Mozilla/5.0 AppleWebKit/537.36 (KHTML, like Gecko; compatible; ClaudeBot/1.0; +claudebot@anthropic.com)"
2409:8c28:c05:16::135 - - [22/Aug/2026:05:12:01 +0800] "GET /wp-content/themes/oceanwp/assets/js/scroll-effect.min.js HTTP/1.1" 200 4127 "https://www.najh.ilc.edu.tw/2019/12/27/%E3%80%8C108%E5%AD%B8%E5%B9%B4%E5%BA%A6%E5%9C%8B%E4%B8%AD%E7%B4%A0%E9%A4%8A%E8%A9%95%E9%87%8F%E4%BF%83%E9%80%B2%E8%A8%88%E7%95%AB%EF%BC%8D%E8%AA%B2%E5%AE%A4%E5%BD%A2%E6%88%90%E6%80%A7%E8%A9%95/" "Mozilla/5.0 (Windows NT 10.0; Win64; x64) AppleWebKit/537.36 (KHTML, like Gecko) Chrome/144.0.0.0 Safari/537.36"
2409:8c28:c05:16::135 - - [22/Aug/2026:05:12:01 +0800] "GET /wp-content/themes/oceanwp/assets/js/scroll-top.min.js HTTP/1.1" 200 3202 "https://www.najh.ilc.edu.tw/2019/12/27/%E3%80%8C108%E5%AD%B8%E5%B9%B4%E5%BA%A6%E5%9C%8B%E4%B8%AD%E7%B4%A0%E9%A4%8A%E8%A9%95%E9%87%8F%E4%BF%83%E9%80%B2%E8%A8%88%E7%95%AB%EF%BC%8D%E8%AA%B2%E5%AE%A4%E5%BD%A2%E6%88%90%E6%80%A7%E8%A9%95/" "Mozilla/5.0 (Windows NT 10.0; Win64; x64) AppleWebKit/537.36 (KHTML, like Gecko) Chrome/144.0.0.0 Safari/537.36"
2409:8c28:c05:16::135 - - [22/Aug/2026:05:12:01 +0800] "GET /wp-content/themes/oceanwp/assets/js/select.min.js HTTP/1.1" 200 2408 "https://www.najh.ilc.edu.tw/2019/12/27/%E3%80%8C108%E5%AD%B8%E5%B9%B4%E5%BA%A6%E5%9C%8B%E4%B8%AD%E7%B4%A0%E9%A4%8A%E8%A9%95%E9%87%8F%E4%BF%83%E9%80%B2%E8%A8%88%E7%95%AB%EF%BC%8D%E8%AA%B2%E5%AE%A4%E5%BD%A2%E6%88%90%E6%80%A7%E8%A9%95/" "Mozilla/5.0 (Windows NT 10.0; Win64; x64) AppleWebKit/537.36 (KHTML, like Gecko) Chrome/144.0.0.0 Safari/537.36"
2409:8c28:c05:16::135 - - [22/Aug/2026:05:12:01 +0800] "GET /wp-content/plugins/ocean-extra/includes/widgets/js/flickr.min.js HTTP/1.1" 200 1319 "https://www.najh.ilc.edu.tw/2019/12/27/%E3%80%8C108%E5%AD%B8%E5%B9%B4%E5%BA%A6%E5%9C%8B%E4%B8%AD%E7%B4%A0%E9%A4%8A%E8%A9%95%E9%87%8F%E4%BF%83%E9%80%B2%E8%A8%88%E7%95%AB%EF%BC%8D%E8%AA%B2%E5%AE%A4%E5%BD%A2%E6%88%90%E6%80%A7%E8%A9%95/" "Mozilla/5.0 (Windows NT 10.0; Win64; x64) AppleWebKit/537.36 (KHTML, like Gecko) Chrome/144.0.0.0 Safari/537.36"
2409:8c28:c05:16::135 - - [22/Aug/2026:05:12:01 +0800] "GET /wp-includes/js/mediaelement/mediaelement-and-player.min.js HTTP/1.1" 200 39802 "https://www.najh.ilc.edu.tw/2019/12/27/%E3%80%8C108%E5%AD%B8%E5%B9%B4%E5%BA%A6%E5%9C%8B%E4%B8%AD%E7%B4%A0%E9%A4%8A%E8%A9%95%E9%87%8F%E4%BF%83%E9%80%B2%E8%A8%88%E7%95%AB%EF%BC%8D%E8%AA%B2%E5%AE%A4%E5%BD%A2%E6%88%90%E6%80%A7%E8%A9%95/" "Mozilla/5.0 (Windows NT 10.0; Win64; x64) AppleWebKit/537.36 (KHTML, like Gecko) Chrome/144.0.0.0 Safari/537.36"
216.73.216.20 - - [22/Aug/2026:05:12:01 +0800] "GET /6439/wp-json/oembed/1.0/embed?format=xml&url=https%3A%2F%2F2blog.ilc.edu.tw%2F6439%2F2010%2F11%2F09%2F7%25e7%2592%25b0%25e4%25bf%259d%25e5%25b0%258f%25e5%25b0%2596%25e5%2585%25b5%2F HTTP/1.1" 200 7127 "-" "Mozilla/5.0 AppleWebKit/537.36 (KHTML, like Gecko; compatible; ClaudeBot/1.0; +claudebot@anthropic.com)"
216.73.216.20 - - [22/Aug/2026:05:12:01 +0800] "GET /tcesinfo/2021/04/28/%e5%9c%a8-ubuntu-%e5%ae%89%e8%a3%9d-brave-%e7%80%8f%e8%a6%bd%e5%99%a8/ HTTP/1.1" 200 10674 "-" "Mozilla/5.0 AppleWebKit/537.36 (KHTML, like Gecko; compatible; ClaudeBot/1.0; +claudebot@anthropic.com)"
216.73.216.20 - - [22/Aug/2026:05:12:01 +0800] "GET /10889/wp-json/oembed/1.0/embed?url=https%3A%2F%2F2blog.ilc.edu.tw%2F10889%2F2017%2F06%2F05%2F7-1-1%25e5%2581%25a5%25e5%25ba%25b7%25e6%259c%258d%25e5%258b%2599-2%2F HTTP/1.1" 200 3468 "-" "Mozilla/5.0 AppleWebKit/537.36 (KHTML, like Gecko; compatible; ClaudeBot/1.0; +claudebot@anthropic.com)"
216.73.216.20 - - [22/Aug/2026:05:12:01 +0800] "GET /3642/2019/09/24/9%e6%9c%88mssr%e8%ba%ab%e6%95%99%e5%bc%8f%e9%96%b1%e8%ae%80/ HTTP/1.1" 200 13563 "-" "Mozilla/5.0 AppleWebKit/537.36 (KHTML, like Gecko; compatible; ClaudeBot/1.0; +claudebot@anthropic.com)"
216.73.216.20 - - [22/Aug/2026:05:12:01 +0800] "GET /5882/2012/10/29/%e2%9c%8e10-23%e5%8f%a3%e8%85%94%e5%88%9d%e6%ad%a5%e7%af%a9%e6%aa%a2/ HTTP/1.1" 200 12762 "-" "Mozilla/5.0 AppleWebKit/537.36 (KHTML, like Gecko; compatible; ClaudeBot/1.0; +claudebot@anthropic.com)"
2409:8c28:c05:16::135 - - [22/Aug/2026:05:12:01 +0800] "GET /wp-content/themes/oceanwp/assets/fonts/simple-line-icons/Simple-Line-Icons.woff2?v=2.4.0 HTTP/1.1" 200 30959 "https://www.najh.ilc.edu.tw/wp-content/cache/www.najh.ilc.edu.tw/wpfc-minified/kcxb236g/6wh9.css" "Mozilla/5.0 (Windows NT 10.0; Win64; x64) AppleWebKit/537.36 (KHTML, like Gecko) Chrome/144.0.0.0 Safari/537.36"
2409:8c28:c05:16::135 - - [22/Aug/2026:05:12:01 +0800] "GET /wp-content/themes/oceanwp/assets/fonts/fontawesome/webfonts/fa-regular-400.woff2 HTTP/1.1" 200 25383 "https://www.najh.ilc.edu.tw/wp-content/cache/www.najh.ilc.edu.tw/wpfc-minified/kcxb236g/6wh9.css" "Mozilla/5.0 (Windows NT 10.0; Win64; x64) AppleWebKit/537.36 (KHTML, like Gecko) Chrome/144.0.0.0 Safari/537.36"
2409:8c28:c05:16::135 - - [22/Aug/2026:05:12:01 +0800] "POST /wp-json/ilc-summary/v1/popular-posts HTTP/1.1" 201 1269 "https://www.najh.ilc.edu.tw/2019/12/27/%E3%80%8C108%E5%AD%B8%E5%B9%B4%E5%BA%A6%E5%9C%8B%E4%B8%AD%E7%B4%A0%E9%A4%8A%E8%A9%95%E9%87%8F%E4%BF%83%E9%80%B2%E8%A8%88%E7%95%AB%EF%BC%8D%E8%AA%B2%E5%AE%A4%E5%BD%A2%E6%88%90%E6%80%A7%E8%A9%95/" "Mozilla/5.0 (Windows NT 10.0; Win64; x64) AppleWebKit/537.36 (KHTML, like Gecko) Chrome/144.0.0.0 Safari/537.36"
2409:8c28:c05:16::135 - - [22/Aug/2026:05:12:01 +0800] "GET /wp-includes/js/mediaelement/mediaelement-migrate.min.js HTTP/1.1" 200 1419 "https://www.najh.ilc.edu.tw/2019/12/27/%E3%80%8C108%E5%AD%B8%E5%B9%B4%E5%BA%A6%E5%9C%8B%E4%B8%AD%E7%B4%A0%E9%A4%8A%E8%A9%95%E9%87%8F%E4%BF%83%E9%80%B2%E8%A8%88%E7%95%AB%EF%BC%8D%E8%AA%B2%E5%AE%A4%E5%BD%A2%E6%88%90%E6%80%A7%E8%A9%95/" "Mozilla/5.0 (Windows NT 10.0; Win64; x64) AppleWebKit/537.36 (KHTML, like Gecko) Chrome/144.0.0.0 Safari/537.36"
2409:8c28:c05:16::135 - - [22/Aug/2026:05:12:01 +0800] "GET /wp-includes/js/mediaelement/wp-mediaelement.min.js HTTP/1.1" 200 1417 "https://www.najh.ilc.edu.tw/2019/12/27/%E3%80%8C108%E5%AD%B8%E5%B9%B4%E5%BA%A6%E5%9C%8B%E4%B8%AD%E7%B4%A0%E9%A4%8A%E8%A9%95%E9%87%8F%E4%BF%83%E9%80%B2%E8%A8%88%E7%95%AB%EF%BC%8D%E8%AA%B2%E5%AE%A4%E5%BD%A2%E6%88%90%E6%80%A7%E8%A9%95/" "Mozilla/5.0 (Windows NT 10.0; Win64; x64) AppleWebKit/537.36 (KHTML, like Gecko) Chrome/144.0.0.0 Safari/537.36"
240e:f7:e000:663::8 - - [22/Aug/2026:05:12:01 +0800] "GET /wp-content/cache/www.jwps.ilc.edu.tw/wpfc-minified/8x4lju50/7gcs.css HTTP/1.1" 200 40884 "https://www.jwps.ilc.edu.tw/%e5%b8%b8%e8%a6%8b%e5%95%8f%e7%ad%94/" "Mozilla/5.0 (Windows NT 10.0; Win64; x64) AppleWebKit/537.36 (KHTML, like Gecko) Chrome/144.0.0.0 Safari/537.36"
2409:8c28:c05:16::135 - - [22/Aug/2026:05:12:01 +0800] "GET /wp-includes/js/mediaelement/renderers/vimeo.min.js HTTP/1.1" 200 3164 "https://www.najh.ilc.edu.tw/2019/12/27/%E3%80%8C108%E5%AD%B8%E5%B9%B4%E5%BA%A6%E5%9C%8B%E4%B8%AD%E7%B4%A0%E9%A4%8A%E8%A9%95%E9%87%8F%E4%BF%83%E9%80%B2%E8%A8%88%E7%95%AB%EF%BC%8D%E8%AA%B2%E5%AE%A4%E5%BD%A2%E6%88%90%E6%80%A7%E8%A9%95/" "Mozilla/5.0 (Windows NT 10.0; Win64; x64) AppleWebKit/537.36 (KHTML, like Gecko) Chrome/144.0.0.0 Safari/537.36"
216.73.216.20 - - [22/Aug/2026:05:12:01 +0800] "GET /4925/2015/04/21/%e5%9b%9b%e5%b9%b4%e7%b4%9a%e7%9a%84%e5%ae%b6%e5%ba%ad%e7%94%9f%e6%b4%bb%e6%97%a5/ HTTP/1.1" 200 12915 "-" "Mozilla/5.0 AppleWebKit/537.36 (KHTML, like Gecko; compatible; ClaudeBot/1.0; +claudebot@anthropic.com)"
216.73.216.20 - - [22/Aug/2026:05:12:01 +0800] "GET /4925/2020/05/19/%e4%ba%8c%e5%b9%b4%e7%b4%9a-%e6%95%b8%e5%ad%b8%e5%a5%bd%e5%a5%bd%e7%8e%a9/ HTTP/1.1" 200 15491 "-" "Mozilla/5.0 AppleWebKit/537.36 (KHTML, like Gecko; compatible; ClaudeBot/1.0; +claudebot@anthropic.com)"
216.73.216.20 - - [22/Aug/2026:05:12:01 +0800] "GET /4925/2014/02/12/102%e5%b9%b4%e5%ba%a6%e8%a3%9c%e6%95%91%e6%95%99%e5%ad%b8/ HTTP/1.1" 200 12219 "-" "Mozilla/5.0 AppleWebKit/537.36 (KHTML, like Gecko; compatible; ClaudeBot/1.0; +claudebot@anthropic.com)"
66.249.79.163 - - [22/Aug/2026:05:12:01 +0800] "GET /yleerc/wp-content/themes/oceanwp/assets/js/theme.min.js HTTP/1.1" 200 5130 "https://2blog.ilc.edu.tw/yleerc/category/eeg/" "Mozilla/5.0 AppleWebKit/537.36 (KHTML, like Gecko; compatible; Googlebot/2.1; +http://www.google.com/bot.html) Chrome/151.0.7922.108 Safari/537.36"
2409:8c28:c05:16::135 - - [22/Aug/2026:05:12:01 +0800] "GET /wp-content/themes/oceanwp/assets/fonts/fontawesome/webfonts/fa-solid-900.woff2 HTTP/1.1" 200 151246 "https://www.najh.ilc.edu.tw/wp-content/cache/www.najh.ilc.edu.tw/wpfc-minified/kcxb236g/6wh9.css" "Mozilla/5.0 (Windows NT 10.0; Win64; x64) AppleWebKit/537.36 (KHTML, like Gecko) Chrome/144.0.0.0 Safari/537.36"
216.73.216.20 - - [22/Aug/2026:05:12:01 +0800] "GET /4925/2020/10/06/%e8%87%ba%e8%aa%9e%e7%be%85%e9%a6%ac%e5%ad%97%e6%8b%bc%e9%9f%b3%e6%95%99%e5%ad%b8%e7%b6%b2-https-tailo-moe-edu-tw/ HTTP/1.1" 200 14471 "-" "Mozilla/5.0 AppleWebKit/537.36 (KHTML, like Gecko; compatible; ClaudeBot/1.0; +claudebot@anthropic.com)"
216.73.216.20 - - [22/Aug/2026:05:12:01 +0800] "GET /5882/wp-json/oembed/1.0/embed?format=xml&url=https%3A%2F%2F2blog.ilc.edu.tw%2F5882%2F2014%2F03%2F20%2F%25e7%25b6%2593%25e8%25b2%25bb%25e4%25b8%2580%25e8%25a6%25bd%25e8%25a1%25a8%2F HTTP/1.1" 200 2248 "-" "Mozilla/5.0 AppleWebKit/537.36 (KHTML, like Gecko; compatible; ClaudeBot/1.0; +claudebot@anthropic.com)"
216.73.216.20 - - [22/Aug/2026:05:12:01 +0800] "GET /tcesinfo/wp-json/oembed/1.0/embed?format=xml&url=https%3A%2F%2F2blog.ilc.edu.tw%2Ftcesinfo%2F2021%2F06%2F17%2Ffireofx-%25e8%25a1%258d%25e7%2594%259f%25e7%2580%258f%25e8%25a6%25bd%25e5%2599%25a8%2F HTTP/1.1" 200 2193 "-" "Mozilla/5.0 AppleWebKit/537.36 (KHTML, like Gecko; compatible; ClaudeBot/1.0; +claudebot@anthropic.com)"
216.73.216.20 - - [22/Aug/2026:05:12:01 +0800] "GET /4925/2016/04/19/%e9%a0%98%e5%9f%9f%e8%aa%b2%e7%a8%8b%e8%a9%95%e9%91%91/ HTTP/1.1" 200 12343 "-" "Mozilla/5.0 AppleWebKit/537.36 (KHTML, like Gecko; compatible; ClaudeBot/1.0; +claudebot@anthropic.com)"
216.73.216.20 - - [22/Aug/2026:05:12:01 +0800] "GET /tcesinfo/2021/05/19/chromebook-%e8%a8%ad%e5%ae%9a%e4%bd%bf%e7%94%a8%e8%80%85%e5%b8%b3%e8%99%9f/ HTTP/1.1" 200 11727 "-" "Mozilla/5.0 AppleWebKit/537.36 (KHTML, like Gecko; compatible; ClaudeBot/1.0; +claudebot@anthropic.com)"
216.73.216.20 - - [22/Aug/2026:05:12:01 +0800] "GET /tcesinfo/2019/11/06/%e6%b8%ac%e8%a9%a6%e6%8f%92%e5%85%a5-youtube-%e5%bd%b1%e7%89%87/ HTTP/1.1" 200 10856 "-" "Mozilla/5.0 AppleWebKit/537.36 (KHTML, like Gecko; compatible; ClaudeBot/1.0; +claudebot@anthropic.com)"
216.73.216.20 - - [22/Aug/2026:05:12:01 +0800] "GET /6537/2011/12/07/%e6%a0%a1%e5%a4%96%e6%95%99%e5%ad%b8%e6%88%90%e6%9e%9c/ HTTP/1.1" 200 11187 "-" "Mozilla/5.0 AppleWebKit/537.36 (KHTML, like Gecko; compatible; ClaudeBot/1.0; +claudebot@anthropic.com)"
2001:288:a201::67:82 - - [22/Aug/2026:05:12:02 +0800] "GET / HTTP/1.1" 200 56291 "-" "curl/7.81.0"
2001:288:a201::67:84 - - [22/Aug/2026:05:12:02 +0800] "GET / HTTP/1.1" 200 56291 "-" "curl/7.81.0"
140.111.67.86 - - [22/Aug/2026:05:12:02 +0800] "GET / HTTP/1.1" 200 56291 "-" "curl/7.81.0"
240e:f7:e000:663::8 - - [22/Aug/2026:05:12:02 +0800] "GET /wp-content/uploads/sites/1426/elementor/css/post-1139.css HTTP/1.1" 200 1270 "https://www.jwps.ilc.edu.tw/%e5%b8%b8%e8%a6%8b%e5%95%8f%e7%ad%94/" "Mozilla/5.0 (Windows NT 10.0; Win64; x64) AppleWebKit/537.36 (KHTML, like Gecko) Chrome/144.0.0.0 Safari/537.36"
2409:8728:32f2:32:0:1:0:8 - - [22/Aug/2026:05:11:56 +0800] "GET /wp-content/themes/oceanwp/assets/fonts/fontawesome/webfonts/fa-solid-900.woff2 HTTP/1.1" 200 132480 "https://www.ytes.ilc.edu.tw/wp-content/cache/www.ytes.ilc.edu.tw/wpfc-minified/m8xd33fs/6w73.css" "Mozilla/5.0 (Windows NT 10.0; Win64; x64) AppleWebKit/537.36 (KHTML, like Gecko) Chrome/144.0.0.0 Safari/537.36"
216.73.216.20 - - [22/Aug/2026:05:12:02 +0800] "GET /4925/2020/04/08/%e5%85%a8%e6%a0%a1%e6%99%a8%e8%ae%80%e6%99%82%e9%96%93/ HTTP/1.1" 200 13324 "-" "Mozilla/5.0 AppleWebKit/537.36 (KHTML, like Gecko; compatible; ClaudeBot/1.0; +claudebot@anthropic.com)"
216.73.216.20 - - [22/Aug/2026:05:12:02 +0800] "GET /technology/2016/04/15/s2a%e7%ac%ac%e4%b8%89%e8%aa%b2%e7%94%a8%e9%8d%b5%e7%9b%a4%e6%8e%a7%e5%88%b6led/ HTTP/1.1" 200 18779 "-" "Mozilla/5.0 AppleWebKit/537.36 (KHTML, like Gecko; compatible; ClaudeBot/1.0; +claudebot@anthropic.com)"
216.73.216.20 - - [22/Aug/2026:05:12:02 +0800] "GET /6569/wp-json/oembed/1.0/embed?url=https%3A%2F%2F2blog.ilc.edu.tw%2F6569%2F2017%2F10%2F31%2F106_3-1_%25e6%25a4%258d%25e6%25a8%25b9%25e6%25b4%25bb%25e5%258b%2595%2F HTTP/1.1" 200 3381 "-" "Mozilla/5.0 AppleWebKit/537.36 (KHTML, like Gecko; compatible; ClaudeBot/1.0; +claudebot@anthropic.com)"
240e:f7:e000:663::8 - - [22/Aug/2026:05:12:02 +0800] "GET /wp-content/uploads/sites/1426/elementor/css/post-311.css HTTP/1.1" 200 1337 "https://www.jwps.ilc.edu.tw/%e5%b8%b8%e8%a6%8b%e5%95%8f%e7%ad%94/" "Mozilla/5.0 (Windows NT 10.0; Win64; x64) AppleWebKit/537.36 (KHTML, like Gecko) Chrome/144.0.0.0 Safari/537.36"
240e:f7:e000:663::8 - - [22/Aug/2026:05:12:02 +0800] "GET /wp-content/cache/www.jwps.ilc.edu.tw/wpfc-minified/m8ff8a7k/avhx.css HTTP/1.1" 200 8643 "https://www.jwps.ilc.edu.tw/%e5%b8%b8%e8%a6%8b%e5%95%8f%e7%ad%94/" "Mozilla/5.0 (Windows NT 10.0; Win64; x64) AppleWebKit/537.36 (KHTML, like Gecko) Chrome/144.0.0.0 Safari/537.36"
240e:f7:e000:663::8 - - [22/Aug/2026:05:12:02 +0800] "GET /wp-content/cache/www.jwps.ilc.edu.tw/wpfc-minified/zxr2dmb/bikg.css HTTP/1.1" 200 18705 "https://www.jwps.ilc.edu.tw/%e5%b8%b8%e8%a6%8b%e5%95%8f%e7%ad%94/" "Mozilla/5.0 (Windows NT 10.0; Win64; x64) AppleWebKit/537.36 (KHTML, like Gecko) Chrome/144.0.0.0 Safari/537.36"
216.73.216.20 - - [22/Aug/2026:05:12:02 +0800] "GET /6537/2015/11/03/%e4%b8%80-2-%e7%92%b0%e5%a2%83%e6%95%99%e8%82%b2%e7%b0%a1%e4%bb%8b/ HTTP/1.1" 200 16960 "-" "Mozilla/5.0 AppleWebKit/537.36 (KHTML, like Gecko; compatible; ClaudeBot/1.0; +claudebot@anthropic.com)"
240e:f7:e000:663::8 - - [22/Aug/2026:05:12:02 +0800] "GET /wp-content/cache/www.jwps.ilc.edu.tw/wpfc-minified/6w8rjdxj/7gcs.js HTTP/1.1" 200 35558 "https://www.jwps.ilc.edu.tw/%e5%b8%b8%e8%a6%8b%e5%95%8f%e7%ad%94/" "Mozilla/5.0 (Windows NT 10.0; Win64; x64) AppleWebKit/537.36 (KHTML, like Gecko) Chrome/144.0.0.0 Safari/537.36"
216.73.216.20 - - [22/Aug/2026:05:12:02 +0800] "GET /4925/2015/06/02/%e9%9b%86%e4%b8%ad%e8%ad%98%e5%ad%97-%e9%85%8d%e5%b0%8d%e6%b4%bb%e5%8b%95/ HTTP/1.1" 200 12990 "-" "Mozilla/5.0 AppleWebKit/537.36 (KHTML, like Gecko; compatible; ClaudeBot/1.0; +claudebot@anthropic.com)"
216.73.216.20 - - [22/Aug/2026:05:12:02 +0800] "GET /6537/2015/11/02/%e4%b8%80-1%e7%92%b0%e5%a2%83%e6%95%99%e8%82%b2%e7%b0%a1%e4%bb%8b/ HTTP/1.1" 200 13160 "-" "Mozilla/5.0 AppleWebKit/537.36 (KHTML, like Gecko; compatible; ClaudeBot/1.0; +claudebot@anthropic.com)"
240e:f7:e000:663::8 - - [22/Aug/2026:05:12:02 +0800] "GET /wp-includes/js/hoverintent-js.min.js HTTP/1.1" 200 1597 "https://www.jwps.ilc.edu.tw/%e5%b8%b8%e8%a6%8b%e5%95%8f%e7%ad%94/" "Mozilla/5.0 (Windows NT 10.0; Win64; x64) AppleWebKit/537.36 (KHTML, like Gecko) Chrome/144.0.0.0 Safari/537.36"
66.249.79.163 - - [22/Aug/2026:05:12:02 +0800] "GET /yleerc/wp-content/themes/oceanwp/assets/js/vendors/flickity.pkgd.min.js HTTP/1.1" 200 15048 "https://2blog.ilc.edu.tw/yleerc/category/eeg/" "Mozilla/5.0 AppleWebKit/537.36 (KHTML, like Gecko; compatible; Googlebot/2.1; +http://www.google.com/bot.html) Chrome/151.0.7922.108 Safari/537.36"
240e:f7:e000:663::8 - - [22/Aug/2026:05:12:02 +0800] "GET /wp-includes/js/admin-bar.min.js HTTP/1.1" 200 2237 "https://www.jwps.ilc.edu.tw/%e5%b8%b8%e8%a6%8b%e5%95%8f%e7%ad%94/" "Mozilla/5.0 (Windows NT 10.0; Win64; x64) AppleWebKit/537.36 (KHTML, like Gecko) Chrome/144.0.0.0 Safari/537.36"
216.73.216.20 - - [22/Aug/2026:05:12:02 +0800] "GET /tcesinfo/2021/05/05/endeavouros-%e5%ae%89%e8%a3%9d%e5%88%b0%e7%a1%ac%e7%a2%9f/ HTTP/1.1" 200 11809 "-" "Mozilla/5.0 AppleWebKit/537.36 (KHTML, like Gecko; compatible; ClaudeBot/1.0; +claudebot@anthropic.com)"
240e:f7:e000:663::8 - - [22/Aug/2026:05:12:02 +0800] "GET /wp-includes/js/imagesloaded.min.js HTTP/1.1" 200 2683 "https://www.jwps.ilc.edu.tw/%e5%b8%b8%e8%a6%8b%e5%95%8f%e7%ad%94/" "Mozilla/5.0 (Windows NT 10.0; Win64; x64) AppleWebKit/537.36 (KHTML, like Gecko) Chrome/144.0.0.0 Safari/537.36"
216.73.216.20 - - [22/Aug/2026:05:12:02 +0800] "GET /4925/2016/04/18/%e9%ab%98%e5%b9%b4%e7%b4%9a%e6%80%a7%e6%95%99%e8%82%b2/ HTTP/1.1" 200 12907 "-" "Mozilla/5.0 AppleWebKit/537.36 (KHTML, like Gecko; compatible; ClaudeBot/1.0; +claudebot@anthropic.com)"
2409:8714:e95:160:102::c - - [22/Aug/2026:05:12:02 +0800] "GET /wp-content/cache/www.najh.ilc.edu.tw/wpfc-minified/1f13uvw/6wh9.css HTTP/1.1" 200 41223 "https://www.najh.ilc.edu.tw/2024/" "Mozilla/5.0 (Windows NT 10.0; Win64; x64) AppleWebKit/537.36 (KHTML, like Gecko) Chrome/144.0.0.0 Safari/537.36"
240e:f7:e000:663::8 - - [22/Aug/2026:05:12:03 +0800] "GET /wp-content/themes/oceanwp/assets/js/drop-down-mobile-menu.min.js HTTP/1.1" 200 4663 "https://www.jwps.ilc.edu.tw/%e5%b8%b8%e8%a6%8b%e5%95%8f%e7%ad%94/" "Mozilla/5.0 (Windows NT 10.0; Win64; x64) AppleWebKit/537.36 (KHTML, like Gecko) Chrome/144.0.0.0 Safari/537.36"
240e:f7:e000:663::8 - - [22/Aug/2026:05:12:03 +0800] "GET /wp-content/themes/oceanwp/assets/js/drop-down-search.min.js HTTP/1.1" 200 2968 "https://www.jwps.ilc.edu.tw/%e5%b8%b8%e8%a6%8b%e5%95%8f%e7%ad%94/" "Mozilla/5.0 (Windows NT 10.0; Win64; x64) AppleWebKit/537.36 (KHTML, like Gecko) Chrome/144.0.0.0 Safari/537.36"
2409:8a44:2460:a063:e4f1:607a:6c9a:d27 - - [22/Aug/2026:05:12:03 +0800] "GET /wp-content/themes/oceanwp/assets/js/drop-down-search.min.js HTTP/1.1" 200 2968 "https://www.najh.ilc.edu.tw/2023/page/2/" "Mozilla/5.0 (Windows NT 10.0; Win64; x64) AppleWebKit/537.36 (KHTML, like Gecko) Chrome/144.0.0.0 Safari/537.36"
240e:f7:e000:663::8 - - [22/Aug/2026:05:12:03 +0800] "GET /wp-content/themes/oceanwp/assets/js/vendors/magnific-popup.min.js HTTP/1.1" 200 8270 "https://www.jwps.ilc.edu.tw/%e5%b8%b8%e8%a6%8b%e5%95%8f%e7%ad%94/" "Mozilla/5.0 (Windows NT 10.0; Win64; x64) AppleWebKit/537.36 (KHTML, like Gecko) Chrome/144.0.0.0 Safari/537.36"
240e:f7:e000:663::8 - - [22/Aug/2026:05:12:03 +0800] "GET /wp-content/themes/oceanwp/assets/js/ow-lightbox.min.js HTTP/1.1" 200 2321 "https://www.jwps.ilc.edu.tw/%e5%b8%b8%e8%a6%8b%e5%95%8f%e7%ad%94/" "Mozilla/5.0 (Windows NT 10.0; Win64; x64) AppleWebKit/537.36 (KHTML, like Gecko) Chrome/144.0.0.0 Safari/537.36"
2001:288:a201::66:125 - - [22/Aug/2026:05:12:03 +0800] "GET /blog/active.php HTTP/1.1" 301 1026 "-" "-"
2409:8714:e95:160:102::c - - [22/Aug/2026:05:12:03 +0800] "GET /wp-content/cache/www.najh.ilc.edu.tw/wpfc-minified/4ybahoo/6wh9.css HTTP/1.1" 200 16121 "https://www.najh.ilc.edu.tw/2024/" "Mozilla/5.0 (Windows NT 10.0; Win64; x64) AppleWebKit/537.36 (KHTML, like Gecko) Chrome/144.0.0.0 Safari/537.36"
240e:f7:e000:663::8 - - [22/Aug/2026:05:12:03 +0800] "GET /wp-content/themes/oceanwp/assets/js/scroll-effect.min.js HTTP/1.1" 200 4127 "https://www.jwps.ilc.edu.tw/%e5%b8%b8%e8%a6%8b%e5%95%8f%e7%ad%94/" "Mozilla/5.0 (Windows NT 10.0; Win64; x64) AppleWebKit/537.36 (KHTML, like Gecko) Chrome/144.0.0.0 Safari/537.36"
240e:f7:e000:663::8 - - [22/Aug/2026:05:12:03 +0800] "GET /wp-content/themes/oceanwp/assets/js/scroll-top.min.js HTTP/1.1" 200 3202 "https://www.jwps.ilc.edu.tw/%e5%b8%b8%e8%a6%8b%e5%95%8f%e7%ad%94/" "Mozilla/5.0 (Windows NT 10.0; Win64; x64) AppleWebKit/537.36 (KHTML, like Gecko) Chrome/144.0.0.0 Safari/537.36"
240e:f7:e000:663::8 - - [22/Aug/2026:05:12:03 +0800] "GET /wp-content/plugins/elementor/assets/lib/font-awesome/webfonts/fa-solid-900.woff2 HTTP/1.1" 200 79223 "https://www.jwps.ilc.edu.tw/wp-content/cache/www.jwps.ilc.edu.tw/wpfc-minified/zxr2dmb/bikg.css" "Mozilla/5.0 (Windows NT 10.0; Win64; x64) AppleWebKit/537.36 (KHTML, like Gecko) Chrome/144.0.0.0 Safari/537.36"
240e:f7:e000:663::8 - - [22/Aug/2026:05:12:03 +0800] "GET /wp-content/themes/oceanwp/assets/fonts/fontawesome/webfonts/fa-brands-400.woff2 HTTP/1.1" 200 110924 "https://www.jwps.ilc.edu.tw/wp-content/cache/www.jwps.ilc.edu.tw/wpfc-minified/jqghtj1e/8av0.css" "Mozilla/5.0 (Windows NT 10.0; Win64; x64) AppleWebKit/537.36 (KHTML, like Gecko) Chrome/144.0.0.0 Safari/537.36"
2001:288:a201::66:125 - - [22/Aug/2026:05:12:03 +0800] "GET /blog/active.php HTTP/1.1" 404 1084 "-" "-"
140.111.67.10 - - [22/Aug/2026:05:12:03 +0800] "GET /" 301 273 "-" "-"
240e:3bb:32dc:3600:ded8:7cff:fe49:a029 - - [22/Aug/2026:05:12:03 +0800] "GET /2015/page/5 HTTP/1.1" 301 5762 "-" "Mozilla/5.0 (Windows NT 10.0; Win64; x64) AppleWebKit/537.36 (KHTML, like Gecko) Chrome/144.0.0.0 Safari/537.36"
2409:8a44:2460:a063:e4f1:607a:6c9a:d27 - - [22/Aug/2026:05:12:03 +0800] "GET /wp-content/themes/oceanwp/assets/js/vendors/flickity.pkgd.min.js HTTP/1.1" 200 15048 "https://www.najh.ilc.edu.tw/2023/page/2/" "Mozilla/5.0 (Windows NT 10.0; Win64; x64) AppleWebKit/537.36 (KHTML, like Gecko) Chrome/144.0.0.0 Safari/537.36"
2409:8a44:2460:a063:e4f1:607a:6c9a:d27 - - [22/Aug/2026:05:12:03 +0800] "GET /wp-content/themes/oceanwp/assets/js/ow-slider.min.js HTTP/1.1" 200 6563 "https://www.najh.ilc.edu.tw/2023/page/2/" "Mozilla/5.0 (Windows NT 10.0; Win64; x64) AppleWebKit/537.36 (KHTML, like Gecko) Chrome/144.0.0.0 Safari/537.36"
240e:f7:e000:663::8 - - [22/Aug/2026:05:12:03 +0800] "GET /wp-content/plugins/elementor-pro/assets/js/webpack-pro.runtime.min.js HTTP/1.1" 200 3562 "https://www.jwps.ilc.edu.tw/%e5%b8%b8%e8%a6%8b%e5%95%8f%e7%ad%94/" "Mozilla/5.0 (Windows NT 10.0; Win64; x64) AppleWebKit/537.36 (KHTML, like Gecko) Chrome/144.0.0.0 Safari/537.36"
240e:f7:e000:663::8 - - [22/Aug/2026:05:12:03 +0800] "GET /wp-content/plugins/elementor/assets/js/webpack.runtime.min.js HTTP/1.1" 200 3095 "https://www.jwps.ilc.edu.tw/%e5%b8%b8%e8%a6%8b%e5%95%8f%e7%ad%94/" "Mozilla/5.0 (Windows NT 10.0; Win64; x64) AppleWebKit/537.36 (KHTML, like Gecko) Chrome/144.0.0.0 Safari/537.36"
66.249.79.163 - - [22/Aug/2026:05:12:03 +0800] "GET /yleerc/wp-content/themes/oceanwp/assets/js/drop-down-mobile-menu.min.js HTTP/1.1" 200 4663 "https://2blog.ilc.edu.tw/yleerc/category/eeg/" "Mozilla/5.0 AppleWebKit/537.36 (KHTML, like Gecko; compatible; Googlebot/2.1; +http://www.google.com/bot.html) Chrome/151.0.7922.108 Safari/537.36"
98.83.8.142 - - [22/Aug/2026:05:12:03 +0800] "GET /6554/wp-json/wp/v2/posts/%22https:/2blog.ilc.edu.tw/wp-content/uploads/sites/848/6554/6554-2219219.jpg/%22 HTTP/1.1" 404 6131 "-" "Mozilla/5.0 AppleWebKit/537.36 (KHTML, like Gecko; compatible; Amazonbot/0.1; +https://developer.amazon.com/support/amazonbot) Chrome/119.0.6045.214 Safari/537.36"
2409:8714:e95:160:102::c - - [22/Aug/2026:05:12:03 +0800] "GET /wp-content/cache/www.najh.ilc.edu.tw/wpfc-minified/kz7ju7r3/6wh9.css HTTP/1.1" 200 5959 "https://www.najh.ilc.edu.tw/2024/" "Mozilla/5.0 (Windows NT 10.0; Win64; x64) AppleWebKit/537.36 (KHTML, like Gecko) Chrome/144.0.0.0 Safari/537.36"
216.73.216.20 - - [22/Aug/2026:05:12:03 +0800] "GET /tcesinfo/2019/11/05/108%e5%b9%b4%e5%ba%a6%e5%ae%9c%e8%98%ad%e7%b8%a3%e5%9c%8b%e4%b8%ad%e5%b0%8f%e5%ad%b8%e6%95%99%e8%81%b7%e5%93%a1%e5%b7%a5%e8%b3%87%e8%a8%8a%e5%ae%89%e5%85%a8%e7%b7%9a%e4%b8%8a%e8%aa%b2%e7%a8%8b/ HTTP/1.1" 200 15524 "-" "Mozilla/5.0 AppleWebKit/537.36 (KHTML, like Gecko; compatible; ClaudeBot/1.0; +claudebot@anthropic.com)"
216.73.216.20 - - [22/Aug/2026:05:12:03 +0800] "GET /5882/2014/04/17/%e4%b8%89%e5%ad%9d%e5%81%a5%e5%ba%b7%e4%bf%83%e9%80%b2%e6%95%99%e6%a1%88%e8%88%87%e6%88%90%e6%9e%9c%e7%85%a7%e7%89%87/ HTTP/1.1" 200 13888 "-" "Mozilla/5.0 AppleWebKit/537.36 (KHTML, like Gecko; compatible; ClaudeBot/1.0; +claudebot@anthropic.com)"
17.241.75.43 - - [22/Aug/2026:05:12:03 +0800] "GET /feed/ HTTP/1.1" 200 14304 "-" "Mozilla/5.0 (Macintosh; Intel Mac OS X 10_15_7) AppleWebKit/605.1.15 (KHTML, like Gecko) Version/17.4 Safari/605.1.15 (Applebot/0.1; +http://www.apple.com/go/applebot)"
240e:f7:e000:663::8 - - [22/Aug/2026:05:12:03 +0800] "GET /wp-includes/js/dist/i18n.min.js HTTP/1.1" 200 4547 "https://www.jwps.ilc.edu.tw/%e5%b8%b8%e8%a6%8b%e5%95%8f%e7%ad%94/" "Mozilla/5.0 (Windows NT 10.0; Win64; x64) AppleWebKit/537.36 (KHTML, like Gecko) Chrome/144.0.0.0 Safari/537.36"
2409:8714:e95:160:102::c - - [22/Aug/2026:05:12:03 +0800] "GET /wp-content/cache/www.najh.ilc.edu.tw/wpfc-minified/kcxb236g/6wh9.css HTTP/1.1" 200 61684 "https://www.najh.ilc.edu.tw/2024/" "Mozilla/5.0 (Windows NT 10.0; Win64; x64) AppleWebKit/537.36 (KHTML, like Gecko) Chrome/144.0.0.0 Safari/537.36"
240e:f7:e000:663::8 - - [22/Aug/2026:05:12:03 +0800] "GET /wp-content/plugins/elementor-pro/assets/js/frontend.min.js HTTP/1.1" 200 7574 "https://www.jwps.ilc.edu.tw/%e5%b8%b8%e8%a6%8b%e5%95%8f%e7%ad%94/" "Mozilla/5.0 (Windows NT 10.0; Win64; x64) AppleWebKit/537.36 (KHTML, like Gecko) Chrome/144.0.0.0 Safari/537.36"
240e:3bb:32dc:3600:ded8:7cff:fe49:a029 - - [22/Aug/2026:05:12:03 +0800] "GET /2015/page/5/ HTTP/1.1" 200 12310 "-" "Mozilla/5.0 (Windows NT 10.0; Win64; x64) AppleWebKit/537.36 (KHTML, like Gecko) Chrome/144.0.0.0 Safari/537.36"
240e:f7:e000:663::8 - - [22/Aug/2026:05:12:04 +0800] "GET /wp-content/plugins/elementor/assets/lib/waypoints/waypoints.min.js HTTP/1.1" 200 3873 "https://www.jwps.ilc.edu.tw/%e5%b8%b8%e8%a6%8b%e5%95%8f%e7%ad%94/" "Mozilla/5.0 (Windows NT 10.0; Win64; x64) AppleWebKit/537.36 (KHTML, like Gecko) Chrome/144.0.0.0 Safari/537.36"
2409:8a44:2460:a063:e4f1:607a:6c9a:d27 - - [22/Aug/2026:05:12:04 +0800] "GET /wp-content/themes/oceanwp/assets/fonts/simple-line-icons/Simple-Line-Icons.woff2?v=2.4.0 HTTP/1.1" 200 30959 "https://www.najh.ilc.edu.tw/wp-content/cache/www.najh.ilc.edu.tw/wpfc-minified/kcxb236g/6wh9.css" "Mozilla/5.0 (Windows NT 10.0; Win64; x64) AppleWebKit/537.36 (KHTML, like Gecko) Chrome/144.0.0.0 Safari/537.36"
216.73.216.20 - - [22/Aug/2026:05:12:04 +0800] "GET /6537/2019/10/16/108_%e4%ba%8c%e3%80%811-2%e7%92%b0%e6%95%99%e8%aa%b2%e7%a8%8b%e6%aa%a2%e8%a8%8e-%e6%9c%9f%e6%9c%ab%e6%a0%a1%e6%9c%ac%e8%aa%b2%e7%a8%8b%e6%aa%a2%e8%a8%8e/ HTTP/1.1" 200 11277 "-" "Mozilla/5.0 AppleWebKit/537.36 (KHTML, like Gecko; compatible; ClaudeBot/1.0; +claudebot@anthropic.com)"
216.73.216.20 - - [22/Aug/2026:05:12:03 +0800] "GET /6537/2016/10/06/105_%e4%ba%94%e3%80%814-%e8%be%a6%e7%90%86%e6%b4%bb%e5%8b%95%e9%85%8d%e5%90%88%e5%ae%a3%e5%b0%8e%e7%af%80%e8%83%bd%e6%b8%9b%e7%a2%b3%e7%9b%b8%e9%97%9c%e6%8e%aa%e6%96%bd/ HTTP/1.1" 200 16078 "-" "Mozilla/5.0 AppleWebKit/537.36 (KHTML, like Gecko; compatible; ClaudeBot/1.0; +claudebot@anthropic.com)"
216.73.216.20 - - [22/Aug/2026:05:12:03 +0800] "GET /4925/2015/04/03/%e4%ba%94%e5%b9%b4%e7%b4%9a%e5%ae%b6%e5%ba%ad%e6%95%99%e8%82%b2-%e5%85%92%e7%ab%a5%e7%af%80%e8%a6%aa%e5%ad%90%e7%83%a4%e8%82%89%e6%b4%bb%e5%8b%95/ HTTP/1.1" 200 17585 "-" "Mozilla/5.0 AppleWebKit/537.36 (KHTML, like Gecko; compatible; ClaudeBot/1.0; +claudebot@anthropic.com)"
2409:8714:e95:160:102::c - - [22/Aug/2026:05:12:04 +0800] "GET /wp-content/cache/www.najh.ilc.edu.tw/wpfc-minified/k0kc5650/6wh9.js HTTP/1.1" 200 35558 "https://www.najh.ilc.edu.tw/2024/" "Mozilla/5.0 (Windows NT 10.0; Win64; x64) AppleWebKit/537.36 (KHTML, like Gecko) Chrome/144.0.0.0 Safari/537.36"
2408:8719:3000:19:1c:: - - [22/Aug/2026:05:12:04 +0800] "GET /6540/wp-content/cache/2blog.ilc.edu.tw/wpfc-minified/2zvrix4t/5wstl.css HTTP/1.1" 200 5951 "https://2blog.ilc.edu.tw/6540/page/111/" "Mozilla/5.0 (Windows NT 10.0; Win64; x64) AppleWebKit/537.36 (KHTML, like Gecko) Chrome/144.0.0.0 Safari/537.36"
2408:8719:3000:19:1c:: - - [22/Aug/2026:05:12:04 +0800] "GET /6540/wp-content/cache/2blog.ilc.edu.tw/wpfc-minified/88zpz8jx/5wstl.css HTTP/1.1" 200 58430 "https://2blog.ilc.edu.tw/6540/page/111/" "Mozilla/5.0 (Windows NT 10.0; Win64; x64) AppleWebKit/537.36 (KHTML, like Gecko) Chrome/144.0.0.0 Safari/537.36"
216.73.216.20 - - [22/Aug/2026:05:12:04 +0800] "GET /6537/2018/10/11/107_%e4%ba%8c%e3%80%811-6%e8%98%ad%e5%8d%9a%e5%ae%b6%e6%97%8f%e5%85%a5%e6%a0%a1%e5%9c%92-%e8%8f%8c%e5%af%b6%e8%b2%9d%e5%8d%9a%e7%89%a9%e9%a4%a8/ HTTP/1.1" 200 16995 "-" "Mozilla/5.0 AppleWebKit/537.36 (KHTML, like Gecko; compatible; ClaudeBot/1.0; +claudebot@anthropic.com)"
240e:f7:e000:663::8 - - [22/Aug/2026:05:12:04 +0800] "GET /wp-content/plugins/elementor-pro/assets/js/elements-handlers.min.js HTTP/1.1" 200 10882 "https://www.jwps.ilc.edu.tw/%e5%b8%b8%e8%a6%8b%e5%95%8f%e7%ad%94/" "Mozilla/5.0 (Windows NT 10.0; Win64; x64) AppleWebKit/537.36 (KHTML, like Gecko) Chrome/144.0.0.0 Safari/537.36"
2408:8719:3000:19:1c:: - - [22/Aug/2026:05:12:04 +0800] "GET /6540/wp-includes/js/hoverintent-js.min.js HTTP/1.1" 200 6391 "https://2blog.ilc.edu.tw/6540/page/111/" "Mozilla/5.0 (Windows NT 10.0; Win64; x64) AppleWebKit/537.36 (KHTML, like Gecko) Chrome/144.0.0.0 Safari/537.36"
2408:8719:3000:19:1c:: - - [22/Aug/2026:05:12:04 +0800] "GET /6540/wp-content/cache/2blog.ilc.edu.tw/wpfc-minified/9mcvu97o/5wstl.js HTTP/1.1" 200 40358 "https://2blog.ilc.edu.tw/6540/page/111/" "Mozilla/5.0 (Windows NT 10.0; Win64; x64) AppleWebKit/537.36 (KHTML, like Gecko) Chrome/144.0.0.0 Safari/537.36"
2408:8719:3000:19:1c:: - - [22/Aug/2026:05:12:04 +0800] "GET /6540/wp-includes/js/admin-bar.min.js HTTP/1.1" 200 7031 "https://2blog.ilc.edu.tw/6540/page/111/" "Mozilla/5.0 (Windows NT 10.0; Win64; x64) AppleWebKit/537.36 (KHTML, like Gecko) Chrome/144.0.0.0 Safari/537.36"
216.73.216.20 - - [22/Aug/2026:05:12:04 +0800] "GET /3642/2017/04/30/4%e6%9c%88%e3%80%8254%e5%91%a8%e5%b9%b4%e6%a0%a1%e6%85%b6%e5%9c%96%e6%9b%b8%e9%a4%a8%e9%96%b1%e8%ae%80%e6%b4%bb%e5%8b%95%e4%b8%89%e5%90%88%e4%b8%80/ HTTP/1.1" 200 15389 "-" "Mozilla/5.0 AppleWebKit/537.36 (KHTML, like Gecko; compatible; ClaudeBot/1.0; +claudebot@anthropic.com)"
240e:3bb:32dc:3600:ded8:7cff:fe49:a029 - - [22/Aug/2026:05:12:04 +0800] "GET /wp-content/cache/ilta.ilc.edu.tw/wpfc-minified/30cml7nx/6wvk.css HTTP/1.1" 200 40877 "https://ilta.ilc.edu.tw/2015/page/5/" "Mozilla/5.0 (Windows NT 10.0; Win64; x64) AppleWebKit/537.36 (KHTML, like Gecko) Chrome/144.0.0.0 Safari/537.36"
216.73.216.20 - - [22/Aug/2026:05:12:04 +0800] "GET /3642/2019/04/04/2-4%e6%9c%88%e3%80%82my-dear-friend%e4%b8%bb%e9%a1%8c%e9%96%b1%e8%ae%80%e8%aa%aa%e6%bc%94%e6%95%85%e4%ba%8b%e8%aa%b2%e7%a8%8b/ HTTP/1.1" 200 19475 "-" "Mozilla/5.0 AppleWebKit/537.36 (KHTML, like Gecko; compatible; ClaudeBot/1.0; +claudebot@anthropic.com)"
2408:872f:d00:4::48 - - [22/Aug/2026:05:12:02 +0800] "GET /page/14 HTTP/1.1" 301 5770 "-" "Mozilla/5.0 (Windows NT 10.0; Win64; x64) AppleWebKit/537.36 (KHTML, like Gecko) Chrome/144.0.0.0 Safari/537.36"
2408:862e:ff:ff33::130 - - [22/Aug/2026:05:12:01 +0800] "GET /category/c-8618/c-59318/page/7 HTTP/1.1" 301 5793 "-" "Mozilla/5.0 (Windows NT 10.0; Win64; x64) AppleWebKit/537.36 (KHTML, like Gecko) Chrome/144.0.0.0 Safari/537.36"
216.73.216.20 - - [22/Aug/2026:05:12:04 +0800] "GET /3642/2017/04/22/4%e6%9c%88%e3%80%82%e5%81%87%e6%97%a5%e8%a6%aa%e5%ad%90%e5%85%b1%e5%ad%b8-%e4%b8%80%e8%b5%b7%e5%81%9a%e5%b0%8f%e6%9b%b8%e5%9b%89%ef%bc%81/ HTTP/1.1" 200 34173 "-" "Mozilla/5.0 AppleWebKit/537.36 (KHTML, like Gecko; compatible; ClaudeBot/1.0; +claudebot@anthropic.com)"
216.73.216.20 - - [22/Aug/2026:05:12:04 +0800] "GET /4925/2015/03/16/%e4%ba%94%e3%80%81%e5%85%ad%e5%b9%b4%e7%b4%9a%e7%92%b0%e5%a2%83%e6%95%99%e8%82%b2%e8%aa%b2%e7%a8%8b-%e7%a8%ae%e8%8a%b1%e7%be%8e%e5%8c%96%e6%a0%a1%e5%9c%92/ HTTP/1.1" 200 13082 "-" "Mozilla/5.0 AppleWebKit/537.36 (KHTML, like Gecko; compatible; ClaudeBot/1.0; +claudebot@anthropic.com)"
216.73.216.20 - - [22/Aug/2026:05:12:04 +0800] "GET /3642/2017/04/13/4%e6%9c%88%e3%80%82%e3%80%8c%e6%95%85%e4%ba%8b%e7%8e%8b%e5%9c%8b%e3%80%8d%e4%b8%bb%e9%a1%8c%e9%96%b1%e8%ae%80%e6%b4%bb%e5%8b%958%e6%95%85%e4%ba%8b%e5%a4%a7%e8%81%b2%e5%85%ac%e8%87%aa%e4%b8%bb/ HTTP/1.1" 200 16372 "-" "Mozilla/5.0 AppleWebKit/537.36 (KHTML, like Gecko; compatible; ClaudeBot/1.0; +claudebot@anthropic.com)"
216.73.216.20 - - [22/Aug/2026:05:12:04 +0800] "GET /3642/2017/04/17/4%e6%9c%88%e3%80%82%e3%80%8c%e6%95%85%e4%ba%8b%e7%8e%8b%e5%9c%8b%e3%80%8d%e4%b8%bb%e9%a1%8c%e9%96%b1%e8%ae%80%e6%b4%bb%e5%8b%959%e6%95%85%e4%ba%8b%e5%a4%a7%e8%81%b2%e5%85%ac%e5%88%9d%e8%b3%bd/ HTTP/1.1" 200 16483 "-" "Mozilla/5.0 AppleWebKit/537.36 (KHTML, like Gecko; compatible; ClaudeBot/1.0; +claudebot@anthropic.com)"
2408:8719:3000:19:1c:: - - [22/Aug/2026:05:12:04 +0800] "GET /6540/wp-includes/js/imagesloaded.min.js HTTP/1.1" 200 2683 "https://2blog.ilc.edu.tw/6540/page/111/" "Mozilla/5.0 (Windows NT 10.0; Win64; x64) AppleWebKit/537.36 (KHTML, like Gecko) Chrome/144.0.0.0 Safari/537.36"
216.73.216.20 - - [22/Aug/2026:05:12:04 +0800] "GET /19761/2015/03/09/103%e5%ad%b8%e5%b9%b4%e5%ba%a6%e4%b8%8b%e5%ad%b8%e6%9c%9f%e3%80%8e%e5%8f%b0%e7%81%a3%e6%af%8d%e8%aa%9e%e6%97%a5%e3%80%8f%e6%8e%a8%e8%a1%8c%e5%b0%8f%e7%b5%84%e6%9c%83%e8%ad%b0/ HTTP/1.1" 200 9701 "-" "Mozilla/5.0 AppleWebKit/537.36 (KHTML, like Gecko; compatible; ClaudeBot/1.0; +claudebot@anthropic.com)"
34.61.96.6 - - [22/Aug/2026:05:12:04 +0800] "GET /6437/2020/10/10/109_%E5%AD%B8%E6%A0%A1%E7%92%B0%E6%95%99%E7%89%B9%E8%89%B2%E8%88%87%E5%89%B5%E6%96%B0_%E6%B7%A8%E7%81%98%E6%B4%BB%E5%8B%95/ HTTP/1.1" 200 16873 "-" "Mozilla/5.0 (Macintosh; Intel Mac OS X 10_15_7) AppleWebKit/537.36 (KHTML, like Gecko) Chrome/120.0.0.0 Safari/537.36"
240e:967:e200:a00:0:1:0:10 - - [22/Aug/2026:05:12:04 +0800] "GET /19648/wp-content/cache/2blog.ilc.edu.tw/wpfc-minified/77dz56lh/5wu4d.css HTTP/1.1" 200 5951 "https://2blog.ilc.edu.tw/19648/category/c-68084/page/2/" "Mozilla/5.0 (Windows NT 10.0; Win64; x64) AppleWebKit/537.36 (KHTML, like Gecko) Chrome/144.0.0.0 Safari/537.36"
216.73.216.20 - - [22/Aug/2026:05:12:04 +0800] "GET /3642/2017/03/31/3%e6%9c%88%e3%80%82%e4%b8%89%e6%9c%88%e8%81%bd%e6%9b%b8%e6%99%82%e9%96%93-%e6%95%85%e4%ba%8b%e7%9c%9f%e5%a5%bd%e8%81%bd%ef%bc%81/ HTTP/1.1" 200 19512 "-" "Mozilla/5.0 AppleWebKit/537.36 (KHTML, like Gecko; compatible; ClaudeBot/1.0; +claudebot@anthropic.com)"
240e:967:e200:a00:0:1:0:10 - - [22/Aug/2026:05:12:04 +0800] "GET /19648/wp-content/cache/2blog.ilc.edu.tw/wpfc-minified/7vhknds0/5wu4d.css HTTP/1.1" 200 20576 "https://2blog.ilc.edu.tw/19648/category/c-68084/page/2/" "Mozilla/5.0 (Windows NT 10.0; Win64; x64) AppleWebKit/537.36 (KHTML, like Gecko) Chrome/144.0.0.0 Safari/537.36"
2408:8719:3000:19:1c:: - - [22/Aug/2026:05:12:04 +0800] "GET /6540/wp-content/themes/oceanwp/assets/js/drop-down-mobile-menu.min.js HTTP/1.1" 200 4663 "https://2blog.ilc.edu.tw/6540/page/111/" "Mozilla/5.0 (Windows NT 10.0; Win64; x64) AppleWebKit/537.36 (KHTML, like Gecko) Chrome/144.0.0.0 Safari/537.36"
2408:8719:3000:19:1c:: - - [22/Aug/2026:05:12:04 +0800] "GET /6540/wp-content/themes/oceanwp/assets/js/drop-down-search.min.js HTTP/1.1" 200 2968 "https://2blog.ilc.edu.tw/6540/page/111/" "Mozilla/5.0 (Windows NT 10.0; Win64; x64) AppleWebKit/537.36 (KHTML, like Gecko) Chrome/144.0.0.0 Safari/537.36"
240e:f7:e000:663::8 - - [22/Aug/2026:05:12:04 +0800] "GET /wp-content/plugins/elementor/assets/js/accordion.8799675460c73eb48972.bundle.min.js HTTP/1.1" 200 2273 "https://www.jwps.ilc.edu.tw/%e5%b8%b8%e8%a6%8b%e5%95%8f%e7%ad%94/" "Mozilla/5.0 (Windows NT 10.0; Win64; x64) AppleWebKit/537.36 (KHTML, like Gecko) Chrome/144.0.0.0 Safari/537.36"
