216.73.216.20 - - [22/Aug/2026:05:12:44 +0800] "GET /3642/2021/03/30/%e8%aa%8d%e8%ad%98%e5%9c%96%e6%9b%b8%e9%a4%a8%e3%80%81%e4%bd%9c%e5%ae%b6%e6%9c%89%e7%b4%84%e5%89%8d%e5%b0%8e%e8%aa%b2%e7%a8%8b%e5%a6%82%e4%bd%95%e5%9c%a8%e5%9c%96%e6%9b%b8%e9%a4%a8%e6%89%be%e5%88%b0/ HTTP/1.1" 200 16197 "-" "Mozilla/5.0 AppleWebKit/537.36 (KHTML, like Gecko; compatible; ClaudeBot/1.0; +claudebot@anthropic.com)"
216.73.216.20 - - [22/Aug/2026:05:12:44 +0800] "GET /6537/2010/09/30/%e3%84%a7-2-%e5%ae%9c%e8%98%ad%e7%b8%a3%e7%a4%81%e6%ba%aa%e9%84%89%e9%be%8d%e6%bd%ad%e5%9c%8b%e5%b0%8f%e7%af%80%e8%83%bd%e6%b8%9b%e7%a2%b3%e8%a8%88%e7%95%ab/ HTTP/1.1" 200 15013 "-" "Mozilla/5.0 AppleWebKit/537.36 (KHTML, like Gecko; compatible; ClaudeBot/1.0; +claudebot@anthropic.com)"
216.73.216.20 - - [22/Aug/2026:05:12:44 +0800] "GET /4925/2016/10/26/%e7%ab%b9%e5%ae%89%e5%9c%8b%e5%b0%8f105%e5%b9%b4%e5%ba%a6%e6%8e%a8%e5%8b%95%e6%9c%ac%e5%9c%9f%e8%aa%9e%e6%9a%a8%e5%8f%b0%e7%81%a3%e6%af%8d%e8%aa%9e%e6%97%a5%e6%b4%bb%e5%8b%95%e5%af%a6%e6%96%bd/ HTTP/1.1" 200 12184 "-" "Mozilla/5.0 AppleWebKit/537.36 (KHTML, like Gecko; compatible; ClaudeBot/1.0; +claudebot@anthropic.com)"
::1 - - [22/Aug/2026:05:12:44 +0800] "OPTIONS * HTTP/1.0" 200 110 "-" "Apache/2.4.68 (Ubuntu) OpenSSL/3.0.19 (internal dummy connection)"
216.73.216.20 - - [22/Aug/2026:05:12:44 +0800] "GET /3642/2020/06/15/%e5%9c%96%e6%9b%b8%e9%a4%a8%e9%96%b1%e8%ae%80%e5%9c%92%e9%81%8a%e6%9c%83%e5%b0%8f%e5%bf%97%e5%b7%a5%e5%9f%b9%e8%a8%93%e5%b9%95%e5%be%8c%e7%b4%80%e9%8c%84/ HTTP/1.1" 200 17029 "-" "Mozilla/5.0 AppleWebKit/537.36 (KHTML, like Gecko; compatible; ClaudeBot/1.0; +claudebot@anthropic.com)"
216.73.216.20 - - [22/Aug/2026:05:12:44 +0800] "GET /6537/2016/10/06/105_%e4%ba%94%e3%80%812-%e6%8e%a8%e5%bb%a3%e6%af%8f%e9%80%b1%e4%b8%80%e6%97%a5%e8%94%ac%e9%a3%9f%e3%80%81%e6%9c%89%e6%a9%9f%e9%a3%b2%e9%a3%9f%e9%81%8b%e5%8b%95/ HTTP/1.1" 200 11274 "-" "Mozilla/5.0 AppleWebKit/537.36 (KHTML, like Gecko; compatible; ClaudeBot/1.0; +claudebot@anthropic.com)"
216.73.216.20 - - [22/Aug/2026:05:12:44 +0800] "GET /4925/2016/10/25/%e5%8f%b0%e7%81%a3%e6%9b%b2%e6%a8%82%e6%ac%a3%e8%b3%9e-%e4%b8%83%e5%ad%97%e8%aa%bf%e5%8f%b0%e7%81%a3%e6%88%b2%e6%9b%b2%e6%ac%a3%e8%b3%9e-%e6%9c%ac%e5%9c%b0%e6%ad%8c%e4%bb%94/ HTTP/1.1" 200 12509 "-" "Mozilla/5.0 AppleWebKit/537.36 (KHTML, like Gecko; compatible; ClaudeBot/1.0; +claudebot@anthropic.com)"
216.73.216.20 - - [22/Aug/2026:05:12:44 +0800] "GET /6537/2015/11/02/%e4%ba%94-1%e8%a6%8f%e5%8a%83%e8%a8%ad%e7%bd%ae%e6%b0%b4%e5%be%aa%e7%92%b0%e5%86%8d%e5%88%a9%e7%94%a8%e8%a8%ad%e6%96%bd%e3%80%81%e7%b6%a0%e5%bb%ba%e7%af%89/ HTTP/1.1" 200 12796 "-" "Mozilla/5.0 AppleWebKit/537.36 (KHTML, like Gecko; compatible; ClaudeBot/1.0; +claudebot@anthropic.com)"
216.73.216.20 - - [22/Aug/2026:05:12:44 +0800] "GET /4925/2020/03/10/%e6%96%87%e9%9d%9c%e8%80%81%e5%b8%ab%e5%85%ac%e9%96%8b%e8%aa%b2-%e5%8f%b2%e5%89%8d%e6%96%87%e5%8c%96%e4%ba%94%e5%bf%a0%e7%a4%be%e6%9c%83/ HTTP/1.1" 200 12536 "-" "Mozilla/5.0 AppleWebKit/537.36 (KHTML, like Gecko; compatible; ClaudeBot/1.0; +claudebot@anthropic.com)"
216.73.216.20 - - [22/Aug/2026:05:12:45 +0800] "GET /tcesinfo/2020/10/05/109%e5%b9%b4%e5%ba%a6%e5%ae%9c%e8%98%ad%e7%b8%a3%e5%9c%8b%e4%b8%ad%e5%b0%8f%e5%ad%b8%e6%95%99%e8%81%b7%e5%93%a1%e5%b7%a5%e8%b3%87%e8%a8%8a%e5%ae%89%e5%85%a8%e7%b7%9a%e4%b8%8a%e8%aa%b2%e7%a8%8b/ HTTP/1.1" 200 10755 "-" "Mozilla/5.0 AppleWebKit/537.36 (KHTML, like Gecko; compatible; ClaudeBot/1.0; +claudebot@anthropic.com)"
216.73.216.20 - - [22/Aug/2026:05:12:45 +0800] "GET /4925/2020/09/16/%e7%94%9f%e6%b4%bb%e5%b0%8d%e8%a9%b1%e8%81%bd%e8%ac%9b%e8%ae%80%e5%af%ab%e4%ba%94%e8%aa%9e%e5%bf%ab%e6%98%93%e9%80%9a-http-www3-shps-tp-edu-tw-ez5language-ezlearn-fm-m-html/ HTTP/1.1" 200 14681 "-" "Mozilla/5.0 AppleWebKit/537.36 (KHTML, like Gecko; compatible; ClaudeBot/1.0; +claudebot@anthropic.com)"
216.73.216.20 - - [22/Aug/2026:05:12:45 +0800] "GET /6537/2020/10/13/109_%e4%b8%80%e3%80%813-%e6%93%ac%e5%ae%9a109%e5%b9%b4%e5%ba%a6%e7%af%80%e8%83%bd%e6%b8%9b%e7%a2%b3%e8%a8%88%e7%95%ab/ HTTP/1.1" 200 11221 "-" "Mozilla/5.0 AppleWebKit/537.36 (KHTML, like Gecko; compatible; ClaudeBot/1.0; +claudebot@anthropic.com)"
::1 - - [22/Aug/2026:05:12:45 +0800] "OPTIONS * HTTP/1.0" 200 110 "-" "Apache/2.4.68 (Ubuntu) OpenSSL/3.0.19 (internal dummy connection)"
34.123.149.87 - - [22/Aug/2026:05:12:45 +0800] "GET /2020lwrgt/xmlrpc.php?rsd= HTTP/1.1" 403 5714 "-" "Mozilla/5.0 (Macintosh; Intel Mac OS X 10_15_7) AppleWebKit/537.36 (KHTML, like Gecko) Chrome/120.0.0.0 Safari/537.36"
::1 - - [22/Aug/2026:05:12:46 +0800] "OPTIONS * HTTP/1.0" 200 110 "-" "Apache/2.4.68 (Ubuntu) OpenSSL/3.0.19 (internal dummy connection)"
52.167.144.234 - - [22/Aug/2026:05:12:46 +0800] "GET /sitemap_index.xml HTTP/1.1" 404 59443 "-" "Mozilla/5.0 AppleWebKit/537.36 (KHTML, like Gecko; compatible; bingbot/2.0; +http://www.bing.com/bingbot.htm) Chrome/116.0.1938.76 Safari/537.36"
137.184.213.201 - - [22/Aug/2026:05:12:47 +0800] "GET /blog/gallery/37753/37753-3769460.jpg HTTP/1.1" 301 1068 "http://blog.ilc.edu.tw/" "Mozilla/5.0 (Windows NT 10.0; Win64; x64) AppleWebKit/537.36 (KHTML, like Gecko) Chrome/131.0.0.0 Safari/537.36"
206.81.6.240 - - [22/Aug/2026:05:12:47 +0800] "GET /blog/gallery/27249/previews-med/27249-3400867.jpg HTTP/1.1" 301 1094 "http://blog.ilc.edu.tw/" "Mozilla/5.0 (Windows NT 10.0; Win64; x64) AppleWebKit/537.36 (KHTML, like Gecko) Chrome/111.0.0.0 Safari/537.36"
192.241.142.133 - - [22/Aug/2026:05:12:47 +0800] "GET /blog/gallery/4024/previews-med/4024-2919517.jpg HTTP/1.1" 301 1090 "http://blog.ilc.edu.tw/" "Mozilla/5.0 (Windows NT 10.0; Win64; x64) AppleWebKit/537.36 (KHTML, like Gecko) Chrome/109.0.0.0 Safari/537.36"
::1 - - [22/Aug/2026:05:12:47 +0800] "OPTIONS * HTTP/1.0" 200 110 "-" "Apache/2.4.68 (Ubuntu) OpenSSL/3.0.19 (internal dummy connection)"
18.214.138.148 - - [22/Aug/2026:05:12:47 +0800] "GET /6232/wp-content/uploads/sites/1727/2020/11/20201123_093133-300x225.jpg HTTP/1.1" 200 24494 "-" "Mozilla/5.0 AppleWebKit/537.36 (KHTML, like Gecko; compatible; Amazonbot/0.1; +https://developer.amazon.com/support/amazonbot) Chrome/119.0.6045.214 Safari/537.36"
2001:288:a201::66:125 - - [22/Aug/2026:05:12:48 +0800] "GET /blog/active.php HTTP/1.1" 301 1026 "-" "-"
2001:288:a201::66:125 - - [22/Aug/2026:05:12:48 +0800] "GET /blog/active.php HTTP/1.1" 404 1084 "-" "-"
140.111.67.10 - - [22/Aug/2026:05:12:48 +0800] "GET /" 301 273 "-" "-"
34.224.9.144 - - [22/Aug/2026:05:12:48 +0800] "GET /wp-content/uploads/sites/404/16751/previews-med/16751-1695918.gif HTTP/1.1" 200 858 "-" "Mozilla/5.0 AppleWebKit/537.36 (KHTML, like Gecko; compatible; Amazonbot/0.1; +https://developer.amazon.com/support/amazonbot) Chrome/119.0.6045.214 Safari/537.36"
206.189.182.161 - - [22/Aug/2026:05:12:48 +0800] "GET /blog/gallery/37753/37753-3769460.jpg HTTP/1.1" 404 25426 "http://blog.ilc.edu.tw/" "Mozilla/5.0 (Windows NT 10.0; Win64; x64) AppleWebKit/537.36 (KHTML, like Gecko) Chrome/131.0.0.0 Safari/537.36"
165.227.80.222 - - [22/Aug/2026:05:12:48 +0800] "GET /blog/gallery/4024/previews-med/4024-3403546.jpg HTTP/1.1" 404 25426 "http://blog.ilc.edu.tw/" "Mozilla/5.0 (Windows NT 10.0; Win64; x64) AppleWebKit/537.36 (KHTML, like Gecko) Chrome/103.0.0.0 Safari/537.36"
::1 - - [22/Aug/2026:05:12:48 +0800] "OPTIONS * HTTP/1.0" 200 110 "-" "Apache/2.4.68 (Ubuntu) OpenSSL/3.0.19 (internal dummy connection)"
68.183.101.208 - - [22/Aug/2026:05:12:48 +0800] "GET /blog/gallery/4024/previews-med/4024-2919517.jpg HTTP/1.1" 404 25426 "http://blog.ilc.edu.tw/" "Mozilla/5.0 (Windows NT 10.0; Win64; x64) AppleWebKit/537.36 (KHTML, like Gecko) Chrome/109.0.0.0 Safari/537.36"
167.99.6.55 - - [22/Aug/2026:05:12:48 +0800] "GET /blog/gallery/27249/previews-med/27249-3400867.jpg HTTP/1.1" 404 25426 "http://blog.ilc.edu.tw/" "Mozilla/5.0 (Windows NT 10.0; Win64; x64) AppleWebKit/537.36 (KHTML, like Gecko) Chrome/111.0.0.0 Safari/537.36"
2a03:2880:f802:d:: - - [22/Aug/2026:05:12:46 +0800] "GET /wp-login.php?key=34okw379&_wpnonce=&action=ilc_logout&redirect_to=https%3A%2F%2Fwww.aayyy.com HTTP/1.1" 302 8250 "-" "Mozilla/5.0 (Windows NT 10.0; Win64; x64) AppleWebKit/537.36 (KHTML, like Gecko) Chrome/145.0.0.0 Safari/537.36 (compatible; meta-webindexer/1.1 (+https://developers.facebook.com/docs/sharing/webmasters/crawler))"
34.123.149.87 - - [22/Aug/2026:05:12:49 +0800] "GET /3860/2012/12/08/%E8%83%BD%E4%BD%BF%E5%88%86%E5%B7%A5%E5%90%88%E4%BD%9C%E6%82%A8%E5%BE%88%E8%A1%8C%E8%AA%A0%E8%AE%9A%E3%80%81%E8%B6%B3/ HTTP/1.1" 200 29163 "-" "Mozilla/5.0 (Macintosh; Intel Mac OS X 10_15_7) AppleWebKit/537.36 (KHTML, like Gecko) Chrome/120.0.0.0 Safari/537.36"
::1 - - [22/Aug/2026:05:12:49 +0800] "OPTIONS * HTTP/1.0" 200 110 "-" "Apache/2.4.68 (Ubuntu) OpenSSL/3.0.19 (internal dummy connection)"
132.255.102.115 - - [22/Aug/2026:05:12:50 +0800] "GET http://blog.ilc.edu.tw/blog/gallery/37753/37753-3769460.jpg HTTP/1.1" 301 1068 "http://blog.ilc.edu.tw/" "Mozilla/5.0 (Windows NT 10.0; Win64; x64) AppleWebKit/537.36 (KHTML, like Gecko) Chrome/131.0.0.0 Safari/537.36"
::1 - - [22/Aug/2026:05:12:50 +0800] "OPTIONS * HTTP/1.0" 200 110 "-" "Apache/2.4.68 (Ubuntu) OpenSSL/3.0.19 (internal dummy connection)"
2a03:2880:f802:6:: - - [22/Aug/2026:05:12:49 +0800] "GET /wp-login.php?key=kg8b5374&_wpnonce=&action=ilc_logout&redirect_to=https%3A%2F%2Fgame.edu.kg HTTP/1.1" 302 8248 "-" "Mozilla/5.0 (Windows NT 10.0; Win64; x64) AppleWebKit/537.36 (KHTML, like Gecko) Chrome/145.0.0.0 Safari/537.36 (compatible; meta-externalagent/1.1 (+https://developers.facebook.com/docs/sharing/webmasters/crawler))"
::1 - - [22/Aug/2026:05:12:51 +0800] "OPTIONS * HTTP/1.0" 200 110 "-" "Apache/2.4.68 (Ubuntu) OpenSSL/3.0.19 (internal dummy connection)"
2409:8715:5880:d0::11 - - [22/Aug/2026:05:12:51 +0800] "GET /2018/page/10 HTTP/1.1" 301 5763 "-" "Mozilla/5.0 (Windows NT 10.0; Win64; x64) AppleWebKit/537.36 (KHTML, like Gecko) Chrome/144.0.0.0 Safari/537.36"
::1 - - [22/Aug/2026:05:12:52 +0800] "OPTIONS * HTTP/1.0" 200 110 "-" "Apache/2.4.68 (Ubuntu) OpenSSL/3.0.19 (internal dummy connection)"
2001:288:a201::66:125 - - [22/Aug/2026:05:12:53 +0800] "GET /blog/active.php HTTP/1.1" 301 1026 "-" "-"
2001:288:a201::66:125 - - [22/Aug/2026:05:12:53 +0800] "GET /blog/active.php HTTP/1.1" 404 1084 "-" "-"
140.111.67.10 - - [22/Aug/2026:05:12:53 +0800] "GET /" 301 273 "-" "-"
2409:8715:5880:d0::11 - - [22/Aug/2026:05:12:53 +0800] "GET /2018/page/10/ HTTP/1.1" 200 12030 "-" "Mozilla/5.0 (Windows NT 10.0; Win64; x64) AppleWebKit/537.36 (KHTML, like Gecko) Chrome/144.0.0.0 Safari/537.36"
18.206.47.187 - - [22/Aug/2026:05:12:51 +0800] "GET /wp-content/uploads/sites/2808/6543/6543-3324484.jpg HTTP/1.1" 200 16252 "-" "Mozilla/5.0 AppleWebKit/537.36 (KHTML, like Gecko; compatible; Amazonbot/0.1; +https://developer.amazon.com/support/amazonbot) Chrome/119.0.6045.214 Safari/537.36"
::1 - - [22/Aug/2026:05:12:53 +0800] "OPTIONS * HTTP/1.0" 200 110 "-" "Apache/2.4.68 (Ubuntu) OpenSSL/3.0.19 (internal dummy connection)"
2409:8715:5880:d0::11 - - [22/Aug/2026:05:12:53 +0800] "GET /wp-content/cache/ilta.ilc.edu.tw/wpfc-minified/30cml7nx/6wvk.css HTTP/1.1" 200 40877 "https://ilta.ilc.edu.tw/2018/page/10/" "Mozilla/5.0 (Windows NT 10.0; Win64; x64) AppleWebKit/537.36 (KHTML, like Gecko) Chrome/144.0.0.0 Safari/537.36"
::1 - - [22/Aug/2026:05:12:54 +0800] "OPTIONS * HTTP/1.0" 200 110 "-" "Apache/2.4.68 (Ubuntu) OpenSSL/3.0.19 (internal dummy connection)"
2409:8715:5880:d0::11 - - [22/Aug/2026:05:12:54 +0800] "GET /wp-content/cache/ilta.ilc.edu.tw/wpfc-minified/qm0ohmet/6wvk.css HTTP/1.1" 200 1496 "https://ilta.ilc.edu.tw/2018/page/10/" "Mozilla/5.0 (Windows NT 10.0; Win64; x64) AppleWebKit/537.36 (KHTML, like Gecko) Chrome/144.0.0.0 Safari/537.36"
44.223.193.255 - - [22/Aug/2026:05:12:55 +0800] "GET /6509/wp-json/wp/v2/posts/%22https:/2blog.ilc.edu.tw/wp-content/uploads/sites/2738/6509/6509-2746574.jpg/%22 HTTP/1.1" 404 6131 "-" "Mozilla/5.0 AppleWebKit/537.36 (KHTML, like Gecko; compatible; Amazonbot/0.1; +https://developer.amazon.com/support/amazonbot) Chrome/119.0.6045.214 Safari/537.36"
::1 - - [22/Aug/2026:05:12:55 +0800] "OPTIONS * HTTP/1.0" 200 110 "-" "Apache/2.4.68 (Ubuntu) OpenSSL/3.0.19 (internal dummy connection)"
2409:8715:5880:d0::11 - - [22/Aug/2026:05:12:56 +0800] "GET /wp-includes/js/admin-bar.min.js HTTP/1.1" 200 7032 "https://ilta.ilc.edu.tw/2018/page/10/" "Mozilla/5.0 (Windows NT 10.0; Win64; x64) AppleWebKit/537.36 (KHTML, like Gecko) Chrome/144.0.0.0 Safari/537.36"
34.61.96.6 - - [22/Aug/2026:05:12:55 +0800] "GET /2016/10/04/105%E5%B9%B410%E6%9C%8804%E6%97%A5-%E5%93%81%E5%BE%B7%E6%95%99%E8%82%B2-%E6%83%9C%E7%A6%8F/ HTTP/1.1" 200 27479 "-" "Mozilla/5.0 (Macintosh; Intel Mac OS X 10_15_7) AppleWebKit/537.36 (KHTML, like Gecko) Chrome/120.0.0.0 Safari/537.36"
2409:8715:5880:d0::11 - - [22/Aug/2026:05:12:56 +0800] "GET /wp-content/themes/oceanwp/assets/js/theme.min.js HTTP/1.1" 200 5130 "https://ilta.ilc.edu.tw/2018/page/10/" "Mozilla/5.0 (Windows NT 10.0; Win64; x64) AppleWebKit/537.36 (KHTML, like Gecko) Chrome/144.0.0.0 Safari/537.36"
::1 - - [22/Aug/2026:05:12:56 +0800] "OPTIONS * HTTP/1.0" 200 110 "-" "Apache/2.4.68 (Ubuntu) OpenSSL/3.0.19 (internal dummy connection)"
2409:8715:5880:d0::11 - - [22/Aug/2026:05:12:56 +0800] "GET /wp-content/themes/oceanwp/assets/js/drop-down-search.min.js HTTP/1.1" 200 2968 "https://ilta.ilc.edu.tw/2018/page/10/" "Mozilla/5.0 (Windows NT 10.0; Win64; x64) AppleWebKit/537.36 (KHTML, like Gecko) Chrome/144.0.0.0 Safari/537.36"
2409:8715:5880:d0::11 - - [22/Aug/2026:05:12:57 +0800] "GET /wp-content/themes/oceanwp/assets/js/ow-lightbox.min.js HTTP/1.1" 200 2321 "https://ilta.ilc.edu.tw/2018/page/10/" "Mozilla/5.0 (Windows NT 10.0; Win64; x64) AppleWebKit/537.36 (KHTML, like Gecko) Chrome/144.0.0.0 Safari/537.36"
::1 - - [22/Aug/2026:05:12:57 +0800] "OPTIONS * HTTP/1.0" 200 110 "-" "Apache/2.4.68 (Ubuntu) OpenSSL/3.0.19 (internal dummy connection)"
54.209.100.30 - - [22/Aug/2026:05:12:57 +0800] "GET /wp-content/uploads/sites/55/2019/01/?C=M;O%3DA HTTP/1.1" 200 1320 "-" "Mozilla/5.0 AppleWebKit/537.36 (KHTML, like Gecko; compatible; Amazonbot/0.1; +https://developer.amazon.com/support/amazonbot) Chrome/119.0.6045.214 Safari/537.36"
2409:8715:5880:d0::11 - - [22/Aug/2026:05:12:57 +0800] "GET /wp-content/themes/oceanwp/assets/js/vendors/flickity.pkgd.min.js HTTP/1.1" 200 15048 "https://ilta.ilc.edu.tw/2018/page/10/" "Mozilla/5.0 (Windows NT 10.0; Win64; x64) AppleWebKit/537.36 (KHTML, like Gecko) Chrome/144.0.0.0 Safari/537.36"
2001:288:a201::66:125 - - [22/Aug/2026:05:12:58 +0800] "GET /blog/active.php HTTP/1.1" 301 1026 "-" "-"
2001:288:a201::66:125 - - [22/Aug/2026:05:12:58 +0800] "GET /blog/active.php HTTP/1.1" 404 1084 "-" "-"
2409:8715:5880:d0::11 - - [22/Aug/2026:05:12:58 +0800] "GET /wp-content/themes/oceanwp/assets/js/scroll-effect.min.js HTTP/1.1" 200 4127 "https://ilta.ilc.edu.tw/2018/page/10/" "Mozilla/5.0 (Windows NT 10.0; Win64; x64) AppleWebKit/537.36 (KHTML, like Gecko) Chrome/144.0.0.0 Safari/537.36"
140.111.67.10 - - [22/Aug/2026:05:12:58 +0800] "GET /" 301 273 "-" "-"
2409:8715:5880:d0::11 - - [22/Aug/2026:05:12:58 +0800] "GET /wp-content/themes/oceanwp/assets/js/select.min.js HTTP/1.1" 200 2408 "https://ilta.ilc.edu.tw/2018/page/10/" "Mozilla/5.0 (Windows NT 10.0; Win64; x64) AppleWebKit/537.36 (KHTML, like Gecko) Chrome/144.0.0.0 Safari/537.36"
::1 - - [22/Aug/2026:05:12:58 +0800] "OPTIONS * HTTP/1.0" 200 110 "-" "Apache/2.4.68 (Ubuntu) OpenSSL/3.0.19 (internal dummy connection)"
2409:8057:2070::114:1083 - - [22/Aug/2026:05:12:59 +0800] "GET /2009/10/23 HTTP/1.1" 301 5761 "-" "Mozilla/5.0 (Windows NT 10.0; Win64; x64) AppleWebKit/537.36 (KHTML, like Gecko) Chrome/144.0.0.0 Safari/537.36"
2409:8057:2070::114:1083 - - [22/Aug/2026:05:12:59 +0800] "GET /2009/10/23/ HTTP/1.1" 200 10674 "-" "Mozilla/5.0 (Windows NT 10.0; Win64; x64) AppleWebKit/537.36 (KHTML, like Gecko) Chrome/144.0.0.0 Safari/537.36"
2409:8057:2070::114:1083 - - [22/Aug/2026:05:12:59 +0800] "GET /wp-content/cache/ilta.ilc.edu.tw/wpfc-minified/30cml7nx/6wvk.css HTTP/1.1" 200 40877 "https://ilta.ilc.edu.tw/2009/10/23/" "Mozilla/5.0 (Windows NT 10.0; Win64; x64) AppleWebKit/537.36 (KHTML, like Gecko) Chrome/144.0.0.0 Safari/537.36"
::1 - - [22/Aug/2026:05:12:59 +0800] "OPTIONS * HTTP/1.0" 200 110 "-" "Apache/2.4.68 (Ubuntu) OpenSSL/3.0.19 (internal dummy connection)"
2409:8057:2070::114:1083 - - [22/Aug/2026:05:13:00 +0800] "GET /wp-content/cache/ilta.ilc.edu.tw/wpfc-minified/l07fx5lw/6wvk.css HTTP/1.1" 200 15782 "https://ilta.ilc.edu.tw/2009/10/23/" "Mozilla/5.0 (Windows NT 10.0; Win64; x64) AppleWebKit/537.36 (KHTML, like Gecko) Chrome/144.0.0.0 Safari/537.36"
2409:8057:2070::114:1083 - - [22/Aug/2026:05:13:00 +0800] "GET /wp-content/cache/ilta.ilc.edu.tw/wpfc-minified/qm0ohmet/6wvk.css HTTP/1.1" 200 1496 "https://ilta.ilc.edu.tw/2009/10/23/" "Mozilla/5.0 (Windows NT 10.0; Win64; x64) AppleWebKit/537.36 (KHTML, like Gecko) Chrome/144.0.0.0 Safari/537.36"
2409:8057:2070::114:1083 - - [22/Aug/2026:05:13:00 +0800] "GET /wp-includes/js/admin-bar.min.js HTTP/1.1" 200 7032 "https://ilta.ilc.edu.tw/2009/10/23/" "Mozilla/5.0 (Windows NT 10.0; Win64; x64) AppleWebKit/537.36 (KHTML, like Gecko) Chrome/144.0.0.0 Safari/537.36"
2409:8057:2070::114:1083 - - [22/Aug/2026:05:13:00 +0800] "GET /wp-includes/js/hoverintent-js.min.js HTTP/1.1" 200 6392 "https://ilta.ilc.edu.tw/2009/10/23/" "Mozilla/5.0 (Windows NT 10.0; Win64; x64) AppleWebKit/537.36 (KHTML, like Gecko) Chrome/144.0.0.0 Safari/537.36"
2409:8057:2070::114:1083 - - [22/Aug/2026:05:13:00 +0800] "GET /wp-content/cache/ilta.ilc.edu.tw/wpfc-minified/7vo8n6iy/6wvk.css HTTP/1.1" 200 61047 "https://ilta.ilc.edu.tw/2009/10/23/" "Mozilla/5.0 (Windows NT 10.0; Win64; x64) AppleWebKit/537.36 (KHTML, like Gecko) Chrome/144.0.0.0 Safari/537.36"
2409:8057:2070::114:1083 - - [22/Aug/2026:05:13:00 +0800] "GET /wp-content/cache/ilta.ilc.edu.tw/wpfc-minified/1qjpbzp9/6wvk.js HTTP/1.1" 200 40344 "https://ilta.ilc.edu.tw/2009/10/23/" "Mozilla/5.0 (Windows NT 10.0; Win64; x64) AppleWebKit/537.36 (KHTML, like Gecko) Chrome/144.0.0.0 Safari/537.36"
2409:8057:2070::114:1083 - - [22/Aug/2026:05:13:00 +0800] "GET /wp-includes/js/imagesloaded.min.js HTTP/1.1" 200 2683 "https://ilta.ilc.edu.tw/2009/10/23/" "Mozilla/5.0 (Windows NT 10.0; Win64; x64) AppleWebKit/537.36 (KHTML, like Gecko) Chrome/144.0.0.0 Safari/537.36"
2409:8057:2070::114:1083 - - [22/Aug/2026:05:13:00 +0800] "GET /wp-content/themes/oceanwp/assets/js/theme.min.js HTTP/1.1" 200 5130 "https://ilta.ilc.edu.tw/2009/10/23/" "Mozilla/5.0 (Windows NT 10.0; Win64; x64) AppleWebKit/537.36 (KHTML, like Gecko) Chrome/144.0.0.0 Safari/537.36"
2409:8057:2070::114:1083 - - [22/Aug/2026:05:13:00 +0800] "GET /wp-content/themes/oceanwp/assets/js/drop-down-mobile-menu.min.js HTTP/1.1" 200 4663 "https://ilta.ilc.edu.tw/2009/10/23/" "Mozilla/5.0 (Windows NT 10.0; Win64; x64) AppleWebKit/537.36 (KHTML, like Gecko) Chrome/144.0.0.0 Safari/537.36"
2409:8057:2070::114:1083 - - [22/Aug/2026:05:13:00 +0800] "GET /wp-content/themes/oceanwp/assets/js/drop-down-search.min.js HTTP/1.1" 200 2968 "https://ilta.ilc.edu.tw/2009/10/23/" "Mozilla/5.0 (Windows NT 10.0; Win64; x64) AppleWebKit/537.36 (KHTML, like Gecko) Chrome/144.0.0.0 Safari/537.36"
2409:8057:2070::114:1083 - - [22/Aug/2026:05:13:00 +0800] "GET /wp-content/themes/oceanwp/assets/js/vendors/magnific-popup.min.js HTTP/1.1" 200 8270 "https://ilta.ilc.edu.tw/2009/10/23/" "Mozilla/5.0 (Windows NT 10.0; Win64; x64) AppleWebKit/537.36 (KHTML, like Gecko) Chrome/144.0.0.0 Safari/537.36"
2409:8057:2070::114:1083 - - [22/Aug/2026:05:13:00 +0800] "GET /wp-content/themes/oceanwp/assets/js/vendors/flickity.pkgd.min.js HTTP/1.1" 200 15048 "https://ilta.ilc.edu.tw/2009/10/23/" "Mozilla/5.0 (Windows NT 10.0; Win64; x64) AppleWebKit/537.36 (KHTML, like Gecko) Chrome/144.0.0.0 Safari/537.36"
2409:8057:2070::114:1083 - - [22/Aug/2026:05:13:00 +0800] "GET /wp-content/themes/oceanwp/assets/js/ow-lightbox.min.js HTTP/1.1" 200 2321 "https://ilta.ilc.edu.tw/2009/10/23/" "Mozilla/5.0 (Windows NT 10.0; Win64; x64) AppleWebKit/537.36 (KHTML, like Gecko) Chrome/144.0.0.0 Safari/537.36"
2409:8057:2070::114:1083 - - [22/Aug/2026:05:13:00 +0800] "GET /wp-content/themes/oceanwp/assets/js/ow-slider.min.js HTTP/1.1" 200 1761 "https://ilta.ilc.edu.tw/2009/10/23/" "Mozilla/5.0 (Windows NT 10.0; Win64; x64) AppleWebKit/537.36 (KHTML, like Gecko) Chrome/144.0.0.0 Safari/537.36"
2409:8057:2070::114:1083 - - [22/Aug/2026:05:13:00 +0800] "GET /wp-content/themes/oceanwp/assets/js/scroll-effect.min.js HTTP/1.1" 200 4127 "https://ilta.ilc.edu.tw/2009/10/23/" "Mozilla/5.0 (Windows NT 10.0; Win64; x64) AppleWebKit/537.36 (KHTML, like Gecko) Chrome/144.0.0.0 Safari/537.36"
::1 - - [22/Aug/2026:05:13:00 +0800] "OPTIONS * HTTP/1.0" 200 110 "-" "Apache/2.4.68 (Ubuntu) OpenSSL/3.0.19 (internal dummy connection)"
2409:8057:2070::114:1083 - - [22/Aug/2026:05:13:00 +0800] "GET /wp-content/themes/oceanwp/assets/js/scroll-top.min.js HTTP/1.1" 200 3202 "https://ilta.ilc.edu.tw/2009/10/23/" "Mozilla/5.0 (Windows NT 10.0; Win64; x64) AppleWebKit/537.36 (KHTML, like Gecko) Chrome/144.0.0.0 Safari/537.36"
2409:8057:2070::114:1083 - - [22/Aug/2026:05:13:00 +0800] "GET /wp-content/themes/oceanwp/assets/js/select.min.js HTTP/1.1" 200 2408 "https://ilta.ilc.edu.tw/2009/10/23/" "Mozilla/5.0 (Windows NT 10.0; Win64; x64) AppleWebKit/537.36 (KHTML, like Gecko) Chrome/144.0.0.0 Safari/537.36"
2409:8057:2070::114:1083 - - [22/Aug/2026:05:13:00 +0800] "GET /wp-content/plugins/ocean-extra/includes/widgets/js/flickr.min.js HTTP/1.1" 200 1319 "https://ilta.ilc.edu.tw/2009/10/23/" "Mozilla/5.0 (Windows NT 10.0; Win64; x64) AppleWebKit/537.36 (KHTML, like Gecko) Chrome/144.0.0.0 Safari/537.36"
2409:8057:2070::114:1083 - - [22/Aug/2026:05:13:00 +0800] "GET /wp-content/themes/oceanwp/assets/fonts/simple-line-icons/Simple-Line-Icons.woff2?v=2.4.0 HTTP/1.1" 200 30959 "https://ilta.ilc.edu.tw/wp-content/cache/ilta.ilc.edu.tw/wpfc-minified/7vo8n6iy/6wvk.css" "Mozilla/5.0 (Windows NT 10.0; Win64; x64) AppleWebKit/537.36 (KHTML, like Gecko) Chrome/144.0.0.0 Safari/537.36"
54.225.199.17 - - [22/Aug/2026:05:12:59 +0800] "GET /wp-content/uploads/sites/1727/6232/6232-3923769.jpg HTTP/1.1" 200 779034 "-" "Mozilla/5.0 AppleWebKit/537.36 (KHTML, like Gecko; compatible; Amazonbot/0.1; +https://developer.amazon.com/support/amazonbot) Chrome/119.0.6045.214 Safari/537.36"
2409:8057:2070::114:1083 - - [22/Aug/2026:05:13:00 +0800] "GET /wp-content/themes/oceanwp/assets/fonts/fontawesome/webfonts/fa-solid-900.woff2 HTTP/1.1" 200 151246 "https://ilta.ilc.edu.tw/wp-content/cache/ilta.ilc.edu.tw/wpfc-minified/7vo8n6iy/6wvk.css" "Mozilla/5.0 (Windows NT 10.0; Win64; x64) AppleWebKit/537.36 (KHTML, like Gecko) Chrome/144.0.0.0 Safari/537.36"
2409:8715:5880:d0::11 - - [22/Aug/2026:05:13:01 +0800] "GET /wp-content/themes/oceanwp/assets/fonts/simple-line-icons/Simple-Line-Icons.woff2?v=2.4.0 HTTP/1.1" 200 30959 "https://ilta.ilc.edu.tw/wp-content/cache/ilta.ilc.edu.tw/wpfc-minified/7vo8n6iy/6wvk.css" "Mozilla/5.0 (Windows NT 10.0; Win64; x64) AppleWebKit/537.36 (KHTML, like Gecko) Chrome/144.0.0.0 Safari/537.36"
::1 - - [22/Aug/2026:05:13:01 +0800] "OPTIONS * HTTP/1.0" 200 110 "-" "Apache/2.4.68 (Ubuntu) OpenSSL/3.0.19 (internal dummy connection)"
2409:8057:2070::114:1083 - - [22/Aug/2026:05:13:01 +0800] "GET /favicon.ico HTTP/1.1" 302 925 "https://ilta.ilc.edu.tw/2009/10/23/" "Mozilla/5.0 (Windows NT 10.0; Win64; x64) AppleWebKit/537.36 (KHTML, like Gecko) Chrome/144.0.0.0 Safari/537.36"
2409:8057:2070::114:1083 - - [22/Aug/2026:05:13:02 +0800] "GET /wp-includes/images/w-logo-blue-white-bg.png HTTP/1.1" 200 4946 "https://ilta.ilc.edu.tw/2009/10/23/" "Mozilla/5.0 (Windows NT 10.0; Win64; x64) AppleWebKit/537.36 (KHTML, like Gecko) Chrome/144.0.0.0 Safari/537.36"
::1 - - [22/Aug/2026:05:13:02 +0800] "OPTIONS * HTTP/1.0" 200 110 "-" "Apache/2.4.68 (Ubuntu) OpenSSL/3.0.19 (internal dummy connection)"
2001:288:a201::66:125 - - [22/Aug/2026:05:13:03 +0800] "GET /blog/active.php HTTP/1.1" 301 1026 "-" "-"
2001:288:a201::66:125 - - [22/Aug/2026:05:13:03 +0800] "GET /blog/active.php HTTP/1.1" 404 1084 "-" "-"
140.111.67.10 - - [22/Aug/2026:05:13:03 +0800] "GET /" 301 273 "-" "-"
::1 - - [22/Aug/2026:05:13:03 +0800] "OPTIONS * HTTP/1.0" 200 110 "-" "Apache/2.4.68 (Ubuntu) OpenSSL/3.0.19 (internal dummy connection)"
::1 - - [22/Aug/2026:05:13:04 +0800] "OPTIONS * HTTP/1.0" 200 110 "-" "Apache/2.4.68 (Ubuntu) OpenSSL/3.0.19 (internal dummy connection)"
2408:872f:200:3::1049 - - [22/Aug/2026:05:13:04 +0800] "GET /16989/2018/03 HTTP/1.1" 301 5764 "-" "Mozilla/5.0 (Windows NT 10.0; Win64; x64) AppleWebKit/537.36 (KHTML, like Gecko) Chrome/144.0.0.0 Safari/537.36"
2408:872f:200:3::1049 - - [22/Aug/2026:05:13:05 +0800] "GET /16989/2018/03/ HTTP/1.1" 200 15849 "-" "Mozilla/5.0 (Windows NT 10.0; Win64; x64) AppleWebKit/537.36 (KHTML, like Gecko) Chrome/144.0.0.0 Safari/537.36"
::1 - - [22/Aug/2026:05:13:05 +0800] "OPTIONS * HTTP/1.0" 200 110 "-" "Apache/2.4.68 (Ubuntu) OpenSSL/3.0.19 (internal dummy connection)"
2408:872f:200:3::1049 - - [22/Aug/2026:05:13:05 +0800] "GET /16989/wp-content/cache/2blog.ilc.edu.tw/wpfc-minified/rpcax9d/5wot9.css HTTP/1.1" 200 40888 "https://2blog.ilc.edu.tw/16989/2018/03/" "Mozilla/5.0 (Windows NT 10.0; Win64; x64) AppleWebKit/537.36 (KHTML, like Gecko) Chrome/144.0.0.0 Safari/537.36"
2408:872f:200:3::1049 - - [22/Aug/2026:05:13:06 +0800] "GET /16989/wp-content/cache/2blog.ilc.edu.tw/wpfc-minified/ey4djp1/5wot9.css HTTP/1.1" 200 1496 "https://2blog.ilc.edu.tw/16989/2018/03/" "Mozilla/5.0 (Windows NT 10.0; Win64; x64) AppleWebKit/537.36 (KHTML, like Gecko) Chrome/144.0.0.0 Safari/537.36"
2408:872f:200:3::1049 - - [22/Aug/2026:05:13:06 +0800] "GET /16989/wp-content/cache/2blog.ilc.edu.tw/wpfc-minified/9k26ehbm/5wot9.css HTTP/1.1" 200 20576 "https://2blog.ilc.edu.tw/16989/2018/03/" "Mozilla/5.0 (Windows NT 10.0; Win64; x64) AppleWebKit/537.36 (KHTML, like Gecko) Chrome/144.0.0.0 Safari/537.36"
2408:872f:200:3::1049 - - [22/Aug/2026:05:13:06 +0800] "GET /16989/wp-content/cache/2blog.ilc.edu.tw/wpfc-minified/jzc14dcs/5wot9.css HTTP/1.1" 200 86849 "https://2blog.ilc.edu.tw/16989/2018/03/" "Mozilla/5.0 (Windows NT 10.0; Win64; x64) AppleWebKit/537.36 (KHTML, like Gecko) Chrome/144.0.0.0 Safari/537.36"
2408:872f:200:3::1049 - - [22/Aug/2026:05:13:06 +0800] "GET /16989/wp-content/uploads/sites/1081/elementor/css/post-1552.css HTTP/1.1" 200 6063 "https://2blog.ilc.edu.tw/16989/2018/03/" "Mozilla/5.0 (Windows NT 10.0; Win64; x64) AppleWebKit/537.36 (KHTML, like Gecko) Chrome/144.0.0.0 Safari/537.36"
2408:872f:200:3::1049 - - [22/Aug/2026:05:13:06 +0800] "GET /16989/wp-content/cache/2blog.ilc.edu.tw/wpfc-minified/dgszgo0s/5wot8.css HTTP/1.1" 200 52081 "https://2blog.ilc.edu.tw/16989/2018/03/" "Mozilla/5.0 (Windows NT 10.0; Win64; x64) AppleWebKit/537.36 (KHTML, like Gecko) Chrome/144.0.0.0 Safari/537.36"
2408:872f:200:3::1049 - - [22/Aug/2026:05:13:06 +0800] "GET /16989/wp-content/uploads/sites/1081/elementor/css/post-1687.css HTTP/1.1" 200 1913 "https://2blog.ilc.edu.tw/16989/2018/03/" "Mozilla/5.0 (Windows NT 10.0; Win64; x64) AppleWebKit/537.36 (KHTML, like Gecko) Chrome/144.0.0.0 Safari/537.36"
::1 - - [22/Aug/2026:05:13:06 +0800] "OPTIONS * HTTP/1.0" 200 110 "-" "Apache/2.4.68 (Ubuntu) OpenSSL/3.0.19 (internal dummy connection)"
2408:872f:200:3::1049 - - [22/Aug/2026:05:13:06 +0800] "GET /16989/wp-content/cache/2blog.ilc.edu.tw/wpfc-minified/qur1gz2x/5wot8.css HTTP/1.1" 200 7989 "https://2blog.ilc.edu.tw/16989/2018/03/" "Mozilla/5.0 (Windows NT 10.0; Win64; x64) AppleWebKit/537.36 (KHTML, like Gecko) Chrome/144.0.0.0 Safari/537.36"
2408:872f:200:3::1049 - - [22/Aug/2026:05:13:06 +0800] "GET /16989/wp-content/cache/2blog.ilc.edu.tw/wpfc-minified/8uw6yg2l/5wot8.css HTTP/1.1" 200 13906 "https://2blog.ilc.edu.tw/16989/2018/03/" "Mozilla/5.0 (Windows NT 10.0; Win64; x64) AppleWebKit/537.36 (KHTML, like Gecko) Chrome/144.0.0.0 Safari/537.36"
2408:872f:200:3::1049 - - [22/Aug/2026:05:13:06 +0800] "GET /16989/wp-content/cache/2blog.ilc.edu.tw/wpfc-minified/ko4igrod/5wot9.js HTTP/1.1" 200 35566 "https://2blog.ilc.edu.tw/16989/2018/03/" "Mozilla/5.0 (Windows NT 10.0; Win64; x64) AppleWebKit/537.36 (KHTML, like Gecko) Chrome/144.0.0.0 Safari/537.36"
2a12:da80:7f15:8321:110:67da:ea4e:c8af - - [22/Aug/2026:05:13:06 +0800] "GET / HTTP/1.1" 301 977 "-" "Mozilla/5.0 (Macintosh; Intel Mac OS X 10_15_7) AppleWebKit/537.36 (KHTML, like Gecko) Chrome/146.0.0.0 Safari/537.36"
2408:8726:2000:a::1317 - - [22/Aug/2026:05:13:07 +0800] "GET /wp-content/cache/www.dyes.ilc.edu.tw/wpfc-minified/e6m5hfib/vlgc.css HTTP/1.1" 200 20778 "https://www.dyes.ilc.edu.tw/2018/10/" "Mozilla/5.0 (Windows NT 10.0; Win64; x64) AppleWebKit/537.36 (KHTML, like Gecko) Chrome/144.0.0.0 Safari/537.36"
2408:8726:2000:a::1317 - - [22/Aug/2026:05:13:07 +0800] "GET /wp-content/cache/www.dyes.ilc.edu.tw/wpfc-minified/m8kgmazk/b6h3.css HTTP/1.1" 200 23810 "https://www.dyes.ilc.edu.tw/2018/10/" "Mozilla/5.0 (Windows NT 10.0; Win64; x64) AppleWebKit/537.36 (KHTML, like Gecko) Chrome/144.0.0.0 Safari/537.36"
2408:8726:2000:a::1317 - - [22/Aug/2026:05:13:07 +0800] "GET /wp-content/cache/www.dyes.ilc.edu.tw/wpfc-minified/fp8ql3m8/b6h3.css HTTP/1.1" 200 18673 "https://www.dyes.ilc.edu.tw/2018/10/" "Mozilla/5.0 (Windows NT 10.0; Win64; x64) AppleWebKit/537.36 (KHTML, like Gecko) Chrome/144.0.0.0 Safari/537.36"
2408:8726:2000:a::1317 - - [22/Aug/2026:05:13:07 +0800] "GET /wp-content/cache/www.dyes.ilc.edu.tw/wpfc-minified/10q9yzkn/b6h3.js HTTP/1.1" 200 40359 "https://www.dyes.ilc.edu.tw/2018/10/" "Mozilla/5.0 (Windows NT 10.0; Win64; x64) AppleWebKit/537.36 (KHTML, like Gecko) Chrome/144.0.0.0 Safari/537.36"
2408:8726:2000:a::1317 - - [22/Aug/2026:05:13:07 +0800] "GET /wp-content/themes/hueman/assets/front/webfonts/fa-brands-400.woff2?v=5.15.2 HTTP/1.1" 200 84301 "https://www.dyes.ilc.edu.tw/2018/10/" "Mozilla/5.0 (Windows NT 10.0; Win64; x64) AppleWebKit/537.36 (KHTML, like Gecko) Chrome/144.0.0.0 Safari/537.36"
2408:872f:200:3::1049 - - [22/Aug/2026:05:13:07 +0800] "GET /16989/wp-includes/js/hoverintent-js.min.js HTTP/1.1" 200 1597 "https://2blog.ilc.edu.tw/16989/2018/03/" "Mozilla/5.0 (Windows NT 10.0; Win64; x64) AppleWebKit/537.36 (KHTML, like Gecko) Chrome/144.0.0.0 Safari/537.36"
2408:872f:200:3::1049 - - [22/Aug/2026:05:13:07 +0800] "GET /16989/wp-includes/js/admin-bar.min.js HTTP/1.1" 200 2237 "https://2blog.ilc.edu.tw/16989/2018/03/" "Mozilla/5.0 (Windows NT 10.0; Win64; x64) AppleWebKit/537.36 (KHTML, like Gecko) Chrome/144.0.0.0 Safari/537.36"
3.230.224.6 - - [22/Aug/2026:05:13:07 +0800] "GET /6486/wp-json/wp/v2/posts/%22https:/2blog.ilc.edu.tw/wp-content/uploads/sites/2616/6486/6486-1592664.jpg/%22 HTTP/1.1" 404 6131 "-" "Mozilla/5.0 AppleWebKit/537.36 (KHTML, like Gecko; compatible; Amazonbot/0.1; +https://developer.amazon.com/support/amazonbot) Chrome/119.0.6045.214 Safari/537.36"
2408:872f:200:3::1049 - - [22/Aug/2026:05:13:07 +0800] "GET /16989/wp-includes/js/imagesloaded.min.js HTTP/1.1" 200 2683 "https://2blog.ilc.edu.tw/16989/2018/03/" "Mozilla/5.0 (Windows NT 10.0; Win64; x64) AppleWebKit/537.36 (KHTML, like Gecko) Chrome/144.0.0.0 Safari/537.36"
2408:872f:200:3::1049 - - [22/Aug/2026:05:13:07 +0800] "GET /16989/wp-content/themes/oceanwp/assets/js/theme.min.js HTTP/1.1" 200 5130 "https://2blog.ilc.edu.tw/16989/2018/03/" "Mozilla/5.0 (Windows NT 10.0; Win64; x64) AppleWebKit/537.36 (KHTML, like Gecko) Chrome/144.0.0.0 Safari/537.36"
2408:872f:200:3::1049 - - [22/Aug/2026:05:13:07 +0800] "GET /16989/wp-content/themes/oceanwp/assets/js/drop-down-mobile-menu.min.js HTTP/1.1" 200 4663 "https://2blog.ilc.edu.tw/16989/2018/03/" "Mozilla/5.0 (Windows NT 10.0; Win64; x64) AppleWebKit/537.36 (KHTML, like Gecko) Chrome/144.0.0.0 Safari/537.36"
2408:872f:200:3::1049 - - [22/Aug/2026:05:13:07 +0800] "GET /16989/wp-content/themes/oceanwp/assets/js/drop-down-search.min.js HTTP/1.1" 200 2968 "https://2blog.ilc.edu.tw/16989/2018/03/" "Mozilla/5.0 (Windows NT 10.0; Win64; x64) AppleWebKit/537.36 (KHTML, like Gecko) Chrome/144.0.0.0 Safari/537.36"
2408:872f:200:3::1049 - - [22/Aug/2026:05:13:07 +0800] "GET /16989/wp-content/themes/oceanwp/assets/js/vendors/magnific-popup.min.js HTTP/1.1" 200 8270 "https://2blog.ilc.edu.tw/16989/2018/03/" "Mozilla/5.0 (Windows NT 10.0; Win64; x64) AppleWebKit/537.36 (KHTML, like Gecko) Chrome/144.0.0.0 Safari/537.36"
2408:872f:200:3::1049 - - [22/Aug/2026:05:13:07 +0800] "GET /16989/wp-content/themes/oceanwp/assets/js/ow-lightbox.min.js HTTP/1.1" 200 2321 "https://2blog.ilc.edu.tw/16989/2018/03/" "Mozilla/5.0 (Windows NT 10.0; Win64; x64) AppleWebKit/537.36 (KHTML, like Gecko) Chrome/144.0.0.0 Safari/537.36"
::1 - - [22/Aug/2026:05:13:07 +0800] "OPTIONS * HTTP/1.0" 200 110 "-" "Apache/2.4.68 (Ubuntu) OpenSSL/3.0.19 (internal dummy connection)"
2408:8726:2000:a::1317 - - [22/Aug/2026:05:13:07 +0800] "GET /wp-content/themes/hueman/assets/front/fonts/titillium-light-webfont.woff HTTP/1.1" 200 25606 "https://www.dyes.ilc.edu.tw/2018/10/" "Mozilla/5.0 (Windows NT 10.0; Win64; x64) AppleWebKit/537.36 (KHTML, like Gecko) Chrome/144.0.0.0 Safari/537.36"
2408:8726:2000:a::1317 - - [22/Aug/2026:05:13:07 +0800] "GET /wp-content/themes/hueman/assets/front/fonts/titillium-lightitalic-webfont.woff HTTP/1.1" 200 27654 "https://www.dyes.ilc.edu.tw/2018/10/" "Mozilla/5.0 (Windows NT 10.0; Win64; x64) AppleWebKit/537.36 (KHTML, like Gecko) Chrome/144.0.0.0 Safari/537.36"
2408:8726:2000:a::1317 - - [22/Aug/2026:05:13:07 +0800] "GET /wp-content/themes/hueman/assets/front/fonts/titillium-regular-webfont.woff HTTP/1.1" 200 25590 "https://www.dyes.ilc.edu.tw/2018/10/" "Mozilla/5.0 (Windows NT 10.0; Win64; x64) AppleWebKit/537.36 (KHTML, like Gecko) Chrome/144.0.0.0 Safari/537.36"
2408:8726:2000:a::1317 - - [22/Aug/2026:05:13:07 +0800] "GET /wp-content/themes/hueman/assets/front/fonts/titillium-regularitalic-webfont.woff HTTP/1.1" 200 27482 "https://www.dyes.ilc.edu.tw/2018/10/" "Mozilla/5.0 (Windows NT 10.0; Win64; x64) AppleWebKit/537.36 (KHTML, like Gecko) Chrome/144.0.0.0 Safari/537.36"
2408:872f:200:3::1049 - - [22/Aug/2026:05:13:07 +0800] "GET /16989/wp-content/themes/oceanwp/assets/fonts/simple-line-icons/Simple-Line-Icons.woff2?v=2.4.0 HTTP/1.1" 200 30959 "https://2blog.ilc.edu.tw/16989/wp-content/cache/2blog.ilc.edu.tw/wpfc-minified/jzc14dcs/5wot9.css" "Mozilla/5.0 (Windows NT 10.0; Win64; x64) AppleWebKit/537.36 (KHTML, like Gecko) Chrome/144.0.0.0 Safari/537.36"
2408:872f:200:3::1049 - - [22/Aug/2026:05:13:07 +0800] "GET /16989/wp-content/themes/oceanwp/assets/js/vendors/flickity.pkgd.min.js HTTP/1.1" 200 15048 "https://2blog.ilc.edu.tw/16989/2018/03/" "Mozilla/5.0 (Windows NT 10.0; Win64; x64) AppleWebKit/537.36 (KHTML, like Gecko) Chrome/144.0.0.0 Safari/537.36"
2408:872f:200:3::1049 - - [22/Aug/2026:05:13:07 +0800] "GET /16989/wp-content/themes/oceanwp/assets/js/ow-slider.min.js HTTP/1.1" 200 1761 "https://2blog.ilc.edu.tw/16989/2018/03/" "Mozilla/5.0 (Windows NT 10.0; Win64; x64) AppleWebKit/537.36 (KHTML, like Gecko) Chrome/144.0.0.0 Safari/537.36"
2408:872f:200:3::1049 - - [22/Aug/2026:05:13:07 +0800] "GET /16989/wp-content/themes/oceanwp/assets/js/scroll-effect.min.js HTTP/1.1" 200 4127 "https://2blog.ilc.edu.tw/16989/2018/03/" "Mozilla/5.0 (Windows NT 10.0; Win64; x64) AppleWebKit/537.36 (KHTML, like Gecko) Chrome/144.0.0.0 Safari/537.36"
2408:872f:200:3::1049 - - [22/Aug/2026:05:13:07 +0800] "GET /16989/wp-content/plugins/elementor/assets/lib/font-awesome/webfonts/fa-solid-900.woff2 HTTP/1.1" 200 79223 "https://2blog.ilc.edu.tw/16989/wp-content/cache/2blog.ilc.edu.tw/wpfc-minified/8uw6yg2l/5wot8.css" "Mozilla/5.0 (Windows NT 10.0; Win64; x64) AppleWebKit/537.36 (KHTML, like Gecko) Chrome/144.0.0.0 Safari/537.36"
2408:872f:200:3::1049 - - [22/Aug/2026:05:13:08 +0800] "GET /16989/wp-content/themes/oceanwp/assets/js/scroll-top.min.js HTTP/1.1" 200 3202 "https://2blog.ilc.edu.tw/16989/2018/03/" "Mozilla/5.0 (Windows NT 10.0; Win64; x64) AppleWebKit/537.36 (KHTML, like Gecko) Chrome/144.0.0.0 Safari/537.36"
211.22.184.58 - - [22/Aug/2026:05:13:07 +0800] "HEAD /1003/feed/ HTTP/1.1" 200 5451 "-" "Mozilla/5.0 (Windows NT 6.1) AppleWebKit/538.1 (KHTML, like Gecko) QuiteRSS/0.18.12 Safari/538.1"
2408:8726:2000:a::1317 - - [22/Aug/2026:05:13:08 +0800] "GET /wp-content/cache/www.dyes.ilc.edu.tw/wpfc-minified/kprky1v0/b6h3.css HTTP/1.1" 200 4322 "https://www.dyes.ilc.edu.tw/2018/10/" "Mozilla/5.0 (Windows NT 10.0; Win64; x64) AppleWebKit/537.36 (KHTML, like Gecko) Chrome/144.0.0.0 Safari/537.36"
2001:288:a201::66:125 - - [22/Aug/2026:05:13:08 +0800] "GET /blog/active.php HTTP/1.1" 301 1026 "-" "-"
2408:8726:2000:a::1317 - - [22/Aug/2026:05:13:08 +0800] "GET /wp-content/themes/hueman/assets/front/fonts/titillium-semibold-webfont.woff HTTP/1.1" 200 25626 "https://www.dyes.ilc.edu.tw/2018/10/" "Mozilla/5.0 (Windows NT 10.0; Win64; x64) AppleWebKit/537.36 (KHTML, like Gecko) Chrome/144.0.0.0 Safari/537.36"
2408:8726:2000:a::1317 - - [22/Aug/2026:05:13:08 +0800] "GET /wp-includes/js/hoverintent-js.min.js HTTP/1.1" 200 1597 "https://www.dyes.ilc.edu.tw/2018/10/" "Mozilla/5.0 (Windows NT 10.0; Win64; x64) AppleWebKit/537.36 (KHTML, like Gecko) Chrome/144.0.0.0 Safari/537.36"
2408:8726:2000:a::1317 - - [22/Aug/2026:05:13:08 +0800] "GET /wp-includes/js/admin-bar.min.js HTTP/1.1" 200 2237 "https://www.dyes.ilc.edu.tw/2018/10/" "Mozilla/5.0 (Windows NT 10.0; Win64; x64) AppleWebKit/537.36 (KHTML, like Gecko) Chrome/144.0.0.0 Safari/537.36"
2001:288:a201::66:125 - - [22/Aug/2026:05:13:08 +0800] "GET /blog/active.php HTTP/1.1" 404 1084 "-" "-"
2408:8726:2000:a::1317 - - [22/Aug/2026:05:13:08 +0800] "GET /wp-includes/js/underscore.min.js HTTP/1.1" 200 8191 "https://www.dyes.ilc.edu.tw/2018/10/" "Mozilla/5.0 (Windows NT 10.0; Win64; x64) AppleWebKit/537.36 (KHTML, like Gecko) Chrome/144.0.0.0 Safari/537.36"
2408:872f:200:3::1049 - - [22/Aug/2026:05:13:08 +0800] "GET /16989/wp-content/themes/oceanwp/assets/js/select.min.js HTTP/1.1" 200 2408 "https://2blog.ilc.edu.tw/16989/2018/03/" "Mozilla/5.0 (Windows NT 10.0; Win64; x64) AppleWebKit/537.36 (KHTML, like Gecko) Chrome/144.0.0.0 Safari/537.36"
34.231.181.240 - - [22/Aug/2026:05:13:08 +0800] "GET /wp-content/uploads/sites/714/2026/04/?C=N;O%3DD HTTP/1.1" 200 1112 "-" "Mozilla/5.0 AppleWebKit/537.36 (KHTML, like Gecko; compatible; Amazonbot/0.1; +https://developer.amazon.com/support/amazonbot) Chrome/119.0.6045.214 Safari/537.36"
140.111.67.10 - - [22/Aug/2026:05:13:08 +0800] "GET /" 301 273 "-" "-"
2408:872f:200:3::1049 - - [22/Aug/2026:05:13:08 +0800] "GET /16989/wp-content/plugins/ocean-extra/includes/widgets/js/flickr.min.js HTTP/1.1" 200 1319 "https://2blog.ilc.edu.tw/16989/2018/03/" "Mozilla/5.0 (Windows NT 10.0; Win64; x64) AppleWebKit/537.36 (KHTML, like Gecko) Chrome/144.0.0.0 Safari/537.36"
2408:872f:200:3::1049 - - [22/Aug/2026:05:13:08 +0800] "GET /16989/wp-content/plugins/elementor-pro/assets/lib/smartmenus/jquery.smartmenus.min.js HTTP/1.1" 200 7967 "https://2blog.ilc.edu.tw/16989/2018/03/" "Mozilla/5.0 (Windows NT 10.0; Win64; x64) AppleWebKit/537.36 (KHTML, like Gecko) Chrome/144.0.0.0 Safari/537.36"
2408:872f:200:3::1049 - - [22/Aug/2026:05:13:08 +0800] "GET /16989/wp-content/plugins/elementor-pro/assets/lib/sticky/jquery.sticky.min.js HTTP/1.1" 200 2422 "https://2blog.ilc.edu.tw/16989/2018/03/" "Mozilla/5.0 (Windows NT 10.0; Win64; x64) AppleWebKit/537.36 (KHTML, like Gecko) Chrome/144.0.0.0 Safari/537.36"
2408:872f:200:3::1049 - - [22/Aug/2026:05:13:08 +0800] "GET /16989/wp-content/plugins/elementor-pro/assets/js/webpack-pro.runtime.min.js HTTP/1.1" 200 3562 "https://2blog.ilc.edu.tw/16989/2018/03/" "Mozilla/5.0 (Windows NT 10.0; Win64; x64) AppleWebKit/537.36 (KHTML, like Gecko) Chrome/144.0.0.0 Safari/537.36"
2408:8726:2000:a::1317 - - [22/Aug/2026:05:13:08 +0800] "GET /wp-includes/js/mediaelement/mediaelement-migrate.min.js HTTP/1.1" 200 1419 "https://www.dyes.ilc.edu.tw/2018/10/" "Mozilla/5.0 (Windows NT 10.0; Win64; x64) AppleWebKit/537.36 (KHTML, like Gecko) Chrome/144.0.0.0 Safari/537.36"
2408:8726:2000:a::1317 - - [22/Aug/2026:05:13:08 +0800] "GET /wp-includes/js/mediaelement/wp-mediaelement.min.js HTTP/1.1" 200 1417 "https://www.dyes.ilc.edu.tw/2018/10/" "Mozilla/5.0 (Windows NT 10.0; Win64; x64) AppleWebKit/537.36 (KHTML, like Gecko) Chrome/144.0.0.0 Safari/537.36"
2408:8726:2000:a::1317 - - [22/Aug/2026:05:13:08 +0800] "GET /wp-includes/js/mediaelement/renderers/vimeo.min.js HTTP/1.1" 200 3164 "https://www.dyes.ilc.edu.tw/2018/10/" "Mozilla/5.0 (Windows NT 10.0; Win64; x64) AppleWebKit/537.36 (KHTML, like Gecko) Chrome/144.0.0.0 Safari/537.36"
2408:8726:2000:a::1317 - - [22/Aug/2026:05:13:08 +0800] "GET /wp-content/themes/hueman/assets/front/js/scripts.min.js HTTP/1.1" 200 22643 "https://www.dyes.ilc.edu.tw/2018/10/" "Mozilla/5.0 (Windows NT 10.0; Win64; x64) AppleWebKit/537.36 (KHTML, like Gecko) Chrome/144.0.0.0 Safari/537.36"
2408:872f:200:3::1049 - - [22/Aug/2026:05:13:08 +0800] "GET /16989/wp-content/plugins/elementor/assets/js/webpack.runtime.min.js HTTP/1.1" 200 3095 "https://2blog.ilc.edu.tw/16989/2018/03/" "Mozilla/5.0 (Windows NT 10.0; Win64; x64) AppleWebKit/537.36 (KHTML, like Gecko) Chrome/144.0.0.0 Safari/537.36"
2408:872f:200:3::1049 - - [22/Aug/2026:05:13:08 +0800] "GET /16989/wp-content/plugins/elementor/assets/js/frontend-modules.min.js HTTP/1.1" 200 19416 "https://2blog.ilc.edu.tw/16989/2018/03/" "Mozilla/5.0 (Windows NT 10.0; Win64; x64) AppleWebKit/537.36 (KHTML, like Gecko) Chrome/144.0.0.0 Safari/537.36"
2408:872f:200:3::1049 - - [22/Aug/2026:05:13:08 +0800] "GET /16989/wp-includes/js/dist/hooks.min.js HTTP/1.1" 200 2421 "https://2blog.ilc.edu.tw/16989/2018/03/" "Mozilla/5.0 (Windows NT 10.0; Win64; x64) AppleWebKit/537.36 (KHTML, like Gecko) Chrome/144.0.0.0 Safari/537.36"
2408:872f:200:3::1049 - - [22/Aug/2026:05:13:08 +0800] "GET /16989/wp-includes/js/dist/i18n.min.js HTTP/1.1" 200 4547 "https://2blog.ilc.edu.tw/16989/2018/03/" "Mozilla/5.0 (Windows NT 10.0; Win64; x64) AppleWebKit/537.36 (KHTML, like Gecko) Chrome/144.0.0.0 Safari/537.36"
2408:872f:200:3::1049 - - [22/Aug/2026:05:13:08 +0800] "GET /16989/wp-content/plugins/elementor-pro/assets/js/frontend.min.js HTTP/1.1" 200 7574 "https://2blog.ilc.edu.tw/16989/2018/03/" "Mozilla/5.0 (Windows NT 10.0; Win64; x64) AppleWebKit/537.36 (KHTML, like Gecko) Chrome/144.0.0.0 Safari/537.36"
2408:872f:200:3::1049 - - [22/Aug/2026:05:13:08 +0800] "GET /16989/wp-content/plugins/elementor/assets/lib/waypoints/waypoints.min.js HTTP/1.1" 200 3873 "https://2blog.ilc.edu.tw/16989/2018/03/" "Mozilla/5.0 (Windows NT 10.0; Win64; x64) AppleWebKit/537.36 (KHTML, like Gecko) Chrome/144.0.0.0 Safari/537.36"
2408:872f:200:3::1049 - - [22/Aug/2026:05:13:08 +0800] "GET /16989/wp-includes/js/jquery/ui/core.min.js HTTP/1.1" 200 7986 "https://2blog.ilc.edu.tw/16989/2018/03/" "Mozilla/5.0 (Windows NT 10.0; Win64; x64) AppleWebKit/537.36 (KHTML, like Gecko) Chrome/144.0.0.0 Safari/537.36"
44.208.223.68 - - [22/Aug/2026:05:13:08 +0800] "GET /wp-content/uploads/sites/2813/6488/6488-3340694.jpg HTTP/1.1" 200 19337 "-" "Mozilla/5.0 AppleWebKit/537.36 (KHTML, like Gecko; compatible; Amazonbot/0.1; +https://developer.amazon.com/support/amazonbot) Chrome/119.0.6045.214 Safari/537.36"
2408:872f:200:3::1049 - - [22/Aug/2026:05:13:09 +0800] "GET /16989/wp-content/plugins/elementor/assets/js/frontend.min.js HTTP/1.1" 200 13169 "https://2blog.ilc.edu.tw/16989/2018/03/" "Mozilla/5.0 (Windows NT 10.0; Win64; x64) AppleWebKit/537.36 (KHTML, like Gecko) Chrome/144.0.0.0 Safari/537.36"
2408:872f:200:3::1049 - - [22/Aug/2026:05:13:09 +0800] "GET /16989/wp-content/plugins/elementor-pro/assets/js/elements-handlers.min.js HTTP/1.1" 200 10882 "https://2blog.ilc.edu.tw/16989/2018/03/" "Mozilla/5.0 (Windows NT 10.0; Win64; x64) AppleWebKit/537.36 (KHTML, like Gecko) Chrome/144.0.0.0 Safari/537.36"
2408:872f:200:3::1049 - - [22/Aug/2026:05:13:09 +0800] "GET /16989/wp-content/plugins/elementor/assets/lib/share-link/share-link.min.js?ver=3.22.3 HTTP/1.1" 200 2049 "https://2blog.ilc.edu.tw/16989/2018/03/" "Mozilla/5.0 (Windows NT 10.0; Win64; x64) AppleWebKit/537.36 (KHTML, like Gecko) Chrome/144.0.0.0 Safari/537.36"
52.167.144.192 - - [22/Aug/2026:05:13:09 +0800] "GET /sitemap.xml.gz HTTP/1.1" 404 50796 "-" "Mozilla/5.0 AppleWebKit/537.36 (KHTML, like Gecko; compatible; bingbot/2.0; +http://www.bing.com/bingbot.htm) Chrome/116.0.1938.76 Safari/537.36"
2408:872f:200:3::1049 - - [22/Aug/2026:05:13:09 +0800] "GET /16989/wp-content/plugins/elementor/assets/js/lightbox.94b920846d1e37cafb78.bundle.min.js HTTP/1.1" 200 10857 "https://2blog.ilc.edu.tw/16989/2018/03/" "Mozilla/5.0 (Windows NT 10.0; Win64; x64) AppleWebKit/537.36 (KHTML, like Gecko) Chrome/144.0.0.0 Safari/537.36"
2408:872f:200:3::1049 - - [22/Aug/2026:05:13:09 +0800] "GET /16989/wp-content/plugins/elementor/assets/lib/dialog/dialog.min.js?ver=4.9.0 HTTP/1.1" 200 4368 "https://2blog.ilc.edu.tw/16989/2018/03/" "Mozilla/5.0 (Windows NT 10.0; Win64; x64) AppleWebKit/537.36 (KHTML, like Gecko) Chrome/144.0.0.0 Safari/537.36"
2408:872f:200:3::1049 - - [22/Aug/2026:05:13:09 +0800] "GET /16989/wp-content/plugins/elementor-pro/assets/js/nav-menu.e65811186e94a386ba7b.bundle.min.js HTTP/1.1" 200 2690 "https://2blog.ilc.edu.tw/16989/2018/03/" "Mozilla/5.0 (Windows NT 10.0; Win64; x64) AppleWebKit/537.36 (KHTML, like Gecko) Chrome/144.0.0.0 Safari/537.36"
2408:872f:200:3::1049 - - [22/Aug/2026:05:13:09 +0800] "GET /favicon.ico HTTP/1.1" 302 901 "https://2blog.ilc.edu.tw/16989/2018/03/" "Mozilla/5.0 (Windows NT 10.0; Win64; x64) AppleWebKit/537.36 (KHTML, like Gecko) Chrome/144.0.0.0 Safari/537.36"
34.10.180.98 - - [22/Aug/2026:05:13:09 +0800] "GET /6562/2019/11/18/108-2-1%E3%80%81108%E5%AD%B8%E5%B9%B4%E5%BA%A6%E5%90%84%E5%B9%B4%E7%B4%9A%E9%84%89%E5%9C%9F%E5%AF%A6%E5%AF%9F%E6%B4%BB%E5%8B%95%E6%AA%A2%E6%A0%B8%E8%A1%A8/ HTTP/1.1" 200 15435 "-" "Mozilla/5.0 (Macintosh; Intel Mac OS X 10_15_7) AppleWebKit/537.36 (KHTML, like Gecko) Chrome/120.0.0.0 Safari/537.36"
2408:872f:200:3::1049 - - [22/Aug/2026:05:13:09 +0800] "GET /16989/wp-content/plugins/elementor/assets/lib/eicons/fonts/eicons.woff2?5.30.0 HTTP/1.1" 200 98225 "https://2blog.ilc.edu.tw/16989/wp-content/cache/2blog.ilc.edu.tw/wpfc-minified/jzc14dcs/5wot9.css" "Mozilla/5.0 (Windows NT 10.0; Win64; x64) AppleWebKit/537.36 (KHTML, like Gecko) Chrome/144.0.0.0 Safari/537.36"
2408:872f:200:3::1049 - - [22/Aug/2026:05:13:09 +0800] "GET /wp-includes/images/w-logo-blue-white-bg.png HTTP/1.1" 200 4946 "https://2blog.ilc.edu.tw/16989/2018/03/" "Mozilla/5.0 (Windows NT 10.0; Win64; x64) AppleWebKit/537.36 (KHTML, like Gecko) Chrome/144.0.0.0 Safari/537.36"
34.171.68.95 - - [22/Aug/2026:05:13:09 +0800] "GET /wp-json/wp/v2/posts/484 HTTP/1.1" 200 20567 "-" "Mozilla/5.0 (Macintosh; Intel Mac OS X 10_15_7) AppleWebKit/537.36 (KHTML, like Gecko) Chrome/120.0.0.0 Safari/537.36"
34.61.96.6 - - [22/Aug/2026:05:13:10 +0800] "GET /3860/2009/03/07/%E8%8D%89%E6%A0%B9%E5%8F%B0%E7%81%A3%E8%87%89%E8%AD%9C-%E8%8D%89%E6%A0%B9%E5%AD%90%E5%A5%B3-%E6%B2%88%E8%8A%AF%E8%8F%B1-%E5%8F%B0%E7%81%A3%E4%B9%8B%E5%85%89/ HTTP/1.1" 200 30823 "-" "Mozilla/5.0 (Macintosh; Intel Mac OS X 10_15_7) AppleWebKit/537.36 (KHTML, like Gecko) Chrome/120.0.0.0 Safari/537.36"
18.206.47.187 - - [22/Aug/2026:05:13:11 +0800] "GET /32745/wp-content/uploads/sites/1271/2022/02/safe_image-28-3-500x245.jpg HTTP/1.1" 200 24713 "-" "Mozilla/5.0 AppleWebKit/537.36 (KHTML, like Gecko; compatible; Amazonbot/0.1; +https://developer.amazon.com/support/amazonbot) Chrome/119.0.6045.214 Safari/537.36"
52.54.15.103 - - [22/Aug/2026:05:13:11 +0800] "GET /32745/wp-json/oembed/1.0/embed?url=https://2blog.ilc.edu.tw/32745/2025/02/16/%25e4%25b8%258a%25e8%2587%25ba%25e5%2594%25b8%25e6%25ad%258c/ HTTP/1.1" 200 8490 "-" "Mozilla/5.0 AppleWebKit/537.36 (KHTML, like Gecko; compatible; Amazonbot/0.1; +https://developer.amazon.com/support/amazonbot) Chrome/119.0.6045.214 Safari/537.36"
136.119.35.120 - - [22/Aug/2026:05:13:12 +0800] "GET /526/2025/06/16/%E5%AE%9C%E8%98%AD%E7%B8%A3%E5%9C%8B%E6%95%99%E8%BC%94%E5%B0%8E%E5%9C%98113%E5%AD%B8%E5%B9%B4%E5%BA%A6%E7%AC%AC%E4%BA%8C%E5%AD%B8%E6%9C%9F%E5%9C%8B%E5%B0%8F%E8%87%AA%E7%84%B6%E7%A7%91%E5%AD%B8-11/ HTTP/1.1" 200 32867 "-" "Mozilla/5.0 (Macintosh; Intel Mac OS X 10_15_7) AppleWebKit/537.36 (KHTML, like Gecko) Chrome/120.0.0.0 Safari/537.36"
52.73.142.41 - - [22/Aug/2026:05:13:12 +0800] "GET /wp-content/uploads/sites/847/6483/previews-med/6483-2382173.gif HTTP/1.1" 200 2556 "-" "Mozilla/5.0 AppleWebKit/537.36 (KHTML, like Gecko; compatible; Amazonbot/0.1; +https://developer.amazon.com/support/amazonbot) Chrome/119.0.6045.214 Safari/537.36"
::1 - - [22/Aug/2026:05:13:12 +0800] "OPTIONS * HTTP/1.0" 200 110 "-" "Apache/2.4.68 (Ubuntu) OpenSSL/3.0.19 (internal dummy connection)"
2001:288:a201::66:125 - - [22/Aug/2026:05:13:13 +0800] "GET /blog/active.php HTTP/1.1" 301 1026 "-" "-"
2001:288:a201::66:125 - - [22/Aug/2026:05:13:13 +0800] "GET /blog/active.php HTTP/1.1" 404 1084 "-" "-"
140.111.67.10 - - [22/Aug/2026:05:13:13 +0800] "GET /" 301 273 "-" "-"
::1 - - [22/Aug/2026:05:13:13 +0800] "OPTIONS * HTTP/1.0" 200 110 "-" "Apache/2.4.68 (Ubuntu) OpenSSL/3.0.19 (internal dummy connection)"
17.241.227.233 - - [22/Aug/2026:05:13:14 +0800] "GET /2226/wp-includes/js/hoverintent-js.min.js HTTP/1.1" 200 6391 "https://2blog.ilc.edu.tw/2226/archives/887" "Mozilla/5.0 (Macintosh; Intel Mac OS X 10_15_7) AppleWebKit/605.1.15 (KHTML, like Gecko) Version/17.4 Safari/605.1.15 (Applebot/0.1; +http://www.apple.com/go/applebot)"
::1 - - [22/Aug/2026:05:13:14 +0800] "OPTIONS * HTTP/1.0" 200 110 "-" "Apache/2.4.68 (Ubuntu) OpenSSL/3.0.19 (internal dummy connection)"
