34.61.96.6 - - [22/Aug/2026:05:17:47 +0800] "GET /4604/11001%E9%96%8B%E8%AA%B2-15/ HTTP/1.1" 200 18794 "-" "Mozilla/5.0 (Macintosh; Intel Mac OS X 10_15_7) AppleWebKit/537.36 (KHTML, like Gecko) Chrome/120.0.0.0 Safari/537.36"
104.28.196.77 - - [22/Aug/2026:05:17:47 +0800] "GET /wp-sitemap.xml HTTP/1.1" 200 1298 "https://www.djes.ilc.edu.tw/sitemap.xml" "Mozilla/5.0 (Windows NT 10.0; Win64; x64) AppleWebKit/537.36 (KHTML, like Gecko) Chrome/135.0.0.0 Safari/537.36"
2001:288:a201::66:125 - - [22/Aug/2026:05:17:48 +0800] "GET /blog/active.php HTTP/1.1" 301 1026 "-" "-"
2001:288:a201::66:125 - - [22/Aug/2026:05:17:48 +0800] "GET /blog/active.php HTTP/1.1" 404 1084 "-" "-"
140.111.67.10 - - [22/Aug/2026:05:17:48 +0800] "GET /" 301 273 "-" "-"
68.169.176.93 - - [22/Aug/2026:05:17:48 +0800] "GET /wp-content/uploads/sites/1962/4719/4719-590185.pdf HTTP/1.1" 200 2981962 "-" "Mozilla/5.0 (Macintosh; Intel Mac OS X 10_15_7) AppleWebKit/537.36 (KHTML, like Gecko) Chrome/148.0.0.0 Safari/537.36"
66.249.79.163 - - [22/Aug/2026:05:17:52 +0800] "GET /blog/blog/686/catid=4006 HTTP/1.1" 404 25470 "-" "Mozilla/5.0 (Linux; Android 6.0.1; Nexus 5X Build/MMB29P) AppleWebKit/537.36 (KHTML, like Gecko) Chrome/151.0.7922.137 Mobile Safari/537.36 (compatible; Googlebot/2.1; +http://www.google.com/bot.html)"
2001:288:a201::66:125 - - [22/Aug/2026:05:17:53 +0800] "GET /blog/active.php HTTP/1.1" 301 1026 "-" "-"
2001:288:a201::66:125 - - [22/Aug/2026:05:17:53 +0800] "GET /blog/active.php HTTP/1.1" 404 1084 "-" "-"
140.111.67.10 - - [22/Aug/2026:05:17:53 +0800] "GET /" 301 273 "-" "-"
66.249.79.165 - - [22/Aug/2026:05:17:55 +0800] "GET /blog/blog/888/catid=2274 HTTP/1.1" 404 25470 "-" "Mozilla/5.0 (Linux; Android 6.0.1; Nexus 5X Build/MMB29P) AppleWebKit/537.36 (KHTML, like Gecko) Chrome/151.0.7922.137 Mobile Safari/537.36 (compatible; GoogleOther)"
2001:288:a201::66:125 - - [22/Aug/2026:05:17:58 +0800] "GET /blog/active.php HTTP/1.1" 301 1026 "-" "-"
2001:288:a201::66:125 - - [22/Aug/2026:05:17:58 +0800] "GET /blog/active.php HTTP/1.1" 404 1084 "-" "-"
140.111.67.10 - - [22/Aug/2026:05:17:58 +0800] "GET /" 301 273 "-" "-"
40.77.167.70 - - [22/Aug/2026:05:17:58 +0800] "GET /1328/2008/12/06/%E9%81%94%E8%B3%B4%E5%96%87%E5%8F%AD-%E8%82%B2%E9%BD%8A/ HTTP/1.1" 200 16202 "-" "Mozilla/5.0 AppleWebKit/537.36 (KHTML, like Gecko; compatible; bingbot/2.0; +http://www.bing.com/bingbot.htm) Chrome/116.0.1938.76 Safari/537.36"
31.76.153.169 - - [22/Aug/2026:05:17:59 +0800] "GET /sun520/wp-content/uploads/sites/3900/2025/12/IMG_7431-300x200.jpg HTTP/1.1" 200 20869 "-" "Mozilla/5.0 (compatible; crawler)"
100.29.164.178 - - [22/Aug/2026:05:17:59 +0800] "GET /23356/wp-json/wp/v2/posts/1703 HTTP/1.1" 200 17784 "-" "Mozilla/5.0 AppleWebKit/537.36 (KHTML, like Gecko; compatible; Amazonbot/0.1; +https://developer.amazon.com/support/amazonbot) Chrome/119.0.6045.214 Safari/537.36"
2001:288:a201::67:85 - - [22/Aug/2026:05:18:01 +0800] "GET / HTTP/1.1" 200 56291 "-" "curl/7.81.0"
2001:288:a201::67:82 - - [22/Aug/2026:05:18:01 +0800] "GET /2373/ HTTP/1.1" 200 21225 "-" "WordPress/6.6.7; https://www.djes.ilc.edu.tw"
2001:288:a201::67:82 - - [22/Aug/2026:05:18:01 +0800] "GET / HTTP/1.1" 200 56291 "-" "curl/7.81.0"
2001:288:a201::67:82 - - [22/Aug/2026:05:18:01 +0800] "GET /2373/feed/ HTTP/1.1" 200 23014 "-" "WordPress/6.6.7; https://www.djes.ilc.edu.tw"
2001:288:a201::67:84 - - [22/Aug/2026:05:18:02 +0800] "GET / HTTP/1.1" 200 56291 "-" "curl/7.81.0"
104.28.196.78 - - [22/Aug/2026:05:18:01 +0800] "GET /sitemap-index.xml HTTP/1.1" 404 84241 "-" "Mozilla/5.0 (compatible; Googlebot/2.1; +http://www.google.com/bot.html)"
34.56.53.225 - - [22/Aug/2026:05:18:02 +0800] "GET /6445/2013/11/30/%E5%AE%9C%E8%98%AD%E7%B8%A3102%E5%B9%B4%E5%BA%A6%E5%9C%8B%E6%B0%91%E4%B8%AD%E5%B0%8F%E5%AD%B8%E6%8E%A8%E5%8B%95%E7%92%B0%E5%A2%83%E6%95%99%E8%82%B2%E8%BC%94%E5%B0%8E%E8%A8%AA%E8%A6%96%E8%A9%95/ HTTP/1.1" 200 22683 "-" "Mozilla/5.0 (Macintosh; Intel Mac OS X 10_15_7) AppleWebKit/537.36 (KHTML, like Gecko) Chrome/120.0.0.0 Safari/537.36"
2001:288:a201::66:125 - - [22/Aug/2026:05:18:03 +0800] "GET /blog/active.php HTTP/1.1" 301 1026 "-" "-"
2001:288:a201::66:125 - - [22/Aug/2026:05:18:03 +0800] "GET /blog/active.php HTTP/1.1" 404 1084 "-" "-"
2a03:2880:16ff:1e:: - - [22/Aug/2026:05:18:02 +0800] "GET /3154/category/c-13309/ HTTP/1.1" 200 36693 "-" "Mozilla/5.0 (Windows NT 10.0; Win64; x64) AppleWebKit/537.36 (KHTML, like Gecko) Chrome/145.0.0.0 Safari/537.36 (compatible; meta-webindexer/1.1 (+https://developers.facebook.com/docs/sharing/webmasters/crawler))"
85.208.96.210 - - [22/Aug/2026:05:18:02 +0800] "GET /2024/09/19/%E8%BD%89%E7%9F%A5%E6%B4%BB%E5%8B%95%E8%A8%8A%E6%81%AF%EF%BC%9A%E5%AE%9C%E8%98%AD%E7%B8%A3%E5%8F%B2%E9%A4%A8%E8%88%89%E8%BE%A6113%E5%B9%B4%E3%80%8C%E6%AD%B7%E5%8F%B2%E6%98%AF%E4%BB%80%E9%BA%BC/ HTTP/1.1" 200 51661 "-" "Mozilla/5.0 (compatible; SemrushBot/7~bl; +http://www.semrush.com/bot.html)"
140.111.67.10 - - [22/Aug/2026:05:18:03 +0800] "GET /" 301 273 "-" "-"
35.171.141.42 - - [22/Aug/2026:05:18:03 +0800] "GET /23356/wp-json/wp/v2/posts/%22https:/2blog.ilc.edu.tw/23356/wp-content/uploads/sites/2772/2020/11/111920_1750_4511.jpg/%22 HTTP/1.1" 404 6132 "-" "Mozilla/5.0 AppleWebKit/537.36 (KHTML, like Gecko; compatible; Amazonbot/0.1; +https://developer.amazon.com/support/amazonbot) Chrome/119.0.6045.214 Safari/537.36"
2a03:2880:24ff:53:: - - [22/Aug/2026:05:18:03 +0800] "GET /3154/wp-content/cache/2blog.ilc.edu.tw/wpfc-minified/2j7gkag/61mdw.js HTTP/1.1" 200 40357 "https://2blog.ilc.edu.tw/3154/category/c-13309/" "Mozilla/5.0 (Windows NT 10.0; Win64; x64) AppleWebKit/537.36 (KHTML, like Gecko) Chrome/145.0.0.0 Safari/537.36 (compatible; meta-webindexer/1.1 (+https://developers.facebook.com/docs/sharing/webmasters/crawler))"
2a03:2880:24ff:53:: - - [22/Aug/2026:05:18:03 +0800] "GET /3154/wp-content/cache/2blog.ilc.edu.tw/wpfc-minified/mns1kwt2/61mdw.css HTTP/1.1" 200 45680 "https://2blog.ilc.edu.tw/3154/category/c-13309/" "Mozilla/5.0 (Windows NT 10.0; Win64; x64) AppleWebKit/537.36 (KHTML, like Gecko) Chrome/145.0.0.0 Safari/537.36 (compatible; meta-webindexer/1.1 (+https://developers.facebook.com/docs/sharing/webmasters/crawler))"
2a03:2880:16ff:58:: - - [22/Aug/2026:05:18:03 +0800] "GET /3154/wp-content/cache/2blog.ilc.edu.tw/wpfc-minified/22ou4q3r/61mdw.css HTTP/1.1" 200 23112 "https://2blog.ilc.edu.tw/3154/category/c-13309/" "Mozilla/5.0 (Windows NT 10.0; Win64; x64) AppleWebKit/537.36 (KHTML, like Gecko) Chrome/145.0.0.0 Safari/537.36 (compatible; meta-webindexer/1.1 (+https://developers.facebook.com/docs/sharing/webmasters/crawler))"
2a03:2880:16ff:58:: - - [22/Aug/2026:05:18:03 +0800] "GET /3154/wp-content/uploads/sites/949/2020/05/3154-4249844.jpg HTTP/1.1" 200 27031 "https://2blog.ilc.edu.tw/3154/category/c-13309/" "Mozilla/5.0 (Windows NT 10.0; Win64; x64) AppleWebKit/537.36 (KHTML, like Gecko) Chrome/145.0.0.0 Safari/537.36 (compatible; meta-webindexer/1.1 (+https://developers.facebook.com/docs/sharing/webmasters/crawler))"
2408:8726:2000:a::1316 - - [22/Aug/2026:05:18:03 +0800] "GET /16891/2017/04 HTTP/1.1" 301 5738 "-" "Mozilla/5.0 (Windows NT 10.0; Win64; x64) AppleWebKit/537.36 (KHTML, like Gecko) Chrome/144.0.0.0 Safari/537.36"
2408:8726:2000:a::1316 - - [22/Aug/2026:05:18:04 +0800] "GET /16891/2017/04/ HTTP/1.1" 200 10382 "-" "Mozilla/5.0 (Windows NT 10.0; Win64; x64) AppleWebKit/537.36 (KHTML, like Gecko) Chrome/144.0.0.0 Safari/537.36"
34.30.223.149 - - [22/Aug/2026:05:18:04 +0800] "GET /6554/wp-json/oembed/1.0/embed?url=https://2blog.ilc.edu.tw/6554/2024/02/04/spinning-events-in-our-time/ HTTP/1.1" 200 8186 "-" "Mozilla/5.0 (Macintosh; Intel Mac OS X 10_15_7) AppleWebKit/537.36 (KHTML, like Gecko) Chrome/120.0.0.0 Safari/537.36"
2408:8726:2000:a::1316 - - [22/Aug/2026:05:18:04 +0800] "GET /16891/wp-content/cache/2blog.ilc.edu.tw/wpfc-minified/q8hnboy0/5wolt.css HTTP/1.1" 200 40888 "https://2blog.ilc.edu.tw/16891/2017/04/" "Mozilla/5.0 (Windows NT 10.0; Win64; x64) AppleWebKit/537.36 (KHTML, like Gecko) Chrome/144.0.0.0 Safari/537.36"
2a03:2880:16ff:f:: - - [22/Aug/2026:05:18:04 +0800] "GET /3154/wp-content/themes/twentyseventeen/assets/js/global.js HTTP/1.1" 200 8289 "https://2blog.ilc.edu.tw/3154/category/c-13309/" "Mozilla/5.0 (Windows NT 10.0; Win64; x64) AppleWebKit/537.36 (KHTML, like Gecko) Chrome/145.0.0.0 Safari/537.36 (compatible; meta-webindexer/1.1 (+https://developers.facebook.com/docs/sharing/webmasters/crawler))"
143.59.233.131 - - [22/Aug/2026:05:18:04 +0800] "GET /26148/ HTTP/1.1" 200 19548 "-" "Mozilla/5.0 (Macintosh; Intel Mac OS X 10_15_7) AppleWebKit/537.36 (KHTML, like Gecko) Chrome/146.0.0.0 Safari/537.36"
180.218.250.158 - - [22/Aug/2026:05:18:05 +0800] "-" 408 4803 "-" "-"
180.218.250.158 - - [22/Aug/2026:05:18:05 +0800] "-" 408 4803 "-" "-"
2408:8726:2000:a::1316 - - [22/Aug/2026:05:18:05 +0800] "GET /16891/wp-content/cache/2blog.ilc.edu.tw/wpfc-minified/qgscgo8s/5wolt.css HTTP/1.1" 200 15980 "https://2blog.ilc.edu.tw/16891/2017/04/" "Mozilla/5.0 (Windows NT 10.0; Win64; x64) AppleWebKit/537.36 (KHTML, like Gecko) Chrome/144.0.0.0 Safari/537.36"
2408:8726:2000:a::1316 - - [22/Aug/2026:05:18:05 +0800] "GET /16891/wp-content/cache/2blog.ilc.edu.tw/wpfc-minified/oyqhbfw/5wolt.css HTTP/1.1" 200 11551 "https://2blog.ilc.edu.tw/16891/2017/04/" "Mozilla/5.0 (Windows NT 10.0; Win64; x64) AppleWebKit/537.36 (KHTML, like Gecko) Chrome/144.0.0.0 Safari/537.36"
2a03:2880:15ff:: - - [22/Aug/2026:05:18:04 +0800] "GET /wp-content/uploads/sites/949/3154/previews/3154-2812165.jpg HTTP/1.1" 200 45187 "https://2blog.ilc.edu.tw/3154/category/c-13309/" "Mozilla/5.0 (Windows NT 10.0; Win64; x64) AppleWebKit/537.36 (KHTML, like Gecko) Chrome/145.0.0.0 Safari/537.36 (compatible; meta-webindexer/1.1 (+https://developers.facebook.com/docs/sharing/webmasters/crawler))"
2a03:2880:18ff:50:: - - [22/Aug/2026:05:18:04 +0800] "GET /wp-content/uploads/sites/949/3154/previews/3154-2812136.jpg HTTP/1.1" 200 40688 "https://2blog.ilc.edu.tw/3154/category/c-13309/" "Mozilla/5.0 (Windows NT 10.0; Win64; x64) AppleWebKit/537.36 (KHTML, like Gecko) Chrome/145.0.0.0 Safari/537.36 (compatible; meta-webindexer/1.1 (+https://developers.facebook.com/docs/sharing/webmasters/crawler))"
2a03:2880:16ff:1d:: - - [22/Aug/2026:05:18:04 +0800] "GET /wp-content/uploads/sites/949/3154/previews-med/3154-2812144.jpg HTTP/1.1" 200 50972 "https://2blog.ilc.edu.tw/3154/category/c-13309/" "Mozilla/5.0 (Windows NT 10.0; Win64; x64) AppleWebKit/537.36 (KHTML, like Gecko) Chrome/145.0.0.0 Safari/537.36 (compatible; meta-webindexer/1.1 (+https://developers.facebook.com/docs/sharing/webmasters/crawler))"
2a03:2880:18ff:4e:: - - [22/Aug/2026:05:18:05 +0800] "GET /wp-content/uploads/sites/949/3154/previews-med/3154-2812141.jpg HTTP/1.1" 200 47928 "https://2blog.ilc.edu.tw/3154/category/c-13309/" "Mozilla/5.0 (Windows NT 10.0; Win64; x64) AppleWebKit/537.36 (KHTML, like Gecko) Chrome/145.0.0.0 Safari/537.36 (compatible; meta-webindexer/1.1 (+https://developers.facebook.com/docs/sharing/webmasters/crawler))"
2a03:2880:18ff:50:: - - [22/Aug/2026:05:18:04 +0800] "GET /wp-content/uploads/sites/949/3154/previews/3154-2812155.jpg HTTP/1.1" 200 42294 "https://2blog.ilc.edu.tw/3154/category/c-13309/" "Mozilla/5.0 (Windows NT 10.0; Win64; x64) AppleWebKit/537.36 (KHTML, like Gecko) Chrome/145.0.0.0 Safari/537.36 (compatible; meta-webindexer/1.1 (+https://developers.facebook.com/docs/sharing/webmasters/crawler))"
2a03:2880:10ff:1b:: - - [22/Aug/2026:05:18:05 +0800] "GET /wp-content/uploads/sites/949/3154/previews/3154-2812102.jpg HTTP/1.1" 200 17110 "https://2blog.ilc.edu.tw/3154/category/c-13309/" "Mozilla/5.0 (Windows NT 10.0; Win64; x64) AppleWebKit/537.36 (KHTML, like Gecko) Chrome/145.0.0.0 Safari/537.36 (compatible; meta-webindexer/1.1 (+https://developers.facebook.com/docs/sharing/webmasters/crawler))"
2a03:2880:15ff:: - - [22/Aug/2026:05:18:05 +0800] "GET /wp-content/uploads/sites/949/3154/previews/3154-2812124.jpg HTTP/1.1" 200 16433 "https://2blog.ilc.edu.tw/3154/category/c-13309/" "Mozilla/5.0 (Windows NT 10.0; Win64; x64) AppleWebKit/537.36 (KHTML, like Gecko) Chrome/145.0.0.0 Safari/537.36 (compatible; meta-webindexer/1.1 (+https://developers.facebook.com/docs/sharing/webmasters/crawler))"
2a03:2880:18ff:4e:: - - [22/Aug/2026:05:18:05 +0800] "GET /wp-content/uploads/sites/949/3154/previews/3154-2812104.jpg HTTP/1.1" 200 16846 "https://2blog.ilc.edu.tw/3154/category/c-13309/" "Mozilla/5.0 (Windows NT 10.0; Win64; x64) AppleWebKit/537.36 (KHTML, like Gecko) Chrome/145.0.0.0 Safari/537.36 (compatible; meta-webindexer/1.1 (+https://developers.facebook.com/docs/sharing/webmasters/crawler))"
2a03:2880:18ff:4e:: - - [22/Aug/2026:05:18:04 +0800] "GET /wp-content/uploads/sites/949/3154/previews/3154-2812085.jpg HTTP/1.1" 200 16802 "https://2blog.ilc.edu.tw/3154/category/c-13309/" "Mozilla/5.0 (Windows NT 10.0; Win64; x64) AppleWebKit/537.36 (KHTML, like Gecko) Chrome/145.0.0.0 Safari/537.36 (compatible; meta-webindexer/1.1 (+https://developers.facebook.com/docs/sharing/webmasters/crawler))"
2a03:2880:10ff:1b:: - - [22/Aug/2026:05:18:05 +0800] "GET /wp-content/uploads/sites/949/3154/previews-med/3154-2812132.jpg HTTP/1.1" 200 87868 "https://2blog.ilc.edu.tw/3154/category/c-13309/" "Mozilla/5.0 (Windows NT 10.0; Win64; x64) AppleWebKit/537.36 (KHTML, like Gecko) Chrome/145.0.0.0 Safari/537.36 (compatible; meta-webindexer/1.1 (+https://developers.facebook.com/docs/sharing/webmasters/crawler))"
2a03:2880:18ff:50:: - - [22/Aug/2026:05:18:05 +0800] "GET /wp-content/uploads/sites/949/3154/previews-med/3154-2812127.jpg HTTP/1.1" 200 90235 "https://2blog.ilc.edu.tw/3154/category/c-13309/" "Mozilla/5.0 (Windows NT 10.0; Win64; x64) AppleWebKit/537.36 (KHTML, like Gecko) Chrome/145.0.0.0 Safari/537.36 (compatible; meta-webindexer/1.1 (+https://developers.facebook.com/docs/sharing/webmasters/crawler))"
2a03:2880:10ff:1b:: - - [22/Aug/2026:05:18:06 +0800] "GET /wp-content/uploads/sites/949/3154/previews-med/3154-2812107.jpg HTTP/1.1" 200 70578 "https://2blog.ilc.edu.tw/3154/category/c-13309/" "Mozilla/5.0 (Windows NT 10.0; Win64; x64) AppleWebKit/537.36 (KHTML, like Gecko) Chrome/145.0.0.0 Safari/537.36 (compatible; meta-webindexer/1.1 (+https://developers.facebook.com/docs/sharing/webmasters/crawler))"
2a03:2880:10ff:44:: - - [22/Aug/2026:05:18:06 +0800] "GET /wp-content/uploads/sites/949/3154/3154-4249846.jpg HTTP/1.1" 200 25434 "https://2blog.ilc.edu.tw/3154/category/c-13309/" "Mozilla/5.0 (Windows NT 10.0; Win64; x64) AppleWebKit/537.36 (KHTML, like Gecko) Chrome/145.0.0.0 Safari/537.36 (compatible; meta-webindexer/1.1 (+https://developers.facebook.com/docs/sharing/webmasters/crawler))"
2a03:2880:18ff:50:: - - [22/Aug/2026:05:18:06 +0800] "GET /wp-content/uploads/sites/949/3154/3154-4249856.jpg HTTP/1.1" 200 23835 "https://2blog.ilc.edu.tw/3154/category/c-13309/" "Mozilla/5.0 (Windows NT 10.0; Win64; x64) AppleWebKit/537.36 (KHTML, like Gecko) Chrome/145.0.0.0 Safari/537.36 (compatible; meta-webindexer/1.1 (+https://developers.facebook.com/docs/sharing/webmasters/crawler))"
2a03:2880:15ff:2:: - - [22/Aug/2026:05:18:06 +0800] "GET /wp-content/uploads/sites/949/3154/previews/3154-2812083.jpg HTTP/1.1" 200 17158 "https://2blog.ilc.edu.tw/3154/category/c-13309/" "Mozilla/5.0 (Windows NT 10.0; Win64; x64) AppleWebKit/537.36 (KHTML, like Gecko) Chrome/145.0.0.0 Safari/537.36 (compatible; meta-webindexer/1.1 (+https://developers.facebook.com/docs/sharing/webmasters/crawler))"
2a03:2880:18ff:50:: - - [22/Aug/2026:05:18:06 +0800] "GET /wp-content/uploads/sites/949/3154/3154-4249852.jpg HTTP/1.1" 200 24443 "https://2blog.ilc.edu.tw/3154/category/c-13309/" "Mozilla/5.0 (Windows NT 10.0; Win64; x64) AppleWebKit/537.36 (KHTML, like Gecko) Chrome/145.0.0.0 Safari/537.36 (compatible; meta-webindexer/1.1 (+https://developers.facebook.com/docs/sharing/webmasters/crawler))"
2a03:2880:16ff:18:: - - [22/Aug/2026:05:18:06 +0800] "GET /3154/wp-includes/js/admin-bar.min.js HTTP/1.1" 200 7031 "https://2blog.ilc.edu.tw/3154/category/c-13309/" "Mozilla/5.0 (Windows NT 10.0; Win64; x64) AppleWebKit/537.36 (KHTML, like Gecko) Chrome/145.0.0.0 Safari/537.36 (compatible; meta-webindexer/1.1 (+https://developers.facebook.com/docs/sharing/webmasters/crawler))"
2a03:2880:16ff:18:: - - [22/Aug/2026:05:18:06 +0800] "GET /wp-content/uploads/sites/949/3154/previews/3154-2812152.jpg HTTP/1.1" 200 43193 "https://2blog.ilc.edu.tw/3154/category/c-13309/" "Mozilla/5.0 (Windows NT 10.0; Win64; x64) AppleWebKit/537.36 (KHTML, like Gecko) Chrome/145.0.0.0 Safari/537.36 (compatible; meta-webindexer/1.1 (+https://developers.facebook.com/docs/sharing/webmasters/crawler))"
104.28.228.77 - - [22/Aug/2026:05:18:06 +0800] "HEAD /.env.backup HTTP/1.1" 404 5752 "-" "Mozilla/5.0 (Windows NT 10.0; Win64; x64) AppleWebKit/537.36 (KHTML, like Gecko) Chrome/135.0.0.0 Safari/537.36"
34.61.96.6 - - [22/Aug/2026:05:18:06 +0800] "GET /26151/wp-json/oembed/1.0/embed?url=https://2blog.ilc.edu.tw/26151/2022/11/18/111%25e5%25b9%25b4%25e5%25ba%25a6%25e7%2589%25b9%25e6%25ae%258a%25e6%2595%2599%25e8%2582%25b2%25e6%2595%2599%25e6%259d%2590%25e6%25af%2594%25e8%25b3%25bd/ HTTP/1.1" 200 8271 "-" "Mozilla/5.0 (Macintosh; Intel Mac OS X 10_15_7) AppleWebKit/537.36 (KHTML, like Gecko) Chrome/120.0.0.0 Safari/537.36"
104.28.228.77 - - [22/Aug/2026:05:18:06 +0800] "HEAD /config.json HTTP/1.1" 404 5752 "https://www.google.com/search?q=www.djes.ilc.edu.tw" "Mozilla/5.0 (Macintosh; Intel Mac OS X 14_5) AppleWebKit/605.1.15 (KHTML, like Gecko) Version/18.4 Safari/605.1.15"
104.28.228.78 - - [22/Aug/2026:05:18:06 +0800] "HEAD /wp-config.php.bak HTTP/1.1" 404 5752 "-" "Mozilla/5.0 (Macintosh; Intel Mac OS X 14_5) AppleWebKit/605.1.15 (KHTML, like Gecko) Version/18.4 Safari/605.1.15"
104.28.228.77 - - [22/Aug/2026:05:18:06 +0800] "HEAD /wp-config.php HTTP/1.1" 403 5463 "https://www.google.com/search?q=www.djes.ilc.edu.tw" "Mozilla/5.0 AppleWebKit/537.36 (KHTML, like Gecko; compatible; ChatGPT-User/1.0; +https://openai.com/bot)"
104.28.228.77 - - [22/Aug/2026:05:18:06 +0800] "HEAD /.git/config HTTP/1.1" 404 5752 "-" "Mozilla/5.0 (Macintosh; Intel Mac OS X 10_15_7) AppleWebKit/537.36 (KHTML, like Gecko) Chrome/135.0.0.0 Safari/537.36"
104.28.196.77 - - [22/Aug/2026:05:18:06 +0800] "HEAD /.aws/credentials HTTP/1.1" 404 5752 "-" "Mozilla/5.0 (Macintosh; Intel Mac OS X 10_15_7) AppleWebKit/537.36 (KHTML, like Gecko) Chrome/135.0.0.0 Safari/537.36"
104.28.228.78 - - [22/Aug/2026:05:18:06 +0800] "HEAD /.dev.vars HTTP/1.1" 404 5752 "https://www.google.com/search?q=www.djes.ilc.edu.tw" "Mozilla/5.0 (Linux; Android 14; Pixel 8) AppleWebKit/537.36 (KHTML, like Gecko) Chrome/135.0.6422.113 Mobile Safari/537.36"
104.28.228.78 - - [22/Aug/2026:05:18:06 +0800] "HEAD /.git/HEAD HTTP/1.1" 404 5752 "https://www.google.com/search?q=www.djes.ilc.edu.tw" "Mozilla/5.0 (Windows NT 10.0; Win64; x64) AppleWebKit/537.36 (KHTML, like Gecko) Chrome/135.0.0.0 Safari/537.36"
104.28.228.77 - - [22/Aug/2026:05:18:06 +0800] "HEAD /secrets.json HTTP/1.1" 404 5752 "https://www.google.com/search?q=www.djes.ilc.edu.tw" "Mozilla/5.0 (Macintosh; Intel Mac OS X 14_5) AppleWebKit/605.1.15 (KHTML, like Gecko) Version/18.4 Safari/605.1.15"
46.202.74.45 - - [22/Aug/2026:05:18:07 +0800] "GET /daes501/wp-content/uploads/sites/3620/2023/07/LINE_ALBUM_1120425%E9%A3%9B%E9%AD%9A%E6%8A%AB%E8%96%A9_230727_10-300x225.jpg HTTP/1.1" 200 24398 "https://2blog.ilc.edu.tw/daes501/2023/04/" "Mozilla/5.0 (Macintosh; Intel Mac OS X 10_15_7) AppleWebKit/537.36 (KHTML, like Gecko) Chrome/131.0.0.0 Safari/537.36"
104.28.228.78 - - [22/Aug/2026:05:18:07 +0800] "HEAD /.env.local HTTP/1.1" 404 5752 "-" "Mozilla/5.0 (Windows NT 10.0; Win64; x64) AppleWebKit/537.36 (KHTML, like Gecko) Chrome/135.0.0.0 Safari/537.36"
104.28.228.77 - - [22/Aug/2026:05:18:07 +0800] "HEAD /.env.production HTTP/1.1" 404 5752 "-" "Mozilla/5.0 (Macintosh; Intel Mac OS X 10_15_7) AppleWebKit/537.36 (KHTML, like Gecko) Chrome/135.0.0.0 Safari/537.36"
104.28.196.77 - - [22/Aug/2026:05:18:07 +0800] "HEAD /.env HTTP/1.1" 404 5752 "-" "Mozilla/5.0 AppleWebKit/537.36 (KHTML, like Gecko; compatible; ChatGPT-User/1.0; +https://openai.com/bot)"
46.202.74.27 - - [22/Aug/2026:05:18:07 +0800] "GET /17160/wp-content/uploads/sites/1249/2023/07/IMG_0640-768x576.jpg HTTP/1.1" 200 90194 "https://2blog.ilc.edu.tw/17160/tag/111/page/3/" "Mozilla/5.0 (Macintosh; Intel Mac OS X 10_15_7) AppleWebKit/537.36 (KHTML, like Gecko) Chrome/131.0.0.0 Safari/537.36"
35.173.18.61 - - [22/Aug/2026:05:18:07 +0800] "GET /6543/2010/page/1/ HTTP/1.1" 301 5767 "-" "Mozilla/5.0 AppleWebKit/537.36 (KHTML, like Gecko; compatible; Amazonbot/0.1; +https://developer.amazon.com/support/amazonbot) Chrome/119.0.6045.214 Safari/537.36"
2001:288:a201::66:125 - - [22/Aug/2026:05:18:08 +0800] "GET /blog/active.php HTTP/1.1" 404 1084 "-" "-"
::1 - - [22/Aug/2026:05:18:08 +0800] "OPTIONS * HTTP/1.0" 200 110 "-" "Apache/2.4.68 (Ubuntu) OpenSSL/3.0.19 (internal dummy connection)"
2001:288:a201::66:125 - - [22/Aug/2026:05:18:08 +0800] "GET /blog/active.php HTTP/1.1" 301 1026 "-" "-"
140.111.67.10 - - [22/Aug/2026:05:18:08 +0800] "GET /" 301 273 "-" "-"
136.119.35.120 - - [22/Aug/2026:05:18:09 +0800] "GET /1003/2010/03/23/%E7%BE%8E%E9%BA%97%E7%9A%84%E8%97%9D%E8%A1%93vs%E8%A9%B3%E5%AF%A6%E7%9A%84%E6%97%A5%E8%A8%98/ HTTP/1.1" 200 19091 "-" "Mozilla/5.0 (Macintosh; Intel Mac OS X 10_15_7) AppleWebKit/537.36 (KHTML, like Gecko) Chrome/120.0.0.0 Safari/537.36"
23.229.101.102 - - [22/Aug/2026:05:18:09 +0800] "GET /daes501/wp-content/uploads/sites/3620/2023/07/LINE_ALBUM_1120425%E7%B9%94%E5%B8%B6%E5%88%86%E4%BA%AB%E6%9C%83_230727_10-400x300.jpg HTTP/1.1" 200 28492 "https://2blog.ilc.edu.tw/daes501/2023/04/" "Mozilla/5.0 (Macintosh; Intel Mac OS X 10_15_7) AppleWebKit/537.36 (KHTML, like Gecko) Chrome/131.0.0.0 Safari/537.36"
2a00:ccc0:ffff:1fe5:1fe5:b43:1fe5:b43 - - [22/Aug/2026:05:18:09 +0800] "GET /27149/wp-json/wp/v2/posts/149 HTTP/1.1" 200 8722 "-" "Mozilla/5.0 (Windows NT 10.0; Win64; x64; rv:148.0) Gecko/20100101 Firefox/148.0"
211.22.184.58 - - [22/Aug/2026:05:18:09 +0800] "HEAD /1003/feed/ HTTP/1.1" 200 5451 "-" "Mozilla/5.0 (Windows NT 6.1) AppleWebKit/538.1 (KHTML, like Gecko) QuiteRSS/0.18.12 Safari/538.1"
23.229.101.102 - - [22/Aug/2026:05:18:09 +0800] "GET /daes501/wp-content/uploads/sites/3620/2023/07/LINE_ALBUM_1120425%E9%A3%9B%E9%AD%9A%E6%8A%AB%E8%96%A9_230727_12-1000x750.jpg HTTP/1.1" 200 135397 "https://2blog.ilc.edu.tw/daes501/2023/04/" "Mozilla/5.0 (Macintosh; Intel Mac OS X 10_15_7) AppleWebKit/537.36 (KHTML, like Gecko) Chrome/131.0.0.0 Safari/537.36"
::1 - - [22/Aug/2026:05:18:11 +0800] "OPTIONS * HTTP/1.0" 200 110 "-" "Apache/2.4.68 (Ubuntu) OpenSSL/3.0.19 (internal dummy connection)"
34.10.180.98 - - [22/Aug/2026:05:18:11 +0800] "GET /amy6998/2023/02/02/111%E5%B9%B412%E6%9C%8827%E6%97%A5%E6%9E%97%E6%9B%B8%E5%B8%86%E8%80%81%E5%B8%AB%E5%85%AC%E9%96%8B%E8%AA%B2%E8%AA%AA%E8%AA%B2/ HTTP/1.1" 200 18138 "-" "Mozilla/5.0 (Macintosh; Intel Mac OS X 10_15_7) AppleWebKit/537.36 (KHTML, like Gecko) Chrome/120.0.0.0 Safari/537.36"
::1 - - [22/Aug/2026:05:18:12 +0800] "OPTIONS * HTTP/1.0" 200 110 "-" "Apache/2.4.68 (Ubuntu) OpenSSL/3.0.19 (internal dummy connection)"
2001:288:a201::66:125 - - [22/Aug/2026:05:18:13 +0800] "GET /blog/active.php HTTP/1.1" 404 1084 "-" "-"
::1 - - [22/Aug/2026:05:18:13 +0800] "OPTIONS * HTTP/1.0" 200 110 "-" "Apache/2.4.68 (Ubuntu) OpenSSL/3.0.19 (internal dummy connection)"
2001:288:a201::66:125 - - [22/Aug/2026:05:18:13 +0800] "GET /blog/active.php HTTP/1.1" 301 1026 "-" "-"
140.111.67.10 - - [22/Aug/2026:05:18:13 +0800] "GET /" 301 273 "-" "-"
::1 - - [22/Aug/2026:05:18:14 +0800] "OPTIONS * HTTP/1.0" 200 110 "-" "Apache/2.4.68 (Ubuntu) OpenSSL/3.0.19 (internal dummy connection)"
::1 - - [22/Aug/2026:05:18:15 +0800] "OPTIONS * HTTP/1.0" 200 110 "-" "Apache/2.4.68 (Ubuntu) OpenSSL/3.0.19 (internal dummy connection)"
3.222.85.38 - - [22/Aug/2026:05:18:15 +0800] "GET /6460/wp-json/oembed/1.0/embed?format=xml&url=https://2blog.ilc.edu.tw/6460/2012/11/20/101_101-3-5-%25e5%25ae%259c%25e8%2598%25ad%25e7%25b8%25a3%25e7%25ab%258b%25e7%25a4%2581%25e6%25ba%25aa%25e5%259c%258b%25e4%25b8%25ad%25e5%258f%258d%25e6%25af%2592%25e5%25ae%25a3%25e5%25b0%258e%25e8%25ac%259b%25e7%25bf%2592/ HTTP/1.1" 200 7286 "-" "Mozilla/5.0 AppleWebKit/537.36 (KHTML, like Gecko; compatible; Amazonbot/0.1; +https://developer.amazon.com/support/amazonbot) Chrome/119.0.6045.214 Safari/537.36"
::1 - - [22/Aug/2026:05:18:16 +0800] "OPTIONS * HTTP/1.0" 200 110 "-" "Apache/2.4.68 (Ubuntu) OpenSSL/3.0.19 (internal dummy connection)"
::1 - - [22/Aug/2026:05:18:17 +0800] "OPTIONS * HTTP/1.0" 200 110 "-" "Apache/2.4.68 (Ubuntu) OpenSSL/3.0.19 (internal dummy connection)"
82.119.201.113 - - [22/Aug/2026:05:18:17 +0800] "GET /kkestable/wp-content/uploads/sites/2895/2022/12/IMG_68031-1536x1152.jpg HTTP/1.1" 200 346924 "https://2blog.ilc.edu.tw/kkestable/2022/12/13/111%E5%B9%B4%E6%A1%8C%E7%90%83%E5%B0%8F%E5%B0%87%E5%8F%83%E5%8A%A0-%E5%86%AC%E5%B1%B1%E9%84%89%E4%B8%BB%E5%A7%94%E7%9B%83%EF%BC%8C%E8%8A%B1%E8%93%AE%E5%B8%82%E9%95%B7%E7%9B%83%E5%A5%AA%E7%89%8C/" "Mozilla/5.0 (Macintosh; Intel Mac OS X 10_15_7) AppleWebKit/537.36 (KHTML, like Gecko) Chrome/131.0.0.0 Safari/537.36"
2001:288:a201::66:125 - - [22/Aug/2026:05:18:18 +0800] "GET /blog/active.php HTTP/1.1" 404 1084 "-" "-"
2001:288:a201::66:125 - - [22/Aug/2026:05:18:18 +0800] "GET /blog/active.php HTTP/1.1" 301 1026 "-" "-"
140.111.67.10 - - [22/Aug/2026:05:18:18 +0800] "GET /" 301 273 "-" "-"
40.77.167.70 - - [22/Aug/2026:05:18:18 +0800] "GET /20436/2013/02/19/102%E5%B9%B4%E5%85%A8%E5%9C%8B%E4%B8%AD%E7%AD%89%E5%AD%B8%E6%A0%A1%E9%81%8B%E5%8B%95%E6%9C%83%E6%AF%94%E8%B3%BD%E7%94%A8%E7%90%83%E5%BB%A0%E7%89%8C%E5%9E%8B%E8%99%9F/ HTTP/1.1" 200 30611 "-" "Mozilla/5.0 AppleWebKit/537.36 (KHTML, like Gecko; compatible; bingbot/2.0; +http://www.bing.com/bingbot.htm) Chrome/116.0.1938.76 Safari/537.36"
2a03:2880:f802:26:: - - [22/Aug/2026:05:18:17 +0800] "GET /wp-login.php?key=lqu4p374&_wpnonce=&action=ilc_logout&redirect_to=https%3A%2F%2Fgame.edu.kg HTTP/1.1" 302 8248 "-" "Mozilla/5.0 (Windows NT 10.0; Win64; x64) AppleWebKit/537.36 (KHTML, like Gecko) Chrome/145.0.0.0 Safari/537.36 (compatible; meta-externalagent/1.1 (+https://developers.facebook.com/docs/sharing/webmasters/crawler))"
54.84.169.196 - - [22/Aug/2026:05:18:19 +0800] "GET /41385/wp-json/oembed/1.0/embed?url=https://2blog.ilc.edu.tw/41385/2020/07/30/%25e6%258b%259b%25e7%2594%259f%25e7%25b0%25a1%25e7%25ab%25a0/ HTTP/1.1" 200 8377 "-" "Mozilla/5.0 AppleWebKit/537.36 (KHTML, like Gecko; compatible; Amazonbot/0.1; +https://developer.amazon.com/support/amazonbot) Chrome/119.0.6045.214 Safari/537.36"
2401:e180:8850:8c13:94af:5166:8971:b1dc - - [22/Aug/2026:05:18:22 +0800] "GET /1003/%e6%88%91%e6%98%af%e5%b0%8f%e5%a3%81%e8%99%8e%e8%80%81%e5%b8%ab/ HTTP/1.1" 200 14178 "https://2blog.ilc.edu.tw/1003/" "Mozilla/5.0 (iPhone; CPU iPhone OS 26_5_0 like Mac OS X) AppleWebKit/605.1.15 (KHTML, like Gecko) CriOS/151.0.7922.57 Mobile/15E148 Safari/604.1"
2001:288:a201::66:125 - - [22/Aug/2026:05:18:23 +0800] "GET /blog/active.php HTTP/1.1" 404 1084 "-" "-"
2001:288:a201::66:125 - - [22/Aug/2026:05:18:23 +0800] "GET /blog/active.php HTTP/1.1" 301 1026 "-" "-"
140.111.67.10 - - [22/Aug/2026:05:18:23 +0800] "GET /" 301 273 "-" "-"
9.151.198.24 - - [22/Aug/2026:05:18:24 +0800] "GET /wp-content/uploads/gallery/868/868-3584968.png HTTP/1.1" 200 48825 "-" "Mozilla/5.0 (compatible; crawler)"
2409:871a:2285:1:0:1:0:57 - - [22/Aug/2026:05:18:24 +0800] "GET /2010/07/page/5 HTTP/1.1" 301 5765 "-" "Mozilla/5.0 (Windows NT 10.0; Win64; x64) AppleWebKit/537.36 (KHTML, like Gecko) Chrome/144.0.0.0 Safari/537.36"
2409:871a:2285:1:0:1:0:57 - - [22/Aug/2026:05:18:25 +0800] "GET /2010/07/page/5/ HTTP/1.1" 200 12471 "-" "Mozilla/5.0 (Windows NT 10.0; Win64; x64) AppleWebKit/537.36 (KHTML, like Gecko) Chrome/144.0.0.0 Safari/537.36"
2409:871a:2285:1:0:1:0:57 - - [22/Aug/2026:05:18:25 +0800] "GET /wp-content/cache/ilta.ilc.edu.tw/wpfc-minified/30cml7nx/6wvk.css HTTP/1.1" 200 40877 "https://ilta.ilc.edu.tw/2010/07/page/5/" "Mozilla/5.0 (Windows NT 10.0; Win64; x64) AppleWebKit/537.36 (KHTML, like Gecko) Chrome/144.0.0.0 Safari/537.36"
2409:871a:2285:1:0:1:0:57 - - [22/Aug/2026:05:18:25 +0800] "GET /wp-content/cache/ilta.ilc.edu.tw/wpfc-minified/l07fx5lw/6wvk.css HTTP/1.1" 200 15782 "https://ilta.ilc.edu.tw/2010/07/page/5/" "Mozilla/5.0 (Windows NT 10.0; Win64; x64) AppleWebKit/537.36 (KHTML, like Gecko) Chrome/144.0.0.0 Safari/537.36"
2409:871a:2285:1:0:1:0:57 - - [22/Aug/2026:05:18:26 +0800] "GET /wp-content/cache/ilta.ilc.edu.tw/wpfc-minified/qm0ohmet/6wvk.css HTTP/1.1" 200 1157 "https://ilta.ilc.edu.tw/2010/07/page/5/" "Mozilla/5.0 (Windows NT 10.0; Win64; x64) AppleWebKit/537.36 (KHTML, like Gecko) Chrome/144.0.0.0 Safari/537.36"
2409:871a:2285:1:0:1:0:57 - - [22/Aug/2026:05:18:26 +0800] "GET /wp-content/cache/ilta.ilc.edu.tw/wpfc-minified/7vo8n6iy/6wvk.css HTTP/1.1" 200 60708 "https://ilta.ilc.edu.tw/2010/07/page/5/" "Mozilla/5.0 (Windows NT 10.0; Win64; x64) AppleWebKit/537.36 (KHTML, like Gecko) Chrome/144.0.0.0 Safari/537.36"
2409:871a:2285:1:0:1:0:57 - - [22/Aug/2026:05:18:26 +0800] "GET /wp-content/cache/ilta.ilc.edu.tw/wpfc-minified/1qjpbzp9/6wvk.js HTTP/1.1" 200 35549 "https://ilta.ilc.edu.tw/2010/07/page/5/" "Mozilla/5.0 (Windows NT 10.0; Win64; x64) AppleWebKit/537.36 (KHTML, like Gecko) Chrome/144.0.0.0 Safari/537.36"
2409:871a:2285:1:0:1:0:57 - - [22/Aug/2026:05:18:27 +0800] "GET /wp-includes/js/hoverintent-js.min.js HTTP/1.1" 200 1597 "https://ilta.ilc.edu.tw/2010/07/page/5/" "Mozilla/5.0 (Windows NT 10.0; Win64; x64) AppleWebKit/537.36 (KHTML, like Gecko) Chrome/144.0.0.0 Safari/537.36"
2409:871a:2285:1:0:1:0:57 - - [22/Aug/2026:05:18:27 +0800] "GET /wp-includes/js/admin-bar.min.js HTTP/1.1" 200 2576 "https://ilta.ilc.edu.tw/2010/07/page/5/" "Mozilla/5.0 (Windows NT 10.0; Win64; x64) AppleWebKit/537.36 (KHTML, like Gecko) Chrome/144.0.0.0 Safari/537.36"
2409:871a:2285:1:0:1:0:57 - - [22/Aug/2026:05:18:27 +0800] "GET /wp-includes/js/imagesloaded.min.js HTTP/1.1" 200 3022 "https://ilta.ilc.edu.tw/2010/07/page/5/" "Mozilla/5.0 (Windows NT 10.0; Win64; x64) AppleWebKit/537.36 (KHTML, like Gecko) Chrome/144.0.0.0 Safari/537.36"
2409:871a:2285:1:0:1:0:57 - - [22/Aug/2026:05:18:27 +0800] "GET /wp-content/themes/oceanwp/assets/js/theme.min.js HTTP/1.1" 200 9925 "https://ilta.ilc.edu.tw/2010/07/page/5/" "Mozilla/5.0 (Windows NT 10.0; Win64; x64) AppleWebKit/537.36 (KHTML, like Gecko) Chrome/144.0.0.0 Safari/537.36"
2409:871a:2285:1:0:1:0:57 - - [22/Aug/2026:05:18:27 +0800] "GET /wp-content/themes/oceanwp/assets/js/drop-down-mobile-menu.min.js HTTP/1.1" 200 9458 "https://ilta.ilc.edu.tw/2010/07/page/5/" "Mozilla/5.0 (Windows NT 10.0; Win64; x64) AppleWebKit/537.36 (KHTML, like Gecko) Chrome/144.0.0.0 Safari/537.36"
2409:871a:2285:1:0:1:0:57 - - [22/Aug/2026:05:18:27 +0800] "GET /wp-content/themes/oceanwp/assets/js/drop-down-search.min.js HTTP/1.1" 200 7763 "https://ilta.ilc.edu.tw/2010/07/page/5/" "Mozilla/5.0 (Windows NT 10.0; Win64; x64) AppleWebKit/537.36 (KHTML, like Gecko) Chrome/144.0.0.0 Safari/537.36"
2409:871a:2285:1:0:1:0:57 - - [22/Aug/2026:05:18:27 +0800] "GET /wp-content/themes/oceanwp/assets/js/vendors/magnific-popup.min.js HTTP/1.1" 200 8270 "https://ilta.ilc.edu.tw/2010/07/page/5/" "Mozilla/5.0 (Windows NT 10.0; Win64; x64) AppleWebKit/537.36 (KHTML, like Gecko) Chrome/144.0.0.0 Safari/537.36"
2409:871a:2285:1:0:1:0:57 - - [22/Aug/2026:05:18:27 +0800] "GET /wp-content/themes/oceanwp/assets/js/ow-lightbox.min.js HTTP/1.1" 200 2321 "https://ilta.ilc.edu.tw/2010/07/page/5/" "Mozilla/5.0 (Windows NT 10.0; Win64; x64) AppleWebKit/537.36 (KHTML, like Gecko) Chrome/144.0.0.0 Safari/537.36"
2409:871a:2285:1:0:1:0:57 - - [22/Aug/2026:05:18:27 +0800] "GET /wp-content/themes/oceanwp/assets/js/ow-slider.min.js HTTP/1.1" 200 1761 "https://ilta.ilc.edu.tw/2010/07/page/5/" "Mozilla/5.0 (Windows NT 10.0; Win64; x64) AppleWebKit/537.36 (KHTML, like Gecko) Chrome/144.0.0.0 Safari/537.36"
2409:871a:2285:1:0:1:0:57 - - [22/Aug/2026:05:18:27 +0800] "GET /wp-content/themes/oceanwp/assets/js/vendors/flickity.pkgd.min.js HTTP/1.1" 200 15048 "https://ilta.ilc.edu.tw/2010/07/page/5/" "Mozilla/5.0 (Windows NT 10.0; Win64; x64) AppleWebKit/537.36 (KHTML, like Gecko) Chrome/144.0.0.0 Safari/537.36"
2409:871a:2285:1:0:1:0:57 - - [22/Aug/2026:05:18:27 +0800] "GET /wp-content/themes/oceanwp/assets/js/scroll-effect.min.js HTTP/1.1" 200 4127 "https://ilta.ilc.edu.tw/2010/07/page/5/" "Mozilla/5.0 (Windows NT 10.0; Win64; x64) AppleWebKit/537.36 (KHTML, like Gecko) Chrome/144.0.0.0 Safari/537.36"
2409:871a:2285:1:0:1:0:57 - - [22/Aug/2026:05:18:27 +0800] "GET /wp-content/themes/oceanwp/assets/js/scroll-top.min.js HTTP/1.1" 200 3202 "https://ilta.ilc.edu.tw/2010/07/page/5/" "Mozilla/5.0 (Windows NT 10.0; Win64; x64) AppleWebKit/537.36 (KHTML, like Gecko) Chrome/144.0.0.0 Safari/537.36"
2409:871a:2285:1:0:1:0:57 - - [22/Aug/2026:05:18:27 +0800] "GET /wp-content/themes/oceanwp/assets/js/select.min.js HTTP/1.1" 200 2408 "https://ilta.ilc.edu.tw/2010/07/page/5/" "Mozilla/5.0 (Windows NT 10.0; Win64; x64) AppleWebKit/537.36 (KHTML, like Gecko) Chrome/144.0.0.0 Safari/537.36"
2409:871a:2285:1:0:1:0:57 - - [22/Aug/2026:05:18:27 +0800] "GET /wp-content/themes/oceanwp/assets/fonts/simple-line-icons/Simple-Line-Icons.woff2?v=2.4.0 HTTP/1.1" 200 30959 "https://ilta.ilc.edu.tw/wp-content/cache/ilta.ilc.edu.tw/wpfc-minified/7vo8n6iy/6wvk.css" "Mozilla/5.0 (Windows NT 10.0; Win64; x64) AppleWebKit/537.36 (KHTML, like Gecko) Chrome/144.0.0.0 Safari/537.36"
2409:871a:2285:1:0:1:0:57 - - [22/Aug/2026:05:18:27 +0800] "GET /wp-content/plugins/ocean-extra/includes/widgets/js/flickr.min.js HTTP/1.1" 200 1319 "https://ilta.ilc.edu.tw/2010/07/page/5/" "Mozilla/5.0 (Windows NT 10.0; Win64; x64) AppleWebKit/537.36 (KHTML, like Gecko) Chrome/144.0.0.0 Safari/537.36"
2409:871a:2285:1:0:1:0:57 - - [22/Aug/2026:05:18:27 +0800] "GET /wp-content/themes/oceanwp/assets/fonts/fontawesome/webfonts/fa-solid-900.woff2 HTTP/1.1" 200 151246 "https://ilta.ilc.edu.tw/wp-content/cache/ilta.ilc.edu.tw/wpfc-minified/7vo8n6iy/6wvk.css" "Mozilla/5.0 (Windows NT 10.0; Win64; x64) AppleWebKit/537.36 (KHTML, like Gecko) Chrome/144.0.0.0 Safari/537.36"
2001:288:a201::66:125 - - [22/Aug/2026:05:18:28 +0800] "GET /blog/active.php HTTP/1.1" 404 1084 "-" "-"
2001:288:a201::66:125 - - [22/Aug/2026:05:18:28 +0800] "GET /blog/active.php HTTP/1.1" 301 1026 "-" "-"
140.111.67.10 - - [22/Aug/2026:05:18:28 +0800] "GET /" 301 273 "-" "-"
2409:871a:2285:1:0:1:0:57 - - [22/Aug/2026:05:18:28 +0800] "GET /favicon.ico HTTP/1.1" 302 925 "https://ilta.ilc.edu.tw/2010/07/page/5/" "Mozilla/5.0 (Windows NT 10.0; Win64; x64) AppleWebKit/537.36 (KHTML, like Gecko) Chrome/144.0.0.0 Safari/537.36"
40.77.167.70 - - [22/Aug/2026:05:18:28 +0800] "GET /17160/2022/01/08/ HTTP/1.1" 404 37655 "-" "Mozilla/5.0 AppleWebKit/537.36 (KHTML, like Gecko; compatible; bingbot/2.0; +http://www.bing.com/bingbot.htm) Chrome/116.0.1938.76 Safari/537.36"
2409:871a:2285:1:0:1:0:57 - - [22/Aug/2026:05:18:28 +0800] "GET /wp-includes/images/w-logo-blue-white-bg.png HTTP/1.1" 200 4946 "https://ilta.ilc.edu.tw/2010/07/page/5/" "Mozilla/5.0 (Windows NT 10.0; Win64; x64) AppleWebKit/537.36 (KHTML, like Gecko) Chrome/144.0.0.0 Safari/537.36"
189.81.118.213 - - [22/Aug/2026:05:18:30 +0800] "GET /1003/wp-content/uploads/sites/233/2023/05/5-768x432.png HTTP/1.1" 200 328914 "-" "Mozilla/5.0 (compatible; crawler)"
132.232.182.117 - - [22/Aug/2026:05:18:31 +0800] "GET /chjhta/wp-content/uploads/sites/3975/2025/01/1736860620539.jpg HTTP/1.1" 200 255016 "https://2blog.ilc.edu.tw/" "Mozilla/5.0 (Windows NT 10.0; Win64; x64) AppleWebKit/537.36 (KHTML, like Gecko) Chrome/133.0.0.0 Safari/537.36"
34.194.226.74 - - [22/Aug/2026:05:18:31 +0800] "GET /32745/wp-json/wp/v2/categories?post=124438 HTTP/1.1" 200 6707 "-" "Mozilla/5.0 AppleWebKit/537.36 (KHTML, like Gecko; compatible; Amazonbot/0.1; +https://developer.amazon.com/support/amazonbot) Chrome/119.0.6045.214 Safari/537.36"
34.10.180.98 - - [22/Aug/2026:05:18:32 +0800] "GET /6538/wp-json/oembed/1.0/embed?url=https://2blog.ilc.edu.tw/6538/2020/11/17/109-3-2%25e7%25a9%25ba%25e6%25b0%25a3%25e5%2593%2581%25e8%25b3%25aa%25e8%259e%258d%25e5%2585%25a5%25e8%25aa%25b2%25e7%25a8%258b%25e6%2595%2599%25e5%25ad%25b8/ HTTP/1.1" 200 8420 "-" "Mozilla/5.0 (Macintosh; Intel Mac OS X 10_15_7) AppleWebKit/537.36 (KHTML, like Gecko) Chrome/120.0.0.0 Safari/537.36"
2001:288:a201::66:125 - - [22/Aug/2026:05:18:33 +0800] "GET /blog/active.php HTTP/1.1" 404 1084 "-" "-"
2001:288:a201::66:125 - - [22/Aug/2026:05:18:33 +0800] "GET /blog/active.php HTTP/1.1" 301 1026 "-" "-"
::1 - - [22/Aug/2026:05:18:33 +0800] "OPTIONS * HTTP/1.0" 200 110 "-" "Apache/2.4.68 (Ubuntu) OpenSSL/3.0.19 (internal dummy connection)"
140.111.67.10 - - [22/Aug/2026:05:18:33 +0800] "GET /" 301 273 "-" "-"
2a03:2880:f802:30:: - - [22/Aug/2026:05:18:34 +0800] "GET /6437/2021/04/09/110_%e5%85%ac%e5%91%8a_%e3%80%8c110%e5%b9%b4%e5%ae%9c%e8%98%ad%e7%b8%a3%e7%92%b0%e5%a2%83%e6%95%99%e8%82%b2%e7%b9%aa%e6%9c%ac%e5%89%b5%e4%bd%9c%e6%af%94%e8%b3%bd%e3%80%8d/ HTTP/1.1" 200 16374 "-" "Mozilla/5.0 (Windows NT 10.0; Win64; x64) AppleWebKit/537.36 (KHTML, like Gecko) Chrome/145.0.0.0 Safari/537.36 (compatible; meta-externalagent/1.1 (+https://developers.facebook.com/docs/sharing/webmasters/crawler))"
::1 - - [22/Aug/2026:05:18:35 +0800] "OPTIONS * HTTP/1.0" 200 110 "-" "Apache/2.4.68 (Ubuntu) OpenSSL/3.0.19 (internal dummy connection)"
::1 - - [22/Aug/2026:05:18:36 +0800] "OPTIONS * HTTP/1.0" 200 110 "-" "Apache/2.4.68 (Ubuntu) OpenSSL/3.0.19 (internal dummy connection)"
::1 - - [22/Aug/2026:05:18:37 +0800] "OPTIONS * HTTP/1.0" 200 110 "-" "Apache/2.4.68 (Ubuntu) OpenSSL/3.0.19 (internal dummy connection)"
2001:288:a201::66:125 - - [22/Aug/2026:05:18:38 +0800] "GET /blog/active.php HTTP/1.1" 301 1026 "-" "-"
2001:288:a201::66:125 - - [22/Aug/2026:05:18:38 +0800] "GET /blog/active.php HTTP/1.1" 404 1084 "-" "-"
::1 - - [22/Aug/2026:05:18:38 +0800] "OPTIONS * HTTP/1.0" 200 110 "-" "Apache/2.4.68 (Ubuntu) OpenSSL/3.0.19 (internal dummy connection)"
140.111.67.10 - - [22/Aug/2026:05:18:38 +0800] "GET /" 301 273 "-" "-"
44.195.145.102 - - [22/Aug/2026:05:18:39 +0800] "GET /31687/wp-content/uploads/sites/1415/2024/10/LINE_ALBUM_ HTTP/1.1" 404 5774 "-" "Mozilla/5.0 AppleWebKit/537.36 (KHTML, like Gecko; compatible; Amazonbot/0.1; +https://developer.amazon.com/support/amazonbot) Chrome/119.0.6045.214 Safari/537.36"
34.10.180.98 - - [22/Aug/2026:05:18:40 +0800] "GET /amy6998/2024/03/06/113%E5%B9%B42%E6%9C%8829%E6%97%A5%E8%BE%9B%E8%8B%A6%E7%9A%84%E5%B0%8E%E8%AD%B7%E8%80%81%E5%B8%AB%E5%92%8C%E5%BF%97%E5%B7%A5/ HTTP/1.1" 200 17526 "-" "Mozilla/5.0 (Macintosh; Intel Mac OS X 10_15_7) AppleWebKit/537.36 (KHTML, like Gecko) Chrome/120.0.0.0 Safari/537.36"
2001:288:a201::66:125 - - [22/Aug/2026:05:18:43 +0800] "GET /blog/active.php HTTP/1.1" 301 1026 "-" "-"
2001:288:a201::66:125 - - [22/Aug/2026:05:18:43 +0800] "GET /blog/active.php HTTP/1.1" 404 1084 "-" "-"
140.111.67.10 - - [22/Aug/2026:05:18:43 +0800] "GET /" 301 273 "-" "-"
34.123.149.87 - - [22/Aug/2026:05:18:43 +0800] "GET /6526/2010/10/15/%E7%92%B0%E5%A2%83%E6%95%99%E8%82%B2%E7%B5%90%E5%90%88%E7%A7%91%E5%AD%B8%E6%95%99%E8%82%B2/ HTTP/1.1" 200 15149 "-" "Mozilla/5.0 (Macintosh; Intel Mac OS X 10_15_7) AppleWebKit/537.36 (KHTML, like Gecko) Chrome/120.0.0.0 Safari/537.36"
2001:288:a201::66:125 - - [22/Aug/2026:05:18:48 +0800] "GET /blog/active.php HTTP/1.1" 301 1026 "-" "-"
2001:288:a201::66:125 - - [22/Aug/2026:05:18:48 +0800] "GET /blog/active.php HTTP/1.1" 404 1084 "-" "-"
140.111.67.10 - - [22/Aug/2026:05:18:48 +0800] "GET /" 301 273 "-" "-"
157.245.134.138 - - [22/Aug/2026:05:18:50 +0800] "GET /blog/gallery/4024/previews/4024-3190102.jpg HTTP/1.1" 301 1082 "http://blog.ilc.edu.tw/" "Mozilla/5.0 (Windows NT 10.0; Win64; x64) AppleWebKit/537.36 (KHTML, like Gecko) Chrome/120.0.0.0 Safari/537.36"
147.182.166.155 - - [22/Aug/2026:05:18:50 +0800] "GET /blog/gallery/21722/21722-4180632.jpg HTTP/1.1" 301 1068 "http://blog.ilc.edu.tw/" "Mozilla/5.0 (Windows NT 10.0; Win64; x64) AppleWebKit/537.36 (KHTML, like Gecko) Chrome/116.0.0.0 Safari/537.36"
147.182.166.155 - - [22/Aug/2026:05:18:50 +0800] "GET /blog/gallery/32697/32697-3642983.jpg HTTP/1.1" 301 1068 "http://blog.ilc.edu.tw/" "Mozilla/5.0 (Windows NT 10.0; Win64; x64) AppleWebKit/537.36 (KHTML, like Gecko) Chrome/124.0.0.0 Safari/537.36"
137.184.106.247 - - [22/Aug/2026:05:18:52 +0800] "GET /blog/gallery/32697/32697-3642983.jpg HTTP/1.1" 404 25426 "http://blog.ilc.edu.tw/" "Mozilla/5.0 (Windows NT 10.0; Win64; x64) AppleWebKit/537.36 (KHTML, like Gecko) Chrome/124.0.0.0 Safari/537.36"
147.182.168.53 - - [22/Aug/2026:05:18:52 +0800] "GET /blog/gallery/21722/21722-4180632.jpg HTTP/1.1" 404 25426 "http://blog.ilc.edu.tw/" "Mozilla/5.0 (Windows NT 10.0; Win64; x64) AppleWebKit/537.36 (KHTML, like Gecko) Chrome/116.0.0.0 Safari/537.36"
167.71.22.144 - - [22/Aug/2026:05:18:52 +0800] "GET /blog/blog/868/resource/11550/download/121084 HTTP/1.1" 404 25426 "https://2blog.ilc.edu.tw/" "Mozilla/5.0 (Windows NT 10.0; Win64; x64) AppleWebKit/537.36 (KHTML, like Gecko) Chrome/131.0.0.0 Safari/537.36"
142.93.8.48 - - [22/Aug/2026:05:18:52 +0800] "GET /blog/gallery/4024/previews/4024-3190102.jpg HTTP/1.1" 404 25426 "http://blog.ilc.edu.tw/" "Mozilla/5.0 (Windows NT 10.0; Win64; x64) AppleWebKit/537.36 (KHTML, like Gecko) Chrome/120.0.0.0 Safari/537.36"
2001:288:a201::66:125 - - [22/Aug/2026:05:18:53 +0800] "GET /blog/active.php HTTP/1.1" 301 1026 "-" "-"
2001:288:a201::66:125 - - [22/Aug/2026:05:18:53 +0800] "GET /blog/active.php HTTP/1.1" 404 1084 "-" "-"
140.111.67.10 - - [22/Aug/2026:05:18:53 +0800] "GET /" 301 273 "-" "-"
2001:288:a201::66:125 - - [22/Aug/2026:05:18:58 +0800] "GET /blog/active.php HTTP/1.1" 301 1026 "-" "-"
2001:288:a201::66:125 - - [22/Aug/2026:05:18:58 +0800] "GET /blog/active.php HTTP/1.1" 404 1084 "-" "-"
140.111.67.10 - - [22/Aug/2026:05:18:58 +0800] "GET /" 301 273 "-" "-"
2408:875c:1000:6:5000::8 - - [22/Aug/2026:05:19:00 +0800] "GET /28/2016/11 HTTP/1.1" 301 5735 "-" "Mozilla/5.0 (Windows NT 10.0; Win64; x64) AppleWebKit/537.36 (KHTML, like Gecko) Chrome/144.0.0.0 Safari/537.36"
2408:875c:1000:6:5000::8 - - [22/Aug/2026:05:19:00 +0800] "GET /28/2016/11/ HTTP/1.1" 200 11545 "-" "Mozilla/5.0 (Windows NT 10.0; Win64; x64) AppleWebKit/537.36 (KHTML, like Gecko) Chrome/144.0.0.0 Safari/537.36"
136.119.35.120 - - [22/Aug/2026:05:19:00 +0800] "GET /41795/2019/02/24/2%E6%9C%8825%E6%97%A5%E9%80%B1%E4%B8%80%E5%9B%9E%E5%AE%B6%E4%BD%9C%E6%A5%AD%E5%90%AB%E6%B3%A8%E6%84%8F%E4%BA%8B%E9%A0%85/ HTTP/1.1" 200 16533 "-" "Mozilla/5.0 (Macintosh; Intel Mac OS X 10_15_7) AppleWebKit/537.36 (KHTML, like Gecko) Chrome/120.0.0.0 Safari/537.36"
2408:875c:1000:6:5000::8 - - [22/Aug/2026:05:19:01 +0800] "GET /28/wp-content/cache/2blog.ilc.edu.tw/wpfc-minified/2lf2j8d/5wsks.css HTTP/1.1" 200 40883 "https://2blog.ilc.edu.tw/28/2016/11/" "Mozilla/5.0 (Windows NT 10.0; Win64; x64) AppleWebKit/537.36 (KHTML, like Gecko) Chrome/144.0.0.0 Safari/537.36"
34.56.53.225 - - [22/Aug/2026:05:19:01 +0800] "GET /wp-json/oembed/1.0/embed?url=https://www.ytps.ilc.edu.tw/1091025%25e5%25ae%25b6%25e6%25a8%2582%25e7%25a6%258f%25e9%259f%25b3%25e6%25a8%2582%25e6%259c%2583_201027_4/ HTTP/1.1" 200 8580 "-" "Mozilla/5.0 (Macintosh; Intel Mac OS X 10_15_7) AppleWebKit/537.36 (KHTML, like Gecko) Chrome/120.0.0.0 Safari/537.36"
2408:875c:1000:6:5000::8 - - [22/Aug/2026:05:19:01 +0800] "GET /28/wp-content/cache/2blog.ilc.edu.tw/wpfc-minified/mmkjhztj/5wsks.css HTTP/1.1" 200 15980 "https://2blog.ilc.edu.tw/28/2016/11/" "Mozilla/5.0 (Windows NT 10.0; Win64; x64) AppleWebKit/537.36 (KHTML, like Gecko) Chrome/144.0.0.0 Safari/537.36"
2401:e180:8850:8c13:94af:5166:8971:b1dc - - [22/Aug/2026:05:19:02 +0800] "GET /1003/tag/%e5%82%99%e8%aa%b2/ HTTP/1.1" 200 19276 "https://2blog.ilc.edu.tw/1003/%e6%88%91%e6%98%af%e5%b0%8f%e5%a3%81%e8%99%8e%e8%80%81%e5%b8%ab/" "Mozilla/5.0 (iPhone; CPU iPhone OS 26_5_0 like Mac OS X) AppleWebKit/605.1.15 (KHTML, like Gecko) CriOS/151.0.7922.57 Mobile/15E148 Safari/604.1"
2001:288:a201::66:125 - - [22/Aug/2026:05:19:03 +0800] "GET /blog/active.php HTTP/1.1" 301 1026 "-" "-"
2401:e180:8850:8c13:94af:5166:8971:b1dc - - [22/Aug/2026:05:19:02 +0800] "GET /1003/wp-content/uploads/sites/233/2019/04/1072%E5%A5%BD%E5%BA%B7%E5%9C%8B%E8%AA%9E%E7%89%B9%E5%88%8A%E7%B4%A0%E9%A4%8A%E6%95%99%E5%AD%B8%E7%9C%8B%E6%88%91%E7%9A%84_2%E8%94%A1%E5%AD%9F%E8%80%98%E5%B8%AB_%E9%A0%81%E9%9D%A2_2.jpg HTTP/1.1" 200 1257950 "https://2blog.ilc.edu.tw/1003/tag/%e5%82%99%e8%aa%b2/" "Mozilla/5.0 (iPhone; CPU iPhone OS 26_5_0 like Mac OS X) AppleWebKit/605.1.15 (KHTML, like Gecko) CriOS/151.0.7922.57 Mobile/15E148 Safari/604.1"
2001:288:a201::66:125 - - [22/Aug/2026:05:19:03 +0800] "GET /blog/active.php HTTP/1.1" 404 1084 "-" "-"
140.111.67.10 - - [22/Aug/2026:05:19:03 +0800] "GET /" 301 273 "-" "-"
136.119.35.120 - - [22/Aug/2026:05:19:07 +0800] "GET /2018/11/28/%E8%BD%89%E7%9F%A5%E3%80%8C%E8%87%BA%E9%8A%80%E9%9A%A8%E8%BA%ABpay%E3%80%8D%E6%8E%83%E6%8F%8F%E4%BB%A3%E6%94%B6%E5%AD%B8%E9%9B%9C%E8%B2%BB%E7%B9%B3%E8%B2%BB%E5%96%AEqr-code%E7%B9%B3%E8%B2%BB%E5%85%8D/ HTTP/1.1" 200 23508 "-" "Mozilla/5.0 (Macintosh; Intel Mac OS X 10_15_7) AppleWebKit/537.36 (KHTML, like Gecko) Chrome/120.0.0.0 Safari/537.36"
2001:288:a201::66:125 - - [22/Aug/2026:05:19:08 +0800] "GET /blog/active.php HTTP/1.1" 301 1026 "-" "-"
40.77.167.28 - - [22/Aug/2026:05:19:07 +0800] "GET /32745/2020/06/06/%E6%9E%97%E5%AE%B6%E6%A6%AE/ HTTP/1.1" 200 91077 "-" "Mozilla/5.0 AppleWebKit/537.36 (KHTML, like Gecko; compatible; bingbot/2.0; +http://www.bing.com/bingbot.htm) Chrome/116.0.1938.76 Safari/537.36"
2001:288:a201::66:125 - - [22/Aug/2026:05:19:08 +0800] "GET /blog/active.php HTTP/1.1" 404 1084 "-" "-"
140.111.67.10 - - [22/Aug/2026:05:19:08 +0800] "GET /" 301 273 "-" "-"
34.123.149.87 - - [22/Aug/2026:05:19:08 +0800] "GET /6443/2011/12/13/100%E5%AD%B8%E5%B9%B4%E5%BA%A6%E5%8A%A0%E5%BC%B7%E5%AD%B8%E6%A0%A1%E7%92%B0%E5%A2%83%E6%95%99%E8%82%B2%E8%A8%88%E7%95%AB%E5%AD%90%E8%A8%88%E7%95%AB/ HTTP/1.1" 200 21049 "-" "Mozilla/5.0 (Macintosh; Intel Mac OS X 10_15_7) AppleWebKit/537.36 (KHTML, like Gecko) Chrome/120.0.0.0 Safari/537.36"
34.171.68.95 - - [22/Aug/2026:05:19:08 +0800] "GET /2017/10/03/%E6%9D%B1%E8%8F%AF%E5%A4%A7%E5%AD%B8%E8%BE%A6%E7%90%86%E3%80%8C2017%E7%92%B0%E5%A2%83%E6%95%99%E8%82%B2%E6%9C%80%E5%84%AA%E5%BD%B1%E7%89%87%E7%A5%A8%E9%81%B8%E6%B4%BB%E5%8B%95%E3%80%8D%EF%BC%8C/ HTTP/1.1" 200 23580 "-" "Mozilla/5.0 (Macintosh; Intel Mac OS X 10_15_7) AppleWebKit/537.36 (KHTML, like Gecko) Chrome/120.0.0.0 Safari/537.36"
2a03:2880:f802:4a:: - - [22/Aug/2026:05:19:08 +0800] "GET /6451/category/c-21595/1-1%e7%92%b0%e6%95%99%e7%9b%b8%e9%97%9c%e5%85%ac%e5%91%8a/ HTTP/1.1" 200 15845 "-" "Mozilla/5.0 (Windows NT 10.0; Win64; x64) AppleWebKit/537.36 (KHTML, like Gecko) Chrome/145.0.0.0 Safari/537.36 (compatible; meta-externalagent/1.1 (+https://developers.facebook.com/docs/sharing/webmasters/crawler))"
40.77.167.28 - - [22/Aug/2026:05:19:08 +0800] "GET /jsesart/sample-page/ HTTP/1.1" 200 7936 "-" "Mozilla/5.0 AppleWebKit/537.36 (KHTML, like Gecko; compatible; bingbot/2.0; +http://www.bing.com/bingbot.htm) Chrome/116.0.1938.76 Safari/537.36"
34.42.229.145 - - [22/Aug/2026:05:19:09 +0800] "GET /nativelanguage/2021/10/22/110%E5%B9%B4%E5%BA%A6%E5%8E%9F%E4%BD%8F%E6%B0%91%E6%97%8F%E8%AA%9E%E6%95%99%E5%AD%B8%E6%94%AF%E6%8F%B4%E5%B7%A5%E4%BD%9C%E4%BA%BA%E5%93%A1%E8%AA%8D%E8%AD%89%E7%A0%94%E7%BF%92/ HTTP/1.1" 200 16711 "-" "Mozilla/5.0 (Macintosh; Intel Mac OS X 10_15_7) AppleWebKit/537.36 (KHTML, like Gecko) Chrome/120.0.0.0 Safari/537.36"
2001:288:a201::66:125 - - [22/Aug/2026:05:19:13 +0800] "GET /blog/active.php HTTP/1.1" 301 1026 "-" "-"
2001:288:a201::66:125 - - [22/Aug/2026:05:19:13 +0800] "GET /blog/active.php HTTP/1.1" 404 1084 "-" "-"
140.111.67.10 - - [22/Aug/2026:05:19:13 +0800] "GET /" 301 273 "-" "-"
216.73.216.20 - - [22/Aug/2026:05:19:14 +0800] "GET /robots.txt HTTP/1.1" 200 778 "-" "Mozilla/5.0 AppleWebKit/537.36 (KHTML, like Gecko; compatible; ClaudeBot/1.0; +claudebot@anthropic.com)"
216.73.216.20 - - [22/Aug/2026:05:19:14 +0800] "GET /plant/88%E8%98%86%E8%91%A6.htm HTTP/1.1" 404 951 "-" "Mozilla/5.0 AppleWebKit/537.36 (KHTML, like Gecko; compatible; ClaudeBot/1.0; +claudebot@anthropic.com)"
140.111.67.80 - - [22/Aug/2026:05:19:14 +0800] "POST /onvif/device_service HTTP/1.1" 302 5501 "-" "Go-http-client/1.1"
34.10.180.98 - - [22/Aug/2026:05:19:14 +0800] "GET /6509/2017/02/24/%E3%80%8C%E8%A8%8A%E6%81%AF%E8%BD%89%E7%9F%A5%E3%80%8D%EF%BC%9A%E5%AE%9C%E8%98%AD%E5%A4%A7%E5%AD%B8%E8%BE%A6%E7%90%8610601%E6%9C%9F%E7%92%B0%E5%A2%83%E6%95%99%E8%82%B2%E5%B0%88%E6%A5%AD%E7%A7%91/ HTTP/1.1" 200 16613 "-" "Mozilla/5.0 (Macintosh; Intel Mac OS X 10_15_7) AppleWebKit/537.36 (KHTML, like Gecko) Chrome/120.0.0.0 Safari/537.36"
140.111.67.80 - - [22/Aug/2026:05:19:17 +0800] "GET / HTTP/1.1" 302 5516 "-" "Mozilla/5.0 (compatible; Infrawatch/1.0; +https://infrawat.ch/)"
2001:288:a201::66:125 - - [22/Aug/2026:05:19:18 +0800] "GET /blog/active.php HTTP/1.1" 301 1026 "-" "-"
2001:288:a201::66:125 - - [22/Aug/2026:05:19:18 +0800] "GET /blog/active.php HTTP/1.1" 404 1084 "-" "-"
140.111.67.10 - - [22/Aug/2026:05:19:18 +0800] "GET /" 301 273 "-" "-"
52.206.61.49 - - [22/Aug/2026:05:19:19 +0800] "GET /robots.txt HTTP/1.1" 200 5598 "-" "Mozilla/5.0 (Macintosh; Intel Mac OS X 10_10_1) AppleWebKit/600.2.5 (KHTML, like Gecko) Version/8.0.2 Safari/600.2.5 (Gort)"
2001:288:a201::66:125 - - [22/Aug/2026:05:19:23 +0800] "GET /blog/active.php HTTP/1.1" 301 1026 "-" "-"
2001:288:a201::66:125 - - [22/Aug/2026:05:19:23 +0800] "GET /blog/active.php HTTP/1.1" 404 1084 "-" "-"
140.111.67.10 - - [22/Aug/2026:05:19:23 +0800] "GET /" 301 273 "-" "-"
