2409:8c28:c05:16::135 - - [22/Aug/2026:05:11:45 +0800] "GET /wp-content/plugins/ocean-extra/includes/widgets/js/flickr.min.js HTTP/1.1" 200 1319 "https://ilta.ilc.edu.tw/2011/06/29/" "Mozilla/5.0 (Windows NT 10.0; Win64; x64) AppleWebKit/537.36 (KHTML, like Gecko) Chrome/144.0.0.0 Safari/537.36"
2408:8262:5494:2681:64d0:a92f:ec56:fbec - - [22/Aug/2026:05:11:45 +0800] "GET /wp-includes/images/w-logo-blue-white-bg.png HTTP/1.1" 200 4946 "https://ilta.ilc.edu.tw/2019/11/" "Mozilla/5.0 (Windows NT 10.0; Win64; x64) AppleWebKit/537.36 (KHTML, like Gecko) Chrome/144.0.0.0 Safari/537.36"
216.73.216.20 - - [22/Aug/2026:05:11:45 +0800] "GET /4925/2015/12/23/%e4%b8%89%e5%b9%b4%e7%b4%9a%e5%ae%b6%e5%ba%ad%e6%9a%b4%e5%8a%9b%e9%98%b2%e6%b2%bb%e6%95%99%e8%82%b2%e8%aa%b2%e7%a8%8b/ HTTP/1.1" 200 18220 "-" "Mozilla/5.0 AppleWebKit/537.36 (KHTML, like Gecko; compatible; ClaudeBot/1.0; +claudebot@anthropic.com)"
216.73.216.20 - - [22/Aug/2026:05:11:45 +0800] "GET /4925/2016/03/31/%e4%b8%89%e5%b9%b4%e7%b4%9a%e7%a4%be%e6%9c%83-%e5%88%86%e7%b5%84%e5%a0%b1%e5%91%8a/ HTTP/1.1" 200 17547 "-" "Mozilla/5.0 AppleWebKit/537.36 (KHTML, like Gecko; compatible; ClaudeBot/1.0; +claudebot@anthropic.com)"
216.73.216.20 - - [22/Aug/2026:05:11:45 +0800] "GET /4925/2016/03/24/%e5%81%a5%e5%ba%b7diy-%e7%ac%ac%e4%b8%80%e6%ac%a1%e5%81%9a%e6%97%a9%e9%a4%90/ HTTP/1.1" 200 17692 "-" "Mozilla/5.0 AppleWebKit/537.36 (KHTML, like Gecko; compatible; ClaudeBot/1.0; +claudebot@anthropic.com)"
216.73.216.20 - - [22/Aug/2026:05:11:46 +0800] "GET /tcesinfo/2020/11/30/windows-%e5%a5%97%e4%bb%b6%e7%ae%a1%e7%90%86%e7%a8%8b%e5%bc%8f-chocolatey-%e9%9b%a2%e7%b7%9a%e5%ae%89%e8%a3%9d/ HTTP/1.1" 200 11400 "-" "Mozilla/5.0 AppleWebKit/537.36 (KHTML, like Gecko; compatible; ClaudeBot/1.0; +claudebot@anthropic.com)"
66.249.71.37 - - [22/Aug/2026:05:11:46 +0800] "GET /41336/page/48/ HTTP/1.1" 200 23560 "-" "Mozilla/5.0 (compatible; Googlebot/2.1; +http://www.google.com/bot.html)"
66.249.71.37 - - [22/Aug/2026:05:11:46 +0800] "GET /yleerc/category/eeg/ HTTP/1.1" 200 18282 "-" "Mozilla/5.0 (compatible; Googlebot/2.1; +http://www.google.com/bot.html)"
167.71.27.111 - - [22/Aug/2026:05:11:46 +0800] "GET /blog/gallery/4024/previews/4024-4181703.jpg HTTP/1.1" 301 1082 "http://blog.ilc.edu.tw/" "Mozilla/5.0 (Windows NT 10.0; Win64; x64) AppleWebKit/537.36 (KHTML, like Gecko) Chrome/133.0.0.0 Safari/537.36"
216.73.216.20 - - [22/Aug/2026:05:11:46 +0800] "GET /6440/wp-json/oembed/1.0/embed?format=xml&url=https%3A%2F%2F2blog.ilc.edu.tw%2F6440%2F2011%2F11%2F29%2F%25e5%25ae%25a3%25e5%25b0%258e%25e5%2581%259c%25e8%25bb%258a%25e7%2586%2584%25e7%2581%25ab%2F HTTP/1.1" 200 2252 "-" "Mozilla/5.0 AppleWebKit/537.36 (KHTML, like Gecko; compatible; ClaudeBot/1.0; +claudebot@anthropic.com)"
2409:8c28:c05:16::135 - - [22/Aug/2026:05:11:46 +0800] "GET /wp-content/themes/oceanwp/assets/fonts/simple-line-icons/Simple-Line-Icons.woff2?v=2.4.0 HTTP/1.1" 200 30959 "https://ilta.ilc.edu.tw/wp-content/cache/ilta.ilc.edu.tw/wpfc-minified/7vo8n6iy/6wvk.css" "Mozilla/5.0 (Windows NT 10.0; Win64; x64) AppleWebKit/537.36 (KHTML, like Gecko) Chrome/144.0.0.0 Safari/537.36"
216.73.216.20 - - [22/Aug/2026:05:11:46 +0800] "GET /4925/2020/04/09/what-subject-do-you-like-%e5%8f%a5%e5%9e%8b%e6%95%99%e5%ad%b8/ HTTP/1.1" 200 12442 "-" "Mozilla/5.0 AppleWebKit/537.36 (KHTML, like Gecko; compatible; ClaudeBot/1.0; +claudebot@anthropic.com)"
2409:8c28:c05:16::135 - - [22/Aug/2026:05:11:46 +0800] "GET /wp-content/themes/oceanwp/assets/fonts/fontawesome/webfonts/fa-solid-900.woff2 HTTP/1.1" 200 151246 "https://ilta.ilc.edu.tw/wp-content/cache/ilta.ilc.edu.tw/wpfc-minified/7vo8n6iy/6wvk.css" "Mozilla/5.0 (Windows NT 10.0; Win64; x64) AppleWebKit/537.36 (KHTML, like Gecko) Chrome/144.0.0.0 Safari/537.36"
216.73.216.20 - - [22/Aug/2026:05:11:46 +0800] "GET /4925/2019/12/18/%e5%9b%9b%e5%bf%a0-%e8%a1%8c%e6%98%9f%e9%81%8b%e8%bd%89%e7%9a%84%e8%bb%8c%e8%b7%a1/ HTTP/1.1" 200 12849 "-" "Mozilla/5.0 AppleWebKit/537.36 (KHTML, like Gecko; compatible; ClaudeBot/1.0; +claudebot@anthropic.com)"
216.73.216.20 - - [22/Aug/2026:05:11:47 +0800] "GET /5882/2013/05/01/%e5%8d%88%e9%a4%90%e7%a7%98%e6%9b%b8%e9%a4%90%e9%a3%b2%e8%a1%9b%e7%94%9f%e8%ac%9b%e7%bf%92/ HTTP/1.1" 200 9223 "-" "Mozilla/5.0 AppleWebKit/537.36 (KHTML, like Gecko; compatible; ClaudeBot/1.0; +claudebot@anthropic.com)"
2409:8c28:c05:16::135 - - [22/Aug/2026:05:11:47 +0800] "GET /favicon.ico HTTP/1.1" 302 1054 "https://ilta.ilc.edu.tw/2011/06/29/" "Mozilla/5.0 (Windows NT 10.0; Win64; x64) AppleWebKit/537.36 (KHTML, like Gecko) Chrome/144.0.0.0 Safari/537.36"
2409:8c28:c05:16::135 - - [22/Aug/2026:05:11:47 +0800] "GET /wp-includes/images/w-logo-blue-white-bg.png HTTP/1.1" 200 4946 "https://ilta.ilc.edu.tw/2011/06/29/" "Mozilla/5.0 (Windows NT 10.0; Win64; x64) AppleWebKit/537.36 (KHTML, like Gecko) Chrome/144.0.0.0 Safari/537.36"
216.73.216.20 - - [22/Aug/2026:05:11:47 +0800] "GET /4925/2015/11/19/%e5%9b%9b%e5%b9%b4%e7%b4%9a%e5%ae%b6%e6%9a%b4%e6%9a%a8%e6%80%a7%e4%be%b5%e5%ae%b3%e5%ae%a3%e5%b0%8e%e8%aa%b2%e7%a8%8b/ HTTP/1.1" 200 13315 "-" "Mozilla/5.0 AppleWebKit/537.36 (KHTML, like Gecko; compatible; ClaudeBot/1.0; +claudebot@anthropic.com)"
216.73.216.20 - - [22/Aug/2026:05:11:47 +0800] "GET /tcesinfo/2020/12/30/%e5%95%9f%e7%94%a8-win10-%e5%85%a7%e5%bb%ba%e7%9a%84%e9%82%84%e5%8e%9f%e5%8a%9f%e8%83%bd-unified-write-filter-uwf/ HTTP/1.1" 200 12634 "-" "Mozilla/5.0 AppleWebKit/537.36 (KHTML, like Gecko; compatible; ClaudeBot/1.0; +claudebot@anthropic.com)"
137.184.53.60 - - [22/Aug/2026:05:11:47 +0800] "GET /blog/gallery/2288/previews-med/2288-131155.jpg HTTP/1.1" 404 25426 "http://blog.ilc.edu.tw/" "Mozilla/5.0 (Windows NT 10.0; Win64; x64) AppleWebKit/537.36 (KHTML, like Gecko) Chrome/112.0.0.0 Safari/537.36"
137.184.69.6 - - [22/Aug/2026:05:11:47 +0800] "GET /blog/gallery/4024/previews/4024-4181703.jpg HTTP/1.1" 404 25426 "http://blog.ilc.edu.tw/" "Mozilla/5.0 (Windows NT 10.0; Win64; x64) AppleWebKit/537.36 (KHTML, like Gecko) Chrome/133.0.0.0 Safari/537.36"
2001:288:a201::66:125 - - [22/Aug/2026:05:11:48 +0800] "GET /blog/active.php HTTP/1.1" 301 1026 "-" "-"
2001:288:a201::66:125 - - [22/Aug/2026:05:11:48 +0800] "GET /blog/active.php HTTP/1.1" 404 1084 "-" "-"
206.189.183.32 - - [22/Aug/2026:05:11:48 +0800] "GET /blog/gallery/4840/previews-med/4840-345758.jpg HTTP/1.1" 404 25426 "http://blog.ilc.edu.tw/" "Mozilla/5.0 (Windows NT 10.0; Win64; x64) AppleWebKit/537.36 (KHTML, like Gecko) Chrome/105.0.0.0 Safari/537.3"
140.111.67.10 - - [22/Aug/2026:05:11:48 +0800] "GET /" 301 273 "-" "-"
216.73.216.20 - - [22/Aug/2026:05:11:48 +0800] "GET /4925/2015/03/17/%e4%b8%89%e5%b9%b4%e7%b4%9a%e6%80%a7%e4%be%b5%e5%ae%b3%e9%98%b2%e6%b2%bb%e6%95%99%e8%82%b2%e8%aa%b2%e7%a8%8b/ HTTP/1.1" 200 13020 "-" "Mozilla/5.0 AppleWebKit/537.36 (KHTML, like Gecko; compatible; ClaudeBot/1.0; +claudebot@anthropic.com)"
216.73.216.20 - - [22/Aug/2026:05:11:48 +0800] "GET /5882/2014/04/01/102%e5%ad%b8%e5%b9%b4%e5%ba%a6%e4%b8%8a%e4%b8%8b%e5%ad%b8%e6%9c%9f%e5%8f%8d%e9%9c%b8%e5%87%8c%e6%b4%bb%e5%8b%95/ HTTP/1.1" 200 14797 "-" "Mozilla/5.0 AppleWebKit/537.36 (KHTML, like Gecko; compatible; ClaudeBot/1.0; +claudebot@anthropic.com)"
216.73.216.20 - - [22/Aug/2026:05:11:48 +0800] "GET /4925/2020/04/24/%e5%85%ad%e5%bf%a0%e9%9f%b3%e6%a8%82%e8%aa%b2%e8%b7%a8%e6%a8%82%e4%b8%96%e7%95%8c/ HTTP/1.1" 200 12755 "-" "Mozilla/5.0 AppleWebKit/537.36 (KHTML, like Gecko; compatible; ClaudeBot/1.0; +claudebot@anthropic.com)"
2409:8728:32f2:32:0:1:0:8 - - [22/Aug/2026:05:11:49 +0800] "GET /author/meteorstar/ HTTP/1.1" 200 21483 "-" "Mozilla/5.0 (Windows NT 10.0; Win64; x64) AppleWebKit/537.36 (KHTML, like Gecko) Chrome/144.0.0.0 Safari/537.36"
216.73.216.20 - - [22/Aug/2026:05:11:49 +0800] "GET /6537/2013/11/16/%e4%ba%94-2%e6%8e%a8%e5%bb%a3%e6%af%8f%e9%80%b1%e4%b8%80%e6%97%a5%e8%94%ac%e9%a3%9f%e9%81%8b%e5%8b%95/ HTTP/1.1" 200 12463 "-" "Mozilla/5.0 AppleWebKit/537.36 (KHTML, like Gecko; compatible; ClaudeBot/1.0; +claudebot@anthropic.com)"
::1 - - [22/Aug/2026:05:11:49 +0800] "OPTIONS * HTTP/1.0" 200 110 "-" "Apache/2.4.68 (Ubuntu) OpenSSL/3.0.19 (internal dummy connection)"
216.73.216.20 - - [22/Aug/2026:05:11:49 +0800] "GET /4925/2020/04/23/%e4%b8%80%e5%b9%b4%e7%b4%9a%e5%bd%88%e6%80%a7%e9%96%b1%e8%ae%80%e8%aa%b2%e7%a8%8b-5/ HTTP/1.1" 200 12444 "-" "Mozilla/5.0 AppleWebKit/537.36 (KHTML, like Gecko; compatible; ClaudeBot/1.0; +claudebot@anthropic.com)"
216.73.216.20 - - [22/Aug/2026:05:11:49 +0800] "GET /6439/2012/11/26/%e4%ba%942%e6%8e%a8%e5%bb%a3%e6%af%8f%e9%80%b1%e4%b8%80%e6%97%a5%e8%94%ac%e9%a3%9f%e9%81%8b%e5%8b%95/ HTTP/1.1" 200 25677 "-" "Mozilla/5.0 AppleWebKit/537.36 (KHTML, like Gecko; compatible; ClaudeBot/1.0; +claudebot@anthropic.com)"
66.249.79.164 - - [22/Aug/2026:05:11:49 +0800] "GET /yleerc/wp-content/cache/2blog.ilc.edu.tw/wpfc-minified/9ibkvayy/5wt98.css HTTP/1.1" 200 45667 "https://2blog.ilc.edu.tw/yleerc/category/eeg/" "Mozilla/5.0 AppleWebKit/537.36 (KHTML, like Gecko; compatible; Googlebot/2.1; +http://www.google.com/bot.html) Chrome/151.0.7922.108 Safari/537.36"
216.73.216.20 - - [22/Aug/2026:05:11:49 +0800] "GET /4925/2016/05/26/%e8%a3%9c%e6%95%91%e6%95%99%e5%ad%b8%e6%aa%a2%e6%b8%ac%e5%85%a5%e5%8f%a3%e7%b6%b2/ HTTP/1.1" 200 12199 "-" "Mozilla/5.0 AppleWebKit/537.36 (KHTML, like Gecko; compatible; ClaudeBot/1.0; +claudebot@anthropic.com)"
216.73.216.20 - - [22/Aug/2026:05:11:49 +0800] "GET /6537/2015/11/03/%e4%ba%94-5%e6%9b%b4%e6%8f%9b%e7%af%80%e7%9c%81%e9%9b%bb%e7%87%88%e7%ae%a1/ HTTP/1.1" 200 11660 "-" "Mozilla/5.0 AppleWebKit/537.36 (KHTML, like Gecko; compatible; ClaudeBot/1.0; +claudebot@anthropic.com)"
216.73.216.20 - - [22/Aug/2026:05:11:50 +0800] "GET /4925/2015/04/29/%e4%b8%80%e5%b9%b4%e7%b4%9a%e7%b6%9c%e5%90%88%e6%b4%bb%e5%8b%95%e4%b9%96%e5%af%b6%e8%b2%9d/ HTTP/1.1" 200 12967 "-" "Mozilla/5.0 AppleWebKit/537.36 (KHTML, like Gecko; compatible; ClaudeBot/1.0; +claudebot@anthropic.com)"
::1 - - [22/Aug/2026:05:11:50 +0800] "OPTIONS * HTTP/1.0" 200 110 "-" "Apache/2.4.68 (Ubuntu) OpenSSL/3.0.19 (internal dummy connection)"
66.249.79.164 - - [22/Aug/2026:05:11:50 +0800] "GET /yleerc/wp-content/cache/2blog.ilc.edu.tw/wpfc-minified/ldqf2d01/5wt98.css HTTP/1.1" 200 61347 "https://2blog.ilc.edu.tw/yleerc/category/eeg/" "Mozilla/5.0 AppleWebKit/537.36 (KHTML, like Gecko; compatible; Googlebot/2.1; +http://www.google.com/bot.html) Chrome/151.0.7922.108 Safari/537.36"
216.73.216.20 - - [22/Aug/2026:05:11:50 +0800] "GET /4925/2015/06/30/%e4%ba%8c%e5%b9%b4%e7%b4%9a%e7%94%9f%e6%b4%bb%e8%aa%b2%e7%a8%8b-%e5%a0%86%e6%b2%99%e5%a0%a1/ HTTP/1.1" 200 12902 "-" "Mozilla/5.0 AppleWebKit/537.36 (KHTML, like Gecko; compatible; ClaudeBot/1.0; +claudebot@anthropic.com)"
216.73.216.20 - - [22/Aug/2026:05:11:50 +0800] "GET /6439/2013/11/20/%e4%b8%897-%e7%af%80%e8%83%bd%e6%b8%9b%e7%a2%b3%e6%8e%a8%e5%8b%95%e6%83%85%e5%bd%a2%e3%80%82/ HTTP/1.1" 200 26017 "-" "Mozilla/5.0 AppleWebKit/537.36 (KHTML, like Gecko; compatible; ClaudeBot/1.0; +claudebot@anthropic.com)"
2409:8728:32f2:32:0:1:0:8 - - [22/Aug/2026:05:11:50 +0800] "GET /wp-content/cache/www.ytes.ilc.edu.tw/wpfc-minified/79ahoxi0/6w73.css HTTP/1.1" 200 40884 "https://www.ytes.ilc.edu.tw/author/meteorstar/" "Mozilla/5.0 (Windows NT 10.0; Win64; x64) AppleWebKit/537.36 (KHTML, like Gecko) Chrome/144.0.0.0 Safari/537.36"
216.73.216.20 - - [22/Aug/2026:05:11:51 +0800] "GET /4925/2014/03/06/%e8%98%ad%e9%99%bd%e5%8d%9a%e7%89%a9%e9%a4%a8%e4%ba%94%e5%b9%b4%e7%b4%9a%e7%a4%be%e6%9c%83/ HTTP/1.1" 200 12583 "-" "Mozilla/5.0 AppleWebKit/537.36 (KHTML, like Gecko; compatible; ClaudeBot/1.0; +claudebot@anthropic.com)"
216.73.216.20 - - [22/Aug/2026:05:11:51 +0800] "GET /4925/2016/11/07/%e4%b8%89%e5%b9%b4%e7%b4%9a%e9%96%a9%e5%8d%97%e8%aa%9e%e8%b6%a3%e5%91%b3%e7%8c%9c%e8%ac%8e/ HTTP/1.1" 200 12833 "-" "Mozilla/5.0 AppleWebKit/537.36 (KHTML, like Gecko; compatible; ClaudeBot/1.0; +claudebot@anthropic.com)"
::1 - - [22/Aug/2026:05:11:51 +0800] "OPTIONS * HTTP/1.0" 200 110 "-" "Apache/2.4.68 (Ubuntu) OpenSSL/3.0.19 (internal dummy connection)"
2409:8728:32f2:32:0:1:0:8 - - [22/Aug/2026:05:11:51 +0800] "GET /wp-content/cache/www.ytes.ilc.edu.tw/wpfc-minified/2abyyyem/6w73.css HTTP/1.1" 200 16116 "https://www.ytes.ilc.edu.tw/author/meteorstar/" "Mozilla/5.0 (Windows NT 10.0; Win64; x64) AppleWebKit/537.36 (KHTML, like Gecko) Chrome/144.0.0.0 Safari/537.36"
2409:8728:32f2:32:0:1:0:8 - - [22/Aug/2026:05:11:51 +0800] "GET /wp-content/cache/www.ytes.ilc.edu.tw/wpfc-minified/2psgi52s/6w73.css HTTP/1.1" 200 1496 "https://www.ytes.ilc.edu.tw/author/meteorstar/" "Mozilla/5.0 (Windows NT 10.0; Win64; x64) AppleWebKit/537.36 (KHTML, like Gecko) Chrome/144.0.0.0 Safari/537.36"
2409:8728:32f2:32:0:1:0:8 - - [22/Aug/2026:05:11:51 +0800] "GET /wp-content/cache/www.ytes.ilc.edu.tw/wpfc-minified/m8xd33fs/6w73.css HTTP/1.1" 200 66107 "https://www.ytes.ilc.edu.tw/author/meteorstar/" "Mozilla/5.0 (Windows NT 10.0; Win64; x64) AppleWebKit/537.36 (KHTML, like Gecko) Chrome/144.0.0.0 Safari/537.36"
2409:8728:32f2:32:0:1:0:8 - - [22/Aug/2026:05:11:51 +0800] "GET /wp-content/cache/www.ytes.ilc.edu.tw/wpfc-minified/ke29ag0o/6w73.css HTTP/1.1" 200 9125 "https://www.ytes.ilc.edu.tw/author/meteorstar/" "Mozilla/5.0 (Windows NT 10.0; Win64; x64) AppleWebKit/537.36 (KHTML, like Gecko) Chrome/144.0.0.0 Safari/537.36"
216.73.216.20 - - [22/Aug/2026:05:11:51 +0800] "GET /shjes111/2022/09/26/%e4%b8%80%e4%b8%8a%e5%81%a5%e5%ba%b7-%e6%b4%97%e6%89%8b%e6%95%99%e5%ad%b8/ HTTP/1.1" 200 9383 "-" "Mozilla/5.0 AppleWebKit/537.36 (KHTML, like Gecko; compatible; ClaudeBot/1.0; +claudebot@anthropic.com)"
216.73.216.20 - - [22/Aug/2026:05:11:51 +0800] "GET /19761/2015/02/04/103%e5%ad%b8%e5%b9%b4%e5%ba%a6%e4%b8%8b%e5%ad%b8%e6%9c%9f-%e8%aa%b2%e7%a8%8b%e8%9e%8d%e5%85%a5%e6%af%8d%e8%aa%9e/ HTTP/1.1" 200 10385 "-" "Mozilla/5.0 AppleWebKit/537.36 (KHTML, like Gecko; compatible; ClaudeBot/1.0; +claudebot@anthropic.com)"
66.249.71.37 - - [22/Aug/2026:05:11:51 +0800] "GET /yleerc/wp-includes/js/hoverintent-js.min.js HTTP/1.1" 200 6376 "https://2blog.ilc.edu.tw/yleerc/category/eeg/" "Mozilla/5.0 AppleWebKit/537.36 (KHTML, like Gecko; compatible; Googlebot/2.1; +http://www.google.com/bot.html) Chrome/151.0.7922.108 Safari/537.36"
34.56.53.225 - - [22/Aug/2026:05:11:51 +0800] "GET /6572/2019/11/01/108%E5%B9%B4%E5%BA%A6%EF%BC%9A%E9%A0%85%E7%9B%AE%E4%B8%80-4-4%E5%A6%A5%E5%96%84%E9%81%8B%E7%94%A8%E5%A4%96%E9%83%A8%E8%B3%87%E6%BA%90%E7%A9%8D%E6%A5%B5%E6%8E%A8%E5%BB%A3%E6%A0%A1%E5%85%A7%E5%A4%96/ HTTP/1.1" 200 16433 "-" "Mozilla/5.0 (Macintosh; Intel Mac OS X 10_15_7) AppleWebKit/537.36 (KHTML, like Gecko) Chrome/120.0.0.0 Safari/537.36"
2409:8728:32f2:32:0:1:0:8 - - [22/Aug/2026:05:11:51 +0800] "GET /wp-content/cache/www.ytes.ilc.edu.tw/wpfc-minified/12ere4yc/6w73.js HTTP/1.1" 200 35557 "https://www.ytes.ilc.edu.tw/author/meteorstar/" "Mozilla/5.0 (Windows NT 10.0; Win64; x64) AppleWebKit/537.36 (KHTML, like Gecko) Chrome/144.0.0.0 Safari/537.36"
216.73.216.20 - - [22/Aug/2026:05:11:51 +0800] "GET /4925/2020/04/22/%e4%b8%80%e5%b9%b4%e7%b4%9a%e5%bd%88%e6%80%a7%e9%96%b1%e8%ae%80%e8%aa%b2%e7%a8%8b-2/ HTTP/1.1" 200 12592 "-" "Mozilla/5.0 AppleWebKit/537.36 (KHTML, like Gecko; compatible; ClaudeBot/1.0; +claudebot@anthropic.com)"
216.73.216.20 - - [22/Aug/2026:05:11:51 +0800] "GET /4925/2013/11/18/%e4%ba%94%e5%b9%b4%e7%b4%9a%e9%96%a9%e5%8d%97%e8%aa%9e%e9%96%b1%e8%ae%80%e5%a0%b1%e5%91%8a/ HTTP/1.1" 200 12495 "-" "Mozilla/5.0 AppleWebKit/537.36 (KHTML, like Gecko; compatible; ClaudeBot/1.0; +claudebot@anthropic.com)"
216.73.216.20 - - [22/Aug/2026:05:11:52 +0800] "GET /4925/2019/06/28/%e5%85%ad%e5%bf%a0%e7%a4%be%e6%9c%83-%e5%ae%b6%e9%84%89%e6%96%87%e5%8c%96/ HTTP/1.1" 200 12839 "-" "Mozilla/5.0 AppleWebKit/537.36 (KHTML, like Gecko; compatible; ClaudeBot/1.0; +claudebot@anthropic.com)"
216.73.216.20 - - [22/Aug/2026:05:11:52 +0800] "GET /6569/wp-json/oembed/1.0/embed?url=https%3A%2F%2F2blog.ilc.edu.tw%2F6569%2F2017%2F08%2F16%2F106_2-1_%25e7%2582%25ba%25e6%259c%258d%25e5%258b%2599%25e7%25a4%25be%25e5%258d%2580%2F HTTP/1.1" 200 3417 "-" "Mozilla/5.0 AppleWebKit/537.36 (KHTML, like Gecko; compatible; ClaudeBot/1.0; +claudebot@anthropic.com)"
::1 - - [22/Aug/2026:05:11:52 +0800] "OPTIONS * HTTP/1.0" 200 110 "-" "Apache/2.4.68 (Ubuntu) OpenSSL/3.0.19 (internal dummy connection)"
2409:8728:32f2:32:0:1:0:8 - - [22/Aug/2026:05:11:52 +0800] "GET /wp-includes/js/hoverintent-js.min.js HTTP/1.1" 200 1597 "https://www.ytes.ilc.edu.tw/author/meteorstar/" "Mozilla/5.0 (Windows NT 10.0; Win64; x64) AppleWebKit/537.36 (KHTML, like Gecko) Chrome/144.0.0.0 Safari/537.36"
34.224.9.144 - - [22/Aug/2026:05:11:52 +0800] "GET /wp-content/uploads/sites/1394/2023/10/?C=N;O%3DA HTTP/1.1" 200 1113 "-" "Mozilla/5.0 AppleWebKit/537.36 (KHTML, like Gecko; compatible; Amazonbot/0.1; +https://developer.amazon.com/support/amazonbot) Chrome/119.0.6045.214 Safari/537.36"
66.249.71.38 - - [22/Aug/2026:05:11:52 +0800] "GET /yleerc/wp-content/cache/2blog.ilc.edu.tw/wpfc-minified/22cwp7mw/5wt98.css HTTP/1.1" 200 5936 "https://2blog.ilc.edu.tw/yleerc/category/eeg/" "Mozilla/5.0 AppleWebKit/537.36 (KHTML, like Gecko; compatible; Googlebot/2.1; +http://www.google.com/bot.html) Chrome/151.0.7922.108 Safari/537.36"
216.73.216.20 - - [22/Aug/2026:05:11:52 +0800] "GET /4925/2015/10/22/%e4%ba%8c%e5%b9%b4%e7%b4%9a%e9%96%a9%e5%8d%97%e8%aa%9e%e8%aa%b2%e7%a8%8b%e5%bb%b6%e4%bc%b8%e6%b4%bb%e5%8b%95/ HTTP/1.1" 200 12580 "-" "Mozilla/5.0 AppleWebKit/537.36 (KHTML, like Gecko; compatible; ClaudeBot/1.0; +claudebot@anthropic.com)"
216.73.216.20 - - [22/Aug/2026:05:11:52 +0800] "GET /5882/wp-json/oembed/1.0/embed?format=xml&url=https%3A%2F%2F2blog.ilc.edu.tw%2F5882%2F2014%2F05%2F02%2F%25e4%25bf%259d%25e5%2581%25a5%25e8%25ab%25ae%25e8%25a9%25a2%25e6%259c%258d%25e5%258b%2599%2F HTTP/1.1" 200 2255 "-" "Mozilla/5.0 AppleWebKit/537.36 (KHTML, like Gecko; compatible; ClaudeBot/1.0; +claudebot@anthropic.com)"
2409:8728:32f2:32:0:1:0:8 - - [22/Aug/2026:05:11:52 +0800] "GET /wp-includes/js/admin-bar.min.js HTTP/1.1" 200 2237 "https://www.ytes.ilc.edu.tw/author/meteorstar/" "Mozilla/5.0 (Windows NT 10.0; Win64; x64) AppleWebKit/537.36 (KHTML, like Gecko) Chrome/144.0.0.0 Safari/537.36"
2001:288:a201::66:125 - - [22/Aug/2026:05:11:53 +0800] "GET /blog/active.php HTTP/1.1" 301 1026 "-" "-"
2001:288:a201::66:125 - - [22/Aug/2026:05:11:53 +0800] "GET /blog/active.php HTTP/1.1" 404 1084 "-" "-"
216.73.216.20 - - [22/Aug/2026:05:11:53 +0800] "GET /6537/2010/09/30/%e9%be%8d%e6%bd%ad%e5%9c%8b%e5%b0%8f%e5%9c%a8%e5%9c%b0%e9%a3%9f%e6%9d%90%e8%a8%88%e7%95%ab/ HTTP/1.1" 200 19769 "-" "Mozilla/5.0 AppleWebKit/537.36 (KHTML, like Gecko; compatible; ClaudeBot/1.0; +claudebot@anthropic.com)"
216.73.216.20 - - [22/Aug/2026:05:11:53 +0800] "GET /4925/2017/09/15/%e8%8b%b1%e8%aa%9e%e7%b9%aa%e6%9c%ac%e6%95%99%e5%ae%a4%e6%97%a5%e5%b8%b8%e7%85%a7/ HTTP/1.1" 200 12420 "-" "Mozilla/5.0 AppleWebKit/537.36 (KHTML, like Gecko; compatible; ClaudeBot/1.0; +claudebot@anthropic.com)"
2409:8728:32f2:32:0:1:0:8 - - [22/Aug/2026:05:11:53 +0800] "GET /wp-includes/js/imagesloaded.min.js HTTP/1.1" 200 2683 "https://www.ytes.ilc.edu.tw/author/meteorstar/" "Mozilla/5.0 (Windows NT 10.0; Win64; x64) AppleWebKit/537.36 (KHTML, like Gecko) Chrome/144.0.0.0 Safari/537.36"
140.111.67.10 - - [22/Aug/2026:05:11:53 +0800] "GET /" 301 273 "-" "-"
2409:8728:32f2:32:0:1:0:8 - - [22/Aug/2026:05:11:53 +0800] "GET /wp-content/themes/oceanwp/assets/js/theme.min.js HTTP/1.1" 200 5130 "https://www.ytes.ilc.edu.tw/author/meteorstar/" "Mozilla/5.0 (Windows NT 10.0; Win64; x64) AppleWebKit/537.36 (KHTML, like Gecko) Chrome/144.0.0.0 Safari/537.36"
216.73.216.20 - - [22/Aug/2026:05:11:53 +0800] "GET /4925/2020/04/08/%e5%9b%9b%e5%bf%a0-%e5%9c%8b%e8%aa%9e%e8%aa%b2-%e4%b8%8a%e4%b8%8b%e6%96%87%e6%8e%a8%e8%a9%9e%e6%84%8f/ HTTP/1.1" 200 17520 "-" "Mozilla/5.0 AppleWebKit/537.36 (KHTML, like Gecko; compatible; ClaudeBot/1.0; +claudebot@anthropic.com)"
216.73.216.20 - - [22/Aug/2026:05:11:53 +0800] "GET /6569/wp-json/oembed/1.0/embed?url=https%3A%2F%2F2blog.ilc.edu.tw%2F6569%2F2016%2F11%2F01%2F105_2-2_%25e9%2598%25b2%25e7%2581%25bd%25e5%25b0%258f%25e5%25b0%2596%25e5%2585%25b5%2F HTTP/1.1" 200 3417 "-" "Mozilla/5.0 AppleWebKit/537.36 (KHTML, like Gecko; compatible; ClaudeBot/1.0; +claudebot@anthropic.com)"
66.249.71.37 - - [22/Aug/2026:05:11:53 +0800] "GET /yleerc/wp-content/cache/2blog.ilc.edu.tw/wpfc-minified/8nc699g1/5wt98.js HTTP/1.1" 200 35564 "https://2blog.ilc.edu.tw/yleerc/category/eeg/" "Mozilla/5.0 AppleWebKit/537.36 (KHTML, like Gecko; compatible; Googlebot/2.1; +http://www.google.com/bot.html) Chrome/151.0.7922.108 Safari/537.36"
216.73.216.20 - - [22/Aug/2026:05:11:53 +0800] "GET /6569/2013/11/29/%e5%85%ad%e5%b9%b4%e7%b4%9a%e7%95%a2%e6%a5%ad%e6%a0%a1%e5%a4%96%e6%95%99%e5%ad%b8/ HTTP/1.1" 200 10429 "-" "Mozilla/5.0 AppleWebKit/537.36 (KHTML, like Gecko; compatible; ClaudeBot/1.0; +claudebot@anthropic.com)"
216.73.216.20 - - [22/Aug/2026:05:11:53 +0800] "GET /4925/2015/05/14/%e4%b8%80%e5%b9%b4%e7%b4%9a%e6%80%a7%e4%be%b5%e5%ae%b3%e9%98%b2%e6%b2%bb%e5%8d%b1%e9%9a%aa%e7%9c%8b%e6%8b%9b/ HTTP/1.1" 200 12973 "-" "Mozilla/5.0 AppleWebKit/537.36 (KHTML, like Gecko; compatible; ClaudeBot/1.0; +claudebot@anthropic.com)"
216.73.216.20 - - [22/Aug/2026:05:11:53 +0800] "GET /4925/2015/04/15/%e5%85%ad%e5%b9%b4%e7%b4%9a%e5%85%a8%e6%b0%91%e5%9c%8b%e9%98%b2%e6%95%99%e8%82%b2/ HTTP/1.1" 200 17311 "-" "Mozilla/5.0 AppleWebKit/537.36 (KHTML, like Gecko; compatible; ClaudeBot/1.0; +claudebot@anthropic.com)"
216.73.216.20 - - [22/Aug/2026:05:11:53 +0800] "GET /4925/2020/04/24/%e8%ad%b0%e9%a1%8c%e6%8e%a2%e8%a8%8e-%e6%b5%b7%e6%b4%8b%e6%95%99%e8%82%b22%e5%85%ad%e5%bf%a0/ HTTP/1.1" 200 12476 "-" "Mozilla/5.0 AppleWebKit/537.36 (KHTML, like Gecko; compatible; ClaudeBot/1.0; +claudebot@anthropic.com)"
216.73.216.20 - - [22/Aug/2026:05:11:53 +0800] "GET /4925/2017/11/14/%e7%a1%ac%e7%ad%86%e6%95%99%e5%ad%b8-%e5%b0%8d%e4%bd%8d%e6%b3%95%e4%ba%8c%e5%b9%b4%e7%b4%9a/ HTTP/1.1" 200 13289 "-" "Mozilla/5.0 AppleWebKit/537.36 (KHTML, like Gecko; compatible; ClaudeBot/1.0; +claudebot@anthropic.com)"
216.73.216.20 - - [22/Aug/2026:05:11:53 +0800] "GET /3642/2020/03/12/%e5%9c%96%e6%9b%b8%e9%a4%a8%e6%b4%bb%e5%8b%95%e6%a1%8c%e9%81%8aparty%e9%96%8b%e5%bc%b5/ HTTP/1.1" 200 13440 "-" "Mozilla/5.0 AppleWebKit/537.36 (KHTML, like Gecko; compatible; ClaudeBot/1.0; +claudebot@anthropic.com)"
2409:8728:32f2:32:0:1:0:8 - - [22/Aug/2026:05:11:54 +0800] "GET /wp-content/themes/oceanwp/assets/js/drop-down-mobile-menu.min.js HTTP/1.1" 200 4663 "https://www.ytes.ilc.edu.tw/author/meteorstar/" "Mozilla/5.0 (Windows NT 10.0; Win64; x64) AppleWebKit/537.36 (KHTML, like Gecko) Chrome/144.0.0.0 Safari/537.36"
2409:8728:32f2:32:0:1:0:8 - - [22/Aug/2026:05:11:54 +0800] "GET /wp-content/themes/oceanwp/assets/js/drop-down-search.min.js HTTP/1.1" 200 2968 "https://www.ytes.ilc.edu.tw/author/meteorstar/" "Mozilla/5.0 (Windows NT 10.0; Win64; x64) AppleWebKit/537.36 (KHTML, like Gecko) Chrome/144.0.0.0 Safari/537.36"
216.73.216.20 - - [22/Aug/2026:05:11:54 +0800] "GET /tcesinfo/2021/04/09/windows-8-1-%e5%a5%97%e7%94%a8%e6%96%b0%e7%89%88-windows-10-%e5%9c%96%e7%a4%ba/ HTTP/1.1" 200 10979 "-" "Mozilla/5.0 AppleWebKit/537.36 (KHTML, like Gecko; compatible; ClaudeBot/1.0; +claudebot@anthropic.com)"
2409:8728:32f2:32:0:1:0:8 - - [22/Aug/2026:05:11:54 +0800] "GET /wp-content/themes/oceanwp/assets/js/vendors/magnific-popup.min.js HTTP/1.1" 200 8270 "https://www.ytes.ilc.edu.tw/author/meteorstar/" "Mozilla/5.0 (Windows NT 10.0; Win64; x64) AppleWebKit/537.36 (KHTML, like Gecko) Chrome/144.0.0.0 Safari/537.36"
2409:8728:32f2:32:0:1:0:8 - - [22/Aug/2026:05:11:54 +0800] "GET /wp-content/themes/oceanwp/assets/js/ow-lightbox.min.js HTTP/1.1" 200 2321 "https://www.ytes.ilc.edu.tw/author/meteorstar/" "Mozilla/5.0 (Windows NT 10.0; Win64; x64) AppleWebKit/537.36 (KHTML, like Gecko) Chrome/144.0.0.0 Safari/537.36"
216.73.216.20 - - [22/Aug/2026:05:11:54 +0800] "GET /6569/wp-json/oembed/1.0/embed?url=https%3A%2F%2F2blog.ilc.edu.tw%2F6569%2F2018%2F10%2F11%2F107_4-2_%25e9%2596%258b%25e5%25bf%2583%25e5%25b0%258f%25e8%25be%25b2%25e5%25a4%25ab%2F HTTP/1.1" 200 3417 "-" "Mozilla/5.0 AppleWebKit/537.36 (KHTML, like Gecko; compatible; ClaudeBot/1.0; +claudebot@anthropic.com)"
216.73.216.20 - - [22/Aug/2026:05:11:54 +0800] "GET /6569/wp-json/oembed/1.0/embed?url=https%3A%2F%2F2blog.ilc.edu.tw%2F6569%2F2014%2F11%2F24%2F103_2-1_%25e6%2588%2591%25e6%2598%25af%25e4%25b8%2580%25e6%25a2%259d%25e6%25b2%25b3%2F HTTP/1.1" 200 3417 "-" "Mozilla/5.0 AppleWebKit/537.36 (KHTML, like Gecko; compatible; ClaudeBot/1.0; +claudebot@anthropic.com)"
216.73.216.20 - - [22/Aug/2026:05:11:54 +0800] "GET /4925/2015/09/02/%e5%ad%b8%e6%a0%a1%e6%a2%9d%e4%bb%b6%e6%9a%a8%e8%aa%b2%e7%a8%8bswots%e5%88%86%e6%9e%90/ HTTP/1.1" 200 12047 "-" "Mozilla/5.0 AppleWebKit/537.36 (KHTML, like Gecko; compatible; ClaudeBot/1.0; +claudebot@anthropic.com)"
2409:8728:32f2:32:0:1:0:8 - - [22/Aug/2026:05:11:54 +0800] "GET /wp-content/themes/oceanwp/assets/js/vendors/flickity.pkgd.min.js HTTP/1.1" 200 15387 "https://www.ytes.ilc.edu.tw/author/meteorstar/" "Mozilla/5.0 (Windows NT 10.0; Win64; x64) AppleWebKit/537.36 (KHTML, like Gecko) Chrome/144.0.0.0 Safari/537.36"
216.73.216.20 - - [22/Aug/2026:05:11:54 +0800] "GET /4925/2020/04/23/%e7%b4%84%e6%9c%83%e5%8d%b1%e6%a9%9f%e9%98%b2%e6%b2%bb%e5%ae%a3%e5%b0%8e%e9%ab%98%e5%b9%b4%e7%b4%9a/ HTTP/1.1" 200 12201 "-" "Mozilla/5.0 AppleWebKit/537.36 (KHTML, like Gecko; compatible; ClaudeBot/1.0; +claudebot@anthropic.com)"
216.73.216.20 - - [22/Aug/2026:05:11:54 +0800] "GET /4925/2020/04/09/%e6%95%99%e5%b8%ab%e5%b0%88%e6%a5%ad%e7%b2%be%e9%80%b2%e7%a4%be%e7%be%a4108-1/ HTTP/1.1" 200 12144 "-" "Mozilla/5.0 AppleWebKit/537.36 (KHTML, like Gecko; compatible; ClaudeBot/1.0; +claudebot@anthropic.com)"
2409:8728:32f2:32:0:1:0:8 - - [22/Aug/2026:05:11:54 +0800] "GET /wp-content/themes/oceanwp/assets/js/ow-slider.min.js HTTP/1.1" 200 1761 "https://www.ytes.ilc.edu.tw/author/meteorstar/" "Mozilla/5.0 (Windows NT 10.0; Win64; x64) AppleWebKit/537.36 (KHTML, like Gecko) Chrome/144.0.0.0 Safari/537.36"
216.73.216.20 - - [22/Aug/2026:05:11:54 +0800] "GET /4925/2015/02/25/%e4%b8%80%e5%b9%b4%e7%b4%9a%e7%94%9f%e6%b4%bb%e8%aa%b2%e7%a8%8b%e5%90%b9%e6%b3%a1%e6%b3%a1/ HTTP/1.1" 200 17713 "-" "Mozilla/5.0 AppleWebKit/537.36 (KHTML, like Gecko; compatible; ClaudeBot/1.0; +claudebot@anthropic.com)"
216.73.216.20 - - [22/Aug/2026:05:11:54 +0800] "GET /4925/2015/04/29/%e4%b8%89%e5%b9%b4%e7%b4%9a%e5%85%a8%e6%b0%91%e5%9c%8b%e9%98%b2%e6%95%99%e8%82%b2/ HTTP/1.1" 200 12650 "-" "Mozilla/5.0 AppleWebKit/537.36 (KHTML, like Gecko; compatible; ClaudeBot/1.0; +claudebot@anthropic.com)"
216.73.216.20 - - [22/Aug/2026:05:11:54 +0800] "GET /6537/2013/10/28/%e7%92%b0%e5%a2%83%e6%95%99%e8%82%b2%e8%b3%87%e6%96%99%e5%88%86%e4%ba%ab/ HTTP/1.1" 200 11809 "-" "Mozilla/5.0 AppleWebKit/537.36 (KHTML, like Gecko; compatible; ClaudeBot/1.0; +claudebot@anthropic.com)"
2409:8728:32f2:32:0:1:0:8 - - [22/Aug/2026:05:11:55 +0800] "GET /wp-content/themes/oceanwp/assets/js/scroll-top.min.js HTTP/1.1" 200 3202 "https://www.ytes.ilc.edu.tw/author/meteorstar/" "Mozilla/5.0 (Windows NT 10.0; Win64; x64) AppleWebKit/537.36 (KHTML, like Gecko) Chrome/144.0.0.0 Safari/537.36"
2409:8728:32f2:32:0:1:0:8 - - [22/Aug/2026:05:11:55 +0800] "GET /wp-content/themes/oceanwp/assets/js/scroll-effect.min.js HTTP/1.1" 200 4127 "https://www.ytes.ilc.edu.tw/author/meteorstar/" "Mozilla/5.0 (Windows NT 10.0; Win64; x64) AppleWebKit/537.36 (KHTML, like Gecko) Chrome/144.0.0.0 Safari/537.36"
216.73.216.20 - - [22/Aug/2026:05:11:55 +0800] "GET /4925/2014/09/03/103%e5%ad%b8%e5%b9%b4%e5%ba%a6%e5%ad%b8%e6%a0%a1%e8%aa%b2%e7%a8%8b%e8%a8%88%e7%95%ab/ HTTP/1.1" 200 12033 "-" "Mozilla/5.0 AppleWebKit/537.36 (KHTML, like Gecko; compatible; ClaudeBot/1.0; +claudebot@anthropic.com)"
216.73.216.20 - - [22/Aug/2026:05:11:55 +0800] "GET /4925/2019/07/05/108%e5%ad%b8%e5%b9%b4%e5%ba%a6%e8%aa%b2%e7%a8%8b%e8%a9%95%e9%91%91%e8%a1%a8/ HTTP/1.1" 200 11969 "-" "Mozilla/5.0 AppleWebKit/537.36 (KHTML, like Gecko; compatible; ClaudeBot/1.0; +claudebot@anthropic.com)"
216.73.216.20 - - [22/Aug/2026:05:11:55 +0800] "GET /4925/2016/10/26/%e9%96%a9%e5%8d%97%e8%aa%9e%e6%95%99%e5%ae%a4%e6%83%85%e5%a2%83%e4%bd%88%e7%bd%ae/ HTTP/1.1" 200 12266 "-" "Mozilla/5.0 AppleWebKit/537.36 (KHTML, like Gecko; compatible; ClaudeBot/1.0; +claudebot@anthropic.com)"
216.73.216.20 - - [22/Aug/2026:05:11:55 +0800] "GET /4925/2016/04/13/%e8%8b%b1%e8%aa%9e%e9%80%b1%e8%a6%aa%e8%81%b7%e5%90%8c%e6%ad%a1%e6%b4%bb%e5%8b%95/ HTTP/1.1" 200 12904 "-" "Mozilla/5.0 AppleWebKit/537.36 (KHTML, like Gecko; compatible; ClaudeBot/1.0; +claudebot@anthropic.com)"
216.73.216.20 - - [22/Aug/2026:05:11:55 +0800] "GET /4925/2016/09/02/105%e5%ad%b8%e5%b9%b4%e5%ba%a6%e5%ad%b8%e6%a0%a1%e6%a2%9d%e4%bb%b6%e5%88%86%e6%9e%90swots/ HTTP/1.1" 200 12380 "-" "Mozilla/5.0 AppleWebKit/537.36 (KHTML, like Gecko; compatible; ClaudeBot/1.0; +claudebot@anthropic.com)"
216.73.216.20 - - [22/Aug/2026:05:11:55 +0800] "GET /4925/2016/10/05/%e4%b8%ad%e6%96%87%e7%b9%aa%e6%9c%ac%e9%96%b1%e8%ae%80%e6%b4%bb%e5%8b%95/ HTTP/1.1" 200 13936 "-" "Mozilla/5.0 AppleWebKit/537.36 (KHTML, like Gecko; compatible; ClaudeBot/1.0; +claudebot@anthropic.com)"
2409:8728:32f2:32:0:1:0:8 - - [22/Aug/2026:05:11:55 +0800] "GET /wp-content/themes/oceanwp/assets/js/select.min.js HTTP/1.1" 200 2408 "https://www.ytes.ilc.edu.tw/author/meteorstar/" "Mozilla/5.0 (Windows NT 10.0; Win64; x64) AppleWebKit/537.36 (KHTML, like Gecko) Chrome/144.0.0.0 Safari/537.36"
216.73.216.20 - - [22/Aug/2026:05:11:55 +0800] "GET /19761/wp-json/oembed/1.0/embed?format=xml&url=https%3A%2F%2F2blog.ilc.edu.tw%2F19761%2F2024%2F03%2F05%2F%25e9%2587%258d%25e9%2599%25bd%25e7%25af%2580%25e8%25a1%25a8%25e6%25bc%2594%2F HTTP/1.1" 200 2241 "-" "Mozilla/5.0 AppleWebKit/537.36 (KHTML, like Gecko; compatible; ClaudeBot/1.0; +claudebot@anthropic.com)"
2409:8728:32f2:32:0:1:0:8 - - [22/Aug/2026:05:11:55 +0800] "GET /wp-content/plugins/ocean-extra/includes/widgets/js/flickr.min.js HTTP/1.1" 200 1319 "https://www.ytes.ilc.edu.tw/author/meteorstar/" "Mozilla/5.0 (Windows NT 10.0; Win64; x64) AppleWebKit/537.36 (KHTML, like Gecko) Chrome/144.0.0.0 Safari/537.36"
2409:8728:32f2:32:0:1:0:8 - - [22/Aug/2026:05:11:55 +0800] "GET /wp-includes/js/mediaelement/mediaelement-and-player.min.js HTTP/1.1" 200 39802 "https://www.ytes.ilc.edu.tw/author/meteorstar/" "Mozilla/5.0 (Windows NT 10.0; Win64; x64) AppleWebKit/537.36 (KHTML, like Gecko) Chrome/144.0.0.0 Safari/537.36"
216.73.216.20 - - [22/Aug/2026:05:11:55 +0800] "GET /4925/2016/04/14/%e4%b8%80%e5%b9%b4%e7%b4%9a%e6%a0%a1%e5%9c%92%e6%a4%8d%e7%89%a9%e5%b7%a1%e7%a6%ae/ HTTP/1.1" 200 12700 "-" "Mozilla/5.0 AppleWebKit/537.36 (KHTML, like Gecko; compatible; ClaudeBot/1.0; +claudebot@anthropic.com)"
216.73.216.20 - - [22/Aug/2026:05:11:55 +0800] "GET /4925/2016/04/19/%e5%9b%9b%e5%bf%a0%e8%a6%96%e8%a6%ba%e8%97%9d%e8%a1%93%e4%bd%a0%e6%88%91%e4%bb%96/ HTTP/1.1" 200 12364 "-" "Mozilla/5.0 AppleWebKit/537.36 (KHTML, like Gecko; compatible; ClaudeBot/1.0; +claudebot@anthropic.com)"
216.73.216.20 - - [22/Aug/2026:05:11:55 +0800] "GET /4925/2020/04/13/%e6%95%99%e5%b8%ab%e5%b0%88%e6%a5%ad%e7%b2%be%e9%80%b2%e7%a4%be%e7%be%a4108-5/ HTTP/1.1" 200 12677 "-" "Mozilla/5.0 AppleWebKit/537.36 (KHTML, like Gecko; compatible; ClaudeBot/1.0; +claudebot@anthropic.com)"
216.73.216.20 - - [22/Aug/2026:05:11:55 +0800] "GET /tcesinfo/2020/06/17/%e8%a9%a6%e7%94%a8-oat-%e9%9b%bb%e8%85%a6%e7%ae%a1%e7%90%86%e7%b3%bb%e7%b5%b1/ HTTP/1.1" 200 10760 "-" "Mozilla/5.0 AppleWebKit/537.36 (KHTML, like Gecko; compatible; ClaudeBot/1.0; +claudebot@anthropic.com)"
216.73.216.20 - - [22/Aug/2026:05:11:56 +0800] "GET /6569/wp-json/oembed/1.0/embed?url=https%3A%2F%2F2blog.ilc.edu.tw%2F6569%2F2017%2F08%2F14%2F106_2-1_%25e7%2592%25b0%25e4%25bf%259d%25e7%2594%259f%25e6%25b4%25bb%25e5%25ae%25b6%2F HTTP/1.1" 200 3417 "-" "Mozilla/5.0 AppleWebKit/537.36 (KHTML, like Gecko; compatible; ClaudeBot/1.0; +claudebot@anthropic.com)"
2409:8c28:c05:16::139 - - [22/Aug/2026:05:11:53 +0800] "GET /2015/10/15 HTTP/1.1" 301 5773 "-" "Mozilla/5.0 (Windows NT 10.0; Win64; x64) AppleWebKit/537.36 (KHTML, like Gecko) Chrome/144.0.0.0 Safari/537.36"
216.73.216.20 - - [22/Aug/2026:05:11:56 +0800] "GET /6439/wp-json/oembed/1.0/embed?url=https%3A%2F%2F2blog.ilc.edu.tw%2F6439%2F2014%2F11%2F25%2F103-%25e4%25b8%2580-6%25e7%258d%258e%25e5%258b%25b5%25e6%25a9%259f%25e5%2588%25b6%2F HTTP/1.1" 200 3363 "-" "Mozilla/5.0 AppleWebKit/537.36 (KHTML, like Gecko; compatible; ClaudeBot/1.0; +claudebot@anthropic.com)"
216.73.216.20 - - [22/Aug/2026:05:11:56 +0800] "GET /4925/2015/04/28/%e5%85%ad%e5%b9%b4%e7%b4%9a%e6%80%a7%e6%95%99%e8%82%b2%e6%95%99%e5%ad%b8/ HTTP/1.1" 200 12583 "-" "Mozilla/5.0 AppleWebKit/537.36 (KHTML, like Gecko; compatible; ClaudeBot/1.0; +claudebot@anthropic.com)"
2409:8728:32f2:32:0:1:0:8 - - [22/Aug/2026:05:11:56 +0800] "GET /wp-includes/js/mediaelement/wp-mediaelement.min.js HTTP/1.1" 200 1417 "https://www.ytes.ilc.edu.tw/author/meteorstar/" "Mozilla/5.0 (Windows NT 10.0; Win64; x64) AppleWebKit/537.36 (KHTML, like Gecko) Chrome/144.0.0.0 Safari/537.36"
2409:8728:32f2:32:0:1:0:8 - - [22/Aug/2026:05:11:56 +0800] "GET /wp-includes/js/mediaelement/renderers/vimeo.min.js HTTP/1.1" 200 3164 "https://www.ytes.ilc.edu.tw/author/meteorstar/" "Mozilla/5.0 (Windows NT 10.0; Win64; x64) AppleWebKit/537.36 (KHTML, like Gecko) Chrome/144.0.0.0 Safari/537.36"
216.73.216.20 - - [22/Aug/2026:05:11:56 +0800] "GET /4925/2020/03/25/%e5%ad%b8%e5%8a%9b%e6%b8%ac%e9%a9%97%e5%88%86%e6%9e%90%e6%9c%83%e8%ad%b0/ HTTP/1.1" 200 12240 "-" "Mozilla/5.0 AppleWebKit/537.36 (KHTML, like Gecko; compatible; ClaudeBot/1.0; +claudebot@anthropic.com)"
216.73.216.20 - - [22/Aug/2026:05:11:56 +0800] "GET /tcesinfo/2020/06/05/%e8%a3%bd%e4%bd%9c-for-5a88-%e7%9a%84-windows-10-2004-%e5%ae%89%e8%a3%9d%e5%85%89%e7%a2%9f/ HTTP/1.1" 200 11054 "-" "Mozilla/5.0 AppleWebKit/537.36 (KHTML, like Gecko; compatible; ClaudeBot/1.0; +claudebot@anthropic.com)"
2409:8c28:c05:16::139 - - [22/Aug/2026:05:11:56 +0800] "GET /2015/10/15/ HTTP/1.1" 200 17386 "-" "Mozilla/5.0 (Windows NT 10.0; Win64; x64) AppleWebKit/537.36 (KHTML, like Gecko) Chrome/144.0.0.0 Safari/537.36"
216.73.216.20 - - [22/Aug/2026:05:11:56 +0800] "GET /6537/category/%e7%92%b0%e5%a2%83%e7%ae%a1%e7%90%86%e5%8f%8a%e9%85%8d%e5%90%88%e6%8e%aa%e6%96%bd/c-22545/ HTTP/1.1" 200 11835 "-" "Mozilla/5.0 AppleWebKit/537.36 (KHTML, like Gecko; compatible; ClaudeBot/1.0; +claudebot@anthropic.com)"
2409:8728:32f2:32:0:1:0:8 - - [22/Aug/2026:05:11:56 +0800] "GET /wp-content/themes/oceanwp/assets/fonts/simple-line-icons/Simple-Line-Icons.woff2?v=2.4.0 HTTP/1.1" 200 30959 "https://www.ytes.ilc.edu.tw/wp-content/cache/www.ytes.ilc.edu.tw/wpfc-minified/m8xd33fs/6w73.css" "Mozilla/5.0 (Windows NT 10.0; Win64; x64) AppleWebKit/537.36 (KHTML, like Gecko) Chrome/144.0.0.0 Safari/537.36"
216.73.216.20 - - [22/Aug/2026:05:11:56 +0800] "GET /19761/2017/10/09/%e6%95%99%e5%b8%ab%e7%af%80%e7%9a%84%e6%95%ac%e5%b8%ab%e6%b4%bb%e5%8b%95/ HTTP/1.1" 200 10059 "-" "Mozilla/5.0 AppleWebKit/537.36 (KHTML, like Gecko; compatible; ClaudeBot/1.0; +claudebot@anthropic.com)"
216.73.216.20 - - [22/Aug/2026:05:11:56 +0800] "GET /4925/2020/05/10/%e4%ba%94%e5%b9%b4%e7%b4%9a%e6%95%b8%e5%ad%b8-%e5%88%86%e6%95%b8/ HTTP/1.1" 200 13668 "-" "Mozilla/5.0 AppleWebKit/537.36 (KHTML, like Gecko; compatible; ClaudeBot/1.0; +claudebot@anthropic.com)"
2409:8c28:c05:16::139 - - [22/Aug/2026:05:11:56 +0800] "GET /wp-content/cache/www.cwjh.ilc.edu.tw/wpfc-minified/2mrmz3dm/77dd.css HTTP/1.1" 200 40884 "https://www.cwjh.ilc.edu.tw/2015/10/15/" "Mozilla/5.0 (Windows NT 10.0; Win64; x64) AppleWebKit/537.36 (KHTML, like Gecko) Chrome/144.0.0.0 Safari/537.36"
216.73.216.20 - - [22/Aug/2026:05:11:56 +0800] "GET /6537/2015/11/12/%e4%ba%94-6-%e9%be%8d%e6%bd%ad%e6%b9%96%e8%b7%af%e8%b7%91%e6%b4%bb%e5%8b%95/ HTTP/1.1" 200 11297 "-" "Mozilla/5.0 AppleWebKit/537.36 (KHTML, like Gecko; compatible; ClaudeBot/1.0; +claudebot@anthropic.com)"
216.73.216.20 - - [22/Aug/2026:05:11:56 +0800] "GET /6537/category/%e7%92%b0%e5%a2%83%e7%ae%a1%e7%90%86%e5%8f%8a%e9%85%8d%e5%90%88%e6%8e%aa%e6%96%bd/page/26/ HTTP/1.1" 200 11707 "-" "Mozilla/5.0 AppleWebKit/537.36 (KHTML, like Gecko; compatible; ClaudeBot/1.0; +claudebot@anthropic.com)"
216.73.216.20 - - [22/Aug/2026:05:11:57 +0800] "GET /6439/wp-json/oembed/1.0/embed?url=https%3A%2F%2F2blog.ilc.edu.tw%2F6439%2F2013%2F11%2F15%2F%25e4%25b8%25806%25e7%258d%258e%25e5%258b%25b5%25e6%25a9%259f%25e5%2588%25b6-2%2F HTTP/1.1" 200 3684 "-" "Mozilla/5.0 AppleWebKit/537.36 (KHTML, like Gecko; compatible; ClaudeBot/1.0; +claudebot@anthropic.com)"
216.73.216.20 - - [22/Aug/2026:05:11:57 +0800] "GET /6569/wp-json/oembed/1.0/embed?format=xml&url=https%3A%2F%2F2blog.ilc.edu.tw%2F6569%2F2017%2F08%2F16%2F106_2-1_%25e7%2582%25ba%25e6%259c%258d%25e5%258b%2599%25e7%25a4%25be%25e5%258d%2580%2F HTTP/1.1" 200 2236 "-" "Mozilla/5.0 AppleWebKit/537.36 (KHTML, like Gecko; compatible; ClaudeBot/1.0; +claudebot@anthropic.com)"
216.73.216.20 - - [22/Aug/2026:05:11:57 +0800] "GET /6569/wp-json/oembed/1.0/embed?format=xml&url=https%3A%2F%2F2blog.ilc.edu.tw%2F6569%2F2016%2F11%2F01%2F105_2-2_%25e9%2598%25b2%25e7%2581%25bd%25e5%25b0%258f%25e5%25b0%2596%25e5%2585%25b5%2F HTTP/1.1" 200 2234 "-" "Mozilla/5.0 AppleWebKit/537.36 (KHTML, like Gecko; compatible; ClaudeBot/1.0; +claudebot@anthropic.com)"
216.73.216.20 - - [22/Aug/2026:05:11:57 +0800] "GET /5882/2012/09/25/%e2%9c%8e%e5%81%a5%e5%ba%b7%e5%8b%95%e8%b5%b7%e4%be%86-%e9%81%8a%e6%88%b2%e7%af%87/ HTTP/1.1" 200 9195 "-" "Mozilla/5.0 AppleWebKit/537.36 (KHTML, like Gecko; compatible; ClaudeBot/1.0; +claudebot@anthropic.com)"
2409:8c28:c05:16::139 - - [22/Aug/2026:05:11:57 +0800] "GET /wp-content/cache/www.cwjh.ilc.edu.tw/wpfc-minified/7957u2ji/77dd.css HTTP/1.1" 200 15782 "https://www.cwjh.ilc.edu.tw/2015/10/15/" "Mozilla/5.0 (Windows NT 10.0; Win64; x64) AppleWebKit/537.36 (KHTML, like Gecko) Chrome/144.0.0.0 Safari/537.36"
216.73.216.20 - - [22/Aug/2026:05:11:57 +0800] "GET /tcesinfo/2020/11/28/windows-%e5%a5%97%e4%bb%b6%e7%ae%a1%e7%90%86%e7%a8%8b%e5%bc%8f-chocolatey-%e5%ae%89%e8%a3%9d/ HTTP/1.1" 200 12280 "-" "Mozilla/5.0 AppleWebKit/537.36 (KHTML, like Gecko; compatible; ClaudeBot/1.0; +claudebot@anthropic.com)"
66.249.79.163 - - [22/Aug/2026:05:11:57 +0800] "GET /yleerc/wp-includes/js/admin-bar.min.js HTTP/1.1" 200 7016 "https://2blog.ilc.edu.tw/yleerc/category/eeg/" "Mozilla/5.0 AppleWebKit/537.36 (KHTML, like Gecko; compatible; Googlebot/2.1; +http://www.google.com/bot.html) Chrome/151.0.7922.108 Safari/537.36"
216.73.216.20 - - [22/Aug/2026:05:11:57 +0800] "GET /tcesinfo/2020/11/29/windows-%e5%a5%97%e4%bb%b6%e7%ae%a1%e7%90%86%e7%a8%8b%e5%bc%8f-chocolatey-%e4%bd%bf%e7%94%a8/ HTTP/1.1" 200 13012 "-" "Mozilla/5.0 AppleWebKit/537.36 (KHTML, like Gecko; compatible; ClaudeBot/1.0; +claudebot@anthropic.com)"
66.249.79.163 - - [22/Aug/2026:05:11:57 +0800] "GET /41336/wp-content/cache/2blog.ilc.edu.tw/wpfc-minified/8jnv6329/5woxg.css HTTP/1.1" 200 45667 "https://2blog.ilc.edu.tw/41336/page/48/" "Mozilla/5.0 AppleWebKit/537.36 (KHTML, like Gecko; compatible; Googlebot/2.1; +http://www.google.com/bot.html) Chrome/151.0.7922.108 Safari/537.36"
216.73.216.20 - - [22/Aug/2026:05:11:57 +0800] "GET /4925/2015/04/22/%e4%b8%89%e5%b9%b4%e7%b4%9a%e8%97%9d%e6%96%87%e9%a0%98%e5%9f%9f/ HTTP/1.1" 200 12830 "-" "Mozilla/5.0 AppleWebKit/537.36 (KHTML, like Gecko; compatible; ClaudeBot/1.0; +claudebot@anthropic.com)"
2409:8c28:c05:16::139 - - [22/Aug/2026:05:11:57 +0800] "GET /wp-content/cache/www.cwjh.ilc.edu.tw/wpfc-minified/8wopko65/77dd.css HTTP/1.1" 200 1157 "https://www.cwjh.ilc.edu.tw/2015/10/15/" "Mozilla/5.0 (Windows NT 10.0; Win64; x64) AppleWebKit/537.36 (KHTML, like Gecko) Chrome/144.0.0.0 Safari/537.36"
2409:8728:32f2:32:0:1:0:8 - - [22/Aug/2026:05:11:57 +0800] "GET /wp-includes/js/mediaelement/mediaelement-migrate.min.js HTTP/1.1" 200 1419 "https://www.ytes.ilc.edu.tw/author/meteorstar/" "Mozilla/5.0 (Windows NT 10.0; Win64; x64) AppleWebKit/537.36 (KHTML, like Gecko) Chrome/144.0.0.0 Safari/537.36"
216.73.216.20 - - [22/Aug/2026:05:11:57 +0800] "GET /6569/2012/11/23/101%e5%b9%b46%e6%9c%8815%e6%97%a5%e8%b7%b3%e8%9a%a4%e5%b8%82%e5%a0%b4/ HTTP/1.1" 200 9939 "-" "Mozilla/5.0 AppleWebKit/537.36 (KHTML, like Gecko; compatible; ClaudeBot/1.0; +claudebot@anthropic.com)"
136.119.35.120 - - [22/Aug/2026:05:11:57 +0800] "GET /6514/2020/10/19/109%E6%95%99%E5%AD%B8%E8%88%87%E5%AE%A3%E5%B0%8E%E6%B4%BB%E5%8B%95%E5%BB%A2%E7%89%A9%E5%86%8D%E5%88%A9%E7%94%A8%E4%B8%8D%E8%A6%81%E7%9A%84%E7%8E%BB%E7%92%83%E7%93%B6%E8%AE%8A%E8%BA%AB%E7%82%BA/ HTTP/1.1" 200 16034 "-" "Mozilla/5.0 (Macintosh; Intel Mac OS X 10_15_7) AppleWebKit/537.36 (KHTML, like Gecko) Chrome/120.0.0.0 Safari/537.36"
2409:8a44:2460:a063:e4f1:607a:6c9a:d27 - - [22/Aug/2026:05:11:57 +0800] "GET /wp-content/cache/www.najh.ilc.edu.tw/wpfc-minified/1f13uvw/6wh9.css HTTP/1.1" 200 45686 "https://www.najh.ilc.edu.tw/2023/page/2/" "Mozilla/5.0 (Windows NT 10.0; Win64; x64) AppleWebKit/537.36 (KHTML, like Gecko) Chrome/144.0.0.0 Safari/537.36"
216.73.216.20 - - [22/Aug/2026:05:11:57 +0800] "GET /6569/wp-json/oembed/1.0/embed?format=xml&url=https%3A%2F%2F2blog.ilc.edu.tw%2F6569%2F2014%2F11%2F24%2F103_2-1_%25e6%2588%2591%25e6%2598%25af%25e4%25b8%2580%25e6%25a2%259d%25e6%25b2%25b3%2F HTTP/1.1" 200 2235 "-" "Mozilla/5.0 AppleWebKit/537.36 (KHTML, like Gecko; compatible; ClaudeBot/1.0; +claudebot@anthropic.com)"
2409:8c28:c05:16::139 - - [22/Aug/2026:05:11:57 +0800] "GET /wp-content/cache/www.cwjh.ilc.edu.tw/wpfc-minified/dhutxct0/77dd.css HTTP/1.1" 200 61345 "https://www.cwjh.ilc.edu.tw/2015/10/15/" "Mozilla/5.0 (Windows NT 10.0; Win64; x64) AppleWebKit/537.36 (KHTML, like Gecko) Chrome/144.0.0.0 Safari/537.36"
17.22.237.93 - - [22/Aug/2026:05:11:57 +0800] "GET /category/uncategorized/feed/ HTTP/1.1" 200 11249 "-" "Mozilla/5.0 (Macintosh; Intel Mac OS X 10_15_7) AppleWebKit/605.1.15 (KHTML, like Gecko) Version/17.4 Safari/605.1.15 (Applebot/0.1; +http://www.apple.com/go/applebot)"
216.73.216.20 - - [22/Aug/2026:05:11:57 +0800] "GET /tcesinfo/wp-json/oembed/1.0/embed?url=https%3A%2F%2F2blog.ilc.edu.tw%2Ftcesinfo%2F2021%2F06%2F17%2Ffireofx-%25e8%25a1%258d%25e7%2594%259f%25e7%2580%258f%25e8%25a6%25bd%25e5%2599%25a8%2F HTTP/1.1" 200 3303 "-" "Mozilla/5.0 AppleWebKit/537.36 (KHTML, like Gecko; compatible; ClaudeBot/1.0; +claudebot@anthropic.com)"
2409:8c28:c05:16::139 - - [22/Aug/2026:05:11:58 +0800] "GET /wp-content/cache/www.cwjh.ilc.edu.tw/wpfc-minified/f11u7byj/77dd.js HTTP/1.1" 200 35898 "https://www.cwjh.ilc.edu.tw/2015/10/15/" "Mozilla/5.0 (Windows NT 10.0; Win64; x64) AppleWebKit/537.36 (KHTML, like Gecko) Chrome/144.0.0.0 Safari/537.36"
2409:8c28:c05:16::139 - - [22/Aug/2026:05:11:58 +0800] "GET /wp-includes/js/hoverintent-js.min.js HTTP/1.1" 200 1936 "https://www.cwjh.ilc.edu.tw/2015/10/15/" "Mozilla/5.0 (Windows NT 10.0; Win64; x64) AppleWebKit/537.36 (KHTML, like Gecko) Chrome/144.0.0.0 Safari/537.36"
2409:8c28:c05:16::139 - - [22/Aug/2026:05:11:58 +0800] "GET /wp-includes/js/admin-bar.min.js HTTP/1.1" 200 7040 "https://www.cwjh.ilc.edu.tw/2015/10/15/" "Mozilla/5.0 (Windows NT 10.0; Win64; x64) AppleWebKit/537.36 (KHTML, like Gecko) Chrome/144.0.0.0 Safari/537.36"
216.73.216.20 - - [22/Aug/2026:05:11:57 +0800] "GET /19761/2024/03/05/%e7%a5%96%e5%ad%ab%e5%85%b1%e5%ad%b8%e6%ad%8c%e4%bb%94%e6%88%b2/ HTTP/1.1" 200 9602 "-" "Mozilla/5.0 AppleWebKit/537.36 (KHTML, like Gecko; compatible; ClaudeBot/1.0; +claudebot@anthropic.com)"
2409:8c28:c05:16::139 - - [22/Aug/2026:05:11:58 +0800] "GET /wp-includes/js/imagesloaded.min.js HTTP/1.1" 200 2683 "https://www.cwjh.ilc.edu.tw/2015/10/15/" "Mozilla/5.0 (Windows NT 10.0; Win64; x64) AppleWebKit/537.36 (KHTML, like Gecko) Chrome/144.0.0.0 Safari/537.36"
216.73.216.20 - - [22/Aug/2026:05:11:58 +0800] "GET /6537/2016/10/06/105_%e4%b8%80%e3%80%8121%e5%9f%ba%e6%9c%ac%e8%b3%87%e6%96%99/ HTTP/1.1" 200 10803 "-" "Mozilla/5.0 AppleWebKit/537.36 (KHTML, like Gecko; compatible; ClaudeBot/1.0; +claudebot@anthropic.com)"
216.73.216.20 - - [22/Aug/2026:05:11:58 +0800] "GET /tcesinfo/2021/01/21/windows-office-%e6%9b%b4%e6%96%b0%e7%b4%80%e9%8c%84%e5%8f%8a%e6%94%af%e6%8f%b4%e9%80%b1%e6%9c%9f/ HTTP/1.1" 200 11946 "-" "Mozilla/5.0 AppleWebKit/537.36 (KHTML, like Gecko; compatible; ClaudeBot/1.0; +claudebot@anthropic.com)"
2409:8c28:c05:16::139 - - [22/Aug/2026:05:11:58 +0800] "GET /wp-content/themes/oceanwp/assets/js/theme.min.js HTTP/1.1" 200 5130 "https://www.cwjh.ilc.edu.tw/2015/10/15/" "Mozilla/5.0 (Windows NT 10.0; Win64; x64) AppleWebKit/537.36 (KHTML, like Gecko) Chrome/144.0.0.0 Safari/537.36"
2409:8c28:c05:16::139 - - [22/Aug/2026:05:11:58 +0800] "GET /wp-content/themes/oceanwp/assets/js/drop-down-mobile-menu.min.js HTTP/1.1" 200 4663 "https://www.cwjh.ilc.edu.tw/2015/10/15/" "Mozilla/5.0 (Windows NT 10.0; Win64; x64) AppleWebKit/537.36 (KHTML, like Gecko) Chrome/144.0.0.0 Safari/537.36"
2409:8a44:2460:a063:e4f1:607a:6c9a:d27 - - [22/Aug/2026:05:11:58 +0800] "GET /wp-content/cache/www.najh.ilc.edu.tw/wpfc-minified/kz7ju7r3/6wh9.css HTTP/1.1" 200 5959 "https://www.najh.ilc.edu.tw/2023/page/2/" "Mozilla/5.0 (Windows NT 10.0; Win64; x64) AppleWebKit/537.36 (KHTML, like Gecko) Chrome/144.0.0.0 Safari/537.36"
2409:8c28:c05:16::139 - - [22/Aug/2026:05:11:58 +0800] "GET /wp-content/themes/oceanwp/assets/js/drop-down-search.min.js HTTP/1.1" 200 2968 "https://www.cwjh.ilc.edu.tw/2015/10/15/" "Mozilla/5.0 (Windows NT 10.0; Win64; x64) AppleWebKit/537.36 (KHTML, like Gecko) Chrome/144.0.0.0 Safari/537.36"
2409:8a44:2460:a063:e4f1:607a:6c9a:d27 - - [22/Aug/2026:05:11:58 +0800] "GET /wp-content/cache/www.najh.ilc.edu.tw/wpfc-minified/kcxb236g/6wh9.css HTTP/1.1" 200 66147 "https://www.najh.ilc.edu.tw/2023/page/2/" "Mozilla/5.0 (Windows NT 10.0; Win64; x64) AppleWebKit/537.36 (KHTML, like Gecko) Chrome/144.0.0.0 Safari/537.36"
216.73.216.20 - - [22/Aug/2026:05:11:58 +0800] "GET /6569/wp-json/oembed/1.0/embed?format=xml&url=https%3A%2F%2F2blog.ilc.edu.tw%2F6569%2F2017%2F08%2F14%2F106_2-1_%25e7%2592%25b0%25e4%25bf%259d%25e7%2594%259f%25e6%25b4%25bb%25e5%25ae%25b6%2F HTTP/1.1" 200 2236 "-" "Mozilla/5.0 AppleWebKit/537.36 (KHTML, like Gecko; compatible; ClaudeBot/1.0; +claudebot@anthropic.com)"
2409:8c28:c05:16::139 - - [22/Aug/2026:05:11:58 +0800] "GET /wp-content/themes/oceanwp/assets/js/vendors/magnific-popup.min.js HTTP/1.1" 200 8270 "https://www.cwjh.ilc.edu.tw/2015/10/15/" "Mozilla/5.0 (Windows NT 10.0; Win64; x64) AppleWebKit/537.36 (KHTML, like Gecko) Chrome/144.0.0.0 Safari/537.36"
216.73.216.20 - - [22/Aug/2026:05:11:58 +0800] "GET /5882/wp-json/oembed/1.0/embed?url=https%3A%2F%2F2blog.ilc.edu.tw%2F5882%2F2014%2F03%2F20%2F%25e7%25b6%2593%25e8%25b2%25bb%25e4%25b8%2580%25e8%25a6%25bd%25e8%25a1%25a8%2F HTTP/1.1" 200 3417 "-" "Mozilla/5.0 AppleWebKit/537.36 (KHTML, like Gecko; compatible; ClaudeBot/1.0; +claudebot@anthropic.com)"
2001:288:a201::66:125 - - [22/Aug/2026:05:11:58 +0800] "GET /blog/active.php HTTP/1.1" 404 1084 "-" "-"
2001:288:a201::66:125 - - [22/Aug/2026:05:11:58 +0800] "GET /blog/active.php HTTP/1.1" 301 1026 "-" "-"
140.111.67.10 - - [22/Aug/2026:05:11:58 +0800] "GET /" 301 273 "-" "-"
216.73.216.20 - - [22/Aug/2026:05:11:58 +0800] "GET /4925/2015/09/29/%e5%9b%9b%e5%b9%b4%e7%b4%9a%e7%9a%84%e4%b8%bb%e9%a1%8c%e6%b4%bb%e5%8b%95%e6%97%a5/ HTTP/1.1" 200 12667 "-" "Mozilla/5.0 AppleWebKit/537.36 (KHTML, like Gecko; compatible; ClaudeBot/1.0; +claudebot@anthropic.com)"
2409:8c28:c05:16::139 - - [22/Aug/2026:05:11:58 +0800] "GET /wp-content/themes/oceanwp/assets/js/ow-lightbox.min.js HTTP/1.1" 200 2321 "https://www.cwjh.ilc.edu.tw/2015/10/15/" "Mozilla/5.0 (Windows NT 10.0; Win64; x64) AppleWebKit/537.36 (KHTML, like Gecko) Chrome/144.0.0.0 Safari/537.36"
2409:8c28:c05:16::139 - - [22/Aug/2026:05:11:58 +0800] "GET /wp-content/themes/oceanwp/assets/js/vendors/flickity.pkgd.min.js HTTP/1.1" 200 15048 "https://www.cwjh.ilc.edu.tw/2015/10/15/" "Mozilla/5.0 (Windows NT 10.0; Win64; x64) AppleWebKit/537.36 (KHTML, like Gecko) Chrome/144.0.0.0 Safari/537.36"
2409:8c28:c05:16::139 - - [22/Aug/2026:05:11:58 +0800] "GET /wp-content/themes/oceanwp/assets/js/ow-slider.min.js HTTP/1.1" 200 1761 "https://www.cwjh.ilc.edu.tw/2015/10/15/" "Mozilla/5.0 (Windows NT 10.0; Win64; x64) AppleWebKit/537.36 (KHTML, like Gecko) Chrome/144.0.0.0 Safari/537.36"
216.73.216.20 - - [22/Aug/2026:05:11:58 +0800] "GET /4925/2014/02/20/%e6%af%8d%e8%aa%9e%e6%95%99%e5%ad%b8%e6%83%85%e5%a2%83%e5%b8%83%e7%bd%ae/ HTTP/1.1" 200 12586 "-" "Mozilla/5.0 AppleWebKit/537.36 (KHTML, like Gecko; compatible; ClaudeBot/1.0; +claudebot@anthropic.com)"
2409:8c28:c05:16::139 - - [22/Aug/2026:05:11:58 +0800] "GET /wp-content/themes/oceanwp/assets/js/scroll-effect.min.js HTTP/1.1" 200 4127 "https://www.cwjh.ilc.edu.tw/2015/10/15/" "Mozilla/5.0 (Windows NT 10.0; Win64; x64) AppleWebKit/537.36 (KHTML, like Gecko) Chrome/144.0.0.0 Safari/537.36"
2409:8a44:2460:a063:e4f1:607a:6c9a:d27 - - [22/Aug/2026:05:11:58 +0800] "GET /wp-content/cache/www.najh.ilc.edu.tw/wpfc-minified/k0kc5650/6wh9.js HTTP/1.1" 200 35558 "https://www.najh.ilc.edu.tw/2023/page/2/" "Mozilla/5.0 (Windows NT 10.0; Win64; x64) AppleWebKit/537.36 (KHTML, like Gecko) Chrome/144.0.0.0 Safari/537.36"
216.73.216.20 - - [22/Aug/2026:05:11:58 +0800] "GET /19761/2024/03/05/%e5%88%86%e6%a0%a1%e7%a5%96%e5%ad%ab%e5%85%b1%e5%ad%b8/ HTTP/1.1" 200 9693 "-" "Mozilla/5.0 AppleWebKit/537.36 (KHTML, like Gecko; compatible; ClaudeBot/1.0; +claudebot@anthropic.com)"
2409:8c28:c05:16::139 - - [22/Aug/2026:05:11:58 +0800] "GET /wp-content/themes/oceanwp/assets/js/select.min.js HTTP/1.1" 200 7211 "https://www.cwjh.ilc.edu.tw/2015/10/15/" "Mozilla/5.0 (Windows NT 10.0; Win64; x64) AppleWebKit/537.36 (KHTML, like Gecko) Chrome/144.0.0.0 Safari/537.36"
2409:8c28:c05:16::139 - - [22/Aug/2026:05:11:58 +0800] "GET /wp-content/themes/oceanwp/assets/js/scroll-top.min.js HTTP/1.1" 200 8005 "https://www.cwjh.ilc.edu.tw/2015/10/15/" "Mozilla/5.0 (Windows NT 10.0; Win64; x64) AppleWebKit/537.36 (KHTML, like Gecko) Chrome/144.0.0.0 Safari/537.36"
