2408:8719:64:204:11:: - - [22/Aug/2026:05:10:50 +0800] "GET /wp-content/cache/www.yleec.ilc.edu.tw/wpfc-minified/q03cgtr/84zg.css HTTP/1.1" 200 2333 "https://www.yleec.ilc.edu.tw/tag/%e5%8f%b0%e7%81%a3%e7%a7%91%e5%ad%b8%e7%af%80/" "Mozilla/5.0 (Windows NT 10.0; Win64; x64) AppleWebKit/537.36 (KHTML, like Gecko) Chrome/144.0.0.0 Safari/537.36"
216.73.216.20 - - [22/Aug/2026:05:10:50 +0800] "GET /5882/2018/06/15/28-107-04-20%e8%81%96%e6%af%8d%e8%ad%b7%e6%a0%a1%e5%8f%8d%e6%af%92%e8%a9%b1%e5%8a%87%e6%95%99%e5%ad%b8%e6%88%90%e6%9e%9c/ HTTP/1.1" 200 9419 "https://2blog.ilc.edu.tw/5882/?p=6734" "Mozilla/5.0 AppleWebKit/537.36 (KHTML, like Gecko; compatible; ClaudeBot/1.0; +claudebot@anthropic.com)"
216.73.216.20 - - [22/Aug/2026:05:10:50 +0800] "GET /chjhinfo/?p=1 HTTP/1.1" 301 1116 "-" "Mozilla/5.0 AppleWebKit/537.36 (KHTML, like Gecko; compatible; ClaudeBot/1.0; +claudebot@anthropic.com)"
216.73.216.20 - - [22/Aug/2026:05:10:50 +0800] "GET /5882/?p=6523 HTTP/1.1" 301 843 "-" "Mozilla/5.0 AppleWebKit/537.36 (KHTML, like Gecko; compatible; ClaudeBot/1.0; +claudebot@anthropic.com)"
216.73.216.20 - - [22/Aug/2026:05:10:50 +0800] "GET /5882/2018/06/15/13-107-4-27%e8%b3%b4%e6%ac%a3%e6%85%a7%e8%80%81%e5%b8%ab%e8%ac%9b%e5%ba%a7%e3%80%8c%e6%80%a7%e4%b8%8d%e6%80%a7%e7%94%b1%e4%bd%a0%e3%80%8d/ HTTP/1.1" 200 9279 "https://2blog.ilc.edu.tw/5882/?p=6749" "Mozilla/5.0 AppleWebKit/537.36 (KHTML, like Gecko; compatible; ClaudeBot/1.0; +claudebot@anthropic.com)"
216.73.216.20 - - [22/Aug/2026:05:10:50 +0800] "GET /5882/?p=6554 HTTP/1.1" 301 1249 "-" "Mozilla/5.0 AppleWebKit/537.36 (KHTML, like Gecko; compatible; ClaudeBot/1.0; +claudebot@anthropic.com)"
216.73.216.20 - - [22/Aug/2026:05:10:50 +0800] "GET /chjhinfo/2019/12/24/hello-world/ HTTP/1.1" 200 6364 "https://2blog.ilc.edu.tw/chjhinfo/?p=1" "Mozilla/5.0 AppleWebKit/537.36 (KHTML, like Gecko; compatible; ClaudeBot/1.0; +claudebot@anthropic.com)"
216.73.216.20 - - [22/Aug/2026:05:10:50 +0800] "GET /5882/2013/05/01/%e6%80%a7%e6%95%99%e8%82%b2%e8%aa%8d%e7%9f%a5%e5%89%8d%e6%b8%ac%e5%88%86%e6%9e%90/ HTTP/1.1" 200 9577 "https://2blog.ilc.edu.tw/5882/?p=6523" "Mozilla/5.0 AppleWebKit/537.36 (KHTML, like Gecko; compatible; ClaudeBot/1.0; +claudebot@anthropic.com)"
192.249.114.45 - - [22/Aug/2026:05:10:50 +0800] "GET /wp-includes/css/buttons.min.css HTTP/1.1" 200 7122 "https://2blog.ilc.edu.tw/wp-login.php" "Mozilla/5.0 (Windows NT 10.0; Win64; x64) AppleWebKit/537.36 (KHTML, like Gecko) Chrome/149.0.0.0 Safari/537.36"
216.73.216.20 - - [22/Aug/2026:05:10:50 +0800] "GET /5882/?p=6570 HTTP/1.1" 301 1239 "-" "Mozilla/5.0 AppleWebKit/537.36 (KHTML, like Gecko; compatible; ClaudeBot/1.0; +claudebot@anthropic.com)"
216.73.216.20 - - [22/Aug/2026:05:10:50 +0800] "GET /34699/author/lina/page/8/ HTTP/1.1" 200 28389 "-" "Mozilla/5.0 AppleWebKit/537.36 (KHTML, like Gecko; compatible; ClaudeBot/1.0; +claudebot@anthropic.com)"
216.73.216.20 - - [22/Aug/2026:05:10:50 +0800] "GET /5882/2013/10/25/102%e5%b9%b4-%e6%a8%99%e6%ba%96%e5%9b%9b%e3%80%81%e5%81%a5%e5%ba%b7%e7%94%9f%e6%b4%bb%e6%8a%80%e8%83%bd%e6%95%99%e5%ad%b8%e8%88%87%e8%a1%8c%e5%8b%95/ HTTP/1.1" 200 11184 "https://2blog.ilc.edu.tw/5882/?p=6554" "Mozilla/5.0 AppleWebKit/537.36 (KHTML, like Gecko; compatible; ClaudeBot/1.0; +claudebot@anthropic.com)"
216.73.216.20 - - [22/Aug/2026:05:10:50 +0800] "GET /5882/?p=6360 HTTP/1.1" 301 848 "-" "Mozilla/5.0 AppleWebKit/537.36 (KHTML, like Gecko; compatible; ClaudeBot/1.0; +claudebot@anthropic.com)"
216.73.216.20 - - [22/Aug/2026:05:10:50 +0800] "GET /5882/?p=6458 HTTP/1.1" 301 1194 "-" "Mozilla/5.0 AppleWebKit/537.36 (KHTML, like Gecko; compatible; ClaudeBot/1.0; +claudebot@anthropic.com)"
216.73.216.20 - - [22/Aug/2026:05:10:50 +0800] "GET /5882/2014/03/14/102%e5%ad%b8%e5%b9%b4%e5%ba%a6%e4%b8%8a%e4%b8%8b%e5%ad%b8%e6%9c%9f%e4%b9%8b%e6%95%99%e5%ae%a4%e7%85%a7%e5%ba%a6%e6%aa%a2%e6%9f%a5%e8%a1%a8/ HTTP/1.1" 200 9567 "https://2blog.ilc.edu.tw/5882/?p=6570" "Mozilla/5.0 AppleWebKit/537.36 (KHTML, like Gecko; compatible; ClaudeBot/1.0; +claudebot@anthropic.com)"
216.73.216.20 - - [22/Aug/2026:05:10:50 +0800] "GET /5882/?p=6748 HTTP/1.1" 301 873 "-" "Mozilla/5.0 AppleWebKit/537.36 (KHTML, like Gecko; compatible; ClaudeBot/1.0; +claudebot@anthropic.com)"
216.73.216.20 - - [22/Aug/2026:05:10:51 +0800] "GET /5882/2012/05/16/1-2-1%e8%85%b8%e7%97%85%e6%af%92%e9%98%b2%e6%b2%bb%e6%a0%a1%e5%ae%89%e6%9c%83%e8%ad%b0/ HTTP/1.1" 200 9086 "https://2blog.ilc.edu.tw/5882/?p=6360" "Mozilla/5.0 AppleWebKit/537.36 (KHTML, like Gecko; compatible; ClaudeBot/1.0; +claudebot@anthropic.com)"
2408:8719:64:204:11:: - - [22/Aug/2026:05:10:51 +0800] "GET /wp-includes/js/masonry.min.js HTTP/1.1" 200 8306 "https://www.yleec.ilc.edu.tw/tag/%e5%8f%b0%e7%81%a3%e7%a7%91%e5%ad%b8%e7%af%80/" "Mozilla/5.0 (Windows NT 10.0; Win64; x64) AppleWebKit/537.36 (KHTML, like Gecko) Chrome/144.0.0.0 Safari/537.36"
216.73.216.20 - - [22/Aug/2026:05:10:50 +0800] "GET /5882/?p=6746 HTTP/1.1" 301 855 "-" "Mozilla/5.0 AppleWebKit/537.36 (KHTML, like Gecko; compatible; ClaudeBot/1.0; +claudebot@anthropic.com)"
216.73.216.20 - - [22/Aug/2026:05:10:51 +0800] "GET /5882/2013/02/26/101%e5%b9%b4%e7%92%b0%e5%a2%83%e6%b8%85%e6%bd%94%e8%88%87%e7%b6%a0%e5%8c%96%e5%af%a6%e6%96%bd/ HTTP/1.1" 200 9927 "https://2blog.ilc.edu.tw/5882/?p=6458" "Mozilla/5.0 AppleWebKit/537.36 (KHTML, like Gecko; compatible; ClaudeBot/1.0; +claudebot@anthropic.com)"
192.249.114.45 - - [22/Aug/2026:05:10:51 +0800] "GET /wp-admin/css/forms.min.css HTTP/1.1" 200 12376 "https://2blog.ilc.edu.tw/wp-login.php" "Mozilla/5.0 (Windows NT 10.0; Win64; x64) AppleWebKit/537.36 (KHTML, like Gecko) Chrome/149.0.0.0 Safari/537.36"
216.73.216.20 - - [22/Aug/2026:05:10:51 +0800] "GET /6569/2015/11/05/page/1/ HTTP/1.1" 301 1126 "-" "Mozilla/5.0 AppleWebKit/537.36 (KHTML, like Gecko; compatible; ClaudeBot/1.0; +claudebot@anthropic.com)"
216.73.216.20 - - [22/Aug/2026:05:10:51 +0800] "GET /5882/2018/06/15/15-%e9%bc%93%e5%8b%b5%e5%ad%b8%e7%94%9f%e5%8f%83%e5%8a%a0%e5%a4%9a%e5%85%83%e9%ab%94%e8%82%b2%e6%b4%bb%e5%8b%95/ HTTP/1.1" 200 9284 "https://2blog.ilc.edu.tw/5882/?p=6748" "Mozilla/5.0 AppleWebKit/537.36 (KHTML, like Gecko; compatible; ClaudeBot/1.0; +claudebot@anthropic.com)"
216.73.216.20 - - [22/Aug/2026:05:10:51 +0800] "GET /5882/?p=6593 HTTP/1.1" 301 916 "-" "Mozilla/5.0 AppleWebKit/537.36 (KHTML, like Gecko; compatible; ClaudeBot/1.0; +claudebot@anthropic.com)"
184.56.64.131 - - [22/Aug/2026:05:10:47 +0800] "GET /wp-content/uploads/sites/1962/4719/4719-3248700.doc HTTP/1.1" 200 426512 "-" "Mozilla/5.0 (Macintosh; Intel Mac OS X 10_15_7) AppleWebKit/537.36 (KHTML, like Gecko) Chrome/148.0.0.0 Safari/537.36"
216.73.216.20 - - [22/Aug/2026:05:10:51 +0800] "GET /5882/2018/06/15/16-%e8%88%89%e8%be%a6%e5%90%84%e9%a0%85%e7%8f%ad%e9%9a%9b%e9%ab%94%e8%82%b2%e7%ab%b6%e8%b3%bd/ HTTP/1.1" 200 9244 "https://2blog.ilc.edu.tw/5882/?p=6746" "Mozilla/5.0 AppleWebKit/537.36 (KHTML, like Gecko; compatible; ClaudeBot/1.0; +claudebot@anthropic.com)"
216.73.216.20 - - [22/Aug/2026:05:10:51 +0800] "GET /5882/?p=6508 HTTP/1.1" 301 960 "-" "Mozilla/5.0 AppleWebKit/537.36 (KHTML, like Gecko; compatible; ClaudeBot/1.0; +claudebot@anthropic.com)"
216.73.216.20 - - [22/Aug/2026:05:10:51 +0800] "GET /5882/?p=6370 HTTP/1.1" 301 902 "-" "Mozilla/5.0 AppleWebKit/537.36 (KHTML, like Gecko; compatible; ClaudeBot/1.0; +claudebot@anthropic.com)"
216.73.216.20 - - [22/Aug/2026:05:10:51 +0800] "GET /6569/2015/11/05/ HTTP/1.1" 200 10519 "https://2blog.ilc.edu.tw/6569/2015/11/05/page/1/" "Mozilla/5.0 AppleWebKit/537.36 (KHTML, like Gecko; compatible; ClaudeBot/1.0; +claudebot@anthropic.com)"
216.73.216.20 - - [22/Aug/2026:05:10:51 +0800] "GET /5882/2014/04/15/%e5%9b%9b%e5%b9%b4%e7%b4%9a-%e5%81%a5%e5%ba%b7%e6%95%99%e8%82%b2%e6%8e%88%e8%aa%b2%e6%95%99%e5%ad%b8%e6%aa%94%e6%a1%88%e6%80%a1%e7%80%85%e8%80%81%e5%b8%ab/ HTTP/1.1" 200 9167 "https://2blog.ilc.edu.tw/5882/?p=6593" "Mozilla/5.0 AppleWebKit/537.36 (KHTML, like Gecko; compatible; ClaudeBot/1.0; +claudebot@anthropic.com)"
216.73.216.20 - - [22/Aug/2026:05:10:51 +0800] "GET /5882/?p=6553 HTTP/1.1" 301 847 "-" "Mozilla/5.0 AppleWebKit/537.36 (KHTML, like Gecko; compatible; ClaudeBot/1.0; +claudebot@anthropic.com)"
216.73.216.20 - - [22/Aug/2026:05:10:51 +0800] "GET /5882/2013/04/24/%e9%9d%92%e5%b0%91%e5%b9%b4%e5%9c%b0%e6%96%b9%e5%9c%98%e9%ab%94%e3%80%81%e8%a1%9b%e7%94%9f%e7%b5%84%e7%b9%94%ef%bc%8c%e5%8d%94%e5%8a%a9%e5%8f%83%e8%88%87%e5%ad%b8%e6%a0%a1%e4%b9%8b%e6%b4%bb%e5%8b%95/ HTTP/1.1" 200 9350 "https://2blog.ilc.edu.tw/5882/?p=6508" "Mozilla/5.0 AppleWebKit/537.36 (KHTML, like Gecko; compatible; ClaudeBot/1.0; +claudebot@anthropic.com)"
216.73.216.20 - - [22/Aug/2026:05:10:51 +0800] "GET /5882/?p=6747 HTTP/1.1" 301 828 "-" "Mozilla/5.0 AppleWebKit/537.36 (KHTML, like Gecko; compatible; ClaudeBot/1.0; +claudebot@anthropic.com)"
54.163.136.244 - - [22/Aug/2026:05:10:51 +0800] "GET /6509/wp-json/wp/v2/posts/%22https:/2blog.ilc.edu.tw/wp-content/uploads/sites/2738/6509/6509-2746560.jpg/%22 HTTP/1.1" 404 6131 "-" "Mozilla/5.0 AppleWebKit/537.36 (KHTML, like Gecko; compatible; Amazonbot/0.1; +https://developer.amazon.com/support/amazonbot) Chrome/119.0.6045.214 Safari/537.36"
192.249.114.45 - - [22/Aug/2026:05:10:51 +0800] "GET /wp-admin/css/l10n.min.css HTTP/1.1" 200 6418 "https://2blog.ilc.edu.tw/wp-login.php" "Mozilla/5.0 (Windows NT 10.0; Win64; x64) AppleWebKit/537.36 (KHTML, like Gecko) Chrome/149.0.0.0 Safari/537.36"
216.73.216.20 - - [22/Aug/2026:05:10:51 +0800] "GET /5882/2012/05/16/2-1-1%e6%a0%a1%e4%be%bf%e5%99%a8%e5%8f%8a%e6%b4%97%e6%89%8b%e8%a8%ad%e5%82%99%e7%ac%a6%e5%90%88%e9%83%a8%e9%a0%92%e6%a8%99%e6%ba%96%e3%80%82/ HTTP/1.1" 200 9215 "https://2blog.ilc.edu.tw/5882/?p=6370" "Mozilla/5.0 AppleWebKit/537.36 (KHTML, like Gecko; compatible; ClaudeBot/1.0; +claudebot@anthropic.com)"
216.73.216.20 - - [22/Aug/2026:05:10:51 +0800] "GET /5798/category/c-85331/page/15/ HTTP/1.1" 200 17288 "-" "Mozilla/5.0 AppleWebKit/537.36 (KHTML, like Gecko; compatible; ClaudeBot/1.0; +claudebot@anthropic.com)"
216.73.216.20 - - [22/Aug/2026:05:10:51 +0800] "GET /5882/2013/10/25/102%e5%b9%b4-%e6%a8%99%e6%ba%96%e5%85%ad%e3%80%81%e5%81%a5%e5%ba%b7%e6%9c%8d%e5%8b%99/ HTTP/1.1" 200 11472 "https://2blog.ilc.edu.tw/5882/?p=6553" "Mozilla/5.0 AppleWebKit/537.36 (KHTML, like Gecko; compatible; ClaudeBot/1.0; +claudebot@anthropic.com)"
216.73.216.20 - - [22/Aug/2026:05:10:51 +0800] "GET /5882/2018/06/15/14-107-05-25%e6%b0%b4%e5%9f%9f%e5%ae%89%e5%85%a8%e5%ae%a3%e5%b0%8e/ HTTP/1.1" 200 9203 "https://2blog.ilc.edu.tw/5882/?p=6747" "Mozilla/5.0 AppleWebKit/537.36 (KHTML, like Gecko; compatible; ClaudeBot/1.0; +claudebot@anthropic.com)"
216.73.216.20 - - [22/Aug/2026:05:10:51 +0800] "GET /5882/?p=6498 HTTP/1.1" 301 852 "-" "Mozilla/5.0 AppleWebKit/537.36 (KHTML, like Gecko; compatible; ClaudeBot/1.0; +claudebot@anthropic.com)"
216.73.216.20 - - [22/Aug/2026:05:10:51 +0800] "GET /5882/?p=6750 HTTP/1.1" 301 864 "-" "Mozilla/5.0 AppleWebKit/537.36 (KHTML, like Gecko; compatible; ClaudeBot/1.0; +claudebot@anthropic.com)"
216.73.216.20 - - [22/Aug/2026:05:10:51 +0800] "GET /5882/?p=6568 HTTP/1.1" 301 954 "-" "Mozilla/5.0 AppleWebKit/537.36 (KHTML, like Gecko; compatible; ClaudeBot/1.0; +claudebot@anthropic.com)"
216.73.216.20 - - [22/Aug/2026:05:10:51 +0800] "GET /5882/?p=6482 HTTP/1.1" 301 879 "-" "Mozilla/5.0 AppleWebKit/537.36 (KHTML, like Gecko; compatible; ClaudeBot/1.0; +claudebot@anthropic.com)"
192.249.114.45 - - [22/Aug/2026:05:10:52 +0800] "GET /wp-admin/css/login.min.css HTTP/1.1" 200 7841 "https://2blog.ilc.edu.tw/wp-login.php" "Mozilla/5.0 (Windows NT 10.0; Win64; x64) AppleWebKit/537.36 (KHTML, like Gecko) Chrome/149.0.0.0 Safari/537.36"
216.73.216.20 - - [22/Aug/2026:05:10:52 +0800] "GET /5882/2013/04/17/%e6%a0%a1%e5%b7%a5%e5%b7%a1%e8%a6%96%e6%a0%a1%e5%9c%92%e5%ae%89%e5%85%a8%e7%b4%80%e9%8c%84/ HTTP/1.1" 200 9617 "https://2blog.ilc.edu.tw/5882/?p=6498" "Mozilla/5.0 AppleWebKit/537.36 (KHTML, like Gecko; compatible; ClaudeBot/1.0; +claudebot@anthropic.com)"
216.73.216.20 - - [22/Aug/2026:05:10:52 +0800] "GET /5882/2018/06/15/11-%e3%80%8c%e5%8f%8b%e5%96%84%e6%a0%a1%e5%9c%92%e9%80%b1%e3%80%8d%e6%b4%bb%e5%8b%95%e6%88%90%e6%9e%9c/ HTTP/1.1" 200 9254 "https://2blog.ilc.edu.tw/5882/?p=6750" "Mozilla/5.0 AppleWebKit/537.36 (KHTML, like Gecko; compatible; ClaudeBot/1.0; +claudebot@anthropic.com)"
216.73.216.20 - - [22/Aug/2026:05:10:52 +0800] "GET /5882/?p=6590 HTTP/1.1" 301 925 "-" "Mozilla/5.0 AppleWebKit/537.36 (KHTML, like Gecko; compatible; ClaudeBot/1.0; +claudebot@anthropic.com)"
216.73.216.20 - - [22/Aug/2026:05:10:52 +0800] "GET /5882/2014/03/14/%e5%87%b1%e6%97%8b%e5%9c%8b%e5%b0%8f%e6%9a%a8%e9%99%84%e8%a8%ad%e5%b9%bc%e5%85%92%e5%9c%92102%e5%ad%b8%e5%b9%b4%e5%ba%a6%e5%9c%8b%e5%ae%b6%e9%98%b2%e7%81%bd%e6%97%a5%e5%9c%b0%e9%9c%87%e9%81%bf/ HTTP/1.1" 200 10429 "https://2blog.ilc.edu.tw/5882/?p=6568" "Mozilla/5.0 AppleWebKit/537.36 (KHTML, like Gecko; compatible; ClaudeBot/1.0; +claudebot@anthropic.com)"
216.73.216.20 - - [22/Aug/2026:05:10:52 +0800] "GET /5882/?p=6358 HTTP/1.1" 301 862 "-" "Mozilla/5.0 AppleWebKit/537.36 (KHTML, like Gecko; compatible; ClaudeBot/1.0; +claudebot@anthropic.com)"
216.73.216.20 - - [22/Aug/2026:05:10:52 +0800] "GET /5882/2013/03/27/%e5%ad%b8%e6%a0%a1%e6%8f%90%e4%be%9b%e5%a4%9a%e5%85%83%e6%96%87%e5%8c%96%e4%b9%8b%e8%be%a6%e7%90%86%e8%a8%88%e7%95%ab/ HTTP/1.1" 200 9255 "https://2blog.ilc.edu.tw/5882/?p=6482" "Mozilla/5.0 AppleWebKit/537.36 (KHTML, like Gecko; compatible; ClaudeBot/1.0; +claudebot@anthropic.com)"
216.73.216.20 - - [22/Aug/2026:05:10:52 +0800] "GET /5882/?p=6598 HTTP/1.1" 301 852 "-" "Mozilla/5.0 AppleWebKit/537.36 (KHTML, like Gecko; compatible; ClaudeBot/1.0; +claudebot@anthropic.com)"
216.73.216.20 - - [22/Aug/2026:05:10:52 +0800] "GET /5882/?p=6624 HTTP/1.1" 301 924 "-" "Mozilla/5.0 AppleWebKit/537.36 (KHTML, like Gecko; compatible; ClaudeBot/1.0; +claudebot@anthropic.com)"
216.73.216.20 - - [22/Aug/2026:05:10:52 +0800] "GET /5882/2014/04/10/%e4%ba%94%e5%b9%b4%e7%b4%9a-%e5%81%a5%e5%ba%b7%e6%95%99%e8%82%b2%e6%8e%88%e8%aa%b2%e6%95%99%e5%ad%b8%e6%aa%94%e6%a1%88%e6%9d%8e%e4%bf%a1%e5%be%b7%e8%80%81%e5%b8%ab/ HTTP/1.1" 200 9250 "https://2blog.ilc.edu.tw/5882/?p=6590" "Mozilla/5.0 AppleWebKit/537.36 (KHTML, like Gecko; compatible; ClaudeBot/1.0; +claudebot@anthropic.com)"
216.73.216.20 - - [22/Aug/2026:05:10:52 +0800] "GET /5882/2012/05/09/%e8%a1%a8%e3%80%90%e4%b8%83%e3%80%91-%e3%80%90%e7%89%b9%e8%89%b2%e8%88%87%e5%85%b6%e4%bb%96%e3%80%91/ HTTP/1.1" 200 9105 "https://2blog.ilc.edu.tw/5882/?p=6358" "Mozilla/5.0 AppleWebKit/537.36 (KHTML, like Gecko; compatible; ClaudeBot/1.0; +claudebot@anthropic.com)"
52.201.155.215 - - [22/Aug/2026:05:10:51 +0800] "GET /1003/wp-content/uploads/sites/233/2020/08/IMG_1167-1536x2048.jpg HTTP/1.1" 200 424069 "-" "Mozilla/5.0 AppleWebKit/537.36 (KHTML, like Gecko; compatible; Amazonbot/0.1; +https://developer.amazon.com/support/amazonbot) Chrome/119.0.6045.214 Safari/537.36"
216.73.216.20 - - [22/Aug/2026:05:10:52 +0800] "GET /5882/2014/04/17/%e4%b8%89%e5%bf%a0%e5%81%a5%e5%ba%b7%e4%bf%83%e9%80%b2%e6%95%99%e5%ad%b8%e6%aa%94%e6%a1%88/ HTTP/1.1" 200 9146 "https://2blog.ilc.edu.tw/5882/?p=6598" "Mozilla/5.0 AppleWebKit/537.36 (KHTML, like Gecko; compatible; ClaudeBot/1.0; +claudebot@anthropic.com)"
216.73.216.20 - - [22/Aug/2026:05:10:52 +0800] "GET /6439/category/c-21481/page/4/ HTTP/1.1" 200 26132 "-" "Mozilla/5.0 AppleWebKit/537.36 (KHTML, like Gecko; compatible; ClaudeBot/1.0; +claudebot@anthropic.com)"
192.249.114.45 - - [22/Aug/2026:05:10:52 +0800] "GET /wp-content/plugins/simple-login-captcha/styles/login.css HTTP/1.1" 200 5928 "https://2blog.ilc.edu.tw/wp-login.php" "Mozilla/5.0 (Windows NT 10.0; Win64; x64) AppleWebKit/537.36 (KHTML, like Gecko) Chrome/149.0.0.0 Safari/537.36"
216.73.216.20 - - [22/Aug/2026:05:10:52 +0800] "GET /5882/2014/05/07/%e5%ae%b6%e6%89%b6%e4%b8%ad%e5%bf%83%e5%8f%8a%e8%a1%9b%e7%94%9f%e6%89%80%e4%be%86%e6%a0%a1%e5%ae%a3%e5%b0%8e%e5%81%a5%e5%ba%b7%e7%9b%b8%e9%97%9c%e8%ad%b0%e9%a1%8c/ HTTP/1.1" 200 9612 "https://2blog.ilc.edu.tw/5882/?p=6624" "Mozilla/5.0 AppleWebKit/537.36 (KHTML, like Gecko; compatible; ClaudeBot/1.0; +claudebot@anthropic.com)"
216.73.216.20 - - [22/Aug/2026:05:10:52 +0800] "GET /5882/?p=6446 HTTP/1.1" 301 874 "-" "Mozilla/5.0 AppleWebKit/537.36 (KHTML, like Gecko; compatible; ClaudeBot/1.0; +claudebot@anthropic.com)"
3.229.2.217 - - [22/Aug/2026:05:10:52 +0800] "GET /wp-content/uploads/sites/1871/3565/previews/3565-2539464.gif HTTP/1.1" 200 1369 "-" "Mozilla/5.0 AppleWebKit/537.36 (KHTML, like Gecko; compatible; Amazonbot/0.1; +https://developer.amazon.com/support/amazonbot) Chrome/119.0.6045.214 Safari/537.36"
216.73.216.20 - - [22/Aug/2026:05:10:52 +0800] "GET /34700/author/lina/page/4/ HTTP/1.1" 200 29339 "-" "Mozilla/5.0 AppleWebKit/537.36 (KHTML, like Gecko; compatible; ClaudeBot/1.0; +claudebot@anthropic.com)"
216.73.216.20 - - [22/Aug/2026:05:10:52 +0800] "GET /34700/author/lina/page/3/ HTTP/1.1" 200 30530 "-" "Mozilla/5.0 AppleWebKit/537.36 (KHTML, like Gecko; compatible; ClaudeBot/1.0; +claudebot@anthropic.com)"
216.73.216.20 - - [22/Aug/2026:05:10:52 +0800] "GET /5882/category/c-70274/feed/ HTTP/1.1" 200 11884 "-" "Mozilla/5.0 AppleWebKit/537.36 (KHTML, like Gecko; compatible; ClaudeBot/1.0; +claudebot@anthropic.com)"
216.73.216.20 - - [22/Aug/2026:05:10:52 +0800] "GET /5882/2012/12/21/101%e5%b9%b4-%e6%80%a7%e6%95%99%e8%82%b2%e8%ac%9b%e5%ba%a7%e9%9d%92%e6%98%a5%e6%9c%9f%e7%9a%84%e8%ae%8a%e5%8c%96/ HTTP/1.1" 200 11479 "https://2blog.ilc.edu.tw/5882/?p=6446" "Mozilla/5.0 AppleWebKit/537.36 (KHTML, like Gecko; compatible; ClaudeBot/1.0; +claudebot@anthropic.com)"
216.73.216.20 - - [22/Aug/2026:05:10:52 +0800] "GET /5882/?p=6477 HTTP/1.1" 301 865 "-" "Mozilla/5.0 AppleWebKit/537.36 (KHTML, like Gecko; compatible; ClaudeBot/1.0; +claudebot@anthropic.com)"
192.249.114.45 - - [22/Aug/2026:05:10:53 +0800] "GET /wp-content/plugins/limit-login-attempts-reloaded/assets/css/login-page-styles.css HTTP/1.1" 200 5904 "https://2blog.ilc.edu.tw/wp-login.php" "Mozilla/5.0 (Windows NT 10.0; Win64; x64) AppleWebKit/537.36 (KHTML, like Gecko) Chrome/149.0.0.0 Safari/537.36"
216.73.216.20 - - [22/Aug/2026:05:10:53 +0800] "GET /5882/?p=6468 HTTP/1.1" 301 942 "-" "Mozilla/5.0 AppleWebKit/537.36 (KHTML, like Gecko; compatible; ClaudeBot/1.0; +claudebot@anthropic.com)"
2001:288:a201::66:125 - - [22/Aug/2026:05:10:53 +0800] "GET /blog/active.php HTTP/1.1" 301 1026 "-" "-"
2001:288:a201::66:125 - - [22/Aug/2026:05:10:53 +0800] "GET /blog/active.php HTTP/1.1" 404 1084 "-" "-"
216.73.216.20 - - [22/Aug/2026:05:10:53 +0800] "GET /5882/?p=6534 HTTP/1.1" 301 897 "-" "Mozilla/5.0 AppleWebKit/537.36 (KHTML, like Gecko; compatible; ClaudeBot/1.0; +claudebot@anthropic.com)"
216.73.216.20 - - [22/Aug/2026:05:10:53 +0800] "GET /5882/2013/03/22/101%e5%ad%b8%e5%b9%b4%e5%ba%a6-%e6%a8%99%e6%ba%96%e5%85%ad%e3%80%81%e5%81%a5%e5%ba%b7%e6%9c%8d%e5%8b%99/ HTTP/1.1" 200 11209 "https://2blog.ilc.edu.tw/5882/?p=6477" "Mozilla/5.0 AppleWebKit/537.36 (KHTML, like Gecko; compatible; ClaudeBot/1.0; +claudebot@anthropic.com)"
216.73.216.20 - - [22/Aug/2026:05:10:53 +0800] "GET /5882/?p=6549 HTTP/1.1" 301 865 "-" "Mozilla/5.0 AppleWebKit/537.36 (KHTML, like Gecko; compatible; ClaudeBot/1.0; +claudebot@anthropic.com)"
140.111.67.10 - - [22/Aug/2026:05:10:53 +0800] "GET /" 301 273 "-" "-"
::1 - - [22/Aug/2026:05:10:53 +0800] "OPTIONS * HTTP/1.0" 200 110 "-" "Apache/2.4.68 (Ubuntu) OpenSSL/3.0.19 (internal dummy connection)"
216.73.216.20 - - [22/Aug/2026:05:10:53 +0800] "GET /5882/2013/03/18/%e7%ac%a6%e5%90%88%e6%95%99%e8%82%b2%e9%83%a8%e8%a8%82%e5%ae%9a%e4%b9%8b%e5%90%84%e7%b4%9a%e5%ad%b8%e6%a0%a1%e5%81%a5%e5%ba%b7%e4%b8%ad%e5%bf%83%e8%a8%ad%e6%96%bd%e5%9f%ba%e6%ba%96/ HTTP/1.1" 200 9197 "https://2blog.ilc.edu.tw/5882/?p=6468" "Mozilla/5.0 AppleWebKit/537.36 (KHTML, like Gecko; compatible; ClaudeBot/1.0; +claudebot@anthropic.com)"
216.73.216.20 - - [22/Aug/2026:05:10:53 +0800] "GET /5882/author/catying1017/feed/ HTTP/1.1" 200 2049 "-" "Mozilla/5.0 AppleWebKit/537.36 (KHTML, like Gecko; compatible; ClaudeBot/1.0; +claudebot@anthropic.com)"
216.73.216.20 - - [22/Aug/2026:05:10:53 +0800] "GET /5882/2013/05/09/%e5%85%ac%e9%96%8b%e8%a1%a8%e6%8f%9a%e7%a9%8d%e6%a5%b5%e5%8f%83%e8%88%87%e5%81%a5%e5%ba%b7%e6%b4%bb%e5%8b%95%e4%b9%8b%e4%ba%ba%e5%93%a1/ HTTP/1.1" 200 10093 "https://2blog.ilc.edu.tw/5882/?p=6534" "Mozilla/5.0 AppleWebKit/537.36 (KHTML, like Gecko; compatible; ClaudeBot/1.0; +claudebot@anthropic.com)"
216.73.216.20 - - [22/Aug/2026:05:10:53 +0800] "GET /5882/2013/10/25/102%e5%b9%b4-%e6%a8%99%e6%ba%96%e3%84%a7%e3%80%81%e5%ad%b8%e6%a0%a1%e8%a1%9b%e7%94%9f%e6%94%bf%e7%ad%96/ HTTP/1.1" 200 10959 "https://2blog.ilc.edu.tw/5882/?p=6549" "Mozilla/5.0 AppleWebKit/537.36 (KHTML, like Gecko; compatible; ClaudeBot/1.0; +claudebot@anthropic.com)"
216.73.216.20 - - [22/Aug/2026:05:10:53 +0800] "GET /5882/?p=6464 HTTP/1.1" 301 951 "-" "Mozilla/5.0 AppleWebKit/537.36 (KHTML, like Gecko; compatible; ClaudeBot/1.0; +claudebot@anthropic.com)"
216.73.216.20 - - [22/Aug/2026:05:10:53 +0800] "GET /6439/category/c-21518/page/6/ HTTP/1.1" 200 29317 "-" "Mozilla/5.0 AppleWebKit/537.36 (KHTML, like Gecko; compatible; ClaudeBot/1.0; +claudebot@anthropic.com)"
216.73.216.20 - - [22/Aug/2026:05:10:53 +0800] "GET /shjes111/?p=125 HTTP/1.1" 301 839 "-" "Mozilla/5.0 AppleWebKit/537.36 (KHTML, like Gecko; compatible; ClaudeBot/1.0; +claudebot@anthropic.com)"
172.245.17.38 - - [22/Aug/2026:05:10:53 +0800] "GET /27149/wp-json/oembed/1.0/embed?url=https%3A%2F%2F2blog.ilc.edu.tw%2F27149%2F2019%2F09%2F05%2F%E8%AA%B2%E9%96%93%E6%B4%BB%E5%8B%95%E6%AD%8C%E6%9B%B2%E6%92%AD%E6%94%BE%2F HTTP/1.1" 200 8489 "-" "Mozilla/5.0 (Windows NT 10.0; Win64; x64; rv:148.0) Gecko/20100101 Firefox/148.0"
216.73.216.20 - - [22/Aug/2026:05:10:53 +0800] "GET /5882/?p=6550 HTTP/1.1" 301 865 "-" "Mozilla/5.0 AppleWebKit/537.36 (KHTML, like Gecko; compatible; ClaudeBot/1.0; +claudebot@anthropic.com)"
216.73.216.20 - - [22/Aug/2026:05:10:53 +0800] "GET /5882/2013/03/15/%e8%ad%b7%e7%90%86%e4%ba%ba%e5%93%a1%e5%b7%ae%e5%81%87%e6%9c%9f%e9%96%93%e8%83%bd%e5%bb%ba%e7%ab%8b%e8%81%b7%e5%8b%99%e4%bb%a3%e7%90%86%e4%ba%ba%e5%88%b6%e5%ba%a6%e6%88%96%e8%be%a6%e6%b3%95/ HTTP/1.1" 200 9824 "https://2blog.ilc.edu.tw/5882/?p=6464" "Mozilla/5.0 AppleWebKit/537.36 (KHTML, like Gecko; compatible; ClaudeBot/1.0; +claudebot@anthropic.com)"
216.73.216.20 - - [22/Aug/2026:05:10:53 +0800] "GET /5882/?p=6733 HTTP/1.1" 301 958 "-" "Mozilla/5.0 AppleWebKit/537.36 (KHTML, like Gecko; compatible; ClaudeBot/1.0; +claudebot@anthropic.com)"
216.73.216.20 - - [22/Aug/2026:05:10:53 +0800] "GET /shjes111/2022/09/26/%e4%ba%8c%e4%b8%8a%e5%9c%8b%e8%aa%9e-%e6%88%91%e6%84%9b%e5%86%ac%e5%a4%a9/ HTTP/1.1" 200 9402 "https://2blog.ilc.edu.tw/shjes111/?p=125" "Mozilla/5.0 AppleWebKit/537.36 (KHTML, like Gecko; compatible; ClaudeBot/1.0; +claudebot@anthropic.com)"
216.73.216.20 - - [22/Aug/2026:05:10:53 +0800] "GET /5882/author/meeny/feed/ HTTP/1.1" 200 2515 "-" "Mozilla/5.0 AppleWebKit/537.36 (KHTML, like Gecko; compatible; ClaudeBot/1.0; +claudebot@anthropic.com)"
2a10:4a00:8337:f7ac:2d1a:40c2:2d14:2471 - - [22/Aug/2026:05:10:53 +0800] "GET /3860/category/c-838/c-13839/ HTTP/1.1" 200 30554 "-" "Mozilla/5.0 (Macintosh; Intel Mac OS X 10.15; rv:144.0) Gecko/20100101 Firefox/144.0"
216.73.216.20 - - [22/Aug/2026:05:10:53 +0800] "GET /5882/2013/10/25/102%e5%b9%b4-%e6%a8%99%e6%ba%96%e4%ba%8c%e3%80%81%e5%ad%b8%e6%a0%a1%e7%89%a9%e8%b3%aa%e7%92%b0%e5%a2%83/ HTTP/1.1" 200 11675 "https://2blog.ilc.edu.tw/5882/?p=6550" "Mozilla/5.0 AppleWebKit/537.36 (KHTML, like Gecko; compatible; ClaudeBot/1.0; +claudebot@anthropic.com)"
216.73.216.20 - - [22/Aug/2026:05:10:53 +0800] "GET /5882/?p=6350 HTTP/1.1" 301 865 "-" "Mozilla/5.0 AppleWebKit/537.36 (KHTML, like Gecko; compatible; ClaudeBot/1.0; +claudebot@anthropic.com)"
52.167.144.174 - - [22/Aug/2026:05:10:53 +0800] "GET /32745/2020/06/26/%E6%94%BE%E4%BA%88%E5%8E%BB/ HTTP/1.1" 200 92665 "-" "Mozilla/5.0 AppleWebKit/537.36 (KHTML, like Gecko; compatible; bingbot/2.0; +http://www.bing.com/bingbot.htm) Chrome/116.0.1938.76 Safari/537.36"
216.73.216.20 - - [22/Aug/2026:05:10:54 +0800] "GET /5882/?p=6355 HTTP/1.1" 301 853 "-" "Mozilla/5.0 AppleWebKit/537.36 (KHTML, like Gecko; compatible; ClaudeBot/1.0; +claudebot@anthropic.com)"
216.73.216.20 - - [22/Aug/2026:05:10:54 +0800] "GET /5882/2018/06/15/%e7%89%b9%e8%89%b2%e5%8a%a0%e5%88%86-106%e5%ad%b8%e5%b9%b4%e5%ba%a6%e5%b9%b4%e5%81%a5%e5%ba%b7-%e4%bf%83%e9%80%b2%e8%a1%8c%e5%8b%95%e7%a0%94%e7%a9%b6-%e5%ad%b8-%e7%ab%a5%e5%b0%8d%e5%81%a5%e5%ba%b7/ HTTP/1.1" 200 9362 "https://2blog.ilc.edu.tw/5882/?p=6733" "Mozilla/5.0 AppleWebKit/537.36 (KHTML, like Gecko; compatible; ClaudeBot/1.0; +claudebot@anthropic.com)"
216.73.216.20 - - [22/Aug/2026:05:10:54 +0800] "GET /5882/?p=6495 HTTP/1.1" 301 816 "-" "Mozilla/5.0 AppleWebKit/537.36 (KHTML, like Gecko; compatible; ClaudeBot/1.0; +claudebot@anthropic.com)"
216.73.216.20 - - [22/Aug/2026:05:10:54 +0800] "GET /5882/2012/05/09/100%e5%ad%b8%e5%b9%b4%e5%ba%a6-%e6%a8%99%e6%ba%96%e5%85%ad%e3%80%81%e5%81%a5%e5%ba%b7%e6%9c%8d%e5%8b%99/ HTTP/1.1" 200 11218 "https://2blog.ilc.edu.tw/5882/?p=6350" "Mozilla/5.0 AppleWebKit/537.36 (KHTML, like Gecko; compatible; ClaudeBot/1.0; +claudebot@anthropic.com)"
216.73.216.20 - - [22/Aug/2026:05:10:54 +0800] "GET /5882/?p=6592 HTTP/1.1" 301 925 "-" "Mozilla/5.0 AppleWebKit/537.36 (KHTML, like Gecko; compatible; ClaudeBot/1.0; +claudebot@anthropic.com)"
216.73.216.20 - - [22/Aug/2026:05:10:54 +0800] "GET /5882/2012/05/09/%e8%a1%a8%e3%80%90%e5%85%ad%e3%80%91-%e3%80%90%e5%81%a5%e5%ba%b7%e6%9c%8d%e5%8b%99%e3%80%91/ HTTP/1.1" 200 9045 "https://2blog.ilc.edu.tw/5882/?p=6355" "Mozilla/5.0 AppleWebKit/537.36 (KHTML, like Gecko; compatible; ClaudeBot/1.0; +claudebot@anthropic.com)"
::1 - - [22/Aug/2026:05:10:54 +0800] "OPTIONS * HTTP/1.0" 200 110 "-" "Apache/2.4.68 (Ubuntu) OpenSSL/3.0.19 (internal dummy connection)"
216.73.216.20 - - [22/Aug/2026:05:10:54 +0800] "GET /5882/?p=6480 HTTP/1.1" 301 816 "-" "Mozilla/5.0 AppleWebKit/537.36 (KHTML, like Gecko; compatible; ClaudeBot/1.0; +claudebot@anthropic.com)"
216.73.216.20 - - [22/Aug/2026:05:10:54 +0800] "GET /5882/?p=6546 HTTP/1.1" 301 834 "-" "Mozilla/5.0 AppleWebKit/537.36 (KHTML, like Gecko; compatible; ClaudeBot/1.0; +claudebot@anthropic.com)"
216.73.216.20 - - [22/Aug/2026:05:10:54 +0800] "GET /5882/2013/04/15/%e5%ad%b8%e6%a0%a1%e8%a1%9b%e7%94%9f%e7%b6%93%e8%b2%bb/ HTTP/1.1" 200 9208 "https://2blog.ilc.edu.tw/5882/?p=6495" "Mozilla/5.0 AppleWebKit/537.36 (KHTML, like Gecko; compatible; ClaudeBot/1.0; +claudebot@anthropic.com)"
216.73.216.20 - - [22/Aug/2026:05:10:54 +0800] "GET /5882/2014/04/15/%e5%85%ad%e5%b9%b4%e7%b4%9a-%e5%81%a5%e5%ba%b7%e6%95%99%e8%82%b2%e6%8e%88%e8%aa%b2%e6%95%99%e5%ad%b8%e6%aa%94%e6%a1%88%e6%9d%8e%e5%85%83%e7%85%8c%e8%80%81%e5%b8%ab/ HTTP/1.1" 200 9184 "https://2blog.ilc.edu.tw/5882/?p=6592" "Mozilla/5.0 AppleWebKit/537.36 (KHTML, like Gecko; compatible; ClaudeBot/1.0; +claudebot@anthropic.com)"
216.73.216.20 - - [22/Aug/2026:05:10:54 +0800] "GET /5882/?p=6536 HTTP/1.1" 301 843 "-" "Mozilla/5.0 AppleWebKit/537.36 (KHTML, like Gecko; compatible; ClaudeBot/1.0; +claudebot@anthropic.com)"
216.73.216.20 - - [22/Aug/2026:05:10:54 +0800] "GET /5882/2013/03/25/%e7%b6%ad%e8%ad%b7%e6%a0%a1%e8%88%8d%e5%ae%89%e5%af%a7/ HTTP/1.1" 200 10249 "https://2blog.ilc.edu.tw/5882/?p=6480" "Mozilla/5.0 AppleWebKit/537.36 (KHTML, like Gecko; compatible; ClaudeBot/1.0; +claudebot@anthropic.com)"
216.73.216.20 - - [22/Aug/2026:05:10:54 +0800] "GET /5882/?p=6435 HTTP/1.1" 301 843 "-" "Mozilla/5.0 AppleWebKit/537.36 (KHTML, like Gecko; compatible; ClaudeBot/1.0; +claudebot@anthropic.com)"
216.73.216.20 - - [22/Aug/2026:05:10:54 +0800] "GET /5882/2013/07/26/%e7%8b%82%e7%8a%ac%e7%97%85%e9%98%b2%e7%96%ab%e7%b8%bd%e5%8b%95%e5%93%a1/ HTTP/1.1" 200 9051 "https://2blog.ilc.edu.tw/5882/?p=6546" "Mozilla/5.0 AppleWebKit/537.36 (KHTML, like Gecko; compatible; ClaudeBot/1.0; +claudebot@anthropic.com)"
216.73.216.20 - - [22/Aug/2026:05:10:54 +0800] "GET /5882/?p=6740 HTTP/1.1" 301 961 "-" "Mozilla/5.0 AppleWebKit/537.36 (KHTML, like Gecko; compatible; ClaudeBot/1.0; +claudebot@anthropic.com)"
216.73.216.20 - - [22/Aug/2026:05:10:54 +0800] "GET /5882/2013/05/09/%e5%bb%81%e6%89%80%e5%8f%8a%e6%b4%97%e6%89%8b%e8%a8%ad%e5%82%99%e7%ae%a1%e7%90%86/ HTTP/1.1" 200 9680 "https://2blog.ilc.edu.tw/5882/?p=6536" "Mozilla/5.0 AppleWebKit/537.36 (KHTML, like Gecko; compatible; ClaudeBot/1.0; +claudebot@anthropic.com)"
216.73.216.20 - - [22/Aug/2026:05:10:54 +0800] "GET /5882/?p=6735 HTTP/1.1" 301 960 "-" "Mozilla/5.0 AppleWebKit/537.36 (KHTML, like Gecko; compatible; ClaudeBot/1.0; +claudebot@anthropic.com)"
2a13:f40:44dd:12af:cd9a:b824:e419:9716 - - [22/Aug/2026:05:10:54 +0800] "GET /3860/category/c-840/c-10889/ HTTP/1.1" 200 20421 "-" "Mozilla/5.0 (Windows NT 10.0; Win64; x64) AppleWebKit/537.36 (KHTML, like Gecko) Chrome/101.0.4951.67 Safari/537.36"
216.73.216.20 - - [22/Aug/2026:05:10:54 +0800] "GET /5882/2012/11/19/%e6%b5%81%e6%84%9f%e7%96%ab%e8%8b%97%e9%9c%80%e7%9f%a5%e6%bc%ab%e7%95%ab%e7%89%88/ HTTP/1.1" 200 9606 "https://2blog.ilc.edu.tw/5882/?p=6435" "Mozilla/5.0 AppleWebKit/537.36 (KHTML, like Gecko; compatible; ClaudeBot/1.0; +claudebot@anthropic.com)"
216.73.216.20 - - [22/Aug/2026:05:10:54 +0800] "GET /5882/category/c-113068/ HTTP/1.1" 200 8561 "-" "Mozilla/5.0 AppleWebKit/537.36 (KHTML, like Gecko; compatible; ClaudeBot/1.0; +claudebot@anthropic.com)"
216.73.216.20 - - [22/Aug/2026:05:10:54 +0800] "GET /5882/2018/06/15/22-1060906%e6%88%90%e6%9e%9c%e6%a0%a1%e5%9c%92%e9%98%b2%e7%81%bd%e6%bc%94%e7%b7%b4%e6%9a%a8%e6%95%99%e5%b8%ab%e7%92%b0%e5%a2%83%e6%95%99%e8%82%b2%e5%a2%9e%e8%83%bd%e7%a0%94%e7%bf%92%e6%88%90%e6%9e%9c/ HTTP/1.1" 200 9318 "https://2blog.ilc.edu.tw/5882/?p=6740" "Mozilla/5.0 AppleWebKit/537.36 (KHTML, like Gecko; compatible; ClaudeBot/1.0; +claudebot@anthropic.com)"
216.73.216.20 - - [22/Aug/2026:05:10:54 +0800] "GET /5882/?p=6433 HTTP/1.1" 301 883 "-" "Mozilla/5.0 AppleWebKit/537.36 (KHTML, like Gecko; compatible; ClaudeBot/1.0; +claudebot@anthropic.com)"
216.73.216.20 - - [22/Aug/2026:05:10:55 +0800] "GET /5882/2018/06/15/27-%e7%ac%ac%e4%b9%9d%e5%b1%86yamaha%e5%bf%ab%e6%a8%82%e8%b8%a2%e7%90%83%e8%b6%a3%e8%b6%b3%e7%90%83%e6%b1%ba%e8%b3%bd%e6%9a%a8%e8%b6%b3%e5%a4%a2%e5%98%89%e5%b9%b4%e8%8f%af%e8%b3%bd%e6%b4%bb%e5%8b%95/ HTTP/1.1" 200 9389 "https://2blog.ilc.edu.tw/5882/?p=6735" "Mozilla/5.0 AppleWebKit/537.36 (KHTML, like Gecko; compatible; ClaudeBot/1.0; +claudebot@anthropic.com)"
216.73.216.20 - - [22/Aug/2026:05:10:55 +0800] "GET /5882/?p=6469 HTTP/1.1" 301 807 "-" "Mozilla/5.0 AppleWebKit/537.36 (KHTML, like Gecko; compatible; ClaudeBot/1.0; +claudebot@anthropic.com)"
216.73.216.20 - - [22/Aug/2026:05:10:55 +0800] "GET /5882/2012/11/16/101%e5%b9%b4%e5%ba%a6-%e5%81%a5%e5%ba%b7%e6%aa%a2%e6%9f%a5%e8%a8%88%e7%95%ab%e5%8f%8a%e8%aa%aa%e6%98%8e%e5%96%ae%e5%bc%b5/ HTTP/1.1" 200 11705 "https://2blog.ilc.edu.tw/5882/?p=6433" "Mozilla/5.0 AppleWebKit/537.36 (KHTML, like Gecko; compatible; ClaudeBot/1.0; +claudebot@anthropic.com)"
216.73.216.20 - - [22/Aug/2026:05:10:55 +0800] "GET /34699/author/lina/page/3/ HTTP/1.1" 200 27721 "-" "Mozilla/5.0 AppleWebKit/537.36 (KHTML, like Gecko; compatible; ClaudeBot/1.0; +claudebot@anthropic.com)"
216.73.216.20 - - [22/Aug/2026:05:10:55 +0800] "GET /5882/?p=6575 HTTP/1.1" 301 846 "-" "Mozilla/5.0 AppleWebKit/537.36 (KHTML, like Gecko; compatible; ClaudeBot/1.0; +claudebot@anthropic.com)"
216.73.216.20 - - [22/Aug/2026:05:10:55 +0800] "GET /5882/2013/03/19/%e5%90%84%e5%b9%b4%e7%b4%9a%e8%aa%b2%e8%a1%a8/ HTTP/1.1" 200 9117 "https://2blog.ilc.edu.tw/5882/?p=6469" "Mozilla/5.0 AppleWebKit/537.36 (KHTML, like Gecko; compatible; ClaudeBot/1.0; +claudebot@anthropic.com)"
::1 - - [22/Aug/2026:05:10:55 +0800] "OPTIONS * HTTP/1.0" 200 110 "-" "Apache/2.4.68 (Ubuntu) OpenSSL/3.0.19 (internal dummy connection)"
216.73.216.20 - - [22/Aug/2026:05:10:55 +0800] "GET /5882/?p=6596 HTTP/1.1" 301 871 "-" "Mozilla/5.0 AppleWebKit/537.36 (KHTML, like Gecko; compatible; ClaudeBot/1.0; +claudebot@anthropic.com)"
216.73.216.20 - - [22/Aug/2026:05:10:55 +0800] "GET /5882/?p=6744 HTTP/1.1" 301 819 "-" "Mozilla/5.0 AppleWebKit/537.36 (KHTML, like Gecko; compatible; ClaudeBot/1.0; +claudebot@anthropic.com)"
216.73.216.20 - - [22/Aug/2026:05:10:55 +0800] "GET /5882/2014/03/21/103%e5%b9%b4%e5%87%b1%e6%97%8b%e5%b0%8f%e8%be%b2%e5%a4%ab%e9%ab%94%e9%a9%97%e8%b6%a3/ HTTP/1.1" 200 11294 "https://2blog.ilc.edu.tw/5882/?p=6575" "Mozilla/5.0 AppleWebKit/537.36 (KHTML, like Gecko; compatible; ClaudeBot/1.0; +claudebot@anthropic.com)"
216.73.216.20 - - [22/Aug/2026:05:10:55 +0800] "GET /5882/?p=6487 HTTP/1.1" 301 871 "-" "Mozilla/5.0 AppleWebKit/537.36 (KHTML, like Gecko; compatible; ClaudeBot/1.0; +claudebot@anthropic.com)"
216.73.216.20 - - [22/Aug/2026:05:10:55 +0800] "GET /5882/2014/04/16/%e8%be%b2%e5%a4%ab%e5%81%a5%e4%bf%83%e9%ab%94%e9%a9%97%e6%b4%bb%e5%8b%95-%e5%aa%92%e9%ab%94%e8%a1%8c%e9%8a%b7/ HTTP/1.1" 200 11214 "https://2blog.ilc.edu.tw/5882/?p=6596" "Mozilla/5.0 AppleWebKit/537.36 (KHTML, like Gecko; compatible; ClaudeBot/1.0; +claudebot@anthropic.com)"
216.73.216.20 - - [22/Aug/2026:05:10:55 +0800] "GET /5882/?p=6465 HTTP/1.1" 301 933 "-" "Mozilla/5.0 AppleWebKit/537.36 (KHTML, like Gecko; compatible; ClaudeBot/1.0; +claudebot@anthropic.com)"
216.73.216.20 - - [22/Aug/2026:05:10:55 +0800] "GET /5882/2018/06/15/18-%e8%a1%9b%e7%94%9f%e6%95%99%e8%82%b2%e5%ae%a3%e5%b0%8e/ HTTP/1.1" 200 9188 "https://2blog.ilc.edu.tw/5882/?p=6744" "Mozilla/5.0 AppleWebKit/537.36 (KHTML, like Gecko; compatible; ClaudeBot/1.0; +claudebot@anthropic.com)"
216.73.216.20 - - [22/Aug/2026:05:10:55 +0800] "GET /5882/category/c-38780/feed/ HTTP/1.1" 200 2703 "-" "Mozilla/5.0 AppleWebKit/537.36 (KHTML, like Gecko; compatible; ClaudeBot/1.0; +claudebot@anthropic.com)"
216.73.216.20 - - [22/Aug/2026:05:10:55 +0800] "GET /5882/2013/04/08/%e6%95%99%e8%81%b7%e5%93%a1%e5%b7%a5%e5%81%a5%e5%ba%b7%e4%bf%83%e9%80%b2-%e5%81%a5%e8%b5%b0%e6%b4%bb%e5%8b%95/ HTTP/1.1" 200 10176 "https://2blog.ilc.edu.tw/5882/?p=6487" "Mozilla/5.0 AppleWebKit/537.36 (KHTML, like Gecko; compatible; ClaudeBot/1.0; +claudebot@anthropic.com)"
216.73.216.20 - - [22/Aug/2026:05:10:55 +0800] "GET /5882/?p=6741 HTTP/1.1" 301 855 "-" "Mozilla/5.0 AppleWebKit/537.36 (KHTML, like Gecko; compatible; ClaudeBot/1.0; +claudebot@anthropic.com)"
216.73.216.20 - - [22/Aug/2026:05:10:55 +0800] "GET /5882/2013/03/15/%e6%95%99%e8%81%b7%e5%93%a1%e5%b7%a5%e7%94%9f%e6%94%af%e6%8c%81%e8%88%87%e9%97%9c%e6%87%b7%e5%af%a6%e6%96%bd%e8%a8%88%e5%8a%83%e5%8f%8a%e6%b4%bb%e5%8b%95%e7%b4%80%e9%8c%84/ HTTP/1.1" 200 9306 "https://2blog.ilc.edu.tw/5882/?p=6465" "Mozilla/5.0 AppleWebKit/537.36 (KHTML, like Gecko; compatible; ClaudeBot/1.0; +claudebot@anthropic.com)"
2401:e180:8850:8c13:94af:5166:8971:b1dc - - [22/Aug/2026:05:10:55 +0800] "GET /1003/2024/03/24/%ef%bc%bb%e7%8f%ad%e7%b4%9a%e7%b6%93%e7%87%9f%ef%bc%bd%e6%93%94%e4%bb%bb%e6%aa%a2%e6%9f%a5%e5%93%a1%ef%bd%9e%e8%ae%93%e8%80%81%e5%b8%ab%e8%80%81%e5%b8%ab%e5%91%bc%e5%8f%ab%e8%81%b2%e5%81%9c%e6%ad%a2/ HTTP/1.1" 200 18314 "https://2blog.ilc.edu.tw/1003/?s=%E7%8F%AD%E7%B4%9A%E7%B6%93%E7%87%9F" "Mozilla/5.0 (iPhone; CPU iPhone OS 26_5_0 like Mac OS X) AppleWebKit/605.1.15 (KHTML, like Gecko) CriOS/151.0.7922.57 Mobile/15E148 Safari/604.1"
216.73.216.20 - - [22/Aug/2026:05:10:55 +0800] "GET /5882/?p=6745 HTTP/1.1" 301 873 "-" "Mozilla/5.0 AppleWebKit/537.36 (KHTML, like Gecko; compatible; ClaudeBot/1.0; +claudebot@anthropic.com)"
2401:e180:8850:8c13:94af:5166:8971:b1dc - - [22/Aug/2026:05:10:55 +0800] "GET /1003/wp-content/cache/2blog.ilc.edu.tw/wpfc-minified/6jx87ldu/5wohd.js HTTP/1.1" 200 6435 "https://2blog.ilc.edu.tw/1003/2024/03/24/%ef%bc%bb%e7%8f%ad%e7%b4%9a%e7%b6%93%e7%87%9f%ef%bc%bd%e6%93%94%e4%bb%bb%e6%aa%a2%e6%9f%a5%e5%93%a1%ef%bd%9e%e8%ae%93%e8%80%81%e5%b8%ab%e8%80%81%e5%b8%ab%e5%91%bc%e5%8f%ab%e8%81%b2%e5%81%9c%e6%ad%a2/" "Mozilla/5.0 (iPhone; CPU iPhone OS 26_5_0 like Mac OS X) AppleWebKit/605.1.15 (KHTML, like Gecko) CriOS/151.0.7922.57 Mobile/15E148 Safari/604.1"
216.73.216.20 - - [22/Aug/2026:05:10:55 +0800] "GET /5882/?p=6441 HTTP/1.1" 301 832 "-" "Mozilla/5.0 AppleWebKit/537.36 (KHTML, like Gecko; compatible; ClaudeBot/1.0; +claudebot@anthropic.com)"
216.73.216.20 - - [22/Aug/2026:05:10:56 +0800] "GET /5882/2018/06/15/21-107-05-19%e5%ae%9c%e5%a4%a7%e8%b6%a3%e5%91%b3%e7%a7%91%e5%ad%b8%e7%87%9f%e6%88%90%e6%9e%9c/ HTTP/1.1" 200 9258 "https://2blog.ilc.edu.tw/5882/?p=6741" "Mozilla/5.0 AppleWebKit/537.36 (KHTML, like Gecko; compatible; ClaudeBot/1.0; +claudebot@anthropic.com)"
2401:e180:8850:8c13:94af:5166:8971:b1dc - - [22/Aug/2026:05:10:55 +0800] "GET /1003/wp-content/uploads/sites/233/2024/03/IMG_8201.jpeg HTTP/1.1" 200 728561 "https://2blog.ilc.edu.tw/1003/2024/03/24/%ef%bc%bb%e7%8f%ad%e7%b4%9a%e7%b6%93%e7%87%9f%ef%bc%bd%e6%93%94%e4%bb%bb%e6%aa%a2%e6%9f%a5%e5%93%a1%ef%bd%9e%e8%ae%93%e8%80%81%e5%b8%ab%e8%80%81%e5%b8%ab%e5%91%bc%e5%8f%ab%e8%81%b2%e5%81%9c%e6%ad%a2/" "Mozilla/5.0 (iPhone; CPU iPhone OS 26_5_0 like Mac OS X) AppleWebKit/605.1.15 (KHTML, like Gecko) CriOS/151.0.7922.57 Mobile/15E148 Safari/604.1"
2402:800:62c4:4019:ed28:c0a3:4005:f0e0 - - [22/Aug/2026:05:10:56 +0800] "GET /3860/category/c-2919/c-83498/ HTTP/1.1" 200 13213 "-" "Mozilla/5.0 (Windows NT 10.0; Win64; x64) AppleWebKit/537.36 (KHTML, like Gecko) Chrome/116.0.0.0 Safari/537.36"
2401:e180:8850:8c13:94af:5166:8971:b1dc - - [22/Aug/2026:05:10:55 +0800] "GET /1003/wp-content/uploads/sites/233/2024/03/IMG_8199-1261x2048.jpeg HTTP/1.1" 200 263530 "https://2blog.ilc.edu.tw/1003/2024/03/24/%ef%bc%bb%e7%8f%ad%e7%b4%9a%e7%b6%93%e7%87%9f%ef%bc%bd%e6%93%94%e4%bb%bb%e6%aa%a2%e6%9f%a5%e5%93%a1%ef%bd%9e%e8%ae%93%e8%80%81%e5%b8%ab%e8%80%81%e5%b8%ab%e5%91%bc%e5%8f%ab%e8%81%b2%e5%81%9c%e6%ad%a2/" "Mozilla/5.0 (iPhone; CPU iPhone OS 26_5_0 like Mac OS X) AppleWebKit/605.1.15 (KHTML, like Gecko) CriOS/151.0.7922.57 Mobile/15E148 Safari/604.1"
18.210.58.238 - - [22/Aug/2026:05:10:55 +0800] "GET /3860/wp-json/wp/v2/posts/14729 HTTP/1.1" 200 80584 "-" "Mozilla/5.0 AppleWebKit/537.36 (KHTML, like Gecko; compatible; Amazonbot/0.1; +https://developer.amazon.com/support/amazonbot) Chrome/119.0.6045.214 Safari/537.36"
216.73.216.20 - - [22/Aug/2026:05:10:56 +0800] "GET /5882/2018/06/15/17-107-03-16%e5%82%b3%e6%9f%93%e7%97%85%e9%98%b2%e6%b2%bb%e5%ae%a3%e5%b0%8e%e6%b4%bb%e5%8b%95%e6%88%90%e6%9e%9c/ HTTP/1.1" 200 9221 "https://2blog.ilc.edu.tw/5882/?p=6745" "Mozilla/5.0 AppleWebKit/537.36 (KHTML, like Gecko; compatible; ClaudeBot/1.0; +claudebot@anthropic.com)"
216.73.216.20 - - [22/Aug/2026:05:10:56 +0800] "GET /5882/?p=6483 HTTP/1.1" 301 856 "-" "Mozilla/5.0 AppleWebKit/537.36 (KHTML, like Gecko; compatible; ClaudeBot/1.0; +claudebot@anthropic.com)"
2409:8738:816:120::88 - - [22/Aug/2026:05:10:56 +0800] "GET /wp-content/cache/ee.ilc.edu.tw/wpfc-minified/fg9x6cfo/l3zl.css HTTP/1.1" 200 5946 "https://ee.ilc.edu.tw/category/c-7294/c-77058/" "Mozilla/5.0 (Windows NT 10.0; Win64; x64) AppleWebKit/537.36 (KHTML, like Gecko) Chrome/144.0.0.0 Safari/537.36"
2409:8738:816:120::88 - - [22/Aug/2026:05:10:56 +0800] "GET /wp-content/cache/ee.ilc.edu.tw/wpfc-minified/8tmjfyis/l3zl.css HTTP/1.1" 200 20566 "https://ee.ilc.edu.tw/category/c-7294/c-77058/" "Mozilla/5.0 (Windows NT 10.0; Win64; x64) AppleWebKit/537.36 (KHTML, like Gecko) Chrome/144.0.0.0 Safari/537.36"
2409:8738:816:120::88 - - [22/Aug/2026:05:10:56 +0800] "GET /wp-content/cache/ee.ilc.edu.tw/wpfc-minified/30zywkq4/l3zl.css HTTP/1.1" 200 58417 "https://ee.ilc.edu.tw/category/c-7294/c-77058/" "Mozilla/5.0 (Windows NT 10.0; Win64; x64) AppleWebKit/537.36 (KHTML, like Gecko) Chrome/144.0.0.0 Safari/537.36"
2409:8738:816:120::88 - - [22/Aug/2026:05:10:56 +0800] "GET /wp-content/cache/ee.ilc.edu.tw/wpfc-minified/l1l4wh5u/l3zl.css HTTP/1.1" 200 12769 "https://ee.ilc.edu.tw/category/c-7294/c-77058/" "Mozilla/5.0 (Windows NT 10.0; Win64; x64) AppleWebKit/537.36 (KHTML, like Gecko) Chrome/144.0.0.0 Safari/537.36"
216.73.216.20 - - [22/Aug/2026:05:10:56 +0800] "GET /tcesinfo/category/win10/page/2/ HTTP/1.1" 200 12965 "-" "Mozilla/5.0 AppleWebKit/537.36 (KHTML, like Gecko; compatible; ClaudeBot/1.0; +claudebot@anthropic.com)"
2409:8738:816:120::88 - - [22/Aug/2026:05:10:56 +0800] "GET /wp-content/cache/ee.ilc.edu.tw/wpfc-minified/knh2y17k/l3zl.js HTTP/1.1" 200 40334 "https://ee.ilc.edu.tw/category/c-7294/c-77058/" "Mozilla/5.0 (Windows NT 10.0; Win64; x64) AppleWebKit/537.36 (KHTML, like Gecko) Chrome/144.0.0.0 Safari/537.36"
2401:e180:8850:8c13:94af:5166:8971:b1dc - - [22/Aug/2026:05:10:56 +0800] "GET /1003/wp-content/uploads/sites/233/2024/03/Snipaste_2024-03-11_23-36-51.png HTTP/1.1" 200 452199 "https://2blog.ilc.edu.tw/1003/?s=%E7%8F%AD%E7%B4%9A%E7%B6%93%E7%87%9F" "Mozilla/5.0 (iPhone; CPU iPhone OS 26_5_0 like Mac OS X) AppleWebKit/605.1.15 (KHTML, like Gecko) CriOS/151.0.7922.57 Mobile/15E148 Safari/604.1"
2401:e180:8850:8c13:94af:5166:8971:b1dc - - [22/Aug/2026:05:10:56 +0800] "POST /1003/wp-json/ilc-summary/v1/popular-posts HTTP/1.1" 201 6066 "https://2blog.ilc.edu.tw/1003/2024/03/24/%ef%bc%bb%e7%8f%ad%e7%b4%9a%e7%b6%93%e7%87%9f%ef%bc%bd%e6%93%94%e4%bb%bb%e6%aa%a2%e6%9f%a5%e5%93%a1%ef%bd%9e%e8%ae%93%e8%80%81%e5%b8%ab%e8%80%81%e5%b8%ab%e5%91%bc%e5%8f%ab%e8%81%b2%e5%81%9c%e6%ad%a2/" "Mozilla/5.0 (iPhone; CPU iPhone OS 26_5_0 like Mac OS X) AppleWebKit/605.1.15 (KHTML, like Gecko) CriOS/151.0.7922.57 Mobile/15E148 Safari/604.1"
216.73.216.20 - - [22/Aug/2026:05:10:56 +0800] "GET /5882/2012/12/04/1-1-101%e5%b9%b4%e5%81%a5%e5%ba%b7%e4%bf%83%e9%80%b2%e8%a8%88%e5%8a%83/ HTTP/1.1" 200 9061 "https://2blog.ilc.edu.tw/5882/?p=6441" "Mozilla/5.0 AppleWebKit/537.36 (KHTML, like Gecko; compatible; ClaudeBot/1.0; +claudebot@anthropic.com)"
216.73.216.20 - - [22/Aug/2026:05:10:56 +0800] "GET /5882/?p=6463 HTTP/1.1" 301 943 "-" "Mozilla/5.0 AppleWebKit/537.36 (KHTML, like Gecko; compatible; ClaudeBot/1.0; +claudebot@anthropic.com)"
240e:90e:2000:2006::12c9 - - [22/Aug/2026:05:10:56 +0800] "GET /author/nanahua/ HTTP/1.1" 200 49093 "-" "Mozilla/5.0 (Windows NT 10.0; Win64; x64) AppleWebKit/537.36 (KHTML, like Gecko) Chrome/144.0.0.0 Safari/537.36"
2401:e180:8850:8c13:94af:5166:8971:b1dc - - [22/Aug/2026:05:10:56 +0800] "GET /1003/wp-content/uploads/sites/233/2019/08/Snipaste_2019-08-25_21-24-17-1-1024x508.jpg HTTP/1.1" 200 59683 "https://2blog.ilc.edu.tw/1003/?s=%E7%8F%AD%E7%B4%9A%E7%B6%93%E7%87%9F" "Mozilla/5.0 (iPhone; CPU iPhone OS 26_5_0 like Mac OS X) AppleWebKit/605.1.15 (KHTML, like Gecko) CriOS/151.0.7922.57 Mobile/15E148 Safari/604.1"
216.73.216.20 - - [22/Aug/2026:05:10:56 +0800] "GET /5882/?p=6574 HTTP/1.1" 301 807 "-" "Mozilla/5.0 AppleWebKit/537.36 (KHTML, like Gecko; compatible; ClaudeBot/1.0; +claudebot@anthropic.com)"
2401:e180:8850:8c13:94af:5166:8971:b1dc - - [22/Aug/2026:05:10:56 +0800] "GET /1003/wp-content/uploads/sites/233/2019/05/84-1024x1024.png HTTP/1.1" 200 352663 "https://2blog.ilc.edu.tw/1003/?s=%E7%8F%AD%E7%B4%9A%E7%B6%93%E7%87%9F" "Mozilla/5.0 (iPhone; CPU iPhone OS 26_5_0 like Mac OS X) AppleWebKit/605.1.15 (KHTML, like Gecko) CriOS/151.0.7922.57 Mobile/15E148 Safari/604.1"
2409:8738:816:120::88 - - [22/Aug/2026:05:10:56 +0800] "GET /wp-includes/js/admin-bar.min.js HTTP/1.1" 200 2237 "https://ee.ilc.edu.tw/category/c-7294/c-77058/" "Mozilla/5.0 (Windows NT 10.0; Win64; x64) AppleWebKit/537.36 (KHTML, like Gecko) Chrome/144.0.0.0 Safari/537.36"
2409:8738:816:120::88 - - [22/Aug/2026:05:10:56 +0800] "GET /wp-includes/js/imagesloaded.min.js HTTP/1.1" 200 2683 "https://ee.ilc.edu.tw/category/c-7294/c-77058/" "Mozilla/5.0 (Windows NT 10.0; Win64; x64) AppleWebKit/537.36 (KHTML, like Gecko) Chrome/144.0.0.0 Safari/537.36"
216.73.216.20 - - [22/Aug/2026:05:10:56 +0800] "GET /5882/2013/03/28/101%e5%b9%b4%e5%ba%a6-%e6%ad%a3%e7%a2%ba%e7%94%a8%e8%97%a5%e8%9e%8d%e5%85%a5%e6%95%99%e5%ad%b8/ HTTP/1.1" 200 9286 "https://2blog.ilc.edu.tw/5882/?p=6483" "Mozilla/5.0 AppleWebKit/537.36 (KHTML, like Gecko; compatible; ClaudeBot/1.0; +claudebot@anthropic.com)"
216.73.216.20 - - [22/Aug/2026:05:10:56 +0800] "GET /5882/?p=6507 HTTP/1.1" 301 870 "-" "Mozilla/5.0 AppleWebKit/537.36 (KHTML, like Gecko; compatible; ClaudeBot/1.0; +claudebot@anthropic.com)"
216.73.216.20 - - [22/Aug/2026:05:10:56 +0800] "GET /5882/2013/03/15/%e6%95%99%e5%b8%ab%e7%a0%94%e7%bf%92%e6%99%82%e6%95%b8%e7%b4%80%e9%8c%84-%e6%8f%90%e5%8d%87%e6%95%99%e5%b8%ab%e5%81%a5%e5%ba%b7%e6%95%99%e8%82%b2%e5%b0%88%e6%a5%ad%e8%83%bd%e5%8a%9b/ HTTP/1.1" 200 9321 "https://2blog.ilc.edu.tw/5882/?p=6463" "Mozilla/5.0 AppleWebKit/537.36 (KHTML, like Gecko; compatible; ClaudeBot/1.0; +claudebot@anthropic.com)"
216.73.216.20 - - [22/Aug/2026:05:10:56 +0800] "GET /shjes111/?p=122 HTTP/1.1" 301 893 "-" "Mozilla/5.0 AppleWebKit/537.36 (KHTML, like Gecko; compatible; ClaudeBot/1.0; +claudebot@anthropic.com)"
2409:8738:816:120::88 - - [22/Aug/2026:05:10:56 +0800] "GET /wp-content/themes/oceanwp/assets/js/drop-down-mobile-menu.min.js HTTP/1.1" 200 4663 "https://ee.ilc.edu.tw/category/c-7294/c-77058/" "Mozilla/5.0 (Windows NT 10.0; Win64; x64) AppleWebKit/537.36 (KHTML, like Gecko) Chrome/144.0.0.0 Safari/537.36"
216.73.216.20 - - [22/Aug/2026:05:10:56 +0800] "GET /5882/2014/03/20/%e7%b6%93%e8%b2%bb%e4%b8%80%e8%a6%bd%e8%a1%a8/ HTTP/1.1" 200 9302 "https://2blog.ilc.edu.tw/5882/?p=6574" "Mozilla/5.0 AppleWebKit/537.36 (KHTML, like Gecko; compatible; ClaudeBot/1.0; +claudebot@anthropic.com)"
2409:8738:816:120::88 - - [22/Aug/2026:05:10:56 +0800] "GET /wp-content/themes/oceanwp/assets/js/drop-down-search.min.js HTTP/1.1" 200 2968 "https://ee.ilc.edu.tw/category/c-7294/c-77058/" "Mozilla/5.0 (Windows NT 10.0; Win64; x64) AppleWebKit/537.36 (KHTML, like Gecko) Chrome/144.0.0.0 Safari/537.36"
2409:8738:816:120::88 - - [22/Aug/2026:05:10:56 +0800] "GET /wp-content/themes/oceanwp/assets/js/vendors/magnific-popup.min.js HTTP/1.1" 200 8270 "https://ee.ilc.edu.tw/category/c-7294/c-77058/" "Mozilla/5.0 (Windows NT 10.0; Win64; x64) AppleWebKit/537.36 (KHTML, like Gecko) Chrome/144.0.0.0 Safari/537.36"
2409:8738:816:120::88 - - [22/Aug/2026:05:10:56 +0800] "GET /wp-content/themes/oceanwp/assets/js/ow-lightbox.min.js HTTP/1.1" 200 2321 "https://ee.ilc.edu.tw/category/c-7294/c-77058/" "Mozilla/5.0 (Windows NT 10.0; Win64; x64) AppleWebKit/537.36 (KHTML, like Gecko) Chrome/144.0.0.0 Safari/537.36"
216.73.216.20 - - [22/Aug/2026:05:10:56 +0800] "GET /5882/?p=6364 HTTP/1.1" 301 956 "-" "Mozilla/5.0 AppleWebKit/537.36 (KHTML, like Gecko; compatible; ClaudeBot/1.0; +claudebot@anthropic.com)"
216.73.216.20 - - [22/Aug/2026:05:10:56 +0800] "GET /5882/2013/04/24/%e5%8f%8d%e9%9c%b8%e5%87%8c%e5%8f%8b%e5%96%84%e6%a0%a1%e5%9c%92%e9%80%b1%e5%af%a6%e6%96%bd%e6%b4%bb%e5%8b%95/ HTTP/1.1" 200 15087 "https://2blog.ilc.edu.tw/5882/?p=6507" "Mozilla/5.0 AppleWebKit/537.36 (KHTML, like Gecko; compatible; ClaudeBot/1.0; +claudebot@anthropic.com)"
216.73.216.20 - - [22/Aug/2026:05:10:56 +0800] "GET /5882/?p=6445 HTTP/1.1" 301 864 "-" "Mozilla/5.0 AppleWebKit/537.36 (KHTML, like Gecko; compatible; ClaudeBot/1.0; +claudebot@anthropic.com)"
2409:876c:2b34::171 - - [22/Aug/2026:05:10:56 +0800] "GET /wp-content/cache/www.najh.ilc.edu.tw/wpfc-minified/4ybahoo/6wh9.css HTTP/1.1" 200 20584 "https://www.najh.ilc.edu.tw/2023/01/31/" "Mozilla/5.0 (Windows NT 10.0; Win64; x64) AppleWebKit/537.36 (KHTML, like Gecko) Chrome/144.0.0.0 Safari/537.36"
2409:876c:2b34::171 - - [22/Aug/2026:05:10:56 +0800] "GET /wp-content/cache/www.najh.ilc.edu.tw/wpfc-minified/kz7ju7r3/6wh9.css HTTP/1.1" 200 5959 "https://www.najh.ilc.edu.tw/2023/01/31/" "Mozilla/5.0 (Windows NT 10.0; Win64; x64) AppleWebKit/537.36 (KHTML, like Gecko) Chrome/144.0.0.0 Safari/537.36"
2409:876c:2b34::171 - - [22/Aug/2026:05:10:56 +0800] "GET /wp-content/cache/www.najh.ilc.edu.tw/wpfc-minified/kcxb236g/6wh9.css HTTP/1.1" 200 66147 "https://www.najh.ilc.edu.tw/2023/01/31/" "Mozilla/5.0 (Windows NT 10.0; Win64; x64) AppleWebKit/537.36 (KHTML, like Gecko) Chrome/144.0.0.0 Safari/537.36"
2409:8738:816:120::88 - - [22/Aug/2026:05:10:56 +0800] "GET /wp-content/themes/oceanwp/assets/js/ow-slider.min.js HTTP/1.1" 200 1761 "https://ee.ilc.edu.tw/category/c-7294/c-77058/" "Mozilla/5.0 (Windows NT 10.0; Win64; x64) AppleWebKit/537.36 (KHTML, like Gecko) Chrome/144.0.0.0 Safari/537.36"
2409:8738:816:120::88 - - [22/Aug/2026:05:10:56 +0800] "GET /wp-content/themes/oceanwp/assets/js/scroll-effect.min.js HTTP/1.1" 200 4127 "https://ee.ilc.edu.tw/category/c-7294/c-77058/" "Mozilla/5.0 (Windows NT 10.0; Win64; x64) AppleWebKit/537.36 (KHTML, like Gecko) Chrome/144.0.0.0 Safari/537.36"
216.73.216.20 - - [22/Aug/2026:05:10:56 +0800] "GET /shjes111/2022/09/26/%e4%b8%80%e4%b8%8a%e5%9c%8b%e8%aa%9e-%e5%a4%a7%e5%80%8b%e5%ad%90%ef%bc%8c%e5%b0%8f%e5%80%8b%e5%ad%90%e6%bd%9b%e8%83%bd%e7%8f%ad/ HTTP/1.1" 200 9443 "https://2blog.ilc.edu.tw/shjes111/?p=122" "Mozilla/5.0 AppleWebKit/537.36 (KHTML, like Gecko; compatible; ClaudeBot/1.0; +claudebot@anthropic.com)"
2409:8738:816:120::88 - - [22/Aug/2026:05:10:56 +0800] "GET /wp-content/themes/oceanwp/assets/js/scroll-top.min.js HTTP/1.1" 200 3202 "https://ee.ilc.edu.tw/category/c-7294/c-77058/" "Mozilla/5.0 (Windows NT 10.0; Win64; x64) AppleWebKit/537.36 (KHTML, like Gecko) Chrome/144.0.0.0 Safari/537.36"
2409:8738:816:120::88 - - [22/Aug/2026:05:10:56 +0800] "GET /wp-content/themes/oceanwp/assets/js/select.min.js HTTP/1.1" 200 2408 "https://ee.ilc.edu.tw/category/c-7294/c-77058/" "Mozilla/5.0 (Windows NT 10.0; Win64; x64) AppleWebKit/537.36 (KHTML, like Gecko) Chrome/144.0.0.0 Safari/537.36"
216.73.216.20 - - [22/Aug/2026:05:10:56 +0800] "GET /5882/?p=6580 HTTP/1.1" 301 873 "-" "Mozilla/5.0 AppleWebKit/537.36 (KHTML, like Gecko; compatible; ClaudeBot/1.0; +claudebot@anthropic.com)"
