2409:8738:816:120::88 - - [22/Aug/2026:05:10:56 +0800] "GET /wp-content/plugins/ocean-extra/includes/widgets/js/flickr.min.js HTTP/1.1" 200 1319 "https://ee.ilc.edu.tw/category/c-7294/c-77058/" "Mozilla/5.0 (Windows NT 10.0; Win64; x64) AppleWebKit/537.36 (KHTML, like Gecko) Chrome/144.0.0.0 Safari/537.36"
216.73.216.20 - - [22/Aug/2026:05:10:56 +0800] "GET /5882/2012/05/16/2-2-1%e5%ad%b8%e6%a0%a1%e5%b0%87%e9%83%a8%e9%a0%92%e6%88%96%e7%b8%a3%e5%ae%9a%e6%8c%87%e6%a8%99%e4%b9%8b%e7%b2%be%e7%a5%9e%e7%b4%8d%e5%85%a5%e8%a8%88%e7%95%ab%e6%9b%b8%e4%b8%ad%ef%bc%8c%e4%b8%a6/ HTTP/1.1" 200 9364 "https://2blog.ilc.edu.tw/5882/?p=6364" "Mozilla/5.0 AppleWebKit/537.36 (KHTML, like Gecko; compatible; ClaudeBot/1.0; +claudebot@anthropic.com)"
216.73.216.20 - - [22/Aug/2026:05:10:56 +0800] "GET /5882/?p=6595 HTTP/1.1" 301 916 "-" "Mozilla/5.0 AppleWebKit/537.36 (KHTML, like Gecko; compatible; ClaudeBot/1.0; +claudebot@anthropic.com)"
216.73.216.20 - - [22/Aug/2026:05:10:56 +0800] "GET /5882/2012/12/17/101%e5%b9%b4%e5%ae%a3%e5%b0%8e%e8%a6%96%e5%8a%9b%e4%bf%9d%e5%81%a5%e8%9e%8d%e5%85%a5%e6%95%99%e5%ad%b8/ HTTP/1.1" 200 9440 "https://2blog.ilc.edu.tw/5882/?p=6445" "Mozilla/5.0 AppleWebKit/537.36 (KHTML, like Gecko; compatible; ClaudeBot/1.0; +claudebot@anthropic.com)"
216.73.216.20 - - [22/Aug/2026:05:10:56 +0800] "GET /5882/category/c-113067/ HTTP/1.1" 200 8765 "-" "Mozilla/5.0 AppleWebKit/537.36 (KHTML, like Gecko; compatible; ClaudeBot/1.0; +claudebot@anthropic.com)"
216.73.216.20 - - [22/Aug/2026:05:10:57 +0800] "GET /5882/2014/04/01/102%e5%ad%b8%e5%b9%b4%e5%ba%a6%e4%b8%8a%e4%b8%8b%e5%ad%b8%e6%9c%9f%e5%8f%8d%e9%9c%b8%e5%87%8c%e6%b4%bb%e5%8b%95/ HTTP/1.1" 200 14797 "https://2blog.ilc.edu.tw/5882/?p=6580" "Mozilla/5.0 AppleWebKit/537.36 (KHTML, like Gecko; compatible; ClaudeBot/1.0; +claudebot@anthropic.com)"
2409:876c:2b34::171 - - [22/Aug/2026:05:10:57 +0800] "GET /wp-content/cache/www.najh.ilc.edu.tw/wpfc-minified/87xhsi2d/6wh9.css HTTP/1.1" 200 4322 "https://www.najh.ilc.edu.tw/2023/01/31/" "Mozilla/5.0 (Windows NT 10.0; Win64; x64) AppleWebKit/537.36 (KHTML, like Gecko) Chrome/144.0.0.0 Safari/537.36"
216.73.216.20 - - [22/Aug/2026:05:10:57 +0800] "GET /5882/2014/04/16/%e5%9b%9b%e5%b9%b4%e7%b4%9a-%e5%81%a5%e5%ba%b7%e6%95%99%e8%82%b2%e6%8e%88%e8%aa%b2%e6%95%99%e5%ad%b8%e6%aa%94%e6%a1%88%e7%a7%80%e8%8f%af%e8%80%81%e5%b8%ab/ HTTP/1.1" 200 9187 "https://2blog.ilc.edu.tw/5882/?p=6595" "Mozilla/5.0 AppleWebKit/537.36 (KHTML, like Gecko; compatible; ClaudeBot/1.0; +claudebot@anthropic.com)"
2409:876c:2b34::171 - - [22/Aug/2026:05:10:57 +0800] "GET /wp-includes/js/hoverintent-js.min.js HTTP/1.1" 200 6399 "https://www.najh.ilc.edu.tw/2023/01/31/" "Mozilla/5.0 (Windows NT 10.0; Win64; x64) AppleWebKit/537.36 (KHTML, like Gecko) Chrome/144.0.0.0 Safari/537.36"
216.73.216.20 - - [22/Aug/2026:05:10:57 +0800] "GET /6569/2010/10/06/page/2/ HTTP/1.1" 200 9569 "-" "Mozilla/5.0 AppleWebKit/537.36 (KHTML, like Gecko; compatible; ClaudeBot/1.0; +claudebot@anthropic.com)"
240e:90e:2000:2006::12c9 - - [22/Aug/2026:05:10:57 +0800] "GET /wp-content/cache/www.najh.ilc.edu.tw/wpfc-minified/1f13uvw/6wh9.css HTTP/1.1" 200 40884 "https://www.najh.ilc.edu.tw/author/nanahua/" "Mozilla/5.0 (Windows NT 10.0; Win64; x64) AppleWebKit/537.36 (KHTML, like Gecko) Chrome/144.0.0.0 Safari/537.36"
216.73.216.20 - - [22/Aug/2026:05:10:57 +0800] "GET /5882/?p=6607 HTTP/1.1" 301 870 "-" "Mozilla/5.0 AppleWebKit/537.36 (KHTML, like Gecko; compatible; ClaudeBot/1.0; +claudebot@anthropic.com)"
34.10.180.98 - - [22/Aug/2026:05:10:57 +0800] "GET /21/2006/02/21/%E5%8B%95%E4%B8%80%E5%8B%95%EF%BC%81%E4%BC%B8%E4%BC%B8%E6%87%B6%E8%85%B0%E5%90%A7%EF%BC%81/ HTTP/1.1" 200 21520 "-" "Mozilla/5.0 (Macintosh; Intel Mac OS X 10_15_7) AppleWebKit/537.36 (KHTML, like Gecko) Chrome/120.0.0.0 Safari/537.36"
216.73.216.20 - - [22/Aug/2026:05:10:57 +0800] "GET /5882/2014/04/23/%e5%8b%95%e7%89%a9%e5%9c%92%e4%b9%8b%e5%81%a5%e5%ba%b7%e6%95%99%e8%82%b2%e6%a0%a1%e5%a4%96%e6%95%99%e5%ad%b8/ HTTP/1.1" 200 10160 "https://2blog.ilc.edu.tw/5882/?p=6607" "Mozilla/5.0 AppleWebKit/537.36 (KHTML, like Gecko; compatible; ClaudeBot/1.0; +claudebot@anthropic.com)"
2409:876c:2b34::171 - - [22/Aug/2026:05:10:57 +0800] "GET /wp-includes/js/admin-bar.min.js HTTP/1.1" 200 2237 "https://www.najh.ilc.edu.tw/2023/01/31/" "Mozilla/5.0 (Windows NT 10.0; Win64; x64) AppleWebKit/537.36 (KHTML, like Gecko) Chrome/144.0.0.0 Safari/537.36"
240e:90e:2000:2006::12c9 - - [22/Aug/2026:05:10:57 +0800] "GET /wp-content/cache/www.najh.ilc.edu.tw/wpfc-minified/4ybahoo/6wh9.css HTTP/1.1" 200 15782 "https://www.najh.ilc.edu.tw/author/nanahua/" "Mozilla/5.0 (Windows NT 10.0; Win64; x64) AppleWebKit/537.36 (KHTML, like Gecko) Chrome/144.0.0.0 Safari/537.36"
2409:876c:2b34::171 - - [22/Aug/2026:05:10:57 +0800] "GET /wp-includes/js/imagesloaded.min.js HTTP/1.1" 200 2683 "https://www.najh.ilc.edu.tw/2023/01/31/" "Mozilla/5.0 (Windows NT 10.0; Win64; x64) AppleWebKit/537.36 (KHTML, like Gecko) Chrome/144.0.0.0 Safari/537.36"
2409:876c:2b34::171 - - [22/Aug/2026:05:10:58 +0800] "GET /wp-content/themes/oceanwp/assets/js/theme.min.js HTTP/1.1" 200 5130 "https://www.najh.ilc.edu.tw/2023/01/31/" "Mozilla/5.0 (Windows NT 10.0; Win64; x64) AppleWebKit/537.36 (KHTML, like Gecko) Chrome/144.0.0.0 Safari/537.36"
2001:288:a201::66:125 - - [22/Aug/2026:05:10:58 +0800] "GET /blog/active.php HTTP/1.1" 301 1026 "-" "-"
2409:8738:816:120::88 - - [22/Aug/2026:05:10:58 +0800] "GET /wp-content/themes/oceanwp/assets/fonts/simple-line-icons/Simple-Line-Icons.woff2?v=2.4.0 HTTP/1.1" 200 30959 "https://ee.ilc.edu.tw/wp-content/cache/ee.ilc.edu.tw/wpfc-minified/30zywkq4/l3zl.css" "Mozilla/5.0 (Windows NT 10.0; Win64; x64) AppleWebKit/537.36 (KHTML, like Gecko) Chrome/144.0.0.0 Safari/537.36"
2001:288:a201::66:125 - - [22/Aug/2026:05:10:58 +0800] "GET /blog/active.php HTTP/1.1" 404 1084 "-" "-"
140.111.67.10 - - [22/Aug/2026:05:10:58 +0800] "GET /" 301 273 "-" "-"
2409:876c:2b34::171 - - [22/Aug/2026:05:10:58 +0800] "GET /wp-content/themes/oceanwp/assets/js/drop-down-mobile-menu.min.js HTTP/1.1" 200 4663 "https://www.najh.ilc.edu.tw/2023/01/31/" "Mozilla/5.0 (Windows NT 10.0; Win64; x64) AppleWebKit/537.36 (KHTML, like Gecko) Chrome/144.0.0.0 Safari/537.36"
::1 - - [22/Aug/2026:05:10:58 +0800] "OPTIONS * HTTP/1.0" 200 110 "-" "Apache/2.4.68 (Ubuntu) OpenSSL/3.0.19 (internal dummy connection)"
2409:876c:2b34::171 - - [22/Aug/2026:05:10:58 +0800] "GET /wp-content/themes/oceanwp/assets/js/drop-down-search.min.js HTTP/1.1" 200 2968 "https://www.najh.ilc.edu.tw/2023/01/31/" "Mozilla/5.0 (Windows NT 10.0; Win64; x64) AppleWebKit/537.36 (KHTML, like Gecko) Chrome/144.0.0.0 Safari/537.36"
2409:8738:816:120::88 - - [22/Aug/2026:05:10:58 +0800] "GET /wp-content/themes/oceanwp/assets/fonts/fontawesome/webfonts/fa-solid-900.woff2 HTTP/1.1" 200 151246 "https://ee.ilc.edu.tw/wp-content/cache/ee.ilc.edu.tw/wpfc-minified/30zywkq4/l3zl.css" "Mozilla/5.0 (Windows NT 10.0; Win64; x64) AppleWebKit/537.36 (KHTML, like Gecko) Chrome/144.0.0.0 Safari/537.36"
240e:90e:2000:2006::12c9 - - [22/Aug/2026:05:10:58 +0800] "GET /wp-content/cache/www.najh.ilc.edu.tw/wpfc-minified/kz7ju7r3/6wh9.css HTTP/1.1" 200 1157 "https://www.najh.ilc.edu.tw/author/nanahua/" "Mozilla/5.0 (Windows NT 10.0; Win64; x64) AppleWebKit/537.36 (KHTML, like Gecko) Chrome/144.0.0.0 Safari/537.36"
2409:876c:2b34::171 - - [22/Aug/2026:05:10:58 +0800] "GET /wp-content/themes/oceanwp/assets/js/vendors/magnific-popup.min.js HTTP/1.1" 200 8270 "https://www.najh.ilc.edu.tw/2023/01/31/" "Mozilla/5.0 (Windows NT 10.0; Win64; x64) AppleWebKit/537.36 (KHTML, like Gecko) Chrome/144.0.0.0 Safari/537.36"
2409:876c:2b34::171 - - [22/Aug/2026:05:10:58 +0800] "GET /wp-content/themes/oceanwp/assets/js/ow-lightbox.min.js HTTP/1.1" 200 2321 "https://www.najh.ilc.edu.tw/2023/01/31/" "Mozilla/5.0 (Windows NT 10.0; Win64; x64) AppleWebKit/537.36 (KHTML, like Gecko) Chrome/144.0.0.0 Safari/537.36"
240e:90e:2000:2006::12c9 - - [22/Aug/2026:05:10:58 +0800] "GET /wp-content/cache/www.najh.ilc.edu.tw/wpfc-minified/kcxb236g/6wh9.css HTTP/1.1" 200 61345 "https://www.najh.ilc.edu.tw/author/nanahua/" "Mozilla/5.0 (Windows NT 10.0; Win64; x64) AppleWebKit/537.36 (KHTML, like Gecko) Chrome/144.0.0.0 Safari/537.36"
2409:876c:2b34::171 - - [22/Aug/2026:05:10:59 +0800] "GET /wp-content/themes/oceanwp/assets/js/vendors/flickity.pkgd.min.js HTTP/1.1" 200 15048 "https://www.najh.ilc.edu.tw/2023/01/31/" "Mozilla/5.0 (Windows NT 10.0; Win64; x64) AppleWebKit/537.36 (KHTML, like Gecko) Chrome/144.0.0.0 Safari/537.36"
2409:876c:2b34::171 - - [22/Aug/2026:05:10:59 +0800] "GET /wp-content/themes/oceanwp/assets/js/ow-slider.min.js HTTP/1.1" 200 1761 "https://www.najh.ilc.edu.tw/2023/01/31/" "Mozilla/5.0 (Windows NT 10.0; Win64; x64) AppleWebKit/537.36 (KHTML, like Gecko) Chrome/144.0.0.0 Safari/537.36"
240e:90e:2000:2006::1288 - - [22/Aug/2026:05:10:59 +0800] "GET /2023/03/23/%e8%bd%89%e7%9f%a5%e8%bc%94%e8%8b%b1%e7%a7%91%e6%8a%80%e5%a4%a7%e5%ad%b8112%e5%ad%b8%e5%b9%b4%e5%ba%a6%e6%8b%9b%e7%94%9f%e5%ae%a3%e5%82%b3%e6%b5%b7%e5%a0%b1%e3%80%82 HTTP/1.1" 301 5938 "-" "Mozilla/5.0 (Windows NT 10.0; Win64; x64) AppleWebKit/537.36 (KHTML, like Gecko) Chrome/144.0.0.0 Safari/537.36"
2409:876c:2b34::171 - - [22/Aug/2026:05:10:59 +0800] "GET /wp-content/themes/oceanwp/assets/js/scroll-effect.min.js HTTP/1.1" 200 4127 "https://www.najh.ilc.edu.tw/2023/01/31/" "Mozilla/5.0 (Windows NT 10.0; Win64; x64) AppleWebKit/537.36 (KHTML, like Gecko) Chrome/144.0.0.0 Safari/537.36"
2409:8a00:6005:a9eb:4c35:f3c0:1293:a7a - - [22/Aug/2026:05:10:59 +0800] "GET /2019/02 HTTP/1.1" 301 5743 "-" "Mozilla/5.0 (Windows NT 10.0; Win64; x64) AppleWebKit/537.36 (KHTML, like Gecko) Chrome/144.0.0.0 Safari/537.36"
2409:876c:2b34::171 - - [22/Aug/2026:05:10:59 +0800] "GET /wp-content/themes/oceanwp/assets/js/scroll-top.min.js HTTP/1.1" 200 3202 "https://www.najh.ilc.edu.tw/2023/01/31/" "Mozilla/5.0 (Windows NT 10.0; Win64; x64) AppleWebKit/537.36 (KHTML, like Gecko) Chrome/144.0.0.0 Safari/537.36"
240e:90e:2000:2006::1288 - - [22/Aug/2026:05:10:59 +0800] "GET /2023/03/23/%e8%bd%89%e7%9f%a5%e8%bc%94%e8%8b%b1%e7%a7%91%e6%8a%80%e5%a4%a7%e5%ad%b8112%e5%ad%b8%e5%b9%b4%e5%ba%a6%e6%8b%9b%e7%94%9f%e5%ae%a3%e5%82%b3%e6%b5%b7%e5%a0%b1%e3%80%82/ HTTP/1.1" 200 46225 "-" "Mozilla/5.0 (Windows NT 10.0; Win64; x64) AppleWebKit/537.36 (KHTML, like Gecko) Chrome/144.0.0.0 Safari/537.36"
2409:876c:2b34::171 - - [22/Aug/2026:05:11:00 +0800] "GET /wp-content/plugins/ocean-extra/includes/widgets/js/flickr.min.js HTTP/1.1" 200 1319 "https://www.najh.ilc.edu.tw/2023/01/31/" "Mozilla/5.0 (Windows NT 10.0; Win64; x64) AppleWebKit/537.36 (KHTML, like Gecko) Chrome/144.0.0.0 Safari/537.36"
2409:876c:2b34::171 - - [22/Aug/2026:05:11:00 +0800] "GET /wp-content/themes/oceanwp/assets/js/select.min.js HTTP/1.1" 200 2408 "https://www.najh.ilc.edu.tw/2023/01/31/" "Mozilla/5.0 (Windows NT 10.0; Win64; x64) AppleWebKit/537.36 (KHTML, like Gecko) Chrome/144.0.0.0 Safari/537.36"
45.89.208.207 - - [22/Aug/2026:05:11:00 +0800] "GET /activity/wp-content/uploads/sites/2011/2020/09/S4-150x150.jpg HTTP/1.1" 200 13980 "https://2blog.ilc.edu.tw/activity/2020/10/01/%E8%97%9D%E8%A1%93%E5%AE%B6%E9%A7%90%E6%A0%A1%E7%A0%94%E7%BF%92%EF%BD%9E%E5%9C%A8%E5%9C%B0%E6%96%99%E7%90%86%E9%AB%94%E9%A9%97%EF%BC%8C%E9%A0%90%E5%82%99%E7%8E%A9%E7%BE%8E%E9%80%B1%E8%AA%B2%E7%A8%8B/" "Mozilla/5.0 (Macintosh; Intel Mac OS X 10_15_7) AppleWebKit/537.36 (KHTML, like Gecko) Chrome/131.0.0.0 Safari/537.36"
240e:90e:2000:2006::12c9 - - [22/Aug/2026:05:11:00 +0800] "GET /wp-content/cache/www.najh.ilc.edu.tw/wpfc-minified/k0kc5650/6wh9.js HTTP/1.1" 200 35558 "https://www.najh.ilc.edu.tw/author/nanahua/" "Mozilla/5.0 (Windows NT 10.0; Win64; x64) AppleWebKit/537.36 (KHTML, like Gecko) Chrome/144.0.0.0 Safari/537.36"
240e:90e:2000:2006::1288 - - [22/Aug/2026:05:11:00 +0800] "GET /wp-content/cache/www.najh.ilc.edu.tw/wpfc-minified/1f13uvw/6wh9.css HTTP/1.1" 200 40884 "https://www.najh.ilc.edu.tw/2023/03/23/%e8%bd%89%e7%9f%a5%e8%bc%94%e8%8b%b1%e7%a7%91%e6%8a%80%e5%a4%a7%e5%ad%b8112%e5%ad%b8%e5%b9%b4%e5%ba%a6%e6%8b%9b%e7%94%9f%e5%ae%a3%e5%82%b3%e6%b5%b7%e5%a0%b1%e3%80%82/" "Mozilla/5.0 (Windows NT 10.0; Win64; x64) AppleWebKit/537.36 (KHTML, like Gecko) Chrome/144.0.0.0 Safari/537.36"
2409:8a00:6005:a9eb:4c35:f3c0:1293:a7a - - [22/Aug/2026:05:11:00 +0800] "GET /2019/02/ HTTP/1.1" 200 21341 "-" "Mozilla/5.0 (Windows NT 10.0; Win64; x64) AppleWebKit/537.36 (KHTML, like Gecko) Chrome/144.0.0.0 Safari/537.36"
2409:876c:2b34::171 - - [22/Aug/2026:05:11:00 +0800] "GET /wp-includes/js/mediaelement/mediaelement-and-player.min.js HTTP/1.1" 200 39802 "https://www.najh.ilc.edu.tw/2023/01/31/" "Mozilla/5.0 (Windows NT 10.0; Win64; x64) AppleWebKit/537.36 (KHTML, like Gecko) Chrome/144.0.0.0 Safari/537.36"
2409:876c:2b34::171 - - [22/Aug/2026:05:11:00 +0800] "GET /wp-includes/js/mediaelement/mediaelement-migrate.min.js HTTP/1.1" 200 1419 "https://www.najh.ilc.edu.tw/2023/01/31/" "Mozilla/5.0 (Windows NT 10.0; Win64; x64) AppleWebKit/537.36 (KHTML, like Gecko) Chrome/144.0.0.0 Safari/537.36"
240e:90e:2000:2006::1288 - - [22/Aug/2026:05:11:00 +0800] "GET /wp-content/cache/www.najh.ilc.edu.tw/wpfc-minified/kz7ju7r3/6wh9.css HTTP/1.1" 200 1496 "https://www.najh.ilc.edu.tw/2023/03/23/%e8%bd%89%e7%9f%a5%e8%bc%94%e8%8b%b1%e7%a7%91%e6%8a%80%e5%a4%a7%e5%ad%b8112%e5%ad%b8%e5%b9%b4%e5%ba%a6%e6%8b%9b%e7%94%9f%e5%ae%a3%e5%82%b3%e6%b5%b7%e5%a0%b1%e3%80%82/" "Mozilla/5.0 (Windows NT 10.0; Win64; x64) AppleWebKit/537.36 (KHTML, like Gecko) Chrome/144.0.0.0 Safari/537.36"
240e:90e:2000:2006::1288 - - [22/Aug/2026:05:11:00 +0800] "GET /wp-content/cache/www.najh.ilc.edu.tw/wpfc-minified/4ybahoo/6wh9.css HTTP/1.1" 200 16121 "https://www.najh.ilc.edu.tw/2023/03/23/%e8%bd%89%e7%9f%a5%e8%bc%94%e8%8b%b1%e7%a7%91%e6%8a%80%e5%a4%a7%e5%ad%b8112%e5%ad%b8%e5%b9%b4%e5%ba%a6%e6%8b%9b%e7%94%9f%e5%ae%a3%e5%82%b3%e6%b5%b7%e5%a0%b1%e3%80%82/" "Mozilla/5.0 (Windows NT 10.0; Win64; x64) AppleWebKit/537.36 (KHTML, like Gecko) Chrome/144.0.0.0 Safari/537.36"
240e:90e:2000:2006::1288 - - [22/Aug/2026:05:11:00 +0800] "GET /wp-content/cache/www.najh.ilc.edu.tw/wpfc-minified/kcxb236g/6wh9.css HTTP/1.1" 200 66147 "https://www.najh.ilc.edu.tw/2023/03/23/%e8%bd%89%e7%9f%a5%e8%bc%94%e8%8b%b1%e7%a7%91%e6%8a%80%e5%a4%a7%e5%ad%b8112%e5%ad%b8%e5%b9%b4%e5%ba%a6%e6%8b%9b%e7%94%9f%e5%ae%a3%e5%82%b3%e6%b5%b7%e5%a0%b1%e3%80%82/" "Mozilla/5.0 (Windows NT 10.0; Win64; x64) AppleWebKit/537.36 (KHTML, like Gecko) Chrome/144.0.0.0 Safari/537.36"
240e:90e:2000:2006::1288 - - [22/Aug/2026:05:11:00 +0800] "GET /wp-content/cache/www.najh.ilc.edu.tw/wpfc-minified/2b17nkg1/6wh9.js HTTP/1.1" 200 6441 "https://www.najh.ilc.edu.tw/2023/03/23/%e8%bd%89%e7%9f%a5%e8%bc%94%e8%8b%b1%e7%a7%91%e6%8a%80%e5%a4%a7%e5%ad%b8112%e5%ad%b8%e5%b9%b4%e5%ba%a6%e6%8b%9b%e7%94%9f%e5%ae%a3%e5%82%b3%e6%b5%b7%e5%a0%b1%e3%80%82/" "Mozilla/5.0 (Windows NT 10.0; Win64; x64) AppleWebKit/537.36 (KHTML, like Gecko) Chrome/144.0.0.0 Safari/537.36"
240e:90e:2000:2006::1288 - - [22/Aug/2026:05:11:00 +0800] "GET /wp-content/cache/www.najh.ilc.edu.tw/wpfc-minified/k0kc5650/6wh9.js HTTP/1.1" 200 40360 "https://www.najh.ilc.edu.tw/2023/03/23/%e8%bd%89%e7%9f%a5%e8%bc%94%e8%8b%b1%e7%a7%91%e6%8a%80%e5%a4%a7%e5%ad%b8112%e5%ad%b8%e5%b9%b4%e5%ba%a6%e6%8b%9b%e7%94%9f%e5%ae%a3%e5%82%b3%e6%b5%b7%e5%a0%b1%e3%80%82/" "Mozilla/5.0 (Windows NT 10.0; Win64; x64) AppleWebKit/537.36 (KHTML, like Gecko) Chrome/144.0.0.0 Safari/537.36"
240e:90e:2000:2006::1288 - - [22/Aug/2026:05:11:00 +0800] "GET /wp-content/cache/www.najh.ilc.edu.tw/wpfc-minified/87xhsi2d/6wh9.css HTTP/1.1" 200 4322 "https://www.najh.ilc.edu.tw/2023/03/23/%e8%bd%89%e7%9f%a5%e8%bc%94%e8%8b%b1%e7%a7%91%e6%8a%80%e5%a4%a7%e5%ad%b8112%e5%ad%b8%e5%b9%b4%e5%ba%a6%e6%8b%9b%e7%94%9f%e5%ae%a3%e5%82%b3%e6%b5%b7%e5%a0%b1%e3%80%82/" "Mozilla/5.0 (Windows NT 10.0; Win64; x64) AppleWebKit/537.36 (KHTML, like Gecko) Chrome/144.0.0.0 Safari/537.36"
240e:90e:2000:2006::12c9 - - [22/Aug/2026:05:11:00 +0800] "GET /wp-content/cache/www.najh.ilc.edu.tw/wpfc-minified/87xhsi2d/6wh9.css HTTP/1.1" 200 4322 "https://www.najh.ilc.edu.tw/author/nanahua/" "Mozilla/5.0 (Windows NT 10.0; Win64; x64) AppleWebKit/537.36 (KHTML, like Gecko) Chrome/144.0.0.0 Safari/537.36"
2409:876c:2b34::171 - - [22/Aug/2026:05:11:01 +0800] "GET /wp-includes/js/mediaelement/wp-mediaelement.min.js HTTP/1.1" 200 1417 "https://www.najh.ilc.edu.tw/2023/01/31/" "Mozilla/5.0 (Windows NT 10.0; Win64; x64) AppleWebKit/537.36 (KHTML, like Gecko) Chrome/144.0.0.0 Safari/537.36"
2409:8738:816:120::88 - - [22/Aug/2026:05:10:58 +0800] "GET /favicon.ico HTTP/1.1" 302 1050 "https://ee.ilc.edu.tw/category/c-7294/c-77058/" "Mozilla/5.0 (Windows NT 10.0; Win64; x64) AppleWebKit/537.36 (KHTML, like Gecko) Chrome/144.0.0.0 Safari/537.36"
240e:90e:2000:2006::1288 - - [22/Aug/2026:05:11:01 +0800] "GET /wp-includes/js/hoverintent-js.min.js HTTP/1.1" 200 1597 "https://www.najh.ilc.edu.tw/2023/03/23/%e8%bd%89%e7%9f%a5%e8%bc%94%e8%8b%b1%e7%a7%91%e6%8a%80%e5%a4%a7%e5%ad%b8112%e5%ad%b8%e5%b9%b4%e5%ba%a6%e6%8b%9b%e7%94%9f%e5%ae%a3%e5%82%b3%e6%b5%b7%e5%a0%b1%e3%80%82/" "Mozilla/5.0 (Windows NT 10.0; Win64; x64) AppleWebKit/537.36 (KHTML, like Gecko) Chrome/144.0.0.0 Safari/537.36"
240e:90e:2000:2006::12c9 - - [22/Aug/2026:05:11:01 +0800] "GET /wp-content/themes/oceanwp/assets/fonts/fontawesome/webfonts/fa-solid-900.woff2 HTTP/1.1" 200 151246 "https://www.najh.ilc.edu.tw/wp-content/cache/www.najh.ilc.edu.tw/wpfc-minified/kcxb236g/6wh9.css" "Mozilla/5.0 (Windows NT 10.0; Win64; x64) AppleWebKit/537.36 (KHTML, like Gecko) Chrome/144.0.0.0 Safari/537.36"
240e:90e:2000:2006::1288 - - [22/Aug/2026:05:11:01 +0800] "GET /wp-includes/js/admin-bar.min.js HTTP/1.1" 200 2237 "https://www.najh.ilc.edu.tw/2023/03/23/%e8%bd%89%e7%9f%a5%e8%bc%94%e8%8b%b1%e7%a7%91%e6%8a%80%e5%a4%a7%e5%ad%b8112%e5%ad%b8%e5%b9%b4%e5%ba%a6%e6%8b%9b%e7%94%9f%e5%ae%a3%e5%82%b3%e6%b5%b7%e5%a0%b1%e3%80%82/" "Mozilla/5.0 (Windows NT 10.0; Win64; x64) AppleWebKit/537.36 (KHTML, like Gecko) Chrome/144.0.0.0 Safari/537.36"
2409:8738:816:120::88 - - [22/Aug/2026:05:11:01 +0800] "GET /wp-includes/images/w-logo-blue-white-bg.png HTTP/1.1" 200 4946 "https://ee.ilc.edu.tw/category/c-7294/c-77058/" "Mozilla/5.0 (Windows NT 10.0; Win64; x64) AppleWebKit/537.36 (KHTML, like Gecko) Chrome/144.0.0.0 Safari/537.36"
2409:876c:2b34::171 - - [22/Aug/2026:05:11:01 +0800] "GET /wp-includes/js/mediaelement/renderers/vimeo.min.js HTTP/1.1" 200 3164 "https://www.najh.ilc.edu.tw/2023/01/31/" "Mozilla/5.0 (Windows NT 10.0; Win64; x64) AppleWebKit/537.36 (KHTML, like Gecko) Chrome/144.0.0.0 Safari/537.36"
240e:90e:2000:2006::1288 - - [22/Aug/2026:05:11:01 +0800] "GET /wp-includes/js/imagesloaded.min.js HTTP/1.1" 200 2683 "https://www.najh.ilc.edu.tw/2023/03/23/%e8%bd%89%e7%9f%a5%e8%bc%94%e8%8b%b1%e7%a7%91%e6%8a%80%e5%a4%a7%e5%ad%b8112%e5%ad%b8%e5%b9%b4%e5%ba%a6%e6%8b%9b%e7%94%9f%e5%ae%a3%e5%82%b3%e6%b5%b7%e5%a0%b1%e3%80%82/" "Mozilla/5.0 (Windows NT 10.0; Win64; x64) AppleWebKit/537.36 (KHTML, like Gecko) Chrome/144.0.0.0 Safari/537.36"
240e:90e:2000:2006::1288 - - [22/Aug/2026:05:11:01 +0800] "GET /wp-content/themes/oceanwp/assets/js/theme.min.js HTTP/1.1" 200 5130 "https://www.najh.ilc.edu.tw/2023/03/23/%e8%bd%89%e7%9f%a5%e8%bc%94%e8%8b%b1%e7%a7%91%e6%8a%80%e5%a4%a7%e5%ad%b8112%e5%ad%b8%e5%b9%b4%e5%ba%a6%e6%8b%9b%e7%94%9f%e5%ae%a3%e5%82%b3%e6%b5%b7%e5%a0%b1%e3%80%82/" "Mozilla/5.0 (Windows NT 10.0; Win64; x64) AppleWebKit/537.36 (KHTML, like Gecko) Chrome/144.0.0.0 Safari/537.36"
240e:90e:2000:2006::1288 - - [22/Aug/2026:05:11:01 +0800] "GET /wp-content/themes/oceanwp/assets/js/drop-down-mobile-menu.min.js HTTP/1.1" 200 4663 "https://www.najh.ilc.edu.tw/2023/03/23/%e8%bd%89%e7%9f%a5%e8%bc%94%e8%8b%b1%e7%a7%91%e6%8a%80%e5%a4%a7%e5%ad%b8112%e5%ad%b8%e5%b9%b4%e5%ba%a6%e6%8b%9b%e7%94%9f%e5%ae%a3%e5%82%b3%e6%b5%b7%e5%a0%b1%e3%80%82/" "Mozilla/5.0 (Windows NT 10.0; Win64; x64) AppleWebKit/537.36 (KHTML, like Gecko) Chrome/144.0.0.0 Safari/537.36"
2409:876c:2b34::171 - - [22/Aug/2026:05:11:02 +0800] "GET /wp-content/themes/oceanwp/assets/fonts/fontawesome/webfonts/fa-solid-900.woff2 HTTP/1.1" 200 151246 "https://www.najh.ilc.edu.tw/wp-content/cache/www.najh.ilc.edu.tw/wpfc-minified/kcxb236g/6wh9.css" "Mozilla/5.0 (Windows NT 10.0; Win64; x64) AppleWebKit/537.36 (KHTML, like Gecko) Chrome/144.0.0.0 Safari/537.36"
240e:90e:2000:2006::1288 - - [22/Aug/2026:05:11:02 +0800] "GET /wp-content/themes/oceanwp/assets/js/drop-down-search.min.js HTTP/1.1" 200 2968 "https://www.najh.ilc.edu.tw/2023/03/23/%e8%bd%89%e7%9f%a5%e8%bc%94%e8%8b%b1%e7%a7%91%e6%8a%80%e5%a4%a7%e5%ad%b8112%e5%ad%b8%e5%b9%b4%e5%ba%a6%e6%8b%9b%e7%94%9f%e5%ae%a3%e5%82%b3%e6%b5%b7%e5%a0%b1%e3%80%82/" "Mozilla/5.0 (Windows NT 10.0; Win64; x64) AppleWebKit/537.36 (KHTML, like Gecko) Chrome/144.0.0.0 Safari/537.36"
240e:90e:2000:2006::1288 - - [22/Aug/2026:05:11:02 +0800] "GET /wp-content/themes/oceanwp/assets/js/vendors/magnific-popup.min.js HTTP/1.1" 200 8270 "https://www.najh.ilc.edu.tw/2023/03/23/%e8%bd%89%e7%9f%a5%e8%bc%94%e8%8b%b1%e7%a7%91%e6%8a%80%e5%a4%a7%e5%ad%b8112%e5%ad%b8%e5%b9%b4%e5%ba%a6%e6%8b%9b%e7%94%9f%e5%ae%a3%e5%82%b3%e6%b5%b7%e5%a0%b1%e3%80%82/" "Mozilla/5.0 (Windows NT 10.0; Win64; x64) AppleWebKit/537.36 (KHTML, like Gecko) Chrome/144.0.0.0 Safari/537.36"
240e:90e:2000:2006::1288 - - [22/Aug/2026:05:11:02 +0800] "GET /wp-content/themes/oceanwp/assets/js/ow-lightbox.min.js HTTP/1.1" 200 2321 "https://www.najh.ilc.edu.tw/2023/03/23/%e8%bd%89%e7%9f%a5%e8%bc%94%e8%8b%b1%e7%a7%91%e6%8a%80%e5%a4%a7%e5%ad%b8112%e5%ad%b8%e5%b9%b4%e5%ba%a6%e6%8b%9b%e7%94%9f%e5%ae%a3%e5%82%b3%e6%b5%b7%e5%a0%b1%e3%80%82/" "Mozilla/5.0 (Windows NT 10.0; Win64; x64) AppleWebKit/537.36 (KHTML, like Gecko) Chrome/144.0.0.0 Safari/537.36"
240e:90e:2000:2006::1288 - - [22/Aug/2026:05:11:02 +0800] "GET /wp-content/themes/oceanwp/assets/js/vendors/flickity.pkgd.min.js HTTP/1.1" 200 15048 "https://www.najh.ilc.edu.tw/2023/03/23/%e8%bd%89%e7%9f%a5%e8%bc%94%e8%8b%b1%e7%a7%91%e6%8a%80%e5%a4%a7%e5%ad%b8112%e5%ad%b8%e5%b9%b4%e5%ba%a6%e6%8b%9b%e7%94%9f%e5%ae%a3%e5%82%b3%e6%b5%b7%e5%a0%b1%e3%80%82/" "Mozilla/5.0 (Windows NT 10.0; Win64; x64) AppleWebKit/537.36 (KHTML, like Gecko) Chrome/144.0.0.0 Safari/537.36"
240e:90e:2000:2006::1288 - - [22/Aug/2026:05:11:02 +0800] "GET /wp-content/themes/oceanwp/assets/fonts/fontawesome/webfonts/fa-solid-900.woff2 HTTP/1.1" 200 151246 "https://www.najh.ilc.edu.tw/wp-content/cache/www.najh.ilc.edu.tw/wpfc-minified/kcxb236g/6wh9.css" "Mozilla/5.0 (Windows NT 10.0; Win64; x64) AppleWebKit/537.36 (KHTML, like Gecko) Chrome/144.0.0.0 Safari/537.36"
2409:876c:2b34::171 - - [22/Aug/2026:05:11:02 +0800] "GET /wp-content/themes/oceanwp/assets/fonts/simple-line-icons/Simple-Line-Icons.woff2?v=2.4.0 HTTP/1.1" 200 30959 "https://www.najh.ilc.edu.tw/wp-content/cache/www.najh.ilc.edu.tw/wpfc-minified/kcxb236g/6wh9.css" "Mozilla/5.0 (Windows NT 10.0; Win64; x64) AppleWebKit/537.36 (KHTML, like Gecko) Chrome/144.0.0.0 Safari/537.36"
240e:90e:2000:2006::1288 - - [22/Aug/2026:05:11:02 +0800] "POST /wp-json/ilc-summary/v1/popular-posts HTTP/1.1" 201 1270 "https://www.najh.ilc.edu.tw/2023/03/23/%e8%bd%89%e7%9f%a5%e8%bc%94%e8%8b%b1%e7%a7%91%e6%8a%80%e5%a4%a7%e5%ad%b8112%e5%ad%b8%e5%b9%b4%e5%ba%a6%e6%8b%9b%e7%94%9f%e5%ae%a3%e5%82%b3%e6%b5%b7%e5%a0%b1%e3%80%82/" "Mozilla/5.0 (Windows NT 10.0; Win64; x64) AppleWebKit/537.36 (KHTML, like Gecko) Chrome/144.0.0.0 Safari/537.36"
240e:332:1217:2700:ded8:7cff:fe27:30e3 - - [22/Aug/2026:05:11:02 +0800] "GET /wp-content/cache/www.najh.ilc.edu.tw/wpfc-minified/kz7ju7r3/6wh9.css HTTP/1.1" 200 5959 "https://www.najh.ilc.edu.tw/category/%E4%BA%BA%E4%BA%8B%E5%AE%A4/" "Mozilla/5.0 (Windows NT 10.0; Win64; x64) AppleWebKit/537.36 (KHTML, like Gecko) Chrome/144.0.0.0 Safari/537.36"
240e:90e:2000:2006::12c9 - - [22/Aug/2026:05:11:02 +0800] "GET /wp-content/themes/oceanwp/assets/fonts/simple-line-icons/Simple-Line-Icons.woff2?v=2.4.0 HTTP/1.1" 200 30959 "https://www.najh.ilc.edu.tw/wp-content/cache/www.najh.ilc.edu.tw/wpfc-minified/kcxb236g/6wh9.css" "Mozilla/5.0 (Windows NT 10.0; Win64; x64) AppleWebKit/537.36 (KHTML, like Gecko) Chrome/144.0.0.0 Safari/537.36"
240e:90e:2000:2006::1288 - - [22/Aug/2026:05:11:02 +0800] "GET /wp-content/themes/oceanwp/assets/js/ow-slider.min.js HTTP/1.1" 200 1761 "https://www.najh.ilc.edu.tw/2023/03/23/%e8%bd%89%e7%9f%a5%e8%bc%94%e8%8b%b1%e7%a7%91%e6%8a%80%e5%a4%a7%e5%ad%b8112%e5%ad%b8%e5%b9%b4%e5%ba%a6%e6%8b%9b%e7%94%9f%e5%ae%a3%e5%82%b3%e6%b5%b7%e5%a0%b1%e3%80%82/" "Mozilla/5.0 (Windows NT 10.0; Win64; x64) AppleWebKit/537.36 (KHTML, like Gecko) Chrome/144.0.0.0 Safari/537.36"
240e:332:1217:2700:ded8:7cff:fe27:30e3 - - [22/Aug/2026:05:11:02 +0800] "GET /wp-content/cache/www.najh.ilc.edu.tw/wpfc-minified/kcxb236g/6wh9.css HTTP/1.1" 200 66147 "https://www.najh.ilc.edu.tw/category/%E4%BA%BA%E4%BA%8B%E5%AE%A4/" "Mozilla/5.0 (Windows NT 10.0; Win64; x64) AppleWebKit/537.36 (KHTML, like Gecko) Chrome/144.0.0.0 Safari/537.36"
240e:90e:2000:2006::1288 - - [22/Aug/2026:05:11:02 +0800] "GET /wp-content/themes/oceanwp/assets/js/scroll-effect.min.js HTTP/1.1" 200 4127 "https://www.najh.ilc.edu.tw/2023/03/23/%e8%bd%89%e7%9f%a5%e8%bc%94%e8%8b%b1%e7%a7%91%e6%8a%80%e5%a4%a7%e5%ad%b8112%e5%ad%b8%e5%b9%b4%e5%ba%a6%e6%8b%9b%e7%94%9f%e5%ae%a3%e5%82%b3%e6%b5%b7%e5%a0%b1%e3%80%82/" "Mozilla/5.0 (Windows NT 10.0; Win64; x64) AppleWebKit/537.36 (KHTML, like Gecko) Chrome/144.0.0.0 Safari/537.36"
240e:332:1217:2700:ded8:7cff:fe27:30e3 - - [22/Aug/2026:05:11:02 +0800] "GET /wp-content/cache/www.najh.ilc.edu.tw/wpfc-minified/k0kc5650/6wh9.js HTTP/1.1" 200 40360 "https://www.najh.ilc.edu.tw/category/%E4%BA%BA%E4%BA%8B%E5%AE%A4/" "Mozilla/5.0 (Windows NT 10.0; Win64; x64) AppleWebKit/537.36 (KHTML, like Gecko) Chrome/144.0.0.0 Safari/537.36"
240e:90e:2000:2006::1288 - - [22/Aug/2026:05:11:02 +0800] "GET /wp-content/themes/oceanwp/assets/js/scroll-top.min.js HTTP/1.1" 200 3202 "https://www.najh.ilc.edu.tw/2023/03/23/%e8%bd%89%e7%9f%a5%e8%bc%94%e8%8b%b1%e7%a7%91%e6%8a%80%e5%a4%a7%e5%ad%b8112%e5%ad%b8%e5%b9%b4%e5%ba%a6%e6%8b%9b%e7%94%9f%e5%ae%a3%e5%82%b3%e6%b5%b7%e5%a0%b1%e3%80%82/" "Mozilla/5.0 (Windows NT 10.0; Win64; x64) AppleWebKit/537.36 (KHTML, like Gecko) Chrome/144.0.0.0 Safari/537.36"
240e:90e:2000:2006::1288 - - [22/Aug/2026:05:11:02 +0800] "GET /wp-content/themes/oceanwp/assets/js/select.min.js HTTP/1.1" 200 2408 "https://www.najh.ilc.edu.tw/2023/03/23/%e8%bd%89%e7%9f%a5%e8%bc%94%e8%8b%b1%e7%a7%91%e6%8a%80%e5%a4%a7%e5%ad%b8112%e5%ad%b8%e5%b9%b4%e5%ba%a6%e6%8b%9b%e7%94%9f%e5%ae%a3%e5%82%b3%e6%b5%b7%e5%a0%b1%e3%80%82/" "Mozilla/5.0 (Windows NT 10.0; Win64; x64) AppleWebKit/537.36 (KHTML, like Gecko) Chrome/144.0.0.0 Safari/537.36"
240e:332:1217:2700:ded8:7cff:fe27:30e3 - - [22/Aug/2026:05:11:02 +0800] "GET /wp-includes/js/hoverintent-js.min.js HTTP/1.1" 200 1597 "https://www.najh.ilc.edu.tw/category/%E4%BA%BA%E4%BA%8B%E5%AE%A4/" "Mozilla/5.0 (Windows NT 10.0; Win64; x64) AppleWebKit/537.36 (KHTML, like Gecko) Chrome/144.0.0.0 Safari/537.36"
240e:90e:2000:2006::1288 - - [22/Aug/2026:05:11:02 +0800] "GET /wp-content/plugins/ocean-extra/includes/widgets/js/flickr.min.js HTTP/1.1" 200 1319 "https://www.najh.ilc.edu.tw/2023/03/23/%e8%bd%89%e7%9f%a5%e8%bc%94%e8%8b%b1%e7%a7%91%e6%8a%80%e5%a4%a7%e5%ad%b8112%e5%ad%b8%e5%b9%b4%e5%ba%a6%e6%8b%9b%e7%94%9f%e5%ae%a3%e5%82%b3%e6%b5%b7%e5%a0%b1%e3%80%82/" "Mozilla/5.0 (Windows NT 10.0; Win64; x64) AppleWebKit/537.36 (KHTML, like Gecko) Chrome/144.0.0.0 Safari/537.36"
240e:90e:2000:2006::12c9 - - [22/Aug/2026:05:11:02 +0800] "GET /wp-includes/js/hoverintent-js.min.js HTTP/1.1" 200 1597 "https://www.najh.ilc.edu.tw/author/nanahua/" "Mozilla/5.0 (Windows NT 10.0; Win64; x64) AppleWebKit/537.36 (KHTML, like Gecko) Chrome/144.0.0.0 Safari/537.36"
240e:90e:2000:2006::1288 - - [22/Aug/2026:05:11:02 +0800] "GET /wp-includes/js/mediaelement/mediaelement-and-player.min.js HTTP/1.1" 200 39802 "https://www.najh.ilc.edu.tw/2023/03/23/%e8%bd%89%e7%9f%a5%e8%bc%94%e8%8b%b1%e7%a7%91%e6%8a%80%e5%a4%a7%e5%ad%b8112%e5%ad%b8%e5%b9%b4%e5%ba%a6%e6%8b%9b%e7%94%9f%e5%ae%a3%e5%82%b3%e6%b5%b7%e5%a0%b1%e3%80%82/" "Mozilla/5.0 (Windows NT 10.0; Win64; x64) AppleWebKit/537.36 (KHTML, like Gecko) Chrome/144.0.0.0 Safari/537.36"
240e:90e:2000:2006::1288 - - [22/Aug/2026:05:11:02 +0800] "GET /wp-includes/js/mediaelement/mediaelement-migrate.min.js HTTP/1.1" 200 1419 "https://www.najh.ilc.edu.tw/2023/03/23/%e8%bd%89%e7%9f%a5%e8%bc%94%e8%8b%b1%e7%a7%91%e6%8a%80%e5%a4%a7%e5%ad%b8112%e5%ad%b8%e5%b9%b4%e5%ba%a6%e6%8b%9b%e7%94%9f%e5%ae%a3%e5%82%b3%e6%b5%b7%e5%a0%b1%e3%80%82/" "Mozilla/5.0 (Windows NT 10.0; Win64; x64) AppleWebKit/537.36 (KHTML, like Gecko) Chrome/144.0.0.0 Safari/537.36"
240e:90e:2000:2006::1288 - - [22/Aug/2026:05:11:02 +0800] "GET /wp-includes/js/mediaelement/wp-mediaelement.min.js HTTP/1.1" 200 1417 "https://www.najh.ilc.edu.tw/2023/03/23/%e8%bd%89%e7%9f%a5%e8%bc%94%e8%8b%b1%e7%a7%91%e6%8a%80%e5%a4%a7%e5%ad%b8112%e5%ad%b8%e5%b9%b4%e5%ba%a6%e6%8b%9b%e7%94%9f%e5%ae%a3%e5%82%b3%e6%b5%b7%e5%a0%b1%e3%80%82/" "Mozilla/5.0 (Windows NT 10.0; Win64; x64) AppleWebKit/537.36 (KHTML, like Gecko) Chrome/144.0.0.0 Safari/537.36"
240e:90e:2000:2006::1288 - - [22/Aug/2026:05:11:02 +0800] "GET /wp-includes/js/mediaelement/renderers/vimeo.min.js HTTP/1.1" 200 3164 "https://www.najh.ilc.edu.tw/2023/03/23/%e8%bd%89%e7%9f%a5%e8%bc%94%e8%8b%b1%e7%a7%91%e6%8a%80%e5%a4%a7%e5%ad%b8112%e5%ad%b8%e5%b9%b4%e5%ba%a6%e6%8b%9b%e7%94%9f%e5%ae%a3%e5%82%b3%e6%b5%b7%e5%a0%b1%e3%80%82/" "Mozilla/5.0 (Windows NT 10.0; Win64; x64) AppleWebKit/537.36 (KHTML, like Gecko) Chrome/144.0.0.0 Safari/537.36"
216.73.216.20 - - [22/Aug/2026:05:11:03 +0800] "GET /robots.txt HTTP/1.1" 200 5547 "-" "Mozilla/5.0 AppleWebKit/537.36 (KHTML, like Gecko; compatible; ClaudeBot/1.0; +claudebot@anthropic.com)"
240e:90e:2000:2006::1288 - - [22/Aug/2026:05:11:03 +0800] "GET /wp-content/themes/oceanwp/assets/fonts/simple-line-icons/Simple-Line-Icons.woff2?v=2.4.0 HTTP/1.1" 200 30959 "https://www.najh.ilc.edu.tw/wp-content/cache/www.najh.ilc.edu.tw/wpfc-minified/kcxb236g/6wh9.css" "Mozilla/5.0 (Windows NT 10.0; Win64; x64) AppleWebKit/537.36 (KHTML, like Gecko) Chrome/144.0.0.0 Safari/537.36"
2001:288:a201::66:125 - - [22/Aug/2026:05:11:03 +0800] "GET /blog/active.php HTTP/1.1" 301 1026 "-" "-"
2001:288:a201::66:125 - - [22/Aug/2026:05:11:03 +0800] "GET /blog/active.php HTTP/1.1" 404 1084 "-" "-"
240e:90e:2000:2006::1288 - - [22/Aug/2026:05:11:03 +0800] "GET /wp-content/themes/oceanwp/assets/fonts/fontawesome/webfonts/fa-regular-400.woff2 HTTP/1.1" 200 25383 "https://www.najh.ilc.edu.tw/wp-content/cache/www.najh.ilc.edu.tw/wpfc-minified/kcxb236g/6wh9.css" "Mozilla/5.0 (Windows NT 10.0; Win64; x64) AppleWebKit/537.36 (KHTML, like Gecko) Chrome/144.0.0.0 Safari/537.36"
240e:90e:2000:2006::12c9 - - [22/Aug/2026:05:11:03 +0800] "GET /wp-includes/js/imagesloaded.min.js HTTP/1.1" 200 2683 "https://www.najh.ilc.edu.tw/author/nanahua/" "Mozilla/5.0 (Windows NT 10.0; Win64; x64) AppleWebKit/537.36 (KHTML, like Gecko) Chrome/144.0.0.0 Safari/537.36"
140.111.67.10 - - [22/Aug/2026:05:11:03 +0800] "GET /" 301 273 "-" "-"
::1 - - [22/Aug/2026:05:11:03 +0800] "OPTIONS * HTTP/1.0" 200 110 "-" "Apache/2.4.68 (Ubuntu) OpenSSL/3.0.19 (internal dummy connection)"
2409:8a00:6005:a9eb:4c35:f3c0:1293:a7a - - [22/Aug/2026:05:11:03 +0800] "GET /wp-content/cache/www.dyes.ilc.edu.tw/wpfc-minified/jz9za5c2/b6h3.css HTTP/1.1" 200 40884 "https://www.dyes.ilc.edu.tw/2019/02/" "Mozilla/5.0 (Windows NT 10.0; Win64; x64) AppleWebKit/537.36 (KHTML, like Gecko) Chrome/144.0.0.0 Safari/537.36"
240e:332:1217:2700:ded8:7cff:fe27:30e3 - - [22/Aug/2026:05:11:03 +0800] "GET /wp-content/themes/oceanwp/assets/js/theme.min.js HTTP/1.1" 200 5130 "https://www.najh.ilc.edu.tw/category/%E4%BA%BA%E4%BA%8B%E5%AE%A4/" "Mozilla/5.0 (Windows NT 10.0; Win64; x64) AppleWebKit/537.36 (KHTML, like Gecko) Chrome/144.0.0.0 Safari/537.36"
240e:332:1217:2700:ded8:7cff:fe27:30e3 - - [22/Aug/2026:05:11:03 +0800] "GET /wp-content/themes/oceanwp/assets/js/drop-down-mobile-menu.min.js HTTP/1.1" 200 4663 "https://www.najh.ilc.edu.tw/category/%E4%BA%BA%E4%BA%8B%E5%AE%A4/" "Mozilla/5.0 (Windows NT 10.0; Win64; x64) AppleWebKit/537.36 (KHTML, like Gecko) Chrome/144.0.0.0 Safari/537.36"
240e:332:1217:2700:ded8:7cff:fe27:30e3 - - [22/Aug/2026:05:11:03 +0800] "GET /wp-content/themes/oceanwp/assets/js/drop-down-search.min.js HTTP/1.1" 200 2968 "https://www.najh.ilc.edu.tw/category/%E4%BA%BA%E4%BA%8B%E5%AE%A4/" "Mozilla/5.0 (Windows NT 10.0; Win64; x64) AppleWebKit/537.36 (KHTML, like Gecko) Chrome/144.0.0.0 Safari/537.36"
240e:90e:2000:2006::12c9 - - [22/Aug/2026:05:11:03 +0800] "GET /wp-content/themes/oceanwp/assets/js/ow-lightbox.min.js HTTP/1.1" 200 2321 "https://www.najh.ilc.edu.tw/author/nanahua/" "Mozilla/5.0 (Windows NT 10.0; Win64; x64) AppleWebKit/537.36 (KHTML, like Gecko) Chrome/144.0.0.0 Safari/537.36"
240e:332:1217:2700:ded8:7cff:fe27:30e3 - - [22/Aug/2026:05:11:03 +0800] "GET /wp-content/themes/oceanwp/assets/fonts/simple-line-icons/Simple-Line-Icons.woff2?v=2.4.0 HTTP/1.1" 200 30959 "https://www.najh.ilc.edu.tw/wp-content/cache/www.najh.ilc.edu.tw/wpfc-minified/kcxb236g/6wh9.css" "Mozilla/5.0 (Windows NT 10.0; Win64; x64) AppleWebKit/537.36 (KHTML, like Gecko) Chrome/144.0.0.0 Safari/537.36"
240e:332:1217:2700:ded8:7cff:fe27:30e3 - - [22/Aug/2026:05:11:03 +0800] "GET /wp-content/themes/oceanwp/assets/js/ow-lightbox.min.js HTTP/1.1" 200 2321 "https://www.najh.ilc.edu.tw/category/%E4%BA%BA%E4%BA%8B%E5%AE%A4/" "Mozilla/5.0 (Windows NT 10.0; Win64; x64) AppleWebKit/537.36 (KHTML, like Gecko) Chrome/144.0.0.0 Safari/537.36"
240e:332:1217:2700:ded8:7cff:fe27:30e3 - - [22/Aug/2026:05:11:03 +0800] "GET /wp-content/themes/oceanwp/assets/js/ow-slider.min.js HTTP/1.1" 200 1761 "https://www.najh.ilc.edu.tw/category/%E4%BA%BA%E4%BA%8B%E5%AE%A4/" "Mozilla/5.0 (Windows NT 10.0; Win64; x64) AppleWebKit/537.36 (KHTML, like Gecko) Chrome/144.0.0.0 Safari/537.36"
240e:90e:2000:2006::12c9 - - [22/Aug/2026:05:11:03 +0800] "GET /wp-content/themes/oceanwp/assets/js/select.min.js HTTP/1.1" 200 2408 "https://www.najh.ilc.edu.tw/author/nanahua/" "Mozilla/5.0 (Windows NT 10.0; Win64; x64) AppleWebKit/537.36 (KHTML, like Gecko) Chrome/144.0.0.0 Safari/537.36"
240e:332:1217:2700:ded8:7cff:fe27:30e3 - - [22/Aug/2026:05:11:04 +0800] "GET /wp-content/themes/oceanwp/assets/js/scroll-effect.min.js HTTP/1.1" 200 4127 "https://www.najh.ilc.edu.tw/category/%E4%BA%BA%E4%BA%8B%E5%AE%A4/" "Mozilla/5.0 (Windows NT 10.0; Win64; x64) AppleWebKit/537.36 (KHTML, like Gecko) Chrome/144.0.0.0 Safari/537.36"
240e:332:1217:2700:ded8:7cff:fe27:30e3 - - [22/Aug/2026:05:11:04 +0800] "GET /wp-content/themes/oceanwp/assets/js/scroll-top.min.js HTTP/1.1" 200 3202 "https://www.najh.ilc.edu.tw/category/%E4%BA%BA%E4%BA%8B%E5%AE%A4/" "Mozilla/5.0 (Windows NT 10.0; Win64; x64) AppleWebKit/537.36 (KHTML, like Gecko) Chrome/144.0.0.0 Safari/537.36"
240e:332:1217:2700:ded8:7cff:fe27:30e3 - - [22/Aug/2026:05:11:04 +0800] "GET /wp-content/plugins/ocean-extra/includes/widgets/js/flickr.min.js HTTP/1.1" 200 1319 "https://www.najh.ilc.edu.tw/category/%E4%BA%BA%E4%BA%8B%E5%AE%A4/" "Mozilla/5.0 (Windows NT 10.0; Win64; x64) AppleWebKit/537.36 (KHTML, like Gecko) Chrome/144.0.0.0 Safari/537.36"
40.77.167.78 - - [22/Aug/2026:05:11:03 +0800] "GET /32745/2021/10/16/%E6%84%9B%E7%9A%84%E6%83%85%E7%81%AB-2/ HTTP/1.1" 200 92466 "-" "Mozilla/5.0 AppleWebKit/537.36 (KHTML, like Gecko; compatible; bingbot/2.0; +http://www.bing.com/bingbot.htm) Chrome/116.0.1938.76 Safari/537.36"
240e:90e:2000:2006::12c9 - - [22/Aug/2026:05:11:04 +0800] "GET /wp-includes/js/mediaelement/wp-mediaelement.min.js HTTP/1.1" 200 1417 "https://www.najh.ilc.edu.tw/author/nanahua/" "Mozilla/5.0 (Windows NT 10.0; Win64; x64) AppleWebKit/537.36 (KHTML, like Gecko) Chrome/144.0.0.0 Safari/537.36"
52.54.15.103 - - [22/Aug/2026:05:11:04 +0800] "GET /wp-content/uploads/sites/1571/2021/06/ HTTP/1.1" 200 1114 "-" "Mozilla/5.0 AppleWebKit/537.36 (KHTML, like Gecko; compatible; Amazonbot/0.1; +https://developer.amazon.com/support/amazonbot) Chrome/119.0.6045.214 Safari/537.36"
2405:acc0:1306:705b:6cb1:df4c:a9d1:d01f - - [22/Aug/2026:05:11:04 +0800] "GET /feed/ HTTP/1.1" 200 9214 "-" "Mozilla/5.0 (Windows NT 10.0; Win64; x64) AppleWebKit/537.36 (KHTML, like Gecko) Chrome/110.0.0.0 Safari/537.36"
240e:332:1217:2700:ded8:7cff:fe27:30e3 - - [22/Aug/2026:05:11:04 +0800] "GET /wp-includes/js/mediaelement/mediaelement-migrate.min.js HTTP/1.1" 200 1419 "https://www.najh.ilc.edu.tw/category/%E4%BA%BA%E4%BA%8B%E5%AE%A4/" "Mozilla/5.0 (Windows NT 10.0; Win64; x64) AppleWebKit/537.36 (KHTML, like Gecko) Chrome/144.0.0.0 Safari/537.36"
23.21.148.226 - - [22/Aug/2026:05:11:04 +0800] "GET /32745/wp-json/oembed/1.0/embed?format=xml&url=https://2blog.ilc.edu.tw/32745/2021/09/18/%25e4%25b8%2580%25e6%25b5%2581%25e7%259a%2584-2/ HTTP/1.1" 200 7288 "-" "Mozilla/5.0 AppleWebKit/537.36 (KHTML, like Gecko; compatible; Amazonbot/0.1; +https://developer.amazon.com/support/amazonbot) Chrome/119.0.6045.214 Safari/537.36"
240e:332:1217:2700:ded8:7cff:fe27:30e3 - - [22/Aug/2026:05:11:04 +0800] "GET /wp-includes/js/mediaelement/renderers/vimeo.min.js HTTP/1.1" 200 3164 "https://www.najh.ilc.edu.tw/category/%E4%BA%BA%E4%BA%8B%E5%AE%A4/" "Mozilla/5.0 (Windows NT 10.0; Win64; x64) AppleWebKit/537.36 (KHTML, like Gecko) Chrome/144.0.0.0 Safari/537.36"
2409:8718:6c5a:10ba::2 - - [22/Aug/2026:05:11:02 +0800] "GET /page/13 HTTP/1.1" 301 5770 "-" "Mozilla/5.0 (Windows NT 10.0; Win64; x64) AppleWebKit/537.36 (KHTML, like Gecko) Chrome/144.0.0.0 Safari/537.36"
2409:8718:6c5a:10ba::2 - - [22/Aug/2026:05:11:05 +0800] "GET /page/13/ HTTP/1.1" 200 25978 "-" "Mozilla/5.0 (Windows NT 10.0; Win64; x64) AppleWebKit/537.36 (KHTML, like Gecko) Chrome/144.0.0.0 Safari/537.36"
2409:8a00:6005:a9eb:4c35:f3c0:1293:a7a - - [22/Aug/2026:05:11:05 +0800] "GET /wp-content/cache/www.dyes.ilc.edu.tw/wpfc-minified/e6m5hfib/vlgc.css HTTP/1.1" 200 15976 "https://www.dyes.ilc.edu.tw/2019/02/" "Mozilla/5.0 (Windows NT 10.0; Win64; x64) AppleWebKit/537.36 (KHTML, like Gecko) Chrome/144.0.0.0 Safari/537.36"
::1 - - [22/Aug/2026:05:11:05 +0800] "OPTIONS * HTTP/1.0" 200 110 "-" "Apache/2.4.68 (Ubuntu) OpenSSL/3.0.19 (internal dummy connection)"
57.165.213.78 - - [22/Aug/2026:05:11:05 +0800] "GET /blog/gallery/6523/6523-3308291.docx HTTP/1.1" 404 25284 "-" "Mozilla/5.0 (Windows NT 10.0; Win64; x64) AppleWebKit/537.36 (KHTML, like Gecko) Chrome/89.0.4389.82 Safari/537.36 Edg/89.0.774.48"
2409:8718:6c5a:10ba::2 - - [22/Aug/2026:05:11:05 +0800] "GET /wp-content/cache/www.cwjh.ilc.edu.tw/wpfc-minified/2mrmz3dm/77dd.css HTTP/1.1" 200 40884 "https://www.cwjh.ilc.edu.tw/page/13/" "Mozilla/5.0 (Windows NT 10.0; Win64; x64) AppleWebKit/537.36 (KHTML, like Gecko) Chrome/144.0.0.0 Safari/537.36"
2409:8718:6c5a:10ba::2 - - [22/Aug/2026:05:11:06 +0800] "GET /wp-content/cache/www.cwjh.ilc.edu.tw/wpfc-minified/7957u2ji/77dd.css HTTP/1.1" 200 15782 "https://www.cwjh.ilc.edu.tw/page/13/" "Mozilla/5.0 (Windows NT 10.0; Win64; x64) AppleWebKit/537.36 (KHTML, like Gecko) Chrome/144.0.0.0 Safari/537.36"
52.167.144.146 - - [22/Aug/2026:05:11:06 +0800] "GET / HTTP/1.1" 200 30981 "-" "Mozilla/5.0 AppleWebKit/537.36 (KHTML, like Gecko; compatible; bingbot/2.0; +http://www.bing.com/bingbot.htm) Chrome/116.0.1938.76 Safari/537.36"
2409:8718:6c5a:10ba::2 - - [22/Aug/2026:05:11:06 +0800] "GET /wp-content/cache/www.cwjh.ilc.edu.tw/wpfc-minified/8wopko65/77dd.css HTTP/1.1" 200 1157 "https://www.cwjh.ilc.edu.tw/page/13/" "Mozilla/5.0 (Windows NT 10.0; Win64; x64) AppleWebKit/537.36 (KHTML, like Gecko) Chrome/144.0.0.0 Safari/537.36"
2409:8a00:6005:a9eb:4c35:f3c0:1293:a7a - - [22/Aug/2026:05:11:06 +0800] "GET /wp-content/themes/hueman/assets/front/webfonts/fa-regular-400.woff2?v=5.15.2 HTTP/1.1" 200 14439 "https://www.dyes.ilc.edu.tw/2019/02/" "Mozilla/5.0 (Windows NT 10.0; Win64; x64) AppleWebKit/537.36 (KHTML, like Gecko) Chrome/144.0.0.0 Safari/537.36"
2409:8718:6c5a:10ba::2 - - [22/Aug/2026:05:11:06 +0800] "GET /wp-content/cache/www.cwjh.ilc.edu.tw/wpfc-minified/dhutxct0/77dd.css HTTP/1.1" 200 61345 "https://www.cwjh.ilc.edu.tw/page/13/" "Mozilla/5.0 (Windows NT 10.0; Win64; x64) AppleWebKit/537.36 (KHTML, like Gecko) Chrome/144.0.0.0 Safari/537.36"
::1 - - [22/Aug/2026:05:11:07 +0800] "OPTIONS * HTTP/1.0" 200 110 "-" "Apache/2.4.68 (Ubuntu) OpenSSL/3.0.19 (internal dummy connection)"
2409:8718:6c5a:10ba::2 - - [22/Aug/2026:05:11:07 +0800] "GET /wp-content/themes/oceanwp/assets/js/ow-lightbox.min.js HTTP/1.1" 200 2321 "https://www.cwjh.ilc.edu.tw/page/13/" "Mozilla/5.0 (Windows NT 10.0; Win64; x64) AppleWebKit/537.36 (KHTML, like Gecko) Chrome/144.0.0.0 Safari/537.36"
240e:964:ea05:3:0:1:0:5 - - [22/Aug/2026:05:11:07 +0800] "GET /wp-content/cache/www.sches.ilc.edu.tw/wpfc-minified/mn2dv5dk/796y.js HTTP/1.1" 200 40360 "https://www.sches.ilc.edu.tw/2017/" "Mozilla/5.0 (Windows NT 10.0; Win64; x64) AppleWebKit/537.36 (KHTML, like Gecko) Chrome/144.0.0.0 Safari/537.36"
240e:964:ea05:3:0:1:0:5 - - [22/Aug/2026:05:11:07 +0800] "GET /wp-content/cache/www.sches.ilc.edu.tw/wpfc-minified/g0apozo0/796y.js HTTP/1.1" 200 8254 "https://www.sches.ilc.edu.tw/2017/" "Mozilla/5.0 (Windows NT 10.0; Win64; x64) AppleWebKit/537.36 (KHTML, like Gecko) Chrome/144.0.0.0 Safari/537.36"
240e:964:ea05:3:0:1:0:5 - - [22/Aug/2026:05:11:07 +0800] "GET /wp-includes/js/hoverintent-js.min.js HTTP/1.1" 200 6398 "https://www.sches.ilc.edu.tw/2017/" "Mozilla/5.0 (Windows NT 10.0; Win64; x64) AppleWebKit/537.36 (KHTML, like Gecko) Chrome/144.0.0.0 Safari/537.36"
240e:964:ea05:3:0:1:0:5 - - [22/Aug/2026:05:11:07 +0800] "GET /wp-includes/js/admin-bar.min.js HTTP/1.1" 200 7038 "https://www.sches.ilc.edu.tw/2017/" "Mozilla/5.0 (Windows NT 10.0; Win64; x64) AppleWebKit/537.36 (KHTML, like Gecko) Chrome/144.0.0.0 Safari/537.36"
2409:8718:6c5a:10ba::2 - - [22/Aug/2026:05:11:07 +0800] "GET /wp-content/themes/oceanwp/assets/js/scroll-top.min.js HTTP/1.1" 200 3202 "https://www.cwjh.ilc.edu.tw/page/13/" "Mozilla/5.0 (Windows NT 10.0; Win64; x64) AppleWebKit/537.36 (KHTML, like Gecko) Chrome/144.0.0.0 Safari/537.36"
2001:288:a201::66:125 - - [22/Aug/2026:05:11:08 +0800] "GET /blog/active.php HTTP/1.1" 301 1026 "-" "-"
240e:964:ea05:3:0:1:0:5 - - [22/Aug/2026:05:11:08 +0800] "GET /wp-includes/js/imagesloaded.min.js HTTP/1.1" 200 2683 "https://www.sches.ilc.edu.tw/2017/" "Mozilla/5.0 (Windows NT 10.0; Win64; x64) AppleWebKit/537.36 (KHTML, like Gecko) Chrome/144.0.0.0 Safari/537.36"
240e:964:ea05:3:0:1:0:5 - - [22/Aug/2026:05:11:08 +0800] "GET /wp-content/themes/oceanwp/assets/js/theme.min.js HTTP/1.1" 200 5130 "https://www.sches.ilc.edu.tw/2017/" "Mozilla/5.0 (Windows NT 10.0; Win64; x64) AppleWebKit/537.36 (KHTML, like Gecko) Chrome/144.0.0.0 Safari/537.36"
2001:288:a201::66:125 - - [22/Aug/2026:05:11:08 +0800] "GET /blog/active.php HTTP/1.1" 404 1084 "-" "-"
140.111.67.10 - - [22/Aug/2026:05:11:08 +0800] "GET /" 301 273 "-" "-"
::1 - - [22/Aug/2026:05:11:08 +0800] "OPTIONS * HTTP/1.0" 200 110 "-" "Apache/2.4.68 (Ubuntu) OpenSSL/3.0.19 (internal dummy connection)"
240e:964:ea05:3:0:1:0:5 - - [22/Aug/2026:05:11:08 +0800] "GET /wp-content/themes/oceanwp/assets/js/drop-down-mobile-menu.min.js HTTP/1.1" 200 4663 "https://www.sches.ilc.edu.tw/2017/" "Mozilla/5.0 (Windows NT 10.0; Win64; x64) AppleWebKit/537.36 (KHTML, like Gecko) Chrome/144.0.0.0 Safari/537.36"
240e:964:ea05:3:0:1:0:5 - - [22/Aug/2026:05:11:08 +0800] "GET /wp-content/themes/oceanwp/assets/js/drop-down-search.min.js HTTP/1.1" 200 2968 "https://www.sches.ilc.edu.tw/2017/" "Mozilla/5.0 (Windows NT 10.0; Win64; x64) AppleWebKit/537.36 (KHTML, like Gecko) Chrome/144.0.0.0 Safari/537.36"
23.21.225.190 - - [22/Aug/2026:05:11:08 +0800] "GET /wp-content/uploads/sites/138/2021/10/?C=N;O%3DD HTTP/1.1" 200 1112 "-" "Mozilla/5.0 AppleWebKit/537.36 (KHTML, like Gecko; compatible; Amazonbot/0.1; +https://developer.amazon.com/support/amazonbot) Chrome/119.0.6045.214 Safari/537.36"
240e:964:ea05:3:0:1:0:5 - - [22/Aug/2026:05:11:08 +0800] "GET /wp-content/themes/oceanwp/assets/js/vendors/magnific-popup.min.js HTTP/1.1" 200 8270 "https://www.sches.ilc.edu.tw/2017/" "Mozilla/5.0 (Windows NT 10.0; Win64; x64) AppleWebKit/537.36 (KHTML, like Gecko) Chrome/144.0.0.0 Safari/537.36"
240e:964:ea05:3:0:1:0:5 - - [22/Aug/2026:05:11:08 +0800] "GET /wp-content/themes/oceanwp/assets/js/ow-lightbox.min.js HTTP/1.1" 200 2321 "https://www.sches.ilc.edu.tw/2017/" "Mozilla/5.0 (Windows NT 10.0; Win64; x64) AppleWebKit/537.36 (KHTML, like Gecko) Chrome/144.0.0.0 Safari/537.36"
240e:964:ea05:3:0:1:0:5 - - [22/Aug/2026:05:11:09 +0800] "GET /wp-content/themes/oceanwp/assets/js/ow-slider.min.js HTTP/1.1" 200 1761 "https://www.sches.ilc.edu.tw/2017/" "Mozilla/5.0 (Windows NT 10.0; Win64; x64) AppleWebKit/537.36 (KHTML, like Gecko) Chrome/144.0.0.0 Safari/537.36"
240e:964:ea05:3:0:1:0:5 - - [22/Aug/2026:05:11:09 +0800] "GET /wp-content/themes/oceanwp/assets/js/scroll-effect.min.js HTTP/1.1" 200 4127 "https://www.sches.ilc.edu.tw/2017/" "Mozilla/5.0 (Windows NT 10.0; Win64; x64) AppleWebKit/537.36 (KHTML, like Gecko) Chrome/144.0.0.0 Safari/537.36"
240e:964:ea05:3:0:1:0:5 - - [22/Aug/2026:05:11:09 +0800] "GET /wp-content/themes/oceanwp/assets/js/scroll-top.min.js HTTP/1.1" 200 8003 "https://www.sches.ilc.edu.tw/2017/" "Mozilla/5.0 (Windows NT 10.0; Win64; x64) AppleWebKit/537.36 (KHTML, like Gecko) Chrome/144.0.0.0 Safari/537.36"
240e:964:ea05:3:0:1:0:5 - - [22/Aug/2026:05:11:09 +0800] "GET /wp-content/themes/oceanwp/assets/js/select.min.js HTTP/1.1" 200 2408 "https://www.sches.ilc.edu.tw/2017/" "Mozilla/5.0 (Windows NT 10.0; Win64; x64) AppleWebKit/537.36 (KHTML, like Gecko) Chrome/144.0.0.0 Safari/537.36"
240e:964:ea05:3:0:1:0:5 - - [22/Aug/2026:05:11:09 +0800] "GET /wp-content/plugins/ocean-extra/includes/widgets/js/flickr.min.js HTTP/1.1" 200 1319 "https://www.sches.ilc.edu.tw/2017/" "Mozilla/5.0 (Windows NT 10.0; Win64; x64) AppleWebKit/537.36 (KHTML, like Gecko) Chrome/144.0.0.0 Safari/537.36"
2409:8a00:6005:a9eb:4c35:f3c0:1293:a7a - - [22/Aug/2026:05:11:09 +0800] "GET /wp-content/themes/hueman/assets/front/fonts/titillium-regular-webfont.woff HTTP/1.1" 200 25590 "https://www.dyes.ilc.edu.tw/2019/02/" "Mozilla/5.0 (Windows NT 10.0; Win64; x64) AppleWebKit/537.36 (KHTML, like Gecko) Chrome/144.0.0.0 Safari/537.36"
::1 - - [22/Aug/2026:05:11:09 +0800] "OPTIONS * HTTP/1.0" 200 110 "-" "Apache/2.4.68 (Ubuntu) OpenSSL/3.0.19 (internal dummy connection)"
240e:964:ea05:3:0:1:0:5 - - [22/Aug/2026:05:11:09 +0800] "GET /wp-content/themes/oceanwp/assets/fonts/simple-line-icons/Simple-Line-Icons.woff2?v=2.4.0 HTTP/1.1" 200 30959 "https://www.sches.ilc.edu.tw/wp-content/cache/www.sches.ilc.edu.tw/wpfc-minified/qvhk4q78/c0c79.css" "Mozilla/5.0 (Windows NT 10.0; Win64; x64) AppleWebKit/537.36 (KHTML, like Gecko) Chrome/144.0.0.0 Safari/537.36"
240e:964:ea05:3:0:1:0:5 - - [22/Aug/2026:05:11:09 +0800] "GET /wp-includes/js/dist/dom-ready.min.js HTTP/1.1" 200 1199 "https://www.sches.ilc.edu.tw/2017/" "Mozilla/5.0 (Windows NT 10.0; Win64; x64) AppleWebKit/537.36 (KHTML, like Gecko) Chrome/144.0.0.0 Safari/537.36"
240e:964:ea05:3:0:1:0:5 - - [22/Aug/2026:05:11:09 +0800] "GET /wp-includes/js/dist/hooks.min.js HTTP/1.1" 200 2421 "https://www.sches.ilc.edu.tw/2017/" "Mozilla/5.0 (Windows NT 10.0; Win64; x64) AppleWebKit/537.36 (KHTML, like Gecko) Chrome/144.0.0.0 Safari/537.36"
240e:964:ea05:3:0:1:0:5 - - [22/Aug/2026:05:11:09 +0800] "GET /wp-includes/js/dist/i18n.min.js HTTP/1.1" 200 4547 "https://www.sches.ilc.edu.tw/2017/" "Mozilla/5.0 (Windows NT 10.0; Win64; x64) AppleWebKit/537.36 (KHTML, like Gecko) Chrome/144.0.0.0 Safari/537.36"
240e:964:ea05:3:0:1:0:5 - - [22/Aug/2026:05:11:09 +0800] "GET /wp-includes/js/dist/a11y.min.js HTTP/1.1" 200 1829 "https://www.sches.ilc.edu.tw/2017/" "Mozilla/5.0 (Windows NT 10.0; Win64; x64) AppleWebKit/537.36 (KHTML, like Gecko) Chrome/144.0.0.0 Safari/537.36"
240e:964:ea05:3:0:1:0:5 - - [22/Aug/2026:05:11:09 +0800] "GET /wp-includes/js/wp-custom-header.min.js HTTP/1.1" 200 2488 "https://www.sches.ilc.edu.tw/2017/" "Mozilla/5.0 (Windows NT 10.0; Win64; x64) AppleWebKit/537.36 (KHTML, like Gecko) Chrome/144.0.0.0 Safari/537.36"
::1 - - [22/Aug/2026:05:11:10 +0800] "OPTIONS * HTTP/1.0" 200 110 "-" "Apache/2.4.68 (Ubuntu) OpenSSL/3.0.19 (internal dummy connection)"
2a12:f540:b5ac:5652:1aed:e019:88ec:9a4 - - [22/Aug/2026:05:11:10 +0800] "GET /3860/2013/06/01/%e5%87%ba%e4%be%86-tshut-lai-%e6%87%89%e8%a9%b2%e6%a8%99%e7%a4%ba%e7%82%batshut-lai/ HTTP/1.1" 200 29615 "-" "Mozilla/5.0 (Macintosh; Intel Mac OS X 10_15_7) AppleWebKit/537.36 (KHTML, like Gecko) Chrome/124.0.0.0 Safari/537.36"
::1 - - [22/Aug/2026:05:11:11 +0800] "OPTIONS * HTTP/1.0" 200 110 "-" "Apache/2.4.68 (Ubuntu) OpenSSL/3.0.19 (internal dummy connection)"
18.214.124.6 - - [22/Aug/2026:05:11:12 +0800] "GET /6543/2015/11/11/104-%E6%95%99%E5%AD%B8%E8%88%87%E5%AE%A3%E5%B0%8E%E6%B4%BB%E5%8B%95-8-%E5%AE%88%E8%AD%B7%E5%8D%97%E6%BA%AA%E6%B4%BB%E5%8B%95/ HTTP/1.1" 200 16612 "-" "Mozilla/5.0 AppleWebKit/537.36 (KHTML, like Gecko; compatible; Amazonbot/0.1; +https://developer.amazon.com/support/amazonbot) Chrome/119.0.6045.214 Safari/537.36"
::1 - - [22/Aug/2026:05:11:12 +0800] "OPTIONS * HTTP/1.0" 200 110 "-" "Apache/2.4.68 (Ubuntu) OpenSSL/3.0.19 (internal dummy connection)"
44.223.116.180 - - [22/Aug/2026:05:11:12 +0800] "GET /wp-content/uploads/sites/3137/6498/previews-med/?C=D;O%3DA HTTP/1.1" 200 12918 "-" "Mozilla/5.0 AppleWebKit/537.36 (KHTML, like Gecko; compatible; Amazonbot/0.1; +https://developer.amazon.com/support/amazonbot) Chrome/119.0.6045.214 Safari/537.36"
2001:288:a201::66:125 - - [22/Aug/2026:05:11:13 +0800] "GET /blog/active.php HTTP/1.1" 301 1026 "-" "-"
2001:288:a201::66:125 - - [22/Aug/2026:05:11:13 +0800] "GET /blog/active.php HTTP/1.1" 404 1084 "-" "-"
140.111.67.10 - - [22/Aug/2026:05:11:13 +0800] "GET /" 301 273 "-" "-"
::1 - - [22/Aug/2026:05:11:13 +0800] "OPTIONS * HTTP/1.0" 200 110 "-" "Apache/2.4.68 (Ubuntu) OpenSSL/3.0.19 (internal dummy connection)"
