34.171.68.95 - - [22/Aug/2026:05:16:38 +0800] "GET /26150/2021/07/26/110%E5%B9%B4%E5%B9%B8%E7%A6%8F%E5%AE%B6%E5%BA%AD%E7%A9%BA%E4%B8%AD%E8%AC%9B%E5%A0%82%E7%AC%AC30%E9%9B%86-_%E4%BB%A3%E9%96%93%E5%85%B1%E5%AD%B8%E3%80%81%E5%85%B1%E8%9E%8D%E8%88%87%E7%B6%93%E9%A9%97/ HTTP/1.1" 200 22938 "-" "Mozilla/5.0 (Macintosh; Intel Mac OS X 10_15_7) AppleWebKit/537.36 (KHTML, like Gecko) Chrome/120.0.0.0 Safari/537.36"
176.20.197.209 - - [22/Aug/2026:05:16:41 +0800] "GET /rainbow123/wp-content/uploads/sites/3901/2024/04/DSCN0865-300x225.jpg HTTP/1.1" 200 21750 "-" "Mozilla/5.0 (compatible; crawler)"
40.77.167.70 - - [22/Aug/2026:05:16:40 +0800] "GET /32745/2020/06/06/%E7%81%AB%E8%BB%8A%E4%BD%97%E4%BD%8D%E5%8E%BB/ HTTP/1.1" 200 92956 "-" "Mozilla/5.0 AppleWebKit/537.36 (KHTML, like Gecko; compatible; bingbot/2.0; +http://www.bing.com/bingbot.htm) Chrome/116.0.1938.76 Safari/537.36"
2001:288:a201::67:82 - - [22/Aug/2026:05:16:39 +0800] "POST /26150/2021/07/26/110%E5%B9%B4%E5%B9%B8%E7%A6%8F%E5%AE%B6%E5%BA%AD%E7%A9%BA%E4%B8%AD%E8%AC%9B%E5%A0%82%E7%AC%AC30%E9%9B%86-_%E4%BB%A3%E9%96%93%E5%85%B1%E5%AD%B8%E3%80%81%E5%85%B1%E8%9E%8D%E8%88%87%E7%B6%93%E9%A9%97/?fsm_edd_37394=d8deb26d7f425c4615fac36e09bce9a9 HTTP/1.1" 200 13008 "-" "WordPress/6.6.7; https://2blog.ilc.edu.tw/26150"
::1 - - [22/Aug/2026:05:16:42 +0800] "OPTIONS * HTTP/1.0" 200 110 "-" "Apache/2.4.68 (Ubuntu) OpenSSL/3.0.19 (internal dummy connection)"
::1 - - [22/Aug/2026:05:16:43 +0800] "OPTIONS * HTTP/1.0" 200 110 "-" "Apache/2.4.68 (Ubuntu) OpenSSL/3.0.19 (internal dummy connection)"
2001:288:a201::66:125 - - [22/Aug/2026:05:16:43 +0800] "GET /blog/active.php HTTP/1.1" 301 1026 "-" "-"
2001:288:a201::66:125 - - [22/Aug/2026:05:16:43 +0800] "GET /blog/active.php HTTP/1.1" 404 1084 "-" "-"
140.111.67.10 - - [22/Aug/2026:05:16:43 +0800] "GET /" 301 273 "-" "-"
::1 - - [22/Aug/2026:05:16:44 +0800] "OPTIONS * HTTP/1.0" 200 110 "-" "Apache/2.4.68 (Ubuntu) OpenSSL/3.0.19 (internal dummy connection)"
::1 - - [22/Aug/2026:05:16:45 +0800] "OPTIONS * HTTP/1.0" 200 110 "-" "Apache/2.4.68 (Ubuntu) OpenSSL/3.0.19 (internal dummy connection)"
43.165.67.251 - - [22/Aug/2026:05:16:46 +0800] "GET / HTTP/1.1" 200 15169 "-" "Mozilla/5.0 (iPhone; CPU iPhone OS 18_3_2 like Mac OS X) AppleWebKit/605.1.15 (KHTML, like Gecko) Version/18.3.1 Mobile/15E148 Safari/604.1"
203.176.124.232 - - [22/Aug/2026:05:16:46 +0800] "GET /wp-content/cache/www.cwjh.ilc.edu.tw/wpfc-minified/maasr2g4/7pscy.css HTTP/1.1" 200 54402 "https://www.cwjh.ilc.edu.tw/2020/03/17/%e5%a3%af%e5%9c%8d%e5%9c%8b%e4%b8%ad%e7%b7%9a%e4%b8%8a%e8%aa%b2%e7%a8%8b%e5%90%84%e7%8f%ad%e8%99%9b%e6%93%ac%e6%95%99%e5%ae%a4/" "Mozilla/5.0 (Linux; Android 6.0; Nexus 5 Build/MRA58N) AppleWebKit/537.36 (KHTML, like Gecko) Chrome/65.0.3325.181 Mobile Safari/537.36"
40.77.167.28 - - [22/Aug/2026:05:16:46 +0800] "GET /34437/wp-includes/js/hoverintent-js.min.js HTTP/1.1" 200 6423 "https://2blog.ilc.edu.tw/34437/2017/04/05/" "Mozilla/5.0 AppleWebKit/537.36 (KHTML, like Gecko; compatible; bingbot/2.0; +http://www.bing.com/bingbot.htm) Chrome/136.0.0.0 Safari/537.36 AppleWebKit/537.36 (KHTML, like Gecko; compatible; bingbot/2.0; +http://www.bing.com/bingbot.htm) Chrome/116.0.1938.76 Safari/537.36"
18.232.12.157 - - [22/Aug/2026:05:16:47 +0800] "GET /41385/wp-json/wp/v2/posts/39 HTTP/1.1" 200 8441 "-" "Mozilla/5.0 AppleWebKit/537.36 (KHTML, like Gecko; compatible; Amazonbot/0.1; +https://developer.amazon.com/support/amazonbot) Chrome/119.0.6045.214 Safari/537.36"
40.77.167.28 - - [22/Aug/2026:05:16:47 +0800] "GET /34437/wp-content/cache/2blog.ilc.edu.tw/wpfc-minified/d1bervv/5wz1h.js HTTP/1.1" 200 35521 "https://2blog.ilc.edu.tw/34437/2017/04/05/" "Mozilla/5.0 AppleWebKit/537.36 (KHTML, like Gecko; compatible; bingbot/2.0; +http://www.bing.com/bingbot.htm) Chrome/136.0.0.0 Safari/537.36 AppleWebKit/537.36 (KHTML, like Gecko; compatible; bingbot/2.0; +http://www.bing.com/bingbot.htm) Chrome/116.0.1938.76 Safari/537.36"
2001:288:a201::66:125 - - [22/Aug/2026:05:16:48 +0800] "GET /blog/active.php HTTP/1.1" 301 1026 "-" "-"
2001:288:a201::66:125 - - [22/Aug/2026:05:16:48 +0800] "GET /blog/active.php HTTP/1.1" 404 1084 "-" "-"
140.111.67.10 - - [22/Aug/2026:05:16:48 +0800] "GET /" 301 273 "-" "-"
203.176.124.232 - - [22/Aug/2026:05:16:48 +0800] "GET /wp-content/cache/www.cwjh.ilc.edu.tw/wpfc-minified/8wopko65/77dd.css HTTP/1.1" 200 1157 "https://www.cwjh.ilc.edu.tw/2020/03/17/%e5%a3%af%e5%9c%8d%e5%9c%8b%e4%b8%ad%e7%b7%9a%e4%b8%8a%e8%aa%b2%e7%a8%8b%e5%90%84%e7%8f%ad%e8%99%9b%e6%93%ac%e6%95%99%e5%ae%a4/" "Mozilla/5.0 (Linux; Android 6.0; Nexus 5 Build/MRA58N) AppleWebKit/537.36 (KHTML, like Gecko) Chrome/65.0.3325.181 Mobile Safari/537.36"
::1 - - [22/Aug/2026:05:16:49 +0800] "OPTIONS * HTTP/1.0" 200 110 "-" "Apache/2.4.68 (Ubuntu) OpenSSL/3.0.19 (internal dummy connection)"
137.184.97.252 - - [22/Aug/2026:05:16:49 +0800] "GET /blog/gallery/25793/previews-med/25793-2494110.png HTTP/1.1" 301 1094 "http://blog.ilc.edu.tw/" "Mozilla/5.0 (Windows NT 10.0; Win64; x64) AppleWebKit/537.36 (KHTML, like Gecko) Chrome/109.0.0.0 Safari/537.36"
159.89.55.158 - - [22/Aug/2026:05:16:49 +0800] "GET /blog/gallery/2288/previews-med/2288-199424.jpg HTTP/1.1" 301 1088 "http://blog.ilc.edu.tw/" "Mozilla/5.0 (Windows NT 10.0; Win64; x64) AppleWebKit/537.36 (KHTML, like Gecko) Chrome/124.0.0.0 Safari/537.36"
157.230.222.158 - - [22/Aug/2026:05:16:49 +0800] "GET /blog/gallery/4024/previews/4024-3559490.jpg HTTP/1.1" 301 1082 "http://blog.ilc.edu.tw/" "Mozilla/5.0 (Windows NT 10.0; Win64; x64) AppleWebKit/537.36 (KHTML, like Gecko) Chrome/133.0.0.0 Safari/537.36"
157.230.222.158 - - [22/Aug/2026:05:16:49 +0800] "GET /blog/gallery/4024/previews/4024-3919316.jpg HTTP/1.1" 301 1082 "http://blog.ilc.edu.tw/" "Mozilla/5.0 (Windows NT 10.0; Win64; x64) AppleWebKit/537.36 (KHTML, like Gecko) Chrome/111.0.0.0 Safari/537.36"
64.227.19.221 - - [22/Aug/2026:05:16:49 +0800] "GET /blog/gallery/3310/previews-med/3310-1147861.jpg HTTP/1.1" 301 1090 "http://blog.ilc.edu.tw/" "Mozilla/5.0 (Windows NT 10.0; Win64; x64) AppleWebKit/537.36 (KHTML, like Gecko) Chrome/131.0.0.0 Safari/537.36"
203.176.124.232 - - [22/Aug/2026:05:16:49 +0800] "GET /wp-content/uploads/sites/1364/elementor/css/post-2207.css HTTP/1.1" 200 1269 "https://www.cwjh.ilc.edu.tw/2020/03/17/%e5%a3%af%e5%9c%8d%e5%9c%8b%e4%b8%ad%e7%b7%9a%e4%b8%8a%e8%aa%b2%e7%a8%8b%e5%90%84%e7%8f%ad%e8%99%9b%e6%93%ac%e6%95%99%e5%ae%a4/" "Mozilla/5.0 (Linux; Android 6.0; Nexus 5 Build/MRA58N) AppleWebKit/537.36 (KHTML, like Gecko) Chrome/65.0.3325.181 Mobile Safari/537.36"
::1 - - [22/Aug/2026:05:16:50 +0800] "OPTIONS * HTTP/1.0" 200 110 "-" "Apache/2.4.68 (Ubuntu) OpenSSL/3.0.19 (internal dummy connection)"
146.190.65.155 - - [22/Aug/2026:05:16:50 +0800] "GET /blog/gallery/2282/previews-med/2282-895291.jpg HTTP/1.1" 404 25426 "http://blog.ilc.edu.tw/" "Mozilla/5.0 (Windows NT 10.0; Win64; x64) AppleWebKit/537.36 (KHTML, like Gecko) Chrome/131.0.0.0 Safari/537.36"
157.230.225.242 - - [22/Aug/2026:05:16:50 +0800] "GET /blog/gallery/25793/previews-med/25793-2494110.png HTTP/1.1" 404 25426 "http://blog.ilc.edu.tw/" "Mozilla/5.0 (Windows NT 10.0; Win64; x64) AppleWebKit/537.36 (KHTML, like Gecko) Chrome/109.0.0.0 Safari/537.36"
67.207.87.3 - - [22/Aug/2026:05:16:50 +0800] "GET /blog/blog/868/resource/11550/download/121014 HTTP/1.1" 404 25426 "https://2blog.ilc.edu.tw/" "Mozilla/5.0 (Windows NT 10.0; Win64; x64) AppleWebKit/537.36 (KHTML, like Gecko) Chrome/117.0.0.0 Safari/537.36"
157.230.185.165 - - [22/Aug/2026:05:16:50 +0800] "GET /blog/gallery/4024/previews/4024-3919316.jpg HTTP/1.1" 404 25426 "http://blog.ilc.edu.tw/" "Mozilla/5.0 (Windows NT 10.0; Win64; x64) AppleWebKit/537.36 (KHTML, like Gecko) Chrome/111.0.0.0 Safari/537.36"
143.198.168.121 - - [22/Aug/2026:05:16:50 +0800] "GET /blog/gallery/4024/previews/4024-3559490.jpg HTTP/1.1" 404 25426 "http://blog.ilc.edu.tw/" "Mozilla/5.0 (Windows NT 10.0; Win64; x64) AppleWebKit/537.36 (KHTML, like Gecko) Chrome/133.0.0.0 Safari/537.36"
142.93.49.65 - - [22/Aug/2026:05:16:50 +0800] "GET /blog/gallery/22020/22020-1929472.jpg HTTP/1.1" 404 25426 "http://blog.ilc.edu.tw/" "Mozilla/5.0 (Windows NT 10.0; Win64; x64) AppleWebKit/537.36 (KHTML, like Gecko) Chrome/109.0.0.0 Safari/537.36"
161.35.102.48 - - [22/Aug/2026:05:16:50 +0800] "GET /blog/gallery/3310/previews-med/3310-1147861.jpg HTTP/1.1" 404 25426 "http://blog.ilc.edu.tw/" "Mozilla/5.0 (Windows NT 10.0; Win64; x64) AppleWebKit/537.36 (KHTML, like Gecko) Chrome/131.0.0.0 Safari/537.36"
::1 - - [22/Aug/2026:05:16:52 +0800] "OPTIONS * HTTP/1.0" 200 110 "-" "Apache/2.4.68 (Ubuntu) OpenSSL/3.0.19 (internal dummy connection)"
136.119.35.120 - - [22/Aug/2026:05:16:52 +0800] "GET /24659/2015/04/24/1040422%E4%B8%96%E7%95%8C%E5%9C%B0%E7%90%83%E6%97%A5%E6%B4%BB%E5%8B%95%E3%80%90%E8%8A%B1%E5%A9%86%E5%A9%86%E3%80%91%E7%9A%84%E6%95%85%E4%BA%8B/ HTTP/1.1" 200 20191 "-" "Mozilla/5.0 (Macintosh; Intel Mac OS X 10_15_7) AppleWebKit/537.36 (KHTML, like Gecko) Chrome/120.0.0.0 Safari/537.36"
2001:288:a201::66:125 - - [22/Aug/2026:05:16:53 +0800] "GET /blog/active.php HTTP/1.1" 301 1026 "-" "-"
2001:288:a201::66:125 - - [22/Aug/2026:05:16:53 +0800] "GET /blog/active.php HTTP/1.1" 404 1084 "-" "-"
140.111.67.10 - - [22/Aug/2026:05:16:53 +0800] "GET /" 301 273 "-" "-"
2001:288:a201::67:82 - - [22/Aug/2026:05:16:53 +0800] "GET /2373/ HTTP/1.1" 200 21225 "-" "WordPress/6.6.7; https://www.djes.ilc.edu.tw"
2001:288:a201::67:82 - - [22/Aug/2026:05:16:53 +0800] "GET /2373/feed/ HTTP/1.1" 200 23014 "-" "WordPress/6.6.7; https://www.djes.ilc.edu.tw"
52.167.144.141 - - [22/Aug/2026:05:16:53 +0800] "GET /reading-hope/libc01/libc01077.htm HTTP/1.1" 404 79251 "-" "Mozilla/5.0 AppleWebKit/537.36 (KHTML, like Gecko; compatible; bingbot/2.0; +http://www.bing.com/bingbot.htm) Chrome/116.0.1938.76 Safari/537.36"
2a03:2880:f802:49:: - - [22/Aug/2026:05:16:53 +0800] "GET /wp-login.php?key=l4hoo374&_wpnonce=&action=ilc_logout&redirect_to=https%3A%2F%2Fgame.edu.kg HTTP/1.1" 302 8248 "-" "Mozilla/5.0 (Windows NT 10.0; Win64; x64) AppleWebKit/537.36 (KHTML, like Gecko) Chrome/145.0.0.0 Safari/537.36 (compatible; meta-externalagent/1.1 (+https://developers.facebook.com/docs/sharing/webmasters/crawler))"
34.61.96.6 - - [22/Aug/2026:05:16:56 +0800] "GET /2024/07/16/ HTTP/1.1" 200 19327 "-" "Mozilla/5.0 (Macintosh; Intel Mac OS X 10_15_7) AppleWebKit/537.36 (KHTML, like Gecko) Chrome/120.0.0.0 Safari/537.36"
2a10:4a01:5a7c:fac3:7215:a718:11d2:8657 - - [22/Aug/2026:05:16:56 +0800] "GET /26148/ HTTP/1.1" 200 19548 "-" "Mozilla/5.0 (Macintosh; Intel Mac OS X 10_15_7) AppleWebKit/537.36 (KHTML, like Gecko) Chrome/146.0.0.0 Safari/537.36"
34.42.229.145 - - [22/Aug/2026:05:16:57 +0800] "GET /%E6%88%90%E6%9E%9C%E8%80%83%E8%A9%95/%E5%8F%8B%E5%96%84%E6%A0%A1%E5%9C%92%E5%B7%A5%E4%BD%9C%E7%B6%B2/%E6%80%A7%E5%88%A5%E5%B9%B3%E7%AD%89%E6%95%99%E8%82%B2%E8%B3%87%E6%BA%90%E5%B0%88%E5%8D%80/ HTTP/1.1" 200 31083 "-" "Mozilla/5.0 (Macintosh; Intel Mac OS X 10_15_7) AppleWebKit/537.36 (KHTML, like Gecko) Chrome/120.0.0.0 Safari/537.36"
2408:862e:ff:ff31::134 - - [22/Aug/2026:05:16:57 +0800] "GET /2011/03/22 HTTP/1.1" 301 5761 "-" "Mozilla/5.0 (Windows NT 10.0; Win64; x64) AppleWebKit/537.36 (KHTML, like Gecko) Chrome/144.0.0.0 Safari/537.36"
66.249.79.165 - - [22/Aug/2026:05:16:57 +0800] "GET /blog/rss.php?blogId=3860&categoryId=10888 HTTP/1.1" 404 5752 "-" "Mozilla/5.0 (compatible; Googlebot/2.1; +http://www.google.com/bot.html)"
2408:862e:ff:ff31::134 - - [22/Aug/2026:05:16:57 +0800] "GET /2011/03/22/ HTTP/1.1" 200 10669 "-" "Mozilla/5.0 (Windows NT 10.0; Win64; x64) AppleWebKit/537.36 (KHTML, like Gecko) Chrome/144.0.0.0 Safari/537.36"
2001:288:a201::66:125 - - [22/Aug/2026:05:16:58 +0800] "GET /blog/active.php HTTP/1.1" 301 1026 "-" "-"
2001:288:a201::66:125 - - [22/Aug/2026:05:16:58 +0800] "GET /blog/active.php HTTP/1.1" 404 1084 "-" "-"
2408:862e:ff:ff31::134 - - [22/Aug/2026:05:16:58 +0800] "GET /wp-content/cache/ilta.ilc.edu.tw/wpfc-minified/30cml7nx/6wvk.css HTTP/1.1" 200 40877 "https://ilta.ilc.edu.tw/2011/03/22/" "Mozilla/5.0 (Windows NT 10.0; Win64; x64) AppleWebKit/537.36 (KHTML, like Gecko) Chrome/144.0.0.0 Safari/537.36"
140.111.67.10 - - [22/Aug/2026:05:16:58 +0800] "GET /" 301 273 "-" "-"
17.22.237.253 - - [22/Aug/2026:05:16:58 +0800] "GET /6441/wp-content/cache/2blog.ilc.edu.tw/wpfc-minified/1r6loyos/5wvak.js HTTP/1.1" 200 6436 "https://2blog.ilc.edu.tw/6441/2016/09/16/105%e5%ad%b8%e5%b9%b4%e5%ba%a6%e7%92%b0%e6%95%99%e5%af%a6%e6%96%bd%e8%a8%88%e7%95%ab/" "Mozilla/5.0 (Macintosh; Intel Mac OS X 10_15_7) AppleWebKit/605.1.15 (KHTML, like Gecko) Version/17.4 Safari/605.1.15 (Applebot/0.1; +http://www.apple.com/go/applebot)"
2408:862e:ff:ff31::134 - - [22/Aug/2026:05:16:58 +0800] "GET /wp-content/cache/ilta.ilc.edu.tw/wpfc-minified/l07fx5lw/6wvk.css HTTP/1.1" 200 15782 "https://ilta.ilc.edu.tw/2011/03/22/" "Mozilla/5.0 (Windows NT 10.0; Win64; x64) AppleWebKit/537.36 (KHTML, like Gecko) Chrome/144.0.0.0 Safari/537.36"
2408:862e:ff:ff31::134 - - [22/Aug/2026:05:16:59 +0800] "GET /wp-content/cache/ilta.ilc.edu.tw/wpfc-minified/qm0ohmet/6wvk.css HTTP/1.1" 200 1496 "https://ilta.ilc.edu.tw/2011/03/22/" "Mozilla/5.0 (Windows NT 10.0; Win64; x64) AppleWebKit/537.36 (KHTML, like Gecko) Chrome/144.0.0.0 Safari/537.36"
2408:862e:ff:ff31::134 - - [22/Aug/2026:05:16:59 +0800] "GET /wp-content/cache/ilta.ilc.edu.tw/wpfc-minified/7vo8n6iy/6wvk.css HTTP/1.1" 200 61047 "https://ilta.ilc.edu.tw/2011/03/22/" "Mozilla/5.0 (Windows NT 10.0; Win64; x64) AppleWebKit/537.36 (KHTML, like Gecko) Chrome/144.0.0.0 Safari/537.36"
17.22.237.253 - - [22/Aug/2026:05:16:59 +0800] "GET /6441/wp-content/cache/2blog.ilc.edu.tw/wpfc-minified/77xp4vqg/5wv29.css HTTP/1.1" 200 40886 "https://2blog.ilc.edu.tw/6441/2016/09/16/105%e5%ad%b8%e5%b9%b4%e5%ba%a6%e7%92%b0%e6%95%99%e5%af%a6%e6%96%bd%e8%a8%88%e7%95%ab/" "Mozilla/5.0 (Macintosh; Intel Mac OS X 10_15_7) AppleWebKit/605.1.15 (KHTML, like Gecko) Version/17.4 Safari/605.1.15 (Applebot/0.1; +http://www.apple.com/go/applebot)"
2408:862e:ff:ff31::134 - - [22/Aug/2026:05:16:59 +0800] "GET /wp-includes/js/hoverintent-js.min.js HTTP/1.1" 200 6392 "https://ilta.ilc.edu.tw/2011/03/22/" "Mozilla/5.0 (Windows NT 10.0; Win64; x64) AppleWebKit/537.36 (KHTML, like Gecko) Chrome/144.0.0.0 Safari/537.36"
2408:862e:ff:ff31::134 - - [22/Aug/2026:05:16:59 +0800] "GET /wp-content/cache/ilta.ilc.edu.tw/wpfc-minified/1qjpbzp9/6wvk.js HTTP/1.1" 200 40344 "https://ilta.ilc.edu.tw/2011/03/22/" "Mozilla/5.0 (Windows NT 10.0; Win64; x64) AppleWebKit/537.36 (KHTML, like Gecko) Chrome/144.0.0.0 Safari/537.36"
2408:862e:ff:ff31::134 - - [22/Aug/2026:05:16:59 +0800] "GET /wp-includes/js/admin-bar.min.js HTTP/1.1" 200 7032 "https://ilta.ilc.edu.tw/2011/03/22/" "Mozilla/5.0 (Windows NT 10.0; Win64; x64) AppleWebKit/537.36 (KHTML, like Gecko) Chrome/144.0.0.0 Safari/537.36"
2408:862e:ff:ff31::134 - - [22/Aug/2026:05:16:59 +0800] "GET /wp-includes/js/imagesloaded.min.js HTTP/1.1" 200 2683 "https://ilta.ilc.edu.tw/2011/03/22/" "Mozilla/5.0 (Windows NT 10.0; Win64; x64) AppleWebKit/537.36 (KHTML, like Gecko) Chrome/144.0.0.0 Safari/537.36"
2408:862e:ff:ff31::134 - - [22/Aug/2026:05:16:59 +0800] "GET /wp-content/themes/oceanwp/assets/js/theme.min.js HTTP/1.1" 200 5130 "https://ilta.ilc.edu.tw/2011/03/22/" "Mozilla/5.0 (Windows NT 10.0; Win64; x64) AppleWebKit/537.36 (KHTML, like Gecko) Chrome/144.0.0.0 Safari/537.36"
2408:862e:ff:ff31::134 - - [22/Aug/2026:05:16:59 +0800] "GET /wp-content/themes/oceanwp/assets/js/drop-down-mobile-menu.min.js HTTP/1.1" 200 4663 "https://ilta.ilc.edu.tw/2011/03/22/" "Mozilla/5.0 (Windows NT 10.0; Win64; x64) AppleWebKit/537.36 (KHTML, like Gecko) Chrome/144.0.0.0 Safari/537.36"
2408:862e:ff:ff31::134 - - [22/Aug/2026:05:16:59 +0800] "GET /wp-content/themes/oceanwp/assets/js/drop-down-search.min.js HTTP/1.1" 200 2968 "https://ilta.ilc.edu.tw/2011/03/22/" "Mozilla/5.0 (Windows NT 10.0; Win64; x64) AppleWebKit/537.36 (KHTML, like Gecko) Chrome/144.0.0.0 Safari/537.36"
2408:862e:ff:ff31::134 - - [22/Aug/2026:05:16:59 +0800] "GET /wp-content/themes/oceanwp/assets/js/vendors/magnific-popup.min.js HTTP/1.1" 200 8270 "https://ilta.ilc.edu.tw/2011/03/22/" "Mozilla/5.0 (Windows NT 10.0; Win64; x64) AppleWebKit/537.36 (KHTML, like Gecko) Chrome/144.0.0.0 Safari/537.36"
2408:862e:ff:ff31::134 - - [22/Aug/2026:05:16:59 +0800] "GET /wp-content/themes/oceanwp/assets/js/ow-lightbox.min.js HTTP/1.1" 200 2321 "https://ilta.ilc.edu.tw/2011/03/22/" "Mozilla/5.0 (Windows NT 10.0; Win64; x64) AppleWebKit/537.36 (KHTML, like Gecko) Chrome/144.0.0.0 Safari/537.36"
2408:862e:ff:ff31::134 - - [22/Aug/2026:05:16:59 +0800] "GET /wp-content/themes/oceanwp/assets/js/vendors/flickity.pkgd.min.js HTTP/1.1" 200 15048 "https://ilta.ilc.edu.tw/2011/03/22/" "Mozilla/5.0 (Windows NT 10.0; Win64; x64) AppleWebKit/537.36 (KHTML, like Gecko) Chrome/144.0.0.0 Safari/537.36"
2408:862e:ff:ff31::134 - - [22/Aug/2026:05:16:59 +0800] "GET /wp-content/themes/oceanwp/assets/js/ow-slider.min.js HTTP/1.1" 200 1761 "https://ilta.ilc.edu.tw/2011/03/22/" "Mozilla/5.0 (Windows NT 10.0; Win64; x64) AppleWebKit/537.36 (KHTML, like Gecko) Chrome/144.0.0.0 Safari/537.36"
2408:862e:ff:ff31::134 - - [22/Aug/2026:05:16:59 +0800] "GET /wp-content/themes/oceanwp/assets/js/scroll-effect.min.js HTTP/1.1" 200 4127 "https://ilta.ilc.edu.tw/2011/03/22/" "Mozilla/5.0 (Windows NT 10.0; Win64; x64) AppleWebKit/537.36 (KHTML, like Gecko) Chrome/144.0.0.0 Safari/537.36"
2408:862e:ff:ff31::134 - - [22/Aug/2026:05:16:59 +0800] "GET /wp-content/themes/oceanwp/assets/js/scroll-top.min.js HTTP/1.1" 200 3202 "https://ilta.ilc.edu.tw/2011/03/22/" "Mozilla/5.0 (Windows NT 10.0; Win64; x64) AppleWebKit/537.36 (KHTML, like Gecko) Chrome/144.0.0.0 Safari/537.36"
2408:862e:ff:ff31::134 - - [22/Aug/2026:05:17:00 +0800] "GET /wp-content/themes/oceanwp/assets/js/select.min.js HTTP/1.1" 200 2408 "https://ilta.ilc.edu.tw/2011/03/22/" "Mozilla/5.0 (Windows NT 10.0; Win64; x64) AppleWebKit/537.36 (KHTML, like Gecko) Chrome/144.0.0.0 Safari/537.36"
2408:862e:ff:ff31::134 - - [22/Aug/2026:05:17:00 +0800] "GET /wp-content/plugins/ocean-extra/includes/widgets/js/flickr.min.js HTTP/1.1" 200 1319 "https://ilta.ilc.edu.tw/2011/03/22/" "Mozilla/5.0 (Windows NT 10.0; Win64; x64) AppleWebKit/537.36 (KHTML, like Gecko) Chrome/144.0.0.0 Safari/537.36"
2408:862e:ff:ff31::134 - - [22/Aug/2026:05:17:00 +0800] "GET /wp-content/themes/oceanwp/assets/fonts/simple-line-icons/Simple-Line-Icons.woff2?v=2.4.0 HTTP/1.1" 200 30959 "https://ilta.ilc.edu.tw/wp-content/cache/ilta.ilc.edu.tw/wpfc-minified/7vo8n6iy/6wvk.css" "Mozilla/5.0 (Windows NT 10.0; Win64; x64) AppleWebKit/537.36 (KHTML, like Gecko) Chrome/144.0.0.0 Safari/537.36"
17.22.237.253 - - [22/Aug/2026:05:17:00 +0800] "GET /6441/wp-content/cache/2blog.ilc.edu.tw/wpfc-minified/8bjwa1u9/5wv29.css HTTP/1.1" 200 15782 "https://2blog.ilc.edu.tw/6441/2016/09/16/105%e5%ad%b8%e5%b9%b4%e5%ba%a6%e7%92%b0%e6%95%99%e5%af%a6%e6%96%bd%e8%a8%88%e7%95%ab/" "Mozilla/5.0 (Macintosh; Intel Mac OS X 10_15_7) AppleWebKit/605.1.15 (KHTML, like Gecko) Version/17.4 Safari/605.1.15 (Applebot/0.1; +http://www.apple.com/go/applebot)"
2408:862e:ff:ff31::134 - - [22/Aug/2026:05:17:00 +0800] "GET /wp-content/themes/oceanwp/assets/fonts/fontawesome/webfonts/fa-solid-900.woff2 HTTP/1.1" 200 151246 "https://ilta.ilc.edu.tw/wp-content/cache/ilta.ilc.edu.tw/wpfc-minified/7vo8n6iy/6wvk.css" "Mozilla/5.0 (Windows NT 10.0; Win64; x64) AppleWebKit/537.36 (KHTML, like Gecko) Chrome/144.0.0.0 Safari/537.36"
2408:862e:ff:ff31::134 - - [22/Aug/2026:05:17:01 +0800] "GET /favicon.ico HTTP/1.1" 302 925 "https://ilta.ilc.edu.tw/2011/03/22/" "Mozilla/5.0 (Windows NT 10.0; Win64; x64) AppleWebKit/537.36 (KHTML, like Gecko) Chrome/144.0.0.0 Safari/537.36"
17.22.237.253 - - [22/Aug/2026:05:17:01 +0800] "GET /6441/wp-includes/js/hoverintent-js.min.js HTTP/1.1" 200 1597 "https://2blog.ilc.edu.tw/6441/2016/09/16/105%e5%ad%b8%e5%b9%b4%e5%ba%a6%e7%92%b0%e6%95%99%e5%af%a6%e6%96%bd%e8%a8%88%e7%95%ab/" "Mozilla/5.0 (Macintosh; Intel Mac OS X 10_15_7) AppleWebKit/605.1.15 (KHTML, like Gecko) Version/17.4 Safari/605.1.15 (Applebot/0.1; +http://www.apple.com/go/applebot)"
2408:862e:ff:ff31::134 - - [22/Aug/2026:05:17:02 +0800] "GET /wp-includes/images/w-logo-blue-white-bg.png HTTP/1.1" 200 4946 "https://ilta.ilc.edu.tw/2011/03/22/" "Mozilla/5.0 (Windows NT 10.0; Win64; x64) AppleWebKit/537.36 (KHTML, like Gecko) Chrome/144.0.0.0 Safari/537.36"
34.123.149.87 - - [22/Aug/2026:05:17:01 +0800] "GET /wp-content/uploads/sites/207/6043/6043-1126695.pdf HTTP/1.1" 200 1579062 "-" "Mozilla/5.0 (Macintosh; Intel Mac OS X 10_15_7) AppleWebKit/537.36 (KHTML, like Gecko) Chrome/120.0.0.0 Safari/537.36"
2001:288:a201::66:125 - - [22/Aug/2026:05:17:03 +0800] "GET /blog/active.php HTTP/1.1" 301 1026 "-" "-"
2001:288:a201::66:125 - - [22/Aug/2026:05:17:03 +0800] "GET /blog/active.php HTTP/1.1" 404 1084 "-" "-"
140.111.67.10 - - [22/Aug/2026:05:17:03 +0800] "GET /" 301 273 "-" "-"
17.22.237.253 - - [22/Aug/2026:05:17:03 +0800] "GET /6441/wp-content/themes/oceanwp/assets/js/drop-down-mobile-menu.min.js HTTP/1.1" 200 4663 "https://2blog.ilc.edu.tw/6441/2016/09/16/105%e5%ad%b8%e5%b9%b4%e5%ba%a6%e7%92%b0%e6%95%99%e5%af%a6%e6%96%bd%e8%a8%88%e7%95%ab/" "Mozilla/5.0 (Macintosh; Intel Mac OS X 10_15_7) AppleWebKit/605.1.15 (KHTML, like Gecko) Version/17.4 Safari/605.1.15 (Applebot/0.1; +http://www.apple.com/go/applebot)"
54.157.99.244 - - [22/Aug/2026:05:17:04 +0800] "GET /3753/2016/10/ HTTP/1.1" 200 29423 "-" "Mozilla/5.0 AppleWebKit/537.36 (KHTML, like Gecko; compatible; Amazonbot/0.1; +https://developer.amazon.com/support/amazonbot) Chrome/119.0.6045.214 Safari/537.36"
17.22.237.253 - - [22/Aug/2026:05:17:04 +0800] "GET /6441/wp-content/themes/oceanwp/assets/js/vendors/flickity.pkgd.min.js HTTP/1.1" 200 15048 "https://2blog.ilc.edu.tw/6441/2016/09/16/105%e5%ad%b8%e5%b9%b4%e5%ba%a6%e7%92%b0%e6%95%99%e5%af%a6%e6%96%bd%e8%a8%88%e7%95%ab/" "Mozilla/5.0 (Macintosh; Intel Mac OS X 10_15_7) AppleWebKit/605.1.15 (KHTML, like Gecko) Version/17.4 Safari/605.1.15 (Applebot/0.1; +http://www.apple.com/go/applebot)"
2409:8a50:a0b:117e:95b0:8130:a39e:5725 - - [22/Aug/2026:05:17:05 +0800] "GET /wp-content/themes/oceanwp/assets/fonts/fontawesome/webfonts/fa-solid-900.woff2 HTTP/1.1" 200 156041 "https://ilta.ilc.edu.tw/wp-content/cache/ilta.ilc.edu.tw/wpfc-minified/7vo8n6iy/6wvk.css" "Mozilla/5.0 (Windows NT 10.0; Win64; x64) AppleWebKit/537.36 (KHTML, like Gecko) Chrome/144.0.0.0 Safari/537.36"
2409:8a50:a0b:117e:95b0:8130:a39e:5725 - - [22/Aug/2026:05:17:06 +0800] "GET /favicon.ico HTTP/1.1" 302 925 "https://ilta.ilc.edu.tw/2009/11/page/3/" "Mozilla/5.0 (Windows NT 10.0; Win64; x64) AppleWebKit/537.36 (KHTML, like Gecko) Chrome/144.0.0.0 Safari/537.36"
17.22.237.253 - - [22/Aug/2026:05:17:06 +0800] "GET /6441/wp-content/themes/oceanwp/assets/js/scroll-effect.min.js HTTP/1.1" 200 4127 "https://2blog.ilc.edu.tw/6441/2016/09/16/105%e5%ad%b8%e5%b9%b4%e5%ba%a6%e7%92%b0%e6%95%99%e5%af%a6%e6%96%bd%e8%a8%88%e7%95%ab/" "Mozilla/5.0 (Macintosh; Intel Mac OS X 10_15_7) AppleWebKit/605.1.15 (KHTML, like Gecko) Version/17.4 Safari/605.1.15 (Applebot/0.1; +http://www.apple.com/go/applebot)"
2409:8a50:a0b:117e:95b0:8130:a39e:5725 - - [22/Aug/2026:05:17:06 +0800] "GET /wp-includes/images/w-logo-blue-white-bg.png HTTP/1.1" 200 4946 "https://ilta.ilc.edu.tw/2009/11/page/3/" "Mozilla/5.0 (Windows NT 10.0; Win64; x64) AppleWebKit/537.36 (KHTML, like Gecko) Chrome/144.0.0.0 Safari/537.36"
2a00:ccc0:ffff:82c7:82c7:e7eb:82c7:e7eb - - [22/Aug/2026:05:17:06 +0800] "GET /27149/2019/11/11/%E6%AF%8F%E9%80%B1%E4%B8%80%E8%AB%BA%E6%95%99%E5%AD%B8%E7%85%A7%E7%89%87/ HTTP/1.1" 200 83067 "-" "Mozilla/5.0 (Windows NT 10.0; Win64; x64; rv:148.0) Gecko/20100101 Firefox/148.0"
34.194.226.74 - - [22/Aug/2026:05:17:07 +0800] "GET /wp-content/uploads/sites/845/3753/previews-med/3753-3634443.jpg HTTP/1.1" 200 79780 "-" "Mozilla/5.0 AppleWebKit/537.36 (KHTML, like Gecko; compatible; Amazonbot/0.1; +https://developer.amazon.com/support/amazonbot) Chrome/119.0.6045.214 Safari/537.36"
2001:288:a201::66:125 - - [22/Aug/2026:05:17:08 +0800] "GET /blog/active.php HTTP/1.1" 404 1084 "-" "-"
2001:288:a201::66:125 - - [22/Aug/2026:05:17:08 +0800] "GET /blog/active.php HTTP/1.1" 301 1026 "-" "-"
140.111.67.10 - - [22/Aug/2026:05:17:08 +0800] "GET /" 301 273 "-" "-"
40.77.167.78 - - [22/Aug/2026:05:17:09 +0800] "GET /32745/2022/06/04/%E6%84%9B%E6%83%85%E6%88%B2-2/ HTTP/1.1" 200 91572 "-" "Mozilla/5.0 AppleWebKit/537.36 (KHTML, like Gecko; compatible; bingbot/2.0; +http://www.bing.com/bingbot.htm) Chrome/116.0.1938.76 Safari/537.36"
::1 - - [22/Aug/2026:05:17:10 +0800] "OPTIONS * HTTP/1.0" 200 110 "-" "Apache/2.4.68 (Ubuntu) OpenSSL/3.0.19 (internal dummy connection)"
::1 - - [22/Aug/2026:05:17:11 +0800] "OPTIONS * HTTP/1.0" 200 110 "-" "Apache/2.4.68 (Ubuntu) OpenSSL/3.0.19 (internal dummy connection)"
3.93.98.99 - - [22/Aug/2026:05:17:11 +0800] "GET /wp-content/uploads/sites/845/3753/previews-med/3753-3634441.jpg HTTP/1.1" 200 76644 "-" "Mozilla/5.0 AppleWebKit/537.36 (KHTML, like Gecko; compatible; Amazonbot/0.1; +https://developer.amazon.com/support/amazonbot) Chrome/119.0.6045.214 Safari/537.36"
::1 - - [22/Aug/2026:05:17:12 +0800] "OPTIONS * HTTP/1.0" 200 110 "-" "Apache/2.4.68 (Ubuntu) OpenSSL/3.0.19 (internal dummy connection)"
136.119.35.120 - - [22/Aug/2026:05:17:12 +0800] "GET /17160/2016/06/22/%E3%80%90%E4%B8%89%E5%B9%B4%E7%B4%9A%E3%80%91%E7%94%9F%E7%89%A9%E8%AA%B2%E7%A8%8B-%E4%BA%BA%E9%A1%9E%E6%B6%88%E5%A4%B1%E5%BE%8C%E7%9A%84%E4%B8%96%E7%95%8C/ HTTP/1.1" 200 18907 "-" "Mozilla/5.0 (Macintosh; Intel Mac OS X 10_15_7) AppleWebKit/537.36 (KHTML, like Gecko) Chrome/120.0.0.0 Safari/537.36"
::1 - - [22/Aug/2026:05:17:13 +0800] "OPTIONS * HTTP/1.0" 200 110 "-" "Apache/2.4.68 (Ubuntu) OpenSSL/3.0.19 (internal dummy connection)"
2001:288:a201::66:125 - - [22/Aug/2026:05:17:13 +0800] "GET /blog/active.php HTTP/1.1" 301 1026 "-" "-"
2001:288:a201::66:125 - - [22/Aug/2026:05:17:13 +0800] "GET /blog/active.php HTTP/1.1" 404 1084 "-" "-"
140.111.67.10 - - [22/Aug/2026:05:17:13 +0800] "GET /" 301 273 "-" "-"
136.119.35.120 - - [22/Aug/2026:05:17:14 +0800] "GET /liaostrive/wp-json/oembed/1.0/embed?format=xml&url=https://2blog.ilc.edu.tw/liaostrive/2020/05/27/%25e5%25b0%258f%25e8%258a%25b1/ HTTP/1.1" 200 6963 "-" "Mozilla/5.0 (Macintosh; Intel Mac OS X 10_15_7) AppleWebKit/537.36 (KHTML, like Gecko) Chrome/120.0.0.0 Safari/537.36"
17.241.227.14 - - [22/Aug/2026:05:17:15 +0800] "GET /%E6%94%BF%E5%BA%9C%E5%85%AC%E9%96%8B%E8%B3%87%E8%A8%8A/ HTTP/1.1" 200 17547 "-" "Mozilla/5.0 (Macintosh; Intel Mac OS X 10_15_7) AppleWebKit/605.1.15 (KHTML, like Gecko) Version/17.4 Safari/605.1.15 (Applebot/0.1; +http://www.apple.com/go/applebot)"
17.241.227.14 - - [22/Aug/2026:05:17:17 +0800] "GET /wp-content/cache/www.shjes.ilc.edu.tw/wpfc-minified/6lu18492/6wws.css HTTP/1.1" 200 1157 "https://www.shjes.ilc.edu.tw/%e6%94%bf%e5%ba%9c%e5%85%ac%e9%96%8b%e8%b3%87%e8%a8%8a/" "Mozilla/5.0 (Macintosh; Intel Mac OS X 10_15_7) AppleWebKit/605.1.15 (KHTML, like Gecko) Version/17.4 Safari/605.1.15 (Applebot/0.1; +http://www.apple.com/go/applebot)"
2001:288:a201::66:125 - - [22/Aug/2026:05:17:18 +0800] "GET /blog/active.php HTTP/1.1" 301 1026 "-" "-"
2001:288:a201::66:125 - - [22/Aug/2026:05:17:18 +0800] "GET /blog/active.php HTTP/1.1" 404 1084 "-" "-"
140.111.67.10 - - [22/Aug/2026:05:17:18 +0800] "GET /" 301 273 "-" "-"
40.77.167.43 - - [22/Aug/2026:05:17:18 +0800] "GET /6448/2010/10/12/%E9%98%B2%E7%81%AB%E5%AE%A3%E5%B0%8E/ HTTP/1.1" 200 16483 "-" "Mozilla/5.0 AppleWebKit/537.36 (KHTML, like Gecko; compatible; bingbot/2.0; +http://www.bing.com/bingbot.htm) Chrome/116.0.1938.76 Safari/537.36"
17.241.227.14 - - [22/Aug/2026:05:17:18 +0800] "GET /wp-content/cache/www.shjes.ilc.edu.tw/wpfc-minified/qt3vf6on/6wws.js HTTP/1.1" 200 3453 "https://www.shjes.ilc.edu.tw/%e6%94%bf%e5%ba%9c%e5%85%ac%e9%96%8b%e8%b3%87%e8%a8%8a/" "Mozilla/5.0 (Macintosh; Intel Mac OS X 10_15_7) AppleWebKit/605.1.15 (KHTML, like Gecko) Version/17.4 Safari/605.1.15 (Applebot/0.1; +http://www.apple.com/go/applebot)"
34.206.249.188 - - [22/Aug/2026:05:17:19 +0800] "GET /wp-content/uploads/sites/2616/6486/6486-2402877.jpg HTTP/1.1" 200 19715 "-" "Mozilla/5.0 AppleWebKit/537.36 (KHTML, like Gecko; compatible; Amazonbot/0.1; +https://developer.amazon.com/support/amazonbot) Chrome/119.0.6045.214 Safari/537.36"
17.241.227.14 - - [22/Aug/2026:05:17:20 +0800] "GET /wp-content/cache/www.shjes.ilc.edu.tw/wpfc-minified/2blf5e38/6wws.css HTTP/1.1" 200 15777 "https://www.shjes.ilc.edu.tw/%e6%94%bf%e5%ba%9c%e5%85%ac%e9%96%8b%e8%b3%87%e8%a8%8a/" "Mozilla/5.0 (Macintosh; Intel Mac OS X 10_15_7) AppleWebKit/605.1.15 (KHTML, like Gecko) Version/17.4 Safari/605.1.15 (Applebot/0.1; +http://www.apple.com/go/applebot)"
17.241.227.14 - - [22/Aug/2026:05:17:21 +0800] "GET /wp-content/cache/www.shjes.ilc.edu.tw/wpfc-minified/fqvy8sjq/6wws.css HTTP/1.1" 200 54443 "https://www.shjes.ilc.edu.tw/%e6%94%bf%e5%ba%9c%e5%85%ac%e9%96%8b%e8%b3%87%e8%a8%8a/" "Mozilla/5.0 (Macintosh; Intel Mac OS X 10_15_7) AppleWebKit/605.1.15 (KHTML, like Gecko) Version/17.4 Safari/605.1.15 (Applebot/0.1; +http://www.apple.com/go/applebot)"
2408:875c:1000:6:4000::4 - - [22/Aug/2026:05:17:22 +0800] "GET /4604/2020/11/03/%e6%9b%b8%e6%b3%95%e7%a4%be%e5%9c%98%e9%96%8b%e8%aa%b2%e4%ba%86%ef%bc%81 HTTP/1.1" 301 5839 "-" "Mozilla/5.0 (Windows NT 10.0; Win64; x64) AppleWebKit/537.36 (KHTML, like Gecko) Chrome/144.0.0.0 Safari/537.36"
2001:288:a201::66:125 - - [22/Aug/2026:05:17:23 +0800] "GET /blog/active.php HTTP/1.1" 301 1026 "-" "-"
2001:288:a201::66:125 - - [22/Aug/2026:05:17:23 +0800] "GET /blog/active.php HTTP/1.1" 404 1084 "-" "-"
17.241.227.14 - - [22/Aug/2026:05:17:23 +0800] "GET /wp-includes/js/admin-bar.min.js HTTP/1.1" 200 2237 "https://www.shjes.ilc.edu.tw/%e6%94%bf%e5%ba%9c%e5%85%ac%e9%96%8b%e8%b3%87%e8%a8%8a/" "Mozilla/5.0 (Macintosh; Intel Mac OS X 10_15_7) AppleWebKit/605.1.15 (KHTML, like Gecko) Version/17.4 Safari/605.1.15 (Applebot/0.1; +http://www.apple.com/go/applebot)"
2408:875c:1000:6:4000::4 - - [22/Aug/2026:05:17:23 +0800] "GET /4604/2020/11/03/%e6%9b%b8%e6%b3%95%e7%a4%be%e5%9c%98%e9%96%8b%e8%aa%b2%e4%ba%86%ef%bc%81/ HTTP/1.1" 200 15410 "-" "Mozilla/5.0 (Windows NT 10.0; Win64; x64) AppleWebKit/537.36 (KHTML, like Gecko) Chrome/144.0.0.0 Safari/537.36"
140.111.67.10 - - [22/Aug/2026:05:17:23 +0800] "GET /" 301 273 "-" "-"
52.205.141.124 - - [22/Aug/2026:05:17:23 +0800] "GET /6460/2010/10/12/%E5%AE%9C%E8%98%AD%E7%B8%A3%E7%AB%8B%E7%A4%81%E6%BA%AA%E5%9C%8B%E4%B8%AD98%E5%AD%B8%E5%B9%B4%E5%BA%A6%E5%BB%A2%E4%B9%BE%E9%9B%BB%E6%B1%A0%E5%9B%9E%E6%94%B6%E6%88%90%E6%9E%9C/embed/ HTTP/1.1" 200 12477 "-" "Mozilla/5.0 AppleWebKit/537.36 (KHTML, like Gecko; compatible; Amazonbot/0.1; +https://developer.amazon.com/support/amazonbot) Chrome/119.0.6045.214 Safari/537.36"
2408:875c:1000:6:4000::4 - - [22/Aug/2026:05:17:23 +0800] "GET /4604/wp-content/cache/2blog.ilc.edu.tw/wpfc-minified/d4e4isx4/5wtuu.css HTTP/1.1" 200 40886 "https://2blog.ilc.edu.tw/4604/2020/11/03/%e6%9b%b8%e6%b3%95%e7%a4%be%e5%9c%98%e9%96%8b%e8%aa%b2%e4%ba%86%ef%bc%81/" "Mozilla/5.0 (Windows NT 10.0; Win64; x64) AppleWebKit/537.36 (KHTML, like Gecko) Chrome/144.0.0.0 Safari/537.36"
2408:875c:1000:6:4000::4 - - [22/Aug/2026:05:17:24 +0800] "GET /4604/wp-content/cache/2blog.ilc.edu.tw/wpfc-minified/epflfzh8/5wtuu.css HTTP/1.1" 200 1496 "https://2blog.ilc.edu.tw/4604/2020/11/03/%e6%9b%b8%e6%b3%95%e7%a4%be%e5%9c%98%e9%96%8b%e8%aa%b2%e4%ba%86%ef%bc%81/" "Mozilla/5.0 (Windows NT 10.0; Win64; x64) AppleWebKit/537.36 (KHTML, like Gecko) Chrome/144.0.0.0 Safari/537.36"
2408:875c:1000:6:4000::4 - - [22/Aug/2026:05:17:24 +0800] "GET /4604/wp-content/cache/2blog.ilc.edu.tw/wpfc-minified/13eqqja1/5wtuu.css HTTP/1.1" 200 16121 "https://2blog.ilc.edu.tw/4604/2020/11/03/%e6%9b%b8%e6%b3%95%e7%a4%be%e5%9c%98%e9%96%8b%e8%aa%b2%e4%ba%86%ef%bc%81/" "Mozilla/5.0 (Windows NT 10.0; Win64; x64) AppleWebKit/537.36 (KHTML, like Gecko) Chrome/144.0.0.0 Safari/537.36"
2408:875c:1000:6:4000::4 - - [22/Aug/2026:05:17:24 +0800] "GET /4604/wp-content/cache/2blog.ilc.edu.tw/wpfc-minified/lb244bju/5wtuu.css HTTP/1.1" 200 66139 "https://2blog.ilc.edu.tw/4604/2020/11/03/%e6%9b%b8%e6%b3%95%e7%a4%be%e5%9c%98%e9%96%8b%e8%aa%b2%e4%ba%86%ef%bc%81/" "Mozilla/5.0 (Windows NT 10.0; Win64; x64) AppleWebKit/537.36 (KHTML, like Gecko) Chrome/144.0.0.0 Safari/537.36"
2408:875c:1000:6:4000::4 - - [22/Aug/2026:05:17:24 +0800] "GET /4604/wp-content/cache/2blog.ilc.edu.tw/wpfc-minified/qua7dtbu/5wtuu.js HTTP/1.1" 200 40358 "https://2blog.ilc.edu.tw/4604/2020/11/03/%e6%9b%b8%e6%b3%95%e7%a4%be%e5%9c%98%e9%96%8b%e8%aa%b2%e4%ba%86%ef%bc%81/" "Mozilla/5.0 (Windows NT 10.0; Win64; x64) AppleWebKit/537.36 (KHTML, like Gecko) Chrome/144.0.0.0 Safari/537.36"
2408:875c:1000:6:4000::4 - - [22/Aug/2026:05:17:24 +0800] "GET /4604/wp-content/cache/2blog.ilc.edu.tw/wpfc-minified/f13t2xzc/6f1d6.js HTTP/1.1" 200 6436 "https://2blog.ilc.edu.tw/4604/2020/11/03/%e6%9b%b8%e6%b3%95%e7%a4%be%e5%9c%98%e9%96%8b%e8%aa%b2%e4%ba%86%ef%bc%81/" "Mozilla/5.0 (Windows NT 10.0; Win64; x64) AppleWebKit/537.36 (KHTML, like Gecko) Chrome/144.0.0.0 Safari/537.36"
2408:875c:1000:6:4000::4 - - [22/Aug/2026:05:17:24 +0800] "GET /4604/wp-content/cache/2blog.ilc.edu.tw/wpfc-minified/2luxz4/5wtuu.css HTTP/1.1" 200 4322 "https://2blog.ilc.edu.tw/4604/2020/11/03/%e6%9b%b8%e6%b3%95%e7%a4%be%e5%9c%98%e9%96%8b%e8%aa%b2%e4%ba%86%ef%bc%81/" "Mozilla/5.0 (Windows NT 10.0; Win64; x64) AppleWebKit/537.36 (KHTML, like Gecko) Chrome/144.0.0.0 Safari/537.36"
17.241.227.14 - - [22/Aug/2026:05:17:24 +0800] "GET /wp-content/cache/www.shjes.ilc.edu.tw/wpfc-minified/q8n7hgy9/6wws.js HTTP/1.1" 200 35560 "https://www.shjes.ilc.edu.tw/%e6%94%bf%e5%ba%9c%e5%85%ac%e9%96%8b%e8%b3%87%e8%a8%8a/" "Mozilla/5.0 (Macintosh; Intel Mac OS X 10_15_7) AppleWebKit/605.1.15 (KHTML, like Gecko) Version/17.4 Safari/605.1.15 (Applebot/0.1; +http://www.apple.com/go/applebot)"
2408:875c:1000:6:4000::4 - - [22/Aug/2026:05:17:24 +0800] "GET /4604/wp-includes/js/hoverintent-js.min.js HTTP/1.1" 200 1597 "https://2blog.ilc.edu.tw/4604/2020/11/03/%e6%9b%b8%e6%b3%95%e7%a4%be%e5%9c%98%e9%96%8b%e8%aa%b2%e4%ba%86%ef%bc%81/" "Mozilla/5.0 (Windows NT 10.0; Win64; x64) AppleWebKit/537.36 (KHTML, like Gecko) Chrome/144.0.0.0 Safari/537.36"
2408:875c:1000:6:4000::4 - - [22/Aug/2026:05:17:24 +0800] "GET /4604/wp-includes/js/admin-bar.min.js HTTP/1.1" 200 2237 "https://2blog.ilc.edu.tw/4604/2020/11/03/%e6%9b%b8%e6%b3%95%e7%a4%be%e5%9c%98%e9%96%8b%e8%aa%b2%e4%ba%86%ef%bc%81/" "Mozilla/5.0 (Windows NT 10.0; Win64; x64) AppleWebKit/537.36 (KHTML, like Gecko) Chrome/144.0.0.0 Safari/537.36"
2408:875c:1000:6:4000::4 - - [22/Aug/2026:05:17:25 +0800] "GET /4604/wp-includes/js/imagesloaded.min.js HTTP/1.1" 200 2683 "https://2blog.ilc.edu.tw/4604/2020/11/03/%e6%9b%b8%e6%b3%95%e7%a4%be%e5%9c%98%e9%96%8b%e8%aa%b2%e4%ba%86%ef%bc%81/" "Mozilla/5.0 (Windows NT 10.0; Win64; x64) AppleWebKit/537.36 (KHTML, like Gecko) Chrome/144.0.0.0 Safari/537.36"
2408:875c:1000:6:4000::4 - - [22/Aug/2026:05:17:25 +0800] "GET /4604/wp-content/themes/oceanwp/assets/js/theme.min.js HTTP/1.1" 200 5130 "https://2blog.ilc.edu.tw/4604/2020/11/03/%e6%9b%b8%e6%b3%95%e7%a4%be%e5%9c%98%e9%96%8b%e8%aa%b2%e4%ba%86%ef%bc%81/" "Mozilla/5.0 (Windows NT 10.0; Win64; x64) AppleWebKit/537.36 (KHTML, like Gecko) Chrome/144.0.0.0 Safari/537.36"
2408:875c:1000:6:4000::4 - - [22/Aug/2026:05:17:25 +0800] "GET /4604/wp-content/themes/oceanwp/assets/js/drop-down-search.min.js HTTP/1.1" 200 2968 "https://2blog.ilc.edu.tw/4604/2020/11/03/%e6%9b%b8%e6%b3%95%e7%a4%be%e5%9c%98%e9%96%8b%e8%aa%b2%e4%ba%86%ef%bc%81/" "Mozilla/5.0 (Windows NT 10.0; Win64; x64) AppleWebKit/537.36 (KHTML, like Gecko) Chrome/144.0.0.0 Safari/537.36"
2408:875c:1000:6:4000::4 - - [22/Aug/2026:05:17:25 +0800] "GET /4604/wp-content/themes/oceanwp/assets/js/vendors/magnific-popup.min.js HTTP/1.1" 200 8270 "https://2blog.ilc.edu.tw/4604/2020/11/03/%e6%9b%b8%e6%b3%95%e7%a4%be%e5%9c%98%e9%96%8b%e8%aa%b2%e4%ba%86%ef%bc%81/" "Mozilla/5.0 (Windows NT 10.0; Win64; x64) AppleWebKit/537.36 (KHTML, like Gecko) Chrome/144.0.0.0 Safari/537.36"
2408:875c:1000:6:4000::4 - - [22/Aug/2026:05:17:25 +0800] "GET /4604/wp-content/themes/oceanwp/assets/js/drop-down-mobile-menu.min.js HTTP/1.1" 200 4663 "https://2blog.ilc.edu.tw/4604/2020/11/03/%e6%9b%b8%e6%b3%95%e7%a4%be%e5%9c%98%e9%96%8b%e8%aa%b2%e4%ba%86%ef%bc%81/" "Mozilla/5.0 (Windows NT 10.0; Win64; x64) AppleWebKit/537.36 (KHTML, like Gecko) Chrome/144.0.0.0 Safari/537.36"
2408:875c:1000:6:4000::4 - - [22/Aug/2026:05:17:25 +0800] "GET /4604/wp-content/themes/oceanwp/assets/js/ow-lightbox.min.js HTTP/1.1" 200 2321 "https://2blog.ilc.edu.tw/4604/2020/11/03/%e6%9b%b8%e6%b3%95%e7%a4%be%e5%9c%98%e9%96%8b%e8%aa%b2%e4%ba%86%ef%bc%81/" "Mozilla/5.0 (Windows NT 10.0; Win64; x64) AppleWebKit/537.36 (KHTML, like Gecko) Chrome/144.0.0.0 Safari/537.36"
2408:875c:1000:6:4000::4 - - [22/Aug/2026:05:17:25 +0800] "POST /4604/wp-json/ilc-summary/v1/popular-posts HTTP/1.1" 201 1271 "https://2blog.ilc.edu.tw/4604/2020/11/03/%e6%9b%b8%e6%b3%95%e7%a4%be%e5%9c%98%e9%96%8b%e8%aa%b2%e4%ba%86%ef%bc%81/" "Mozilla/5.0 (Windows NT 10.0; Win64; x64) AppleWebKit/537.36 (KHTML, like Gecko) Chrome/144.0.0.0 Safari/537.36"
2408:875c:1000:6:4000::4 - - [22/Aug/2026:05:17:25 +0800] "GET /4604/wp-content/themes/oceanwp/assets/fonts/fontawesome/webfonts/fa-solid-900.woff2 HTTP/1.1" 200 151246 "https://2blog.ilc.edu.tw/4604/wp-content/cache/2blog.ilc.edu.tw/wpfc-minified/lb244bju/5wtuu.css" "Mozilla/5.0 (Windows NT 10.0; Win64; x64) AppleWebKit/537.36 (KHTML, like Gecko) Chrome/144.0.0.0 Safari/537.36"
2408:875c:1000:6:4000::4 - - [22/Aug/2026:05:17:25 +0800] "GET /4604/wp-content/themes/oceanwp/assets/fonts/simple-line-icons/Simple-Line-Icons.woff2?v=2.4.0 HTTP/1.1" 200 30959 "https://2blog.ilc.edu.tw/4604/wp-content/cache/2blog.ilc.edu.tw/wpfc-minified/lb244bju/5wtuu.css" "Mozilla/5.0 (Windows NT 10.0; Win64; x64) AppleWebKit/537.36 (KHTML, like Gecko) Chrome/144.0.0.0 Safari/537.36"
2408:875c:1000:6:4000::4 - - [22/Aug/2026:05:17:25 +0800] "GET /4604/wp-content/themes/oceanwp/assets/js/vendors/flickity.pkgd.min.js HTTP/1.1" 200 15048 "https://2blog.ilc.edu.tw/4604/2020/11/03/%e6%9b%b8%e6%b3%95%e7%a4%be%e5%9c%98%e9%96%8b%e8%aa%b2%e4%ba%86%ef%bc%81/" "Mozilla/5.0 (Windows NT 10.0; Win64; x64) AppleWebKit/537.36 (KHTML, like Gecko) Chrome/144.0.0.0 Safari/537.36"
2408:875c:1000:6:4000::4 - - [22/Aug/2026:05:17:25 +0800] "GET /4604/wp-content/themes/oceanwp/assets/js/ow-slider.min.js HTTP/1.1" 200 1761 "https://2blog.ilc.edu.tw/4604/2020/11/03/%e6%9b%b8%e6%b3%95%e7%a4%be%e5%9c%98%e9%96%8b%e8%aa%b2%e4%ba%86%ef%bc%81/" "Mozilla/5.0 (Windows NT 10.0; Win64; x64) AppleWebKit/537.36 (KHTML, like Gecko) Chrome/144.0.0.0 Safari/537.36"
2408:875c:1000:6:4000::4 - - [22/Aug/2026:05:17:25 +0800] "GET /4604/wp-content/themes/oceanwp/assets/js/scroll-effect.min.js HTTP/1.1" 200 4127 "https://2blog.ilc.edu.tw/4604/2020/11/03/%e6%9b%b8%e6%b3%95%e7%a4%be%e5%9c%98%e9%96%8b%e8%aa%b2%e4%ba%86%ef%bc%81/" "Mozilla/5.0 (Windows NT 10.0; Win64; x64) AppleWebKit/537.36 (KHTML, like Gecko) Chrome/144.0.0.0 Safari/537.36"
2408:875c:1000:6:4000::4 - - [22/Aug/2026:05:17:26 +0800] "GET /4604/wp-content/themes/oceanwp/assets/js/scroll-top.min.js HTTP/1.1" 200 3202 "https://2blog.ilc.edu.tw/4604/2020/11/03/%e6%9b%b8%e6%b3%95%e7%a4%be%e5%9c%98%e9%96%8b%e8%aa%b2%e4%ba%86%ef%bc%81/" "Mozilla/5.0 (Windows NT 10.0; Win64; x64) AppleWebKit/537.36 (KHTML, like Gecko) Chrome/144.0.0.0 Safari/537.36"
2408:875c:1000:6:4000::4 - - [22/Aug/2026:05:17:26 +0800] "GET /4604/wp-content/themes/oceanwp/assets/js/select.min.js HTTP/1.1" 200 2408 "https://2blog.ilc.edu.tw/4604/2020/11/03/%e6%9b%b8%e6%b3%95%e7%a4%be%e5%9c%98%e9%96%8b%e8%aa%b2%e4%ba%86%ef%bc%81/" "Mozilla/5.0 (Windows NT 10.0; Win64; x64) AppleWebKit/537.36 (KHTML, like Gecko) Chrome/144.0.0.0 Safari/537.36"
2408:875c:1000:6:4000::4 - - [22/Aug/2026:05:17:26 +0800] "GET /4604/wp-content/plugins/ocean-extra/includes/widgets/js/flickr.min.js HTTP/1.1" 200 1319 "https://2blog.ilc.edu.tw/4604/2020/11/03/%e6%9b%b8%e6%b3%95%e7%a4%be%e5%9c%98%e9%96%8b%e8%aa%b2%e4%ba%86%ef%bc%81/" "Mozilla/5.0 (Windows NT 10.0; Win64; x64) AppleWebKit/537.36 (KHTML, like Gecko) Chrome/144.0.0.0 Safari/537.36"
17.241.227.14 - - [22/Aug/2026:05:17:26 +0800] "GET /wp-includes/js/hoverintent-js.min.js HTTP/1.1" 200 1597 "https://www.shjes.ilc.edu.tw/%e6%94%bf%e5%ba%9c%e5%85%ac%e9%96%8b%e8%b3%87%e8%a8%8a/" "Mozilla/5.0 (Macintosh; Intel Mac OS X 10_15_7) AppleWebKit/605.1.15 (KHTML, like Gecko) Version/17.4 Safari/605.1.15 (Applebot/0.1; +http://www.apple.com/go/applebot)"
2408:875c:1000:6:4000::4 - - [22/Aug/2026:05:17:26 +0800] "GET /4604/wp-includes/js/mediaelement/mediaelement-and-player.min.js HTTP/1.1" 200 39802 "https://2blog.ilc.edu.tw/4604/2020/11/03/%e6%9b%b8%e6%b3%95%e7%a4%be%e5%9c%98%e9%96%8b%e8%aa%b2%e4%ba%86%ef%bc%81/" "Mozilla/5.0 (Windows NT 10.0; Win64; x64) AppleWebKit/537.36 (KHTML, like Gecko) Chrome/144.0.0.0 Safari/537.36"
2408:875c:1000:6:4000::4 - - [22/Aug/2026:05:17:26 +0800] "GET /4604/wp-includes/js/mediaelement/mediaelement-migrate.min.js HTTP/1.1" 200 1419 "https://2blog.ilc.edu.tw/4604/2020/11/03/%e6%9b%b8%e6%b3%95%e7%a4%be%e5%9c%98%e9%96%8b%e8%aa%b2%e4%ba%86%ef%bc%81/" "Mozilla/5.0 (Windows NT 10.0; Win64; x64) AppleWebKit/537.36 (KHTML, like Gecko) Chrome/144.0.0.0 Safari/537.36"
2408:875c:1000:6:4000::4 - - [22/Aug/2026:05:17:26 +0800] "GET /4604/wp-includes/js/mediaelement/wp-mediaelement.min.js HTTP/1.1" 200 1417 "https://2blog.ilc.edu.tw/4604/2020/11/03/%e6%9b%b8%e6%b3%95%e7%a4%be%e5%9c%98%e9%96%8b%e8%aa%b2%e4%ba%86%ef%bc%81/" "Mozilla/5.0 (Windows NT 10.0; Win64; x64) AppleWebKit/537.36 (KHTML, like Gecko) Chrome/144.0.0.0 Safari/537.36"
2408:875c:1000:6:4000::4 - - [22/Aug/2026:05:17:26 +0800] "GET /4604/wp-includes/js/mediaelement/renderers/vimeo.min.js HTTP/1.1" 200 3164 "https://2blog.ilc.edu.tw/4604/2020/11/03/%e6%9b%b8%e6%b3%95%e7%a4%be%e5%9c%98%e9%96%8b%e8%aa%b2%e4%ba%86%ef%bc%81/" "Mozilla/5.0 (Windows NT 10.0; Win64; x64) AppleWebKit/537.36 (KHTML, like Gecko) Chrome/144.0.0.0 Safari/537.36"
107.172.247.208 - - [22/Aug/2026:05:17:26 +0800] "GET /26362/wp-content/uploads/sites/1931/2024/10/%E8%9E%A2%E5%B9%95%E6%93%B7%E5%8F%96%E7%95%AB%E9%9D%A2-2024-10-03-104158.png HTTP/1.1" 200 505472 "https://2blog.ilc.edu.tw/26362/" "Mozilla/5.0 (Macintosh; Intel Mac OS X 10_15_7) AppleWebKit/537.36 (KHTML, like Gecko) Chrome/131.0.0.0 Safari/537.36"
17.241.227.14 - - [22/Aug/2026:05:17:27 +0800] "GET /wp-includes/js/imagesloaded.min.js HTTP/1.1" 200 2683 "https://www.shjes.ilc.edu.tw/%e6%94%bf%e5%ba%9c%e5%85%ac%e9%96%8b%e8%b3%87%e8%a8%8a/" "Mozilla/5.0 (Macintosh; Intel Mac OS X 10_15_7) AppleWebKit/605.1.15 (KHTML, like Gecko) Version/17.4 Safari/605.1.15 (Applebot/0.1; +http://www.apple.com/go/applebot)"
2001:288:a201::66:125 - - [22/Aug/2026:05:17:28 +0800] "GET /blog/active.php HTTP/1.1" 301 1026 "-" "-"
2001:288:a201::66:125 - - [22/Aug/2026:05:17:28 +0800] "GET /blog/active.php HTTP/1.1" 404 1084 "-" "-"
140.111.67.10 - - [22/Aug/2026:05:17:28 +0800] "GET /" 301 273 "-" "-"
17.241.227.14 - - [22/Aug/2026:05:17:29 +0800] "GET /wp-content/themes/oceanwp/assets/js/ow-slider.min.js HTTP/1.1" 200 1761 "https://www.shjes.ilc.edu.tw/%e6%94%bf%e5%ba%9c%e5%85%ac%e9%96%8b%e8%b3%87%e8%a8%8a/" "Mozilla/5.0 (Macintosh; Intel Mac OS X 10_15_7) AppleWebKit/605.1.15 (KHTML, like Gecko) Version/17.4 Safari/605.1.15 (Applebot/0.1; +http://www.apple.com/go/applebot)"
154.193.26.151 - - [22/Aug/2026:05:17:30 +0800] "GET /wp-content/cache/www.dses.ilc.edu.tw/wpfc-minified/1e67c88w/72pp.css HTTP/1.1" 200 5959 "https://www.dses.ilc.edu.tw/%E7%92%B0%E5%A2%83%E6%95%99%E8%82%B2%E5%B0%88%E5%8D%80/" "Mozilla/5.0 (Linux; Android 6.0; Nexus 5 Build/MRA58N) AppleWebKit/537.36 (KHTML, like Gecko) Chrome/65.0.3325.181 Mobile Safari/537.36"
2001:288:a201::67:82 - - [22/Aug/2026:05:17:30 +0800] "GET /2373/ HTTP/1.1" 200 21225 "-" "WordPress/6.6.7; https://www.djes.ilc.edu.tw"
2001:288:a201::67:82 - - [22/Aug/2026:05:17:30 +0800] "GET /2373/feed/ HTTP/1.1" 200 23014 "-" "WordPress/6.6.7; https://www.djes.ilc.edu.tw"
17.241.227.14 - - [22/Aug/2026:05:17:30 +0800] "GET /wp-content/themes/oceanwp/assets/js/select.min.js HTTP/1.1" 200 2408 "https://www.shjes.ilc.edu.tw/%e6%94%bf%e5%ba%9c%e5%85%ac%e9%96%8b%e8%b3%87%e8%a8%8a/" "Mozilla/5.0 (Macintosh; Intel Mac OS X 10_15_7) AppleWebKit/605.1.15 (KHTML, like Gecko) Version/17.4 Safari/605.1.15 (Applebot/0.1; +http://www.apple.com/go/applebot)"
104.28.228.77 - - [22/Aug/2026:05:17:30 +0800] "GET /_rNd9xZ7kL3 HTTP/1.1" 404 84241 "-" "Mozilla/5.0 (compatible; Googlebot/2.1; +http://www.google.com/bot.html)"
40.77.167.0 - - [22/Aug/2026:05:17:31 +0800] "GET /blog/blog/1163/catid=13203/page/3 HTTP/1.1" 301 1043 "-" "Mozilla/5.0 AppleWebKit/537.36 (KHTML, like Gecko; compatible; bingbot/2.0; +http://www.bing.com/bingbot.htm) Chrome/116.0.1938.76 Safari/537.36"
2001:288:a201::66:125 - - [22/Aug/2026:05:17:33 +0800] "GET /blog/active.php HTTP/1.1" 404 1084 "-" "-"
2001:288:a201::66:125 - - [22/Aug/2026:05:17:33 +0800] "GET /blog/active.php HTTP/1.1" 301 1026 "-" "-"
140.111.67.10 - - [22/Aug/2026:05:17:33 +0800] "GET /" 301 273 "-" "-"
154.193.26.151 - - [22/Aug/2026:05:17:33 +0800] "GET /wp-content/uploads/sites/1984/2023/09/%E6%9C%AA%E5%91%BD%E5%90%8D%E8%A8%AD%E8%A8%88-1.png HTTP/1.1" 200 25173 "https://www.dses.ilc.edu.tw/%E7%92%B0%E5%A2%83%E6%95%99%E8%82%B2%E5%B0%88%E5%8D%80/" "Mozilla/5.0 (Linux; Android 6.0; Nexus 5 Build/MRA58N) AppleWebKit/537.36 (KHTML, like Gecko) Chrome/65.0.3325.181 Mobile Safari/537.36"
34.10.180.98 - - [22/Aug/2026:05:17:35 +0800] "GET /6415/2020/11/04/109_3_1_2%E6%A0%A1%E5%9C%92%E7%92%B0%E5%A2%83%E8%A1%9B%E7%94%9F%E7%AE%A1%E7%90%86%E6%83%85%E5%BD%A2%EF%BC%8D%E6%A0%A1%E5%9C%92%E5%8F%8A%E5%91%A8%E9%82%8A50%E5%85%AC%E5%B0%BA%E7%92%B0%E5%A2%83%E6%B8%85/ HTTP/1.1" 200 14979 "-" "Mozilla/5.0 (Macintosh; Intel Mac OS X 10_15_7) AppleWebKit/537.36 (KHTML, like Gecko) Chrome/120.0.0.0 Safari/537.36"
::1 - - [22/Aug/2026:05:17:36 +0800] "OPTIONS * HTTP/1.0" 200 110 "-" "Apache/2.4.68 (Ubuntu) OpenSSL/3.0.19 (internal dummy connection)"
::1 - - [22/Aug/2026:05:17:37 +0800] "OPTIONS * HTTP/1.0" 200 110 "-" "Apache/2.4.68 (Ubuntu) OpenSSL/3.0.19 (internal dummy connection)"
85.208.96.205 - - [22/Aug/2026:05:17:38 +0800] "GET /robots.txt HTTP/1.1" 200 5549 "-" "Mozilla/5.0 (compatible; SemrushBot/7~bl; +http://www.semrush.com/bot.html)"
2001:288:a201::66:125 - - [22/Aug/2026:05:17:38 +0800] "GET /blog/active.php HTTP/1.1" 301 1026 "-" "-"
::1 - - [22/Aug/2026:05:17:38 +0800] "OPTIONS * HTTP/1.0" 200 110 "-" "Apache/2.4.68 (Ubuntu) OpenSSL/3.0.19 (internal dummy connection)"
2001:288:a201::66:125 - - [22/Aug/2026:05:17:38 +0800] "GET /blog/active.php HTTP/1.1" 404 1084 "-" "-"
140.111.67.10 - - [22/Aug/2026:05:17:38 +0800] "GET /" 301 273 "-" "-"
104.28.196.78 - - [22/Aug/2026:05:17:38 +0800] "GET / HTTP/1.1" 200 96728 "https://www.google.com/search?q=www.djes.ilc.edu.tw" "Mozilla/5.0 AppleWebKit/537.36 (KHTML, like Gecko; compatible; ChatGPT-User/1.0; +https://openai.com/bot)"
176.20.194.87 - - [22/Aug/2026:05:17:38 +0800] "GET /wei759/wp-content/uploads/sites/3931/2024/04/DSC_5180-300x169.jpg HTTP/1.1" 200 21119 "-" "Mozilla/5.0 (compatible; crawler)"
::1 - - [22/Aug/2026:05:17:39 +0800] "OPTIONS * HTTP/1.0" 200 110 "-" "Apache/2.4.68 (Ubuntu) OpenSSL/3.0.19 (internal dummy connection)"
185.191.171.12 - - [22/Aug/2026:05:17:39 +0800] "GET /2024/07/31/113teammembers/ HTTP/1.1" 200 25183 "-" "Mozilla/5.0 (compatible; SemrushBot/7~bl; +http://www.semrush.com/bot.html)"
34.42.229.145 - - [22/Aug/2026:05:17:39 +0800] "GET /3288/2017/05/21/%E4%BB%81%E8%B3%87%E8%A8%8A-2017%E7%92%B0%E5%A2%83%E7%B7%9A%E4%B8%8A%E5%BD%B1%E5%B1%95/ HTTP/1.1" 200 14453 "-" "Mozilla/5.0 (Macintosh; Intel Mac OS X 10_15_7) AppleWebKit/537.36 (KHTML, like Gecko) Chrome/120.0.0.0 Safari/537.36"
52.2.4.213 - - [22/Aug/2026:05:17:39 +0800] "GET /6486/wp-json/wp/v2/posts/4083 HTTP/1.1" 200 9608 "-" "Mozilla/5.0 AppleWebKit/537.36 (KHTML, like Gecko; compatible; Amazonbot/0.1; +https://developer.amazon.com/support/amazonbot) Chrome/119.0.6045.214 Safari/537.36"
::1 - - [22/Aug/2026:05:17:40 +0800] "OPTIONS * HTTP/1.0" 200 110 "-" "Apache/2.4.68 (Ubuntu) OpenSSL/3.0.19 (internal dummy connection)"
206.171.41.20 - - [22/Aug/2026:05:17:40 +0800] "GET /26148/ HTTP/1.1" 200 19548 "-" "Mozilla/5.0 (Macintosh; Intel Mac OS X 10.15; rv:147.0) Gecko/20100101 Firefox/147.0"
::1 - - [22/Aug/2026:05:17:41 +0800] "OPTIONS * HTTP/1.0" 200 110 "-" "Apache/2.4.68 (Ubuntu) OpenSSL/3.0.19 (internal dummy connection)"
::1 - - [22/Aug/2026:05:17:42 +0800] "OPTIONS * HTTP/1.0" 200 110 "-" "Apache/2.4.68 (Ubuntu) OpenSSL/3.0.19 (internal dummy connection)"
104.28.196.78 - - [22/Aug/2026:05:17:43 +0800] "GET /robots.txt HTTP/1.1" 200 5547 "-" "Mozilla/5.0 AppleWebKit/537.36 (KHTML, like Gecko; compatible; ChatGPT-User/1.0; +https://openai.com/bot)"
::1 - - [22/Aug/2026:05:17:43 +0800] "OPTIONS * HTTP/1.0" 200 110 "-" "Apache/2.4.68 (Ubuntu) OpenSSL/3.0.19 (internal dummy connection)"
2001:288:a201::66:125 - - [22/Aug/2026:05:17:43 +0800] "GET /blog/active.php HTTP/1.1" 404 1084 "-" "-"
2001:288:a201::66:125 - - [22/Aug/2026:05:17:43 +0800] "GET /blog/active.php HTTP/1.1" 301 1026 "-" "-"
140.111.67.10 - - [22/Aug/2026:05:17:43 +0800] "GET /" 301 273 "-" "-"
34.57.162.91 - - [22/Aug/2026:05:17:44 +0800] "GET /3288/2017/12/29/%E5%BE%8C%E7%9C%81%E6%80%9D-%E7%A5%9D%E8%B3%80%E6%96%B0%E5%B9%B4%E8%88%9E%E8%B9%88%E8%A1%A8%E6%BC%94/ HTTP/1.1" 200 16011 "-" "Mozilla/5.0 (Macintosh; Intel Mac OS X 10_15_7) AppleWebKit/537.36 (KHTML, like Gecko) Chrome/120.0.0.0 Safari/537.36"
104.28.228.77 - - [22/Aug/2026:05:17:46 +0800] "GET /sitemap.xml HTTP/1.1" 302 5682 "https://www.google.com/search?q=www.djes.ilc.edu.tw" "Mozilla/5.0 (Windows NT 10.0; Win64; x64) AppleWebKit/537.36 (KHTML, like Gecko) Chrome/135.0.0.0 Safari/537.36"
