65.215.117.191 - - [22/Aug/2026:05:19:23 +0800] "GET /wp-content/uploads/sites/1148/2020/09/2020%E8%B3%87%E5%AE%89%E7%B3%BB%E5%88%97%E7%AB%B6%E8%B3%BD%E6%B5%B7%E5%A0%B1-213x300.jpg HTTP/1.1" 200 27205 "https://www.najh.ilc.edu.tw/2020/09/28/109%E5%B9%B4%E5%BA%A6%E3%80%8C%E8%B3%87%E5%AE%89%E7%B3%BB%E5%88%97%E7%AB%B6%E8%B3%BD%E3%80%8D%E7%AB%B6%E8%B3%BD/" "Mozilla/5.0 (Macintosh; Intel Mac OS X 10_15_7) AppleWebKit/537.36 (KHTML, like Gecko) Chrome/131.0.0.0 Safari/537.36"
2a03:2880:f802:26:: - - [22/Aug/2026:05:19:25 +0800] "GET /wp-login.php?key=3axic374&_wpnonce=&action=ilc_logout&redirect_to=https%3A%2F%2Fgame.edu.kg HTTP/1.1" 302 8248 "-" "Mozilla/5.0 (Windows NT 10.0; Win64; x64) AppleWebKit/537.36 (KHTML, like Gecko) Chrome/145.0.0.0 Safari/537.36 (compatible; meta-externalagent/1.1 (+https://developers.facebook.com/docs/sharing/webmasters/crawler))"
2001:288:a201::66:125 - - [22/Aug/2026:05:19:28 +0800] "GET /blog/active.php HTTP/1.1" 301 1026 "-" "-"
2001:288:a201::66:125 - - [22/Aug/2026:05:19:28 +0800] "GET /blog/active.php HTTP/1.1" 404 1084 "-" "-"
140.111.67.10 - - [22/Aug/2026:05:19:28 +0800] "GET /" 301 273 "-" "-"
34.61.96.6 - - [22/Aug/2026:05:19:29 +0800] "GET /17554/2011/09/22/%E5%96%84%E7%94%A8%E5%8D%B1%E6%A9%9F%EF%BC%8C%E9%A7%95%E9%A6%AD%E5%8D%B1%E6%A9%9F%EF%BC%8C%E5%8C%96%E5%8D%B1%E6%A9%9F%E7%82%BA%E8%BD%89%E6%A9%9F/ HTTP/1.1" 200 17808 "-" "Mozilla/5.0 (Macintosh; Intel Mac OS X 10_15_7) AppleWebKit/537.36 (KHTML, like Gecko) Chrome/120.0.0.0 Safari/537.36"
2001:288:a201::66:125 - - [22/Aug/2026:05:19:33 +0800] "GET /blog/active.php HTTP/1.1" 301 1026 "-" "-"
2001:288:a201::66:125 - - [22/Aug/2026:05:19:33 +0800] "GET /blog/active.php HTTP/1.1" 404 1084 "-" "-"
140.111.67.10 - - [22/Aug/2026:05:19:33 +0800] "GET /" 301 273 "-" "-"
140.111.67.80 - - [22/Aug/2026:05:19:34 +0800] "GET /mcp/ HTTP/1.1" 302 5516 "-" "Mozilla/5.0 (compatible; Infrawatch/1.0; +https://infrawat.ch/)"
54.236.181.119 - - [22/Aug/2026:05:19:35 +0800] "GET /wp-content/uploads/sites/1770/ HTTP/1.1" 200 1315 "-" "Mozilla/5.0 (Macintosh; Intel Mac OS X 10_15_7) AppleWebKit/605.1.15 (KHTML, like Gecko) Chrome/139.0.0.0 Safari/605.1.15"
2a03:2880:10ff:4a:: - - [22/Aug/2026:05:19:36 +0800] "GET /robots.txt HTTP/1.1" 200 5601 "-" "facebookexternalhit/1.1 (+http://www.facebook.com/externalhit_uatext.php)"
2001:288:a201::66:125 - - [22/Aug/2026:05:19:38 +0800] "GET /blog/active.php HTTP/1.1" 301 1026 "-" "-"
2001:288:a201::66:125 - - [22/Aug/2026:05:19:38 +0800] "GET /blog/active.php HTTP/1.1" 404 1084 "-" "-"
140.111.67.10 - - [22/Aug/2026:05:19:38 +0800] "GET /" 301 273 "-" "-"
34.10.180.98 - - [22/Aug/2026:05:19:38 +0800] "GET /6554/wp-json/oembed/1.0/embed?url=https://2blog.ilc.edu.tw/6554/2024/02/11/vdr-and-management/ HTTP/1.1" 200 8270 "-" "Mozilla/5.0 (Macintosh; Intel Mac OS X 10_15_7) AppleWebKit/537.36 (KHTML, like Gecko) Chrome/120.0.0.0 Safari/537.36"
34.42.229.145 - - [22/Aug/2026:05:19:38 +0800] "GET /wp-json/oembed/1.0/embed?format=xml&url=https://www.jyes.ilc.edu.tw/2021/05/13/1100405%25e7%25a4%25be%25e5%258d%2580%25e5%2585%25b1%25e8%25ae%2580%25e7%25ab%2599%25e6%258f%25ad%25e7%2589%258c/ HTTP/1.1" 200 7164 "-" "Mozilla/5.0 (Macintosh; Intel Mac OS X 10_15_7) AppleWebKit/537.36 (KHTML, like Gecko) Chrome/120.0.0.0 Safari/537.36"
40.77.167.70 - - [22/Aug/2026:05:19:39 +0800] "GET /32745/2020/07/30/%E6%84%9F%E8%AC%9D%E6%9C%89%E4%BD%A0-2/ HTTP/1.1" 200 92317 "-" "Mozilla/5.0 AppleWebKit/537.36 (KHTML, like Gecko; compatible; bingbot/2.0; +http://www.bing.com/bingbot.htm) Chrome/116.0.1938.76 Safari/537.36"
189.104.197.186 - - [22/Aug/2026:05:19:40 +0800] "GET /sun520/wp-content/uploads/sites/3900/2025/12/IMG_6944-300x200.jpg HTTP/1.1" 200 20897 "-" "Mozilla/5.0 (compatible; crawler)"
136.119.35.120 - - [22/Aug/2026:05:19:40 +0800] "GET /2020/07/27/20200725%E6%A0%A1%E5%8F%8B%E7%9B%83%E4%B8%89%E5%B0%8D%E4%B8%89%E7%B1%83%E7%90%83%E8%B3%BD/dsc_3506/ HTTP/1.1" 200 19353 "-" "Mozilla/5.0 (Macintosh; Intel Mac OS X 10_15_7) AppleWebKit/537.36 (KHTML, like Gecko) Chrome/120.0.0.0 Safari/537.36"
2a03:2880:f802:29:: - - [22/Aug/2026:05:19:42 +0800] "GET /5026/feed/ HTTP/1.1" 200 9951 "-" "Mozilla/5.0 (Windows NT 10.0; Win64; x64) AppleWebKit/537.36 (KHTML, like Gecko) Chrome/145.0.0.0 Safari/537.36 Edg/145.0.0.0 (compatible; meta-externalagent/1.1 (+https://developers.facebook.com/docs/sharing/webmasters/crawler))"
87.56.4.140 - - [22/Aug/2026:05:19:42 +0800] "GET /read1/wp-content/uploads/sites/3809/2024/05/%E6%B5%B7%E6%B4%8B%E6%95%99%E8%82%B2%E4%B8%BB%E9%A1%8C%E6%9B%B8%E5%B1%95-724x1024.png HTTP/1.1" 200 981978 "-" "Mozilla/5.0 (compatible; crawler)"
136.119.35.120 - - [22/Aug/2026:05:19:43 +0800] "GET /author/princess0808/feed/ HTTP/1.1" 200 6819 "-" "Mozilla/5.0 (Macintosh; Intel Mac OS X 10_15_7) AppleWebKit/537.36 (KHTML, like Gecko) Chrome/120.0.0.0 Safari/537.36"
2001:288:a201::66:125 - - [22/Aug/2026:05:19:43 +0800] "GET /blog/active.php HTTP/1.1" 404 1084 "-" "-"
2001:288:a201::66:125 - - [22/Aug/2026:05:19:43 +0800] "GET /blog/active.php HTTP/1.1" 301 1026 "-" "-"
140.111.67.10 - - [22/Aug/2026:05:19:43 +0800] "GET /" 301 273 "-" "-"
66.80.122.96 - - [22/Aug/2026:05:19:46 +0800] "GET /wp-content/uploads/sites/2843/6646/6646-1793319.jpg HTTP/1.1" 200 15542 "-" "Mozilla/5.0 (compatible; crawler)"
::1 - - [22/Aug/2026:05:19:47 +0800] "OPTIONS * HTTP/1.0" 200 110 "-" "Apache/2.4.68 (Ubuntu) OpenSSL/3.0.19 (internal dummy connection)"
2001:288:a201::66:125 - - [22/Aug/2026:05:19:48 +0800] "GET /blog/active.php HTTP/1.1" 301 1026 "-" "-"
2001:288:a201::66:125 - - [22/Aug/2026:05:19:48 +0800] "GET /blog/active.php HTTP/1.1" 404 1084 "-" "-"
140.111.67.10 - - [22/Aug/2026:05:19:48 +0800] "GET /" 301 273 "-" "-"
2401:e180:8850:8c13:94af:5166:8971:b1dc - - [22/Aug/2026:05:19:48 +0800] "POST /1003/wp-json/ilc-summary/v1/popular-posts HTTP/1.1" 201 5909 "https://2blog.ilc.edu.tw/1003/2025/12/24/%ef%bc%bb%e5%b0%8f%e5%a3%81%e8%99%8e%e8%80%81%e5%b8%ab%e7%9a%84%e6%95%99%e5%ad%b8%e5%be%ae%e7%b6%b2%e7%ab%99%ef%bc%bd%e6%ad%a3%e5%bc%8f%e7%99%bb%e5%a0%b4/" "Mozilla/5.0 (iPhone; CPU iPhone OS 26_5_0 like Mac OS X) AppleWebKit/605.1.15 (KHTML, like Gecko) CriOS/151.0.7922.57 Mobile/15E148 Safari/604.1"
104.210.140.137 - - [22/Aug/2026:05:19:48 +0800] "GET /robots.txt HTTP/1.1" 200 5546 "-" "Mozilla/5.0 (Macintosh; Intel Mac OS X 10_15_7) AppleWebKit/537.36 (KHTML, like Gecko) Chrome/131.0.0.0 Safari/537.36; compatible; OAI-SearchBot/1.0; +https://openai.com/searchbot"
34.10.180.98 - - [22/Aug/2026:05:19:49 +0800] "GET /6551/2020/11/19/4-4-1%E8%A6%8F%E5%8A%83%E8%A8%AD%E7%BD%AE%E6%B0%B4%E5%BE%AA%E7%92%B0%E5%86%8D%E5%88%A9%E7%94%A8%E8%A8%AD%E6%96%BD%E3%80%81%E7%B6%A0%E5%BB%BA%E7%AF%89%E7%AD%89/ HTTP/1.1" 200 14150 "-" "Mozilla/5.0 (Macintosh; Intel Mac OS X 10_15_7) AppleWebKit/537.36 (KHTML, like Gecko) Chrome/120.0.0.0 Safari/537.36"
240e:640:195:15::3 - - [22/Aug/2026:05:19:50 +0800] "GET /2010/03/ HTTP/1.1" 200 17186 "-" "Mozilla/5.0 (Windows NT 10.0; Win64; x64) AppleWebKit/537.36 (KHTML, like Gecko) Chrome/144.0.0.0 Safari/537.36"
136.119.35.120 - - [22/Aug/2026:05:19:50 +0800] "GET /wp-json/oembed/1.0/embed?url=https://www.bhoes.ilc.edu.tw/2018/12/20/107%25e5%25b9%25b4%25e5%25ba%25a6%25e7%25b6%25b2%25e8%25b7%25af%25e5%25ae%2589%25e5%2585%25a8%25e5%25ae%25a3%25e5%25b0%258e/ HTTP/1.1" 200 8434 "-" "Mozilla/5.0 (Macintosh; Intel Mac OS X 10_15_7) AppleWebKit/537.36 (KHTML, like Gecko) Chrome/120.0.0.0 Safari/537.36"
240e:640:195:15::3 - - [22/Aug/2026:05:19:51 +0800] "GET /wp-content/cache/ilta.ilc.edu.tw/wpfc-minified/30cml7nx/6wvk.css HTTP/1.1" 200 40877 "https://ilta.ilc.edu.tw/2010/03/" "Mozilla/5.0 (Windows NT 10.0; Win64; x64) AppleWebKit/537.36 (KHTML, like Gecko) Chrome/144.0.0.0 Safari/537.36"
34.171.68.95 - - [22/Aug/2026:05:19:51 +0800] "GET /28/wp-json/oembed/1.0/embed?format=xml&url=https://2blog.ilc.edu.tw/28/2016/11/07/sarah-%25e6%25af%258f%25e6%259c%2588%25e4%25b8%2580%25e5%25af%25b6-mobizen/ HTTP/1.1" 200 7207 "-" "Mozilla/5.0 (Macintosh; Intel Mac OS X 10_15_7) AppleWebKit/537.36 (KHTML, like Gecko) Chrome/120.0.0.0 Safari/537.36"
240e:640:195:15::3 - - [22/Aug/2026:05:19:51 +0800] "GET /wp-includes/js/admin-bar.min.js HTTP/1.1" 200 2237 "https://ilta.ilc.edu.tw/2010/03/" "Mozilla/5.0 (Windows NT 10.0; Win64; x64) AppleWebKit/537.36 (KHTML, like Gecko) Chrome/144.0.0.0 Safari/537.36"
240e:640:195:15::3 - - [22/Aug/2026:05:19:52 +0800] "GET /wp-content/themes/oceanwp/assets/js/drop-down-mobile-menu.min.js HTTP/1.1" 200 4663 "https://ilta.ilc.edu.tw/2010/03/" "Mozilla/5.0 (Windows NT 10.0; Win64; x64) AppleWebKit/537.36 (KHTML, like Gecko) Chrome/144.0.0.0 Safari/537.36"
240e:640:195:15::3 - - [22/Aug/2026:05:19:52 +0800] "GET /wp-content/themes/oceanwp/assets/js/ow-slider.min.js HTTP/1.1" 200 1761 "https://ilta.ilc.edu.tw/2010/03/" "Mozilla/5.0 (Windows NT 10.0; Win64; x64) AppleWebKit/537.36 (KHTML, like Gecko) Chrome/144.0.0.0 Safari/537.36"
142.93.57.84 - - [22/Aug/2026:05:19:52 +0800] "GET /blog/gallery/2906/previews-med/2906-2096435.jpg HTTP/1.1" 404 25426 "http://blog.ilc.edu.tw/" "Mozilla/5.0 (Windows NT 10.0; Win64; x64) AppleWebKit/537.36 (KHTML, like Gecko) Chrome/131.0.0.0 Safari/537.36"
240e:640:195:15::3 - - [22/Aug/2026:05:19:52 +0800] "GET /wp-content/themes/oceanwp/assets/fonts/fontawesome/webfonts/fa-solid-900.woff2 HTTP/1.1" 200 151246 "https://ilta.ilc.edu.tw/wp-content/cache/ilta.ilc.edu.tw/wpfc-minified/7vo8n6iy/6wvk.css" "Mozilla/5.0 (Windows NT 10.0; Win64; x64) AppleWebKit/537.36 (KHTML, like Gecko) Chrome/144.0.0.0 Safari/537.36"
2001:288:a201::66:125 - - [22/Aug/2026:05:19:53 +0800] "GET /blog/active.php HTTP/1.1" 301 1026 "-" "-"
2001:288:a201::66:125 - - [22/Aug/2026:05:19:53 +0800] "GET /blog/active.php HTTP/1.1" 404 1084 "-" "-"
50.114.30.58 - - [22/Aug/2026:05:19:52 +0800] "GET /wp-content/uploads/sites/1977/860/previews-med/860-4145646.jpg HTTP/1.1" 200 83382 "https://2blog.ilc.edu.tw/860/" "Mozilla/5.0 (Macintosh; Intel Mac OS X 10_15_7) AppleWebKit/537.36 (KHTML, like Gecko) Chrome/131.0.0.0 Safari/537.36"
140.111.67.10 - - [22/Aug/2026:05:19:53 +0800] "GET /" 301 273 "-" "-"
240e:640:195:15::3 - - [22/Aug/2026:05:19:53 +0800] "GET /favicon.ico HTTP/1.1" 302 1054 "https://ilta.ilc.edu.tw/2010/03/" "Mozilla/5.0 (Windows NT 10.0; Win64; x64) AppleWebKit/537.36 (KHTML, like Gecko) Chrome/144.0.0.0 Safari/537.36"
136.119.35.120 - - [22/Aug/2026:05:19:53 +0800] "GET /read1/2025/06/04/%E4%BB%8A%E5%A4%A9%E5%96%84%E6%95%A6%E6%A0%A1%E9%95%B7%E4%BE%86%E8%AA%AA%E6%95%85%E4%BA%8B%E5%A4%8F%E5%A4%A9%E6%88%91%E5%80%91%E9%83%BD%E9%9C%80%E8%A6%81%E5%86%B7%E6%B0%A3%E4%BC%81%E9%B5%9D%E4%B9%9F/ HTTP/1.1" 200 15077 "-" "Mozilla/5.0 (Macintosh; Intel Mac OS X 10_15_7) AppleWebKit/537.36 (KHTML, like Gecko) Chrome/120.0.0.0 Safari/537.36"
23.94.242.110 - - [22/Aug/2026:05:19:52 +0800] "GET /wp-content/uploads/sites/1977/860/860-4145647.jpg HTTP/1.1" 200 630784 "https://2blog.ilc.edu.tw/860/" "Mozilla/5.0 (Macintosh; Intel Mac OS X 10_15_7) AppleWebKit/537.36 (KHTML, like Gecko) Chrome/131.0.0.0 Safari/537.36"
240e:640:195:15::3 - - [22/Aug/2026:05:19:53 +0800] "GET /wp-includes/images/w-logo-blue-white-bg.png HTTP/1.1" 200 4946 "https://ilta.ilc.edu.tw/2010/03/" "Mozilla/5.0 (Windows NT 10.0; Win64; x64) AppleWebKit/537.36 (KHTML, like Gecko) Chrome/144.0.0.0 Safari/537.36"
2a10:4a01:1cc5:2d3f:3ae1:2f61:2014:36c7 - - [22/Aug/2026:05:19:54 +0800] "GET /26148/ HTTP/1.1" 200 19548 "-" "Mozilla/5.0 (Macintosh; Intel Mac OS X 10_15_7) AppleWebKit/537.36 (KHTML, like Gecko) Chrome/146.0.0.0 Safari/537.36"
185.191.171.13 - - [22/Aug/2026:05:19:54 +0800] "GET /Resource/Neturl/Sub-Going.asp?url=https%3A%2F%2Fbaomuabannhadat.com%2Fnha-dat%2Fcan-mua-thue%2Fnha-dat-can-mua%2Fmua-loai-bat-dong-san-khac%2Fban-van-phong-mat-bang17-5-ty-phuong-tan-phong-quan-7_i69048 HTTP/1.1" 404 90755 "-" "Mozilla/5.0 (compatible; SemrushBot/7~bl; +http://www.semrush.com/bot.html)"
34.61.96.6 - - [22/Aug/2026:05:19:56 +0800] "GET /21002/2016/06/10/105-06-10%E6%84%9F%E8%AC%9D%E7%BE%85%E6%9D%B1%E9%8E%AE%E6%B8%85%E6%BD%94%E9%9A%8A%E5%8D%94%E5%8A%A9%E6%B8%85%E9%81%8B%E5%A4%A7%E5%9E%8B%E6%9E%AF%E6%9E%9D/ HTTP/1.1" 200 30739 "-" "Mozilla/5.0 (Macintosh; Intel Mac OS X 10_15_7) AppleWebKit/537.36 (KHTML, like Gecko) Chrome/120.0.0.0 Safari/537.36"
185.191.171.11 - - [22/Aug/2026:05:19:56 +0800] "GET /Resource/Neturl/Sub-Going.asp?url=https%3A%2F%2Fbaomuabannhadat.com%2Fnha-dat%2Fmua-ban-nha-dat%2Fban-nha-rieng%2Fban-nha-gia-6-7-ty-xa-tan-phu-trung-huyen-cu-chi_i18322 HTTP/1.1" 404 90755 "-" "Mozilla/5.0 (compatible; SemrushBot/7~bl; +http://www.semrush.com/bot.html)"
2001:288:a201::66:125 - - [22/Aug/2026:05:19:58 +0800] "GET /blog/active.php HTTP/1.1" 301 1026 "-" "-"
2001:288:a201::66:125 - - [22/Aug/2026:05:19:58 +0800] "GET /blog/active.php HTTP/1.1" 404 1084 "-" "-"
140.111.67.10 - - [22/Aug/2026:05:19:58 +0800] "GET /" 301 273 "-" "-"
::1 - - [22/Aug/2026:05:19:59 +0800] "OPTIONS * HTTP/1.0" 200 110 "-" "Apache/2.4.68 (Ubuntu) OpenSSL/3.0.19 (internal dummy connection)"
2a03:2880:f802:27:: - - [22/Aug/2026:05:19:57 +0800] "GET /wp-login.php?key=t6ogm374&_wpnonce=&action=ilc_logout&redirect_to=https%3A%2F%2Fgame.edu.kg HTTP/1.1" 302 8248 "-" "Mozilla/5.0 (Macintosh; Intel Mac OS X 10_15_7) AppleWebKit/537.36 (KHTML, like Gecko) Chrome/145.0.0.0 Safari/537.36 (compatible; meta-externalagent/1.1 (+https://developers.facebook.com/docs/sharing/webmasters/crawler))"
::1 - - [22/Aug/2026:05:20:00 +0800] "OPTIONS * HTTP/1.0" 200 110 "-" "Apache/2.4.68 (Ubuntu) OpenSSL/3.0.19 (internal dummy connection)"
2001:288:a201::67:82 - - [22/Aug/2026:05:20:01 +0800] "GET / HTTP/1.1" 200 56291 "-" "curl/7.81.0"
2001:288:a201::67:84 - - [22/Aug/2026:05:20:01 +0800] "GET / HTTP/1.1" 200 56291 "-" "curl/7.81.0"
2409:8a34:1a0d:c726:b4ff:7d60:d628:6f15 - - [22/Aug/2026:05:20:01 +0800] "GET /category/c-98891/feed HTTP/1.1" 301 5882 "-" "Mozilla/5.0 (Windows NT 10.0; Win64; x64) AppleWebKit/537.36 (KHTML, like Gecko) Chrome/144.0.0.0 Safari/537.36"
2409:8a34:1a0d:c726:b4ff:7d60:d628:6f15 - - [22/Aug/2026:05:20:02 +0800] "GET /category/c-98891/feed/ HTTP/1.1" 200 6343 "-" "Mozilla/5.0 (Windows NT 10.0; Win64; x64) AppleWebKit/537.36 (KHTML, like Gecko) Chrome/144.0.0.0 Safari/537.36"
2001:288:a201::66:125 - - [22/Aug/2026:05:20:03 +0800] "GET /blog/active.php HTTP/1.1" 301 1026 "-" "-"
2001:288:a201::66:125 - - [22/Aug/2026:05:20:03 +0800] "GET /blog/active.php HTTP/1.1" 404 1084 "-" "-"
2409:8a34:1a0d:c726:b4ff:7d60:d628:6f15 - - [22/Aug/2026:05:20:03 +0800] "GET /favicon.ico HTTP/1.1" 302 955 "https://www.ytes.ilc.edu.tw/category/c-98891/feed/" "Mozilla/5.0 (Windows NT 10.0; Win64; x64) AppleWebKit/537.36 (KHTML, like Gecko) Chrome/144.0.0.0 Safari/537.36"
140.111.67.10 - - [22/Aug/2026:05:20:03 +0800] "GET /" 301 273 "-" "-"
2409:8a34:1a0d:c726:b4ff:7d60:d628:6f15 - - [22/Aug/2026:05:20:03 +0800] "GET /wp-content/uploads/sites/1281/2019/10/cropped-Image-001-32x32.png HTTP/1.1" 200 2753 "https://www.ytes.ilc.edu.tw/category/c-98891/feed/" "Mozilla/5.0 (Windows NT 10.0; Win64; x64) AppleWebKit/537.36 (KHTML, like Gecko) Chrome/144.0.0.0 Safari/537.36"
107.175.237.214 - - [22/Aug/2026:05:20:05 +0800] "GET /24/wp-content/uploads/sites/1163/2020/06/108K%E5%9B%9B%E4%B8%8A%E4%B8%8A%E5%AF%A9%E9%A1%8C%E7%AB%8B%E6%84%8F-300x202.jpg HTTP/1.1" 200 19326 "https://2blog.ilc.edu.tw/24/category/%E5%AD%B8%E7%BF%92%E8%A1%A8%E7%8F%BE-student-performance/c-2804/page/2/" "Mozilla/5.0 (Macintosh; Intel Mac OS X 10_15_7) AppleWebKit/537.36 (KHTML, like Gecko) Chrome/131.0.0.0 Safari/537.36"
136.119.35.120 - - [22/Aug/2026:05:20:05 +0800] "GET /25738/2013/08/01/%E9%9B%BB%E8%85%A6%E8%A8%AD%E5%82%99%E7%B6%AD%E4%BF%AE%E5%8F%AB%E4%BF%AE%E4%BD%BF%E7%94%A8%E6%95%99%E5%AD%B8/ HTTP/1.1" 200 16061 "-" "Mozilla/5.0 (Macintosh; Intel Mac OS X 10_15_7) AppleWebKit/537.36 (KHTML, like Gecko) Chrome/120.0.0.0 Safari/537.36"
127.0.0.1 - - [22/Aug/2026:05:20:06 +0800] "GET / HTTP/1.1" 301 977 "-" "curl/7.81.0"
127.0.0.1 - - [22/Aug/2026:05:20:06 +0800] "GET / HTTP/1.1" 302 5497 "-" "curl/7.81.0"
127.0.0.1 - - [22/Aug/2026:05:20:06 +0800] "HEAD / HTTP/1.1" 302 5478 "-" "curl/7.81.0"
23.229.107.73 - - [22/Aug/2026:05:20:07 +0800] "GET /wp-content/uploads/sites/1983/886/previews/886-3645368.jpg HTTP/1.1" 200 49809 "https://www.ltes.ilc.edu.tw/2023/08/04/112%E5%B9%B4%E5%BA%A6-%E9%BE%8D%E6%BD%AD%E5%9C%92%E4%B8%81/" "Mozilla/5.0 (Macintosh; Intel Mac OS X 10_15_7) AppleWebKit/537.36 (KHTML, like Gecko) Chrome/131.0.0.0 Safari/537.36"
50.114.116.110 - - [22/Aug/2026:05:20:07 +0800] "GET /wp-content/uploads/sites/1983/886/previews/886-3404094.jpg HTTP/1.1" 200 73735 "https://www.ltes.ilc.edu.tw/2023/08/04/112%E5%B9%B4%E5%BA%A6-%E9%BE%8D%E6%BD%AD%E5%9C%92%E4%B8%81/" "Mozilla/5.0 (Macintosh; Intel Mac OS X 10_15_7) AppleWebKit/537.36 (KHTML, like Gecko) Chrome/131.0.0.0 Safari/537.36"
172.245.100.51 - - [22/Aug/2026:05:20:07 +0800] "GET /17160/wp-content/uploads/sites/1249/2022/03/IMG_2410-1024x768.jpg HTTP/1.1" 200 173802 "https://2blog.ilc.edu.tw/17160/2022/03/21/%E3%80%90%E4%B8%89%E5%B9%B4%E7%B4%9A%E3%80%91%E8%B6%A3%E5%91%B3%E6%95%B8%E5%AD%B8-%E7%A5%9E%E5%A5%87%E4%BA%94%E9%80%A3%E6%96%B9/" "Mozilla/5.0 (Macintosh; Intel Mac OS X 10_15_7) AppleWebKit/537.36 (KHTML, like Gecko) Chrome/131.0.0.0 Safari/537.36"
2001:288:a201::66:125 - - [22/Aug/2026:05:20:08 +0800] "GET /blog/active.php HTTP/1.1" 301 1026 "-" "-"
2001:288:a201::66:125 - - [22/Aug/2026:05:20:08 +0800] "GET /blog/active.php HTTP/1.1" 404 1084 "-" "-"
140.111.67.10 - - [22/Aug/2026:05:20:08 +0800] "GET /" 301 273 "-" "-"
23.229.107.73 - - [22/Aug/2026:05:20:07 +0800] "GET /wp-content/uploads/sites/1983/886/886-4238764.jpg HTTP/1.1" 200 397452 "https://www.ltes.ilc.edu.tw/2023/08/04/112%E5%B9%B4%E5%BA%A6-%E9%BE%8D%E6%BD%AD%E5%9C%92%E4%B8%81/" "Mozilla/5.0 (Macintosh; Intel Mac OS X 10_15_7) AppleWebKit/537.36 (KHTML, like Gecko) Chrome/131.0.0.0 Safari/537.36"
45.89.208.87 - - [22/Aug/2026:05:20:08 +0800] "GET /wp-content/uploads/sites/1983/2023/08/1-300x248.jpg HTTP/1.1" 200 23732 "https://www.ltes.ilc.edu.tw/2023/08/04/112%E5%B9%B4%E5%BA%A6-%E9%BE%8D%E6%BD%AD%E5%9C%92%E4%B8%81/" "Mozilla/5.0 (Macintosh; Intel Mac OS X 10_15_7) AppleWebKit/537.36 (KHTML, like Gecko) Chrome/131.0.0.0 Safari/537.36"
136.119.35.120 - - [22/Aug/2026:05:20:08 +0800] "GET /wp-json/oembed/1.0/embed?format=xml&url=https://www.wfes.ilc.edu.tw/2011/03/21/%25e6%25a0%25a1%25e5%2585%25a7%25e5%2590%2584%25e9%25a0%2585%25e4%25bf%25ae%25e7%25b9%2595%25e5%25b7%25a5%25e7%25a8%258b%25e7%2585%25a7%25e7%2589%2587/ HTTP/1.1" 200 7180 "-" "Mozilla/5.0 (Macintosh; Intel Mac OS X 10_15_7) AppleWebKit/537.36 (KHTML, like Gecko) Chrome/120.0.0.0 Safari/537.36"
66.249.79.163 - - [22/Aug/2026:05:20:12 +0800] "GET /testlog/2019/08/20/108%E7%A4%BE%E7%BE%A4%E7%94%B3%E8%AB%8B%E8%A1%A8%E5%9C%8B%E8%AA%9E%E6%95%B8%E5%AD%B8/ HTTP/1.1" 200 37318 "-" "Mozilla/5.0 (Linux; Android 6.0.1; Nexus 5X Build/MMB29P) AppleWebKit/537.36 (KHTML, like Gecko) Chrome/151.0.7922.137 Mobile Safari/537.36 (compatible; Googlebot/2.1; +http://www.google.com/bot.html)"
2001:288:a201::66:125 - - [22/Aug/2026:05:20:13 +0800] "GET /blog/active.php HTTP/1.1" 301 1026 "-" "-"
2001:288:a201::66:125 - - [22/Aug/2026:05:20:13 +0800] "GET /blog/active.php HTTP/1.1" 404 1084 "-" "-"
140.111.67.10 - - [22/Aug/2026:05:20:13 +0800] "GET /" 301 273 "-" "-"
23.251.146.115 - - [22/Aug/2026:05:20:15 +0800] "HEAD /1279/2015/01/26/02-3scratch-2-0%E8%AA%8D%E8%AD%98%E6%93%8D%E4%BD%9C%E4%BB%8B%E9%9D%A2-%E8%A7%92%E8%89%B2%E5%8D%80 HTTP/1.1" 301 5763 "-" "Mozilla/5.0 AppleWebKit/537.36 (KHTML, like Gecko); compatible; ShapBot/0.1.0"
23.251.146.115 - - [22/Aug/2026:05:20:16 +0800] "HEAD /1279/2015/01/26/02-3scratch-2-0%E8%AA%8D%E8%AD%98%E6%93%8D%E4%BD%9C%E4%BB%8B%E9%9D%A2-%E8%A7%92%E8%89%B2%E5%8D%80 HTTP/1.1" 301 969 "-" "Mozilla/5.0 AppleWebKit/537.36 (KHTML, like Gecko); compatible; ShapBot/0.1.0"
23.251.146.115 - - [22/Aug/2026:05:20:16 +0800] "HEAD /1279/2015/01/26/02-3scratch-2-0%E8%AA%8D%E8%AD%98%E6%93%8D%E4%BD%9C%E4%BB%8B%E9%9D%A2-%E8%A7%92%E8%89%B2%E5%8D%80/ HTTP/1.1" 200 1033 "-" "Mozilla/5.0 AppleWebKit/537.36 (KHTML, like Gecko); compatible; ShapBot/0.1.0"
23.251.146.115 - - [22/Aug/2026:05:20:16 +0800] "GET /1279/2015/01/26/02-3scratch-2-0%E8%AA%8D%E8%AD%98%E6%93%8D%E4%BD%9C%E4%BB%8B%E9%9D%A2-%E8%A7%92%E8%89%B2%E5%8D%80 HTTP/1.1" 301 988 "-" "Mozilla/5.0 AppleWebKit/537.36 (KHTML, like Gecko); compatible; ShapBot/0.1.0"
23.251.146.115 - - [22/Aug/2026:05:20:16 +0800] "GET /1279/2015/01/26/02-3scratch-2-0%E8%AA%8D%E8%AD%98%E6%93%8D%E4%BD%9C%E4%BB%8B%E9%9D%A2-%E8%A7%92%E8%89%B2%E5%8D%80/ HTTP/1.1" 200 13063 "-" "Mozilla/5.0 AppleWebKit/537.36 (KHTML, like Gecko); compatible; ShapBot/0.1.0"
2001:288:a201::66:125 - - [22/Aug/2026:05:20:18 +0800] "GET /blog/active.php HTTP/1.1" 301 1026 "-" "-"
2a03:2880:f802:4a:: - - [22/Aug/2026:05:20:15 +0800] "GET /wp-login.php?key=d23zz374&_wpnonce=&action=ilc_logout&redirect_to=https%3A%2F%2Fmushroom.joynetgame.com HTTP/1.1" 302 8260 "-" "Mozilla/5.0 (Windows NT 10.0; Win64; x64) AppleWebKit/537.36 (KHTML, like Gecko) Chrome/145.0.0.0 Safari/537.36 (compatible; meta-externalagent/1.1 (+https://developers.facebook.com/docs/sharing/webmasters/crawler))"
2001:288:a201::66:125 - - [22/Aug/2026:05:20:18 +0800] "GET /blog/active.php HTTP/1.1" 404 1084 "-" "-"
140.111.67.10 - - [22/Aug/2026:05:20:18 +0800] "GET /" 301 273 "-" "-"
2a01:e0a:dd6:d10:1940:976b:ce3:4c2a - - [22/Aug/2026:05:20:18 +0800] "GET /26148/ HTTP/1.1" 200 19548 "-" "Mozilla/5.0 (Macintosh; Intel Mac OS X 10_15_7) AppleWebKit/537.36 (KHTML, like Gecko) Chrome/146.0.0.0 Safari/537.36"
34.123.149.87 - - [22/Aug/2026:05:20:20 +0800] "GET /16821/2023/02/01/%E8%BD%89%E7%9F%A5%E5%8E%9F%E4%BD%8F%E6%B0%91%E6%97%8F%E5%A7%94%E5%93%A1%E6%9C%83%E5%8F%8A%E8%B2%A1%E5%9C%98%E6%B3%95%E4%BA%BA%E5%8E%9F%E4%BD%8F%E6%B0%91%E6%97%8F%E8%AA%9E%E8%A8%80%E7%A0%94%E7%A9%B6/ HTTP/1.1" 200 15639 "-" "Mozilla/5.0 (Macintosh; Intel Mac OS X 10_15_7) AppleWebKit/537.36 (KHTML, like Gecko) Chrome/120.0.0.0 Safari/537.36"
176.20.194.246 - - [22/Aug/2026:05:20:21 +0800] "GET /yiesplants/wp-content/uploads/sites/3424/2021/11/%E7%84%A1%E6%82%A3%E5%AD%90-576x1024.jpg HTTP/1.1" 200 252576 "-" "Mozilla/5.0 (compatible; crawler)"
34.123.149.87 - - [22/Aug/2026:05:20:22 +0800] "GET /7706/2020/11/11/109%E5%AD%B8%E6%A0%A1%E7%92%B0%E5%A2%83%E6%95%99%E8%82%B2%E7%89%B9%E8%89%B2%E5%9B%9B-5%E6%AF%8F%E9%80%B1%E4%BA%94%E6%B6%88%E6%AF%92%E6%97%A5/ HTTP/1.1" 200 15823 "-" "Mozilla/5.0 (Macintosh; Intel Mac OS X 10_15_7) AppleWebKit/537.36 (KHTML, like Gecko) Chrome/120.0.0.0 Safari/537.36"
2001:288:a201::66:125 - - [22/Aug/2026:05:20:23 +0800] "GET /blog/active.php HTTP/1.1" 301 1026 "-" "-"
2001:288:a201::66:125 - - [22/Aug/2026:05:20:23 +0800] "GET /blog/active.php HTTP/1.1" 404 5511 "-" "-"
140.111.67.10 - - [22/Aug/2026:05:20:23 +0800] "GET /" 301 273 "-" "-"
64.204.197.117 - - [22/Aug/2026:05:20:25 +0800] "GET /17160/wp-content/uploads/sites/1249/2022/04/IMG_0189-768x576.jpg HTTP/1.1" 200 152541 "https://2blog.ilc.edu.tw/17160/2022/03/21/%E3%80%90%E4%B8%89%E5%B9%B4%E7%B4%9A%E3%80%91%E8%B6%A3%E5%91%B3%E6%95%B8%E5%AD%B8-%E7%A5%9E%E5%A5%87%E4%BA%94%E9%80%A3%E6%96%B9/" "Mozilla/5.0 (Macintosh; Intel Mac OS X 10_15_7) AppleWebKit/537.36 (KHTML, like Gecko) Chrome/131.0.0.0 Safari/537.36"
185.191.171.3 - - [22/Aug/2026:05:20:25 +0800] "GET /Resource/Neturl/Sub-Going.asp?url=https%3A%2F%2Fbaomuabannhadat.com%2Fnha-dat%2Fcan-mua-thue%2Fnha-dat-can-mua%2Fmua-loai-bat-dong-san-khac%2Fban-van-phong-mat-bang7-92-ty-phuong-7-quan-8_i31408 HTTP/1.1" 404 90755 "-" "Mozilla/5.0 (compatible; SemrushBot/7~bl; +http://www.semrush.com/bot.html)"
66.249.82.15 - - [22/Aug/2026:05:20:26 +0800] "GET /.well-known/traffic-advice HTTP/1.1" 301 5746 "-" "Chrome Privacy Preserving Prefetch Proxy"
17.246.23.167 - - [22/Aug/2026:05:20:26 +0800] "GET /1003/2015/12/09/%e4%b8%89%e4%b8%8a13%e9%80%b1%e9%99%a4%e6%b3%95%e8%a4%87%e7%bf%92/ HTTP/1.1" 200 18940 "-" "Mozilla/5.0 (Macintosh; Intel Mac OS X 10_15_7) AppleWebKit/605.1.15 (KHTML, like Gecko) Version/17.4 Safari/605.1.15 (Applebot/0.1; +http://www.apple.com/go/applebot)"
2001:4860:7:410::f2 - - [22/Aug/2026:05:20:26 +0800] "GET /?page_id=70 HTTP/1.1" 200 19419 "https://www.google.com/" "Mozilla/5.0 (Linux; Android 10; K) AppleWebKit/537.36 (KHTML, like Gecko) Chrome/151.0.0.0 Mobile Safari/537.36"
2001:288:a201::66:125 - - [22/Aug/2026:05:20:28 +0800] "GET /blog/active.php HTTP/1.1" 301 1026 "-" "-"
2001:288:a201::66:125 - - [22/Aug/2026:05:20:28 +0800] "GET /blog/active.php HTTP/1.1" 404 1084 "-" "-"
140.111.67.10 - - [22/Aug/2026:05:20:28 +0800] "GET /" 301 273 "-" "-"
2408:862e:ff:ff33::139 - - [22/Aug/2026:05:20:28 +0800] "GET /6509/category/c-22076/page/4 HTTP/1.1" 301 5779 "-" "Mozilla/5.0 (Windows NT 10.0; Win64; x64) AppleWebKit/537.36 (KHTML, like Gecko) Chrome/144.0.0.0 Safari/537.36"
2408:862e:ff:ff33::139 - - [22/Aug/2026:05:20:28 +0800] "GET /6509/category/c-22076/page/4/ HTTP/1.1" 200 11385 "-" "Mozilla/5.0 (Windows NT 10.0; Win64; x64) AppleWebKit/537.36 (KHTML, like Gecko) Chrome/144.0.0.0 Safari/537.36"
2408:862e:ff:ff33::139 - - [22/Aug/2026:05:20:29 +0800] "GET /6509/wp-content/cache/2blog.ilc.edu.tw/wpfc-minified/kxx2sy16/5wokb.css HTTP/1.1" 200 40886 "https://2blog.ilc.edu.tw/6509/category/c-22076/page/4/" "Mozilla/5.0 (Windows NT 10.0; Win64; x64) AppleWebKit/537.36 (KHTML, like Gecko) Chrome/144.0.0.0 Safari/537.36"
2408:862e:ff:ff33::139 - - [22/Aug/2026:05:20:30 +0800] "GET /6509/wp-content/cache/2blog.ilc.edu.tw/wpfc-minified/7mvjm7vk/5wokb.css HTTP/1.1" 200 15782 "https://2blog.ilc.edu.tw/6509/category/c-22076/page/4/" "Mozilla/5.0 (Windows NT 10.0; Win64; x64) AppleWebKit/537.36 (KHTML, like Gecko) Chrome/144.0.0.0 Safari/537.36"
2408:862e:ff:ff33::139 - - [22/Aug/2026:05:20:30 +0800] "GET /6509/wp-content/themes/oceanwp/assets/js/theme.min.js HTTP/1.1" 200 5130 "https://2blog.ilc.edu.tw/6509/category/c-22076/page/4/" "Mozilla/5.0 (Windows NT 10.0; Win64; x64) AppleWebKit/537.36 (KHTML, like Gecko) Chrome/144.0.0.0 Safari/537.36"
2a01:4f9:3a:2c19::2 - - [22/Aug/2026:05:20:30 +0800] "GET / HTTP/1.1" 200 56886 "-" "Mozilla/5.0 (Windows NT 10.0; Win64; x64; rv:148.0) Gecko/20100101 Firefox/148.0"
34.10.180.98 - - [22/Aug/2026:05:20:30 +0800] "GET /2011/04/22/ HTTP/1.1" 200 24100 "-" "Mozilla/5.0 (Macintosh; Intel Mac OS X 10_15_7) AppleWebKit/537.36 (KHTML, like Gecko) Chrome/120.0.0.0 Safari/537.36"
2408:862e:ff:ff33::139 - - [22/Aug/2026:05:20:30 +0800] "GET /6509/wp-content/themes/oceanwp/assets/js/ow-slider.min.js HTTP/1.1" 200 1761 "https://2blog.ilc.edu.tw/6509/category/c-22076/page/4/" "Mozilla/5.0 (Windows NT 10.0; Win64; x64) AppleWebKit/537.36 (KHTML, like Gecko) Chrome/144.0.0.0 Safari/537.36"
2408:862e:ff:ff33::139 - - [22/Aug/2026:05:20:31 +0800] "GET /6509/wp-content/themes/oceanwp/assets/fonts/simple-line-icons/Simple-Line-Icons.woff2?v=2.4.0 HTTP/1.1" 200 30959 "https://2blog.ilc.edu.tw/6509/wp-content/cache/2blog.ilc.edu.tw/wpfc-minified/99gz6ym5/5wokb.css" "Mozilla/5.0 (Windows NT 10.0; Win64; x64) AppleWebKit/537.36 (KHTML, like Gecko) Chrome/144.0.0.0 Safari/537.36"
2a03:2880:f802:25:: - - [22/Aug/2026:05:20:31 +0800] "GET /16824/2016/10/26/%e8%bd%89%e7%9f%a5%e3%80%8c107%e5%ad%b8%e5%b9%b4%e5%ba%a6%e4%bb%a5%e5%be%8c%e5%ae%9c%e8%98%ad%e5%8d%80%e9%ab%98%e7%b4%9a%e4%b8%ad%e7%ad%89%e5%ad%b8%e6%a0%a1%e5%85%8d%e8%a9%a6%e5%85%a5%e5%ad%b8/ HTTP/1.1" 200 15506 "-" "Mozilla/5.0 (Windows NT 10.0; Win64; x64) AppleWebKit/537.36 (KHTML, like Gecko) Chrome/145.0.0.0 Safari/537.36 (compatible; meta-externalagent/1.1 (+https://developers.facebook.com/docs/sharing/webmasters/crawler))"
50.114.116.192 - - [22/Aug/2026:05:20:32 +0800] "GET /wp-content/uploads/sites/2488/27384/27384-3671093.jpg HTTP/1.1" 200 18570 "https://2blog.ilc.edu.tw/27384/2016/11/01/%E5%8F%B0%E7%81%A3%E6%AF%8D%E8%AA%9E%E6%83%85%E5%A2%83%E4%BD%88%E7%BD%AE/" "Mozilla/5.0 (Macintosh; Intel Mac OS X 10_15_7) AppleWebKit/537.36 (KHTML, like Gecko) Chrome/131.0.0.0 Safari/537.36"
34.42.229.145 - - [22/Aug/2026:05:20:32 +0800] "GET /6559/category/%E7%92%B0%E5%A2%83%E7%AE%A1%E7%90%86%E5%8F%8A%E9%85%8D%E5%90%88%E6%8E%AA%E6%96%BD/c-22581/ HTTP/1.1" 200 14856 "-" "Mozilla/5.0 (Macintosh; Intel Mac OS X 10_15_7) AppleWebKit/537.36 (KHTML, like Gecko) Chrome/120.0.0.0 Safari/537.36"
2001:288:a201::66:125 - - [22/Aug/2026:05:20:33 +0800] "GET /blog/active.php HTTP/1.1" 301 1026 "-" "-"
2001:288:a201::66:125 - - [22/Aug/2026:05:20:33 +0800] "GET /blog/active.php HTTP/1.1" 404 1084 "-" "-"
140.111.67.10 - - [22/Aug/2026:05:20:33 +0800] "GET /" 301 273 "-" "-"
2a03:4000:2b:875:c4ed:48ff:fedc:9579 - - [22/Aug/2026:05:20:33 +0800] "GET /wp-content/themes/oceanwp/assets/fonts/simple-line-icons/Simple-Line-Icons.ttf HTTP/1.1" 200 59817 "-" "Mozilla/5.0 (Windows NT 10.0; Win64; x64; rv:148.0) Gecko/20100101 Firefox/148.0"
34.10.180.98 - - [22/Aug/2026:05:20:33 +0800] "GET /3860/2015/06/26/%E8%87%BA%E7%81%A3%E6%97%8F%E8%AA%9E%E6%98%AF%E5%AF%B6%E8%B2%9D-%E7%99%BE%E5%B9%B4%E5%A4%A7%E8%A8%88%E9%9D%A0%E6%95%99%E8%82%B2%EF%BC%8C-%E8%AD%B0%E5%93%A1%E9%97%9C%E5%BF%83%E5%89%B5%E6%96%B0/ HTTP/1.1" 200 31862 "-" "Mozilla/5.0 (Macintosh; Intel Mac OS X 10_15_7) AppleWebKit/537.36 (KHTML, like Gecko) Chrome/120.0.0.0 Safari/537.36"
34.30.223.149 - - [22/Aug/2026:05:20:37 +0800] "GET /wp-json/oembed/1.0/embed?url=https://www.bhoes.ilc.edu.tw/2014/04/13/2014-04-11-%25e5%259c%258b%25e8%25aa%259e%25e6%2596%2587%25e7%25ab%25b6%25e8%25b3%25bd-%25e6%25bc%2594%25e8%25aa%25aa/ HTTP/1.1" 200 8471 "-" "Mozilla/5.0 (Macintosh; Intel Mac OS X 10_15_7) AppleWebKit/537.36 (KHTML, like Gecko) Chrome/120.0.0.0 Safari/537.36"
240e:90e:2000:2006::127e - - [22/Aug/2026:05:20:37 +0800] "GET /2022/07/04 HTTP/1.1" 301 5772 "-" "Mozilla/5.0 (Windows NT 10.0; Win64; x64) AppleWebKit/537.36 (KHTML, like Gecko) Chrome/144.0.0.0 Safari/537.36"
2001:288:a201::66:125 - - [22/Aug/2026:05:20:38 +0800] "GET /blog/active.php HTTP/1.1" 301 1026 "-" "-"
2401:e180:8850:8c13:94af:5166:8971:b1dc - - [22/Aug/2026:05:20:38 +0800] "GET /1003/2026/07/30/%e5%b0%8f%e5%a3%81%e8%99%8e%e8%80%81%e5%b8%ab%e7%9a%84%e5%b7%a5%e5%85%b7%e7%ab%99%e3%80%90ai%e5%8d%94%e4%bd%9c%e4%bd%9c%e5%93%81%e3%80%91/ HTTP/1.1" 200 19281 "https://2blog.ilc.edu.tw/1003/" "Mozilla/5.0 (iPhone; CPU iPhone OS 26_5_0 like Mac OS X) AppleWebKit/605.1.15 (KHTML, like Gecko) CriOS/151.0.7922.57 Mobile/15E148 Safari/604.1"
2409:8c28:5460:903::69 - - [22/Aug/2026:05:20:37 +0800] "GET /yilankindergartentest/category/%E5%9C%B0%E9%9C%87%E7%81%BD%E5%AE%B3%E6%BC%94%E7%B7%B4/page/43/ HTTP/1.1" 200 32455 "-" "Mozilla/5.0 (Windows NT 10.0; Win64; x64) AppleWebKit/537.36 (KHTML, like Gecko) Chrome/144.0.0.0 Safari/537.36"
2001:288:a201::66:125 - - [22/Aug/2026:05:20:38 +0800] "GET /blog/active.php HTTP/1.1" 404 1084 "-" "-"
2a10:4a00:344e:4431:9b9a:2587:6987:8409 - - [22/Aug/2026:05:20:38 +0800] "GET /26148/ HTTP/1.1" 200 19548 "-" "Mozilla/5.0 (Macintosh; Intel Mac OS X 10.15; rv:147.0) Gecko/20100101 Firefox/147.0"
140.111.67.10 - - [22/Aug/2026:05:20:38 +0800] "GET /" 301 273 "-" "-"
2401:e180:8850:8c13:94af:5166:8971:b1dc - - [22/Aug/2026:05:20:38 +0800] "GET /1003/wp-content/uploads/sites/233/2026/07/Snipaste_2026-07-30_10-16-50.png HTTP/1.1" 200 784165 "https://2blog.ilc.edu.tw/1003/2026/07/30/%e5%b0%8f%e5%a3%81%e8%99%8e%e8%80%81%e5%b8%ab%e7%9a%84%e5%b7%a5%e5%85%b7%e7%ab%99%e3%80%90ai%e5%8d%94%e4%bd%9c%e4%bd%9c%e5%93%81%e3%80%91/" "Mozilla/5.0 (iPhone; CPU iPhone OS 26_5_0 like Mac OS X) AppleWebKit/605.1.15 (KHTML, like Gecko) CriOS/151.0.7922.57 Mobile/15E148 Safari/604.1"
2401:e180:8850:8c13:94af:5166:8971:b1dc - - [22/Aug/2026:05:20:38 +0800] "POST /1003/wp-json/ilc-summary/v1/popular-posts HTTP/1.1" 201 1272 "https://2blog.ilc.edu.tw/1003/2026/07/30/%e5%b0%8f%e5%a3%81%e8%99%8e%e8%80%81%e5%b8%ab%e7%9a%84%e5%b7%a5%e5%85%b7%e7%ab%99%e3%80%90ai%e5%8d%94%e4%bd%9c%e4%bd%9c%e5%93%81%e3%80%91/" "Mozilla/5.0 (iPhone; CPU iPhone OS 26_5_0 like Mac OS X) AppleWebKit/605.1.15 (KHTML, like Gecko) CriOS/151.0.7922.57 Mobile/15E148 Safari/604.1"
2409:8c28:5460:903::69 - - [22/Aug/2026:05:20:38 +0800] "GET /yilankindergartentest/wp-content/cache/2blog.ilc.edu.tw/wpfc-minified/k13fn5az/5wu1y.css HTTP/1.1" 200 40913 "https://2blog.ilc.edu.tw/yilankindergartentest/category/%E5%9C%B0%E9%9C%87%E7%81%BD%E5%AE%B3%E6%BC%94%E7%B7%B4/page/43/" "Mozilla/5.0 (Windows NT 10.0; Win64; x64) AppleWebKit/537.36 (KHTML, like Gecko) Chrome/144.0.0.0 Safari/537.36"
240e:90e:2000:2006::127e - - [22/Aug/2026:05:20:38 +0800] "GET /2022/07/04/ HTTP/1.1" 200 42094 "-" "Mozilla/5.0 (Windows NT 10.0; Win64; x64) AppleWebKit/537.36 (KHTML, like Gecko) Chrome/144.0.0.0 Safari/537.36"
2409:8715:5880:c0::153 - - [22/Aug/2026:05:20:38 +0800] "GET /qlesct1130706/2025/04 HTTP/1.1" 301 5772 "-" "Mozilla/5.0 (Windows NT 10.0; Win64; x64) AppleWebKit/537.36 (KHTML, like Gecko) Chrome/144.0.0.0 Safari/537.36"
2409:8c28:5460:903::69 - - [22/Aug/2026:05:20:38 +0800] "GET /yilankindergartentest/wp-content/cache/2blog.ilc.edu.tw/wpfc-minified/mjlra12u/5wu1y.css HTTP/1.1" 200 15782 "https://2blog.ilc.edu.tw/yilankindergartentest/category/%E5%9C%B0%E9%9C%87%E7%81%BD%E5%AE%B3%E6%BC%94%E7%B7%B4/page/43/" "Mozilla/5.0 (Windows NT 10.0; Win64; x64) AppleWebKit/537.36 (KHTML, like Gecko) Chrome/144.0.0.0 Safari/537.36"
2401:e180:8850:8c13:94af:5166:8971:b1dc - - [22/Aug/2026:05:20:38 +0800] "GET /1003/wp-content/uploads/sites/233/2026/07/Snipaste_2026-07-30_10-17-20-1024x735.png HTTP/1.1" 200 331806 "https://2blog.ilc.edu.tw/1003/2026/07/30/%e5%b0%8f%e5%a3%81%e8%99%8e%e8%80%81%e5%b8%ab%e7%9a%84%e5%b7%a5%e5%85%b7%e7%ab%99%e3%80%90ai%e5%8d%94%e4%bd%9c%e4%bd%9c%e5%93%81%e3%80%91/" "Mozilla/5.0 (iPhone; CPU iPhone OS 26_5_0 like Mac OS X) AppleWebKit/605.1.15 (KHTML, like Gecko) CriOS/151.0.7922.57 Mobile/15E148 Safari/604.1"
2409:8c28:5460:903::69 - - [22/Aug/2026:05:20:38 +0800] "GET /yilankindergartentest/wp-content/cache/2blog.ilc.edu.tw/wpfc-minified/8xon4f9d/5wu1y.css HTTP/1.1" 200 1157 "https://2blog.ilc.edu.tw/yilankindergartentest/category/%E5%9C%B0%E9%9C%87%E7%81%BD%E5%AE%B3%E6%BC%94%E7%B7%B4/page/43/" "Mozilla/5.0 (Windows NT 10.0; Win64; x64) AppleWebKit/537.36 (KHTML, like Gecko) Chrome/144.0.0.0 Safari/537.36"
2409:8c28:5460:903::69 - - [22/Aug/2026:05:20:39 +0800] "GET /yilankindergartentest/wp-content/cache/2blog.ilc.edu.tw/wpfc-minified/qtjfg783/5wu1y.css HTTP/1.1" 200 18657 "https://2blog.ilc.edu.tw/yilankindergartentest/category/%E5%9C%B0%E9%9C%87%E7%81%BD%E5%AE%B3%E6%BC%94%E7%B7%B4/page/43/" "Mozilla/5.0 (Windows NT 10.0; Win64; x64) AppleWebKit/537.36 (KHTML, like Gecko) Chrome/144.0.0.0 Safari/537.36"
2409:8c28:5460:903::69 - - [22/Aug/2026:05:20:39 +0800] "GET /yilankindergartentest/wp-content/cache/2blog.ilc.edu.tw/wpfc-minified/fs3g46f8/5wu1y.js HTTP/1.1" 200 35923 "https://2blog.ilc.edu.tw/yilankindergartentest/category/%E5%9C%B0%E9%9C%87%E7%81%BD%E5%AE%B3%E6%BC%94%E7%B7%B4/page/43/" "Mozilla/5.0 (Windows NT 10.0; Win64; x64) AppleWebKit/537.36 (KHTML, like Gecko) Chrome/144.0.0.0 Safari/537.36"
2409:8c28:5460:903::69 - - [22/Aug/2026:05:20:39 +0800] "GET /yilankindergartentest/wp-includes/js/admin-bar.min.js HTTP/1.1" 200 7031 "https://2blog.ilc.edu.tw/yilankindergartentest/category/%E5%9C%B0%E9%9C%87%E7%81%BD%E5%AE%B3%E6%BC%94%E7%B7%B4/page/43/" "Mozilla/5.0 (Windows NT 10.0; Win64; x64) AppleWebKit/537.36 (KHTML, like Gecko) Chrome/144.0.0.0 Safari/537.36"
2409:8c28:5460:903::69 - - [22/Aug/2026:05:20:39 +0800] "GET /yilankindergartentest/wp-includes/js/hoverintent-js.min.js HTTP/1.1" 200 6391 "https://2blog.ilc.edu.tw/yilankindergartentest/category/%E5%9C%B0%E9%9C%87%E7%81%BD%E5%AE%B3%E6%BC%94%E7%B7%B4/page/43/" "Mozilla/5.0 (Windows NT 10.0; Win64; x64) AppleWebKit/537.36 (KHTML, like Gecko) Chrome/144.0.0.0 Safari/537.36"
2409:8715:5880:c0::153 - - [22/Aug/2026:05:20:39 +0800] "GET /qlesct1130706/2025/04/ HTTP/1.1" 200 12968 "-" "Mozilla/5.0 (Windows NT 10.0; Win64; x64) AppleWebKit/537.36 (KHTML, like Gecko) Chrome/144.0.0.0 Safari/537.36"
2409:8c28:5460:903::69 - - [22/Aug/2026:05:20:39 +0800] "GET /yilankindergartentest/wp-content/themes/twentyseventeen/assets/js/skip-link-focus-fix.js HTTP/1.1" 200 1295 "https://2blog.ilc.edu.tw/yilankindergartentest/category/%E5%9C%B0%E9%9C%87%E7%81%BD%E5%AE%B3%E6%BC%94%E7%B7%B4/page/43/" "Mozilla/5.0 (Windows NT 10.0; Win64; x64) AppleWebKit/537.36 (KHTML, like Gecko) Chrome/144.0.0.0 Safari/537.36"
240e:90e:2000:2006::127e - - [22/Aug/2026:05:20:39 +0800] "GET /wp-content/cache/www.najh.ilc.edu.tw/wpfc-minified/1f13uvw/6wh9.css HTTP/1.1" 200 40884 "https://www.najh.ilc.edu.tw/2022/07/04/" "Mozilla/5.0 (Windows NT 10.0; Win64; x64) AppleWebKit/537.36 (KHTML, like Gecko) Chrome/144.0.0.0 Safari/537.36"
2409:8c28:5460:903::69 - - [22/Aug/2026:05:20:39 +0800] "GET /yilankindergartentest/wp-content/themes/twentyseventeen/assets/js/navigation.js HTTP/1.1" 200 2041 "https://2blog.ilc.edu.tw/yilankindergartentest/category/%E5%9C%B0%E9%9C%87%E7%81%BD%E5%AE%B3%E6%BC%94%E7%B7%B4/page/43/" "Mozilla/5.0 (Windows NT 10.0; Win64; x64) AppleWebKit/537.36 (KHTML, like Gecko) Chrome/144.0.0.0 Safari/537.36"
2409:8c28:5460:903::69 - - [22/Aug/2026:05:20:39 +0800] "GET /yilankindergartentest/wp-content/themes/twentyseventeen/assets/js/global.js HTTP/1.1" 200 3495 "https://2blog.ilc.edu.tw/yilankindergartentest/category/%E5%9C%B0%E9%9C%87%E7%81%BD%E5%AE%B3%E6%BC%94%E7%B7%B4/page/43/" "Mozilla/5.0 (Windows NT 10.0; Win64; x64) AppleWebKit/537.36 (KHTML, like Gecko) Chrome/144.0.0.0 Safari/537.36"
2409:8c28:5460:903::69 - - [22/Aug/2026:05:20:39 +0800] "GET /yilankindergartentest/wp-content/themes/twentyseventeen/assets/js/jquery.scrollTo.js HTTP/1.1" 200 3289 "https://2blog.ilc.edu.tw/yilankindergartentest/category/%E5%9C%B0%E9%9C%87%E7%81%BD%E5%AE%B3%E6%BC%94%E7%B7%B4/page/43/" "Mozilla/5.0 (Windows NT 10.0; Win64; x64) AppleWebKit/537.36 (KHTML, like Gecko) Chrome/144.0.0.0 Safari/537.36"
2a01:f2c4:2c91:8b91:fbee:fdbe:3e78:a3aa - - [22/Aug/2026:05:20:39 +0800] "GET /26148/ HTTP/1.1" 200 19548 "-" "Mozilla/5.0 (iPhone; CPU iPhone OS 26_0 like Mac OS X) AppleWebKit/605.1.15 (KHTML, like Gecko) Version/26.0 Mobile/15E148 Safari/604.1"
240e:90e:2000:2006::127e - - [22/Aug/2026:05:20:39 +0800] "GET /wp-content/cache/www.najh.ilc.edu.tw/wpfc-minified/4ybahoo/6wh9.css HTTP/1.1" 200 15782 "https://www.najh.ilc.edu.tw/2022/07/04/" "Mozilla/5.0 (Windows NT 10.0; Win64; x64) AppleWebKit/537.36 (KHTML, like Gecko) Chrome/144.0.0.0 Safari/537.36"
240e:90e:2000:2006::127e - - [22/Aug/2026:05:20:39 +0800] "GET /wp-content/cache/www.najh.ilc.edu.tw/wpfc-minified/kz7ju7r3/6wh9.css HTTP/1.1" 200 1496 "https://www.najh.ilc.edu.tw/2022/07/04/" "Mozilla/5.0 (Windows NT 10.0; Win64; x64) AppleWebKit/537.36 (KHTML, like Gecko) Chrome/144.0.0.0 Safari/537.36"
240e:90e:2000:2006::127e - - [22/Aug/2026:05:20:39 +0800] "GET /wp-content/cache/www.najh.ilc.edu.tw/wpfc-minified/kcxb236g/6wh9.css HTTP/1.1" 200 61684 "https://www.najh.ilc.edu.tw/2022/07/04/" "Mozilla/5.0 (Windows NT 10.0; Win64; x64) AppleWebKit/537.36 (KHTML, like Gecko) Chrome/144.0.0.0 Safari/537.36"
240e:90e:2000:2006::127e - - [22/Aug/2026:05:20:40 +0800] "GET /wp-content/cache/www.najh.ilc.edu.tw/wpfc-minified/k0kc5650/6wh9.js HTTP/1.1" 200 35558 "https://www.najh.ilc.edu.tw/2022/07/04/" "Mozilla/5.0 (Windows NT 10.0; Win64; x64) AppleWebKit/537.36 (KHTML, like Gecko) Chrome/144.0.0.0 Safari/537.36"
240e:90e:2000:2006::127e - - [22/Aug/2026:05:20:40 +0800] "GET /wp-content/cache/www.najh.ilc.edu.tw/wpfc-minified/87xhsi2d/6wh9.css HTTP/1.1" 200 4322 "https://www.najh.ilc.edu.tw/2022/07/04/" "Mozilla/5.0 (Windows NT 10.0; Win64; x64) AppleWebKit/537.36 (KHTML, like Gecko) Chrome/144.0.0.0 Safari/537.36"
240e:90e:2000:2006::127e - - [22/Aug/2026:05:20:40 +0800] "GET /wp-includes/js/hoverintent-js.min.js HTTP/1.1" 200 6399 "https://www.najh.ilc.edu.tw/2022/07/04/" "Mozilla/5.0 (Windows NT 10.0; Win64; x64) AppleWebKit/537.36 (KHTML, like Gecko) Chrome/144.0.0.0 Safari/537.36"
2a03:2880:f802:28:: - - [22/Aug/2026:05:20:39 +0800] "GET /32745/2022/11/25/%e6%b5%81%e6%b5%aa%e5%98%86-2/ HTTP/1.1" 200 92433 "-" "Mozilla/5.0 (Macintosh; Intel Mac OS X 10_15_7) AppleWebKit/537.36 (KHTML, like Gecko) Chrome/145.0.0.0 Safari/537.36 (compatible; meta-externalagent/1.1 (+https://developers.facebook.com/docs/sharing/webmasters/crawler))"
116.241.218.30 - - [22/Aug/2026:05:20:40 +0800] "GET /wp-content/themes/toujours/genericons/genericons.css HTTP/1.1" 200 22204 "https://www.ltjh.ilc.edu.tw/?page_id=70" "Mozilla/5.0 (Linux; Android 10; K) AppleWebKit/537.36 (KHTML, like Gecko) Chrome/151.0.0.0 Mobile Safari/537.36"
116.241.218.30 - - [22/Aug/2026:05:20:40 +0800] "GET /wp-content/themes/toujours/style.css HTTP/1.1" 200 18616 "https://www.ltjh.ilc.edu.tw/?page_id=70" "Mozilla/5.0 (Linux; Android 10; K) AppleWebKit/537.36 (KHTML, like Gecko) Chrome/151.0.0.0 Mobile Safari/537.36"
116.241.218.30 - - [22/Aug/2026:05:20:40 +0800] "GET /wp-content/plugins/elementor/assets/lib/eicons/css/elementor-icons.min.css HTTP/1.1" 200 4949 "https://www.ltjh.ilc.edu.tw/?page_id=70" "Mozilla/5.0 (Linux; Android 10; K) AppleWebKit/537.36 (KHTML, like Gecko) Chrome/151.0.0.0 Mobile Safari/537.36"
116.241.218.30 - - [22/Aug/2026:05:20:40 +0800] "GET /wp-content/plugins/elementor/assets/lib/swiper/v8/css/swiper.min.css HTTP/1.1" 200 10257 "https://www.ltjh.ilc.edu.tw/?page_id=70" "Mozilla/5.0 (Linux; Android 10; K) AppleWebKit/537.36 (KHTML, like Gecko) Chrome/151.0.0.0 Mobile Safari/537.36"
116.241.218.30 - - [22/Aug/2026:05:20:40 +0800] "GET /wp-content/plugins/elementor/assets/css/frontend.min.css HTTP/1.1" 200 25091 "https://www.ltjh.ilc.edu.tw/?page_id=70" "Mozilla/5.0 (Linux; Android 10; K) AppleWebKit/537.36 (KHTML, like Gecko) Chrome/151.0.0.0 Mobile Safari/537.36"
116.241.218.30 - - [22/Aug/2026:05:20:40 +0800] "GET /wp-content/uploads/sites/411/elementor/css/post-880.css HTTP/1.1" 200 1269 "https://www.ltjh.ilc.edu.tw/?page_id=70" "Mozilla/5.0 (Linux; Android 10; K) AppleWebKit/537.36 (KHTML, like Gecko) Chrome/151.0.0.0 Mobile Safari/537.36"
116.241.218.30 - - [22/Aug/2026:05:20:40 +0800] "GET /wp-content/plugins/elementor-pro/assets/css/frontend.min.css HTTP/1.1" 200 44543 "https://www.ltjh.ilc.edu.tw/?page_id=70" "Mozilla/5.0 (Linux; Android 10; K) AppleWebKit/537.36 (KHTML, like Gecko) Chrome/151.0.0.0 Mobile Safari/537.36"
116.241.218.30 - - [22/Aug/2026:05:20:40 +0800] "GET /wp-content/plugins/elementor/assets/lib/font-awesome/css/font-awesome.min.css HTTP/1.1" 200 7925 "https://www.ltjh.ilc.edu.tw/?page_id=70" "Mozilla/5.0 (Linux; Android 10; K) AppleWebKit/537.36 (KHTML, like Gecko) Chrome/151.0.0.0 Mobile Safari/537.36"
116.241.218.30 - - [22/Aug/2026:05:20:40 +0800] "GET /wp-content/uploads/sites/411/elementor/css/global.css HTTP/1.1" 200 3701 "https://www.ltjh.ilc.edu.tw/?page_id=70" "Mozilla/5.0 (Linux; Android 10; K) AppleWebKit/537.36 (KHTML, like Gecko) Chrome/151.0.0.0 Mobile Safari/537.36"
116.241.218.30 - - [22/Aug/2026:05:20:40 +0800] "GET /wp-content/uploads/sites/411/elementor/css/post-70.css HTTP/1.1" 200 970 "https://www.ltjh.ilc.edu.tw/?page_id=70" "Mozilla/5.0 (Linux; Android 10; K) AppleWebKit/537.36 (KHTML, like Gecko) Chrome/151.0.0.0 Mobile Safari/537.36"
116.241.218.30 - - [22/Aug/2026:05:20:40 +0800] "GET /wp-includes/js/jquery/jquery-migrate.min.js HTTP/1.1" 200 5752 "https://www.ltjh.ilc.edu.tw/?page_id=70" "Mozilla/5.0 (Linux; Android 10; K) AppleWebKit/537.36 (KHTML, like Gecko) Chrome/151.0.0.0 Mobile Safari/537.36"
116.241.218.30 - - [22/Aug/2026:05:20:40 +0800] "GET /wp-includes/js/jquery/jquery.min.js HTTP/1.1" 200 31359 "https://www.ltjh.ilc.edu.tw/?page_id=70" "Mozilla/5.0 (Linux; Android 10; K) AppleWebKit/537.36 (KHTML, like Gecko) Chrome/151.0.0.0 Mobile Safari/537.36"
116.241.218.30 - - [22/Aug/2026:05:20:40 +0800] "GET /wp-content/plugins/google-drive-embedder/css/gdm-blocks.css HTTP/1.1" 200 1160 "-" "Mozilla/5.0 (Linux; Android 10; K) AppleWebKit/537.36 (KHTML, like Gecko) Chrome/151.0.0.0 Mobile Safari/537.36"
116.241.218.30 - - [22/Aug/2026:05:20:40 +0800] "GET /wp-content/uploads/sites/411/2025/06/%E9%98%B2%E6%B2%BB%E6%80%A7%E9%A8%B7.png HTTP/1.1" 200 196010 "https://www.ltjh.ilc.edu.tw/?page_id=70" "Mozilla/5.0 (Linux; Android 10; K) AppleWebKit/537.36 (KHTML, like Gecko) Chrome/151.0.0.0 Mobile Safari/537.36"
116.241.218.30 - - [22/Aug/2026:05:20:40 +0800] "GET /wp-content/uploads/sites/411/2025/11/376420000A_1140189696_ATTACH1.png HTTP/1.1" 200 18436 "https://www.ltjh.ilc.edu.tw/?page_id=70" "Mozilla/5.0 (Linux; Android 10; K) AppleWebKit/537.36 (KHTML, like Gecko) Chrome/151.0.0.0 Mobile Safari/537.36"
116.241.218.30 - - [22/Aug/2026:05:20:40 +0800] "GET /wp-includes/css/admin-bar.min.css HTTP/1.1" 200 4685 "-" "Mozilla/5.0 (Linux; Android 10; K) AppleWebKit/537.36 (KHTML, like Gecko) Chrome/151.0.0.0 Mobile Safari/537.36"
116.241.218.30 - - [22/Aug/2026:05:20:40 +0800] "GET /wp-includes/js/hoverintent-js.min.js HTTP/1.1" 200 1597 "https://www.ltjh.ilc.edu.tw/?page_id=70" "Mozilla/5.0 (Linux; Android 10; K) AppleWebKit/537.36 (KHTML, like Gecko) Chrome/151.0.0.0 Mobile Safari/537.36"
116.241.218.30 - - [22/Aug/2026:05:20:40 +0800] "GET /wp-includes/css/dashicons.min.css HTTP/1.1" 200 36736 "-" "Mozilla/5.0 (Linux; Android 10; K) AppleWebKit/537.36 (KHTML, like Gecko) Chrome/151.0.0.0 Mobile Safari/537.36"
116.241.218.30 - - [22/Aug/2026:05:20:40 +0800] "GET /wp-includes/js/admin-bar.min.js HTTP/1.1" 200 2237 "https://www.ltjh.ilc.edu.tw/?page_id=70" "Mozilla/5.0 (Linux; Android 10; K) AppleWebKit/537.36 (KHTML, like Gecko) Chrome/151.0.0.0 Mobile Safari/537.36"
2401:e180:8850:8c13:94af:5166:8971:b1dc - - [22/Aug/2026:05:20:40 +0800] "GET /1003/wp-content/uploads/sites/233/2026/07/Snipaste_2026-07-30_10-16-50-1024x609.png HTTP/1.1" 200 493776 "https://2blog.ilc.edu.tw/1003/2026/07/30/%e5%b0%8f%e5%a3%81%e8%99%8e%e8%80%81%e5%b8%ab%e7%9a%84%e5%b7%a5%e5%85%b7%e7%ab%99%e3%80%90ai%e5%8d%94%e4%bd%9c%e4%bd%9c%e5%93%81%e3%80%91/" "Mozilla/5.0 (iPhone; CPU iPhone OS 26_5_0 like Mac OS X) AppleWebKit/605.1.15 (KHTML, like Gecko) CriOS/151.0.7922.57 Mobile/15E148 Safari/604.1"
116.241.218.30 - - [22/Aug/2026:05:20:40 +0800] "GET /wp-content/themes/toujours/js/jquery.flexslider.js HTTP/1.1" 200 12795 "https://www.ltjh.ilc.edu.tw/?page_id=70" "Mozilla/5.0 (Linux; Android 10; K) AppleWebKit/537.36 (KHTML, like Gecko) Chrome/151.0.0.0 Mobile Safari/537.36"
116.241.218.30 - - [22/Aug/2026:05:20:40 +0800] "GET /wp-includes/js/imagesloaded.min.js HTTP/1.1" 200 2683 "https://www.ltjh.ilc.edu.tw/?page_id=70" "Mozilla/5.0 (Linux; Android 10; K) AppleWebKit/537.36 (KHTML, like Gecko) Chrome/151.0.0.0 Mobile Safari/537.36"
116.241.218.30 - - [22/Aug/2026:05:20:40 +0800] "GET /wp-content/themes/toujours/js/navigation.js HTTP/1.1" 200 1748 "https://www.ltjh.ilc.edu.tw/?page_id=70" "Mozilla/5.0 (Linux; Android 10; K) AppleWebKit/537.36 (KHTML, like Gecko) Chrome/151.0.0.0 Mobile Safari/537.36"
116.241.218.30 - - [22/Aug/2026:05:20:40 +0800] "GET /wp-content/themes/toujours/js/skip-link-focus-fix.js HTTP/1.1" 200 1344 "https://www.ltjh.ilc.edu.tw/?page_id=70" "Mozilla/5.0 (Linux; Android 10; K) AppleWebKit/537.36 (KHTML, like Gecko) Chrome/151.0.0.0 Mobile Safari/537.36"
116.241.218.30 - - [22/Aug/2026:05:20:40 +0800] "GET /wp-content/themes/toujours/js/global.js HTTP/1.1" 200 2171 "https://www.ltjh.ilc.edu.tw/?page_id=70" "Mozilla/5.0 (Linux; Android 10; K) AppleWebKit/537.36 (KHTML, like Gecko) Chrome/151.0.0.0 Mobile Safari/537.36"
116.241.218.30 - - [22/Aug/2026:05:20:40 +0800] "GET /wp-includes/js/masonry.min.js HTTP/1.1" 200 8306 "https://www.ltjh.ilc.edu.tw/?page_id=70" "Mozilla/5.0 (Linux; Android 10; K) AppleWebKit/537.36 (KHTML, like Gecko) Chrome/151.0.0.0 Mobile Safari/537.36"
116.241.218.30 - - [22/Aug/2026:05:20:40 +0800] "GET /wp-content/plugins/elementor-pro/assets/js/webpack-pro.runtime.min.js HTTP/1.1" 200 3562 "https://www.ltjh.ilc.edu.tw/?page_id=70" "Mozilla/5.0 (Linux; Android 10; K) AppleWebKit/537.36 (KHTML, like Gecko) Chrome/151.0.0.0 Mobile Safari/537.36"
116.241.218.30 - - [22/Aug/2026:05:20:40 +0800] "GET /wp-content/plugins/elementor/assets/js/webpack.runtime.min.js HTTP/1.1" 200 3095 "https://www.ltjh.ilc.edu.tw/?page_id=70" "Mozilla/5.0 (Linux; Android 10; K) AppleWebKit/537.36 (KHTML, like Gecko) Chrome/151.0.0.0 Mobile Safari/537.36"
116.241.218.30 - - [22/Aug/2026:05:20:40 +0800] "GET /wp-content/plugins/elementor/assets/js/frontend-modules.min.js HTTP/1.1" 200 19416 "https://www.ltjh.ilc.edu.tw/?page_id=70" "Mozilla/5.0 (Linux; Android 10; K) AppleWebKit/537.36 (KHTML, like Gecko) Chrome/151.0.0.0 Mobile Safari/537.36"
116.241.218.30 - - [22/Aug/2026:05:20:40 +0800] "GET /wp-includes/js/dist/hooks.min.js HTTP/1.1" 200 2421 "https://www.ltjh.ilc.edu.tw/?page_id=70" "Mozilla/5.0 (Linux; Android 10; K) AppleWebKit/537.36 (KHTML, like Gecko) Chrome/151.0.0.0 Mobile Safari/537.36"
116.241.218.30 - - [22/Aug/2026:05:20:40 +0800] "GET /wp-includes/js/dist/i18n.min.js HTTP/1.1" 200 4547 "https://www.ltjh.ilc.edu.tw/?page_id=70" "Mozilla/5.0 (Linux; Android 10; K) AppleWebKit/537.36 (KHTML, like Gecko) Chrome/151.0.0.0 Mobile Safari/537.36"
116.241.218.30 - - [22/Aug/2026:05:20:40 +0800] "GET /wp-content/plugins/elementor/assets/lib/waypoints/waypoints.min.js HTTP/1.1" 200 3873 "https://www.ltjh.ilc.edu.tw/?page_id=70" "Mozilla/5.0 (Linux; Android 10; K) AppleWebKit/537.36 (KHTML, like Gecko) Chrome/151.0.0.0 Mobile Safari/537.36"
116.241.218.30 - - [22/Aug/2026:05:20:40 +0800] "GET /wp-content/plugins/elementor-pro/assets/js/frontend.min.js HTTP/1.1" 200 7574 "https://www.ltjh.ilc.edu.tw/?page_id=70" "Mozilla/5.0 (Linux; Android 10; K) AppleWebKit/537.36 (KHTML, like Gecko) Chrome/151.0.0.0 Mobile Safari/537.36"
116.241.218.30 - - [22/Aug/2026:05:20:40 +0800] "GET /wp-includes/js/jquery/ui/core.min.js HTTP/1.1" 200 7986 "https://www.ltjh.ilc.edu.tw/?page_id=70" "Mozilla/5.0 (Linux; Android 10; K) AppleWebKit/537.36 (KHTML, like Gecko) Chrome/151.0.0.0 Mobile Safari/537.36"
