44.193.102.198 - - [22/Aug/2026:05:12:32 +0800] "GET /wp-content/uploads/sites/847/6483/previews-med/6483-2392864.gif HTTP/1.1" 200 4728 "-" "Mozilla/5.0 AppleWebKit/537.36 (KHTML, like Gecko; compatible; Amazonbot/0.1; +https://developer.amazon.com/support/amazonbot) Chrome/119.0.6045.214 Safari/537.36"
17.241.75.114 - - [22/Aug/2026:05:12:32 +0800] "GET /6547/wp-content/cache/2blog.ilc.edu.tw/wpfc-minified/esu7rfza/5x168.css HTTP/1.1" 200 15782 "https://2blog.ilc.edu.tw/6547/2016/11/14/105%e5%b9%b4%e5%ba%a6%e7%92%b0%e6%95%99%e8%80%83%e8%a9%95-1-1%e7%92%b0%e5%a2%83%e6%95%99%e8%82%b2%e3%80%81%e6%a0%a1%e5%9c%92%e5%81%9a%e7%92%b0%e4%bf%9d%e5%8f%8a%e7%af%80%e8%83%bd%e6%b8%9b%e7%a2%b3/" "Mozilla/5.0 (Macintosh; Intel Mac OS X 10_15_7) AppleWebKit/605.1.15 (KHTML, like Gecko) Version/17.4 Safari/605.1.15 (Applebot/0.1; +http://www.apple.com/go/applebot)"
2001:288:a201::66:125 - - [22/Aug/2026:05:12:33 +0800] "GET /blog/active.php HTTP/1.1" 301 1026 "-" "-"
2001:288:a201::66:125 - - [22/Aug/2026:05:12:33 +0800] "GET /blog/active.php HTTP/1.1" 404 1084 "-" "-"
140.111.67.10 - - [22/Aug/2026:05:12:33 +0800] "GET /" 301 273 "-" "-"
::1 - - [22/Aug/2026:05:12:33 +0800] "OPTIONS * HTTP/1.0" 200 110 "-" "Apache/2.4.68 (Ubuntu) OpenSSL/3.0.19 (internal dummy connection)"
17.241.75.114 - - [22/Aug/2026:05:12:34 +0800] "GET /6547/wp-includes/js/hoverintent-js.min.js HTTP/1.1" 200 1597 "https://2blog.ilc.edu.tw/6547/2016/11/14/105%e5%b9%b4%e5%ba%a6%e7%92%b0%e6%95%99%e8%80%83%e8%a9%95-1-1%e7%92%b0%e5%a2%83%e6%95%99%e8%82%b2%e3%80%81%e6%a0%a1%e5%9c%92%e5%81%9a%e7%92%b0%e4%bf%9d%e5%8f%8a%e7%af%80%e8%83%bd%e6%b8%9b%e7%a2%b3/" "Mozilla/5.0 (Macintosh; Intel Mac OS X 10_15_7) AppleWebKit/605.1.15 (KHTML, like Gecko) Version/17.4 Safari/605.1.15 (Applebot/0.1; +http://www.apple.com/go/applebot)"
::1 - - [22/Aug/2026:05:12:34 +0800] "OPTIONS * HTTP/1.0" 200 110 "-" "Apache/2.4.68 (Ubuntu) OpenSSL/3.0.19 (internal dummy connection)"
::1 - - [22/Aug/2026:05:12:35 +0800] "OPTIONS * HTTP/1.0" 200 110 "-" "Apache/2.4.68 (Ubuntu) OpenSSL/3.0.19 (internal dummy connection)"
54.87.95.7 - - [22/Aug/2026:05:12:35 +0800] "GET /6043/wp-json/wp/v2/posts/8049 HTTP/1.1" 200 18920 "-" "Mozilla/5.0 AppleWebKit/537.36 (KHTML, like Gecko; compatible; Amazonbot/0.1; +https://developer.amazon.com/support/amazonbot) Chrome/119.0.6045.214 Safari/537.36"
38.175.103.185 - - [22/Aug/2026:05:12:35 +0800] "GET /wp-login.php?action=ilc_logout&_wpnonce=020ea612b9&redirect_to=https://63.250.38.170/emakqq HTTP/1.1" 302 8233 "https://blog.ko31.com/201512/advent-calendar-kpt-2015/" "Mozilla/5.0 (Windows NT 6.3; Win64; x64) AppleWebKit/537.36 (KHTML, like Gecko) Chrome/103.0.0.0 Safari/537.36"
17.241.75.114 - - [22/Aug/2026:05:12:36 +0800] "GET /6547/wp-content/themes/oceanwp/assets/js/drop-down-mobile-menu.min.js HTTP/1.1" 200 4663 "https://2blog.ilc.edu.tw/6547/2016/11/14/105%e5%b9%b4%e5%ba%a6%e7%92%b0%e6%95%99%e8%80%83%e8%a9%95-1-1%e7%92%b0%e5%a2%83%e6%95%99%e8%82%b2%e3%80%81%e6%a0%a1%e5%9c%92%e5%81%9a%e7%92%b0%e4%bf%9d%e5%8f%8a%e7%af%80%e8%83%bd%e6%b8%9b%e7%a2%b3/" "Mozilla/5.0 (Macintosh; Intel Mac OS X 10_15_7) AppleWebKit/605.1.15 (KHTML, like Gecko) Version/17.4 Safari/605.1.15 (Applebot/0.1; +http://www.apple.com/go/applebot)"
2408:872f:200:3::10c5 - - [22/Aug/2026:05:12:36 +0800] "GET /2011/01/13/ HTTP/1.1" 200 15484 "-" "Mozilla/5.0 (Windows NT 10.0; Win64; x64) AppleWebKit/537.36 (KHTML, like Gecko) Chrome/144.0.0.0 Safari/537.36"
3.213.85.234 - - [22/Aug/2026:05:12:36 +0800] "GET /wp-content/uploads/sites/810/11206/previews-med/11206-2284832.gif HTTP/1.1" 200 15740 "-" "Mozilla/5.0 AppleWebKit/537.36 (KHTML, like Gecko; compatible; Amazonbot/0.1; +https://developer.amazon.com/support/amazonbot) Chrome/119.0.6045.214 Safari/537.36"
::1 - - [22/Aug/2026:05:12:36 +0800] "OPTIONS * HTTP/1.0" 200 110 "-" "Apache/2.4.68 (Ubuntu) OpenSSL/3.0.19 (internal dummy connection)"
2408:872f:200:3::10c5 - - [22/Aug/2026:05:12:36 +0800] "GET /wp-content/cache/ilta.ilc.edu.tw/wpfc-minified/30cml7nx/6wvk.css HTTP/1.1" 200 40877 "https://ilta.ilc.edu.tw/2011/01/13/" "Mozilla/5.0 (Windows NT 10.0; Win64; x64) AppleWebKit/537.36 (KHTML, like Gecko) Chrome/144.0.0.0 Safari/537.36"
216.73.216.20 - - [22/Aug/2026:05:12:37 +0800] "GET /6537/2020/11/10/109_%e5%9b%9b%e3%80%817-1%e7%92%b0%e6%95%99%e7%9b%b8%e9%97%9c%e8%aa%b2%e7%a8%8b%e6%b4%bb%e5%8b%95-%e7%be%85%e6%9d%b1%e8%87%aa%e7%84%b6%e6%95%99%e8%82%b2%e4%b8%ad%e5%bf%83-%e4%ba%8c%e5%b9%b4%e7%b4%9a/ HTTP/1.1" 200 15897 "-" "Mozilla/5.0 AppleWebKit/537.36 (KHTML, like Gecko; compatible; ClaudeBot/1.0; +claudebot@anthropic.com)"
216.73.216.20 - - [22/Aug/2026:05:12:37 +0800] "GET /5882/2012/05/17/1-2%e6%95%99%e8%81%b7%e5%93%a1%e5%b7%a5%e7%94%9f%e6%9c%89%e6%a9%9f%e6%9c%83%e5%8f%83%e8%88%87%e5%88%b6%e8%a8%82%e5%ad%b8%e6%a0%a1%e7%9b%b8%e9%97%9c%e5%bf%83%e7%90%86%e5%81%a5%e5%ba%b7%e6%94%bf/ HTTP/1.1" 200 14468 "-" "Mozilla/5.0 AppleWebKit/537.36 (KHTML, like Gecko; compatible; ClaudeBot/1.0; +claudebot@anthropic.com)"
216.73.216.20 - - [22/Aug/2026:05:12:37 +0800] "GET /6537/2018/10/23/107_%e4%ba%8c%e3%80%812-6%e7%b5%90%e5%90%88%e7%a4%be%e5%8d%80%e8%b3%87%e6%ba%90%e8%be%a6%e7%90%86%e7%92%b0%e5%a2%83%e6%95%99%e8%82%b2%e6%b4%bb%e5%8b%95-%e7%a4%81%e6%ba%aa%e5%9b%9b%e5%81%a5%e6%9c%83/ HTTP/1.1" 200 16636 "-" "Mozilla/5.0 AppleWebKit/537.36 (KHTML, like Gecko; compatible; ClaudeBot/1.0; +claudebot@anthropic.com)"
216.73.216.20 - - [22/Aug/2026:05:12:37 +0800] "GET /5882/2012/05/17/2-1-1%e6%95%99%e8%81%b7%e5%93%a1%e5%b7%a5%e7%94%9f%e6%94%af%e6%8c%81%e5%92%8c%e9%97%9c%e6%87%b7%e5%af%a6%e6%96%bd%e8%a8%88%e7%95%ab%e6%88%96%e8%be%a6%e6%b3%95%ef%bc%8c%e5%8f%8a%e6%b4%bb%e5%8b%95/ HTTP/1.1" 200 14523 "-" "Mozilla/5.0 AppleWebKit/537.36 (KHTML, like Gecko; compatible; ClaudeBot/1.0; +claudebot@anthropic.com)"
216.73.216.20 - - [22/Aug/2026:05:12:37 +0800] "GET /6537/2020/11/10/109_%e5%9b%9b%e3%80%817-3%e7%92%b0%e6%95%99%e7%9b%b8%e9%97%9c%e8%aa%b2%e7%a8%8b%e6%b4%bb%e5%8b%95-%e5%9c%8b%e6%b3%b0%e5%85%92%e7%ab%a5%e7%b9%aa%e7%95%ab%e6%af%94%e8%b3%bd-%e8%ae%93%e4%b8%96%e7%95%8c/ HTTP/1.1" 200 16565 "-" "Mozilla/5.0 AppleWebKit/537.36 (KHTML, like Gecko; compatible; ClaudeBot/1.0; +claudebot@anthropic.com)"
216.73.216.20 - - [22/Aug/2026:05:12:37 +0800] "GET /6537/2019/10/16/108_%e4%ba%8c%e3%80%812-7%e7%b5%90%e5%90%88%e7%a4%be%e5%8d%80%e8%b3%87%e6%ba%90%e8%be%a6%e7%90%86%e7%92%b0%e6%95%99%e6%b4%bb%e5%8b%95-%e7%a4%be%e5%8d%80%e8%b8%8f%e5%af%9f%e6%95%99%e5%b8%ab%e7%a0%94/ HTTP/1.1" 200 16411 "-" "Mozilla/5.0 AppleWebKit/537.36 (KHTML, like Gecko; compatible; ClaudeBot/1.0; +claudebot@anthropic.com)"
40.77.167.46 - - [22/Aug/2026:05:12:37 +0800] "GET /sitemap_index.xml HTTP/1.1" 404 81757 "-" "Mozilla/5.0 AppleWebKit/537.36 (KHTML, like Gecko; compatible; bingbot/2.0; +http://www.bing.com/bingbot.htm) Chrome/116.0.1938.76 Safari/537.36"
216.73.216.20 - - [22/Aug/2026:05:12:37 +0800] "GET /6537/2013/11/16/%e4%ba%8c-5%e7%b5%90%e5%90%88%e6%b0%91%e9%96%93%e5%9c%98%e9%ab%94%e5%92%8c%e5%9c%b0%e6%96%b9%e7%94%a2%e6%a5%ad-%e5%8f%83%e8%a8%aa%e5%8d%83%e9%87%8c%e5%85%89%e8%97%a5%e5%9c%92/ HTTP/1.1" 200 17881 "-" "Mozilla/5.0 AppleWebKit/537.36 (KHTML, like Gecko; compatible; ClaudeBot/1.0; +claudebot@anthropic.com)"
216.73.216.20 - - [22/Aug/2026:05:12:37 +0800] "GET /6537/2011/12/13/%e5%9b%9b-8%e5%8f%83%e8%88%87%e7%92%b0%e5%a2%83%e6%95%99%e8%82%b2%e7%a0%94%e7%bf%92-%e7%af%80%e8%83%bd%e6%b8%9b%e7%a2%b3%e8%88%87%e7%b6%a0%e5%8d%9a%e5%8f%83%e8%a8%aa%e8%a8%88%e7%95%ab/ HTTP/1.1" 200 18084 "-" "Mozilla/5.0 AppleWebKit/537.36 (KHTML, like Gecko; compatible; ClaudeBot/1.0; +claudebot@anthropic.com)"
216.73.216.20 - - [22/Aug/2026:05:12:37 +0800] "GET /5882/2012/05/17/%e6%a8%99%e6%ba%9641-1-1%e8%aa%b2%e7%a8%8b%e6%95%99%e5%ad%b8%e8%a8%88%e7%95%ab%ef%bc%8c%e6%95%99%e5%ad%b8%e9%81%8e%e7%a8%8b%e7%b4%80%e9%8c%84%e6%88%96%e5%ad%b8%e7%bf%92%e5%96%ae%e3%80%82/ HTTP/1.1" 200 14432 "-" "Mozilla/5.0 AppleWebKit/537.36 (KHTML, like Gecko; compatible; ClaudeBot/1.0; +claudebot@anthropic.com)"
2408:872f:200:3::10c5 - - [22/Aug/2026:05:12:37 +0800] "GET /wp-content/cache/ilta.ilc.edu.tw/wpfc-minified/l07fx5lw/6wvk.css HTTP/1.1" 200 15782 "https://ilta.ilc.edu.tw/2011/01/13/" "Mozilla/5.0 (Windows NT 10.0; Win64; x64) AppleWebKit/537.36 (KHTML, like Gecko) Chrome/144.0.0.0 Safari/537.36"
216.73.216.20 - - [22/Aug/2026:05:12:37 +0800] "GET /5882/2012/05/17/4-1-1%e5%90%84%e9%a0%85%e6%b4%bb%e5%8b%95%e4%b9%8b%e8%be%a6%e7%90%86%e8%a8%88%e7%95%ab%e9%9c%80%e4%bb%a5%e5%a4%9a%e5%85%83%e6%96%87%e5%8c%96%e8%a7%92%e5%ba%a6%e8%be%a6%e7%90%86%e3%80%82/ HTTP/1.1" 200 9797 "-" "Mozilla/5.0 AppleWebKit/537.36 (KHTML, like Gecko; compatible; ClaudeBot/1.0; +claudebot@anthropic.com)"
::1 - - [22/Aug/2026:05:12:37 +0800] "OPTIONS * HTTP/1.0" 200 110 "-" "Apache/2.4.68 (Ubuntu) OpenSSL/3.0.19 (internal dummy connection)"
216.73.216.20 - - [22/Aug/2026:05:12:37 +0800] "GET /tcesinfo/2021/04/07/windows-10-1507-1607-1809-%e5%a5%97%e7%94%a8-windows-10-insider-preview-21343-1000-%e7%89%88%e6%96%b0%e5%9c%96%e7%a4%ba/ HTTP/1.1" 200 11254 "-" "Mozilla/5.0 AppleWebKit/537.36 (KHTML, like Gecko; compatible; ClaudeBot/1.0; +claudebot@anthropic.com)"
17.241.75.114 - - [22/Aug/2026:05:12:37 +0800] "GET /6547/wp-content/themes/oceanwp/assets/js/vendors/magnific-popup.min.js HTTP/1.1" 200 8270 "https://2blog.ilc.edu.tw/6547/2016/11/14/105%e5%b9%b4%e5%ba%a6%e7%92%b0%e6%95%99%e8%80%83%e8%a9%95-1-1%e7%92%b0%e5%a2%83%e6%95%99%e8%82%b2%e3%80%81%e6%a0%a1%e5%9c%92%e5%81%9a%e7%92%b0%e4%bf%9d%e5%8f%8a%e7%af%80%e8%83%bd%e6%b8%9b%e7%a2%b3/" "Mozilla/5.0 (Macintosh; Intel Mac OS X 10_15_7) AppleWebKit/605.1.15 (KHTML, like Gecko) Version/17.4 Safari/605.1.15 (Applebot/0.1; +http://www.apple.com/go/applebot)"
216.73.216.20 - - [22/Aug/2026:05:12:37 +0800] "GET /6537/2020/10/21/109_%e4%ba%8c%e3%80%812-8%e7%b5%90%e5%90%88%e7%a4%be%e5%8d%80%e8%b3%87%e6%ba%90%e8%be%a6%e7%90%86%e7%92%b0%e6%95%99%e6%b4%bb%e5%8b%95-%e7%a4%be%e5%8d%80%e8%b8%8f%e6%9f%a5%e6%95%99%e5%b8%ab%e7%a0%94/ HTTP/1.1" 200 12630 "-" "Mozilla/5.0 AppleWebKit/537.36 (KHTML, like Gecko; compatible; ClaudeBot/1.0; +claudebot@anthropic.com)"
216.73.216.20 - - [22/Aug/2026:05:12:37 +0800] "GET /5882/2012/05/16/5-4-1%e5%82%b3%e6%9f%93%e7%97%85%e9%98%b2%e6%b2%bb%e6%87%89%e8%ae%8a%e8%a8%88%e7%95%ab%e5%a6%82%ef%bc%9a%e8%85%b8%e7%97%85%e6%af%92%e3%80%81%e7%99%bb%e9%9d%a9%e7%86%b1%e3%80%81%e6%b5%81%e6%84%9f/ HTTP/1.1" 200 9745 "-" "Mozilla/5.0 AppleWebKit/537.36 (KHTML, like Gecko; compatible; ClaudeBot/1.0; +claudebot@anthropic.com)"
34.56.53.225 - - [22/Aug/2026:05:12:37 +0800] "GET /?p=99 HTTP/1.1" 301 5745 "-" "Mozilla/5.0 (Macintosh; Intel Mac OS X 10_15_7) AppleWebKit/537.36 (KHTML, like Gecko) Chrome/120.0.0.0 Safari/537.36"
2408:872f:200:3::10c5 - - [22/Aug/2026:05:12:37 +0800] "GET /wp-includes/js/imagesloaded.min.js HTTP/1.1" 200 2683 "https://ilta.ilc.edu.tw/2011/01/13/" "Mozilla/5.0 (Windows NT 10.0; Win64; x64) AppleWebKit/537.36 (KHTML, like Gecko) Chrome/144.0.0.0 Safari/537.36"
216.73.216.20 - - [22/Aug/2026:05:12:37 +0800] "GET /6537/2016/10/11/105_%e4%b8%80%e3%80%817-%e6%88%90%e7%ab%8b%e3%80%8c%e7%92%b0%e5%a2%83%e6%95%99%e8%82%b2%e8%88%87%e7%af%80%e8%83%bd%e6%b8%9b%e7%a2%b3%e6%8e%a8%e5%8b%95%e5%b0%8f%e7%b5%84%e3%80%8d%e4%b8%a6%e5%b7%b2/ HTTP/1.1" 200 11431 "-" "Mozilla/5.0 AppleWebKit/537.36 (KHTML, like Gecko; compatible; ClaudeBot/1.0; +claudebot@anthropic.com)"
216.73.216.20 - - [22/Aug/2026:05:12:37 +0800] "GET /3642/2017/05/23/5%e6%9c%88%e3%80%82%e9%96%b1%e8%ae%80%e9%a0%92%e7%8d%8e%e4%b8%89%e5%90%88%e4%b8%80%e9%96%b1%e8%ae%80%e4%b8%89%e5%86%a0%e7%8e%8b%e3%80%81%e9%96%b1%e8%ae%80%e6%88%91%e6%9c%80%e5%b8%a5%e3%80%81%e6%95%85/ HTTP/1.1" 200 13937 "-" "Mozilla/5.0 AppleWebKit/537.36 (KHTML, like Gecko; compatible; ClaudeBot/1.0; +claudebot@anthropic.com)"
2001:288:a201::66:125 - - [22/Aug/2026:05:12:38 +0800] "GET /blog/active.php HTTP/1.1" 301 1026 "-" "-"
216.73.216.20 - - [22/Aug/2026:05:12:38 +0800] "GET /4925/2020/05/17/%e4%ba%8c%e5%b9%b4%e7%b4%9a%e5%9c%8b%e8%aa%9e-%e5%96%9c%e3%80%81%e6%80%92%e3%80%81%e5%93%80%e3%80%81%e6%a8%82%e3%80%81%e5%b0%8f%e8%87%89%e8%ad%9c/ HTTP/1.1" 200 15033 "-" "Mozilla/5.0 AppleWebKit/537.36 (KHTML, like Gecko; compatible; ClaudeBot/1.0; +claudebot@anthropic.com)"
2001:288:a201::66:125 - - [22/Aug/2026:05:12:38 +0800] "GET /blog/active.php HTTP/1.1" 404 1084 "-" "-"
216.73.216.20 - - [22/Aug/2026:05:12:38 +0800] "GET /6537/2020/11/10/109_%e5%9b%9b%e3%80%817-4%e7%92%b0%e6%95%99%e7%9b%b8%e9%97%9c%e8%aa%b2%e7%a8%8b%e6%b4%bb%e5%8b%95-%e8%98%ad%e5%8d%9a%e5%ae%b6%e6%97%8f%e5%85%a5%e6%a0%a1%e5%9c%92-%e9%99%b3%e6%83%a0%e7%be%8e%e7%9a%84/ HTTP/1.1" 200 11394 "-" "Mozilla/5.0 AppleWebKit/537.36 (KHTML, like Gecko; compatible; ClaudeBot/1.0; +claudebot@anthropic.com)"
216.73.216.20 - - [22/Aug/2026:05:12:38 +0800] "GET /6537/2020/11/10/109_%e5%9b%9b%e3%80%817-5%e7%92%b0%e6%95%99%e7%9b%b8%e9%97%9c%e8%aa%b2%e7%a8%8b%e6%b4%bb%e5%8b%95-%e9%87%91%e8%bb%8a%e5%ae%88%e8%ad%b7%e5%b1%b1%e6%9e%97-%e5%9b%9b%e5%bf%a0%e6%a0%a1%e5%a4%96%e6%95%99/ HTTP/1.1" 200 11886 "-" "Mozilla/5.0 AppleWebKit/537.36 (KHTML, like Gecko; compatible; ClaudeBot/1.0; +claudebot@anthropic.com)"
140.111.67.10 - - [22/Aug/2026:05:12:38 +0800] "GET /" 301 273 "-" "-"
2408:872f:200:3::10c5 - - [22/Aug/2026:05:12:38 +0800] "GET /wp-content/themes/oceanwp/assets/js/vendors/magnific-popup.min.js HTTP/1.1" 200 8270 "https://ilta.ilc.edu.tw/2011/01/13/" "Mozilla/5.0 (Windows NT 10.0; Win64; x64) AppleWebKit/537.36 (KHTML, like Gecko) Chrome/144.0.0.0 Safari/537.36"
216.73.216.20 - - [22/Aug/2026:05:12:38 +0800] "GET /6537/2020/10/20/109_%e4%ba%8c%e3%80%812-4%e7%b5%90%e5%90%88%e7%a4%be%e5%8d%80%e8%b3%87%e6%ba%90%e8%be%a6%e7%90%86%e7%92%b0%e6%95%99%e6%b4%bb%e5%8b%95-%e6%b0%b8%e7%ba%8c%e9%be%8d%e6%bd%ad%e7%b6%a0%e5%ae%b6%e5%9c%92/ HTTP/1.1" 200 10985 "-" "Mozilla/5.0 AppleWebKit/537.36 (KHTML, like Gecko; compatible; ClaudeBot/1.0; +claudebot@anthropic.com)"
216.73.216.20 - - [22/Aug/2026:05:12:38 +0800] "GET /3642/2017/01/18/1%e6%9c%88%e3%80%82%e6%81%ad%e5%96%9c%e5%9b%9b%e5%bf%a0%e6%9e%97%e5%8d%83%e5%8f%88%e3%80%81%e6%9e%97%e6%81%a9%e5%85%a5%e9%81%b8%e3%80%8c%e9%96%b1%e8%ae%80%e5%b0%8f%e6%96%87%e9%9d%92%e3%80%8d%e6%b1%ba/ HTTP/1.1" 200 13698 "-" "Mozilla/5.0 AppleWebKit/537.36 (KHTML, like Gecko; compatible; ClaudeBot/1.0; +claudebot@anthropic.com)"
216.73.216.20 - - [22/Aug/2026:05:12:38 +0800] "GET /6439/2016/11/05/105_%e6%a0%a1%e5%9c%92%e7%92%b0%e5%a2%83%e7%ae%a1%e7%90%86_%e7%92%b0%e5%a2%83%e8%a1%9b%e7%94%9f%e7%ae%a1%e7%90%86%e6%83%85%e5%bd%a2%e5%bb%81%e6%89%80%e7%af%87/ HTTP/1.1" 200 25888 "-" "Mozilla/5.0 AppleWebKit/537.36 (KHTML, like Gecko; compatible; ClaudeBot/1.0; +claudebot@anthropic.com)"
216.73.216.20 - - [22/Aug/2026:05:12:38 +0800] "GET /6537/2020/10/21/109_%e4%ba%8c%e3%80%812-7%e7%b5%90%e5%90%88%e7%a4%be%e5%8d%80%e8%b3%87%e6%ba%90%e8%be%a6%e7%90%86%e7%92%b0%e6%95%99%e6%b4%bb%e5%8b%95-%e9%87%91%e6%a3%97%e6%9e%9c%e5%9c%92/ HTTP/1.1" 200 11133 "-" "Mozilla/5.0 AppleWebKit/537.36 (KHTML, like Gecko; compatible; ClaudeBot/1.0; +claudebot@anthropic.com)"
::1 - - [22/Aug/2026:05:12:38 +0800] "OPTIONS * HTTP/1.0" 200 110 "-" "Apache/2.4.68 (Ubuntu) OpenSSL/3.0.19 (internal dummy connection)"
2408:872f:200:3::10c5 - - [22/Aug/2026:05:12:38 +0800] "GET /wp-content/themes/oceanwp/assets/js/select.min.js HTTP/1.1" 200 2408 "https://ilta.ilc.edu.tw/2011/01/13/" "Mozilla/5.0 (Windows NT 10.0; Win64; x64) AppleWebKit/537.36 (KHTML, like Gecko) Chrome/144.0.0.0 Safari/537.36"
216.73.216.20 - - [22/Aug/2026:05:12:38 +0800] "GET /6537/2020/11/10/109_%e5%9b%9b%e3%80%817-2%e7%92%b0%e6%95%99%e7%9b%b8%e9%97%9c%e8%aa%b2%e7%a8%8b%e6%b4%bb%e5%8b%95-%e6%a0%a1%e6%9c%ac%e8%aa%b2%e7%a8%8b-%e5%ad%b8%e6%a0%a1%e7%a4%be%e5%8d%80%e6%88%b6%e5%a4%96%e8%b8%8f/ HTTP/1.1" 200 11140 "-" "Mozilla/5.0 AppleWebKit/537.36 (KHTML, like Gecko; compatible; ClaudeBot/1.0; +claudebot@anthropic.com)"
216.73.216.20 - - [22/Aug/2026:05:12:38 +0800] "GET /6537/2020/10/15/109_%e4%ba%8c%e3%80%811-10%e6%a0%a1%e6%9c%ac%e8%aa%b2%e7%a8%8b%e7%a0%94%e7%bf%92-%e4%b8%89%e7%9a%87%e5%ae%ae%e6%b0%b8%e8%88%88%e5%bb%9f%e7%a0%94%e7%bf%92/ HTTP/1.1" 200 12394 "-" "Mozilla/5.0 AppleWebKit/537.36 (KHTML, like Gecko; compatible; ClaudeBot/1.0; +claudebot@anthropic.com)"
216.73.216.20 - - [22/Aug/2026:05:12:38 +0800] "GET /19761/2020/10/08/%e5%8f%b0%e8%aa%9erap%ef%bc%8c%e8%ac%9d%e8%ac%9d%e3%80%8c%e6%88%91%e6%84%9b%e4%bd%a0%e3%80%8d%e5%bf%b5%e6%ad%8c%e5%9c%98-%e8%ac%9d%e5%a4%a9%e8%ac%9d%e5%9c%b0%e8%ac%9d%e7%88%b6%e6%af%8d-%e6%84%9f/ HTTP/1.1" 200 9656 "-" "Mozilla/5.0 AppleWebKit/537.36 (KHTML, like Gecko; compatible; ClaudeBot/1.0; +claudebot@anthropic.com)"
216.73.216.20 - - [22/Aug/2026:05:12:38 +0800] "GET /3642/2017/05/25/5%e6%9c%88%e3%80%82%e3%80%8c%e5%9c%96%e6%9b%b8%e9%a4%a8%e5%88%a9%e7%94%a8%e6%95%99%e8%82%b2%e3%80%8de6%e5%ad%ab%e6%82%9f%e7%a9%ba%e5%80%9f%e8%8a%ad%e8%95%89%e6%89%87/ HTTP/1.1" 200 16653 "-" "Mozilla/5.0 AppleWebKit/537.36 (KHTML, like Gecko; compatible; ClaudeBot/1.0; +claudebot@anthropic.com)"
216.73.216.20 - - [22/Aug/2026:05:12:39 +0800] "GET /6537/2016/10/06/105_%e4%b8%80%e3%80%814-%e8%be%a6%e7%90%86%e5%ad%b8%e6%a0%a1%e7%92%b0%e5%a2%83%e6%95%99%e8%82%b2%e8%87%aa%e8%a9%95%e4%b8%94%e9%80%a3%e7%b5%90%e5%ae%8c%e6%95%b4/ HTTP/1.1" 200 11063 "-" "Mozilla/5.0 AppleWebKit/537.36 (KHTML, like Gecko; compatible; ClaudeBot/1.0; +claudebot@anthropic.com)"
17.241.75.114 - - [22/Aug/2026:05:12:39 +0800] "GET /6547/wp-content/themes/oceanwp/assets/js/vendors/flickity.pkgd.min.js HTTP/1.1" 200 15048 "https://2blog.ilc.edu.tw/6547/2016/11/14/105%e5%b9%b4%e5%ba%a6%e7%92%b0%e6%95%99%e8%80%83%e8%a9%95-1-1%e7%92%b0%e5%a2%83%e6%95%99%e8%82%b2%e3%80%81%e6%a0%a1%e5%9c%92%e5%81%9a%e7%92%b0%e4%bf%9d%e5%8f%8a%e7%af%80%e8%83%bd%e6%b8%9b%e7%a2%b3/" "Mozilla/5.0 (Macintosh; Intel Mac OS X 10_15_7) AppleWebKit/605.1.15 (KHTML, like Gecko) Version/17.4 Safari/605.1.15 (Applebot/0.1; +http://www.apple.com/go/applebot)"
216.73.216.20 - - [22/Aug/2026:05:12:39 +0800] "GET /4925/2016/04/20/%e4%b8%89%e5%b9%b4%e7%b4%9a%e7%94%9f%e5%91%bd%e6%95%99%e8%82%b2-%e8%a7%80%e7%9c%8b%e3%80%8c%e6%b0%b4%e8%9c%9c%e6%a1%83%e9%98%bf%e5%ac%a4%e3%80%8d%e7%b4%80%e9%8c%84%e7%89%87/ HTTP/1.1" 200 12702 "-" "Mozilla/5.0 AppleWebKit/537.36 (KHTML, like Gecko; compatible; ClaudeBot/1.0; +claudebot@anthropic.com)"
216.73.216.20 - - [22/Aug/2026:05:12:39 +0800] "GET /6537/2011/01/03/%e4%ba%8c-7-%e7%b7%a8%e5%88%b6%e7%92%b0%e5%a2%83%e6%95%99%e8%82%b2%e6%9c%89%e9%97%9c%e4%b9%8b%e8%91%97%e4%bd%9c%e8%88%87%e5%88%8a%e7%89%a9-%e6%86%a8%e4%bb%94%e9%ad%9a%e5%bd%b1%e7%89%87/ HTTP/1.1" 200 11248 "-" "Mozilla/5.0 AppleWebKit/537.36 (KHTML, like Gecko; compatible; ClaudeBot/1.0; +claudebot@anthropic.com)"
216.73.216.20 - - [22/Aug/2026:05:12:39 +0800] "GET /5882/2012/05/16/5-3-1%e9%87%9d%e5%b0%8d%e6%9c%89%e5%95%8f%e9%a1%8c%e7%9a%84%e8%a8%ad%e5%82%99%e5%99%a8%e6%9d%90%ef%bc%8c%e4%b8%a6%e6%9c%89%e8%99%95%e7%90%86%e6%b5%81%e7%a8%8b%e3%80%82/ HTTP/1.1" 200 9664 "-" "Mozilla/5.0 AppleWebKit/537.36 (KHTML, like Gecko; compatible; ClaudeBot/1.0; +claudebot@anthropic.com)"
216.73.216.20 - - [22/Aug/2026:05:12:39 +0800] "GET /6537/2010/10/01/%e5%9b%9b%e5%b9%b4%e7%b4%9a%e7%9a%84%e7%a6%8f%e5%b1%b1%e6%a4%8d%e7%89%a9%e5%9c%92%e8%a8%88%e7%95%ab%ef%bd%9e%e5%af%a6%e6%96%bd%e6%88%b6%e5%a4%96%e7%92%b0%e5%a2%83%e6%95%99%e5%ad%b8%e5%8f%8a%e7%94%9f/ HTTP/1.1" 200 14232 "-" "Mozilla/5.0 AppleWebKit/537.36 (KHTML, like Gecko; compatible; ClaudeBot/1.0; +claudebot@anthropic.com)"
::1 - - [22/Aug/2026:05:12:39 +0800] "OPTIONS * HTTP/1.0" 200 110 "-" "Apache/2.4.68 (Ubuntu) OpenSSL/3.0.19 (internal dummy connection)"
216.73.216.20 - - [22/Aug/2026:05:12:39 +0800] "GET /6537/2016/10/05/105_%e4%ba%94%e3%80%811-%e8%a6%8f%e5%8a%83%e8%a8%ad%e7%bd%ae%e6%b0%b4%e5%be%aa%e7%92%b0%e5%86%8d%e5%88%a9%e7%94%a8%e8%a8%ad%e6%96%bd%e3%80%81%e7%b6%a0%e5%bb%ba%e7%af%89%e7%ad%89/ HTTP/1.1" 200 11417 "-" "Mozilla/5.0 AppleWebKit/537.36 (KHTML, like Gecko; compatible; ClaudeBot/1.0; +claudebot@anthropic.com)"
216.73.216.20 - - [22/Aug/2026:05:12:39 +0800] "GET /25222/2020/07/27/%e3%80%90%e9%87%8d%e8%a6%81%e8%a8%8a%e6%81%af-%e7%ab%b6%e8%b3%bd%e9%a1%9e%e3%80%91%e6%aa%a2%e9%80%81%e3%80%8c109%e5%ad%b8%e5%b9%b4%e5%ba%a6%e5%ae%9c%e8%98%ad%e7%b8%a3%e5%ad%b8%e7%94%9f%e7%be%8e/ HTTP/1.1" 200 10594 "-" "Mozilla/5.0 AppleWebKit/537.36 (KHTML, like Gecko; compatible; ClaudeBot/1.0; +claudebot@anthropic.com)"
216.73.216.20 - - [22/Aug/2026:05:12:39 +0800] "GET /6537/2019/10/16/108_%e4%ba%8c%e3%80%812-1%e7%b5%90%e5%90%88%e7%a4%be%e5%8d%80%e8%b3%87%e6%ba%90%e8%be%a6%e7%90%86%e7%92%b0%e6%95%99%e6%b4%bb%e5%8b%95-%e4%b8%89%e7%9a%87%e5%ae%ae/ HTTP/1.1" 200 11054 "-" "Mozilla/5.0 AppleWebKit/537.36 (KHTML, like Gecko; compatible; ClaudeBot/1.0; +claudebot@anthropic.com)"
216.73.216.20 - - [22/Aug/2026:05:12:39 +0800] "GET /3642/2017/01/19/1%e6%9c%88%e3%80%82%e3%80%8c%e5%9c%96%e6%9b%b8%e9%a4%a8%e5%88%a9%e7%94%a8%e6%95%99%e8%82%b2%e3%80%8d121%e6%9c%88%e6%88%90%e6%9e%9c%e7%b4%80%e9%8c%84%e7%ab%8b%e9%ab%94%e6%9b%b8d2/ HTTP/1.1" 200 18309 "-" "Mozilla/5.0 AppleWebKit/537.36 (KHTML, like Gecko; compatible; ClaudeBot/1.0; +claudebot@anthropic.com)"
216.73.216.20 - - [22/Aug/2026:05:12:39 +0800] "GET /6537/2015/10/28/%e4%b8%80-7-%e6%88%90%e7%ab%8b%e5%8f%8a%e9%81%8b%e4%bd%9c%ef%bc%9a%e6%88%90%e7%ab%8b%e3%80%8c%e7%92%b0%e5%a2%83%e6%95%99%e8%82%b2%e8%88%87%e7%af%80%e8%83%bd%e6%b8%9b%e7%a2%b3%e6%8e%a8%e5%8b%95/ HTTP/1.1" 200 12626 "-" "Mozilla/5.0 AppleWebKit/537.36 (KHTML, like Gecko; compatible; ClaudeBot/1.0; +claudebot@anthropic.com)"
216.73.216.20 - - [22/Aug/2026:05:12:40 +0800] "GET /6537/2020/10/20/109_%e4%ba%8c%e3%80%812-2%e7%b5%90%e5%90%88%e7%a4%be%e5%8d%80%e8%b3%87%e6%ba%90%e8%be%a6%e7%90%86%e7%92%b0%e6%95%99%e6%b4%bb%e5%8b%95-%e6%b3%89%e6%b9%a7%e4%b8%8d%e7%9b%a1/ HTTP/1.1" 200 11056 "-" "Mozilla/5.0 AppleWebKit/537.36 (KHTML, like Gecko; compatible; ClaudeBot/1.0; +claudebot@anthropic.com)"
216.73.216.20 - - [22/Aug/2026:05:12:40 +0800] "GET /6537/2015/11/11/%e4%b8%80-3-%e4%be%9d%e6%93%9a%e3%80%8c%e7%92%b0%e5%a2%83%e6%95%99%e8%82%b2%e6%b3%95%e3%80%8d%e8%a6%8f%e5%ae%9a%ef%bc%8c%e6%8c%89%e6%99%82%e4%bb%a5%e7%b6%b2%e8%b7%af%e7%94%b3%e5%a0%b1%e6%96%b9/ HTTP/1.1" 200 11334 "-" "Mozilla/5.0 AppleWebKit/537.36 (KHTML, like Gecko; compatible; ClaudeBot/1.0; +claudebot@anthropic.com)"
216.73.216.20 - - [22/Aug/2026:05:12:40 +0800] "GET /5882/2012/05/17/3-1-1%e7%9b%b8%e9%97%9c%e6%a9%9f%e5%88%b6%e6%88%96%e5%90%8c%e5%84%95%e6%9c%8d%e5%8b%99%e7%b5%84%e7%b9%94%e8%a8%ad%e7%bd%ae%e4%b9%8b%e8%a8%88%e7%95%ab%e3%80%82/ HTTP/1.1" 200 9564 "-" "Mozilla/5.0 AppleWebKit/537.36 (KHTML, like Gecko; compatible; ClaudeBot/1.0; +claudebot@anthropic.com)"
216.73.216.20 - - [22/Aug/2026:05:12:40 +0800] "GET /6537/2016/10/04/105_%e4%b8%80%e3%80%818-%e7%b5%84%e7%b9%94%e5%ad%b8%e7%94%9f%e7%92%b0%e4%bf%9d%e6%9c%8d%e5%8b%99%e9%9a%8a%e4%b8%a6%e5%8f%83%e8%88%87%e7%92%b0%e6%95%99%e6%9c%8d%e5%8b%99%e5%b7%a5%e4%bd%9c/ HTTP/1.1" 200 11425 "-" "Mozilla/5.0 AppleWebKit/537.36 (KHTML, like Gecko; compatible; ClaudeBot/1.0; +claudebot@anthropic.com)"
216.73.216.20 - - [22/Aug/2026:05:12:40 +0800] "GET /4925/2015/06/22/%e5%9b%9b%e5%b9%b4%e7%b4%9a%e7%a4%be%e6%9c%83%e9%a0%98%e5%9f%9f%e6%95%99%e5%ad%b8%ef%bc%8d%e5%ae%b6%e9%84%89%e7%9a%84%e6%b0%b8%e7%ba%8c%e7%99%bc%e5%b1%95%e4%b9%8b%e5%8f%83%e8%a7%80%e7%84%9a%e5%8c%96/ HTTP/1.1" 200 13459 "-" "Mozilla/5.0 AppleWebKit/537.36 (KHTML, like Gecko; compatible; ClaudeBot/1.0; +claudebot@anthropic.com)"
240e:314:ac3e:e00:ded8:7cff:fe61:b249 - - [22/Aug/2026:05:12:40 +0800] "GET /2011/02/23/ HTTP/1.1" 200 15470 "-" "Mozilla/5.0 (Windows NT 10.0; Win64; x64) AppleWebKit/537.36 (KHTML, like Gecko) Chrome/144.0.0.0 Safari/537.36"
216.73.216.20 - - [22/Aug/2026:05:12:40 +0800] "GET /6537/2018/09/18/107_%e4%ba%8c%e3%80%812-5%e7%b5%90%e5%90%88%e7%a4%be%e5%8d%80%e8%b3%87%e6%ba%90%e8%be%a6%e7%90%86%e7%92%b0%e5%a2%83%e6%95%99%e8%82%b2%e6%b4%bb%e5%8b%95-%e5%8e%9d%e5%b0%be%e9%a0%82/ HTTP/1.1" 200 11111 "-" "Mozilla/5.0 AppleWebKit/537.36 (KHTML, like Gecko; compatible; ClaudeBot/1.0; +claudebot@anthropic.com)"
::1 - - [22/Aug/2026:05:12:40 +0800] "OPTIONS * HTTP/1.0" 200 110 "-" "Apache/2.4.68 (Ubuntu) OpenSSL/3.0.19 (internal dummy connection)"
216.73.216.20 - - [22/Aug/2026:05:12:40 +0800] "GET /3642/2020/02/27/%e7%ab%b9%e6%9e%97%e5%9c%8b%e5%b0%8f%e5%9c%96%e6%9b%b8%e9%a4%a8%e6%9c%80%e6%96%b0%e6%b6%88%e6%81%af109%e5%b9%b43%e6%9c%88%e9%96%b1%e8%ae%80%e5%9c%92%e9%81%8a%e5%88%b8%e6%80%8e%e9%ba%bc%e5%85%8c/ HTTP/1.1" 200 12993 "-" "Mozilla/5.0 AppleWebKit/537.36 (KHTML, like Gecko; compatible; ClaudeBot/1.0; +claudebot@anthropic.com)"
216.73.216.20 - - [22/Aug/2026:05:12:40 +0800] "GET /6537/2019/10/16/108_%e4%ba%8c%e3%80%812-6%e7%b5%90%e5%90%88%e7%a4%be%e5%8d%80%e8%b3%87%e6%ba%90%e8%be%a6%e7%90%86%e7%92%b0%e6%95%99%e6%b4%bb%e5%8b%95-%e4%bb%81%e6%84%9b%e4%b9%8b%e5%ae%b6/ HTTP/1.1" 200 10965 "-" "Mozilla/5.0 AppleWebKit/537.36 (KHTML, like Gecko; compatible; ClaudeBot/1.0; +claudebot@anthropic.com)"
216.73.216.20 - - [22/Aug/2026:05:12:40 +0800] "GET /6537/2019/10/16/108_%e4%ba%8c%e3%80%812-5%e7%b5%90%e5%90%88%e7%a4%be%e5%8d%80%e8%b3%87%e6%ba%90%e8%be%a6%e7%90%86%e7%92%b0%e6%95%99%e6%b4%bb%e5%8b%95-%e9%af%9d%e9%ad%9a/ HTTP/1.1" 200 10925 "-" "Mozilla/5.0 AppleWebKit/537.36 (KHTML, like Gecko; compatible; ClaudeBot/1.0; +claudebot@anthropic.com)"
240e:314:ac3e:e00:ded8:7cff:fe61:b249 - - [22/Aug/2026:05:12:40 +0800] "GET /wp-content/cache/ilta.ilc.edu.tw/wpfc-minified/30cml7nx/6wvk.css HTTP/1.1" 200 40877 "https://ilta.ilc.edu.tw/2011/02/23/" "Mozilla/5.0 (Windows NT 10.0; Win64; x64) AppleWebKit/537.36 (KHTML, like Gecko) Chrome/144.0.0.0 Safari/537.36"
216.73.216.20 - - [22/Aug/2026:05:12:40 +0800] "GET /6537/2019/10/16/108_%e4%ba%8c%e3%80%812-2%e7%b5%90%e5%90%88%e7%a4%be%e5%8d%80%e8%b3%87%e6%ba%90%e8%be%a6%e7%90%86%e7%92%b0%e6%95%99%e6%b4%bb%e5%8b%95-%e6%b9%a7%e6%b3%89/ HTTP/1.1" 200 10954 "-" "Mozilla/5.0 AppleWebKit/537.36 (KHTML, like Gecko; compatible; ClaudeBot/1.0; +claudebot@anthropic.com)"
216.73.216.20 - - [22/Aug/2026:05:12:40 +0800] "GET /6537/2018/10/11/107_%e4%ba%8c%e3%80%811-5%e5%93%a1%e5%b1%b1%e7%94%9f%e6%85%8b%e6%95%99%e8%82%b2%e9%a4%a8-%e9%87%8e%e6%9c%9b%e5%bd%b1%e5%b1%95-%e9%aa%a8%e9%aa%bc%e4%b9%8b%e5%af%86%e6%81%90%e9%be%8d%e5%86%8d%e7%8f%be/ HTTP/1.1" 200 11747 "-" "Mozilla/5.0 AppleWebKit/537.36 (KHTML, like Gecko; compatible; ClaudeBot/1.0; +claudebot@anthropic.com)"
216.73.216.20 - - [22/Aug/2026:05:12:41 +0800] "GET /6537/2020/10/21/109_%e4%ba%8c%e3%80%812-5%e7%b5%90%e5%90%88%e7%a4%be%e5%8d%80%e8%b3%87%e6%ba%90%e8%be%a6%e7%90%86%e7%92%b0%e6%95%99%e6%b4%bb%e5%8b%95-%e5%9c%93%e5%90%bb%e9%af%9d%e9%ad%9a/ HTTP/1.1" 200 10892 "-" "Mozilla/5.0 AppleWebKit/537.36 (KHTML, like Gecko; compatible; ClaudeBot/1.0; +claudebot@anthropic.com)"
216.73.216.20 - - [22/Aug/2026:05:12:41 +0800] "GET /6537/2020/10/13/109_%e4%b8%80%e3%80%812-2%e6%8f%90%e5%a0%b1108%e5%b9%b4%e5%ba%a6%e7%92%b0%e5%a2%83%e6%95%99%e8%82%b2%e8%a8%88%e7%95%ab%e6%88%90%e6%9e%9c/ HTTP/1.1" 200 10970 "-" "Mozilla/5.0 AppleWebKit/537.36 (KHTML, like Gecko; compatible; ClaudeBot/1.0; +claudebot@anthropic.com)"
2401:e180:8850:8c13:94af:5166:8971:b1dc - - [22/Aug/2026:05:12:41 +0800] "GET /1003/category/%e6%95%99%e5%ad%b8%e5%b0%8f%e7%a7%98%e6%96%b9/ HTTP/1.1" 200 20084 "https://2blog.ilc.edu.tw/1003/2024/03/24/%ef%bc%bb%e7%8f%ad%e7%b4%9a%e7%b6%93%e7%87%9f%ef%bc%bd%e6%93%94%e4%bb%bb%e6%aa%a2%e6%9f%a5%e5%93%a1%ef%bd%9e%e8%ae%93%e8%80%81%e5%b8%ab%e8%80%81%e5%b8%ab%e5%91%bc%e5%8f%ab%e8%81%b2%e5%81%9c%e6%ad%a2/" "Mozilla/5.0 (iPhone; CPU iPhone OS 26_5_0 like Mac OS X) AppleWebKit/605.1.15 (KHTML, like Gecko) CriOS/151.0.7922.57 Mobile/15E148 Safari/604.1"
2401:e180:8850:8c13:94af:5166:8971:b1dc - - [22/Aug/2026:05:12:41 +0800] "GET /1003/wp-content/uploads/sites/233/2025/07/%E6%B4%BB%E5%8B%95%E6%88%96%E8%AA%B2%E7%A8%8B%E7%B5%90%E6%9D%9F-600x600.png HTTP/1.1" 200 148185 "https://2blog.ilc.edu.tw/1003/category/%e6%95%99%e5%ad%b8%e5%b0%8f%e7%a7%98%e6%96%b9/" "Mozilla/5.0 (iPhone; CPU iPhone OS 26_5_0 like Mac OS X) AppleWebKit/605.1.15 (KHTML, like Gecko) CriOS/151.0.7922.57 Mobile/15E148 Safari/604.1"
216.73.216.20 - - [22/Aug/2026:05:12:41 +0800] "GET /5882/2012/05/16/4-1-1%e7%92%b0%e5%a2%83%e6%b8%85%e6%bd%94%e5%92%8c%e7%b6%a0%e5%8c%96%e5%af%a6%e6%96%bd%e6%88%96%e8%a8%88%e7%95%ab%e3%80%82/ HTTP/1.1" 200 9471 "-" "Mozilla/5.0 AppleWebKit/537.36 (KHTML, like Gecko; compatible; ClaudeBot/1.0; +claudebot@anthropic.com)"
2401:e180:8850:8c13:94af:5166:8971:b1dc - - [22/Aug/2026:05:12:41 +0800] "GET /1003/wp-content/uploads/sites/233/2025/08/%E5%9C%961%E8%B2%93%E9%A0%AD%E9%B7%B9%E5%8D%9A%E5%A3%ABAI-600x600.png HTTP/1.1" 200 149907 "https://2blog.ilc.edu.tw/1003/category/%e6%95%99%e5%ad%b8%e5%b0%8f%e7%a7%98%e6%96%b9/" "Mozilla/5.0 (iPhone; CPU iPhone OS 26_5_0 like Mac OS X) AppleWebKit/605.1.15 (KHTML, like Gecko) CriOS/151.0.7922.57 Mobile/15E148 Safari/604.1"
2401:e180:8850:8c13:94af:5166:8971:b1dc - - [22/Aug/2026:05:12:41 +0800] "GET /1003/wp-content/uploads/sites/233/2025/06/508472385_581923124969189_954720016904103105_n-600x600.jpg HTTP/1.1" 200 59026 "https://2blog.ilc.edu.tw/1003/category/%e6%95%99%e5%ad%b8%e5%b0%8f%e7%a7%98%e6%96%b9/" "Mozilla/5.0 (iPhone; CPU iPhone OS 26_5_0 like Mac OS X) AppleWebKit/605.1.15 (KHTML, like Gecko) CriOS/151.0.7922.57 Mobile/15E148 Safari/604.1"
2401:e180:8850:8c13:94af:5166:8971:b1dc - - [22/Aug/2026:05:12:41 +0800] "GET /1003/wp-content/uploads/sites/233/2025/05/sp250513_085924-600x600.png HTTP/1.1" 200 35176 "https://2blog.ilc.edu.tw/1003/category/%e6%95%99%e5%ad%b8%e5%b0%8f%e7%a7%98%e6%96%b9/" "Mozilla/5.0 (iPhone; CPU iPhone OS 26_5_0 like Mac OS X) AppleWebKit/605.1.15 (KHTML, like Gecko) CriOS/151.0.7922.57 Mobile/15E148 Safari/604.1"
216.73.216.20 - - [22/Aug/2026:05:12:41 +0800] "GET /6537/2010/10/15/%e5%ae%9c%e8%98%ad%e7%b8%a399%e5%b9%b4%e5%ba%a6%e5%9c%8b%e6%b0%91%e4%b8%ad%e5%b0%8f%e5%ad%b8%e6%8e%a8%e5%8b%95%e7%92%b0%e5%a2%83%e6%95%99%e8%82%b2%e8%bc%94%e5%b0%8e%e8%a8%aa%e8%a6%96%e8%a9%95%e6%a0%b8/ HTTP/1.1" 200 11051 "-" "Mozilla/5.0 AppleWebKit/537.36 (KHTML, like Gecko; compatible; ClaudeBot/1.0; +claudebot@anthropic.com)"
2401:e180:8850:8c13:94af:5166:8971:b1dc - - [22/Aug/2026:05:12:41 +0800] "GET /1003/wp-content/uploads/sites/233/2025/05/495568207_550946888066813_3101279441043585209_n-600x600.jpg HTTP/1.1" 200 40299 "https://2blog.ilc.edu.tw/1003/category/%e6%95%99%e5%ad%b8%e5%b0%8f%e7%a7%98%e6%96%b9/" "Mozilla/5.0 (iPhone; CPU iPhone OS 26_5_0 like Mac OS X) AppleWebKit/605.1.15 (KHTML, like Gecko) CriOS/151.0.7922.57 Mobile/15E148 Safari/604.1"
2401:e180:8850:8c13:94af:5166:8971:b1dc - - [22/Aug/2026:05:12:41 +0800] "GET /1003/wp-content/uploads/sites/233/2024/12/Snipaste_2024-12-31_21-54-55-600x600.png HTTP/1.1" 200 115871 "https://2blog.ilc.edu.tw/1003/category/%e6%95%99%e5%ad%b8%e5%b0%8f%e7%a7%98%e6%96%b9/" "Mozilla/5.0 (iPhone; CPU iPhone OS 26_5_0 like Mac OS X) AppleWebKit/605.1.15 (KHTML, like Gecko) CriOS/151.0.7922.57 Mobile/15E148 Safari/604.1"
2401:e180:8850:8c13:94af:5166:8971:b1dc - - [22/Aug/2026:05:12:41 +0800] "GET /1003/wp-content/uploads/sites/233/2024/12/469919927_442682495559920_839666626364639984_n-600x600.jpg HTTP/1.1" 200 143228 "https://2blog.ilc.edu.tw/1003/category/%e6%95%99%e5%ad%b8%e5%b0%8f%e7%a7%98%e6%96%b9/" "Mozilla/5.0 (iPhone; CPU iPhone OS 26_5_0 like Mac OS X) AppleWebKit/605.1.15 (KHTML, like Gecko) CriOS/151.0.7922.57 Mobile/15E148 Safari/604.1"
240e:314:ac3e:e00:ded8:7cff:fe61:b249 - - [22/Aug/2026:05:12:41 +0800] "GET /wp-content/cache/ilta.ilc.edu.tw/wpfc-minified/l07fx5lw/6wvk.css HTTP/1.1" 200 15782 "https://ilta.ilc.edu.tw/2011/02/23/" "Mozilla/5.0 (Windows NT 10.0; Win64; x64) AppleWebKit/537.36 (KHTML, like Gecko) Chrome/144.0.0.0 Safari/537.36"
216.73.216.20 - - [22/Aug/2026:05:12:41 +0800] "GET /6537/2015/10/27/%e4%b8%80-5-%e6%93%ac%e5%ae%9a%e6%8e%a8%e5%b1%95%e7%92%b0%e5%a2%83%e6%95%99%e8%82%b2%e7%9b%b8%e9%97%9c%e8%a8%88%e7%95%ab%ef%bc%9a%e5%8a%a0%e5%bc%b7%e5%ad%b8%e6%a0%a1%e7%92%b0%e5%a2%83%e4%b8%89/ HTTP/1.1" 200 14532 "-" "Mozilla/5.0 AppleWebKit/537.36 (KHTML, like Gecko; compatible; ClaudeBot/1.0; +claudebot@anthropic.com)"
2401:e180:8850:8c13:94af:5166:8971:b1dc - - [22/Aug/2026:05:12:41 +0800] "GET /1003/wp-content/uploads/sites/233/2024/07/449780275_333368936491277_5297847658936342351_n-600x600.jpg HTTP/1.1" 200 42130 "https://2blog.ilc.edu.tw/1003/category/%e6%95%99%e5%ad%b8%e5%b0%8f%e7%a7%98%e6%96%b9/" "Mozilla/5.0 (iPhone; CPU iPhone OS 26_5_0 like Mac OS X) AppleWebKit/605.1.15 (KHTML, like Gecko) CriOS/151.0.7922.57 Mobile/15E148 Safari/604.1"
216.73.216.20 - - [22/Aug/2026:05:12:41 +0800] "GET /5882/2012/05/17/5-1-1%e5%ad%b8%e6%a0%a1%e6%8f%90%e4%be%9b%e5%90%88%e9%81%a9%e7%9a%84%e5%a0%b4%e6%89%80%ef%bc%8c%e4%bb%a5%e4%be%9b%e5%ae%b6%e9%95%b7%e5%a6%82%ef%bc%9a%e5%bf%97%e5%b7%a5%e5%ae%b6%e9%95%b7%e3%80%81/ HTTP/1.1" 200 9756 "-" "Mozilla/5.0 AppleWebKit/537.36 (KHTML, like Gecko; compatible; ClaudeBot/1.0; +claudebot@anthropic.com)"
240e:314:ac3e:e00:ded8:7cff:fe61:b249 - - [22/Aug/2026:05:12:41 +0800] "GET /wp-content/cache/ilta.ilc.edu.tw/wpfc-minified/1qjpbzp9/6wvk.js HTTP/1.1" 200 40344 "https://ilta.ilc.edu.tw/2011/02/23/" "Mozilla/5.0 (Windows NT 10.0; Win64; x64) AppleWebKit/537.36 (KHTML, like Gecko) Chrome/144.0.0.0 Safari/537.36"
240e:314:ac3e:e00:ded8:7cff:fe61:b249 - - [22/Aug/2026:05:12:41 +0800] "GET /wp-content/cache/ilta.ilc.edu.tw/wpfc-minified/7vo8n6iy/6wvk.css HTTP/1.1" 200 65503 "https://ilta.ilc.edu.tw/2011/02/23/" "Mozilla/5.0 (Windows NT 10.0; Win64; x64) AppleWebKit/537.36 (KHTML, like Gecko) Chrome/144.0.0.0 Safari/537.36"
240e:314:ac3e:e00:ded8:7cff:fe61:b249 - - [22/Aug/2026:05:12:41 +0800] "GET /wp-includes/js/admin-bar.min.js HTTP/1.1" 200 7032 "https://ilta.ilc.edu.tw/2011/02/23/" "Mozilla/5.0 (Windows NT 10.0; Win64; x64) AppleWebKit/537.36 (KHTML, like Gecko) Chrome/144.0.0.0 Safari/537.36"
::1 - - [22/Aug/2026:05:12:41 +0800] "OPTIONS * HTTP/1.0" 200 110 "-" "Apache/2.4.68 (Ubuntu) OpenSSL/3.0.19 (internal dummy connection)"
216.73.216.20 - - [22/Aug/2026:05:12:41 +0800] "GET /tcesinfo/2021/04/28/%e8%a7%a3%e6%b1%ba-fcitx-%e8%a1%8c%e5%88%97%e8%bc%b8%e5%85%a5%e6%b3%95%e7%84%a1%e6%b3%95%e8%bc%b8%e5%85%a5%e6%a8%99%e9%bb%9e%e7%ac%a6%e8%99%9f%e7%9a%84%e5%95%8f%e9%a1%8c/ HTTP/1.1" 200 11535 "-" "Mozilla/5.0 AppleWebKit/537.36 (KHTML, like Gecko; compatible; ClaudeBot/1.0; +claudebot@anthropic.com)"
216.73.216.20 - - [22/Aug/2026:05:12:41 +0800] "GET /5882/2012/05/16/3-1-1%e5%85%b7%e8%b3%87%e6%ba%90%e5%9b%9e%e6%94%b6%e6%88%96%e7%92%b0%e4%bf%9d%e8%a1%8c%e5%8b%95%e8%be%a6%e6%b3%95%ef%bc%8c%e7%9b%b8%e9%97%9c%e8%a8%ad%e5%82%99%e5%8f%8a%e6%8e%a8%e8%a1%8c%e7%92%b0/ HTTP/1.1" 200 9706 "-" "Mozilla/5.0 AppleWebKit/537.36 (KHTML, like Gecko; compatible; ClaudeBot/1.0; +claudebot@anthropic.com)"
240e:314:ac3e:e00:ded8:7cff:fe61:b249 - - [22/Aug/2026:05:12:41 +0800] "GET /wp-includes/js/imagesloaded.min.js HTTP/1.1" 200 2683 "https://ilta.ilc.edu.tw/2011/02/23/" "Mozilla/5.0 (Windows NT 10.0; Win64; x64) AppleWebKit/537.36 (KHTML, like Gecko) Chrome/144.0.0.0 Safari/537.36"
216.73.216.20 - - [22/Aug/2026:05:12:41 +0800] "GET /5882/2018/06/16/4-2-3-1-%e5%81%a5%e5%ba%b7%e6%95%99%e8%82%b2%e6%8e%88%e8%aa%b2%e6%95%99%e5%b8%ab%e7%a0%94%e7%bf%92%e6%99%82%e6%95%b8%e7%b5%b1%e8%a8%88%e8%a1%a8/ HTTP/1.1" 200 9339 "-" "Mozilla/5.0 AppleWebKit/537.36 (KHTML, like Gecko; compatible; ClaudeBot/1.0; +claudebot@anthropic.com)"
216.73.216.20 - - [22/Aug/2026:05:12:41 +0800] "GET /6439/2016/11/09/105_%e5%ad%b8%e6%a0%a1%e7%92%b0%e5%a2%83%e6%95%99%e8%82%b2%e7%89%b9%e8%89%b2_%e8%a6%8f%e5%8a%83%e8%a8%ad%e7%bd%ae%e6%b0%b4%e7%92%b0%e5%86%8d%e5%88%a9%e7%94%a8%e8%a8%ad%e6%96%bd%e5%8f%8a%e7%b6%a0/ HTTP/1.1" 200 26014 "-" "Mozilla/5.0 AppleWebKit/537.36 (KHTML, like Gecko; compatible; ClaudeBot/1.0; +claudebot@anthropic.com)"
240e:314:ac3e:e00:ded8:7cff:fe61:b249 - - [22/Aug/2026:05:12:41 +0800] "GET /wp-content/themes/oceanwp/assets/js/drop-down-search.min.js HTTP/1.1" 200 2968 "https://ilta.ilc.edu.tw/2011/02/23/" "Mozilla/5.0 (Windows NT 10.0; Win64; x64) AppleWebKit/537.36 (KHTML, like Gecko) Chrome/144.0.0.0 Safari/537.36"
216.73.216.20 - - [22/Aug/2026:05:12:41 +0800] "GET /6537/2019/10/16/108_%e4%ba%8c%e3%80%812-4%e7%b5%90%e5%90%88%e7%a4%be%e5%8d%80%e8%b3%87%e6%ba%90%e8%be%a6%e7%90%86%e7%92%b0%e6%95%99%e6%b4%bb%e5%8b%95-%e5%8e%9d%e5%b0%be%e9%a0%82/ HTTP/1.1" 200 11033 "-" "Mozilla/5.0 AppleWebKit/537.36 (KHTML, like Gecko; compatible; ClaudeBot/1.0; +claudebot@anthropic.com)"
17.241.75.114 - - [22/Aug/2026:05:12:42 +0800] "GET /6547/wp-content/themes/oceanwp/assets/js/scroll-top.min.js HTTP/1.1" 200 3202 "https://2blog.ilc.edu.tw/6547/2016/11/14/105%e5%b9%b4%e5%ba%a6%e7%92%b0%e6%95%99%e8%80%83%e8%a9%95-1-1%e7%92%b0%e5%a2%83%e6%95%99%e8%82%b2%e3%80%81%e6%a0%a1%e5%9c%92%e5%81%9a%e7%92%b0%e4%bf%9d%e5%8f%8a%e7%af%80%e8%83%bd%e6%b8%9b%e7%a2%b3/" "Mozilla/5.0 (Macintosh; Intel Mac OS X 10_15_7) AppleWebKit/605.1.15 (KHTML, like Gecko) Version/17.4 Safari/605.1.15 (Applebot/0.1; +http://www.apple.com/go/applebot)"
216.73.216.20 - - [22/Aug/2026:05:12:42 +0800] "GET /6537/2018/09/20/107_%e4%b8%89%e3%80%812-5%e6%a0%a1%e5%9c%92%e7%a9%ba%e6%b0%a3%e5%93%81%e8%b3%aa%e6%b4%bb%e5%8b%95%e6%aa%a2%e6%a0%b8%e8%a1%a8-%e8%9e%8d%e5%85%a5%e8%aa%b2%e7%a8%8b%e6%95%99%e5%ad%b8/ HTTP/1.1" 200 11280 "-" "Mozilla/5.0 AppleWebKit/537.36 (KHTML, like Gecko; compatible; ClaudeBot/1.0; +claudebot@anthropic.com)"
240e:314:ac3e:e00:ded8:7cff:fe61:b249 - - [22/Aug/2026:05:12:42 +0800] "GET /wp-content/themes/oceanwp/assets/js/vendors/magnific-popup.min.js HTTP/1.1" 200 8270 "https://ilta.ilc.edu.tw/2011/02/23/" "Mozilla/5.0 (Windows NT 10.0; Win64; x64) AppleWebKit/537.36 (KHTML, like Gecko) Chrome/144.0.0.0 Safari/537.36"
240e:314:ac3e:e00:ded8:7cff:fe61:b249 - - [22/Aug/2026:05:12:42 +0800] "GET /wp-content/themes/oceanwp/assets/js/ow-lightbox.min.js HTTP/1.1" 200 2321 "https://ilta.ilc.edu.tw/2011/02/23/" "Mozilla/5.0 (Windows NT 10.0; Win64; x64) AppleWebKit/537.36 (KHTML, like Gecko) Chrome/144.0.0.0 Safari/537.36"
216.73.216.20 - - [22/Aug/2026:05:12:42 +0800] "GET /6537/2015/11/05/%e4%ba%94-3-%e5%8a%a0%e5%bc%b7%e5%ae%a3%e5%b0%8e%e5%ae%b6%e9%95%b7%e6%8e%a5%e9%80%81%e5%ad%b8%e7%ab%a5%e7%ad%89%e5%be%853%e5%88%86%e9%90%98%e6%87%89%e7%86%84%e7%81%ab-3/ HTTP/1.1" 200 11525 "-" "Mozilla/5.0 AppleWebKit/537.36 (KHTML, like Gecko; compatible; ClaudeBot/1.0; +claudebot@anthropic.com)"
240e:314:ac3e:e00:ded8:7cff:fe61:b249 - - [22/Aug/2026:05:12:42 +0800] "GET /wp-content/themes/oceanwp/assets/js/scroll-effect.min.js HTTP/1.1" 200 4127 "https://ilta.ilc.edu.tw/2011/02/23/" "Mozilla/5.0 (Windows NT 10.0; Win64; x64) AppleWebKit/537.36 (KHTML, like Gecko) Chrome/144.0.0.0 Safari/537.36"
216.73.216.20 - - [22/Aug/2026:05:12:42 +0800] "GET /4925/2020/04/21/%e8%b7%a8%e9%a0%98%e5%9f%9f%e6%95%99%e5%ad%b8-%e6%ad%a3%e5%90%91%e6%80%9d%e8%80%83%e8%88%87%e6%83%85%e7%b7%92%e8%a1%a8%e9%81%94/ HTTP/1.1" 200 12884 "-" "Mozilla/5.0 AppleWebKit/537.36 (KHTML, like Gecko; compatible; ClaudeBot/1.0; +claudebot@anthropic.com)"
216.73.216.20 - - [22/Aug/2026:05:12:42 +0800] "GET /6439/2016/11/05/105_%e5%85%b6%e4%bb%96%e9%85%8d%e5%90%88%e6%8e%aa%e6%96%bd%e8%be%a6%e7%90%86%e6%83%85%e5%bd%a2_%e5%ae%a4%e5%85%a7%e9%ab%94%e8%82%b2%e7%a9%ba%e9%96%93%e8%b3%87%e6%ba%90%e9%81%8b%e7%94%a8%e5%8f%8a/ HTTP/1.1" 200 25709 "-" "Mozilla/5.0 AppleWebKit/537.36 (KHTML, like Gecko; compatible; ClaudeBot/1.0; +claudebot@anthropic.com)"
240e:314:ac3e:e00:ded8:7cff:fe61:b249 - - [22/Aug/2026:05:12:42 +0800] "GET /wp-content/themes/oceanwp/assets/js/select.min.js HTTP/1.1" 200 2408 "https://ilta.ilc.edu.tw/2011/02/23/" "Mozilla/5.0 (Windows NT 10.0; Win64; x64) AppleWebKit/537.36 (KHTML, like Gecko) Chrome/144.0.0.0 Safari/537.36"
240e:314:ac3e:e00:ded8:7cff:fe61:b249 - - [22/Aug/2026:05:12:42 +0800] "GET /wp-content/themes/oceanwp/assets/js/scroll-top.min.js HTTP/1.1" 200 3202 "https://ilta.ilc.edu.tw/2011/02/23/" "Mozilla/5.0 (Windows NT 10.0; Win64; x64) AppleWebKit/537.36 (KHTML, like Gecko) Chrome/144.0.0.0 Safari/537.36"
216.73.216.20 - - [22/Aug/2026:05:12:42 +0800] "GET /6537/2019/10/16/108_%e4%ba%8c%e3%80%812-3%e7%b5%90%e5%90%88%e7%a4%be%e5%8d%80%e8%b3%87%e6%ba%90%e8%be%a6%e7%90%86%e7%92%b0%e6%95%99%e6%b4%bb%e5%8b%95-%e9%be%8d%e6%bd%ad%e6%b9%96/ HTTP/1.1" 200 11108 "-" "Mozilla/5.0 AppleWebKit/537.36 (KHTML, like Gecko; compatible; ClaudeBot/1.0; +claudebot@anthropic.com)"
240e:314:ac3e:e00:ded8:7cff:fe61:b249 - - [22/Aug/2026:05:12:42 +0800] "GET /wp-content/plugins/ocean-extra/includes/widgets/js/flickr.min.js HTTP/1.1" 200 1319 "https://ilta.ilc.edu.tw/2011/02/23/" "Mozilla/5.0 (Windows NT 10.0; Win64; x64) AppleWebKit/537.36 (KHTML, like Gecko) Chrome/144.0.0.0 Safari/537.36"
216.73.216.20 - - [22/Aug/2026:05:12:42 +0800] "GET /6537/2015/11/13/%e4%b8%80-4-%e8%be%a6%e7%90%86%e5%ad%b8%e6%a0%a1%e7%92%b0%e5%a2%83%e6%95%99%e8%82%b2%e8%87%aa%e8%a9%95%e4%b8%94%e9%80%a3%e7%b5%90%e5%ae%8c%e6%95%b4/ HTTP/1.1" 200 10959 "-" "Mozilla/5.0 AppleWebKit/537.36 (KHTML, like Gecko; compatible; ClaudeBot/1.0; +claudebot@anthropic.com)"
::1 - - [22/Aug/2026:05:12:42 +0800] "OPTIONS * HTTP/1.0" 200 110 "-" "Apache/2.4.68 (Ubuntu) OpenSSL/3.0.19 (internal dummy connection)"
240e:314:ac3e:e00:ded8:7cff:fe61:b249 - - [22/Aug/2026:05:12:42 +0800] "GET /wp-content/themes/oceanwp/assets/fonts/simple-line-icons/Simple-Line-Icons.woff2?v=2.4.0 HTTP/1.1" 200 30959 "https://ilta.ilc.edu.tw/wp-content/cache/ilta.ilc.edu.tw/wpfc-minified/7vo8n6iy/6wvk.css" "Mozilla/5.0 (Windows NT 10.0; Win64; x64) AppleWebKit/537.36 (KHTML, like Gecko) Chrome/144.0.0.0 Safari/537.36"
216.73.216.20 - - [22/Aug/2026:05:12:42 +0800] "GET /5882/2012/05/17/%e6%a8%99%e6%ba%9631-1-1%e5%8f%8d%e9%9c%b8%e5%87%8c%e9%80%b1%e6%88%96%e5%8f%8b%e5%96%84%e6%a0%a1%e5%9c%92%e9%80%b1%e5%af%a6%e6%96%bd%e6%b4%bb%e5%8b%95%e3%80%82/ HTTP/1.1" 200 9697 "-" "Mozilla/5.0 AppleWebKit/537.36 (KHTML, like Gecko; compatible; ClaudeBot/1.0; +claudebot@anthropic.com)"
216.73.216.20 - - [22/Aug/2026:05:12:42 +0800] "GET /6537/2011/12/13/%e5%9b%9b-8%e5%ae%9c%e8%98%ad%e7%b8%a3%e9%be%8d%e6%bd%ad%e5%9c%8b%e5%b0%8f100%e5%b9%b4%e5%ba%a6%e8%be%a6%e7%90%86%e6%95%99%e5%b8%ab%e5%b0%88%e6%a5%ad%e6%88%90%e9%95%b7%e6%b4%bb%e5%8b%95%e8%a8%88/ HTTP/1.1" 200 12989 "-" "Mozilla/5.0 AppleWebKit/537.36 (KHTML, like Gecko; compatible; ClaudeBot/1.0; +claudebot@anthropic.com)"
216.73.216.20 - - [22/Aug/2026:05:12:42 +0800] "GET /6537/2015/11/09/%e4%b8%80-8-%e7%b5%84%e7%b9%94%e5%ad%b8%e7%94%9f%e7%92%b0%e4%bf%9d%e6%9c%8d%e5%8b%99%e9%9a%8a%e4%b8%a6%e5%8f%83%e8%88%87%e7%92%b0%e6%95%99%e6%9c%8d%e5%8b%99%e5%b7%a5%e4%bd%9c/ HTTP/1.1" 200 16242 "-" "Mozilla/5.0 AppleWebKit/537.36 (KHTML, like Gecko; compatible; ClaudeBot/1.0; +claudebot@anthropic.com)"
216.73.216.20 - - [22/Aug/2026:05:12:42 +0800] "GET /6439/2016/11/07/105_%e8%a1%8c%e6%94%bf%e8%88%87%e7%ae%a1%e7%90%86_%e7%92%b0%e5%a2%83%e6%95%b4%e6%bd%94%e6%af%94%e8%b3%bd%e5%af%a6%e6%96%bd%e8%be%a6%e6%b3%95/ HTTP/1.1" 200 25416 "-" "Mozilla/5.0 AppleWebKit/537.36 (KHTML, like Gecko; compatible; ClaudeBot/1.0; +claudebot@anthropic.com)"
216.73.216.20 - - [22/Aug/2026:05:12:42 +0800] "GET /5882/2012/05/17/1-3%e5%ad%b8%e6%a0%a1%e5%88%b6%e8%a8%82%e7%8f%ad%e7%b4%9a%e7%9a%84%e5%81%a5%e5%ba%b7%e7%94%9f%e6%b4%bb%e5%ae%88%e5%89%87%e6%88%96%e9%80%8f%e9%81%8e%e7%8d%8e%e5%8b%b5%e5%88%b6%e5%ba%a6%ef%bc%8c/ HTTP/1.1" 200 9615 "-" "Mozilla/5.0 AppleWebKit/537.36 (KHTML, like Gecko; compatible; ClaudeBot/1.0; +claudebot@anthropic.com)"
2001:288:a201::66:125 - - [22/Aug/2026:05:12:43 +0800] "GET /blog/active.php HTTP/1.1" 301 1026 "-" "-"
2001:288:a201::66:125 - - [22/Aug/2026:05:12:43 +0800] "GET /blog/active.php HTTP/1.1" 404 1084 "-" "-"
216.73.216.20 - - [22/Aug/2026:05:12:43 +0800] "GET /5882/2014/03/14/%e5%87%b1%e6%97%8b%e5%9c%8b%e5%b0%8f%e6%9a%a8%e9%99%84%e8%a8%ad%e5%b9%bc%e5%85%92%e5%9c%92102%e5%ad%b8%e5%b9%b4%e5%ba%a6%e5%9c%8b%e5%ae%b6%e9%98%b2%e7%81%bd%e6%97%a5%e5%9c%b0%e9%9c%87%e9%81%bf/ HTTP/1.1" 200 10429 "-" "Mozilla/5.0 AppleWebKit/537.36 (KHTML, like Gecko; compatible; ClaudeBot/1.0; +claudebot@anthropic.com)"
216.73.216.20 - - [22/Aug/2026:05:12:43 +0800] "GET /6537/2016/10/04/105_%e4%b8%80%e3%80%819-%e7%92%b0%e6%95%99%e8%aa%8d%e8%ad%89%e5%90%88%e6%a0%bc%e4%ba%ba%e5%93%a1%ef%bc%8c%e6%8e%a8%e5%8b%95%e7%92%b0%e6%95%99%e5%b7%a5%e4%bd%9c/ HTTP/1.1" 200 10939 "-" "Mozilla/5.0 AppleWebKit/537.36 (KHTML, like Gecko; compatible; ClaudeBot/1.0; +claudebot@anthropic.com)"
140.111.67.10 - - [22/Aug/2026:05:12:43 +0800] "GET /" 301 273 "-" "-"
216.73.216.20 - - [22/Aug/2026:05:12:43 +0800] "GET /5882/2012/05/17/2-2-1%e6%a0%a1%e5%9c%92%e5%b0%8d%e6%96%bc%e6%95%99%e8%81%b7%e5%93%a1%e5%b7%a5%e7%94%9f%e5%8d%b1%e6%a9%9f%e8%99%95%e7%90%86%e8%be%a6%e6%b3%95%e3%80%82/ HTTP/1.1" 200 9493 "-" "Mozilla/5.0 AppleWebKit/537.36 (KHTML, like Gecko; compatible; ClaudeBot/1.0; +claudebot@anthropic.com)"
216.73.216.20 - - [22/Aug/2026:05:12:43 +0800] "GET /4925/2016/04/13/%e4%ba%94%e3%80%81%e5%85%ad%e5%b9%b4%e7%b4%9a%e6%a0%a1%e5%a4%96%e6%95%99%e5%ad%b8-%e8%87%ba%e5%8d%97%e6%96%87%e5%8c%96%e5%8f%a4%e8%b9%9f%e5%b7%a1%e7%a6%ae/ HTTP/1.1" 200 13611 "-" "Mozilla/5.0 AppleWebKit/537.36 (KHTML, like Gecko; compatible; ClaudeBot/1.0; +claudebot@anthropic.com)"
216.73.216.20 - - [22/Aug/2026:05:12:43 +0800] "GET /6537/2019/10/16/108_%e4%ba%8c%e3%80%811-4%e8%98%ad%e5%8d%9a%e5%ae%b6%e6%97%8f%e5%85%a5%e6%a0%a1%e5%9c%92-%e5%af%ab%e5%9c%a8%e5%9c%b0%e5%ba%95%e7%9a%84%e6%ad%b7%e5%8f%b2/ HTTP/1.1" 200 12024 "-" "Mozilla/5.0 AppleWebKit/537.36 (KHTML, like Gecko; compatible; ClaudeBot/1.0; +claudebot@anthropic.com)"
216.73.216.20 - - [22/Aug/2026:05:12:43 +0800] "GET /6537/2018/09/20/107_%e4%ba%8c%e3%80%811-4%e7%92%b0%e5%a2%83%e6%95%99%e8%82%b2%e8%9e%8d%e5%85%a5%e8%aa%b2%e7%a8%8b%e6%95%99%e5%ad%b8-%e7%a9%ba%e6%b0%a3%e5%93%81%e8%b3%aa%e5%ae%a3%e5%b0%8e/ HTTP/1.1" 200 11393 "-" "Mozilla/5.0 AppleWebKit/537.36 (KHTML, like Gecko; compatible; ClaudeBot/1.0; +claudebot@anthropic.com)"
17.241.75.114 - - [22/Aug/2026:05:12:43 +0800] "GET /6547/wp-content/themes/oceanwp/assets/js/select.min.js HTTP/1.1" 200 2408 "https://2blog.ilc.edu.tw/6547/2016/11/14/105%e5%b9%b4%e5%ba%a6%e7%92%b0%e6%95%99%e8%80%83%e8%a9%95-1-1%e7%92%b0%e5%a2%83%e6%95%99%e8%82%b2%e3%80%81%e6%a0%a1%e5%9c%92%e5%81%9a%e7%92%b0%e4%bf%9d%e5%8f%8a%e7%af%80%e8%83%bd%e6%b8%9b%e7%a2%b3/" "Mozilla/5.0 (Macintosh; Intel Mac OS X 10_15_7) AppleWebKit/605.1.15 (KHTML, like Gecko) Version/17.4 Safari/605.1.15 (Applebot/0.1; +http://www.apple.com/go/applebot)"
::1 - - [22/Aug/2026:05:12:43 +0800] "OPTIONS * HTTP/1.0" 200 110 "-" "Apache/2.4.68 (Ubuntu) OpenSSL/3.0.19 (internal dummy connection)"
31.76.141.190 - - [22/Aug/2026:05:12:43 +0800] "GET /kkessa/wp-content/uploads/sites/2902/2022/12/LINE_ALBUM_20221115%E6%A0%A1%E5%A4%96%E6%95%99%E5%AD%B8_221122_11-300x225.jpg HTTP/1.1" 200 25352 "-" "Mozilla/5.0 (compatible; crawler)"
216.73.216.20 - - [22/Aug/2026:05:12:43 +0800] "GET /6537/2010/10/01/%e5%8f%b0%e5%8c%97%e7%9a%84%e5%b0%88%e6%a5%ad%e9%86%ab%e7%99%82%e5%9c%98%e9%9a%8a%ef%bc%8c%e4%b8%8b%e9%84%89%e9%80%b2%e8%a1%8c%e5%ae%b6%e8%b2%93%e5%ae%b6%e7%8b%97%e5%85%8d%e8%b2%bb%e7%9a%84%e7%b5%90/ HTTP/1.1" 200 11853 "-" "Mozilla/5.0 AppleWebKit/537.36 (KHTML, like Gecko; compatible; ClaudeBot/1.0; +claudebot@anthropic.com)"
216.73.216.20 - - [22/Aug/2026:05:12:43 +0800] "GET /5882/2012/05/16/2-2%e8%a8%82%e5%ae%9a%e9%a3%b2%e7%94%a8%e6%b0%b4%e8%a8%ad%e5%82%99%e7%ae%a1%e7%90%86%e8%be%a6%e6%b3%95%ef%bc%8c%e5%ae%9a%e6%9c%9f%e7%b6%ad%e8%ad%b7%e9%a3%b2%e7%94%a8%e6%b0%b4%e8%a1%9b%e7%94%9f/ HTTP/1.1" 200 9597 "-" "Mozilla/5.0 AppleWebKit/537.36 (KHTML, like Gecko; compatible; ClaudeBot/1.0; +claudebot@anthropic.com)"
216.73.216.20 - - [22/Aug/2026:05:12:43 +0800] "GET /19761/2015/05/07/%e5%8c%8f%e5%b4%99%e5%88%86%e6%a0%a1%e6%88%90%e6%9e%9c%e5%b1%95%e4%ba%94%e5%85%ad%e5%b9%b4%e7%b4%9a%e8%a1%a8%e6%bc%94%e3%80%8c%e9%be%8d%e6%bd%ad%e6%b9%96%e5%82%b3%e5%a5%87%e3%80%8d/ HTTP/1.1" 200 10427 "-" "Mozilla/5.0 AppleWebKit/537.36 (KHTML, like Gecko; compatible; ClaudeBot/1.0; +claudebot@anthropic.com)"
216.73.216.20 - - [22/Aug/2026:05:12:43 +0800] "GET /6537/2020/11/03/109_%e5%9b%9b%e3%80%816-3%e6%a0%a1%e6%9c%ac%e8%aa%b2%e7%a8%8b-3%e4%b8%8a-%e9%be%8d%e6%bd%ad%e6%b9%96%e7%9a%84%e7%94%9f%e7%89%a9%e5%ae%b6%e6%97%8f/ HTTP/1.1" 200 11111 "-" "Mozilla/5.0 AppleWebKit/537.36 (KHTML, like Gecko; compatible; ClaudeBot/1.0; +claudebot@anthropic.com)"
216.73.216.20 - - [22/Aug/2026:05:12:43 +0800] "GET /6537/2014/11/26/%e5%ae%9c%e8%98%ad%e7%b8%a3103%e5%b9%b4%e5%ba%a6%e5%9c%8b%e6%b0%91%e4%b8%ad%e5%b0%8f%e5%ad%b8%e6%8e%a8%e5%8b%95%e7%92%b0%e5%a2%83%e6%95%99%e8%82%b2%e8%bc%94%e5%b0%8e%e8%a8%aa%e8%a6%96%e8%a9%95/ HTTP/1.1" 200 17331 "-" "Mozilla/5.0 AppleWebKit/537.36 (KHTML, like Gecko; compatible; ClaudeBot/1.0; +claudebot@anthropic.com)"
100.24.149.244 - - [22/Aug/2026:05:12:43 +0800] "GET /wp-content/uploads/sites/2813/6488/6488-1433657.jpg HTTP/1.1" 200 169427 "-" "Mozilla/5.0 AppleWebKit/537.36 (KHTML, like Gecko; compatible; Amazonbot/0.1; +https://developer.amazon.com/support/amazonbot) Chrome/119.0.6045.214 Safari/537.36"
216.73.216.20 - - [22/Aug/2026:05:12:44 +0800] "GET /5882/2012/05/17/4-2%e5%ad%b8%e6%a0%a1%e8%aa%b2%e7%a8%8b%e8%9e%8d%e5%85%a5%e5%a4%9a%e5%85%83%e6%96%87%e5%8c%96%e3%80%81%e5%ae%97%e6%95%99%e4%bf%a1%e4%bb%b0%e5%8f%8a%e7%a8%ae%e6%97%8f%e7%9a%84%e5%ad%b8%e7%bf%92/ HTTP/1.1" 200 9598 "-" "Mozilla/5.0 AppleWebKit/537.36 (KHTML, like Gecko; compatible; ClaudeBot/1.0; +claudebot@anthropic.com)"
216.73.216.20 - - [22/Aug/2026:05:12:44 +0800] "GET /tcesinfo/2021/03/31/windows-10-20h2-%e5%a5%97%e7%94%a8-windows-10-insider-preview-21343-1000-%e7%89%88%e6%96%b0%e5%9c%96%e7%a4%ba/ HTTP/1.1" 200 10809 "-" "Mozilla/5.0 AppleWebKit/537.36 (KHTML, like Gecko; compatible; ClaudeBot/1.0; +claudebot@anthropic.com)"
216.73.216.20 - - [22/Aug/2026:05:12:44 +0800] "GET /6537/2014/11/30/%e5%ae%9c%e8%98%ad%e7%b8%a3103%e5%b9%b4%e5%ba%a6%e5%9c%8b%e6%b0%91%e4%b8%ad%e5%b0%8f%e5%ad%b8%e6%8e%a8%e5%8b%95%e7%92%b0%e5%a2%83%e6%95%99%e8%82%b2%e8%bc%94%e5%b0%8e%e8%a8%aa%e8%a6%96%e8%a9%95-2/ HTTP/1.1" 200 16933 "-" "Mozilla/5.0 AppleWebKit/537.36 (KHTML, like Gecko; compatible; ClaudeBot/1.0; +claudebot@anthropic.com)"
