34.10.180.98 - - [22/Aug/2026:05:15:57 +0800] "GET /wp-json/oembed/1.0/embed?url=https://www.kses.ilc.edu.tw/2015/09/24/104%25e5%25bb%25a3%25e8%2588%2588%25e6%2595%2599%25e5%25ad%25b8%25e5%259c%2598%25e9%259a%258a/ HTTP/1.1" 200 8324 "-" "Mozilla/5.0 (Macintosh; Intel Mac OS X 10_15_7) AppleWebKit/537.36 (KHTML, like Gecko) Chrome/120.0.0.0 Safari/537.36"
2001:288:a201::66:125 - - [22/Aug/2026:05:15:58 +0800] "GET /blog/active.php HTTP/1.1" 404 1084 "-" "-"
2001:288:a201::66:125 - - [22/Aug/2026:05:15:58 +0800] "GET /blog/active.php HTTP/1.1" 301 1026 "-" "-"
140.111.67.10 - - [22/Aug/2026:05:15:58 +0800] "GET /" 301 273 "-" "-"
18.211.148.239 - - [22/Aug/2026:05:15:59 +0800] "GET /6043/wp-json/wp/v2/posts/7168 HTTP/1.1" 200 12154 "-" "Mozilla/5.0 AppleWebKit/537.36 (KHTML, like Gecko; compatible; Amazonbot/0.1; +https://developer.amazon.com/support/amazonbot) Chrome/119.0.6045.214 Safari/537.36"
34.233.219.155 - - [22/Aug/2026:05:16:00 +0800] "GET /wp-content/uploads/sites/118/2022/04/?C=N;O%3DD HTTP/1.1" 200 1112 "-" "Mozilla/5.0 AppleWebKit/537.36 (KHTML, like Gecko; compatible; Amazonbot/0.1; +https://developer.amazon.com/support/amazonbot) Chrome/119.0.6045.214 Safari/537.36"
52.167.144.171 - - [22/Aug/2026:05:16:01 +0800] "GET /wp-json/wp/v2/posts/92 HTTP/1.1" 200 14877 "-" "Mozilla/5.0 AppleWebKit/537.36 (KHTML, like Gecko; compatible; bingbot/2.0; +http://www.bing.com/bingbot.htm) Chrome/116.0.1938.76 Safari/537.36"
140.111.67.86 - - [22/Aug/2026:05:16:01 +0800] "GET / HTTP/1.1" 200 56291 "-" "curl/7.81.0"
2001:288:a201::67:84 - - [22/Aug/2026:05:16:01 +0800] "GET / HTTP/1.1" 200 56291 "-" "curl/7.81.0"
2001:288:a201::66:125 - - [22/Aug/2026:05:16:03 +0800] "GET /blog/active.php HTTP/1.1" 404 1084 "-" "-"
2001:288:a201::66:125 - - [22/Aug/2026:05:16:03 +0800] "GET /blog/active.php HTTP/1.1" 301 1026 "-" "-"
140.111.67.10 - - [22/Aug/2026:05:16:03 +0800] "GET /" 301 273 "-" "-"
98.83.8.142 - - [22/Aug/2026:05:16:03 +0800] "GET /6043/wp-json/wp/v2/posts/%22https:/2blog.ilc.edu.tw/wp-content/uploads/sites/207/6043/6043-2110170.jpg/%22 HTTP/1.1" 404 6131 "-" "Mozilla/5.0 AppleWebKit/537.36 (KHTML, like Gecko; compatible; Amazonbot/0.1; +https://developer.amazon.com/support/amazonbot) Chrome/119.0.6045.214 Safari/537.36"
34.10.180.98 - - [22/Aug/2026:05:16:03 +0800] "GET /41795/2019/05/16/5%E6%9C%8817%E6%97%A5%E9%80%B1%E4%BA%94%E5%9B%9E%E5%AE%B6%E4%BD%9C%E6%A5%AD%E5%90%AB%E6%B3%A8%E6%84%8F%E4%BA%8B%E9%A0%85/ HTTP/1.1" 200 16517 "-" "Mozilla/5.0 (Macintosh; Intel Mac OS X 10_15_7) AppleWebKit/537.36 (KHTML, like Gecko) Chrome/120.0.0.0 Safari/537.36"
98.83.8.142 - - [22/Aug/2026:05:16:03 +0800] "GET /1909/wp-json/oembed/1.0/embed?format=xml&url=https://2blog.ilc.edu.tw/1909/2012/10/15/1%25e5%25b9%25b4200%25e8%2588%25b9%25e6%258e%25a5%25e5%258a%259b-%25e5%258f%25b0%25e7%2581%25a3%25e4%25b8%258d%25e6%2596%25b7%25e6%25b0%25a3%25ef%25bd%259e%25e6%2596%25b0%25e8%2581%259e%25e4%25b8%25ad%25e7%259a%2584%25e7%25a7%2591%25e5%25ad%25b8%25e7%25ac%25ac345%25e6%259c%259f/ HTTP/1.1" 200 7369 "-" "Mozilla/5.0 AppleWebKit/537.36 (KHTML, like Gecko; compatible; Amazonbot/0.1; +https://developer.amazon.com/support/amazonbot) Chrome/119.0.6045.214 Safari/537.36"
2001:288:a201::67:82 - - [22/Aug/2026:05:16:04 +0800] "GET / HTTP/1.1" 200 56291 "-" "curl/7.81.0"
136.119.35.120 - - [22/Aug/2026:05:16:04 +0800] "GET /28/2012/03/07/%E4%BA%8C%E6%9C%88%E4%BB%BD%E7%B6%B2%E8%B7%AF%E8%B3%87%E6%BA%90%E5%BD%99%E6%95%B4/ HTTP/1.1" 200 16848 "-" "Mozilla/5.0 (Macintosh; Intel Mac OS X 10_15_7) AppleWebKit/537.36 (KHTML, like Gecko) Chrome/120.0.0.0 Safari/537.36"
3.93.98.99 - - [22/Aug/2026:05:16:04 +0800] "GET /wp-content/uploads/sites/810/2021/?C=D;O%3DD HTTP/1.1" 200 1313 "-" "Mozilla/5.0 AppleWebKit/537.36 (KHTML, like Gecko; compatible; Amazonbot/0.1; +https://developer.amazon.com/support/amazonbot) Chrome/119.0.6045.214 Safari/537.36"
54.162.69.192 - - [22/Aug/2026:05:16:07 +0800] "GET /6043/wp-json/wp/v2/posts/%22https:/2blog.ilc.edu.tw/wp-content/uploads/sites/207/6043/6043-2110162.jpg/%22 HTTP/1.1" 404 6131 "-" "Mozilla/5.0 AppleWebKit/537.36 (KHTML, like Gecko; compatible; Amazonbot/0.1; +https://developer.amazon.com/support/amazonbot) Chrome/119.0.6045.214 Safari/537.36"
2001:288:a201::66:125 - - [22/Aug/2026:05:16:08 +0800] "GET /blog/active.php HTTP/1.1" 404 1084 "-" "-"
2001:288:a201::66:125 - - [22/Aug/2026:05:16:08 +0800] "GET /blog/active.php HTTP/1.1" 301 1026 "-" "-"
52.200.58.199 - - [22/Aug/2026:05:16:08 +0800] "GET /6486/wp-json/wp/v2/categories?post=4385 HTTP/1.1" 200 7329 "-" "Mozilla/5.0 AppleWebKit/537.36 (KHTML, like Gecko; compatible; Amazonbot/0.1; +https://developer.amazon.com/support/amazonbot) Chrome/119.0.6045.214 Safari/537.36"
140.111.67.10 - - [22/Aug/2026:05:16:08 +0800] "GET /" 301 273 "-" "-"
54.83.23.103 - - [22/Aug/2026:05:16:08 +0800] "GET /wp-content/uploads/sites/2736/2024/?C=M;O%3DA HTTP/1.1" 200 1296 "-" "Mozilla/5.0 AppleWebKit/537.36 (KHTML, like Gecko; compatible; Amazonbot/0.1; +https://developer.amazon.com/support/amazonbot) Chrome/119.0.6045.214 Safari/537.36"
::1 - - [22/Aug/2026:05:16:09 +0800] "OPTIONS * HTTP/1.0" 200 110 "-" "Apache/2.4.68 (Ubuntu) OpenSSL/3.0.19 (internal dummy connection)"
2408:8722:1900:4::219 - - [22/Aug/2026:05:16:11 +0800] "GET /2011/12/01/ HTTP/1.1" 200 15514 "-" "Mozilla/5.0 (Windows NT 10.0; Win64; x64) AppleWebKit/537.36 (KHTML, like Gecko) Chrome/144.0.0.0 Safari/537.36"
44.223.232.55 - - [22/Aug/2026:05:16:11 +0800] "GET /6043/wp-json/wp/v2/posts/%22https:/2blog.ilc.edu.tw/wp-content/uploads/sites/207/6043/6043-2110168.jpg/%22 HTTP/1.1" 404 6131 "-" "Mozilla/5.0 AppleWebKit/537.36 (KHTML, like Gecko; compatible; Amazonbot/0.1; +https://developer.amazon.com/support/amazonbot) Chrome/119.0.6045.214 Safari/537.36"
2408:8722:1900:4::219 - - [22/Aug/2026:05:16:11 +0800] "GET /wp-content/cache/ilta.ilc.edu.tw/wpfc-minified/30cml7nx/6wvk.css HTTP/1.1" 200 40877 "https://ilta.ilc.edu.tw/2011/12/01/" "Mozilla/5.0 (Windows NT 10.0; Win64; x64) AppleWebKit/537.36 (KHTML, like Gecko) Chrome/144.0.0.0 Safari/537.36"
192.0.112.18 - - [22/Aug/2026:05:16:11 +0800] "GET /blog/gallery/25793/previews-med/25793-3055267.png HTTP/1.1" 301 1075 "-" "Photon/1.0"
192.0.112.18 - - [22/Aug/2026:05:16:12 +0800] "GET /blog/gallery/25793/previews-med/25793-3055267.png HTTP/1.1" 404 25422 "-" "Photon/1.0"
54.235.172.96 - - [22/Aug/2026:05:16:12 +0800] "GET /kkes301/wp-content/uploads/sites/2888/2025/05/LINE_ALBUM_202555_250512_4-1024x768.jpg HTTP/1.1" 200 135323 "-" "Mozilla/5.0 AppleWebKit/537.36 (KHTML, like Gecko; compatible; Amazonbot/0.1; +https://developer.amazon.com/support/amazonbot) Chrome/119.0.6045.214 Safari/537.36"
2408:8722:1900:4::219 - - [22/Aug/2026:05:16:12 +0800] "GET /wp-content/cache/ilta.ilc.edu.tw/wpfc-minified/l07fx5lw/6wvk.css HTTP/1.1" 200 15782 "https://ilta.ilc.edu.tw/2011/12/01/" "Mozilla/5.0 (Windows NT 10.0; Win64; x64) AppleWebKit/537.36 (KHTML, like Gecko) Chrome/144.0.0.0 Safari/537.36"
2408:8722:1900:4::219 - - [22/Aug/2026:05:16:12 +0800] "GET /wp-content/cache/ilta.ilc.edu.tw/wpfc-minified/qm0ohmet/6wvk.css HTTP/1.1" 200 1496 "https://ilta.ilc.edu.tw/2011/12/01/" "Mozilla/5.0 (Windows NT 10.0; Win64; x64) AppleWebKit/537.36 (KHTML, like Gecko) Chrome/144.0.0.0 Safari/537.36"
20.15.133.191 - - [22/Aug/2026:05:16:12 +0800] "GET /868/44875/ HTTP/1.1" 200 25690 "-" "Mozilla/5.0 AppleWebKit/537.36 (KHTML, like Gecko; compatible; bingbot/2.0; +http://www.bing.com/bingbot.htm) Chrome/116.0.1938.76 Safari/537.36"
2408:8722:1900:4::219 - - [22/Aug/2026:05:16:12 +0800] "GET /wp-content/cache/ilta.ilc.edu.tw/wpfc-minified/7vo8n6iy/6wvk.css HTTP/1.1" 200 61047 "https://ilta.ilc.edu.tw/2011/12/01/" "Mozilla/5.0 (Windows NT 10.0; Win64; x64) AppleWebKit/537.36 (KHTML, like Gecko) Chrome/144.0.0.0 Safari/537.36"
2408:8722:1900:4::219 - - [22/Aug/2026:05:16:12 +0800] "GET /wp-content/cache/ilta.ilc.edu.tw/wpfc-minified/1qjpbzp9/6wvk.js HTTP/1.1" 200 40344 "https://ilta.ilc.edu.tw/2011/12/01/" "Mozilla/5.0 (Windows NT 10.0; Win64; x64) AppleWebKit/537.36 (KHTML, like Gecko) Chrome/144.0.0.0 Safari/537.36"
2408:8722:1900:4::219 - - [22/Aug/2026:05:16:12 +0800] "GET /wp-includes/js/hoverintent-js.min.js HTTP/1.1" 200 6392 "https://ilta.ilc.edu.tw/2011/12/01/" "Mozilla/5.0 (Windows NT 10.0; Win64; x64) AppleWebKit/537.36 (KHTML, like Gecko) Chrome/144.0.0.0 Safari/537.36"
2408:8722:1900:4::219 - - [22/Aug/2026:05:16:12 +0800] "GET /wp-includes/js/admin-bar.min.js HTTP/1.1" 200 7032 "https://ilta.ilc.edu.tw/2011/12/01/" "Mozilla/5.0 (Windows NT 10.0; Win64; x64) AppleWebKit/537.36 (KHTML, like Gecko) Chrome/144.0.0.0 Safari/537.36"
2408:8722:1900:4::219 - - [22/Aug/2026:05:16:12 +0800] "GET /wp-includes/js/imagesloaded.min.js HTTP/1.1" 200 2683 "https://ilta.ilc.edu.tw/2011/12/01/" "Mozilla/5.0 (Windows NT 10.0; Win64; x64) AppleWebKit/537.36 (KHTML, like Gecko) Chrome/144.0.0.0 Safari/537.36"
2408:8722:1900:4::219 - - [22/Aug/2026:05:16:12 +0800] "GET /wp-content/themes/oceanwp/assets/js/theme.min.js HTTP/1.1" 200 5130 "https://ilta.ilc.edu.tw/2011/12/01/" "Mozilla/5.0 (Windows NT 10.0; Win64; x64) AppleWebKit/537.36 (KHTML, like Gecko) Chrome/144.0.0.0 Safari/537.36"
2408:8722:1900:4::219 - - [22/Aug/2026:05:16:12 +0800] "GET /wp-content/themes/oceanwp/assets/js/drop-down-mobile-menu.min.js HTTP/1.1" 200 4663 "https://ilta.ilc.edu.tw/2011/12/01/" "Mozilla/5.0 (Windows NT 10.0; Win64; x64) AppleWebKit/537.36 (KHTML, like Gecko) Chrome/144.0.0.0 Safari/537.36"
2408:8722:1900:4::219 - - [22/Aug/2026:05:16:12 +0800] "GET /wp-content/themes/oceanwp/assets/js/drop-down-search.min.js HTTP/1.1" 200 2968 "https://ilta.ilc.edu.tw/2011/12/01/" "Mozilla/5.0 (Windows NT 10.0; Win64; x64) AppleWebKit/537.36 (KHTML, like Gecko) Chrome/144.0.0.0 Safari/537.36"
2408:8722:1900:4::219 - - [22/Aug/2026:05:16:13 +0800] "GET /wp-content/themes/oceanwp/assets/js/vendors/magnific-popup.min.js HTTP/1.1" 200 8270 "https://ilta.ilc.edu.tw/2011/12/01/" "Mozilla/5.0 (Windows NT 10.0; Win64; x64) AppleWebKit/537.36 (KHTML, like Gecko) Chrome/144.0.0.0 Safari/537.36"
2408:8722:1900:4::219 - - [22/Aug/2026:05:16:13 +0800] "GET /wp-content/themes/oceanwp/assets/js/ow-lightbox.min.js HTTP/1.1" 200 2321 "https://ilta.ilc.edu.tw/2011/12/01/" "Mozilla/5.0 (Windows NT 10.0; Win64; x64) AppleWebKit/537.36 (KHTML, like Gecko) Chrome/144.0.0.0 Safari/537.36"
2001:288:a201::66:125 - - [22/Aug/2026:05:16:13 +0800] "GET /blog/active.php HTTP/1.1" 404 1084 "-" "-"
2001:288:a201::66:125 - - [22/Aug/2026:05:16:13 +0800] "GET /blog/active.php HTTP/1.1" 301 1026 "-" "-"
2408:8722:1900:4::219 - - [22/Aug/2026:05:16:13 +0800] "GET /wp-content/themes/oceanwp/assets/js/vendors/flickity.pkgd.min.js HTTP/1.1" 200 15048 "https://ilta.ilc.edu.tw/2011/12/01/" "Mozilla/5.0 (Windows NT 10.0; Win64; x64) AppleWebKit/537.36 (KHTML, like Gecko) Chrome/144.0.0.0 Safari/537.36"
2408:8722:1900:4::219 - - [22/Aug/2026:05:16:13 +0800] "GET /wp-content/themes/oceanwp/assets/js/ow-slider.min.js HTTP/1.1" 200 1761 "https://ilta.ilc.edu.tw/2011/12/01/" "Mozilla/5.0 (Windows NT 10.0; Win64; x64) AppleWebKit/537.36 (KHTML, like Gecko) Chrome/144.0.0.0 Safari/537.36"
2408:8722:1900:4::219 - - [22/Aug/2026:05:16:13 +0800] "GET /wp-content/themes/oceanwp/assets/js/scroll-effect.min.js HTTP/1.1" 200 4127 "https://ilta.ilc.edu.tw/2011/12/01/" "Mozilla/5.0 (Windows NT 10.0; Win64; x64) AppleWebKit/537.36 (KHTML, like Gecko) Chrome/144.0.0.0 Safari/537.36"
140.111.67.10 - - [22/Aug/2026:05:16:13 +0800] "GET /" 301 273 "-" "-"
2408:8722:1900:4::219 - - [22/Aug/2026:05:16:13 +0800] "GET /wp-content/themes/oceanwp/assets/js/scroll-top.min.js HTTP/1.1" 200 3202 "https://ilta.ilc.edu.tw/2011/12/01/" "Mozilla/5.0 (Windows NT 10.0; Win64; x64) AppleWebKit/537.36 (KHTML, like Gecko) Chrome/144.0.0.0 Safari/537.36"
2408:8722:1900:4::219 - - [22/Aug/2026:05:16:13 +0800] "GET /wp-content/themes/oceanwp/assets/js/select.min.js HTTP/1.1" 200 2408 "https://ilta.ilc.edu.tw/2011/12/01/" "Mozilla/5.0 (Windows NT 10.0; Win64; x64) AppleWebKit/537.36 (KHTML, like Gecko) Chrome/144.0.0.0 Safari/537.36"
2408:8722:1900:4::219 - - [22/Aug/2026:05:16:13 +0800] "GET /wp-content/plugins/ocean-extra/includes/widgets/js/flickr.min.js HTTP/1.1" 200 1319 "https://ilta.ilc.edu.tw/2011/12/01/" "Mozilla/5.0 (Windows NT 10.0; Win64; x64) AppleWebKit/537.36 (KHTML, like Gecko) Chrome/144.0.0.0 Safari/537.36"
2408:8722:1900:4::219 - - [22/Aug/2026:05:16:13 +0800] "GET /wp-content/themes/oceanwp/assets/fonts/simple-line-icons/Simple-Line-Icons.woff2?v=2.4.0 HTTP/1.1" 200 30959 "https://ilta.ilc.edu.tw/wp-content/cache/ilta.ilc.edu.tw/wpfc-minified/7vo8n6iy/6wvk.css" "Mozilla/5.0 (Windows NT 10.0; Win64; x64) AppleWebKit/537.36 (KHTML, like Gecko) Chrome/144.0.0.0 Safari/537.36"
2408:8722:1900:4::219 - - [22/Aug/2026:05:16:13 +0800] "GET /wp-content/themes/oceanwp/assets/fonts/fontawesome/webfonts/fa-solid-900.woff2 HTTP/1.1" 200 151246 "https://ilta.ilc.edu.tw/wp-content/cache/ilta.ilc.edu.tw/wpfc-minified/7vo8n6iy/6wvk.css" "Mozilla/5.0 (Windows NT 10.0; Win64; x64) AppleWebKit/537.36 (KHTML, like Gecko) Chrome/144.0.0.0 Safari/537.36"
40.77.167.78 - - [22/Aug/2026:05:16:14 +0800] "GET /34437/2017/04/05/ HTTP/1.1" 200 14562 "-" "Mozilla/5.0 AppleWebKit/537.36 (KHTML, like Gecko; compatible; bingbot/2.0; +http://www.bing.com/bingbot.htm) Chrome/116.0.1938.76 Safari/537.36"
2408:8722:1900:4::219 - - [22/Aug/2026:05:16:14 +0800] "GET /favicon.ico HTTP/1.1" 302 1054 "https://ilta.ilc.edu.tw/2011/12/01/" "Mozilla/5.0 (Windows NT 10.0; Win64; x64) AppleWebKit/537.36 (KHTML, like Gecko) Chrome/144.0.0.0 Safari/537.36"
34.171.68.95 - - [22/Aug/2026:05:16:14 +0800] "GET /3860/2009/05/13/%E6%80%A7%E5%91%BD%E7%9C%9F%E5%AF%B6%E8%B2%B4%E7%84%A1%E8%B7%A4%E8%85%B3%E7%84%A1%E6%89%8B%E6%BE%B3%E6%B4%B2%E4%BA%BA%EF%BC%8Cnick-vujicic-%E7%B2%BE%E5%BD%A9%E6%B4%BB%E5%8A%9B%E9%81%8E%E4%B8%80/ HTTP/1.1" 200 32079 "-" "Mozilla/5.0 (Macintosh; Intel Mac OS X 10_15_7) AppleWebKit/537.36 (KHTML, like Gecko) Chrome/120.0.0.0 Safari/537.36"
2408:8722:1900:4::219 - - [22/Aug/2026:05:16:15 +0800] "GET /wp-includes/images/w-logo-blue-white-bg.png HTTP/1.1" 200 4946 "https://ilta.ilc.edu.tw/2011/12/01/" "Mozilla/5.0 (Windows NT 10.0; Win64; x64) AppleWebKit/537.36 (KHTML, like Gecko) Chrome/144.0.0.0 Safari/537.36"
104.252.188.137 - - [22/Aug/2026:05:16:15 +0800] "GET /daes501/wp-content/uploads/sites/3620/2026/01/LINE_ALBUM_1140307%E8%88%9E%E8%B9%88%E5%90%88%E5%94%B1%E5%85%A8%E5%9C%8B%E8%B3%BD_260129_17-300x200.jpg HTTP/1.1" 200 18954 "-" "Mozilla/5.0 (compatible; crawler)"
107.22.208.39 - - [22/Aug/2026:05:16:15 +0800] "GET /6043/wp-json/wp/v2/posts/%22https:/2blog.ilc.edu.tw/wp-content/uploads/sites/207/6043/6043-2110172.jpg/%22 HTTP/1.1" 404 6131 "-" "Mozilla/5.0 AppleWebKit/537.36 (KHTML, like Gecko; compatible; Amazonbot/0.1; +https://developer.amazon.com/support/amazonbot) Chrome/119.0.6045.214 Safari/537.36"
23.21.179.27 - - [22/Aug/2026:05:16:15 +0800] "GET /32745/wp-json/wp/v2/media?parent=21809 HTTP/1.1" 200 9555 "-" "Mozilla/5.0 AppleWebKit/537.36 (KHTML, like Gecko; compatible; Amazonbot/0.1; +https://developer.amazon.com/support/amazonbot) Chrome/119.0.6045.214 Safari/537.36"
60.250.218.181 - - [22/Aug/2026:05:16:16 +0800] "GET /wp-content/cache/www.dses.ilc.edu.tw/wpfc-minified/1e67c88w/72pp.css HTTP/1.1" 200 5959 "https://www.dses.ilc.edu.tw/" "Mozilla/5.0 (iPhone; CPU iPhone OS 26_5_2 like Mac OS X) AppleWebKit/605.1.15 (KHTML, like Gecko) GSA/434.2.961627397 Mobile/15E148 Safari/604.1"
60.250.218.181 - - [22/Aug/2026:05:16:16 +0800] "GET /wp-content/themes/oceanwp/assets/js/scroll-top.min.js HTTP/1.1" 200 3202 "https://www.dses.ilc.edu.tw/" "Mozilla/5.0 (iPhone; CPU iPhone OS 26_5_2 like Mac OS X) AppleWebKit/605.1.15 (KHTML, like Gecko) GSA/434.2.961627397 Mobile/15E148 Safari/604.1"
60.250.218.181 - - [22/Aug/2026:05:16:16 +0800] "GET /wp-includes/js/hoverintent-js.min.js HTTP/1.1" 200 6399 "https://www.dses.ilc.edu.tw/" "Mozilla/5.0 (iPhone; CPU iPhone OS 26_5_2 like Mac OS X) AppleWebKit/605.1.15 (KHTML, like Gecko) GSA/434.2.961627397 Mobile/15E148 Safari/604.1"
60.250.218.181 - - [22/Aug/2026:05:16:16 +0800] "GET /wp-content/uploads/sites/1984/2024/09/surfing11000-x-200-%E5%83%8F%E7%B4%A0.png HTTP/1.1" 200 358704 "https://www.dses.ilc.edu.tw/" "Mozilla/5.0 (iPhone; CPU iPhone OS 26_5_2 like Mac OS X) AppleWebKit/605.1.15 (KHTML, like Gecko) GSA/434.2.961627397 Mobile/15E148 Safari/604.1"
60.250.218.181 - - [22/Aug/2026:05:16:16 +0800] "GET /wp-content/cache/www.dses.ilc.edu.tw/wpfc-minified/8xnl42fs/77wu.css HTTP/1.1" 200 52089 "https://www.dses.ilc.edu.tw/" "Mozilla/5.0 (iPhone; CPU iPhone OS 26_5_2 like Mac OS X) AppleWebKit/605.1.15 (KHTML, like Gecko) GSA/434.2.961627397 Mobile/15E148 Safari/604.1"
60.250.218.181 - - [22/Aug/2026:05:16:16 +0800] "GET /wp-includes/js/imagesloaded.min.js HTTP/1.1" 200 7485 "https://www.dses.ilc.edu.tw/" "Mozilla/5.0 (iPhone; CPU iPhone OS 26_5_2 like Mac OS X) AppleWebKit/605.1.15 (KHTML, like Gecko) GSA/434.2.961627397 Mobile/15E148 Safari/604.1"
60.250.218.181 - - [22/Aug/2026:05:16:16 +0800] "GET /wp-content/uploads/sites/1984/elementor/css/post-921.css HTTP/1.1" 200 6225 "https://www.dses.ilc.edu.tw/" "Mozilla/5.0 (iPhone; CPU iPhone OS 26_5_2 like Mac OS X) AppleWebKit/605.1.15 (KHTML, like Gecko) GSA/434.2.961627397 Mobile/15E148 Safari/604.1"
60.250.218.181 - - [22/Aug/2026:05:16:16 +0800] "GET /wp-content/uploads/sites/1984/2023/10/%E5%A4%A7%E6%BA%AA%E5%A0%B1%E9%A6%AC%E4%BB%94.png HTTP/1.1" 200 10267 "https://www.dses.ilc.edu.tw/" "Mozilla/5.0 (iPhone; CPU iPhone OS 26_5_2 like Mac OS X) AppleWebKit/605.1.15 (KHTML, like Gecko) GSA/434.2.961627397 Mobile/15E148 Safari/604.1"
60.250.218.181 - - [22/Aug/2026:05:16:16 +0800] "GET /wp-content/uploads/sites/1984/2023/09/%E6%9C%AA%E5%91%BD%E5%90%8D%E8%A8%AD%E8%A8%88-1.png HTTP/1.1" 200 25173 "https://www.dses.ilc.edu.tw/" "Mozilla/5.0 (iPhone; CPU iPhone OS 26_5_2 like Mac OS X) AppleWebKit/605.1.15 (KHTML, like Gecko) GSA/434.2.961627397 Mobile/15E148 Safari/604.1"
60.250.218.181 - - [22/Aug/2026:05:16:16 +0800] "GET /wp-content/uploads/sites/1984/2023/09/2023-09-25_114543.png HTTP/1.1" 200 532923 "https://www.dses.ilc.edu.tw/" "Mozilla/5.0 (iPhone; CPU iPhone OS 26_5_2 like Mac OS X) AppleWebKit/605.1.15 (KHTML, like Gecko) GSA/434.2.961627397 Mobile/15E148 Safari/604.1"
60.250.218.181 - - [22/Aug/2026:05:16:16 +0800] "GET /wp-content/uploads/sites/1984/2024/04/2024-04-02_222323.png HTTP/1.1" 200 1108748 "https://www.dses.ilc.edu.tw/" "Mozilla/5.0 (iPhone; CPU iPhone OS 26_5_2 like Mac OS X) AppleWebKit/605.1.15 (KHTML, like Gecko) GSA/434.2.961627397 Mobile/15E148 Safari/604.1"
60.250.218.181 - - [22/Aug/2026:05:16:16 +0800] "GET /wp-content/uploads/sites/1984/2023/10/%E5%B0%96%E9%BE%9C%E8%9C%9C%E5%A5%BD%E6%AD%A1%E5%96%9C-760-%C3%97-480-%E5%83%8F%E7%B4%A0-1.png HTTP/1.1" 200 554494 "https://www.dses.ilc.edu.tw/" "Mozilla/5.0 (iPhone; CPU iPhone OS 26_5_2 like Mac OS X) AppleWebKit/605.1.15 (KHTML, like Gecko) GSA/434.2.961627397 Mobile/15E148 Safari/604.1"
60.250.218.181 - - [22/Aug/2026:05:16:16 +0800] "GET /wp-content/uploads/sites/1984/2023/10/%E6%96%B0%E5%A2%9E%E6%A8%99%E9%A1%8C.png HTTP/1.1" 200 526817 "https://www.dses.ilc.edu.tw/" "Mozilla/5.0 (iPhone; CPU iPhone OS 26_5_2 like Mac OS X) AppleWebKit/605.1.15 (KHTML, like Gecko) GSA/434.2.961627397 Mobile/15E148 Safari/604.1"
60.250.218.181 - - [22/Aug/2026:05:16:16 +0800] "GET /wp-content/uploads/sites/1984/2024/05/2024-05-26_211329.png HTTP/1.1" 200 876263 "https://www.dses.ilc.edu.tw/" "Mozilla/5.0 (iPhone; CPU iPhone OS 26_5_2 like Mac OS X) AppleWebKit/605.1.15 (KHTML, like Gecko) GSA/434.2.961627397 Mobile/15E148 Safari/604.1"
60.250.218.181 - - [22/Aug/2026:05:16:17 +0800] "GET /wp-content/uploads/sites/1984/2023/09/IMG_8795-5-1-scaled.jpg HTTP/1.1" 200 608689 "https://www.dses.ilc.edu.tw/" "Mozilla/5.0 (iPhone; CPU iPhone OS 26_5_2 like Mac OS X) AppleWebKit/605.1.15 (KHTML, like Gecko) GSA/434.2.961627397 Mobile/15E148 Safari/604.1"
60.250.218.181 - - [22/Aug/2026:05:16:17 +0800] "GET /wp-content/uploads/sites/1984/2023/09/IMG_8832-5-scaled.jpg HTTP/1.1" 200 437059 "https://www.dses.ilc.edu.tw/" "Mozilla/5.0 (iPhone; CPU iPhone OS 26_5_2 like Mac OS X) AppleWebKit/605.1.15 (KHTML, like Gecko) GSA/434.2.961627397 Mobile/15E148 Safari/604.1"
60.250.218.181 - - [22/Aug/2026:05:16:16 +0800] "GET /wp-content/uploads/sites/1984/2024/04/2024-04-09_214515.png HTTP/1.1" 200 2844723 "https://www.dses.ilc.edu.tw/" "Mozilla/5.0 (iPhone; CPU iPhone OS 26_5_2 like Mac OS X) AppleWebKit/605.1.15 (KHTML, like Gecko) GSA/434.2.961627397 Mobile/15E148 Safari/604.1"
60.250.218.181 - - [22/Aug/2026:05:16:17 +0800] "GET /wp-content/plugins/elementor/assets/lib/dialog/dialog.min.js?ver=4.9.0 HTTP/1.1" 200 4368 "https://www.dses.ilc.edu.tw/" "Mozilla/5.0 (iPhone; CPU iPhone OS 26_5_2 like Mac OS X) AppleWebKit/605.1.15 (KHTML, like Gecko) GSA/434.2.961627397 Mobile/15E148 Safari/604.1"
60.250.218.181 - - [22/Aug/2026:05:16:17 +0800] "GET /wp-content/uploads/sites/1984/2023/10/%E5%A4%A7%E6%BA%AA%E6%98%A0%E8%B1%A1.png HTTP/1.1" 200 9820 "https://www.dses.ilc.edu.tw/" "Mozilla/5.0 (iPhone; CPU iPhone OS 26_5_2 like Mac OS X) AppleWebKit/605.1.15 (KHTML, like Gecko) GSA/434.2.961627397 Mobile/15E148 Safari/604.1"
240e:97c:30:501::2 - - [22/Aug/2026:05:16:17 +0800] "GET /author/youzin/page/1/ HTTP/1.1" 301 5775 "-" "Mozilla/5.0 (Windows NT 10.0; Win64; x64) AppleWebKit/537.36 (KHTML, like Gecko) Chrome/144.0.0.0 Safari/537.36"
2001:288:a201::66:125 - - [22/Aug/2026:05:16:18 +0800] "GET /blog/active.php HTTP/1.1" 404 1084 "-" "-"
2001:288:a201::66:125 - - [22/Aug/2026:05:16:18 +0800] "GET /blog/active.php HTTP/1.1" 301 1026 "-" "-"
240e:97c:30:501::2 - - [22/Aug/2026:05:16:18 +0800] "GET /author/youzin/ HTTP/1.1" 200 43535 "-" "Mozilla/5.0 (Windows NT 10.0; Win64; x64) AppleWebKit/537.36 (KHTML, like Gecko) Chrome/144.0.0.0 Safari/537.36"
140.111.67.10 - - [22/Aug/2026:05:16:18 +0800] "GET /" 301 273 "-" "-"
85.208.96.193 - - [22/Aug/2026:05:16:18 +0800] "GET /robots.txt HTTP/1.1" 200 5549 "-" "Mozilla/5.0 (compatible; SemrushBot/7~bl; +http://www.semrush.com/bot.html)"
136.119.35.120 - - [22/Aug/2026:05:16:18 +0800] "GET /32817/2016/12/08/105%E5%AD%B8%E5%B9%B4%E5%BA%A6%E4%B8%8A%E5%AD%B8%E6%9C%9F%E5%8C%97%E6%88%90%E5%9C%8B%E5%B0%8F%E3%80%8C%E8%81%96%E8%AA%95%E6%84%9F%E6%81%A9%E4%B8%BB%E9%A1%8C%E6%9B%B8%E5%B1%95%E3%80%8D/ HTTP/1.1" 200 32111 "-" "Mozilla/5.0 (Macintosh; Intel Mac OS X 10_15_7) AppleWebKit/537.36 (KHTML, like Gecko) Chrome/120.0.0.0 Safari/537.36"
240e:97c:30:501::2 - - [22/Aug/2026:05:16:19 +0800] "GET /wp-content/cache/www.najh.ilc.edu.tw/wpfc-minified/1f13uvw/6wh9.css HTTP/1.1" 200 40884 "https://www.najh.ilc.edu.tw/author/youzin/" "Mozilla/5.0 (Windows NT 10.0; Win64; x64) AppleWebKit/537.36 (KHTML, like Gecko) Chrome/144.0.0.0 Safari/537.36"
2a00:ccc0:ffff:7335:7335:7422:7335:7422 - - [22/Aug/2026:05:16:19 +0800] "GET / HTTP/1.1" 301 937 "-" "Mozilla/5.0 (Windows NT 10.0; Win64; x64; rv:148.0) Gecko/20100101 Firefox/148.0"
240e:97c:30:501::2 - - [22/Aug/2026:05:16:19 +0800] "GET /wp-content/cache/www.najh.ilc.edu.tw/wpfc-minified/4ybahoo/6wh9.css HTTP/1.1" 200 16121 "https://www.najh.ilc.edu.tw/author/youzin/" "Mozilla/5.0 (Windows NT 10.0; Win64; x64) AppleWebKit/537.36 (KHTML, like Gecko) Chrome/144.0.0.0 Safari/537.36"
240e:97c:30:501::2 - - [22/Aug/2026:05:16:19 +0800] "GET /wp-content/cache/www.najh.ilc.edu.tw/wpfc-minified/kz7ju7r3/6wh9.css HTTP/1.1" 200 1496 "https://www.najh.ilc.edu.tw/author/youzin/" "Mozilla/5.0 (Windows NT 10.0; Win64; x64) AppleWebKit/537.36 (KHTML, like Gecko) Chrome/144.0.0.0 Safari/537.36"
240e:97c:30:501::2 - - [22/Aug/2026:05:16:19 +0800] "GET /wp-includes/js/hoverintent-js.min.js HTTP/1.1" 200 1597 "https://www.najh.ilc.edu.tw/author/youzin/" "Mozilla/5.0 (Windows NT 10.0; Win64; x64) AppleWebKit/537.36 (KHTML, like Gecko) Chrome/144.0.0.0 Safari/537.36"
185.191.171.12 - - [22/Aug/2026:05:16:19 +0800] "GET /%E5%9B%9B%E6%9C%88-%E5%B9%BC%E5%85%92%E5%9C%92-%E5%AD%B8%E7%94%9F%E6%AF%8F%E6%97%A5%E7%8B%80%E6%B3%81/ HTTP/1.1" 200 17425 "-" "Mozilla/5.0 (compatible; SemrushBot/7~bl; +http://www.semrush.com/bot.html)"
34.10.180.98 - - [22/Aug/2026:05:16:19 +0800] "GET /6421/2019/11/19/108-4-7-4%E7%A9%8D%E6%A5%B5%E5%8F%83%E8%88%87%E5%8D%97%E6%96%B9%E6%BE%B3%E9%AF%96%E9%AD%9A%E7%A5%AD%E6%B4%BB%E5%8B%95%E7%B6%AD%E8%AD%B7%E5%9C%B0%E6%96%B9%E7%9A%84%E6%B5%B7%E6%B4%8B%E6%96%87%E5%8C%96/ HTTP/1.1" 200 15922 "-" "Mozilla/5.0 (Macintosh; Intel Mac OS X 10_15_7) AppleWebKit/537.36 (KHTML, like Gecko) Chrome/120.0.0.0 Safari/537.36"
240e:97c:30:501::2 - - [22/Aug/2026:05:16:20 +0800] "GET /wp-content/themes/oceanwp/assets/js/drop-down-search.min.js HTTP/1.1" 200 2968 "https://www.najh.ilc.edu.tw/author/youzin/" "Mozilla/5.0 (Windows NT 10.0; Win64; x64) AppleWebKit/537.36 (KHTML, like Gecko) Chrome/144.0.0.0 Safari/537.36"
240e:97c:30:501::2 - - [22/Aug/2026:05:16:20 +0800] "GET /wp-content/themes/oceanwp/assets/js/ow-lightbox.min.js HTTP/1.1" 200 2321 "https://www.najh.ilc.edu.tw/author/youzin/" "Mozilla/5.0 (Windows NT 10.0; Win64; x64) AppleWebKit/537.36 (KHTML, like Gecko) Chrome/144.0.0.0 Safari/537.36"
240e:97c:30:501::2 - - [22/Aug/2026:05:16:20 +0800] "GET /wp-content/themes/oceanwp/assets/js/vendors/magnific-popup.min.js HTTP/1.1" 200 8270 "https://www.najh.ilc.edu.tw/author/youzin/" "Mozilla/5.0 (Windows NT 10.0; Win64; x64) AppleWebKit/537.36 (KHTML, like Gecko) Chrome/144.0.0.0 Safari/537.36"
240e:97c:30:501::2 - - [22/Aug/2026:05:16:20 +0800] "GET /wp-content/themes/oceanwp/assets/fonts/simple-line-icons/Simple-Line-Icons.woff2?v=2.4.0 HTTP/1.1" 200 30959 "https://www.najh.ilc.edu.tw/wp-content/cache/www.najh.ilc.edu.tw/wpfc-minified/kcxb236g/6wh9.css" "Mozilla/5.0 (Windows NT 10.0; Win64; x64) AppleWebKit/537.36 (KHTML, like Gecko) Chrome/144.0.0.0 Safari/537.36"
240e:97c:30:501::2 - - [22/Aug/2026:05:16:20 +0800] "GET /wp-content/themes/oceanwp/assets/js/scroll-effect.min.js HTTP/1.1" 200 4127 "https://www.najh.ilc.edu.tw/author/youzin/" "Mozilla/5.0 (Windows NT 10.0; Win64; x64) AppleWebKit/537.36 (KHTML, like Gecko) Chrome/144.0.0.0 Safari/537.36"
240e:97c:30:501::2 - - [22/Aug/2026:05:16:20 +0800] "GET /wp-content/themes/oceanwp/assets/js/scroll-top.min.js HTTP/1.1" 200 3202 "https://www.najh.ilc.edu.tw/author/youzin/" "Mozilla/5.0 (Windows NT 10.0; Win64; x64) AppleWebKit/537.36 (KHTML, like Gecko) Chrome/144.0.0.0 Safari/537.36"
240e:97c:30:501::2 - - [22/Aug/2026:05:16:20 +0800] "GET /wp-content/themes/oceanwp/assets/js/select.min.js HTTP/1.1" 200 2408 "https://www.najh.ilc.edu.tw/author/youzin/" "Mozilla/5.0 (Windows NT 10.0; Win64; x64) AppleWebKit/537.36 (KHTML, like Gecko) Chrome/144.0.0.0 Safari/537.36"
240e:97c:30:501::2 - - [22/Aug/2026:05:16:20 +0800] "GET /wp-includes/js/mediaelement/mediaelement-migrate.min.js HTTP/1.1" 200 1419 "https://www.najh.ilc.edu.tw/author/youzin/" "Mozilla/5.0 (Windows NT 10.0; Win64; x64) AppleWebKit/537.36 (KHTML, like Gecko) Chrome/144.0.0.0 Safari/537.36"
240e:97c:30:501::2 - - [22/Aug/2026:05:16:20 +0800] "GET /wp-includes/js/mediaelement/wp-mediaelement.min.js HTTP/1.1" 200 1417 "https://www.najh.ilc.edu.tw/author/youzin/" "Mozilla/5.0 (Windows NT 10.0; Win64; x64) AppleWebKit/537.36 (KHTML, like Gecko) Chrome/144.0.0.0 Safari/537.36"
240e:97c:30:501::2 - - [22/Aug/2026:05:16:21 +0800] "GET /wp-includes/js/mediaelement/renderers/vimeo.min.js HTTP/1.1" 200 3164 "https://www.najh.ilc.edu.tw/author/youzin/" "Mozilla/5.0 (Windows NT 10.0; Win64; x64) AppleWebKit/537.36 (KHTML, like Gecko) Chrome/144.0.0.0 Safari/537.36"
::1 - - [22/Aug/2026:05:16:22 +0800] "OPTIONS * HTTP/1.0" 200 110 "-" "Apache/2.4.68 (Ubuntu) OpenSSL/3.0.19 (internal dummy connection)"
2001:288:a201::66:125 - - [22/Aug/2026:05:16:23 +0800] "GET /blog/active.php HTTP/1.1" 301 1026 "-" "-"
2001:288:a201::66:125 - - [22/Aug/2026:05:16:23 +0800] "GET /blog/active.php HTTP/1.1" 404 1084 "-" "-"
140.111.67.10 - - [22/Aug/2026:05:16:23 +0800] "GET /" 301 273 "-" "-"
3.209.174.110 - - [22/Aug/2026:05:16:23 +0800] "GET /6043/wp-json/wp/v2/posts/%22https:/2blog.ilc.edu.tw/wp-content/uploads/sites/207/6043/6043-2110164.jpg/%22 HTTP/1.1" 404 6131 "-" "Mozilla/5.0 AppleWebKit/537.36 (KHTML, like Gecko; compatible; Amazonbot/0.1; +https://developer.amazon.com/support/amazonbot) Chrome/119.0.6045.214 Safari/537.36"
::1 - - [22/Aug/2026:05:16:23 +0800] "OPTIONS * HTTP/1.0" 200 110 "-" "Apache/2.4.68 (Ubuntu) OpenSSL/3.0.19 (internal dummy connection)"
::1 - - [22/Aug/2026:05:16:24 +0800] "OPTIONS * HTTP/1.0" 200 110 "-" "Apache/2.4.68 (Ubuntu) OpenSSL/3.0.19 (internal dummy connection)"
240e:97c:30:501::2 - - [22/Aug/2026:05:16:25 +0800] "GET /wp-content/uploads/sites/1148/2026/08/cropped-%E6%A0%A1%E5%BE%BD-609x1024-1-32x32.png HTTP/1.1" 200 2221 "https://www.najh.ilc.edu.tw/author/youzin/" "Mozilla/5.0 (Windows NT 10.0; Win64; x64) AppleWebKit/537.36 (KHTML, like Gecko) Chrome/144.0.0.0 Safari/537.36"
::1 - - [22/Aug/2026:05:16:25 +0800] "OPTIONS * HTTP/1.0" 200 110 "-" "Apache/2.4.68 (Ubuntu) OpenSSL/3.0.19 (internal dummy connection)"
34.233.219.155 - - [22/Aug/2026:05:16:23 +0800] "GET /lunch/wp-content/uploads/sites/1315/2020/05/%E6%95%99%E8%82%B2%E9%83%A8%E5%9C%8B%E6%95%99%E7%BD%B2%E9%AB%98%E7%B4%9A%E4%B8%AD%E7%AD%89%E4%BB%A5%E4%B8%8B%E5%AD%B8%E6%A0%A1%E5%8D%88%E9%A4%90%E5%8F%8A%E6%A0%A1%E5%9C%92%E9%A3%9F%E5%93%81%E7%AE%A1%E7%90%86%E5%B7%A5%E4%BD%9C%E6%89%8B%E5%86%8A110%E5%B9%B44%E6%9C%8828%E6%97%A5%E4%BF%AE%E8%A8%82.pdf HTTP/1.1" 200 7628932 "-" "Mozilla/5.0 AppleWebKit/537.36 (KHTML, like Gecko; compatible; Amazonbot/0.1; +https://developer.amazon.com/support/amazonbot) Chrome/119.0.6045.214 Safari/537.36"
2408:8719:64:202:1d:: - - [22/Aug/2026:05:16:26 +0800] "GET /24973/category/c-16006/c-68467 HTTP/1.1" 301 5755 "-" "Mozilla/5.0 (Windows NT 10.0; Win64; x64) AppleWebKit/537.36 (KHTML, like Gecko) Chrome/144.0.0.0 Safari/537.36"
::1 - - [22/Aug/2026:05:16:26 +0800] "OPTIONS * HTTP/1.0" 200 110 "-" "Apache/2.4.68 (Ubuntu) OpenSSL/3.0.19 (internal dummy connection)"
2408:8719:64:202:1d:: - - [22/Aug/2026:05:16:27 +0800] "GET /24973/category/c-16006/c-68467/ HTTP/1.1" 200 11722 "-" "Mozilla/5.0 (Windows NT 10.0; Win64; x64) AppleWebKit/537.36 (KHTML, like Gecko) Chrome/144.0.0.0 Safari/537.36"
107.20.25.33 - - [22/Aug/2026:05:16:27 +0800] "GET /6043/wp-json/wp/v2/posts/%22https:/2blog.ilc.edu.tw/wp-content/uploads/sites/207/6043/6043-2110166.jpg/%22 HTTP/1.1" 404 6131 "-" "Mozilla/5.0 AppleWebKit/537.36 (KHTML, like Gecko; compatible; Amazonbot/0.1; +https://developer.amazon.com/support/amazonbot) Chrome/119.0.6045.214 Safari/537.36"
142.147.138.200 - - [22/Aug/2026:05:16:27 +0800] "GET /wei759/wp-content/uploads/sites/3931/2024/01/20231212_143405-300x300.jpg HTTP/1.1" 200 31424 "-" "Mozilla/5.0 (compatible; crawler)"
2408:8719:64:202:1d:: - - [22/Aug/2026:05:16:27 +0800] "GET /24973/wp-content/cache/2blog.ilc.edu.tw/wpfc-minified/9aqfkg1z/7y8z0.css HTTP/1.1" 200 40888 "https://2blog.ilc.edu.tw/24973/category/c-16006/c-68467/" "Mozilla/5.0 (Windows NT 10.0; Win64; x64) AppleWebKit/537.36 (KHTML, like Gecko) Chrome/144.0.0.0 Safari/537.36"
136.119.35.120 - - [22/Aug/2026:05:16:27 +0800] "GET /6555/2013/09/04/%E7%B6%A0%E8%89%B2%E7%94%9F%E6%B4%BB%E5%8F%8A%E6%B6%88%E8%B2%BB%E6%8C%87%E5%BC%95-%E5%B1%85%E4%BD%8F%E7%AF%87/ HTTP/1.1" 200 18781 "-" "Mozilla/5.0 (Macintosh; Intel Mac OS X 10_15_7) AppleWebKit/537.36 (KHTML, like Gecko) Chrome/120.0.0.0 Safari/537.36"
2001:288:a201::66:125 - - [22/Aug/2026:05:16:28 +0800] "GET /blog/active.php HTTP/1.1" 301 1026 "-" "-"
2001:288:a201::66:125 - - [22/Aug/2026:05:16:28 +0800] "GET /blog/active.php HTTP/1.1" 404 1084 "-" "-"
2408:8719:64:202:1d:: - - [22/Aug/2026:05:16:28 +0800] "GET /24973/wp-content/cache/2blog.ilc.edu.tw/wpfc-minified/g4du8pva/7y8z0.css HTTP/1.1" 200 15980 "https://2blog.ilc.edu.tw/24973/category/c-16006/c-68467/" "Mozilla/5.0 (Windows NT 10.0; Win64; x64) AppleWebKit/537.36 (KHTML, like Gecko) Chrome/144.0.0.0 Safari/537.36"
2408:8719:64:202:1d:: - - [22/Aug/2026:05:16:28 +0800] "GET /24973/wp-content/cache/2blog.ilc.edu.tw/wpfc-minified/2ah2663r/7y8z0.css HTTP/1.1" 200 12594 "https://2blog.ilc.edu.tw/24973/category/c-16006/c-68467/" "Mozilla/5.0 (Windows NT 10.0; Win64; x64) AppleWebKit/537.36 (KHTML, like Gecko) Chrome/144.0.0.0 Safari/537.36"
2408:8719:64:202:1d:: - - [22/Aug/2026:05:16:28 +0800] "GET /24973/wp-content/cache/2blog.ilc.edu.tw/wpfc-minified/fxaay/7y8z0.css HTTP/1.1" 200 18880 "https://2blog.ilc.edu.tw/24973/category/c-16006/c-68467/" "Mozilla/5.0 (Windows NT 10.0; Win64; x64) AppleWebKit/537.36 (KHTML, like Gecko) Chrome/144.0.0.0 Safari/537.36"
2408:8719:64:202:1d:: - - [22/Aug/2026:05:16:28 +0800] "GET /24973/wp-includes/js/hoverintent-js.min.js HTTP/1.1" 200 6391 "https://2blog.ilc.edu.tw/24973/category/c-16006/c-68467/" "Mozilla/5.0 (Windows NT 10.0; Win64; x64) AppleWebKit/537.36 (KHTML, like Gecko) Chrome/144.0.0.0 Safari/537.36"
2408:8719:64:202:1d:: - - [22/Aug/2026:05:16:28 +0800] "GET /24973/wp-content/cache/2blog.ilc.edu.tw/wpfc-minified/fpv6p5j6/7y8z0.js HTTP/1.1" 200 40359 "https://2blog.ilc.edu.tw/24973/category/c-16006/c-68467/" "Mozilla/5.0 (Windows NT 10.0; Win64; x64) AppleWebKit/537.36 (KHTML, like Gecko) Chrome/144.0.0.0 Safari/537.36"
2408:8719:64:202:1d:: - - [22/Aug/2026:05:16:28 +0800] "GET /24973/wp-includes/js/admin-bar.min.js HTTP/1.1" 200 7031 "https://2blog.ilc.edu.tw/24973/category/c-16006/c-68467/" "Mozilla/5.0 (Windows NT 10.0; Win64; x64) AppleWebKit/537.36 (KHTML, like Gecko) Chrome/144.0.0.0 Safari/537.36"
140.111.67.10 - - [22/Aug/2026:05:16:28 +0800] "GET /" 301 273 "-" "-"
17.241.227.241 - - [22/Aug/2026:05:16:28 +0800] "GET /6516/2018/11/18/107_2-1-2_%E5%88%A9%E6%BE%A4%E5%9C%8B%E4%B8%AD%E7%A9%BA%E6%B0%A3%E5%93%81%E8%B3%AA%E8%9E%8D%E5%85%A5%E6%95%99%E5%AD%B8/ HTTP/1.1" 200 13964 "-" "Mozilla/5.0 (Macintosh; Intel Mac OS X 10_15_7) AppleWebKit/605.1.15 (KHTML, like Gecko) Version/17.4 Safari/605.1.15 (Applebot/0.1; +http://www.apple.com/go/applebot)"
2408:8719:64:202:1d:: - - [22/Aug/2026:05:16:28 +0800] "GET /24973/wp-includes/js/underscore.min.js HTTP/1.1" 200 8191 "https://2blog.ilc.edu.tw/24973/category/c-16006/c-68467/" "Mozilla/5.0 (Windows NT 10.0; Win64; x64) AppleWebKit/537.36 (KHTML, like Gecko) Chrome/144.0.0.0 Safari/537.36"
2408:8719:64:202:1d:: - - [22/Aug/2026:05:16:28 +0800] "GET /24973/wp-content/themes/huemanilc/assets/front/js/scripts.min.js HTTP/1.1" 200 27001 "https://2blog.ilc.edu.tw/24973/category/c-16006/c-68467/" "Mozilla/5.0 (Windows NT 10.0; Win64; x64) AppleWebKit/537.36 (KHTML, like Gecko) Chrome/144.0.0.0 Safari/537.36"
52.207.47.227 - - [22/Aug/2026:05:16:28 +0800] "GET /32745/wp-json/wp/v2/comments?post=124615 HTTP/1.1" 200 6011 "-" "Mozilla/5.0 AppleWebKit/537.36 (KHTML, like Gecko; compatible; Amazonbot/0.1; +https://developer.amazon.com/support/amazonbot) Chrome/119.0.6045.214 Safari/537.36"
2408:8719:64:202:1d:: - - [22/Aug/2026:05:16:29 +0800] "GET /24973/wp-content/themes/huemanilc/assets/front/webfonts/fa-brands-400.woff2?v=5.5.0 HTTP/1.1" 200 70613 "https://2blog.ilc.edu.tw/24973/wp-content/cache/2blog.ilc.edu.tw/wpfc-minified/2ah2663r/7y8z0.css" "Mozilla/5.0 (Windows NT 10.0; Win64; x64) AppleWebKit/537.36 (KHTML, like Gecko) Chrome/144.0.0.0 Safari/537.36"
2408:8719:64:202:1d:: - - [22/Aug/2026:05:16:29 +0800] "GET /24973/wp-content/themes/huemanilc/assets/front/webfonts/fa-solid-900.woff2?v=5.5.0 HTTP/1.1" 200 74879 "https://2blog.ilc.edu.tw/24973/wp-content/cache/2blog.ilc.edu.tw/wpfc-minified/2ah2663r/7y8z0.css" "Mozilla/5.0 (Windows NT 10.0; Win64; x64) AppleWebKit/537.36 (KHTML, like Gecko) Chrome/144.0.0.0 Safari/537.36"
17.241.227.241 - - [22/Aug/2026:05:16:29 +0800] "GET /6516/wp-content/cache/2blog.ilc.edu.tw/wpfc-minified/79wlytff/7ugvg.css HTTP/1.1" 200 40886 "https://2blog.ilc.edu.tw/6516/2018/11/18/107_2-1-2_%e5%88%a9%e6%be%a4%e5%9c%8b%e4%b8%ad%e7%a9%ba%e6%b0%a3%e5%93%81%e8%b3%aa%e8%9e%8d%e5%85%a5%e6%95%99%e5%ad%b8/" "Mozilla/5.0 (Macintosh; Intel Mac OS X 10_15_7) AppleWebKit/605.1.15 (KHTML, like Gecko) Version/17.4 Safari/605.1.15 (Applebot/0.1; +http://www.apple.com/go/applebot)"
40.77.167.28 - - [22/Aug/2026:05:16:29 +0800] "GET /35128/2017/08/ HTTP/1.1" 200 14205 "-" "Mozilla/5.0 AppleWebKit/537.36 (KHTML, like Gecko; compatible; bingbot/2.0; +http://www.bing.com/bingbot.htm) Chrome/116.0.1938.76 Safari/537.36"
2a10:7b00:714b:675a:ffb0:bab:91e0:efb4 - - [22/Aug/2026:05:16:29 +0800] "GET /26148/ HTTP/1.1" 200 19548 "-" "Mozilla/5.0 (Macintosh; Intel Mac OS X 10_15_7) AppleWebKit/537.36 (KHTML, like Gecko) Chrome/146.0.0.0 Safari/537.36"
2408:867a:80c::204 - - [22/Aug/2026:05:16:27 +0800] "GET /21/2015/12 HTTP/1.1" 301 5761 "-" "Mozilla/5.0 (Windows NT 10.0; Win64; x64) AppleWebKit/537.36 (KHTML, like Gecko) Chrome/144.0.0.0 Safari/537.36"
34.123.149.87 - - [22/Aug/2026:05:16:29 +0800] "GET /6030/2014/05/01/5-2-3_102%E4%BA%BA%E8%BB%8A%E5%8B%95%E7%B7%9A%E8%A6%8F%E5%8A%83%E2%94%80%E6%A0%A1%E5%85%A7%E5%81%9C%E8%BB%8A%E5%A0%B4/ HTTP/1.1" 200 15950 "-" "Mozilla/5.0 (Macintosh; Intel Mac OS X 10_15_7) AppleWebKit/537.36 (KHTML, like Gecko) Chrome/120.0.0.0 Safari/537.36"
2408:8719:64:202:1d:: - - [22/Aug/2026:05:16:30 +0800] "GET /favicon.ico HTTP/1.1" 302 901 "https://2blog.ilc.edu.tw/24973/category/c-16006/c-68467/" "Mozilla/5.0 (Windows NT 10.0; Win64; x64) AppleWebKit/537.36 (KHTML, like Gecko) Chrome/144.0.0.0 Safari/537.36"
2408:8719:64:202:1d:: - - [22/Aug/2026:05:16:30 +0800] "GET /wp-includes/images/w-logo-blue-white-bg.png HTTP/1.1" 200 4946 "https://2blog.ilc.edu.tw/24973/category/c-16006/c-68467/" "Mozilla/5.0 (Windows NT 10.0; Win64; x64) AppleWebKit/537.36 (KHTML, like Gecko) Chrome/144.0.0.0 Safari/537.36"
17.241.227.241 - - [22/Aug/2026:05:16:30 +0800] "GET /6516/wp-content/cache/2blog.ilc.edu.tw/wpfc-minified/mn3dot3v/7ugvg.css HTTP/1.1" 200 1157 "https://2blog.ilc.edu.tw/6516/2018/11/18/107_2-1-2_%e5%88%a9%e6%be%a4%e5%9c%8b%e4%b8%ad%e7%a9%ba%e6%b0%a3%e5%93%81%e8%b3%aa%e8%9e%8d%e5%85%a5%e6%95%99%e5%ad%b8/" "Mozilla/5.0 (Macintosh; Intel Mac OS X 10_15_7) AppleWebKit/605.1.15 (KHTML, like Gecko) Version/17.4 Safari/605.1.15 (Applebot/0.1; +http://www.apple.com/go/applebot)"
2408:867a:80c::204 - - [22/Aug/2026:05:16:30 +0800] "GET /21/2015/12/ HTTP/1.1" 200 11994 "-" "Mozilla/5.0 (Windows NT 10.0; Win64; x64) AppleWebKit/537.36 (KHTML, like Gecko) Chrome/144.0.0.0 Safari/537.36"
17.241.227.241 - - [22/Aug/2026:05:16:32 +0800] "GET /6516/wp-content/cache/2blog.ilc.edu.tw/wpfc-minified/77y4o11e/7ugvg.css HTTP/1.1" 200 15782 "https://2blog.ilc.edu.tw/6516/2018/11/18/107_2-1-2_%e5%88%a9%e6%be%a4%e5%9c%8b%e4%b8%ad%e7%a9%ba%e6%b0%a3%e5%93%81%e8%b3%aa%e8%9e%8d%e5%85%a5%e6%95%99%e5%ad%b8/" "Mozilla/5.0 (Macintosh; Intel Mac OS X 10_15_7) AppleWebKit/605.1.15 (KHTML, like Gecko) Version/17.4 Safari/605.1.15 (Applebot/0.1; +http://www.apple.com/go/applebot)"
2408:867a:80c::204 - - [22/Aug/2026:05:16:32 +0800] "GET /21/wp-content/cache/2blog.ilc.edu.tw/wpfc-minified/eqn5eoyp/5wugy.css HTTP/1.1" 200 40883 "https://2blog.ilc.edu.tw/21/2015/12/" "Mozilla/5.0 (Windows NT 10.0; Win64; x64) AppleWebKit/537.36 (KHTML, like Gecko) Chrome/144.0.0.0 Safari/537.36"
34.56.53.225 - - [22/Aug/2026:05:16:32 +0800] "GET /6568/2018/11/12/107-4-2-3%E9%A3%9F%E8%BE%B2%E6%88%90%E6%9E%9C%E4%B8%80%E5%B9%B4%E7%B4%9A%E7%A8%AE%E9%9B%9C%E7%B3%A7/ HTTP/1.1" 200 16550 "-" "Mozilla/5.0 (Macintosh; Intel Mac OS X 10_15_7) AppleWebKit/537.36 (KHTML, like Gecko) Chrome/120.0.0.0 Safari/537.36"
2001:288:a201::66:125 - - [22/Aug/2026:05:16:33 +0800] "GET /blog/active.php HTTP/1.1" 301 1026 "-" "-"
2001:288:a201::66:125 - - [22/Aug/2026:05:16:33 +0800] "GET /blog/active.php HTTP/1.1" 404 1084 "-" "-"
2408:867a:80c::204 - - [22/Aug/2026:05:16:33 +0800] "GET /21/wp-content/cache/2blog.ilc.edu.tw/wpfc-minified/eq0rzmph/5wugy.css HTTP/1.1" 200 15782 "https://2blog.ilc.edu.tw/21/2015/12/" "Mozilla/5.0 (Windows NT 10.0; Win64; x64) AppleWebKit/537.36 (KHTML, like Gecko) Chrome/144.0.0.0 Safari/537.36"
140.111.67.10 - - [22/Aug/2026:05:16:33 +0800] "GET /" 301 273 "-" "-"
2408:867a:80c::204 - - [22/Aug/2026:05:16:33 +0800] "GET /21/wp-content/cache/2blog.ilc.edu.tw/wpfc-minified/d66xwctp/5wugy.css HTTP/1.1" 200 1157 "https://2blog.ilc.edu.tw/21/2015/12/" "Mozilla/5.0 (Windows NT 10.0; Win64; x64) AppleWebKit/537.36 (KHTML, like Gecko) Chrome/144.0.0.0 Safari/537.36"
17.241.227.241 - - [22/Aug/2026:05:16:33 +0800] "GET /6516/wp-content/cache/2blog.ilc.edu.tw/wpfc-minified/ftt2lx1p/83u6s.js HTTP/1.1" 200 1642 "https://2blog.ilc.edu.tw/6516/2018/11/18/107_2-1-2_%e5%88%a9%e6%be%a4%e5%9c%8b%e4%b8%ad%e7%a9%ba%e6%b0%a3%e5%93%81%e8%b3%aa%e8%9e%8d%e5%85%a5%e6%95%99%e5%ad%b8/" "Mozilla/5.0 (Macintosh; Intel Mac OS X 10_15_7) AppleWebKit/605.1.15 (KHTML, like Gecko) Version/17.4 Safari/605.1.15 (Applebot/0.1; +http://www.apple.com/go/applebot)"
192.0.112.241 - - [22/Aug/2026:05:16:33 +0800] "GET /blog/gallery/25793/25793-3857786.png HTTP/1.1" 301 1049 "-" "Photon/1.0"
2408:867a:80c::204 - - [22/Aug/2026:05:16:34 +0800] "GET /21/wp-content/cache/2blog.ilc.edu.tw/wpfc-minified/8minsnud/5wugy.css HTTP/1.1" 200 60717 "https://2blog.ilc.edu.tw/21/2015/12/" "Mozilla/5.0 (Windows NT 10.0; Win64; x64) AppleWebKit/537.36 (KHTML, like Gecko) Chrome/144.0.0.0 Safari/537.36"
2408:867a:80c::204 - - [22/Aug/2026:05:16:34 +0800] "GET /21/wp-includes/js/admin-bar.min.js HTTP/1.1" 200 7031 "https://2blog.ilc.edu.tw/21/2015/12/" "Mozilla/5.0 (Windows NT 10.0; Win64; x64) AppleWebKit/537.36 (KHTML, like Gecko) Chrome/144.0.0.0 Safari/537.36"
2408:867a:80c::204 - - [22/Aug/2026:05:16:34 +0800] "GET /21/wp-includes/js/hoverintent-js.min.js HTTP/1.1" 200 1936 "https://2blog.ilc.edu.tw/21/2015/12/" "Mozilla/5.0 (Windows NT 10.0; Win64; x64) AppleWebKit/537.36 (KHTML, like Gecko) Chrome/144.0.0.0 Safari/537.36"
2408:867a:80c::204 - - [22/Aug/2026:05:16:34 +0800] "GET /21/wp-includes/js/imagesloaded.min.js HTTP/1.1" 200 7477 "https://2blog.ilc.edu.tw/21/2015/12/" "Mozilla/5.0 (Windows NT 10.0; Win64; x64) AppleWebKit/537.36 (KHTML, like Gecko) Chrome/144.0.0.0 Safari/537.36"
2408:867a:80c::204 - - [22/Aug/2026:05:16:34 +0800] "GET /21/wp-content/cache/2blog.ilc.edu.tw/wpfc-minified/7vl0hizk/5wugz.js HTTP/1.1" 200 35898 "https://2blog.ilc.edu.tw/21/2015/12/" "Mozilla/5.0 (Windows NT 10.0; Win64; x64) AppleWebKit/537.36 (KHTML, like Gecko) Chrome/144.0.0.0 Safari/537.36"
2408:867a:80c::204 - - [22/Aug/2026:05:16:34 +0800] "GET /21/wp-content/themes/oceanwp/assets/js/theme.min.js HTTP/1.1" 200 9924 "https://2blog.ilc.edu.tw/21/2015/12/" "Mozilla/5.0 (Windows NT 10.0; Win64; x64) AppleWebKit/537.36 (KHTML, like Gecko) Chrome/144.0.0.0 Safari/537.36"
192.0.114.18 - - [22/Aug/2026:05:16:34 +0800] "GET /blog/gallery/25793/25793-3857785.png HTTP/1.1" 301 1049 "-" "Photon/1.0"
74.1.28.112 - - [22/Aug/2026:05:16:34 +0800] "GET /17160/wp-content/uploads/sites/1249/2020/12/IMG_1817-1024x768.jpg HTTP/1.1" 200 168935 "https://2blog.ilc.edu.tw/17160/category/c-15024/c-107553/page/4/" "Mozilla/5.0 (Macintosh; Intel Mac OS X 10_15_7) AppleWebKit/537.36 (KHTML, like Gecko) Chrome/131.0.0.0 Safari/537.36"
2408:867a:80c::204 - - [22/Aug/2026:05:16:34 +0800] "GET /21/wp-content/themes/oceanwp/assets/js/drop-down-mobile-menu.min.js HTTP/1.1" 200 4663 "https://2blog.ilc.edu.tw/21/2015/12/" "Mozilla/5.0 (Windows NT 10.0; Win64; x64) AppleWebKit/537.36 (KHTML, like Gecko) Chrome/144.0.0.0 Safari/537.36"
2408:867a:80c::204 - - [22/Aug/2026:05:16:34 +0800] "GET /21/wp-content/themes/oceanwp/assets/js/drop-down-search.min.js HTTP/1.1" 200 2968 "https://2blog.ilc.edu.tw/21/2015/12/" "Mozilla/5.0 (Windows NT 10.0; Win64; x64) AppleWebKit/537.36 (KHTML, like Gecko) Chrome/144.0.0.0 Safari/537.36"
2408:867a:80c::204 - - [22/Aug/2026:05:16:34 +0800] "GET /21/wp-content/themes/oceanwp/assets/js/vendors/magnific-popup.min.js HTTP/1.1" 200 8270 "https://2blog.ilc.edu.tw/21/2015/12/" "Mozilla/5.0 (Windows NT 10.0; Win64; x64) AppleWebKit/537.36 (KHTML, like Gecko) Chrome/144.0.0.0 Safari/537.36"
2408:867a:80c::204 - - [22/Aug/2026:05:16:34 +0800] "GET /21/wp-content/themes/oceanwp/assets/js/ow-lightbox.min.js HTTP/1.1" 200 2321 "https://2blog.ilc.edu.tw/21/2015/12/" "Mozilla/5.0 (Windows NT 10.0; Win64; x64) AppleWebKit/537.36 (KHTML, like Gecko) Chrome/144.0.0.0 Safari/537.36"
2408:867a:80c::204 - - [22/Aug/2026:05:16:34 +0800] "GET /21/wp-content/themes/oceanwp/assets/js/vendors/flickity.pkgd.min.js HTTP/1.1" 200 15048 "https://2blog.ilc.edu.tw/21/2015/12/" "Mozilla/5.0 (Windows NT 10.0; Win64; x64) AppleWebKit/537.36 (KHTML, like Gecko) Chrome/144.0.0.0 Safari/537.36"
2408:867a:80c::204 - - [22/Aug/2026:05:16:34 +0800] "GET /21/wp-content/themes/oceanwp/assets/js/ow-slider.min.js HTTP/1.1" 200 1761 "https://2blog.ilc.edu.tw/21/2015/12/" "Mozilla/5.0 (Windows NT 10.0; Win64; x64) AppleWebKit/537.36 (KHTML, like Gecko) Chrome/144.0.0.0 Safari/537.36"
192.0.118.145 - - [22/Aug/2026:05:16:34 +0800] "GET /blog/gallery/25793/previews-med/25793-3857785.png HTTP/1.1" 301 1075 "-" "Photon/1.0"
2408:867a:80c::204 - - [22/Aug/2026:05:16:34 +0800] "GET /21/wp-content/themes/oceanwp/assets/js/scroll-effect.min.js HTTP/1.1" 200 4127 "https://2blog.ilc.edu.tw/21/2015/12/" "Mozilla/5.0 (Windows NT 10.0; Win64; x64) AppleWebKit/537.36 (KHTML, like Gecko) Chrome/144.0.0.0 Safari/537.36"
2408:867a:80c::204 - - [22/Aug/2026:05:16:34 +0800] "GET /21/wp-content/plugins/ocean-extra/includes/widgets/js/flickr.min.js HTTP/1.1" 200 1319 "https://2blog.ilc.edu.tw/21/2015/12/" "Mozilla/5.0 (Windows NT 10.0; Win64; x64) AppleWebKit/537.36 (KHTML, like Gecko) Chrome/144.0.0.0 Safari/537.36"
2408:867a:80c::204 - - [22/Aug/2026:05:16:34 +0800] "GET /21/wp-content/themes/oceanwp/assets/js/scroll-top.min.js HTTP/1.1" 200 3202 "https://2blog.ilc.edu.tw/21/2015/12/" "Mozilla/5.0 (Windows NT 10.0; Win64; x64) AppleWebKit/537.36 (KHTML, like Gecko) Chrome/144.0.0.0 Safari/537.36"
2408:867a:80c::204 - - [22/Aug/2026:05:16:34 +0800] "GET /21/wp-content/themes/oceanwp/assets/js/select.min.js HTTP/1.1" 200 2408 "https://2blog.ilc.edu.tw/21/2015/12/" "Mozilla/5.0 (Windows NT 10.0; Win64; x64) AppleWebKit/537.36 (KHTML, like Gecko) Chrome/144.0.0.0 Safari/537.36"
2408:867a:80c::204 - - [22/Aug/2026:05:16:34 +0800] "GET /21/wp-content/themes/oceanwp/assets/fonts/simple-line-icons/Simple-Line-Icons.woff2?v=2.4.0 HTTP/1.1" 200 30959 "https://2blog.ilc.edu.tw/21/wp-content/cache/2blog.ilc.edu.tw/wpfc-minified/8minsnud/5wugy.css" "Mozilla/5.0 (Windows NT 10.0; Win64; x64) AppleWebKit/537.36 (KHTML, like Gecko) Chrome/144.0.0.0 Safari/537.36"
2408:867a:80c::204 - - [22/Aug/2026:05:16:35 +0800] "GET /21/wp-content/themes/oceanwp/assets/fonts/fontawesome/webfonts/fa-solid-900.woff2 HTTP/1.1" 200 151246 "https://2blog.ilc.edu.tw/21/wp-content/cache/2blog.ilc.edu.tw/wpfc-minified/8minsnud/5wugy.css" "Mozilla/5.0 (Windows NT 10.0; Win64; x64) AppleWebKit/537.36 (KHTML, like Gecko) Chrome/144.0.0.0 Safari/537.36"
17.241.227.241 - - [22/Aug/2026:05:16:35 +0800] "GET /6516/wp-content/cache/2blog.ilc.edu.tw/wpfc-minified/jma9btsz/7ugvg.js HTTP/1.1" 200 35563 "https://2blog.ilc.edu.tw/6516/2018/11/18/107_2-1-2_%e5%88%a9%e6%be%a4%e5%9c%8b%e4%b8%ad%e7%a9%ba%e6%b0%a3%e5%93%81%e8%b3%aa%e8%9e%8d%e5%85%a5%e6%95%99%e5%ad%b8/" "Mozilla/5.0 (Macintosh; Intel Mac OS X 10_15_7) AppleWebKit/605.1.15 (KHTML, like Gecko) Version/17.4 Safari/605.1.15 (Applebot/0.1; +http://www.apple.com/go/applebot)"
2408:867a:80c::204 - - [22/Aug/2026:05:16:35 +0800] "GET /21/wp-content/uploads/sites/335/2021/12/cropped-IMG_1837.1-32x32.jpg HTTP/1.1" 200 30095 "https://2blog.ilc.edu.tw/21/2015/12/" "Mozilla/5.0 (Windows NT 10.0; Win64; x64) AppleWebKit/537.36 (KHTML, like Gecko) Chrome/144.0.0.0 Safari/537.36"
52.45.194.165 - - [22/Aug/2026:05:16:35 +0800] "GET /32745/wp-json/oembed/1.0/embed?url=https://2blog.ilc.edu.tw/32745/2021/09/19/%25e6%2583%25b3%25e8%25a2%2582%25e6%259b%2589/ HTTP/1.1" 200 8464 "-" "Mozilla/5.0 AppleWebKit/537.36 (KHTML, like Gecko; compatible; Amazonbot/0.1; +https://developer.amazon.com/support/amazonbot) Chrome/119.0.6045.214 Safari/537.36"
17.241.227.241 - - [22/Aug/2026:05:16:36 +0800] "GET /6516/wp-includes/js/admin-bar.min.js HTTP/1.1" 200 2237 "https://2blog.ilc.edu.tw/6516/2018/11/18/107_2-1-2_%e5%88%a9%e6%be%a4%e5%9c%8b%e4%b8%ad%e7%a9%ba%e6%b0%a3%e5%93%81%e8%b3%aa%e8%9e%8d%e5%85%a5%e6%95%99%e5%ad%b8/" "Mozilla/5.0 (Macintosh; Intel Mac OS X 10_15_7) AppleWebKit/605.1.15 (KHTML, like Gecko) Version/17.4 Safari/605.1.15 (Applebot/0.1; +http://www.apple.com/go/applebot)"
2001:288:a201::66:125 - - [22/Aug/2026:05:16:38 +0800] "GET /blog/active.php HTTP/1.1" 301 1026 "-" "-"
2001:288:a201::66:125 - - [22/Aug/2026:05:16:38 +0800] "GET /blog/active.php HTTP/1.1" 404 1084 "-" "-"
34.171.68.95 - - [22/Aug/2026:05:16:38 +0800] "GET /16811/2012/10/09/101_%E5%A3%AF%E5%9C%8D%E5%9C%8B%E5%B0%8F_%E7%A8%AE%E8%8F%9C%E6%A8%82%E7%84%A1%E7%AA%AE/ HTTP/1.1" 200 30249 "-" "Mozilla/5.0 (Macintosh; Intel Mac OS X 10_15_7) AppleWebKit/537.36 (KHTML, like Gecko) Chrome/120.0.0.0 Safari/537.36"
140.111.67.10 - - [22/Aug/2026:05:16:38 +0800] "GET /" 301 273 "-" "-"
17.241.227.241 - - [22/Aug/2026:05:16:38 +0800] "POST /6516/wp-json/ilc-summary/v1/popular-posts HTTP/1.1" 201 1401 "https://2blog.ilc.edu.tw/6516/2018/11/18/107_2-1-2_%e5%88%a9%e6%be%a4%e5%9c%8b%e4%b8%ad%e7%a9%ba%e6%b0%a3%e5%93%81%e8%b3%aa%e8%9e%8d%e5%85%a5%e6%95%99%e5%ad%b8/" "Mozilla/5.0 (Macintosh; Intel Mac OS X 10_15_7) AppleWebKit/605.1.15 (KHTML, like Gecko) Version/17.4 Safari/605.1.15 (Applebot/0.1; +http://www.apple.com/go/applebot)"
154.94.2.57 - - [22/Aug/2026:05:16:40 +0800] "GET /wp-content/cache/www.cwjh.ilc.edu.tw/wpfc-minified/lx7zznp4/vz20.css HTTP/1.1" 200 92252 "https://www.cwjh.ilc.edu.tw/2020/03/17/%e5%a3%af%e5%9c%8d%e5%9c%8b%e4%b8%ad%e7%b7%9a%e4%b8%8a%e8%aa%b2%e7%a8%8b%e5%90%84%e7%8f%ad%e8%99%9b%e6%93%ac%e6%95%99%e5%ae%a4/" "Mozilla/5.0 (Linux; Android 6.0; Nexus 5 Build/MRA58N) AppleWebKit/537.36 (KHTML, like Gecko) Chrome/65.0.3325.181 Mobile Safari/537.36"
