116.241.218.30 - - [22/Aug/2026:05:20:40 +0800] "GET /wp-content/plugins/elementor/assets/js/frontend.min.js HTTP/1.1" 200 13169 "https://www.ltjh.ilc.edu.tw/?page_id=70" "Mozilla/5.0 (Linux; Android 10; K) AppleWebKit/537.36 (KHTML, like Gecko) Chrome/151.0.0.0 Mobile Safari/537.36"
116.241.218.30 - - [22/Aug/2026:05:20:40 +0800] "GET /wp-content/plugins/elementor-pro/assets/js/elements-handlers.min.js HTTP/1.1" 200 10882 "https://www.ltjh.ilc.edu.tw/?page_id=70" "Mozilla/5.0 (Linux; Android 10; K) AppleWebKit/537.36 (KHTML, like Gecko) Chrome/151.0.0.0 Mobile Safari/537.36"
116.241.218.30 - - [22/Aug/2026:05:20:40 +0800] "GET /wp-content/themes/toujours/images/toujoursbackground20160105.png HTTP/1.1" 200 1387 "https://www.ltjh.ilc.edu.tw/?page_id=70" "Mozilla/5.0 (Linux; Android 10; K) AppleWebKit/537.36 (KHTML, like Gecko) Chrome/151.0.0.0 Mobile Safari/537.36"
116.241.218.30 - - [22/Aug/2026:05:20:40 +0800] "GET /wp-content/plugins/elementor/assets/js/text-editor.2c35aafbe5bf0e127950.bundle.min.js HTTP/1.1" 200 1545 "https://www.ltjh.ilc.edu.tw/?page_id=70" "Mozilla/5.0 (Linux; Android 10; K) AppleWebKit/537.36 (KHTML, like Gecko) Chrome/151.0.0.0 Mobile Safari/537.36"
2401:e180:8850:8c13:94af:5166:8971:b1dc - - [22/Aug/2026:05:20:40 +0800] "GET /1003/wp-content/uploads/sites/233/2026/07/Snipaste_2026-07-30_10-17-01-1024x569.png HTTP/1.1" 200 289812 "https://2blog.ilc.edu.tw/1003/2026/07/30/%e5%b0%8f%e5%a3%81%e8%99%8e%e8%80%81%e5%b8%ab%e7%9a%84%e5%b7%a5%e5%85%b7%e7%ab%99%e3%80%90ai%e5%8d%94%e4%bd%9c%e4%bd%9c%e5%93%81%e3%80%91/" "Mozilla/5.0 (iPhone; CPU iPhone OS 26_5_0 like Mac OS X) AppleWebKit/605.1.15 (KHTML, like Gecko) CriOS/151.0.7922.57 Mobile/15E148 Safari/604.1"
2409:8715:5880:c0::153 - - [22/Aug/2026:05:20:41 +0800] "GET /qlesct1130706/wp-content/cache/2blog.ilc.edu.tw/wpfc-minified/7kfwtddm/6dtjh.css HTTP/1.1" 200 40900 "https://2blog.ilc.edu.tw/qlesct1130706/2025/04/" "Mozilla/5.0 (Windows NT 10.0; Win64; x64) AppleWebKit/537.36 (KHTML, like Gecko) Chrome/144.0.0.0 Safari/537.36"
240e:90e:2000:2006::127e - - [22/Aug/2026:05:20:41 +0800] "GET /wp-includes/js/admin-bar.min.js HTTP/1.1" 200 2237 "https://www.najh.ilc.edu.tw/2022/07/04/" "Mozilla/5.0 (Windows NT 10.0; Win64; x64) AppleWebKit/537.36 (KHTML, like Gecko) Chrome/144.0.0.0 Safari/537.36"
240e:90e:2000:2006::127e - - [22/Aug/2026:05:20:41 +0800] "GET /wp-content/themes/oceanwp/assets/js/theme.min.js HTTP/1.1" 200 5130 "https://www.najh.ilc.edu.tw/2022/07/04/" "Mozilla/5.0 (Windows NT 10.0; Win64; x64) AppleWebKit/537.36 (KHTML, like Gecko) Chrome/144.0.0.0 Safari/537.36"
240e:90e:2000:2006::127e - - [22/Aug/2026:05:20:41 +0800] "GET /wp-content/themes/oceanwp/assets/js/drop-down-mobile-menu.min.js HTTP/1.1" 200 9465 "https://www.najh.ilc.edu.tw/2022/07/04/" "Mozilla/5.0 (Windows NT 10.0; Win64; x64) AppleWebKit/537.36 (KHTML, like Gecko) Chrome/144.0.0.0 Safari/537.36"
240e:90e:2000:2006::127e - - [22/Aug/2026:05:20:41 +0800] "GET /wp-includes/js/imagesloaded.min.js HTTP/1.1" 200 2683 "https://www.najh.ilc.edu.tw/2022/07/04/" "Mozilla/5.0 (Windows NT 10.0; Win64; x64) AppleWebKit/537.36 (KHTML, like Gecko) Chrome/144.0.0.0 Safari/537.36"
240e:90e:2000:2006::127e - - [22/Aug/2026:05:20:41 +0800] "GET /wp-content/themes/oceanwp/assets/js/drop-down-search.min.js HTTP/1.1" 200 7770 "https://www.najh.ilc.edu.tw/2022/07/04/" "Mozilla/5.0 (Windows NT 10.0; Win64; x64) AppleWebKit/537.36 (KHTML, like Gecko) Chrome/144.0.0.0 Safari/537.36"
116.241.218.30 - - [22/Aug/2026:05:20:41 +0800] "GET /wp-content/uploads/sites/411/2019/08/cropped-ltjhicon-192x192.jpg HTTP/1.1" 200 14338 "https://www.ltjh.ilc.edu.tw/?page_id=70" "Mozilla/5.0 (Linux; Android 10; K) AppleWebKit/537.36 (KHTML, like Gecko) Chrome/151.0.0.0 Mobile Safari/537.36"
116.241.218.30 - - [22/Aug/2026:05:20:41 +0800] "GET /wp-content/uploads/sites/411/2019/08/cropped-ltjhicon-180x180.jpg HTTP/1.1" 200 13562 "https://www.ltjh.ilc.edu.tw/?page_id=70" "Mozilla/5.0 (Linux; Android 10; K) AppleWebKit/537.36 (KHTML, like Gecko) Chrome/151.0.0.0 Mobile Safari/537.36"
240e:90e:2000:2006::127e - - [22/Aug/2026:05:20:41 +0800] "GET /wp-content/themes/oceanwp/assets/js/vendors/magnific-popup.min.js HTTP/1.1" 200 8270 "https://www.najh.ilc.edu.tw/2022/07/04/" "Mozilla/5.0 (Windows NT 10.0; Win64; x64) AppleWebKit/537.36 (KHTML, like Gecko) Chrome/144.0.0.0 Safari/537.36"
240e:90e:2000:2006::127e - - [22/Aug/2026:05:20:41 +0800] "GET /wp-content/themes/oceanwp/assets/js/ow-lightbox.min.js HTTP/1.1" 200 2321 "https://www.najh.ilc.edu.tw/2022/07/04/" "Mozilla/5.0 (Windows NT 10.0; Win64; x64) AppleWebKit/537.36 (KHTML, like Gecko) Chrome/144.0.0.0 Safari/537.36"
240e:90e:2000:2006::127e - - [22/Aug/2026:05:20:41 +0800] "GET /wp-content/themes/oceanwp/assets/js/scroll-effect.min.js HTTP/1.1" 200 4127 "https://www.najh.ilc.edu.tw/2022/07/04/" "Mozilla/5.0 (Windows NT 10.0; Win64; x64) AppleWebKit/537.36 (KHTML, like Gecko) Chrome/144.0.0.0 Safari/537.36"
240e:90e:2000:2006::127e - - [22/Aug/2026:05:20:41 +0800] "GET /wp-content/themes/oceanwp/assets/js/ow-slider.min.js HTTP/1.1" 200 1761 "https://www.najh.ilc.edu.tw/2022/07/04/" "Mozilla/5.0 (Windows NT 10.0; Win64; x64) AppleWebKit/537.36 (KHTML, like Gecko) Chrome/144.0.0.0 Safari/537.36"
240e:90e:2000:2006::127e - - [22/Aug/2026:05:20:41 +0800] "GET /wp-content/themes/oceanwp/assets/js/vendors/flickity.pkgd.min.js HTTP/1.1" 200 15048 "https://www.najh.ilc.edu.tw/2022/07/04/" "Mozilla/5.0 (Windows NT 10.0; Win64; x64) AppleWebKit/537.36 (KHTML, like Gecko) Chrome/144.0.0.0 Safari/537.36"
2409:8715:5880:c0::153 - - [22/Aug/2026:05:20:41 +0800] "GET /qlesct1130706/wp-content/cache/2blog.ilc.edu.tw/wpfc-minified/f3iefkqr/6dtjh.css HTTP/1.1" 200 16121 "https://2blog.ilc.edu.tw/qlesct1130706/2025/04/" "Mozilla/5.0 (Windows NT 10.0; Win64; x64) AppleWebKit/537.36 (KHTML, like Gecko) Chrome/144.0.0.0 Safari/537.36"
2409:8715:5880:c0::153 - - [22/Aug/2026:05:20:41 +0800] "GET /qlesct1130706/wp-content/cache/2blog.ilc.edu.tw/wpfc-minified/fi5ncbxx/6dtjh.css HTTP/1.1" 200 1496 "https://2blog.ilc.edu.tw/qlesct1130706/2025/04/" "Mozilla/5.0 (Windows NT 10.0; Win64; x64) AppleWebKit/537.36 (KHTML, like Gecko) Chrome/144.0.0.0 Safari/537.36"
2409:8715:5880:c0::153 - - [22/Aug/2026:05:20:41 +0800] "GET /qlesct1130706/wp-content/cache/2blog.ilc.edu.tw/wpfc-minified/77gtx4zu/6dtjh.css HTTP/1.1" 200 59094 "https://2blog.ilc.edu.tw/qlesct1130706/2025/04/" "Mozilla/5.0 (Windows NT 10.0; Win64; x64) AppleWebKit/537.36 (KHTML, like Gecko) Chrome/144.0.0.0 Safari/537.36"
2409:8715:5880:c0::153 - - [22/Aug/2026:05:20:41 +0800] "GET /qlesct1130706/wp-content/cache/2blog.ilc.edu.tw/wpfc-minified/d63i64ni/6dtjh.js HTTP/1.1" 200 40373 "https://2blog.ilc.edu.tw/qlesct1130706/2025/04/" "Mozilla/5.0 (Windows NT 10.0; Win64; x64) AppleWebKit/537.36 (KHTML, like Gecko) Chrome/144.0.0.0 Safari/537.36"
240e:90e:2000:2006::127e - - [22/Aug/2026:05:20:41 +0800] "GET /wp-content/themes/oceanwp/assets/js/scroll-top.min.js HTTP/1.1" 200 3202 "https://www.najh.ilc.edu.tw/2022/07/04/" "Mozilla/5.0 (Windows NT 10.0; Win64; x64) AppleWebKit/537.36 (KHTML, like Gecko) Chrome/144.0.0.0 Safari/537.36"
240e:90e:2000:2006::127e - - [22/Aug/2026:05:20:42 +0800] "GET /wp-content/plugins/ocean-extra/includes/widgets/js/flickr.min.js HTTP/1.1" 200 1319 "https://www.najh.ilc.edu.tw/2022/07/04/" "Mozilla/5.0 (Windows NT 10.0; Win64; x64) AppleWebKit/537.36 (KHTML, like Gecko) Chrome/144.0.0.0 Safari/537.36"
240e:90e:2000:2006::127e - - [22/Aug/2026:05:20:42 +0800] "GET /wp-content/themes/oceanwp/assets/js/select.min.js HTTP/1.1" 200 2408 "https://www.najh.ilc.edu.tw/2022/07/04/" "Mozilla/5.0 (Windows NT 10.0; Win64; x64) AppleWebKit/537.36 (KHTML, like Gecko) Chrome/144.0.0.0 Safari/537.36"
240e:90e:2000:2006::127e - - [22/Aug/2026:05:20:42 +0800] "GET /wp-content/themes/oceanwp/assets/fonts/simple-line-icons/Simple-Line-Icons.woff2?v=2.4.0 HTTP/1.1" 200 30959 "https://www.najh.ilc.edu.tw/wp-content/cache/www.najh.ilc.edu.tw/wpfc-minified/kcxb236g/6wh9.css" "Mozilla/5.0 (Windows NT 10.0; Win64; x64) AppleWebKit/537.36 (KHTML, like Gecko) Chrome/144.0.0.0 Safari/537.36"
240e:90e:2000:2006::127e - - [22/Aug/2026:05:20:42 +0800] "GET /wp-includes/js/mediaelement/mediaelement-and-player.min.js HTTP/1.1" 200 39802 "https://www.najh.ilc.edu.tw/2022/07/04/" "Mozilla/5.0 (Windows NT 10.0; Win64; x64) AppleWebKit/537.36 (KHTML, like Gecko) Chrome/144.0.0.0 Safari/537.36"
240e:90e:2000:2006::127e - - [22/Aug/2026:05:20:42 +0800] "GET /wp-includes/js/mediaelement/mediaelement-migrate.min.js HTTP/1.1" 200 1419 "https://www.najh.ilc.edu.tw/2022/07/04/" "Mozilla/5.0 (Windows NT 10.0; Win64; x64) AppleWebKit/537.36 (KHTML, like Gecko) Chrome/144.0.0.0 Safari/537.36"
240e:90e:2000:2006::127e - - [22/Aug/2026:05:20:42 +0800] "GET /wp-includes/js/mediaelement/renderers/vimeo.min.js HTTP/1.1" 200 3164 "https://www.najh.ilc.edu.tw/2022/07/04/" "Mozilla/5.0 (Windows NT 10.0; Win64; x64) AppleWebKit/537.36 (KHTML, like Gecko) Chrome/144.0.0.0 Safari/537.36"
240e:90e:2000:2006::127e - - [22/Aug/2026:05:20:42 +0800] "GET /wp-includes/js/mediaelement/wp-mediaelement.min.js HTTP/1.1" 200 1417 "https://www.najh.ilc.edu.tw/2022/07/04/" "Mozilla/5.0 (Windows NT 10.0; Win64; x64) AppleWebKit/537.36 (KHTML, like Gecko) Chrome/144.0.0.0 Safari/537.36"
2409:8715:5880:c0::153 - - [22/Aug/2026:05:20:42 +0800] "GET /qlesct1130706/wp-includes/js/hoverintent-js.min.js HTTP/1.1" 200 1597 "https://2blog.ilc.edu.tw/qlesct1130706/2025/04/" "Mozilla/5.0 (Windows NT 10.0; Win64; x64) AppleWebKit/537.36 (KHTML, like Gecko) Chrome/144.0.0.0 Safari/537.36"
2409:8715:5880:c0::153 - - [22/Aug/2026:05:20:42 +0800] "GET /qlesct1130706/wp-includes/js/admin-bar.min.js HTTP/1.1" 200 2237 "https://2blog.ilc.edu.tw/qlesct1130706/2025/04/" "Mozilla/5.0 (Windows NT 10.0; Win64; x64) AppleWebKit/537.36 (KHTML, like Gecko) Chrome/144.0.0.0 Safari/537.36"
2409:8715:5880:c0::153 - - [22/Aug/2026:05:20:42 +0800] "GET /qlesct1130706/wp-includes/js/imagesloaded.min.js HTTP/1.1" 200 2683 "https://2blog.ilc.edu.tw/qlesct1130706/2025/04/" "Mozilla/5.0 (Windows NT 10.0; Win64; x64) AppleWebKit/537.36 (KHTML, like Gecko) Chrome/144.0.0.0 Safari/537.36"
2409:8715:5880:c0::153 - - [22/Aug/2026:05:20:43 +0800] "GET /qlesct1130706/wp-content/themes/oceanwp/assets/js/theme.min.js HTTP/1.1" 200 5130 "https://2blog.ilc.edu.tw/qlesct1130706/2025/04/" "Mozilla/5.0 (Windows NT 10.0; Win64; x64) AppleWebKit/537.36 (KHTML, like Gecko) Chrome/144.0.0.0 Safari/537.36"
2001:288:a201::66:125 - - [22/Aug/2026:05:20:43 +0800] "GET /blog/active.php HTTP/1.1" 404 1084 "-" "-"
2001:288:a201::66:125 - - [22/Aug/2026:05:20:43 +0800] "GET /blog/active.php HTTP/1.1" 301 1026 "-" "-"
140.111.67.10 - - [22/Aug/2026:05:20:43 +0800] "GET /" 301 273 "-" "-"
2409:8715:5880:c0::153 - - [22/Aug/2026:05:20:43 +0800] "GET /qlesct1130706/wp-content/themes/oceanwp/assets/js/drop-down-mobile-menu.min.js HTTP/1.1" 200 9457 "https://2blog.ilc.edu.tw/qlesct1130706/2025/04/" "Mozilla/5.0 (Windows NT 10.0; Win64; x64) AppleWebKit/537.36 (KHTML, like Gecko) Chrome/144.0.0.0 Safari/537.36"
2409:8715:5880:c0::153 - - [22/Aug/2026:05:20:43 +0800] "GET /qlesct1130706/wp-content/themes/oceanwp/assets/js/drop-down-search.min.js HTTP/1.1" 200 2968 "https://2blog.ilc.edu.tw/qlesct1130706/2025/04/" "Mozilla/5.0 (Windows NT 10.0; Win64; x64) AppleWebKit/537.36 (KHTML, like Gecko) Chrome/144.0.0.0 Safari/537.36"
17.22.253.9 - - [22/Aug/2026:05:20:43 +0800] "GET /2026/04/14/114%e5%ad%b8%e5%b9%b4%e5%ba%a6%e4%b8%8b%e5%ad%b8%e6%9c%9f-%e5%9c%b0%e9%9c%87%e9%81%bf%e9%9b%a3%e6%8e%a9%e8%ad%b7%e5%af%a6%e6%96%bd%e8%a8%88%e7%95%ab%e6%9a%a8%e6%bc%94%e7%b7%b4%e8%85%b3%e6%9c%ac/ HTTP/1.1" 200 20239 "-" "Mozilla/5.0 (Macintosh; Intel Mac OS X 10_15_7) AppleWebKit/605.1.15 (KHTML, like Gecko) Version/17.4 Safari/605.1.15 (Applebot/0.1; +http://www.apple.com/go/applebot)"
::1 - - [22/Aug/2026:05:20:43 +0800] "OPTIONS * HTTP/1.0" 200 110 "-" "Apache/2.4.68 (Ubuntu) OpenSSL/3.0.19 (internal dummy connection)"
2a10:4a01:4280:f250:1645:fbd0:37a6:e11 - - [22/Aug/2026:05:20:43 +0800] "GET /26148/ HTTP/1.1" 200 19548 "-" "Mozilla/5.0 (iPhone; CPU iPhone OS 26_0 like Mac OS X) AppleWebKit/605.1.15 (KHTML, like Gecko) Version/26.0 Mobile/15E148 Safari/604.1"
2409:8715:5880:c0::153 - - [22/Aug/2026:05:20:43 +0800] "GET /qlesct1130706/wp-content/themes/oceanwp/assets/js/mobile-search-icon.min.js HTTP/1.1" 200 4162 "https://2blog.ilc.edu.tw/qlesct1130706/2025/04/" "Mozilla/5.0 (Windows NT 10.0; Win64; x64) AppleWebKit/537.36 (KHTML, like Gecko) Chrome/144.0.0.0 Safari/537.36"
2409:8715:5880:c0::153 - - [22/Aug/2026:05:20:43 +0800] "GET /qlesct1130706/wp-content/themes/oceanwp/assets/js/vendors/magnific-popup.min.js HTTP/1.1" 200 8270 "https://2blog.ilc.edu.tw/qlesct1130706/2025/04/" "Mozilla/5.0 (Windows NT 10.0; Win64; x64) AppleWebKit/537.36 (KHTML, like Gecko) Chrome/144.0.0.0 Safari/537.36"
2409:8715:5880:c0::153 - - [22/Aug/2026:05:20:44 +0800] "GET /qlesct1130706/wp-content/themes/oceanwp/assets/js/ow-lightbox.min.js HTTP/1.1" 200 2321 "https://2blog.ilc.edu.tw/qlesct1130706/2025/04/" "Mozilla/5.0 (Windows NT 10.0; Win64; x64) AppleWebKit/537.36 (KHTML, like Gecko) Chrome/144.0.0.0 Safari/537.36"
2409:8715:5880:c0::153 - - [22/Aug/2026:05:20:44 +0800] "GET /qlesct1130706/wp-content/themes/oceanwp/assets/js/vendors/flickity.pkgd.min.js HTTP/1.1" 200 15048 "https://2blog.ilc.edu.tw/qlesct1130706/2025/04/" "Mozilla/5.0 (Windows NT 10.0; Win64; x64) AppleWebKit/537.36 (KHTML, like Gecko) Chrome/144.0.0.0 Safari/537.36"
2409:8715:5880:c0::153 - - [22/Aug/2026:05:20:44 +0800] "GET /qlesct1130706/wp-content/themes/oceanwp/assets/js/ow-slider.min.js HTTP/1.1" 200 1761 "https://2blog.ilc.edu.tw/qlesct1130706/2025/04/" "Mozilla/5.0 (Windows NT 10.0; Win64; x64) AppleWebKit/537.36 (KHTML, like Gecko) Chrome/144.0.0.0 Safari/537.36"
::1 - - [22/Aug/2026:05:20:44 +0800] "OPTIONS * HTTP/1.0" 200 110 "-" "Apache/2.4.68 (Ubuntu) OpenSSL/3.0.19 (internal dummy connection)"
2409:8715:5880:c0::153 - - [22/Aug/2026:05:20:44 +0800] "GET /qlesct1130706/wp-content/themes/oceanwp/assets/js/scroll-effect.min.js HTTP/1.1" 200 4127 "https://2blog.ilc.edu.tw/qlesct1130706/2025/04/" "Mozilla/5.0 (Windows NT 10.0; Win64; x64) AppleWebKit/537.36 (KHTML, like Gecko) Chrome/144.0.0.0 Safari/537.36"
2409:8715:5880:c0::153 - - [22/Aug/2026:05:20:44 +0800] "GET /qlesct1130706/wp-content/themes/oceanwp/assets/js/scroll-top.min.js HTTP/1.1" 200 3202 "https://2blog.ilc.edu.tw/qlesct1130706/2025/04/" "Mozilla/5.0 (Windows NT 10.0; Win64; x64) AppleWebKit/537.36 (KHTML, like Gecko) Chrome/144.0.0.0 Safari/537.36"
2409:8715:5880:c0::153 - - [22/Aug/2026:05:20:44 +0800] "GET /qlesct1130706/wp-content/themes/oceanwp/assets/js/select.min.js HTTP/1.1" 200 2408 "https://2blog.ilc.edu.tw/qlesct1130706/2025/04/" "Mozilla/5.0 (Windows NT 10.0; Win64; x64) AppleWebKit/537.36 (KHTML, like Gecko) Chrome/144.0.0.0 Safari/537.36"
::1 - - [22/Aug/2026:05:20:45 +0800] "OPTIONS * HTTP/1.0" 200 110 "-" "Apache/2.4.68 (Ubuntu) OpenSSL/3.0.19 (internal dummy connection)"
2401:e180:8850:8c13:94af:5166:8971:b1dc - - [22/Aug/2026:05:20:45 +0800] "GET /1003/wp-content/uploads/sites/233/2026/07/Snipaste_2026-07-30_10-17-11-1024x637.png HTTP/1.1" 200 316749 "https://2blog.ilc.edu.tw/1003/2026/07/30/%e5%b0%8f%e5%a3%81%e8%99%8e%e8%80%81%e5%b8%ab%e7%9a%84%e5%b7%a5%e5%85%b7%e7%ab%99%e3%80%90ai%e5%8d%94%e4%bd%9c%e4%bd%9c%e5%93%81%e3%80%91/" "Mozilla/5.0 (iPhone; CPU iPhone OS 26_5_0 like Mac OS X) AppleWebKit/605.1.15 (KHTML, like Gecko) CriOS/151.0.7922.57 Mobile/15E148 Safari/604.1"
::1 - - [22/Aug/2026:05:20:46 +0800] "OPTIONS * HTTP/1.0" 200 110 "-" "Apache/2.4.68 (Ubuntu) OpenSSL/3.0.19 (internal dummy connection)"
::1 - - [22/Aug/2026:05:20:47 +0800] "OPTIONS * HTTP/1.0" 200 110 "-" "Apache/2.4.68 (Ubuntu) OpenSSL/3.0.19 (internal dummy connection)"
2603:8000:4b00:302c:c19e:e7c8:9874:35f2 - - [22/Aug/2026:05:20:47 +0800] "GET /26148/ HTTP/1.1" 200 19548 "-" "Mozilla/5.0 (Macintosh; Intel Mac OS X 10_15_7) AppleWebKit/537.36 (KHTML, like Gecko) Chrome/146.0.0.0 Safari/537.36"
2001:288:a201::66:125 - - [22/Aug/2026:05:20:48 +0800] "GET /blog/active.php HTTP/1.1" 301 1026 "-" "-"
2001:288:a201::66:125 - - [22/Aug/2026:05:20:48 +0800] "GET /blog/active.php HTTP/1.1" 404 1084 "-" "-"
2409:8715:5880:c0::153 - - [22/Aug/2026:05:20:48 +0800] "GET /qlesct1130706/wp-content/themes/oceanwp/assets/fonts/simple-line-icons/Simple-Line-Icons.woff2?v=2.4.0 HTTP/1.1" 200 30959 "https://2blog.ilc.edu.tw/qlesct1130706/wp-content/cache/2blog.ilc.edu.tw/wpfc-minified/77gtx4zu/6dtjh.css" "Mozilla/5.0 (Windows NT 10.0; Win64; x64) AppleWebKit/537.36 (KHTML, like Gecko) Chrome/144.0.0.0 Safari/537.36"
140.111.67.10 - - [22/Aug/2026:05:20:48 +0800] "GET /" 301 273 "-" "-"
::1 - - [22/Aug/2026:05:20:48 +0800] "OPTIONS * HTTP/1.0" 200 110 "-" "Apache/2.4.68 (Ubuntu) OpenSSL/3.0.19 (internal dummy connection)"
240e:90e:2000:2006::127e - - [22/Aug/2026:05:20:41 +0800] "GET /wp-content/themes/oceanwp/assets/fonts/fontawesome/webfonts/fa-solid-900.woff2 HTTP/1.1" 200 151246 "https://www.najh.ilc.edu.tw/wp-content/cache/www.najh.ilc.edu.tw/wpfc-minified/kcxb236g/6wh9.css" "Mozilla/5.0 (Windows NT 10.0; Win64; x64) AppleWebKit/537.36 (KHTML, like Gecko) Chrome/144.0.0.0 Safari/537.36"
::1 - - [22/Aug/2026:05:20:49 +0800] "OPTIONS * HTTP/1.0" 200 110 "-" "Apache/2.4.68 (Ubuntu) OpenSSL/3.0.19 (internal dummy connection)"
2001:b400:e25c:97da:18aa:bf7a:f91b:5b3e - - [22/Aug/2026:05:20:49 +0800] "GET /wp-content/cache/www.dses.ilc.edu.tw/wpfc-minified/33etc095/72pp.css HTTP/1.1" 304 5592 "https://www.dses.ilc.edu.tw/" "Mozilla/5.0 (Android 15; Mobile; rv:153.0) Gecko/153.0 Firefox/153.0"
2001:b400:e25c:97da:18aa:bf7a:f91b:5b3e - - [22/Aug/2026:05:20:49 +0800] "GET /wp-content/cache/www.dses.ilc.edu.tw/wpfc-minified/1e67c88w/72pp.css HTTP/1.1" 304 5592 "https://www.dses.ilc.edu.tw/" "Mozilla/5.0 (Android 15; Mobile; rv:153.0) Gecko/153.0 Firefox/153.0"
2001:b400:e25c:97da:18aa:bf7a:f91b:5b3e - - [22/Aug/2026:05:20:49 +0800] "GET /wp-content/cache/www.dses.ilc.edu.tw/wpfc-minified/9huotwi0/77wu.css HTTP/1.1" 304 5592 "https://www.dses.ilc.edu.tw/" "Mozilla/5.0 (Android 15; Mobile; rv:153.0) Gecko/153.0 Firefox/153.0"
2001:b400:e25c:97da:18aa:bf7a:f91b:5b3e - - [22/Aug/2026:05:20:49 +0800] "GET /wp-content/cache/www.dses.ilc.edu.tw/wpfc-minified/8xnl42fs/77wu.css HTTP/1.1" 304 5592 "https://www.dses.ilc.edu.tw/" "Mozilla/5.0 (Android 15; Mobile; rv:153.0) Gecko/153.0 Firefox/153.0"
2001:b400:e25c:97da:18aa:bf7a:f91b:5b3e - - [22/Aug/2026:05:20:49 +0800] "GET /wp-content/uploads/sites/1984/elementor/css/post-398.css HTTP/1.1" 304 5592 "https://www.dses.ilc.edu.tw/" "Mozilla/5.0 (Android 15; Mobile; rv:153.0) Gecko/153.0 Firefox/153.0"
2001:b400:e25c:97da:18aa:bf7a:f91b:5b3e - - [22/Aug/2026:05:20:49 +0800] "GET /wp-content/uploads/sites/1984/elementor/css/post-921.css HTTP/1.1" 304 5592 "https://www.dses.ilc.edu.tw/" "Mozilla/5.0 (Android 15; Mobile; rv:153.0) Gecko/153.0 Firefox/153.0"
2001:b400:e25c:97da:18aa:bf7a:f91b:5b3e - - [22/Aug/2026:05:20:49 +0800] "GET /wp-content/cache/www.dses.ilc.edu.tw/wpfc-minified/mot3luef/72pp.js HTTP/1.1" 304 790 "https://www.dses.ilc.edu.tw/" "Mozilla/5.0 (Android 15; Mobile; rv:153.0) Gecko/153.0 Firefox/153.0"
2001:b400:e25c:97da:18aa:bf7a:f91b:5b3e - - [22/Aug/2026:05:20:49 +0800] "GET /wp-includes/js/admin-bar.min.js HTTP/1.1" 304 790 "https://www.dses.ilc.edu.tw/" "Mozilla/5.0 (Android 15; Mobile; rv:153.0) Gecko/153.0 Firefox/153.0"
2001:b400:e25c:97da:18aa:bf7a:f91b:5b3e - - [22/Aug/2026:05:20:49 +0800] "GET /wp-includes/js/hoverintent-js.min.js HTTP/1.1" 304 790 "https://www.dses.ilc.edu.tw/" "Mozilla/5.0 (Android 15; Mobile; rv:153.0) Gecko/153.0 Firefox/153.0"
2001:b400:e25c:97da:18aa:bf7a:f91b:5b3e - - [22/Aug/2026:05:20:49 +0800] "GET /wp-content/themes/oceanwp/assets/js/theme.min.js HTTP/1.1" 304 790 "https://www.dses.ilc.edu.tw/" "Mozilla/5.0 (Android 15; Mobile; rv:153.0) Gecko/153.0 Firefox/153.0"
2001:b400:e25c:97da:18aa:bf7a:f91b:5b3e - - [22/Aug/2026:05:20:49 +0800] "GET /wp-includes/js/imagesloaded.min.js HTTP/1.1" 304 790 "https://www.dses.ilc.edu.tw/" "Mozilla/5.0 (Android 15; Mobile; rv:153.0) Gecko/153.0 Firefox/153.0"
2001:b400:e25c:97da:18aa:bf7a:f91b:5b3e - - [22/Aug/2026:05:20:49 +0800] "GET /wp-content/themes/oceanwp/assets/js/drop-down-mobile-menu.min.js HTTP/1.1" 304 790 "https://www.dses.ilc.edu.tw/" "Mozilla/5.0 (Android 15; Mobile; rv:153.0) Gecko/153.0 Firefox/153.0"
2001:b400:e25c:97da:18aa:bf7a:f91b:5b3e - - [22/Aug/2026:05:20:49 +0800] "GET /wp-content/themes/oceanwp/assets/js/drop-down-search.min.js HTTP/1.1" 304 790 "https://www.dses.ilc.edu.tw/" "Mozilla/5.0 (Android 15; Mobile; rv:153.0) Gecko/153.0 Firefox/153.0"
2001:b400:e25c:97da:18aa:bf7a:f91b:5b3e - - [22/Aug/2026:05:20:49 +0800] "GET /wp-content/themes/oceanwp/assets/js/ow-lightbox.min.js HTTP/1.1" 304 790 "https://www.dses.ilc.edu.tw/" "Mozilla/5.0 (Android 15; Mobile; rv:153.0) Gecko/153.0 Firefox/153.0"
2001:b400:e25c:97da:18aa:bf7a:f91b:5b3e - - [22/Aug/2026:05:20:49 +0800] "GET /wp-content/themes/oceanwp/assets/js/vendors/magnific-popup.min.js HTTP/1.1" 304 790 "https://www.dses.ilc.edu.tw/" "Mozilla/5.0 (Android 15; Mobile; rv:153.0) Gecko/153.0 Firefox/153.0"
2001:b400:e25c:97da:18aa:bf7a:f91b:5b3e - - [22/Aug/2026:05:20:49 +0800] "GET /wp-content/themes/oceanwp/assets/js/scroll-effect.min.js HTTP/1.1" 304 790 "https://www.dses.ilc.edu.tw/" "Mozilla/5.0 (Android 15; Mobile; rv:153.0) Gecko/153.0 Firefox/153.0"
2001:b400:e25c:97da:18aa:bf7a:f91b:5b3e - - [22/Aug/2026:05:20:49 +0800] "GET /wp-content/themes/oceanwp/assets/js/vendors/flickity.pkgd.min.js HTTP/1.1" 304 790 "https://www.dses.ilc.edu.tw/" "Mozilla/5.0 (Android 15; Mobile; rv:153.0) Gecko/153.0 Firefox/153.0"
2001:b400:e25c:97da:18aa:bf7a:f91b:5b3e - - [22/Aug/2026:05:20:49 +0800] "GET /wp-content/themes/oceanwp/assets/js/ow-slider.min.js HTTP/1.1" 304 790 "https://www.dses.ilc.edu.tw/" "Mozilla/5.0 (Android 15; Mobile; rv:153.0) Gecko/153.0 Firefox/153.0"
2001:b400:e25c:97da:18aa:bf7a:f91b:5b3e - - [22/Aug/2026:05:20:49 +0800] "GET /wp-content/themes/oceanwp/assets/js/scroll-top.min.js HTTP/1.1" 304 790 "https://www.dses.ilc.edu.tw/" "Mozilla/5.0 (Android 15; Mobile; rv:153.0) Gecko/153.0 Firefox/153.0"
2001:b400:e25c:97da:18aa:bf7a:f91b:5b3e - - [22/Aug/2026:05:20:49 +0800] "GET /wp-content/plugins/elementor-pro/assets/js/webpack-pro.runtime.min.js HTTP/1.1" 304 790 "https://www.dses.ilc.edu.tw/" "Mozilla/5.0 (Android 15; Mobile; rv:153.0) Gecko/153.0 Firefox/153.0"
2001:b400:e25c:97da:18aa:bf7a:f91b:5b3e - - [22/Aug/2026:05:20:49 +0800] "GET /wp-content/themes/oceanwp/assets/js/select.min.js HTTP/1.1" 304 790 "https://www.dses.ilc.edu.tw/" "Mozilla/5.0 (Android 15; Mobile; rv:153.0) Gecko/153.0 Firefox/153.0"
2001:b400:e25c:97da:18aa:bf7a:f91b:5b3e - - [22/Aug/2026:05:20:49 +0800] "GET /wp-content/plugins/elementor/assets/js/frontend-modules.min.js HTTP/1.1" 304 790 "https://www.dses.ilc.edu.tw/" "Mozilla/5.0 (Android 15; Mobile; rv:153.0) Gecko/153.0 Firefox/153.0"
2001:b400:e25c:97da:18aa:bf7a:f91b:5b3e - - [22/Aug/2026:05:20:49 +0800] "GET /wp-content/plugins/elementor/assets/js/webpack.runtime.min.js HTTP/1.1" 304 790 "https://www.dses.ilc.edu.tw/" "Mozilla/5.0 (Android 15; Mobile; rv:153.0) Gecko/153.0 Firefox/153.0"
2001:b400:e25c:97da:18aa:bf7a:f91b:5b3e - - [22/Aug/2026:05:20:49 +0800] "GET /wp-includes/js/dist/hooks.min.js HTTP/1.1" 304 790 "https://www.dses.ilc.edu.tw/" "Mozilla/5.0 (Android 15; Mobile; rv:153.0) Gecko/153.0 Firefox/153.0"
2001:b400:e25c:97da:18aa:bf7a:f91b:5b3e - - [22/Aug/2026:05:20:49 +0800] "GET /wp-content/plugins/elementor-pro/assets/js/frontend.min.js HTTP/1.1" 304 790 "https://www.dses.ilc.edu.tw/" "Mozilla/5.0 (Android 15; Mobile; rv:153.0) Gecko/153.0 Firefox/153.0"
2001:b400:e25c:97da:18aa:bf7a:f91b:5b3e - - [22/Aug/2026:05:20:49 +0800] "GET /wp-includes/js/dist/i18n.min.js HTTP/1.1" 304 790 "https://www.dses.ilc.edu.tw/" "Mozilla/5.0 (Android 15; Mobile; rv:153.0) Gecko/153.0 Firefox/153.0"
2001:b400:e25c:97da:18aa:bf7a:f91b:5b3e - - [22/Aug/2026:05:20:49 +0800] "GET /wp-content/plugins/elementor/assets/lib/waypoints/waypoints.min.js HTTP/1.1" 304 790 "https://www.dses.ilc.edu.tw/" "Mozilla/5.0 (Android 15; Mobile; rv:153.0) Gecko/153.0 Firefox/153.0"
2001:b400:e25c:97da:18aa:bf7a:f91b:5b3e - - [22/Aug/2026:05:20:49 +0800] "GET /wp-includes/js/jquery/ui/core.min.js HTTP/1.1" 304 790 "https://www.dses.ilc.edu.tw/" "Mozilla/5.0 (Android 15; Mobile; rv:153.0) Gecko/153.0 Firefox/153.0"
2001:b400:e25c:97da:18aa:bf7a:f91b:5b3e - - [22/Aug/2026:05:20:49 +0800] "GET /wp-content/plugins/elementor/assets/js/frontend.min.js HTTP/1.1" 304 790 "https://www.dses.ilc.edu.tw/" "Mozilla/5.0 (Android 15; Mobile; rv:153.0) Gecko/153.0 Firefox/153.0"
2001:b400:e25c:97da:18aa:bf7a:f91b:5b3e - - [22/Aug/2026:05:20:49 +0800] "GET /wp-content/plugins/elementor-pro/assets/js/elements-handlers.min.js HTTP/1.1" 304 790 "https://www.dses.ilc.edu.tw/" "Mozilla/5.0 (Android 15; Mobile; rv:153.0) Gecko/153.0 Firefox/153.0"
2001:b400:e25c:97da:18aa:bf7a:f91b:5b3e - - [22/Aug/2026:05:20:49 +0800] "GET /wp-content/uploads/sites/1984/2024/09/surfing11000-x-200-%E5%83%8F%E7%B4%A0.png HTTP/1.1" 304 790 "https://www.dses.ilc.edu.tw/" "Mozilla/5.0 (Android 15; Mobile; rv:153.0) Gecko/153.0 Firefox/153.0"
2001:b400:e25c:97da:18aa:bf7a:f91b:5b3e - - [22/Aug/2026:05:20:49 +0800] "GET /wp-content/uploads/sites/1984/2023/10/%E5%A4%A7%E6%BA%AA%E5%A0%B1%E9%A6%AC%E4%BB%94.png HTTP/1.1" 304 790 "https://www.dses.ilc.edu.tw/" "Mozilla/5.0 (Android 15; Mobile; rv:153.0) Gecko/153.0 Firefox/153.0"
2001:b400:e25c:97da:18aa:bf7a:f91b:5b3e - - [22/Aug/2026:05:20:49 +0800] "GET /wp-content/uploads/sites/1984/2024/08/%E8%9C%9C%E6%9C%88%E7%81%A3%E6%B5%AA%E6%B3%81%E7%9B%B4%E6%92%AD-1.jpg HTTP/1.1" 304 790 "https://www.dses.ilc.edu.tw/" "Mozilla/5.0 (Android 15; Mobile; rv:153.0) Gecko/153.0 Firefox/153.0"
2409:8c28:5460:903::69 - - [22/Aug/2026:05:20:50 +0800] "GET /yilankindergartentest/wp-content/uploads/sites/3484/2022/03/cropped-%E9%98%B2%E7%81%BD%E8%BC%94%E5%B0%8E%E5%9C%98LOGO-scaled-2-32x32.jpg HTTP/1.1" 200 19901 "https://2blog.ilc.edu.tw/yilankindergartentest/category/%E5%9C%B0%E9%9C%87%E7%81%BD%E5%AE%B3%E6%BC%94%E7%B7%B4/page/43/" "Mozilla/5.0 (Windows NT 10.0; Win64; x64) AppleWebKit/537.36 (KHTML, like Gecko) Chrome/144.0.0.0 Safari/537.36"
2001:b400:e25c:97da:18aa:bf7a:f91b:5b3e - - [22/Aug/2026:05:20:50 +0800] "GET /wp-content/uploads/sites/1984/2023/10/%E5%A4%A7%E6%BA%AA%E5%A0%B1%E9%A6%AC%E4%BB%94.png HTTP/1.1" 304 790 "https://www.dses.ilc.edu.tw/" "Mozilla/5.0 (Android 15; Mobile; rv:153.0) Gecko/153.0 Firefox/153.0"
2001:b400:e25c:97da:18aa:bf7a:f91b:5b3e - - [22/Aug/2026:05:20:50 +0800] "GET /wp-content/uploads/sites/1984/2023/09/%E6%9C%AA%E5%91%BD%E5%90%8D%E8%A8%AD%E8%A8%88-1.png HTTP/1.1" 304 790 "https://www.dses.ilc.edu.tw/" "Mozilla/5.0 (Android 15; Mobile; rv:153.0) Gecko/153.0 Firefox/153.0"
2001:b400:e25c:97da:18aa:bf7a:f91b:5b3e - - [22/Aug/2026:05:20:50 +0800] "GET /wp-content/themes/oceanwp/assets/fonts/fontawesome/webfonts/fa-solid-900.woff2 HTTP/1.1" 304 790 "https://www.dses.ilc.edu.tw/wp-content/cache/www.dses.ilc.edu.tw/wpfc-minified/9huotwi0/77wu.css" "Mozilla/5.0 (Android 15; Mobile; rv:153.0) Gecko/153.0 Firefox/153.0"
2001:b400:e25c:97da:18aa:bf7a:f91b:5b3e - - [22/Aug/2026:05:20:50 +0800] "GET /wp-content/uploads/sites/1984/2024/08/%E8%9C%9C%E6%9C%88%E7%81%A3%E6%B5%AA%E6%B3%81%E7%9B%B4%E6%92%AD-1.jpg HTTP/1.1" 304 790 "https://www.dses.ilc.edu.tw/" "Mozilla/5.0 (Android 15; Mobile; rv:153.0) Gecko/153.0 Firefox/153.0"
2001:b400:e25c:97da:18aa:bf7a:f91b:5b3e - - [22/Aug/2026:05:20:50 +0800] "GET /wp-content/uploads/sites/1984/2024/09/surfing11000-x-200-%E5%83%8F%E7%B4%A0.png HTTP/1.1" 304 790 "https://www.dses.ilc.edu.tw/" "Mozilla/5.0 (Android 15; Mobile; rv:153.0) Gecko/153.0 Firefox/153.0"
2409:8715:5880:c0::153 - - [22/Aug/2026:05:20:48 +0800] "GET /qlesct1130706/wp-content/themes/oceanwp/assets/fonts/fontawesome/webfonts/fa-solid-900.woff2 HTTP/1.1" 200 132480 "https://2blog.ilc.edu.tw/qlesct1130706/wp-content/cache/2blog.ilc.edu.tw/wpfc-minified/77gtx4zu/6dtjh.css" "Mozilla/5.0 (Windows NT 10.0; Win64; x64) AppleWebKit/537.36 (KHTML, like Gecko) Chrome/144.0.0.0 Safari/537.36"
::1 - - [22/Aug/2026:05:20:50 +0800] "OPTIONS * HTTP/1.0" 200 110 "-" "Apache/2.4.68 (Ubuntu) OpenSSL/3.0.19 (internal dummy connection)"
2001:b400:e25c:97da:18aa:bf7a:f91b:5b3e - - [22/Aug/2026:05:20:50 +0800] "GET /wp-content/uploads/sites/1984/2023/09/2023-09-25_114543.png HTTP/1.1" 304 790 "https://www.dses.ilc.edu.tw/" "Mozilla/5.0 (Android 15; Mobile; rv:153.0) Gecko/153.0 Firefox/153.0"
2001:b400:e25c:97da:18aa:bf7a:f91b:5b3e - - [22/Aug/2026:05:20:50 +0800] "GET /wp-content/uploads/sites/1984/2023/09/2023-09-25_145636.png HTTP/1.1" 304 790 "https://www.dses.ilc.edu.tw/" "Mozilla/5.0 (Android 15; Mobile; rv:153.0) Gecko/153.0 Firefox/153.0"
2001:b400:e25c:97da:18aa:bf7a:f91b:5b3e - - [22/Aug/2026:05:20:50 +0800] "GET /wp-content/uploads/sites/1984/2023/10/2023-10-01_151030.png HTTP/1.1" 304 790 "https://www.dses.ilc.edu.tw/" "Mozilla/5.0 (Android 15; Mobile; rv:153.0) Gecko/153.0 Firefox/153.0"
2001:b400:e25c:97da:18aa:bf7a:f91b:5b3e - - [22/Aug/2026:05:20:50 +0800] "GET /wp-content/uploads/sites/1984/2023/09/2023-09-25_133306.png HTTP/1.1" 304 790 "https://www.dses.ilc.edu.tw/" "Mozilla/5.0 (Android 15; Mobile; rv:153.0) Gecko/153.0 Firefox/153.0"
2001:b400:e25c:97da:18aa:bf7a:f91b:5b3e - - [22/Aug/2026:05:20:50 +0800] "GET /wp-content/uploads/sites/1984/2023/09/2023-09-25_150338.png HTTP/1.1" 304 790 "https://www.dses.ilc.edu.tw/" "Mozilla/5.0 (Android 15; Mobile; rv:153.0) Gecko/153.0 Firefox/153.0"
2001:b400:e25c:97da:18aa:bf7a:f91b:5b3e - - [22/Aug/2026:05:20:50 +0800] "GET /wp-content/uploads/sites/1984/2023/09/2023-09-25_145648.png HTTP/1.1" 304 790 "https://www.dses.ilc.edu.tw/" "Mozilla/5.0 (Android 15; Mobile; rv:153.0) Gecko/153.0 Firefox/153.0"
2001:b400:e25c:97da:18aa:bf7a:f91b:5b3e - - [22/Aug/2026:05:20:50 +0800] "GET /wp-content/uploads/sites/1984/2023/10/2023-10-05_094249.png HTTP/1.1" 304 790 "https://www.dses.ilc.edu.tw/" "Mozilla/5.0 (Android 15; Mobile; rv:153.0) Gecko/153.0 Firefox/153.0"
2001:b400:e25c:97da:18aa:bf7a:f91b:5b3e - - [22/Aug/2026:05:20:50 +0800] "GET /wp-content/uploads/sites/1984/2023/10/2023-10-02_223016.png HTTP/1.1" 304 790 "https://www.dses.ilc.edu.tw/" "Mozilla/5.0 (Android 15; Mobile; rv:153.0) Gecko/153.0 Firefox/153.0"
2001:b400:e25c:97da:18aa:bf7a:f91b:5b3e - - [22/Aug/2026:05:20:50 +0800] "GET /wp-content/uploads/sites/1984/2024/03/2024-03-17_103501.png HTTP/1.1" 304 790 "https://www.dses.ilc.edu.tw/" "Mozilla/5.0 (Android 15; Mobile; rv:153.0) Gecko/153.0 Firefox/153.0"
2001:b400:e25c:97da:18aa:bf7a:f91b:5b3e - - [22/Aug/2026:05:20:50 +0800] "GET /wp-content/uploads/sites/1984/2024/02/2024-02-24_193149.png HTTP/1.1" 304 790 "https://www.dses.ilc.edu.tw/" "Mozilla/5.0 (Android 15; Mobile; rv:153.0) Gecko/153.0 Firefox/153.0"
2001:b400:e25c:97da:18aa:bf7a:f91b:5b3e - - [22/Aug/2026:05:20:50 +0800] "GET /wp-content/uploads/sites/1984/2023/11/2023-11-15_232530.png HTTP/1.1" 304 790 "https://www.dses.ilc.edu.tw/" "Mozilla/5.0 (Android 15; Mobile; rv:153.0) Gecko/153.0 Firefox/153.0"
2001:b400:e25c:97da:18aa:bf7a:f91b:5b3e - - [22/Aug/2026:05:20:50 +0800] "GET /wp-content/uploads/sites/1984/2024/04/2024-04-02_222323.png HTTP/1.1" 304 790 "https://www.dses.ilc.edu.tw/" "Mozilla/5.0 (Android 15; Mobile; rv:153.0) Gecko/153.0 Firefox/153.0"
2001:b400:e25c:97da:18aa:bf7a:f91b:5b3e - - [22/Aug/2026:05:20:50 +0800] "GET /wp-content/uploads/sites/1984/2024/03/2024-03-17_220445.png HTTP/1.1" 304 790 "https://www.dses.ilc.edu.tw/" "Mozilla/5.0 (Android 15; Mobile; rv:153.0) Gecko/153.0 Firefox/153.0"
2001:b400:e25c:97da:18aa:bf7a:f91b:5b3e - - [22/Aug/2026:05:20:50 +0800] "GET /wp-content/uploads/sites/1984/2024/04/2024-04-02_225134.png HTTP/1.1" 304 790 "https://www.dses.ilc.edu.tw/" "Mozilla/5.0 (Android 15; Mobile; rv:153.0) Gecko/153.0 Firefox/153.0"
2001:b400:e25c:97da:18aa:bf7a:f91b:5b3e - - [22/Aug/2026:05:20:50 +0800] "GET /wp-content/uploads/sites/1984/2024/04/2024-04-09_214515.png HTTP/1.1" 304 790 "https://www.dses.ilc.edu.tw/" "Mozilla/5.0 (Android 15; Mobile; rv:153.0) Gecko/153.0 Firefox/153.0"
2001:b400:e25c:97da:18aa:bf7a:f91b:5b3e - - [22/Aug/2026:05:20:50 +0800] "GET /wp-content/plugins/elementor/assets/lib/eicons/fonts/eicons.woff2?5.30.0 HTTP/1.1" 304 790 "https://www.dses.ilc.edu.tw/wp-content/cache/www.dses.ilc.edu.tw/wpfc-minified/9huotwi0/77wu.css" "Mozilla/5.0 (Android 15; Mobile; rv:153.0) Gecko/153.0 Firefox/153.0"
2001:b400:e25c:97da:18aa:bf7a:f91b:5b3e - - [22/Aug/2026:05:20:50 +0800] "GET /wp-content/uploads/sites/1984/2023/10/%E6%96%B0%E5%A2%9E%E6%A8%99%E9%A1%8C.png HTTP/1.1" 304 790 "https://www.dses.ilc.edu.tw/" "Mozilla/5.0 (Android 15; Mobile; rv:153.0) Gecko/153.0 Firefox/153.0"
2001:b400:e25c:97da:18aa:bf7a:f91b:5b3e - - [22/Aug/2026:05:20:50 +0800] "GET /wp-content/uploads/sites/1984/2023/12/112%E9%99%B6%E7%AC%9B%E6%AF%94%E8%B3%BD%E5%84%AA%E7%AD%89.png HTTP/1.1" 304 790 "https://www.dses.ilc.edu.tw/" "Mozilla/5.0 (Android 15; Mobile; rv:153.0) Gecko/153.0 Firefox/153.0"
2001:b400:e25c:97da:18aa:bf7a:f91b:5b3e - - [22/Aug/2026:05:20:50 +0800] "GET /wp-content/uploads/sites/1984/2024/05/2024-05-26_211329.png HTTP/1.1" 304 790 "https://www.dses.ilc.edu.tw/" "Mozilla/5.0 (Android 15; Mobile; rv:153.0) Gecko/153.0 Firefox/153.0"
2001:b400:e25c:97da:18aa:bf7a:f91b:5b3e - - [22/Aug/2026:05:20:50 +0800] "GET /wp-content/uploads/sites/1984/2023/09/IMG_9004-5-scaled.jpg HTTP/1.1" 304 790 "https://www.dses.ilc.edu.tw/" "Mozilla/5.0 (Android 15; Mobile; rv:153.0) Gecko/153.0 Firefox/153.0"
2001:b400:e25c:97da:18aa:bf7a:f91b:5b3e - - [22/Aug/2026:05:20:50 +0800] "GET /wp-content/uploads/sites/1984/2024/08/%E8%82%89%E6%AF%94%E9%A0%AD.png HTTP/1.1" 304 790 "https://www.dses.ilc.edu.tw/" "Mozilla/5.0 (Android 15; Mobile; rv:153.0) Gecko/153.0 Firefox/153.0"
2001:b400:e25c:97da:18aa:bf7a:f91b:5b3e - - [22/Aug/2026:05:20:50 +0800] "GET /wp-content/uploads/sites/1984/2024/04/112%E6%A8%82%E6%A8%82%E6%A3%92%E5%86%A0%E8%BB%8D.png HTTP/1.1" 304 790 "https://www.dses.ilc.edu.tw/" "Mozilla/5.0 (Android 15; Mobile; rv:153.0) Gecko/153.0 Firefox/153.0"
2001:b400:e25c:97da:18aa:bf7a:f91b:5b3e - - [22/Aug/2026:05:20:50 +0800] "GET /wp-content/uploads/sites/1984/2025/09/%E8%8F%AF%E8%A6%96%E6%96%B0%E8%81%9E%E9%9B%9C%E8%AA%8C.png HTTP/1.1" 304 790 "https://www.dses.ilc.edu.tw/" "Mozilla/5.0 (Android 15; Mobile; rv:153.0) Gecko/153.0 Firefox/153.0"
2001:b400:e25c:97da:18aa:bf7a:f91b:5b3e - - [22/Aug/2026:05:20:50 +0800] "GET /wp-content/uploads/sites/1984/2025/09/%E9%9C%B2%E7%87%9F.png HTTP/1.1" 304 790 "https://www.dses.ilc.edu.tw/" "Mozilla/5.0 (Android 15; Mobile; rv:153.0) Gecko/153.0 Firefox/153.0"
2001:b400:e25c:97da:18aa:bf7a:f91b:5b3e - - [22/Aug/2026:05:20:50 +0800] "GET /wp-content/uploads/sites/1984/2024/03/%E4%B8%89%E5%95%86%E7%BE%8E%E9%82%A6%E6%A8%82%E6%A8%82%E6%A3%92-.png HTTP/1.1" 304 790 "https://www.dses.ilc.edu.tw/" "Mozilla/5.0 (Android 15; Mobile; rv:153.0) Gecko/153.0 Firefox/153.0"
2001:b400:e25c:97da:18aa:bf7a:f91b:5b3e - - [22/Aug/2026:05:20:50 +0800] "GET /wp-content/uploads/sites/1984/2023/09/IMG_8951-5-scaled.jpg HTTP/1.1" 304 790 "https://www.dses.ilc.edu.tw/" "Mozilla/5.0 (Android 15; Mobile; rv:153.0) Gecko/153.0 Firefox/153.0"
2001:b400:e25c:97da:18aa:bf7a:f91b:5b3e - - [22/Aug/2026:05:20:50 +0800] "GET /wp-content/uploads/sites/1984/2023/12/%E8%B2%9D%E8%B2%9D%E5%B0%8F%E6%8F%90%E7%90%B4.png HTTP/1.1" 304 790 "https://www.dses.ilc.edu.tw/" "Mozilla/5.0 (Android 15; Mobile; rv:153.0) Gecko/153.0 Firefox/153.0"
2001:b400:e25c:97da:18aa:bf7a:f91b:5b3e - - [22/Aug/2026:05:20:50 +0800] "GET /wp-content/uploads/sites/1984/2023/10/%E6%9C%AC%E6%A0%A1%E6%A6%AE%E7%8D%B2%E5%AD%B8%E5%B9%B4%E5%BA%A6%E5%AE%9C%E8%98%AD%E7%B8%A3%E9%99%B6%E7%AC%9B.png HTTP/1.1" 304 790 "https://www.dses.ilc.edu.tw/" "Mozilla/5.0 (Android 15; Mobile; rv:153.0) Gecko/153.0 Firefox/153.0"
2001:b400:e25c:97da:18aa:bf7a:f91b:5b3e - - [22/Aug/2026:05:20:50 +0800] "GET /wp-content/uploads/sites/1984/2023/09/IMG_8998-5-scaled.jpg HTTP/1.1" 304 790 "https://www.dses.ilc.edu.tw/" "Mozilla/5.0 (Android 15; Mobile; rv:153.0) Gecko/153.0 Firefox/153.0"
2001:b400:e25c:97da:18aa:bf7a:f91b:5b3e - - [22/Aug/2026:05:20:50 +0800] "GET /wp-content/uploads/sites/1984/2023/10/%E6%9C%AC%E6%A0%A1%E8%94%A1O%E9%9C%93%E5%90%8C%E5%AD%B8-1.png HTTP/1.1" 304 790 "https://www.dses.ilc.edu.tw/" "Mozilla/5.0 (Android 15; Mobile; rv:153.0) Gecko/153.0 Firefox/153.0"
2001:b400:e25c:97da:18aa:bf7a:f91b:5b3e - - [22/Aug/2026:05:20:50 +0800] "GET /wp-content/uploads/sites/1984/2023/09/IMG_8832-5-scaled.jpg HTTP/1.1" 304 790 "https://www.dses.ilc.edu.tw/" "Mozilla/5.0 (Android 15; Mobile; rv:153.0) Gecko/153.0 Firefox/153.0"
2001:b400:e25c:97da:18aa:bf7a:f91b:5b3e - - [22/Aug/2026:05:20:50 +0800] "GET /wp-content/uploads/sites/1984/2023/09/IMG_8900-5-scaled.jpg HTTP/1.1" 304 790 "https://www.dses.ilc.edu.tw/" "Mozilla/5.0 (Android 15; Mobile; rv:153.0) Gecko/153.0 Firefox/153.0"
2001:b400:e25c:97da:18aa:bf7a:f91b:5b3e - - [22/Aug/2026:05:20:50 +0800] "GET /wp-content/uploads/sites/1984/2023/10/%E5%B0%96%E9%BE%9C%E8%9C%9C%E5%A5%BD%E6%AD%A1%E5%96%9C-760-%C3%97-480-%E5%83%8F%E7%B4%A0-2.png HTTP/1.1" 304 790 "https://www.dses.ilc.edu.tw/" "Mozilla/5.0 (Android 15; Mobile; rv:153.0) Gecko/153.0 Firefox/153.0"
2001:b400:e25c:97da:18aa:bf7a:f91b:5b3e - - [22/Aug/2026:05:20:50 +0800] "GET /wp-content/uploads/sites/1984/2023/10/%E5%B0%96%E9%BE%9C%E8%9C%9C%E5%A5%BD%E6%AD%A1%E5%96%9C-760-%C3%97-480-%E5%83%8F%E7%B4%A0-1.png HTTP/1.1" 304 790 "https://www.dses.ilc.edu.tw/" "Mozilla/5.0 (Android 15; Mobile; rv:153.0) Gecko/153.0 Firefox/153.0"
2001:b400:e25c:97da:18aa:bf7a:f91b:5b3e - - [22/Aug/2026:05:20:50 +0800] "GET /wp-content/uploads/sites/1984/2023/09/IMG_7433-5-1-scaled.jpg HTTP/1.1" 304 790 "https://www.dses.ilc.edu.tw/" "Mozilla/5.0 (Android 15; Mobile; rv:153.0) Gecko/153.0 Firefox/153.0"
2001:b400:e25c:97da:18aa:bf7a:f91b:5b3e - - [22/Aug/2026:05:20:50 +0800] "GET /wp-content/uploads/sites/1984/2023/09/IMG_8920-5-1-scaled.jpg HTTP/1.1" 304 790 "https://www.dses.ilc.edu.tw/" "Mozilla/5.0 (Android 15; Mobile; rv:153.0) Gecko/153.0 Firefox/153.0"
2001:b400:e25c:97da:18aa:bf7a:f91b:5b3e - - [22/Aug/2026:05:20:50 +0800] "GET /wp-content/uploads/sites/1984/2023/09/IMG_8795-5-1-scaled.jpg HTTP/1.1" 304 790 "https://www.dses.ilc.edu.tw/" "Mozilla/5.0 (Android 15; Mobile; rv:153.0) Gecko/153.0 Firefox/153.0"
2001:b400:e25c:97da:18aa:bf7a:f91b:5b3e - - [22/Aug/2026:05:20:50 +0800] "GET /wp-content/uploads/sites/1984/2023/09/IMG_8926-5-1-scaled.jpg HTTP/1.1" 304 790 "https://www.dses.ilc.edu.tw/" "Mozilla/5.0 (Android 15; Mobile; rv:153.0) Gecko/153.0 Firefox/153.0"
2001:b400:e25c:97da:18aa:bf7a:f91b:5b3e - - [22/Aug/2026:05:20:50 +0800] "GET /wp-content/uploads/sites/1984/2023/09/IMG_8865-5-1-scaled.jpg HTTP/1.1" 304 790 "https://www.dses.ilc.edu.tw/" "Mozilla/5.0 (Android 15; Mobile; rv:153.0) Gecko/153.0 Firefox/153.0"
2001:b400:e25c:97da:18aa:bf7a:f91b:5b3e - - [22/Aug/2026:05:20:50 +0800] "GET /wp-content/plugins/elementor/assets/lib/dialog/dialog.min.js?ver=4.9.0 HTTP/1.1" 304 790 "https://www.dses.ilc.edu.tw/" "Mozilla/5.0 (Android 15; Mobile; rv:153.0) Gecko/153.0 Firefox/153.0"
2001:b400:e25c:97da:18aa:bf7a:f91b:5b3e - - [22/Aug/2026:05:20:50 +0800] "GET /wp-content/plugins/elementor/assets/lib/share-link/share-link.min.js?ver=3.22.3 HTTP/1.1" 304 790 "https://www.dses.ilc.edu.tw/" "Mozilla/5.0 (Android 15; Mobile; rv:153.0) Gecko/153.0 Firefox/153.0"
2001:b400:e25c:97da:18aa:bf7a:f91b:5b3e - - [22/Aug/2026:05:20:50 +0800] "GET /wp-content/plugins/elementor/assets/js/lightbox.94b920846d1e37cafb78.bundle.min.js HTTP/1.1" 304 790 "https://www.dses.ilc.edu.tw/" "Mozilla/5.0 (Android 15; Mobile; rv:153.0) Gecko/153.0 Firefox/153.0"
2001:b400:e25c:97da:18aa:bf7a:f91b:5b3e - - [22/Aug/2026:05:20:50 +0800] "GET /wp-content/uploads/sites/1984/2023/10/%E5%A4%A7%E6%BA%AA%E6%98%A0%E8%B1%A1.png HTTP/1.1" 304 790 "https://www.dses.ilc.edu.tw/" "Mozilla/5.0 (Android 15; Mobile; rv:153.0) Gecko/153.0 Firefox/153.0"
2001:b400:e25c:97da:18aa:bf7a:f91b:5b3e - - [22/Aug/2026:05:20:50 +0800] "GET /wp-content/plugins/elementor-pro/assets/js/media-carousel.aca2224ef13e6f999011.bundle.min.js HTTP/1.1" 304 790 "https://www.dses.ilc.edu.tw/" "Mozilla/5.0 (Android 15; Mobile; rv:153.0) Gecko/153.0 Firefox/153.0"
2001:b400:e25c:97da:18aa:bf7a:f91b:5b3e - - [22/Aug/2026:05:20:50 +0800] "GET /wp-content/plugins/elementor-pro/assets/js/social.2d2e44e8608690943f29.bundle.min.js HTTP/1.1" 304 790 "https://www.dses.ilc.edu.tw/" "Mozilla/5.0 (Android 15; Mobile; rv:153.0) Gecko/153.0 Firefox/153.0"
2001:b400:e25c:97da:18aa:bf7a:f91b:5b3e - - [22/Aug/2026:05:20:50 +0800] "GET /wp-content/uploads/sites/1984/2023/10/%E7%B2%89%E7%B5%B2%E5%B0%88%E9%A0%81.png HTTP/1.1" 304 790 "https://www.dses.ilc.edu.tw/" "Mozilla/5.0 (Android 15; Mobile; rv:153.0) Gecko/153.0 Firefox/153.0"
2001:b400:e25c:97da:18aa:bf7a:f91b:5b3e - - [22/Aug/2026:05:20:51 +0800] "GET /wp-content/plugins/elementor/assets/lib/swiper/v8/swiper.min.js?ver=8.4.5 HTTP/1.1" 304 790 "https://www.dses.ilc.edu.tw/" "Mozilla/5.0 (Android 15; Mobile; rv:153.0) Gecko/153.0 Firefox/153.0"
::1 - - [22/Aug/2026:05:20:51 +0800] "OPTIONS * HTTP/1.0" 200 110 "-" "Apache/2.4.68 (Ubuntu) OpenSSL/3.0.19 (internal dummy connection)"
2a03:2880:10ff:41:: - - [22/Aug/2026:05:20:51 +0800] "GET /tcesinfo/wp-content/cache/2blog.ilc.edu.tw/wpfc-minified/7jsq50wy/5wtjm.css HTTP/1.1" 200 45686 "https://2blog.ilc.edu.tw/tcesinfo/2020/05/" "Mozilla/5.0 (Windows NT 10.0; Win64; x64) AppleWebKit/537.36 (KHTML, like Gecko) Chrome/145.0.0.0 Safari/537.36 (compatible; meta-webindexer/1.1 (+https://developers.facebook.com/docs/sharing/webmasters/crawler))"
2a03:2880:18ff:f:: - - [22/Aug/2026:05:20:51 +0800] "GET /tcesinfo/wp-content/cache/2blog.ilc.edu.tw/wpfc-minified/kpmluwvu/5wtjm.css HTTP/1.1" 200 58086 "https://2blog.ilc.edu.tw/tcesinfo/2020/05/" "Mozilla/5.0 (Windows NT 10.0; Win64; x64) AppleWebKit/537.36 (KHTML, like Gecko) Chrome/145.0.0.0 Safari/537.36 (compatible; meta-webindexer/1.1 (+https://developers.facebook.com/docs/sharing/webmasters/crawler))"
2a03:2880:24ff:48:: - - [22/Aug/2026:05:20:51 +0800] "GET /tcesinfo/wp-content/cache/2blog.ilc.edu.tw/wpfc-minified/e4g1dql/5wtjm.js HTTP/1.1" 200 40360 "https://2blog.ilc.edu.tw/tcesinfo/2020/05/" "Mozilla/5.0 (Windows NT 10.0; Win64; x64) AppleWebKit/537.36 (KHTML, like Gecko) Chrome/145.0.0.0 Safari/537.36 (compatible; meta-webindexer/1.1 (+https://developers.facebook.com/docs/sharing/webmasters/crawler))"
2a03:2880:24ff:48:: - - [22/Aug/2026:05:20:51 +0800] "GET /tcesinfo/wp-content/cache/2blog.ilc.edu.tw/wpfc-minified/kcxcr3o8/5wtjm.css HTTP/1.1" 200 5951 "https://2blog.ilc.edu.tw/tcesinfo/2020/05/" "Mozilla/5.0 (Windows NT 10.0; Win64; x64) AppleWebKit/537.36 (KHTML, like Gecko) Chrome/145.0.0.0 Safari/537.36 (compatible; meta-webindexer/1.1 (+https://developers.facebook.com/docs/sharing/webmasters/crawler))"
2a03:2880:10ff:41:: - - [22/Aug/2026:05:20:51 +0800] "GET /tcesinfo/wp-content/uploads/sites/93/2020/05/2020-05-28_081301.png HTTP/1.1" 200 166007 "https://2blog.ilc.edu.tw/tcesinfo/2020/05/" "Mozilla/5.0 (Windows NT 10.0; Win64; x64) AppleWebKit/537.36 (KHTML, like Gecko) Chrome/145.0.0.0 Safari/537.36 (compatible; meta-webindexer/1.1 (+https://developers.facebook.com/docs/sharing/webmasters/crawler))"
2a03:2880:16ff:4f:: - - [22/Aug/2026:05:20:52 +0800] "GET /tcesinfo/wp-content/uploads/sites/93/2020/05/2020-05-28_150038.png HTTP/1.1" 200 13937 "https://2blog.ilc.edu.tw/tcesinfo/2020/05/" "Mozilla/5.0 (Windows NT 10.0; Win64; x64) AppleWebKit/537.36 (KHTML, like Gecko) Chrome/145.0.0.0 Safari/537.36 (compatible; meta-webindexer/1.1 (+https://developers.facebook.com/docs/sharing/webmasters/crawler))"
::1 - - [22/Aug/2026:05:20:52 +0800] "OPTIONS * HTTP/1.0" 200 110 "-" "Apache/2.4.68 (Ubuntu) OpenSSL/3.0.19 (internal dummy connection)"
2a03:2880:24ff:2:: - - [22/Aug/2026:05:20:52 +0800] "GET /tcesinfo/wp-content/themes/oceanwp/assets/js/ow-lightbox.min.js HTTP/1.1" 200 7115 "https://2blog.ilc.edu.tw/tcesinfo/2020/05/" "Mozilla/5.0 (Windows NT 10.0; Win64; x64) AppleWebKit/537.36 (KHTML, like Gecko) Chrome/145.0.0.0 Safari/537.36 (compatible; meta-webindexer/1.1 (+https://developers.facebook.com/docs/sharing/webmasters/crawler))"
2a03:2880:16ff:2c:: - - [22/Aug/2026:05:20:52 +0800] "GET /tcesinfo/wp-includes/js/imagesloaded.min.js HTTP/1.1" 200 7477 "https://2blog.ilc.edu.tw/tcesinfo/2020/05/" "Mozilla/5.0 (Windows NT 10.0; Win64; x64) AppleWebKit/537.36 (KHTML, like Gecko) Chrome/145.0.0.0 Safari/537.36 (compatible; meta-webindexer/1.1 (+https://developers.facebook.com/docs/sharing/webmasters/crawler))"
2a03:2880:18ff:f:: - - [22/Aug/2026:05:20:52 +0800] "GET /tcesinfo/wp-content/themes/oceanwp/assets/js/theme.min.js HTTP/1.1" 200 9924 "https://2blog.ilc.edu.tw/tcesinfo/2020/05/" "Mozilla/5.0 (Windows NT 10.0; Win64; x64) AppleWebKit/537.36 (KHTML, like Gecko) Chrome/145.0.0.0 Safari/537.36 (compatible; meta-webindexer/1.1 (+https://developers.facebook.com/docs/sharing/webmasters/crawler))"
2a03:2880:24ff:53:: - - [22/Aug/2026:05:20:52 +0800] "GET /tcesinfo/wp-includes/js/hoverintent-js.min.js HTTP/1.1" 200 6391 "https://2blog.ilc.edu.tw/tcesinfo/2020/05/" "Mozilla/5.0 (Windows NT 10.0; Win64; x64) AppleWebKit/537.36 (KHTML, like Gecko) Chrome/145.0.0.0 Safari/537.36 (compatible; meta-webindexer/1.1 (+https://developers.facebook.com/docs/sharing/webmasters/crawler))"
2a03:2880:16ff:2:: - - [22/Aug/2026:05:20:52 +0800] "GET /tcesinfo/wp-content/uploads/sites/93/2020/05/2020-05-22_111314.png HTTP/1.1" 200 56972 "https://2blog.ilc.edu.tw/tcesinfo/2020/05/" "Mozilla/5.0 (Windows NT 10.0; Win64; x64) AppleWebKit/537.36 (KHTML, like Gecko) Chrome/145.0.0.0 Safari/537.36 (compatible; meta-webindexer/1.1 (+https://developers.facebook.com/docs/sharing/webmasters/crawler))"
2a03:2880:16ff:2:: - - [22/Aug/2026:05:20:52 +0800] "GET /tcesinfo/wp-content/uploads/sites/93/2020/05/Windows-10-x64-5-2020-05-19-15-48-54.png HTTP/1.1" 200 38590 "https://2blog.ilc.edu.tw/tcesinfo/2020/05/" "Mozilla/5.0 (Windows NT 10.0; Win64; x64) AppleWebKit/537.36 (KHTML, like Gecko) Chrome/145.0.0.0 Safari/537.36 (compatible; meta-webindexer/1.1 (+https://developers.facebook.com/docs/sharing/webmasters/crawler))"
2a03:2880:24ff:53:: - - [22/Aug/2026:05:20:53 +0800] "GET /tcesinfo/wp-content/themes/oceanwp/assets/js/scroll-top.min.js HTTP/1.1" 200 7996 "https://2blog.ilc.edu.tw/tcesinfo/2020/05/" "Mozilla/5.0 (Windows NT 10.0; Win64; x64) AppleWebKit/537.36 (KHTML, like Gecko) Chrome/145.0.0.0 Safari/537.36 (compatible; meta-webindexer/1.1 (+https://developers.facebook.com/docs/sharing/webmasters/crawler))"
2a03:2880:16ff:2c:: - - [22/Aug/2026:05:20:53 +0800] "GET /tcesinfo/wp-content/uploads/sites/93/2020/05/2020-05-18_235507.png HTTP/1.1" 200 57299 "https://2blog.ilc.edu.tw/tcesinfo/2020/05/" "Mozilla/5.0 (Windows NT 10.0; Win64; x64) AppleWebKit/537.36 (KHTML, like Gecko) Chrome/145.0.0.0 Safari/537.36 (compatible; meta-webindexer/1.1 (+https://developers.facebook.com/docs/sharing/webmasters/crawler))"
2001:288:a201::66:125 - - [22/Aug/2026:05:20:53 +0800] "GET /blog/active.php HTTP/1.1" 404 1084 "-" "-"
2001:288:a201::66:125 - - [22/Aug/2026:05:20:53 +0800] "GET /blog/active.php HTTP/1.1" 301 1026 "-" "-"
140.111.67.10 - - [22/Aug/2026:05:20:53 +0800] "GET /" 301 273 "-" "-"
::1 - - [22/Aug/2026:05:20:53 +0800] "OPTIONS * HTTP/1.0" 200 110 "-" "Apache/2.4.68 (Ubuntu) OpenSSL/3.0.19 (internal dummy connection)"
2a03:2880:24ff:53:: - - [22/Aug/2026:05:20:53 +0800] "GET /tcesinfo/wp-content/themes/oceanwp/assets/fonts/fontawesome/webfonts/fa-solid-900.woff2 HTTP/1.1" 200 156040 "https://2blog.ilc.edu.tw/tcesinfo/wp-content/cache/2blog.ilc.edu.tw/wpfc-minified/kpmluwvu/5wtjm.css" "Mozilla/5.0 (Windows NT 10.0; Win64; x64) AppleWebKit/537.36 (KHTML, like Gecko) Chrome/145.0.0.0 Safari/537.36 (compatible; meta-webindexer/1.1 (+https://developers.facebook.com/docs/sharing/webmasters/crawler))"
::1 - - [22/Aug/2026:05:20:54 +0800] "OPTIONS * HTTP/1.0" 200 110 "-" "Apache/2.4.68 (Ubuntu) OpenSSL/3.0.19 (internal dummy connection)"
::1 - - [22/Aug/2026:05:20:55 +0800] "OPTIONS * HTTP/1.0" 200 110 "-" "Apache/2.4.68 (Ubuntu) OpenSSL/3.0.19 (internal dummy connection)"
82.119.201.248 - - [22/Aug/2026:05:20:56 +0800] "GET /amy6998/wp-content/uploads/sites/2364/2023/07/IMG_1250-300x225.jpg HTTP/1.1" 200 23502 "https://2blog.ilc.edu.tw/amy6998/2023/07/15/112%E5%B9%B47%E6%9C%887%E6%97%A5%E5%AD%B8%E8%A1%93%E7%99%BC%E8%A1%A8%EF%BC%88%E6%9C%89%E6%84%8F%E7%BE%A9%E7%9A%84%E6%95%99%E8%88%87%E5%AD%B8%EF%BC%89/" "Mozilla/5.0 (Macintosh; Intel Mac OS X 10_15_7) AppleWebKit/537.36 (KHTML, like Gecko) Chrome/131.0.0.0 Safari/537.36"
::1 - - [22/Aug/2026:05:20:56 +0800] "OPTIONS * HTTP/1.0" 200 110 "-" "Apache/2.4.68 (Ubuntu) OpenSSL/3.0.19 (internal dummy connection)"
::1 - - [22/Aug/2026:05:20:57 +0800] "OPTIONS * HTTP/1.0" 200 110 "-" "Apache/2.4.68 (Ubuntu) OpenSSL/3.0.19 (internal dummy connection)"
2001:288:a201::66:125 - - [22/Aug/2026:05:20:58 +0800] "GET /blog/active.php HTTP/1.1" 301 1026 "-" "-"
2001:288:a201::66:125 - - [22/Aug/2026:05:20:58 +0800] "GET /blog/active.php HTTP/1.1" 404 1084 "-" "-"
140.111.67.10 - - [22/Aug/2026:05:20:58 +0800] "GET /" 301 273 "-" "-"
::1 - - [22/Aug/2026:05:20:58 +0800] "OPTIONS * HTTP/1.0" 200 110 "-" "Apache/2.4.68 (Ubuntu) OpenSSL/3.0.19 (internal dummy connection)"
::1 - - [22/Aug/2026:05:20:59 +0800] "OPTIONS * HTTP/1.0" 200 110 "-" "Apache/2.4.68 (Ubuntu) OpenSSL/3.0.19 (internal dummy connection)"
