::1 - - [22/Aug/2026:05:10:30 +0800] "OPTIONS * HTTP/1.0" 200 110 "-" "Apache/2.4.68 (Ubuntu) OpenSSL/3.0.19 (internal dummy connection)"
216.73.216.20 - - [22/Aug/2026:05:10:30 +0800] "GET /6569/2013/11/29/%e5%85%ac%e9%96%8b%e8%a1%a8%e6%8f%9a%e7%92%b0%e4%bf%9d%e5%b0%8f%e5%bf%97%e5%b7%a5/ HTTP/1.1" 200 9785 "https://2blog.ilc.edu.tw/6569/?p=14836" "Mozilla/5.0 AppleWebKit/537.36 (KHTML, like Gecko; compatible; ClaudeBot/1.0; +claudebot@anthropic.com)"
216.73.216.20 - - [22/Aug/2026:05:10:30 +0800] "GET /4925/?p=4729 HTTP/1.1" 301 860 "-" "Mozilla/5.0 AppleWebKit/537.36 (KHTML, like Gecko; compatible; ClaudeBot/1.0; +claudebot@anthropic.com)"
216.73.216.20 - - [22/Aug/2026:05:10:30 +0800] "GET /10889/2016/06/03/7-1-1%e5%81%a5%e5%ba%b7%e6%9c%8d%e5%8b%99/ HTTP/1.1" 200 9678 "https://2blog.ilc.edu.tw/10889/?p=379" "Mozilla/5.0 AppleWebKit/537.36 (KHTML, like Gecko; compatible; ClaudeBot/1.0; +claudebot@anthropic.com)"
216.73.216.20 - - [22/Aug/2026:05:10:30 +0800] "GET /4925/?p=4880 HTTP/1.1" 301 980 "-" "Mozilla/5.0 AppleWebKit/537.36 (KHTML, like Gecko; compatible; ClaudeBot/1.0; +claudebot@anthropic.com)"
216.73.216.20 - - [22/Aug/2026:05:10:30 +0800] "GET /4925/2020/04/28/%e6%bb%bf%e8%b6%b3%e8%80%81%e5%b8%ab%e5%85%ac%e9%96%8b%e8%aa%b2-%e9%95%b7%e5%ba%a6%e7%9a%84%e5%80%8b%e5%88%a5%e5%96%ae%e4%bd%8d%e8%a4%87%e8%a3%bd%e4%b8%80%e5%bf%a0%e6%95%b8%e5%ad%b8/ HTTP/1.1" 200 12298 "https://2blog.ilc.edu.tw/4925/?p=5077" "Mozilla/5.0 AppleWebKit/537.36 (KHTML, like Gecko; compatible; ClaudeBot/1.0; +claudebot@anthropic.com)"
216.73.216.20 - - [22/Aug/2026:05:10:30 +0800] "GET /2711/?p=137 HTTP/1.1" 301 870 "-" "Mozilla/5.0 AppleWebKit/537.36 (KHTML, like Gecko; compatible; ClaudeBot/1.0; +claudebot@anthropic.com)"
216.73.216.20 - - [22/Aug/2026:05:10:30 +0800] "GET /6537/2022/04/27/111%e5%b9%b4%e5%ba%a6_08-%e5%8f%b0%e7%be%8e%e5%ad%b8%e6%a0%a1%e7%94%9f%e6%85%8b%e8%aa%8d%e8%ad%89%e6%83%85%e5%bd%a2/ HTTP/1.1" 200 10461 "https://2blog.ilc.edu.tw/6537/?p=6356" "Mozilla/5.0 AppleWebKit/537.36 (KHTML, like Gecko; compatible; ClaudeBot/1.0; +claudebot@anthropic.com)"
216.73.216.20 - - [22/Aug/2026:05:10:30 +0800] "GET /4925/2015/10/20/%e5%bb%bf%e5%9b%9b%e7%af%80%e6%b0%a3%e8%a3%9c%e5%85%85%e6%95%99%e6%9d%90/ HTTP/1.1" 200 20170 "https://2blog.ilc.edu.tw/4925/?p=4729" "Mozilla/5.0 AppleWebKit/537.36 (KHTML, like Gecko; compatible; ClaudeBot/1.0; +claudebot@anthropic.com)"
216.73.216.20 - - [22/Aug/2026:05:10:30 +0800] "GET /4925/?p=5069 HTTP/1.1" 301 5693 "-" "Mozilla/5.0 AppleWebKit/537.36 (KHTML, like Gecko; compatible; ClaudeBot/1.0; +claudebot@anthropic.com)"
2408:8738:5000:5:1::7 - - [22/Aug/2026:05:10:30 +0800] "GET /wp-content/cache/www.najh.ilc.edu.tw/wpfc-minified/kz7ju7r3/6wh9.css HTTP/1.1" 200 5959 "https://www.najh.ilc.edu.tw/category/%E6%95%99%E5%8B%99%E8%99%95/%E5%8D%87%E5%AD%B8%E7%9B%B8%E9%97%9C/page/4/" "Mozilla/5.0 (Windows NT 10.0; Win64; x64) AppleWebKit/537.36 (KHTML, like Gecko) Chrome/144.0.0.0 Safari/537.36"
2408:8738:5000:5:1::7 - - [22/Aug/2026:05:10:30 +0800] "GET /wp-content/cache/www.najh.ilc.edu.tw/wpfc-minified/kcxb236g/6wh9.css HTTP/1.1" 200 66147 "https://www.najh.ilc.edu.tw/category/%E6%95%99%E5%8B%99%E8%99%95/%E5%8D%87%E5%AD%B8%E7%9B%B8%E9%97%9C/page/4/" "Mozilla/5.0 (Windows NT 10.0; Win64; x64) AppleWebKit/537.36 (KHTML, like Gecko) Chrome/144.0.0.0 Safari/537.36"
216.73.216.20 - - [22/Aug/2026:05:10:30 +0800] "GET /4925/2016/10/26/%e7%ab%b9%e5%ae%89%e5%9c%8b%e5%b0%8f105%e5%b9%b4%e5%ba%a6%e6%8e%a8%e5%8b%95%e6%9c%ac%e5%9c%9f%e8%aa%9e%e6%9a%a8%e5%8f%b0%e7%81%a3%e6%af%8d%e8%aa%9e%e6%97%a5%e6%b4%bb%e5%8b%95%e5%af%a6%e6%96%bd/ HTTP/1.1" 200 12184 "https://2blog.ilc.edu.tw/4925/?p=4880" "Mozilla/5.0 AppleWebKit/537.36 (KHTML, like Gecko; compatible; ClaudeBot/1.0; +claudebot@anthropic.com)"
2408:8738:5000:5:1::7 - - [22/Aug/2026:05:10:30 +0800] "GET /wp-content/cache/www.najh.ilc.edu.tw/wpfc-minified/k0kc5650/6wh9.js HTTP/1.1" 200 40360 "https://www.najh.ilc.edu.tw/category/%E6%95%99%E5%8B%99%E8%99%95/%E5%8D%87%E5%AD%B8%E7%9B%B8%E9%97%9C/page/4/" "Mozilla/5.0 (Windows NT 10.0; Win64; x64) AppleWebKit/537.36 (KHTML, like Gecko) Chrome/144.0.0.0 Safari/537.36"
216.73.216.20 - - [22/Aug/2026:05:10:30 +0800] "GET /2711/2017/12/19/%e4%bd%bf%e7%94%a8%e8%a1%8c%e5%8b%95%e8%bc%89%e5%85%b7%e7%8e%a9%e7%b7%9a%e5%b0%8d%e7%a8%b1%e5%9c%96%e5%bd%a2/ HTTP/1.1" 200 11194 "https://2blog.ilc.edu.tw/2711/?p=137" "Mozilla/5.0 AppleWebKit/537.36 (KHTML, like Gecko; compatible; ClaudeBot/1.0; +claudebot@anthropic.com)"
216.73.216.20 - - [22/Aug/2026:05:10:30 +0800] "GET /4925/?p=4732 HTTP/1.1" 301 851 "-" "Mozilla/5.0 AppleWebKit/537.36 (KHTML, like Gecko; compatible; ClaudeBot/1.0; +claudebot@anthropic.com)"
216.73.216.20 - - [22/Aug/2026:05:10:30 +0800] "GET /tcesinfo/wp-json/wp/v2/categories/1 HTTP/1.1" 200 1664 "-" "Mozilla/5.0 AppleWebKit/537.36 (KHTML, like Gecko; compatible; ClaudeBot/1.0; +claudebot@anthropic.com)"
216.73.216.20 - - [22/Aug/2026:05:10:30 +0800] "GET /6569/?p=14905 HTTP/1.1" 301 895 "-" "Mozilla/5.0 AppleWebKit/537.36 (KHTML, like Gecko; compatible; ClaudeBot/1.0; +claudebot@anthropic.com)"
216.73.216.20 - - [22/Aug/2026:05:10:30 +0800] "GET /4925/?p=4883 HTTP/1.1" 301 906 "-" "Mozilla/5.0 AppleWebKit/537.36 (KHTML, like Gecko; compatible; ClaudeBot/1.0; +claudebot@anthropic.com)"
2408:8738:5000:5:1::7 - - [22/Aug/2026:05:10:30 +0800] "GET /wp-includes/js/hoverintent-js.min.js HTTP/1.1" 200 1597 "https://www.najh.ilc.edu.tw/category/%E6%95%99%E5%8B%99%E8%99%95/%E5%8D%87%E5%AD%B8%E7%9B%B8%E9%97%9C/page/4/" "Mozilla/5.0 (Windows NT 10.0; Win64; x64) AppleWebKit/537.36 (KHTML, like Gecko) Chrome/144.0.0.0 Safari/537.36"
216.73.216.20 - - [22/Aug/2026:05:10:30 +0800] "GET /4925/2020/04/24/%e4%ba%94%e3%80%81%e5%85%ad%e5%b9%b4%e7%b4%9acpr%e7%a0%94%e7%bf%92%e6%9a%a8%e9%98%b2%e7%96%ab%e5%ae%a3%e5%b0%8e/ HTTP/1.1" 200 12601 "https://2blog.ilc.edu.tw/4925/?p=5069" "Mozilla/5.0 AppleWebKit/537.36 (KHTML, like Gecko; compatible; ClaudeBot/1.0; +claudebot@anthropic.com)"
240e:f7:a092:8110::b4 - - [22/Aug/2026:05:10:30 +0800] "GET /wp-content/cache/www.najh.ilc.edu.tw/wpfc-minified/1f13uvw/6wh9.css HTTP/1.1" 200 40884 "https://www.najh.ilc.edu.tw/2025/04/30/%e8%b2%a1%e5%9c%98%e6%b3%95%e4%ba%ba%e5%ae%9c%e8%98%ad%e7%b8%a3%e7%ab%8b%e5%8d%97%e5%ae%89%e5%9c%8b%e6%b0%91%e4%b8%ad%e5%ad%b8%e6%95%99%e8%82%b2%e5%9f%ba%e9%87%91%e6%9c%83%e7%ac%ac%e4%b8%83%e5%b1%86-2/" "Mozilla/5.0 (Windows NT 10.0; Win64; x64) AppleWebKit/537.36 (KHTML, like Gecko) Chrome/144.0.0.0 Safari/537.36"
216.73.216.20 - - [22/Aug/2026:05:10:30 +0800] "GET /4925/2015/10/21/%e6%9c%ac%e5%9c%9f%e8%aa%9e%e7%92%b0%e5%a2%83%e5%b8%83%e7%bd%ae/ HTTP/1.1" 200 12082 "https://2blog.ilc.edu.tw/4925/?p=4732" "Mozilla/5.0 AppleWebKit/537.36 (KHTML, like Gecko; compatible; ClaudeBot/1.0; +claudebot@anthropic.com)"
216.73.216.20 - - [22/Aug/2026:05:10:30 +0800] "GET /3642/?p=2809 HTTP/1.1" 301 960 "-" "Mozilla/5.0 AppleWebKit/537.36 (KHTML, like Gecko; compatible; ClaudeBot/1.0; +claudebot@anthropic.com)"
216.73.216.20 - - [22/Aug/2026:05:10:31 +0800] "GET /6569/2014/11/24/103_2-7_%e6%88%90%e7%ab%8b%e7%92%b0%e5%a2%83%e7%b6%ad%e8%ad%b7%e5%ad%b8%e7%94%9f%e8%87%aa%e6%b2%bb%e5%b8%82/ HTTP/1.1" 200 11847 "https://2blog.ilc.edu.tw/6569/?p=14905" "Mozilla/5.0 AppleWebKit/537.36 (KHTML, like Gecko; compatible; ClaudeBot/1.0; +claudebot@anthropic.com)"
216.73.216.20 - - [22/Aug/2026:05:10:31 +0800] "GET /6439/?p=311 HTTP/1.1" 301 959 "-" "Mozilla/5.0 AppleWebKit/537.36 (KHTML, like Gecko; compatible; ClaudeBot/1.0; +claudebot@anthropic.com)"
240e:f7:a092:8110::b4 - - [22/Aug/2026:05:10:31 +0800] "GET /wp-content/cache/www.najh.ilc.edu.tw/wpfc-minified/4ybahoo/6wh9.css HTTP/1.1" 200 16121 "https://www.najh.ilc.edu.tw/2025/04/30/%e8%b2%a1%e5%9c%98%e6%b3%95%e4%ba%ba%e5%ae%9c%e8%98%ad%e7%b8%a3%e7%ab%8b%e5%8d%97%e5%ae%89%e5%9c%8b%e6%b0%91%e4%b8%ad%e5%ad%b8%e6%95%99%e8%82%b2%e5%9f%ba%e9%87%91%e6%9c%83%e7%ac%ac%e4%b8%83%e5%b1%86-2/" "Mozilla/5.0 (Windows NT 10.0; Win64; x64) AppleWebKit/537.36 (KHTML, like Gecko) Chrome/144.0.0.0 Safari/537.36"
240e:f7:a092:8110::b4 - - [22/Aug/2026:05:10:31 +0800] "GET /wp-content/cache/www.najh.ilc.edu.tw/wpfc-minified/kz7ju7r3/6wh9.css HTTP/1.1" 200 5959 "https://www.najh.ilc.edu.tw/2025/04/30/%e8%b2%a1%e5%9c%98%e6%b3%95%e4%ba%ba%e5%ae%9c%e8%98%ad%e7%b8%a3%e7%ab%8b%e5%8d%97%e5%ae%89%e5%9c%8b%e6%b0%91%e4%b8%ad%e5%ad%b8%e6%95%99%e8%82%b2%e5%9f%ba%e9%87%91%e6%9c%83%e7%ac%ac%e4%b8%83%e5%b1%86-2/" "Mozilla/5.0 (Windows NT 10.0; Win64; x64) AppleWebKit/537.36 (KHTML, like Gecko) Chrome/144.0.0.0 Safari/537.36"
240e:f7:a092:8110::b4 - - [22/Aug/2026:05:10:31 +0800] "GET /wp-content/cache/www.najh.ilc.edu.tw/wpfc-minified/kcxb236g/6wh9.css HTTP/1.1" 200 61684 "https://www.najh.ilc.edu.tw/2025/04/30/%e8%b2%a1%e5%9c%98%e6%b3%95%e4%ba%ba%e5%ae%9c%e8%98%ad%e7%b8%a3%e7%ab%8b%e5%8d%97%e5%ae%89%e5%9c%8b%e6%b0%91%e4%b8%ad%e5%ad%b8%e6%95%99%e8%82%b2%e5%9f%ba%e9%87%91%e6%9c%83%e7%ac%ac%e4%b8%83%e5%b1%86-2/" "Mozilla/5.0 (Windows NT 10.0; Win64; x64) AppleWebKit/537.36 (KHTML, like Gecko) Chrome/144.0.0.0 Safari/537.36"
216.73.216.20 - - [22/Aug/2026:05:10:31 +0800] "GET /3642/?p=2867 HTTP/1.1" 301 933 "-" "Mozilla/5.0 AppleWebKit/537.36 (KHTML, like Gecko; compatible; ClaudeBot/1.0; +claudebot@anthropic.com)"
240e:f7:a092:8110::b4 - - [22/Aug/2026:05:10:31 +0800] "GET /wp-content/cache/www.najh.ilc.edu.tw/wpfc-minified/k0kc5650/6wh9.js HTTP/1.1" 200 40360 "https://www.najh.ilc.edu.tw/2025/04/30/%e8%b2%a1%e5%9c%98%e6%b3%95%e4%ba%ba%e5%ae%9c%e8%98%ad%e7%b8%a3%e7%ab%8b%e5%8d%97%e5%ae%89%e5%9c%8b%e6%b0%91%e4%b8%ad%e5%ad%b8%e6%95%99%e8%82%b2%e5%9f%ba%e9%87%91%e6%9c%83%e7%ac%ac%e4%b8%83%e5%b1%86-2/" "Mozilla/5.0 (Windows NT 10.0; Win64; x64) AppleWebKit/537.36 (KHTML, like Gecko) Chrome/144.0.0.0 Safari/537.36"
240e:f7:a092:8110::b4 - - [22/Aug/2026:05:10:31 +0800] "GET /wp-content/cache/www.najh.ilc.edu.tw/wpfc-minified/2b17nkg1/6wh9.js HTTP/1.1" 200 6441 "https://www.najh.ilc.edu.tw/2025/04/30/%e8%b2%a1%e5%9c%98%e6%b3%95%e4%ba%ba%e5%ae%9c%e8%98%ad%e7%b8%a3%e7%ab%8b%e5%8d%97%e5%ae%89%e5%9c%8b%e6%b0%91%e4%b8%ad%e5%ad%b8%e6%95%99%e8%82%b2%e5%9f%ba%e9%87%91%e6%9c%83%e7%ac%ac%e4%b8%83%e5%b1%86-2/" "Mozilla/5.0 (Windows NT 10.0; Win64; x64) AppleWebKit/537.36 (KHTML, like Gecko) Chrome/144.0.0.0 Safari/537.36"
::1 - - [22/Aug/2026:05:10:31 +0800] "OPTIONS * HTTP/1.0" 200 110 "-" "Apache/2.4.68 (Ubuntu) OpenSSL/3.0.19 (internal dummy connection)"
216.73.216.20 - - [22/Aug/2026:05:10:31 +0800] "GET /3642/2017/09/04/9%e6%9c%88%e3%80%82%e6%96%b0%e6%9b%b8%e5%b1%95%e6%84%9f%e8%ac%9d%e9%99%b3%e6%b2%bc%e6%bf%a4%e5%9f%ba%e9%87%91%e6%9c%83%e3%80%81%e8%94%a1%e5%ad%9f%e8%80%98%e8%80%81%e5%b8%ab/ HTTP/1.1" 200 13997 "https://2blog.ilc.edu.tw/3642/?p=2809" "Mozilla/5.0 AppleWebKit/537.36 (KHTML, like Gecko; compatible; ClaudeBot/1.0; +claudebot@anthropic.com)"
216.73.216.20 - - [22/Aug/2026:05:10:31 +0800] "GET /6439/?p=123 HTTP/1.1" 301 953 "-" "Mozilla/5.0 AppleWebKit/537.36 (KHTML, like Gecko; compatible; ClaudeBot/1.0; +claudebot@anthropic.com)"
240e:f7:a092:8110::b4 - - [22/Aug/2026:05:10:31 +0800] "GET /wp-content/cache/www.najh.ilc.edu.tw/wpfc-minified/87xhsi2d/6wh9.css HTTP/1.1" 200 4322 "https://www.najh.ilc.edu.tw/2025/04/30/%e8%b2%a1%e5%9c%98%e6%b3%95%e4%ba%ba%e5%ae%9c%e8%98%ad%e7%b8%a3%e7%ab%8b%e5%8d%97%e5%ae%89%e5%9c%8b%e6%b0%91%e4%b8%ad%e5%ad%b8%e6%95%99%e8%82%b2%e5%9f%ba%e9%87%91%e6%9c%83%e7%ac%ac%e4%b8%83%e5%b1%86-2/" "Mozilla/5.0 (Windows NT 10.0; Win64; x64) AppleWebKit/537.36 (KHTML, like Gecko) Chrome/144.0.0.0 Safari/537.36"
216.73.216.20 - - [22/Aug/2026:05:10:31 +0800] "GET /4925/2016/10/26/%e5%85%ad%e5%b9%b4%e7%b4%9a%e9%96%a9%e5%8d%97%e8%aa%9e%e6%ad%8c%e6%9b%b2%e6%95%99%e5%94%b1-%e8%85%b3%e8%b8%8f%e8%bb%8a/ HTTP/1.1" 200 12431 "https://2blog.ilc.edu.tw/4925/?p=4883" "Mozilla/5.0 AppleWebKit/537.36 (KHTML, like Gecko; compatible; ClaudeBot/1.0; +claudebot@anthropic.com)"
216.73.216.20 - - [22/Aug/2026:05:10:31 +0800] "GET /6439/2016/11/04/105_%e6%95%99%e5%ad%b8%e8%88%87%e5%ae%a3%e5%b0%8e%e6%b4%bb%e5%8b%95_105%e5%ad%b8%e5%b9%b4%e6%95%99%e5%ae%a4%e4%bd%88%e7%bd%ae%e6%9a%a8%e7%b6%a0%e7%be%8e%e5%8c%96%e5%af%a6%e6%96%bd%e8%be%a6%e6%b3%95/ HTTP/1.1" 200 25506 "https://2blog.ilc.edu.tw/6439/?p=311" "Mozilla/5.0 AppleWebKit/537.36 (KHTML, like Gecko; compatible; ClaudeBot/1.0; +claudebot@anthropic.com)"
216.73.216.20 - - [22/Aug/2026:05:10:31 +0800] "GET /6439/?p=106 HTTP/1.1" 301 961 "-" "Mozilla/5.0 AppleWebKit/537.36 (KHTML, like Gecko; compatible; ClaudeBot/1.0; +claudebot@anthropic.com)"
240e:f7:a092:8110::b4 - - [22/Aug/2026:05:10:31 +0800] "GET /wp-includes/js/hoverintent-js.min.js HTTP/1.1" 200 1597 "https://www.najh.ilc.edu.tw/2025/04/30/%e8%b2%a1%e5%9c%98%e6%b3%95%e4%ba%ba%e5%ae%9c%e8%98%ad%e7%b8%a3%e7%ab%8b%e5%8d%97%e5%ae%89%e5%9c%8b%e6%b0%91%e4%b8%ad%e5%ad%b8%e6%95%99%e8%82%b2%e5%9f%ba%e9%87%91%e6%9c%83%e7%ac%ac%e4%b8%83%e5%b1%86-2/" "Mozilla/5.0 (Windows NT 10.0; Win64; x64) AppleWebKit/537.36 (KHTML, like Gecko) Chrome/144.0.0.0 Safari/537.36"
216.73.216.20 - - [22/Aug/2026:05:10:31 +0800] "GET /6439/2012/11/26/%e4%b8%8912%e6%8e%a8%e8%a1%8c%e6%a9%9f%e9%97%9c%e7%b6%a0%e8%89%b2%e6%8e%a1%e8%b3%bc%e6%8e%a8%e5%8b%95%e6%96%b9%e6%a1%88%e5%8a%a0%e5%bc%b7%e8%be%a6%e7%90%86%e7%92%b0%e4%bf%9d%e6%a8%99%e7%ab%a0/ HTTP/1.1" 200 25693 "https://2blog.ilc.edu.tw/6439/?p=123" "Mozilla/5.0 AppleWebKit/537.36 (KHTML, like Gecko; compatible; ClaudeBot/1.0; +claudebot@anthropic.com)"
216.73.216.20 - - [22/Aug/2026:05:10:31 +0800] "GET /tcesinfo/2020/page/4/ HTTP/1.1" 200 11904 "-" "Mozilla/5.0 AppleWebKit/537.36 (KHTML, like Gecko; compatible; ClaudeBot/1.0; +claudebot@anthropic.com)"
216.73.216.20 - - [22/Aug/2026:05:10:31 +0800] "GET /6537/?p=5075 HTTP/1.1" 301 890 "-" "Mozilla/5.0 AppleWebKit/537.36 (KHTML, like Gecko; compatible; ClaudeBot/1.0; +claudebot@anthropic.com)"
216.73.216.20 - - [22/Aug/2026:05:10:31 +0800] "GET /3642/2018/09/04/9%e6%9c%88%e3%80%82%e5%b0%8f%e4%b8%80%e3%80%8c%e9%96%b1%e8%ae%80%e9%bd%8a%e6%ad%a5%e8%b5%b0%e3%80%8d%e6%9b%b8%e7%b9%a9%e7%99%be%e5%88%86%e7%99%be/ HTTP/1.1" 200 15873 "https://2blog.ilc.edu.tw/3642/?p=2867" "Mozilla/5.0 AppleWebKit/537.36 (KHTML, like Gecko; compatible; ClaudeBot/1.0; +claudebot@anthropic.com)"
216.73.216.20 - - [22/Aug/2026:05:10:31 +0800] "GET /6439/2012/11/23/%e4%ba%8c3%e8%be%a6%e7%90%86%e7%92%b0%e5%a2%83%e6%95%99%e8%82%b2%e7%a0%94%e7%bf%92%e4%b8%a6%e6%9c%89%e8%be%a6%e7%90%86%e5%9b%9e%e9%a5%8b%e6%84%8f%e8%a6%8b%e8%aa%bf%e6%9f%a5%e5%8f%8a%e6%88%90%e6%95%88/ HTTP/1.1" 200 29527 "https://2blog.ilc.edu.tw/6439/?p=106" "Mozilla/5.0 AppleWebKit/537.36 (KHTML, like Gecko; compatible; ClaudeBot/1.0; +claudebot@anthropic.com)"
52.71.218.25 - - [22/Aug/2026:05:10:31 +0800] "GET /wp-content/uploads/sites/2813/6488/6488-3334873.png HTTP/1.1" 200 224971 "-" "Mozilla/5.0 AppleWebKit/537.36 (KHTML, like Gecko; compatible; Amazonbot/0.1; +https://developer.amazon.com/support/amazonbot) Chrome/119.0.6045.214 Safari/537.36"
2408:8738:5000:5:1::7 - - [22/Aug/2026:05:10:31 +0800] "GET /wp-content/themes/oceanwp/assets/js/drop-down-search.min.js HTTP/1.1" 200 2968 "https://www.najh.ilc.edu.tw/category/%E6%95%99%E5%8B%99%E8%99%95/%E5%8D%87%E5%AD%B8%E7%9B%B8%E9%97%9C/page/4/" "Mozilla/5.0 (Windows NT 10.0; Win64; x64) AppleWebKit/537.36 (KHTML, like Gecko) Chrome/144.0.0.0 Safari/537.36"
2408:8738:5000:5:1::7 - - [22/Aug/2026:05:10:31 +0800] "GET /wp-content/themes/oceanwp/assets/js/theme.min.js HTTP/1.1" 200 5130 "https://www.najh.ilc.edu.tw/category/%E6%95%99%E5%8B%99%E8%99%95/%E5%8D%87%E5%AD%B8%E7%9B%B8%E9%97%9C/page/4/" "Mozilla/5.0 (Windows NT 10.0; Win64; x64) AppleWebKit/537.36 (KHTML, like Gecko) Chrome/144.0.0.0 Safari/537.36"
2408:8738:5000:5:1::7 - - [22/Aug/2026:05:10:31 +0800] "GET /wp-content/themes/oceanwp/assets/js/drop-down-mobile-menu.min.js HTTP/1.1" 200 4663 "https://www.najh.ilc.edu.tw/category/%E6%95%99%E5%8B%99%E8%99%95/%E5%8D%87%E5%AD%B8%E7%9B%B8%E9%97%9C/page/4/" "Mozilla/5.0 (Windows NT 10.0; Win64; x64) AppleWebKit/537.36 (KHTML, like Gecko) Chrome/144.0.0.0 Safari/537.36"
240e:f7:a092:8110::b4 - - [22/Aug/2026:05:10:31 +0800] "GET /wp-includes/js/admin-bar.min.js HTTP/1.1" 200 2237 "https://www.najh.ilc.edu.tw/2025/04/30/%e8%b2%a1%e5%9c%98%e6%b3%95%e4%ba%ba%e5%ae%9c%e8%98%ad%e7%b8%a3%e7%ab%8b%e5%8d%97%e5%ae%89%e5%9c%8b%e6%b0%91%e4%b8%ad%e5%ad%b8%e6%95%99%e8%82%b2%e5%9f%ba%e9%87%91%e6%9c%83%e7%ac%ac%e4%b8%83%e5%b1%86-2/" "Mozilla/5.0 (Windows NT 10.0; Win64; x64) AppleWebKit/537.36 (KHTML, like Gecko) Chrome/144.0.0.0 Safari/537.36"
216.73.216.20 - - [22/Aug/2026:05:10:31 +0800] "GET /6569/?p=15147 HTTP/1.1" 301 869 "-" "Mozilla/5.0 AppleWebKit/537.36 (KHTML, like Gecko; compatible; ClaudeBot/1.0; +claudebot@anthropic.com)"
216.73.216.20 - - [22/Aug/2026:05:10:31 +0800] "GET /6537/2013/12/02/102%e5%b9%b4%e7%92%b0%e5%a2%83%e6%95%99%e8%82%b2%e8%87%aa%e8%a9%95%e8%a1%a8%e4%b8%8b%e8%bc%89%e7%89%88/ HTTP/1.1" 200 10771 "https://2blog.ilc.edu.tw/6537/?p=5075" "Mozilla/5.0 AppleWebKit/537.36 (KHTML, like Gecko; compatible; ClaudeBot/1.0; +claudebot@anthropic.com)"
216.73.216.20 - - [22/Aug/2026:05:10:31 +0800] "GET /tcesinfo/2020/page/3/ HTTP/1.1" 200 12148 "-" "Mozilla/5.0 AppleWebKit/537.36 (KHTML, like Gecko; compatible; ClaudeBot/1.0; +claudebot@anthropic.com)"
216.73.216.20 - - [22/Aug/2026:05:10:31 +0800] "GET /4925/?p=4940 HTTP/1.1" 301 872 "-" "Mozilla/5.0 AppleWebKit/537.36 (KHTML, like Gecko; compatible; ClaudeBot/1.0; +claudebot@anthropic.com)"
216.73.216.20 - - [22/Aug/2026:05:10:31 +0800] "GET /6569/2017/09/07/%e5%b9%bc%e5%85%92%e5%9c%92%e7%92%b0%e5%a2%83%e6%95%99%e8%82%b2%e6%b4%bb%e5%8b%95/ HTTP/1.1" 200 11748 "https://2blog.ilc.edu.tw/6569/?p=15147" "Mozilla/5.0 AppleWebKit/537.36 (KHTML, like Gecko; compatible; ClaudeBot/1.0; +claudebot@anthropic.com)"
2408:8738:5000:5:1::7 - - [22/Aug/2026:05:10:32 +0800] "GET /wp-content/themes/oceanwp/assets/fonts/simple-line-icons/Simple-Line-Icons.woff2?v=2.4.0 HTTP/1.1" 200 30959 "https://www.najh.ilc.edu.tw/wp-content/cache/www.najh.ilc.edu.tw/wpfc-minified/kcxb236g/6wh9.css" "Mozilla/5.0 (Windows NT 10.0; Win64; x64) AppleWebKit/537.36 (KHTML, like Gecko) Chrome/144.0.0.0 Safari/537.36"
2408:8738:5000:5:1::7 - - [22/Aug/2026:05:10:32 +0800] "GET /wp-content/themes/oceanwp/assets/js/vendors/flickity.pkgd.min.js HTTP/1.1" 200 15048 "https://www.najh.ilc.edu.tw/category/%E6%95%99%E5%8B%99%E8%99%95/%E5%8D%87%E5%AD%B8%E7%9B%B8%E9%97%9C/page/4/" "Mozilla/5.0 (Windows NT 10.0; Win64; x64) AppleWebKit/537.36 (KHTML, like Gecko) Chrome/144.0.0.0 Safari/537.36"
2408:8738:5000:5:1::7 - - [22/Aug/2026:05:10:32 +0800] "GET /wp-content/themes/oceanwp/assets/js/ow-slider.min.js HTTP/1.1" 200 1761 "https://www.najh.ilc.edu.tw/category/%E6%95%99%E5%8B%99%E8%99%95/%E5%8D%87%E5%AD%B8%E7%9B%B8%E9%97%9C/page/4/" "Mozilla/5.0 (Windows NT 10.0; Win64; x64) AppleWebKit/537.36 (KHTML, like Gecko) Chrome/144.0.0.0 Safari/537.36"
18.213.70.100 - - [22/Aug/2026:05:10:31 +0800] "GET /3860/2010/03/21/%E9%97%9C%E6%96%BC%E5%85%92%E7%AB%A5%E8%AE%80%E7%B6%93%E7%9A%84%E7%9C%81%E6%80%9D/embed/ HTTP/1.1" 200 12580 "-" "Mozilla/5.0 AppleWebKit/537.36 (KHTML, like Gecko; compatible; Amazonbot/0.1; +https://developer.amazon.com/support/amazonbot) Chrome/119.0.6045.214 Safari/537.36"
240e:f7:a092:8110::b4 - - [22/Aug/2026:05:10:32 +0800] "GET /wp-includes/js/imagesloaded.min.js HTTP/1.1" 200 2683 "https://www.najh.ilc.edu.tw/2025/04/30/%e8%b2%a1%e5%9c%98%e6%b3%95%e4%ba%ba%e5%ae%9c%e8%98%ad%e7%b8%a3%e7%ab%8b%e5%8d%97%e5%ae%89%e5%9c%8b%e6%b0%91%e4%b8%ad%e5%ad%b8%e6%95%99%e8%82%b2%e5%9f%ba%e9%87%91%e6%9c%83%e7%ac%ac%e4%b8%83%e5%b1%86-2/" "Mozilla/5.0 (Windows NT 10.0; Win64; x64) AppleWebKit/537.36 (KHTML, like Gecko) Chrome/144.0.0.0 Safari/537.36"
240e:f7:a092:8110::b4 - - [22/Aug/2026:05:10:32 +0800] "GET /wp-content/themes/oceanwp/assets/js/drop-down-search.min.js HTTP/1.1" 200 2968 "https://www.najh.ilc.edu.tw/2025/04/30/%e8%b2%a1%e5%9c%98%e6%b3%95%e4%ba%ba%e5%ae%9c%e8%98%ad%e7%b8%a3%e7%ab%8b%e5%8d%97%e5%ae%89%e5%9c%8b%e6%b0%91%e4%b8%ad%e5%ad%b8%e6%95%99%e8%82%b2%e5%9f%ba%e9%87%91%e6%9c%83%e7%ac%ac%e4%b8%83%e5%b1%86-2/" "Mozilla/5.0 (Windows NT 10.0; Win64; x64) AppleWebKit/537.36 (KHTML, like Gecko) Chrome/144.0.0.0 Safari/537.36"
240e:f7:a092:8110::b4 - - [22/Aug/2026:05:10:32 +0800] "GET /wp-content/themes/oceanwp/assets/js/drop-down-mobile-menu.min.js HTTP/1.1" 200 4663 "https://www.najh.ilc.edu.tw/2025/04/30/%e8%b2%a1%e5%9c%98%e6%b3%95%e4%ba%ba%e5%ae%9c%e8%98%ad%e7%b8%a3%e7%ab%8b%e5%8d%97%e5%ae%89%e5%9c%8b%e6%b0%91%e4%b8%ad%e5%ad%b8%e6%95%99%e8%82%b2%e5%9f%ba%e9%87%91%e6%9c%83%e7%ac%ac%e4%b8%83%e5%b1%86-2/" "Mozilla/5.0 (Windows NT 10.0; Win64; x64) AppleWebKit/537.36 (KHTML, like Gecko) Chrome/144.0.0.0 Safari/537.36"
240e:f7:a092:8110::b4 - - [22/Aug/2026:05:10:32 +0800] "GET /wp-content/themes/oceanwp/assets/js/theme.min.js HTTP/1.1" 200 5130 "https://www.najh.ilc.edu.tw/2025/04/30/%e8%b2%a1%e5%9c%98%e6%b3%95%e4%ba%ba%e5%ae%9c%e8%98%ad%e7%b8%a3%e7%ab%8b%e5%8d%97%e5%ae%89%e5%9c%8b%e6%b0%91%e4%b8%ad%e5%ad%b8%e6%95%99%e8%82%b2%e5%9f%ba%e9%87%91%e6%9c%83%e7%ac%ac%e4%b8%83%e5%b1%86-2/" "Mozilla/5.0 (Windows NT 10.0; Win64; x64) AppleWebKit/537.36 (KHTML, like Gecko) Chrome/144.0.0.0 Safari/537.36"
240e:f7:a092:8110::b4 - - [22/Aug/2026:05:10:32 +0800] "GET /wp-content/themes/oceanwp/assets/js/vendors/magnific-popup.min.js HTTP/1.1" 200 8270 "https://www.najh.ilc.edu.tw/2025/04/30/%e8%b2%a1%e5%9c%98%e6%b3%95%e4%ba%ba%e5%ae%9c%e8%98%ad%e7%b8%a3%e7%ab%8b%e5%8d%97%e5%ae%89%e5%9c%8b%e6%b0%91%e4%b8%ad%e5%ad%b8%e6%95%99%e8%82%b2%e5%9f%ba%e9%87%91%e6%9c%83%e7%ac%ac%e4%b8%83%e5%b1%86-2/" "Mozilla/5.0 (Windows NT 10.0; Win64; x64) AppleWebKit/537.36 (KHTML, like Gecko) Chrome/144.0.0.0 Safari/537.36"
2001:ee0:4662:ae10:a1a9:6148:f515:9e61 - - [22/Aug/2026:05:10:32 +0800] "GET /3860/2023/03/02/1%e4%b8%8b-e%e3%80%80-2%e4%b8%8b-ha%e3%80%80-3%e4%b8%8b-he%e3%80%80-4%e4%b8%8b-e/ HTTP/1.1" 200 31400 "-" "Mozilla/5.0 (Macintosh; Intel Mac OS X 10_15_7) AppleWebKit/537.36 (KHTML, like Gecko) Chrome/124.0.0.0 Safari/537.36"
216.73.216.20 - - [22/Aug/2026:05:10:32 +0800] "GET /4925/2018/08/20/107%e5%ad%b8%e5%b9%b4%e5%ba%a6%e8%aa%b2%e7%a8%8b%e8%a9%95%e9%91%91%e8%a8%88%e7%95%ab/ HTTP/1.1" 200 12035 "https://2blog.ilc.edu.tw/4925/?p=4940" "Mozilla/5.0 AppleWebKit/537.36 (KHTML, like Gecko; compatible; ClaudeBot/1.0; +claudebot@anthropic.com)"
2408:8738:5000:5:1::7 - - [22/Aug/2026:05:10:32 +0800] "GET /wp-content/themes/oceanwp/assets/js/scroll-top.min.js HTTP/1.1" 200 3202 "https://www.najh.ilc.edu.tw/category/%E6%95%99%E5%8B%99%E8%99%95/%E5%8D%87%E5%AD%B8%E7%9B%B8%E9%97%9C/page/4/" "Mozilla/5.0 (Windows NT 10.0; Win64; x64) AppleWebKit/537.36 (KHTML, like Gecko) Chrome/144.0.0.0 Safari/537.36"
240e:f7:a092:8110::b4 - - [22/Aug/2026:05:10:32 +0800] "POST /wp-json/ilc-summary/v1/popular-posts HTTP/1.1" 201 1270 "https://www.najh.ilc.edu.tw/2025/04/30/%e8%b2%a1%e5%9c%98%e6%b3%95%e4%ba%ba%e5%ae%9c%e8%98%ad%e7%b8%a3%e7%ab%8b%e5%8d%97%e5%ae%89%e5%9c%8b%e6%b0%91%e4%b8%ad%e5%ad%b8%e6%95%99%e8%82%b2%e5%9f%ba%e9%87%91%e6%9c%83%e7%ac%ac%e4%b8%83%e5%b1%86-2/" "Mozilla/5.0 (Windows NT 10.0; Win64; x64) AppleWebKit/537.36 (KHTML, like Gecko) Chrome/144.0.0.0 Safari/537.36"
2408:8738:5000:5:1::7 - - [22/Aug/2026:05:10:32 +0800] "GET /wp-content/themes/oceanwp/assets/js/select.min.js HTTP/1.1" 200 2408 "https://www.najh.ilc.edu.tw/category/%E6%95%99%E5%8B%99%E8%99%95/%E5%8D%87%E5%AD%B8%E7%9B%B8%E9%97%9C/page/4/" "Mozilla/5.0 (Windows NT 10.0; Win64; x64) AppleWebKit/537.36 (KHTML, like Gecko) Chrome/144.0.0.0 Safari/537.36"
240e:f7:a092:8110::b4 - - [22/Aug/2026:05:10:32 +0800] "GET /wp-content/themes/oceanwp/assets/fonts/fontawesome/webfonts/fa-solid-900.woff2 HTTP/1.1" 200 151246 "https://www.najh.ilc.edu.tw/wp-content/cache/www.najh.ilc.edu.tw/wpfc-minified/kcxb236g/6wh9.css" "Mozilla/5.0 (Windows NT 10.0; Win64; x64) AppleWebKit/537.36 (KHTML, like Gecko) Chrome/144.0.0.0 Safari/537.36"
240e:f7:a092:8110::b4 - - [22/Aug/2026:05:10:32 +0800] "GET /wp-content/themes/oceanwp/assets/fonts/simple-line-icons/Simple-Line-Icons.woff2?v=2.4.0 HTTP/1.1" 200 30959 "https://www.najh.ilc.edu.tw/wp-content/cache/www.najh.ilc.edu.tw/wpfc-minified/kcxb236g/6wh9.css" "Mozilla/5.0 (Windows NT 10.0; Win64; x64) AppleWebKit/537.36 (KHTML, like Gecko) Chrome/144.0.0.0 Safari/537.36"
240e:f7:a092:8110::b4 - - [22/Aug/2026:05:10:32 +0800] "GET /wp-content/themes/oceanwp/assets/fonts/fontawesome/webfonts/fa-regular-400.woff2 HTTP/1.1" 200 25383 "https://www.najh.ilc.edu.tw/wp-content/cache/www.najh.ilc.edu.tw/wpfc-minified/kcxb236g/6wh9.css" "Mozilla/5.0 (Windows NT 10.0; Win64; x64) AppleWebKit/537.36 (KHTML, like Gecko) Chrome/144.0.0.0 Safari/537.36"
240e:f7:a092:8110::b4 - - [22/Aug/2026:05:10:32 +0800] "GET /wp-content/themes/oceanwp/assets/js/ow-lightbox.min.js HTTP/1.1" 200 2321 "https://www.najh.ilc.edu.tw/2025/04/30/%e8%b2%a1%e5%9c%98%e6%b3%95%e4%ba%ba%e5%ae%9c%e8%98%ad%e7%b8%a3%e7%ab%8b%e5%8d%97%e5%ae%89%e5%9c%8b%e6%b0%91%e4%b8%ad%e5%ad%b8%e6%95%99%e8%82%b2%e5%9f%ba%e9%87%91%e6%9c%83%e7%ac%ac%e4%b8%83%e5%b1%86-2/" "Mozilla/5.0 (Windows NT 10.0; Win64; x64) AppleWebKit/537.36 (KHTML, like Gecko) Chrome/144.0.0.0 Safari/537.36"
240e:f7:a092:8110::b4 - - [22/Aug/2026:05:10:32 +0800] "GET /wp-content/themes/oceanwp/assets/js/vendors/flickity.pkgd.min.js HTTP/1.1" 200 15048 "https://www.najh.ilc.edu.tw/2025/04/30/%e8%b2%a1%e5%9c%98%e6%b3%95%e4%ba%ba%e5%ae%9c%e8%98%ad%e7%b8%a3%e7%ab%8b%e5%8d%97%e5%ae%89%e5%9c%8b%e6%b0%91%e4%b8%ad%e5%ad%b8%e6%95%99%e8%82%b2%e5%9f%ba%e9%87%91%e6%9c%83%e7%ac%ac%e4%b8%83%e5%b1%86-2/" "Mozilla/5.0 (Windows NT 10.0; Win64; x64) AppleWebKit/537.36 (KHTML, like Gecko) Chrome/144.0.0.0 Safari/537.36"
2408:8738:5000:5:1::7 - - [22/Aug/2026:05:10:32 +0800] "GET /wp-includes/js/mediaelement/mediaelement-migrate.min.js HTTP/1.1" 200 1419 "https://www.najh.ilc.edu.tw/category/%E6%95%99%E5%8B%99%E8%99%95/%E5%8D%87%E5%AD%B8%E7%9B%B8%E9%97%9C/page/4/" "Mozilla/5.0 (Windows NT 10.0; Win64; x64) AppleWebKit/537.36 (KHTML, like Gecko) Chrome/144.0.0.0 Safari/537.36"
2408:8738:5000:5:1::7 - - [22/Aug/2026:05:10:32 +0800] "GET /wp-includes/js/mediaelement/wp-mediaelement.min.js HTTP/1.1" 200 1417 "https://www.najh.ilc.edu.tw/category/%E6%95%99%E5%8B%99%E8%99%95/%E5%8D%87%E5%AD%B8%E7%9B%B8%E9%97%9C/page/4/" "Mozilla/5.0 (Windows NT 10.0; Win64; x64) AppleWebKit/537.36 (KHTML, like Gecko) Chrome/144.0.0.0 Safari/537.36"
2408:8738:5000:5:1::7 - - [22/Aug/2026:05:10:32 +0800] "GET /wp-includes/js/mediaelement/renderers/vimeo.min.js HTTP/1.1" 200 3164 "https://www.najh.ilc.edu.tw/category/%E6%95%99%E5%8B%99%E8%99%95/%E5%8D%87%E5%AD%B8%E7%9B%B8%E9%97%9C/page/4/" "Mozilla/5.0 (Windows NT 10.0; Win64; x64) AppleWebKit/537.36 (KHTML, like Gecko) Chrome/144.0.0.0 Safari/537.36"
240e:f7:a092:8110::b4 - - [22/Aug/2026:05:10:32 +0800] "GET /wp-content/themes/oceanwp/assets/js/ow-slider.min.js HTTP/1.1" 200 1761 "https://www.najh.ilc.edu.tw/2025/04/30/%e8%b2%a1%e5%9c%98%e6%b3%95%e4%ba%ba%e5%ae%9c%e8%98%ad%e7%b8%a3%e7%ab%8b%e5%8d%97%e5%ae%89%e5%9c%8b%e6%b0%91%e4%b8%ad%e5%ad%b8%e6%95%99%e8%82%b2%e5%9f%ba%e9%87%91%e6%9c%83%e7%ac%ac%e4%b8%83%e5%b1%86-2/" "Mozilla/5.0 (Windows NT 10.0; Win64; x64) AppleWebKit/537.36 (KHTML, like Gecko) Chrome/144.0.0.0 Safari/537.36"
2408:862e:ff:ff33::149 - - [22/Aug/2026:05:10:32 +0800] "GET /2010/09/08/ HTTP/1.1" 200 15536 "-" "Mozilla/5.0 (Windows NT 10.0; Win64; x64) AppleWebKit/537.36 (KHTML, like Gecko) Chrome/144.0.0.0 Safari/537.36"
240e:f7:a092:8110::b4 - - [22/Aug/2026:05:10:32 +0800] "GET /wp-content/themes/oceanwp/assets/js/scroll-effect.min.js HTTP/1.1" 200 4127 "https://www.najh.ilc.edu.tw/2025/04/30/%e8%b2%a1%e5%9c%98%e6%b3%95%e4%ba%ba%e5%ae%9c%e8%98%ad%e7%b8%a3%e7%ab%8b%e5%8d%97%e5%ae%89%e5%9c%8b%e6%b0%91%e4%b8%ad%e5%ad%b8%e6%95%99%e8%82%b2%e5%9f%ba%e9%87%91%e6%9c%83%e7%ac%ac%e4%b8%83%e5%b1%86-2/" "Mozilla/5.0 (Windows NT 10.0; Win64; x64) AppleWebKit/537.36 (KHTML, like Gecko) Chrome/144.0.0.0 Safari/537.36"
240e:f7:a092:8110::b4 - - [22/Aug/2026:05:10:32 +0800] "GET /wp-content/themes/oceanwp/assets/js/scroll-top.min.js HTTP/1.1" 200 3202 "https://www.najh.ilc.edu.tw/2025/04/30/%e8%b2%a1%e5%9c%98%e6%b3%95%e4%ba%ba%e5%ae%9c%e8%98%ad%e7%b8%a3%e7%ab%8b%e5%8d%97%e5%ae%89%e5%9c%8b%e6%b0%91%e4%b8%ad%e5%ad%b8%e6%95%99%e8%82%b2%e5%9f%ba%e9%87%91%e6%9c%83%e7%ac%ac%e4%b8%83%e5%b1%86-2/" "Mozilla/5.0 (Windows NT 10.0; Win64; x64) AppleWebKit/537.36 (KHTML, like Gecko) Chrome/144.0.0.0 Safari/537.36"
240e:f7:a092:8110::b4 - - [22/Aug/2026:05:10:32 +0800] "GET /wp-content/themes/oceanwp/assets/js/select.min.js HTTP/1.1" 200 2408 "https://www.najh.ilc.edu.tw/2025/04/30/%e8%b2%a1%e5%9c%98%e6%b3%95%e4%ba%ba%e5%ae%9c%e8%98%ad%e7%b8%a3%e7%ab%8b%e5%8d%97%e5%ae%89%e5%9c%8b%e6%b0%91%e4%b8%ad%e5%ad%b8%e6%95%99%e8%82%b2%e5%9f%ba%e9%87%91%e6%9c%83%e7%ac%ac%e4%b8%83%e5%b1%86-2/" "Mozilla/5.0 (Windows NT 10.0; Win64; x64) AppleWebKit/537.36 (KHTML, like Gecko) Chrome/144.0.0.0 Safari/537.36"
240e:f7:a092:8110::b4 - - [22/Aug/2026:05:10:33 +0800] "GET /wp-content/plugins/ocean-extra/includes/widgets/js/flickr.min.js HTTP/1.1" 200 1319 "https://www.najh.ilc.edu.tw/2025/04/30/%e8%b2%a1%e5%9c%98%e6%b3%95%e4%ba%ba%e5%ae%9c%e8%98%ad%e7%b8%a3%e7%ab%8b%e5%8d%97%e5%ae%89%e5%9c%8b%e6%b0%91%e4%b8%ad%e5%ad%b8%e6%95%99%e8%82%b2%e5%9f%ba%e9%87%91%e6%9c%83%e7%ac%ac%e4%b8%83%e5%b1%86-2/" "Mozilla/5.0 (Windows NT 10.0; Win64; x64) AppleWebKit/537.36 (KHTML, like Gecko) Chrome/144.0.0.0 Safari/537.36"
240e:f7:a092:8110::b4 - - [22/Aug/2026:05:10:33 +0800] "GET /wp-includes/js/mediaelement/mediaelement-and-player.min.js HTTP/1.1" 200 39802 "https://www.najh.ilc.edu.tw/2025/04/30/%e8%b2%a1%e5%9c%98%e6%b3%95%e4%ba%ba%e5%ae%9c%e8%98%ad%e7%b8%a3%e7%ab%8b%e5%8d%97%e5%ae%89%e5%9c%8b%e6%b0%91%e4%b8%ad%e5%ad%b8%e6%95%99%e8%82%b2%e5%9f%ba%e9%87%91%e6%9c%83%e7%ac%ac%e4%b8%83%e5%b1%86-2/" "Mozilla/5.0 (Windows NT 10.0; Win64; x64) AppleWebKit/537.36 (KHTML, like Gecko) Chrome/144.0.0.0 Safari/537.36"
2001:288:a201::66:125 - - [22/Aug/2026:05:10:33 +0800] "GET /blog/active.php HTTP/1.1" 301 1026 "-" "-"
2001:288:a201::66:125 - - [22/Aug/2026:05:10:33 +0800] "GET /blog/active.php HTTP/1.1" 404 1084 "-" "-"
240e:f7:a092:8110::b4 - - [22/Aug/2026:05:10:33 +0800] "GET /wp-includes/js/mediaelement/wp-mediaelement.min.js HTTP/1.1" 200 1417 "https://www.najh.ilc.edu.tw/2025/04/30/%e8%b2%a1%e5%9c%98%e6%b3%95%e4%ba%ba%e5%ae%9c%e8%98%ad%e7%b8%a3%e7%ab%8b%e5%8d%97%e5%ae%89%e5%9c%8b%e6%b0%91%e4%b8%ad%e5%ad%b8%e6%95%99%e8%82%b2%e5%9f%ba%e9%87%91%e6%9c%83%e7%ac%ac%e4%b8%83%e5%b1%86-2/" "Mozilla/5.0 (Windows NT 10.0; Win64; x64) AppleWebKit/537.36 (KHTML, like Gecko) Chrome/144.0.0.0 Safari/537.36"
240e:f7:a092:8110::b4 - - [22/Aug/2026:05:10:33 +0800] "GET /wp-includes/js/mediaelement/mediaelement-migrate.min.js HTTP/1.1" 200 1419 "https://www.najh.ilc.edu.tw/2025/04/30/%e8%b2%a1%e5%9c%98%e6%b3%95%e4%ba%ba%e5%ae%9c%e8%98%ad%e7%b8%a3%e7%ab%8b%e5%8d%97%e5%ae%89%e5%9c%8b%e6%b0%91%e4%b8%ad%e5%ad%b8%e6%95%99%e8%82%b2%e5%9f%ba%e9%87%91%e6%9c%83%e7%ac%ac%e4%b8%83%e5%b1%86-2/" "Mozilla/5.0 (Windows NT 10.0; Win64; x64) AppleWebKit/537.36 (KHTML, like Gecko) Chrome/144.0.0.0 Safari/537.36"
240e:f7:a092:8110::b4 - - [22/Aug/2026:05:10:33 +0800] "GET /wp-includes/js/mediaelement/renderers/vimeo.min.js HTTP/1.1" 200 3164 "https://www.najh.ilc.edu.tw/2025/04/30/%e8%b2%a1%e5%9c%98%e6%b3%95%e4%ba%ba%e5%ae%9c%e8%98%ad%e7%b8%a3%e7%ab%8b%e5%8d%97%e5%ae%89%e5%9c%8b%e6%b0%91%e4%b8%ad%e5%ad%b8%e6%95%99%e8%82%b2%e5%9f%ba%e9%87%91%e6%9c%83%e7%ac%ac%e4%b8%83%e5%b1%86-2/" "Mozilla/5.0 (Windows NT 10.0; Win64; x64) AppleWebKit/537.36 (KHTML, like Gecko) Chrome/144.0.0.0 Safari/537.36"
::1 - - [22/Aug/2026:05:10:33 +0800] "OPTIONS * HTTP/1.0" 200 110 "-" "Apache/2.4.68 (Ubuntu) OpenSSL/3.0.19 (internal dummy connection)"
2408:862e:ff:ff33::149 - - [22/Aug/2026:05:10:33 +0800] "GET /wp-content/cache/ilta.ilc.edu.tw/wpfc-minified/30cml7nx/6wvk.css HTTP/1.1" 200 40877 "https://ilta.ilc.edu.tw/2010/09/08/" "Mozilla/5.0 (Windows NT 10.0; Win64; x64) AppleWebKit/537.36 (KHTML, like Gecko) Chrome/144.0.0.0 Safari/537.36"
140.111.67.10 - - [22/Aug/2026:05:10:33 +0800] "GET /" 301 273 "-" "-"
2408:8722:1040:80::64 - - [22/Aug/2026:05:10:33 +0800] "GET /2015/03/page/2/ HTTP/1.1" 200 16644 "-" "Mozilla/5.0 (Windows NT 10.0; Win64; x64) AppleWebKit/537.36 (KHTML, like Gecko) Chrome/144.0.0.0 Safari/537.36"
2408:872f:c00:408::16d - - [22/Aug/2026:05:10:33 +0800] "GET /?p=159 HTTP/1.1" 301 5776 "-" "Mozilla/5.0 (Windows NT 10.0; Win64; x64) AppleWebKit/537.36 (KHTML, like Gecko) Chrome/144.0.0.0 Safari/537.36"
2408:862e:ff:ff33::149 - - [22/Aug/2026:05:10:33 +0800] "GET /wp-content/cache/ilta.ilc.edu.tw/wpfc-minified/l07fx5lw/6wvk.css HTTP/1.1" 200 15782 "https://ilta.ilc.edu.tw/2010/09/08/" "Mozilla/5.0 (Windows NT 10.0; Win64; x64) AppleWebKit/537.36 (KHTML, like Gecko) Chrome/144.0.0.0 Safari/537.36"
2408:8221:2415:1f80:d292:faff:fe94:8a - - [22/Aug/2026:05:10:33 +0800] "GET /2012/01/03 HTTP/1.1" 301 5709 "-" "Mozilla/5.0 (Windows NT 10.0; Win64; x64) AppleWebKit/537.36 (KHTML, like Gecko) Chrome/120.0.0.0 Safari/537.36"
2408:872f:c00:408::16d - - [22/Aug/2026:05:10:33 +0800] "GET /2019/10/01/159/ HTTP/1.1" 200 46252 "-" "Mozilla/5.0 (Windows NT 10.0; Win64; x64) AppleWebKit/537.36 (KHTML, like Gecko) Chrome/144.0.0.0 Safari/537.36"
2408:8722:1040:80::64 - - [22/Aug/2026:05:10:34 +0800] "GET /wp-content/cache/ilta.ilc.edu.tw/wpfc-minified/30cml7nx/6wvk.css HTTP/1.1" 200 40877 "https://ilta.ilc.edu.tw/2015/03/page/2/" "Mozilla/5.0 (Windows NT 10.0; Win64; x64) AppleWebKit/537.36 (KHTML, like Gecko) Chrome/144.0.0.0 Safari/537.36"
2408:862e:ff:ff33::149 - - [22/Aug/2026:05:10:34 +0800] "GET /wp-includes/js/imagesloaded.min.js HTTP/1.1" 200 2683 "https://ilta.ilc.edu.tw/2010/09/08/" "Mozilla/5.0 (Windows NT 10.0; Win64; x64) AppleWebKit/537.36 (KHTML, like Gecko) Chrome/144.0.0.0 Safari/537.36"
::1 - - [22/Aug/2026:05:10:34 +0800] "OPTIONS * HTTP/1.0" 200 110 "-" "Apache/2.4.68 (Ubuntu) OpenSSL/3.0.19 (internal dummy connection)"
2408:862e:ff:ff33::149 - - [22/Aug/2026:05:10:34 +0800] "GET /wp-content/themes/oceanwp/assets/js/vendors/magnific-popup.min.js HTTP/1.1" 200 8270 "https://ilta.ilc.edu.tw/2010/09/08/" "Mozilla/5.0 (Windows NT 10.0; Win64; x64) AppleWebKit/537.36 (KHTML, like Gecko) Chrome/144.0.0.0 Safari/537.36"
2408:862e:ff:ff33::149 - - [22/Aug/2026:05:10:34 +0800] "GET /wp-content/themes/oceanwp/assets/js/scroll-top.min.js HTTP/1.1" 200 3202 "https://ilta.ilc.edu.tw/2010/09/08/" "Mozilla/5.0 (Windows NT 10.0; Win64; x64) AppleWebKit/537.36 (KHTML, like Gecko) Chrome/144.0.0.0 Safari/537.36"
2408:8722:1040:80::64 - - [22/Aug/2026:05:10:34 +0800] "GET /wp-content/cache/ilta.ilc.edu.tw/wpfc-minified/l07fx5lw/6wvk.css HTTP/1.1" 200 15782 "https://ilta.ilc.edu.tw/2015/03/page/2/" "Mozilla/5.0 (Windows NT 10.0; Win64; x64) AppleWebKit/537.36 (KHTML, like Gecko) Chrome/144.0.0.0 Safari/537.36"
2408:872f:c00:408::16d - - [22/Aug/2026:05:10:34 +0800] "GET /wp-content/cache/www.najh.ilc.edu.tw/wpfc-minified/1f13uvw/6wh9.css HTTP/1.1" 200 40884 "https://www.najh.ilc.edu.tw/2019/10/01/159/" "Mozilla/5.0 (Windows NT 10.0; Win64; x64) AppleWebKit/537.36 (KHTML, like Gecko) Chrome/144.0.0.0 Safari/537.36"
2408:8722:1040:80::64 - - [22/Aug/2026:05:10:35 +0800] "GET /wp-content/cache/ilta.ilc.edu.tw/wpfc-minified/qm0ohmet/6wvk.css HTTP/1.1" 200 1157 "https://ilta.ilc.edu.tw/2015/03/page/2/" "Mozilla/5.0 (Windows NT 10.0; Win64; x64) AppleWebKit/537.36 (KHTML, like Gecko) Chrome/144.0.0.0 Safari/537.36"
2408:8722:1040:80::64 - - [22/Aug/2026:05:10:35 +0800] "GET /wp-includes/js/hoverintent-js.min.js HTTP/1.1" 200 6392 "https://ilta.ilc.edu.tw/2015/03/page/2/" "Mozilla/5.0 (Windows NT 10.0; Win64; x64) AppleWebKit/537.36 (KHTML, like Gecko) Chrome/144.0.0.0 Safari/537.36"
2408:8722:1040:80::64 - - [22/Aug/2026:05:10:35 +0800] "GET /wp-content/cache/ilta.ilc.edu.tw/wpfc-minified/1qjpbzp9/6wvk.js HTTP/1.1" 200 35888 "https://ilta.ilc.edu.tw/2015/03/page/2/" "Mozilla/5.0 (Windows NT 10.0; Win64; x64) AppleWebKit/537.36 (KHTML, like Gecko) Chrome/144.0.0.0 Safari/537.36"
2408:8722:1040:80::64 - - [22/Aug/2026:05:10:35 +0800] "GET /wp-content/cache/ilta.ilc.edu.tw/wpfc-minified/7vo8n6iy/6wvk.css HTTP/1.1" 200 61047 "https://ilta.ilc.edu.tw/2015/03/page/2/" "Mozilla/5.0 (Windows NT 10.0; Win64; x64) AppleWebKit/537.36 (KHTML, like Gecko) Chrome/144.0.0.0 Safari/537.36"
2408:8722:1040:80::64 - - [22/Aug/2026:05:10:35 +0800] "GET /wp-includes/js/imagesloaded.min.js HTTP/1.1" 200 7478 "https://ilta.ilc.edu.tw/2015/03/page/2/" "Mozilla/5.0 (Windows NT 10.0; Win64; x64) AppleWebKit/537.36 (KHTML, like Gecko) Chrome/144.0.0.0 Safari/537.36"
2408:8722:1040:80::64 - - [22/Aug/2026:05:10:35 +0800] "GET /wp-includes/js/admin-bar.min.js HTTP/1.1" 200 7032 "https://ilta.ilc.edu.tw/2015/03/page/2/" "Mozilla/5.0 (Windows NT 10.0; Win64; x64) AppleWebKit/537.36 (KHTML, like Gecko) Chrome/144.0.0.0 Safari/537.36"
216.73.216.20 - - [22/Aug/2026:05:10:35 +0800] "GET /5882/?p=6587 HTTP/1.1" 301 5748 "-" "Mozilla/5.0 AppleWebKit/537.36 (KHTML, like Gecko; compatible; ClaudeBot/1.0; +claudebot@anthropic.com)"
2408:872f:c00:408::16d - - [22/Aug/2026:05:10:35 +0800] "GET /wp-content/cache/www.najh.ilc.edu.tw/wpfc-minified/4ybahoo/6wh9.css HTTP/1.1" 200 16121 "https://www.najh.ilc.edu.tw/2019/10/01/159/" "Mozilla/5.0 (Windows NT 10.0; Win64; x64) AppleWebKit/537.36 (KHTML, like Gecko) Chrome/144.0.0.0 Safari/537.36"
2408:872f:c00:408::16d - - [22/Aug/2026:05:10:35 +0800] "GET /wp-content/cache/www.najh.ilc.edu.tw/wpfc-minified/kz7ju7r3/6wh9.css HTTP/1.1" 200 1496 "https://www.najh.ilc.edu.tw/2019/10/01/159/" "Mozilla/5.0 (Windows NT 10.0; Win64; x64) AppleWebKit/537.36 (KHTML, like Gecko) Chrome/144.0.0.0 Safari/537.36"
2408:872f:c00:408::16d - - [22/Aug/2026:05:10:35 +0800] "GET /wp-content/cache/www.najh.ilc.edu.tw/wpfc-minified/kcxb236g/6wh9.css HTTP/1.1" 200 66147 "https://www.najh.ilc.edu.tw/2019/10/01/159/" "Mozilla/5.0 (Windows NT 10.0; Win64; x64) AppleWebKit/537.36 (KHTML, like Gecko) Chrome/144.0.0.0 Safari/537.36"
2408:872f:c00:408::16d - - [22/Aug/2026:05:10:35 +0800] "GET /wp-content/cache/www.najh.ilc.edu.tw/wpfc-minified/k0kc5650/6wh9.js HTTP/1.1" 200 40360 "https://www.najh.ilc.edu.tw/2019/10/01/159/" "Mozilla/5.0 (Windows NT 10.0; Win64; x64) AppleWebKit/537.36 (KHTML, like Gecko) Chrome/144.0.0.0 Safari/537.36"
2408:872f:c00:408::16d - - [22/Aug/2026:05:10:35 +0800] "GET /wp-content/cache/www.najh.ilc.edu.tw/wpfc-minified/2b17nkg1/6wh9.js HTTP/1.1" 200 1639 "https://www.najh.ilc.edu.tw/2019/10/01/159/" "Mozilla/5.0 (Windows NT 10.0; Win64; x64) AppleWebKit/537.36 (KHTML, like Gecko) Chrome/144.0.0.0 Safari/537.36"
2408:8722:1040:80::64 - - [22/Aug/2026:05:10:35 +0800] "GET /wp-content/themes/oceanwp/assets/js/theme.min.js HTTP/1.1" 200 5130 "https://ilta.ilc.edu.tw/2015/03/page/2/" "Mozilla/5.0 (Windows NT 10.0; Win64; x64) AppleWebKit/537.36 (KHTML, like Gecko) Chrome/144.0.0.0 Safari/537.36"
2408:8722:1040:80::64 - - [22/Aug/2026:05:10:35 +0800] "GET /wp-content/themes/oceanwp/assets/js/drop-down-mobile-menu.min.js HTTP/1.1" 200 4663 "https://ilta.ilc.edu.tw/2015/03/page/2/" "Mozilla/5.0 (Windows NT 10.0; Win64; x64) AppleWebKit/537.36 (KHTML, like Gecko) Chrome/144.0.0.0 Safari/537.36"
2408:8722:1040:80::64 - - [22/Aug/2026:05:10:35 +0800] "GET /wp-content/themes/oceanwp/assets/js/vendors/magnific-popup.min.js HTTP/1.1" 200 8270 "https://ilta.ilc.edu.tw/2015/03/page/2/" "Mozilla/5.0 (Windows NT 10.0; Win64; x64) AppleWebKit/537.36 (KHTML, like Gecko) Chrome/144.0.0.0 Safari/537.36"
2408:8722:1040:80::64 - - [22/Aug/2026:05:10:35 +0800] "GET /wp-content/themes/oceanwp/assets/js/drop-down-search.min.js HTTP/1.1" 200 2968 "https://ilta.ilc.edu.tw/2015/03/page/2/" "Mozilla/5.0 (Windows NT 10.0; Win64; x64) AppleWebKit/537.36 (KHTML, like Gecko) Chrome/144.0.0.0 Safari/537.36"
216.73.216.20 - - [22/Aug/2026:05:10:35 +0800] "GET /5882/?p=6478 HTTP/1.1" 301 1003 "-" "Mozilla/5.0 AppleWebKit/537.36 (KHTML, like Gecko; compatible; ClaudeBot/1.0; +claudebot@anthropic.com)"
2408:872f:c00:408::16d - - [22/Aug/2026:05:10:35 +0800] "GET /wp-content/cache/www.najh.ilc.edu.tw/wpfc-minified/87xhsi2d/6wh9.css HTTP/1.1" 200 4322 "https://www.najh.ilc.edu.tw/2019/10/01/159/" "Mozilla/5.0 (Windows NT 10.0; Win64; x64) AppleWebKit/537.36 (KHTML, like Gecko) Chrome/144.0.0.0 Safari/537.36"
216.73.216.20 - - [22/Aug/2026:05:10:35 +0800] "GET /5882/?p=6569 HTTP/1.1" 301 5850 "-" "Mozilla/5.0 AppleWebKit/537.36 (KHTML, like Gecko; compatible; ClaudeBot/1.0; +claudebot@anthropic.com)"
2408:872f:c00:408::16d - - [22/Aug/2026:05:10:35 +0800] "GET /wp-includes/js/hoverintent-js.min.js HTTP/1.1" 200 1597 "https://www.najh.ilc.edu.tw/2019/10/01/159/" "Mozilla/5.0 (Windows NT 10.0; Win64; x64) AppleWebKit/537.36 (KHTML, like Gecko) Chrome/144.0.0.0 Safari/537.36"
2408:8722:1040:80::64 - - [22/Aug/2026:05:10:35 +0800] "GET /wp-content/themes/oceanwp/assets/js/ow-lightbox.min.js HTTP/1.1" 200 2321 "https://ilta.ilc.edu.tw/2015/03/page/2/" "Mozilla/5.0 (Windows NT 10.0; Win64; x64) AppleWebKit/537.36 (KHTML, like Gecko) Chrome/144.0.0.0 Safari/537.36"
2408:8722:1040:80::64 - - [22/Aug/2026:05:10:35 +0800] "GET /wp-content/themes/oceanwp/assets/js/ow-slider.min.js HTTP/1.1" 200 1761 "https://ilta.ilc.edu.tw/2015/03/page/2/" "Mozilla/5.0 (Windows NT 10.0; Win64; x64) AppleWebKit/537.36 (KHTML, like Gecko) Chrome/144.0.0.0 Safari/537.36"
2408:8722:1040:80::64 - - [22/Aug/2026:05:10:35 +0800] "GET /wp-content/themes/oceanwp/assets/js/vendors/flickity.pkgd.min.js HTTP/1.1" 200 15048 "https://ilta.ilc.edu.tw/2015/03/page/2/" "Mozilla/5.0 (Windows NT 10.0; Win64; x64) AppleWebKit/537.36 (KHTML, like Gecko) Chrome/144.0.0.0 Safari/537.36"
2408:8722:1040:80::64 - - [22/Aug/2026:05:10:35 +0800] "GET /wp-content/themes/oceanwp/assets/js/scroll-top.min.js HTTP/1.1" 200 3202 "https://ilta.ilc.edu.tw/2015/03/page/2/" "Mozilla/5.0 (Windows NT 10.0; Win64; x64) AppleWebKit/537.36 (KHTML, like Gecko) Chrome/144.0.0.0 Safari/537.36"
2408:8722:1040:80::64 - - [22/Aug/2026:05:10:35 +0800] "GET /wp-content/themes/oceanwp/assets/js/scroll-effect.min.js HTTP/1.1" 200 4127 "https://ilta.ilc.edu.tw/2015/03/page/2/" "Mozilla/5.0 (Windows NT 10.0; Win64; x64) AppleWebKit/537.36 (KHTML, like Gecko) Chrome/144.0.0.0 Safari/537.36"
216.73.216.20 - - [22/Aug/2026:05:10:35 +0800] "GET /5882/?p=6545 HTTP/1.1" 301 921 "-" "Mozilla/5.0 AppleWebKit/537.36 (KHTML, like Gecko; compatible; ClaudeBot/1.0; +claudebot@anthropic.com)"
216.73.216.20 - - [22/Aug/2026:05:10:35 +0800] "GET /5882/?p=6352 HTTP/1.1" 301 1000 "-" "Mozilla/5.0 AppleWebKit/537.36 (KHTML, like Gecko; compatible; ClaudeBot/1.0; +claudebot@anthropic.com)"
2408:872f:c00:408::16d - - [22/Aug/2026:05:10:35 +0800] "GET /wp-includes/js/admin-bar.min.js HTTP/1.1" 200 2237 "https://www.najh.ilc.edu.tw/2019/10/01/159/" "Mozilla/5.0 (Windows NT 10.0; Win64; x64) AppleWebKit/537.36 (KHTML, like Gecko) Chrome/144.0.0.0 Safari/537.36"
2408:8722:1040:80::64 - - [22/Aug/2026:05:10:35 +0800] "GET /wp-content/themes/oceanwp/assets/js/select.min.js HTTP/1.1" 200 2408 "https://ilta.ilc.edu.tw/2015/03/page/2/" "Mozilla/5.0 (Windows NT 10.0; Win64; x64) AppleWebKit/537.36 (KHTML, like Gecko) Chrome/144.0.0.0 Safari/537.36"
2408:8722:1040:80::64 - - [22/Aug/2026:05:10:36 +0800] "GET /wp-content/plugins/ocean-extra/includes/widgets/js/flickr.min.js HTTP/1.1" 200 1319 "https://ilta.ilc.edu.tw/2015/03/page/2/" "Mozilla/5.0 (Windows NT 10.0; Win64; x64) AppleWebKit/537.36 (KHTML, like Gecko) Chrome/144.0.0.0 Safari/537.36"
2408:8722:1040:80::64 - - [22/Aug/2026:05:10:36 +0800] "GET /wp-content/themes/oceanwp/assets/fonts/simple-line-icons/Simple-Line-Icons.woff2?v=2.4.0 HTTP/1.1" 200 30959 "https://ilta.ilc.edu.tw/wp-content/cache/ilta.ilc.edu.tw/wpfc-minified/7vo8n6iy/6wvk.css" "Mozilla/5.0 (Windows NT 10.0; Win64; x64) AppleWebKit/537.36 (KHTML, like Gecko) Chrome/144.0.0.0 Safari/537.36"
216.73.216.20 - - [22/Aug/2026:05:10:35 +0800] "GET /6439/author/paialice/page/3/ HTTP/1.1" 200 26334 "-" "Mozilla/5.0 AppleWebKit/537.36 (KHTML, like Gecko; compatible; ClaudeBot/1.0; +claudebot@anthropic.com)"
216.73.216.20 - - [22/Aug/2026:05:10:36 +0800] "GET /5882/?p=6504 HTTP/1.1" 301 931 "-" "Mozilla/5.0 AppleWebKit/537.36 (KHTML, like Gecko; compatible; ClaudeBot/1.0; +claudebot@anthropic.com)"
2408:872f:c00:408::16d - - [22/Aug/2026:05:10:36 +0800] "GET /wp-includes/js/imagesloaded.min.js HTTP/1.1" 200 2683 "https://www.najh.ilc.edu.tw/2019/10/01/159/" "Mozilla/5.0 (Windows NT 10.0; Win64; x64) AppleWebKit/537.36 (KHTML, like Gecko) Chrome/144.0.0.0 Safari/537.36"
2408:872f:c00:408::16d - - [22/Aug/2026:05:10:36 +0800] "GET /wp-content/themes/oceanwp/assets/js/drop-down-mobile-menu.min.js HTTP/1.1" 200 4663 "https://www.najh.ilc.edu.tw/2019/10/01/159/" "Mozilla/5.0 (Windows NT 10.0; Win64; x64) AppleWebKit/537.36 (KHTML, like Gecko) Chrome/144.0.0.0 Safari/537.36"
2408:872f:c00:408::16d - - [22/Aug/2026:05:10:36 +0800] "GET /wp-content/themes/oceanwp/assets/js/theme.min.js HTTP/1.1" 200 5130 "https://www.najh.ilc.edu.tw/2019/10/01/159/" "Mozilla/5.0 (Windows NT 10.0; Win64; x64) AppleWebKit/537.36 (KHTML, like Gecko) Chrome/144.0.0.0 Safari/537.36"
2408:872f:c00:408::16d - - [22/Aug/2026:05:10:36 +0800] "GET /wp-content/themes/oceanwp/assets/js/drop-down-search.min.js HTTP/1.1" 200 2968 "https://www.najh.ilc.edu.tw/2019/10/01/159/" "Mozilla/5.0 (Windows NT 10.0; Win64; x64) AppleWebKit/537.36 (KHTML, like Gecko) Chrome/144.0.0.0 Safari/537.36"
2408:872f:c00:408::16d - - [22/Aug/2026:05:10:36 +0800] "POST /wp-json/ilc-summary/v1/popular-posts HTTP/1.1" 201 1268 "https://www.najh.ilc.edu.tw/2019/10/01/159/" "Mozilla/5.0 (Windows NT 10.0; Win64; x64) AppleWebKit/537.36 (KHTML, like Gecko) Chrome/144.0.0.0 Safari/537.36"
216.73.216.20 - - [22/Aug/2026:05:10:36 +0800] "GET /5882/?p=6599 HTTP/1.1" 301 1000 "-" "Mozilla/5.0 AppleWebKit/537.36 (KHTML, like Gecko; compatible; ClaudeBot/1.0; +claudebot@anthropic.com)"
216.73.216.20 - - [22/Aug/2026:05:10:36 +0800] "GET /5882/2014/04/07/%e5%86%8d%e6%ac%a1%e6%aa%a2%e6%9f%a5%e4%b9%8b%e5%90%8d%e5%86%8a/ HTTP/1.1" 200 9627 "https://2blog.ilc.edu.tw/5882/?p=6587" "Mozilla/5.0 AppleWebKit/537.36 (KHTML, like Gecko; compatible; ClaudeBot/1.0; +claudebot@anthropic.com)"
216.73.216.20 - - [22/Aug/2026:05:10:36 +0800] "GET /5882/?p=6544 HTTP/1.1" 301 5794 "-" "Mozilla/5.0 AppleWebKit/537.36 (KHTML, like Gecko; compatible; ClaudeBot/1.0; +claudebot@anthropic.com)"
2408:872f:c00:408::16d - - [22/Aug/2026:05:10:36 +0800] "GET /wp-content/themes/oceanwp/assets/fonts/simple-line-icons/Simple-Line-Icons.woff2?v=2.4.0 HTTP/1.1" 200 30959 "https://www.najh.ilc.edu.tw/wp-content/cache/www.najh.ilc.edu.tw/wpfc-minified/kcxb236g/6wh9.css" "Mozilla/5.0 (Windows NT 10.0; Win64; x64) AppleWebKit/537.36 (KHTML, like Gecko) Chrome/144.0.0.0 Safari/537.36"
2408:872f:c00:408::16d - - [22/Aug/2026:05:10:36 +0800] "GET /wp-content/themes/oceanwp/assets/fonts/fontawesome/webfonts/fa-solid-900.woff2 HTTP/1.1" 200 151246 "https://www.najh.ilc.edu.tw/wp-content/cache/www.najh.ilc.edu.tw/wpfc-minified/kcxb236g/6wh9.css" "Mozilla/5.0 (Windows NT 10.0; Win64; x64) AppleWebKit/537.36 (KHTML, like Gecko) Chrome/144.0.0.0 Safari/537.36"
2408:872f:c00:408::16d - - [22/Aug/2026:05:10:36 +0800] "GET /wp-content/themes/oceanwp/assets/fonts/fontawesome/webfonts/fa-regular-400.woff2 HTTP/1.1" 200 25383 "https://www.najh.ilc.edu.tw/wp-content/cache/www.najh.ilc.edu.tw/wpfc-minified/kcxb236g/6wh9.css" "Mozilla/5.0 (Windows NT 10.0; Win64; x64) AppleWebKit/537.36 (KHTML, like Gecko) Chrome/144.0.0.0 Safari/537.36"
2408:872f:c00:408::16d - - [22/Aug/2026:05:10:36 +0800] "GET /wp-content/themes/oceanwp/assets/js/vendors/magnific-popup.min.js HTTP/1.1" 200 13072 "https://www.najh.ilc.edu.tw/2019/10/01/159/" "Mozilla/5.0 (Windows NT 10.0; Win64; x64) AppleWebKit/537.36 (KHTML, like Gecko) Chrome/144.0.0.0 Safari/537.36"
2408:872f:c00:408::16d - - [22/Aug/2026:05:10:36 +0800] "GET /wp-content/themes/oceanwp/assets/js/ow-lightbox.min.js HTTP/1.1" 200 2321 "https://www.najh.ilc.edu.tw/2019/10/01/159/" "Mozilla/5.0 (Windows NT 10.0; Win64; x64) AppleWebKit/537.36 (KHTML, like Gecko) Chrome/144.0.0.0 Safari/537.36"
2408:8722:1040:80::64 - - [22/Aug/2026:05:10:36 +0800] "GET /wp-content/themes/oceanwp/assets/fonts/fontawesome/webfonts/fa-solid-900.woff2 HTTP/1.1" 200 151246 "https://ilta.ilc.edu.tw/wp-content/cache/ilta.ilc.edu.tw/wpfc-minified/7vo8n6iy/6wvk.css" "Mozilla/5.0 (Windows NT 10.0; Win64; x64) AppleWebKit/537.36 (KHTML, like Gecko) Chrome/144.0.0.0 Safari/537.36"
2408:872f:c00:408::16d - - [22/Aug/2026:05:10:36 +0800] "GET /wp-content/themes/oceanwp/assets/js/vendors/flickity.pkgd.min.js HTTP/1.1" 200 15048 "https://www.najh.ilc.edu.tw/2019/10/01/159/" "Mozilla/5.0 (Windows NT 10.0; Win64; x64) AppleWebKit/537.36 (KHTML, like Gecko) Chrome/144.0.0.0 Safari/537.36"
216.73.216.20 - - [22/Aug/2026:05:10:36 +0800] "GET /5882/?p=6573 HTTP/1.1" 301 897 "-" "Mozilla/5.0 AppleWebKit/537.36 (KHTML, like Gecko; compatible; ClaudeBot/1.0; +claudebot@anthropic.com)"
2408:872f:c00:408::16d - - [22/Aug/2026:05:10:37 +0800] "GET /wp-content/themes/oceanwp/assets/js/ow-slider.min.js HTTP/1.1" 200 1761 "https://www.najh.ilc.edu.tw/2019/10/01/159/" "Mozilla/5.0 (Windows NT 10.0; Win64; x64) AppleWebKit/537.36 (KHTML, like Gecko) Chrome/144.0.0.0 Safari/537.36"
2408:872f:c00:408::16d - - [22/Aug/2026:05:10:37 +0800] "GET /wp-content/themes/oceanwp/assets/js/scroll-effect.min.js HTTP/1.1" 200 4127 "https://www.najh.ilc.edu.tw/2019/10/01/159/" "Mozilla/5.0 (Windows NT 10.0; Win64; x64) AppleWebKit/537.36 (KHTML, like Gecko) Chrome/144.0.0.0 Safari/537.36"
2408:872f:c00:408::16d - - [22/Aug/2026:05:10:37 +0800] "GET /wp-content/themes/oceanwp/assets/js/select.min.js HTTP/1.1" 200 2408 "https://www.najh.ilc.edu.tw/2019/10/01/159/" "Mozilla/5.0 (Windows NT 10.0; Win64; x64) AppleWebKit/537.36 (KHTML, like Gecko) Chrome/144.0.0.0 Safari/537.36"
