54.156.55.147 - - [22/Aug/2026:05:10:43 +0800] "GET /6509/wp-json/wp/v2/posts/12604 HTTP/1.1" 200 15246 "-" "Mozilla/5.0 AppleWebKit/537.36 (KHTML, like Gecko; compatible; Amazonbot/0.1; +https://developer.amazon.com/support/amazonbot) Chrome/119.0.6045.214 Safari/537.36"
216.73.216.20 - - [22/Aug/2026:05:10:44 +0800] "GET /6569/2018/10/18/107_3-1-1_%e6%a4%8d%e7%89%a9%e7%9a%84%e6%a8%99%e7%a4%ba%e8%a7%a3%e8%aa%aa/ HTTP/1.1" 200 9832 "https://2blog.ilc.edu.tw/6569/?p=15227" "Mozilla/5.0 AppleWebKit/537.36 (KHTML, like Gecko; compatible; ClaudeBot/1.0; +claudebot@anthropic.com)"
216.73.216.20 - - [22/Aug/2026:05:10:43 +0800] "GET /6439/?p=171 HTTP/1.1" 301 953 "-" "Mozilla/5.0 AppleWebKit/537.36 (KHTML, like Gecko; compatible; ClaudeBot/1.0; +claudebot@anthropic.com)"
2401:e180:8850:8c13:94af:5166:8971:b1dc - - [22/Aug/2026:05:10:44 +0800] "GET /1003/wp-includes/css/dashicons.min.css HTTP/1.1" 200 36736 "https://2blog.ilc.edu.tw/1003/?s=%E7%8F%AD%E7%B4%9A%E7%B6%93%E7%87%9F" "Mozilla/5.0 (iPhone; CPU iPhone OS 26_5_0 like Mac OS X) AppleWebKit/605.1.15 (KHTML, like Gecko) CriOS/151.0.7922.57 Mobile/15E148 Safari/604.1"
2408:8726:2000:a::1328 - - [22/Aug/2026:05:10:44 +0800] "GET /wp-includes/js/imagesloaded.min.js HTTP/1.1" 200 2683 "https://www.jwps.ilc.edu.tw/%e5%b0%8b%e6%89%be%e6%95%99%e8%82%b2%e5%ae%b6%e5%90%88%e5%a4%a5%e4%ba%ba/" "Mozilla/5.0 (Windows NT 10.0; Win64; x64) AppleWebKit/537.36 (KHTML, like Gecko) Chrome/144.0.0.0 Safari/537.36"
216.73.216.20 - - [22/Aug/2026:05:10:43 +0800] "GET /4925/2015/05/20/%e5%9b%9b%e5%b9%b4%e7%b4%9a%e6%b5%b7%e6%b4%8b%e6%95%99%e8%82%b2%e9%af%a8%e8%b1%9a%e5%98%89%e5%b9%b4%e8%8f%af/ HTTP/1.1" 200 13294 "https://2blog.ilc.edu.tw/4925/?p=4689" "Mozilla/5.0 AppleWebKit/537.36 (KHTML, like Gecko; compatible; ClaudeBot/1.0; +claudebot@anthropic.com)"
2401:e180:8850:8c13:94af:5166:8971:b1dc - - [22/Aug/2026:05:10:44 +0800] "GET /1003/wp-includes/js/jquery/jquery.min.js HTTP/1.1" 200 31359 "https://2blog.ilc.edu.tw/1003/?s=%E7%8F%AD%E7%B4%9A%E7%B6%93%E7%87%9F" "Mozilla/5.0 (iPhone; CPU iPhone OS 26_5_0 like Mac OS X) AppleWebKit/605.1.15 (KHTML, like Gecko) CriOS/151.0.7922.57 Mobile/15E148 Safari/604.1"
2401:e180:8850:8c13:94af:5166:8971:b1dc - - [22/Aug/2026:05:10:44 +0800] "GET /1003/wp-includes/css/admin-bar.min.css HTTP/1.1" 200 9479 "https://2blog.ilc.edu.tw/1003/?s=%E7%8F%AD%E7%B4%9A%E7%B6%93%E7%87%9F" "Mozilla/5.0 (iPhone; CPU iPhone OS 26_5_0 like Mac OS X) AppleWebKit/605.1.15 (KHTML, like Gecko) CriOS/151.0.7922.57 Mobile/15E148 Safari/604.1"
2401:e180:8850:8c13:94af:5166:8971:b1dc - - [22/Aug/2026:05:10:44 +0800] "GET /1003/wp-content/plugins/google-drive-embedder/css/gdm-blocks.css HTTP/1.1" 200 5954 "https://2blog.ilc.edu.tw/1003/?s=%E7%8F%AD%E7%B4%9A%E7%B6%93%E7%87%9F" "Mozilla/5.0 (iPhone; CPU iPhone OS 26_5_0 like Mac OS X) AppleWebKit/605.1.15 (KHTML, like Gecko) CriOS/151.0.7922.57 Mobile/15E148 Safari/604.1"
216.73.216.20 - - [22/Aug/2026:05:10:44 +0800] "GET /6526/?p=18491 HTTP/1.1" 301 864 "-" "Mozilla/5.0 AppleWebKit/537.36 (KHTML, like Gecko; compatible; ClaudeBot/1.0; +claudebot@anthropic.com)"
2401:e180:8850:8c13:94af:5166:8971:b1dc - - [22/Aug/2026:05:10:44 +0800] "GET /1003/wp-content/plugins/wp-dtree-30/wp-dtree.min.css HTTP/1.1" 200 5897 "https://2blog.ilc.edu.tw/1003/?s=%E7%8F%AD%E7%B4%9A%E7%B6%93%E7%87%9F" "Mozilla/5.0 (iPhone; CPU iPhone OS 26_5_0 like Mac OS X) AppleWebKit/605.1.15 (KHTML, like Gecko) CriOS/151.0.7922.57 Mobile/15E148 Safari/604.1"
2401:e180:8850:8c13:94af:5166:8971:b1dc - - [22/Aug/2026:05:10:44 +0800] "GET /1003/wp-includes/css/dist/block-library/style.min.css HTTP/1.1" 200 20574 "https://2blog.ilc.edu.tw/1003/?s=%E7%8F%AD%E7%B4%9A%E7%B6%93%E7%87%9F" "Mozilla/5.0 (iPhone; CPU iPhone OS 26_5_0 like Mac OS X) AppleWebKit/605.1.15 (KHTML, like Gecko) CriOS/151.0.7922.57 Mobile/15E148 Safari/604.1"
216.73.216.20 - - [22/Aug/2026:05:10:44 +0800] "GET /6439/2015/11/12/104-%e4%ba%94-5%e6%9b%b4%e6%8f%9b%e7%af%80%e8%83%bd%e7%87%88%e5%85%b7/ HTTP/1.1" 200 25292 "https://2blog.ilc.edu.tw/6439/?p=250" "Mozilla/5.0 AppleWebKit/537.36 (KHTML, like Gecko; compatible; ClaudeBot/1.0; +claudebot@anthropic.com)"
2401:e180:8850:8c13:94af:5166:8971:b1dc - - [22/Aug/2026:05:10:44 +0800] "GET /1003/wp-content/themes/textbook/style.css HTTP/1.1" 200 22910 "https://2blog.ilc.edu.tw/1003/?s=%E7%8F%AD%E7%B4%9A%E7%B6%93%E7%87%9F" "Mozilla/5.0 (iPhone; CPU iPhone OS 26_5_0 like Mac OS X) AppleWebKit/605.1.15 (KHTML, like Gecko) CriOS/151.0.7922.57 Mobile/15E148 Safari/604.1"
2408:875c:1000:6:2000::67 - - [22/Aug/2026:05:10:44 +0800] "GET /5811/2015/09/ HTTP/1.1" 200 25557 "-" "Mozilla/5.0 (Windows NT 10.0; Win64; x64) AppleWebKit/537.36 (KHTML, like Gecko) Chrome/144.0.0.0 Safari/537.36"
2401:e180:8850:8c13:94af:5166:8971:b1dc - - [22/Aug/2026:05:10:44 +0800] "GET /1003/wp-includes/js/jquery/jquery-migrate.min.js HTTP/1.1" 200 5752 "https://2blog.ilc.edu.tw/1003/?s=%E7%8F%AD%E7%B4%9A%E7%B6%93%E7%87%9F" "Mozilla/5.0 (iPhone; CPU iPhone OS 26_5_0 like Mac OS X) AppleWebKit/605.1.15 (KHTML, like Gecko) CriOS/151.0.7922.57 Mobile/15E148 Safari/604.1"
2401:e180:8850:8c13:94af:5166:8971:b1dc - - [22/Aug/2026:05:10:44 +0800] "GET /1003/wp-content/plugins/wp-dtree-30/wp-dtree.min.js HTTP/1.1" 200 3393 "https://2blog.ilc.edu.tw/1003/?s=%E7%8F%AD%E7%B4%9A%E7%B6%93%E7%87%9F" "Mozilla/5.0 (iPhone; CPU iPhone OS 26_5_0 like Mac OS X) AppleWebKit/605.1.15 (KHTML, like Gecko) CriOS/151.0.7922.57 Mobile/15E148 Safari/604.1"
2401:e180:8850:8c13:94af:5166:8971:b1dc - - [22/Aug/2026:05:10:44 +0800] "GET /1003/wp-content/uploads/sites/233/2024/03/IMG_8201-600x600.jpeg HTTP/1.1" 200 75609 "https://2blog.ilc.edu.tw/1003/?s=%E7%8F%AD%E7%B4%9A%E7%B6%93%E7%87%9F" "Mozilla/5.0 (iPhone; CPU iPhone OS 26_5_0 like Mac OS X) AppleWebKit/605.1.15 (KHTML, like Gecko) CriOS/151.0.7922.57 Mobile/15E148 Safari/604.1"
216.73.216.20 - - [22/Aug/2026:05:10:44 +0800] "GET /6569/?p=15220 HTTP/1.1" 301 868 "-" "Mozilla/5.0 AppleWebKit/537.36 (KHTML, like Gecko; compatible; ClaudeBot/1.0; +claudebot@anthropic.com)"
216.73.216.20 - - [22/Aug/2026:05:10:44 +0800] "GET /6439/2013/11/20/%e4%b8%894-%e5%85%a8%e9%9d%a2%e4%bd%bf%e7%94%a8%e5%86%8d%e7%94%9f%e7%b4%99%e5%8f%8a%e9%9b%99%e9%9d%a2%e5%bd%b1%e5%8d%b0%e5%8f%8a%e9%80%90%e6%ad%a5%e9%99%8d%e4%bd%8e%e7%b4%99%e5%bc%b5%e4%bd%bf/ HTTP/1.1" 200 25621 "https://2blog.ilc.edu.tw/6439/?p=171" "Mozilla/5.0 AppleWebKit/537.36 (KHTML, like Gecko; compatible; ClaudeBot/1.0; +claudebot@anthropic.com)"
::1 - - [22/Aug/2026:05:10:44 +0800] "OPTIONS * HTTP/1.0" 200 110 "-" "Apache/2.4.68 (Ubuntu) OpenSSL/3.0.19 (internal dummy connection)"
216.73.216.20 - - [22/Aug/2026:05:10:44 +0800] "GET /4925/2015/06/03/%e5%9b%9b%e5%b9%b4%e7%b4%9a%e8%87%aa%e7%84%b6-%e6%af%9b%e7%b4%b0%e7%8f%be%e8%b1%a1%e6%af%94%e8%bc%83/ HTTP/1.1" 200 12242 "https://2blog.ilc.edu.tw/4925/?p=4695" "Mozilla/5.0 AppleWebKit/537.36 (KHTML, like Gecko; compatible; ClaudeBot/1.0; +claudebot@anthropic.com)"
2401:e180:8850:8c13:94af:5166:8971:b1dc - - [22/Aug/2026:05:10:44 +0800] "GET /1003/wp-content/uploads/sites/233/2022/09/304197237_1200814363832734_1316949282831253306_n.png HTTP/1.1" 200 308267 "https://2blog.ilc.edu.tw/1003/?s=%E7%8F%AD%E7%B4%9A%E7%B6%93%E7%87%9F" "Mozilla/5.0 (iPhone; CPU iPhone OS 26_5_0 like Mac OS X) AppleWebKit/605.1.15 (KHTML, like Gecko) CriOS/151.0.7922.57 Mobile/15E148 Safari/604.1"
2401:e180:8850:8c13:94af:5166:8971:b1dc - - [22/Aug/2026:05:10:44 +0800] "GET /1003/wp-content/uploads/sites/233/2019/04/%E6%93%B7%E5%8F%96.jpg HTTP/1.1" 200 55859 "https://2blog.ilc.edu.tw/1003/?s=%E7%8F%AD%E7%B4%9A%E7%B6%93%E7%87%9F" "Mozilla/5.0 (iPhone; CPU iPhone OS 26_5_0 like Mac OS X) AppleWebKit/605.1.15 (KHTML, like Gecko) CriOS/151.0.7922.57 Mobile/15E148 Safari/604.1"
216.73.216.20 - - [22/Aug/2026:05:10:44 +0800] "GET /6526/2010/10/06/98%e7%ac%ac4%e5%b1%86%e7%92%b0%e4%bf%9d%e8%ae%8a%e8%ae%8a%e8%ae%8a%e6%b4%bb%e5%8b%95%e8%a8%88%e5%8a%83/ HTTP/1.1" 200 10465 "https://2blog.ilc.edu.tw/6526/?p=18491" "Mozilla/5.0 AppleWebKit/537.36 (KHTML, like Gecko; compatible; ClaudeBot/1.0; +claudebot@anthropic.com)"
216.73.216.20 - - [22/Aug/2026:05:10:44 +0800] "GET /6569/?p=15140 HTTP/1.1" 301 841 "-" "Mozilla/5.0 AppleWebKit/537.36 (KHTML, like Gecko; compatible; ClaudeBot/1.0; +claudebot@anthropic.com)"
2408:8726:2000:a::1328 - - [22/Aug/2026:05:10:44 +0800] "GET /wp-content/themes/oceanwp/assets/js/drop-down-mobile-menu.min.js HTTP/1.1" 200 4663 "https://www.jwps.ilc.edu.tw/%e5%b0%8b%e6%89%be%e6%95%99%e8%82%b2%e5%ae%b6%e5%90%88%e5%a4%a5%e4%ba%ba/" "Mozilla/5.0 (Windows NT 10.0; Win64; x64) AppleWebKit/537.36 (KHTML, like Gecko) Chrome/144.0.0.0 Safari/537.36"
216.73.216.20 - - [22/Aug/2026:05:10:44 +0800] "GET /5882/wp-json/wp/v2/users/2626 HTTP/1.1" 200 1610 "-" "Mozilla/5.0 AppleWebKit/537.36 (KHTML, like Gecko; compatible; ClaudeBot/1.0; +claudebot@anthropic.com)"
45.89.209.185 - - [22/Aug/2026:05:10:44 +0800] "GET /ksespreschool/wp-content/uploads/sites/3376/2023/12/LINE_ALBUM_%E5%B0%8F%E5%85%9411%E6%9C%88_231202_35-300x225.jpg HTTP/1.1" 200 21852 "https://2blog.ilc.edu.tw/ksespreschool/2023/12/02/" "Mozilla/5.0 (Macintosh; Intel Mac OS X 10_15_7) AppleWebKit/537.36 (KHTML, like Gecko) Chrome/131.0.0.0 Safari/537.36"
192.249.114.45 - - [22/Aug/2026:05:10:44 +0800] "GET /?s=MENBONUS+promo+code+for+1xbet+registration HTTP/1.1" 200 10880 "http://blog.ilc.edu.tw/?s=MENBONUS+promo+code+for+1xbet+registration" "Mozilla/5.0 (Macintosh; Intel Mac OS X 10_15_7) AppleWebKit/605.1.15 (KHTML, like Gecko) Version/18.2 Safari/605.1.15"
216.73.216.20 - - [22/Aug/2026:05:10:44 +0800] "GET /6569/2018/10/18/107_4-2_%e5%ae%9a%e6%9c%9f%e9%80%b2%e8%a1%8c%e8%b3%87%e6%ba%90%e5%9b%9e%e6%94%b6/ HTTP/1.1" 200 9780 "https://2blog.ilc.edu.tw/6569/?p=15220" "Mozilla/5.0 AppleWebKit/537.36 (KHTML, like Gecko; compatible; ClaudeBot/1.0; +claudebot@anthropic.com)"
3.222.190.107 - - [22/Aug/2026:05:10:44 +0800] "GET /wp-content/uploads/sites/436/2022/10/ HTTP/1.1" 200 3434 "-" "Mozilla/5.0 AppleWebKit/537.36 (KHTML, like Gecko; compatible; Amazonbot/0.1; +https://developer.amazon.com/support/amazonbot) Chrome/119.0.6045.214 Safari/537.36"
216.73.216.20 - - [22/Aug/2026:05:10:44 +0800] "GET /6569/?p=15133 HTTP/1.1" 301 832 "-" "Mozilla/5.0 AppleWebKit/537.36 (KHTML, like Gecko; compatible; ClaudeBot/1.0; +claudebot@anthropic.com)"
216.73.216.20 - - [22/Aug/2026:05:10:44 +0800] "GET /5882/wp-json/wp/v2/categories/74 HTTP/1.1" 200 1637 "-" "Mozilla/5.0 AppleWebKit/537.36 (KHTML, like Gecko; compatible; ClaudeBot/1.0; +claudebot@anthropic.com)"
31.25.193.27 - - [22/Aug/2026:05:10:44 +0800] "GET /ksespreschool/wp-content/uploads/sites/3376/2023/12/LINE_ALBUM_%E5%B0%8F%E9%B9%BF11%E6%9C%88_231202_84-1024x768.jpg HTTP/1.1" 200 125773 "https://2blog.ilc.edu.tw/ksespreschool/2023/12/02/" "Mozilla/5.0 (Macintosh; Intel Mac OS X 10_15_7) AppleWebKit/537.36 (KHTML, like Gecko) Chrome/131.0.0.0 Safari/537.36"
216.73.216.20 - - [22/Aug/2026:05:10:44 +0800] "GET /6569/2017/08/16/106_2-1_%e7%82%ba%e6%9c%8d%e5%8b%99%e7%a4%be%e5%8d%80/ HTTP/1.1" 200 11187 "https://2blog.ilc.edu.tw/6569/?p=15140" "Mozilla/5.0 AppleWebKit/537.36 (KHTML, like Gecko; compatible; ClaudeBot/1.0; +claudebot@anthropic.com)"
216.73.216.20 - - [22/Aug/2026:05:10:44 +0800] "GET /tcesinfo/2020/page/10/ HTTP/1.1" 200 10068 "-" "Mozilla/5.0 AppleWebKit/537.36 (KHTML, like Gecko; compatible; ClaudeBot/1.0; +claudebot@anthropic.com)"
2408:8726:2000:a::1328 - - [22/Aug/2026:05:10:44 +0800] "GET /wp-content/themes/oceanwp/assets/js/ow-slider.min.js HTTP/1.1" 200 1761 "https://www.jwps.ilc.edu.tw/%e5%b0%8b%e6%89%be%e6%95%99%e8%82%b2%e5%ae%b6%e5%90%88%e5%a4%a5%e4%ba%ba/" "Mozilla/5.0 (Windows NT 10.0; Win64; x64) AppleWebKit/537.36 (KHTML, like Gecko) Chrome/144.0.0.0 Safari/537.36"
216.73.216.20 - - [22/Aug/2026:05:10:44 +0800] "GET /6569/?p=15137 HTTP/1.1" 301 896 "-" "Mozilla/5.0 AppleWebKit/537.36 (KHTML, like Gecko; compatible; ClaudeBot/1.0; +claudebot@anthropic.com)"
2408:875c:1000:6:2000::67 - - [22/Aug/2026:05:10:44 +0800] "GET /5811/wp-content/cache/2blog.ilc.edu.tw/wpfc-minified/lbhnhizx/hcdwp.css HTTP/1.1" 200 40886 "https://2blog.ilc.edu.tw/5811/2015/09/" "Mozilla/5.0 (Windows NT 10.0; Win64; x64) AppleWebKit/537.36 (KHTML, like Gecko) Chrome/144.0.0.0 Safari/537.36"
216.73.216.20 - - [22/Aug/2026:05:10:44 +0800] "GET /6569/2017/08/14/106_2-1_%e8%bf%8e%e6%8e%a5%e6%98%a5%e5%a4%a9/ HTTP/1.1" 200 12738 "https://2blog.ilc.edu.tw/6569/?p=15133" "Mozilla/5.0 AppleWebKit/537.36 (KHTML, like Gecko; compatible; ClaudeBot/1.0; +claudebot@anthropic.com)"
216.73.216.20 - - [22/Aug/2026:05:10:44 +0800] "GET /4925/?p=5109 HTTP/1.1" 301 915 "-" "Mozilla/5.0 AppleWebKit/537.36 (KHTML, like Gecko; compatible; ClaudeBot/1.0; +claudebot@anthropic.com)"
31.25.194.59 - - [22/Aug/2026:05:10:44 +0800] "GET /39664/wp-content/uploads/sites/428/2022/01/1100409-%E6%84%9F%E6%81%A9%E7%9A%93-%E7%BE%85%E6%9D%B1%E7%81%AB%E8%BB%8A%E7%AB%99Sblog-_29.jpg HTTP/1.1" 200 136669 "https://2blog.ilc.edu.tw/39664/2021/04/30/family110-3/" "Mozilla/5.0 (Macintosh; Intel Mac OS X 10_15_7) AppleWebKit/537.36 (KHTML, like Gecko) Chrome/131.0.0.0 Safari/537.36"
240e:f7:4f00:2509:0:1:0:5 - - [22/Aug/2026:05:10:44 +0800] "GET /wp-content/cache/www.wfes.ilc.edu.tw/wpfc-minified/jnmq0gv9/anz0.css HTTP/1.1" 200 20578 "https://www.wfes.ilc.edu.tw/category/c-1570/page/4/" "Mozilla/5.0 (Windows NT 10.0; Win64; x64) AppleWebKit/537.36 (KHTML, like Gecko) Chrome/144.0.0.0 Safari/537.36"
240e:f7:4f00:2509:0:1:0:5 - - [22/Aug/2026:05:10:44 +0800] "GET /wp-content/cache/www.wfes.ilc.edu.tw/wpfc-minified/8kptl3xo/7yuu.css HTTP/1.1" 200 5958 "https://www.wfes.ilc.edu.tw/category/c-1570/page/4/" "Mozilla/5.0 (Windows NT 10.0; Win64; x64) AppleWebKit/537.36 (KHTML, like Gecko) Chrome/144.0.0.0 Safari/537.36"
216.73.216.20 - - [22/Aug/2026:05:10:44 +0800] "GET /25222/?p=974 HTTP/1.1" 301 963 "-" "Mozilla/5.0 AppleWebKit/537.36 (KHTML, like Gecko; compatible; ClaudeBot/1.0; +claudebot@anthropic.com)"
2409:8a50:de03:4575:901e:b530:6fd:dd49 - - [22/Aug/2026:05:10:44 +0800] "GET /author/hui-wen/page/23 HTTP/1.1" 301 5784 "-" "Mozilla/5.0 (Windows NT 10.0; Win64; x64) AppleWebKit/537.36 (KHTML, like Gecko) Chrome/144.0.0.0 Safari/537.36"
240e:f7:4f00:2509:0:1:0:5 - - [22/Aug/2026:05:10:45 +0800] "GET /wp-content/cache/www.wfes.ilc.edu.tw/wpfc-minified/eq2qdvrg/anz0.css HTTP/1.1" 200 66870 "https://www.wfes.ilc.edu.tw/category/c-1570/page/4/" "Mozilla/5.0 (Windows NT 10.0; Win64; x64) AppleWebKit/537.36 (KHTML, like Gecko) Chrome/144.0.0.0 Safari/537.36"
240e:f7:4f00:2509:0:1:0:5 - - [22/Aug/2026:05:10:45 +0800] "GET /wp-content/cache/www.wfes.ilc.edu.tw/wpfc-minified/m04uv2rp/7yuu.js HTTP/1.1" 200 40359 "https://www.wfes.ilc.edu.tw/category/c-1570/page/4/" "Mozilla/5.0 (Windows NT 10.0; Win64; x64) AppleWebKit/537.36 (KHTML, like Gecko) Chrome/144.0.0.0 Safari/537.36"
216.73.216.20 - - [22/Aug/2026:05:10:45 +0800] "GET /6569/2017/08/14/106_2-1_%e6%88%91%e7%9a%84%e7%92%b0%e4%bf%9d%e8%a1%8c%e5%8b%95-%e5%9c%b0%e7%90%83%e5%ae%88%e8%ad%b7%e8%80%85/ HTTP/1.1" 200 11353 "https://2blog.ilc.edu.tw/6569/?p=15137" "Mozilla/5.0 AppleWebKit/537.36 (KHTML, like Gecko; compatible; ClaudeBot/1.0; +claudebot@anthropic.com)"
240e:f7:4f00:2509:0:1:0:5 - - [22/Aug/2026:05:10:45 +0800] "GET /wp-content/cache/www.wfes.ilc.edu.tw/wpfc-minified/31ly6oq0/7yuu.js HTTP/1.1" 200 7160 "https://www.wfes.ilc.edu.tw/category/c-1570/page/4/" "Mozilla/5.0 (Windows NT 10.0; Win64; x64) AppleWebKit/537.36 (KHTML, like Gecko) Chrome/144.0.0.0 Safari/537.36"
31.25.194.59 - - [22/Aug/2026:05:10:44 +0800] "GET /39664/wp-content/uploads/sites/428/2022/01/1100409-%E6%84%9F%E6%81%A9%E7%9A%93-%E7%BE%85%E6%9D%B1%E7%81%AB%E8%BB%8A%E7%AB%99Sblog-_33.jpg HTTP/1.1" 200 221357 "https://2blog.ilc.edu.tw/39664/2021/04/30/family110-3/" "Mozilla/5.0 (Macintosh; Intel Mac OS X 10_15_7) AppleWebKit/537.36 (KHTML, like Gecko) Chrome/131.0.0.0 Safari/537.36"
216.73.216.20 - - [22/Aug/2026:05:10:45 +0800] "GET /tcesinfo/?p=339 HTTP/1.1" 301 900 "-" "Mozilla/5.0 AppleWebKit/537.36 (KHTML, like Gecko; compatible; ClaudeBot/1.0; +claudebot@anthropic.com)"
2408:8726:2000:a::1328 - - [22/Aug/2026:05:10:45 +0800] "GET /wp-content/plugins/ocean-extra/includes/widgets/js/flickr.min.js HTTP/1.1" 200 1319 "https://www.jwps.ilc.edu.tw/%e5%b0%8b%e6%89%be%e6%95%99%e8%82%b2%e5%ae%b6%e5%90%88%e5%a4%a5%e4%ba%ba/" "Mozilla/5.0 (Windows NT 10.0; Win64; x64) AppleWebKit/537.36 (KHTML, like Gecko) Chrome/144.0.0.0 Safari/537.36"
216.73.216.20 - - [22/Aug/2026:05:10:45 +0800] "GET /4925/2020/05/19/%e8%b7%a8%e9%a0%98%e5%9f%9f%e8%aa%b2%e7%a8%8b-%e6%88%91%e6%98%af%e7%92%b0%e4%bf%9d%e3%80%83%e8%a2%8b%e3%80%83%e8%a8%80%e4%ba%ba/ HTTP/1.1" 200 12077 "https://2blog.ilc.edu.tw/4925/?p=5109" "Mozilla/5.0 AppleWebKit/537.36 (KHTML, like Gecko; compatible; ClaudeBot/1.0; +claudebot@anthropic.com)"
216.73.216.20 - - [22/Aug/2026:05:10:45 +0800] "GET /6537/?p=5187 HTTP/1.1" 301 981 "-" "Mozilla/5.0 AppleWebKit/537.36 (KHTML, like Gecko; compatible; ClaudeBot/1.0; +claudebot@anthropic.com)"
216.73.216.20 - - [22/Aug/2026:05:10:45 +0800] "GET /25222/2020/07/27/%e3%80%90%e8%bd%89%e7%9f%a5%e3%80%91%e6%95%99%e8%82%b2%e9%83%a8%e8%be%a6%e7%90%86%e3%80%8c09%e5%b9%b4%e5%ba%a6%e5%a4%96%e4%ba%a4%e5%b0%8f%e5%b0%96%e5%85%b5%ef%bc%8d%e8%8b%b1%e8%aa%9e%e7%a8%ae%e7%b1%bd/ HTTP/1.1" 200 10855 "https://2blog.ilc.edu.tw/25222/?p=974" "Mozilla/5.0 AppleWebKit/537.36 (KHTML, like Gecko; compatible; ClaudeBot/1.0; +claudebot@anthropic.com)"
240e:f7:4f00:2509:0:1:0:5 - - [22/Aug/2026:05:10:45 +0800] "GET /wp-includes/js/hoverintent-js.min.js HTTP/1.1" 200 1597 "https://www.wfes.ilc.edu.tw/category/c-1570/page/4/" "Mozilla/5.0 (Windows NT 10.0; Win64; x64) AppleWebKit/537.36 (KHTML, like Gecko) Chrome/144.0.0.0 Safari/537.36"
2408:875c:1000:6:2000::67 - - [22/Aug/2026:05:10:45 +0800] "GET /5811/wp-content/cache/2blog.ilc.edu.tw/wpfc-minified/2deso3rp/hcdwp.css HTTP/1.1" 200 1496 "https://2blog.ilc.edu.tw/5811/2015/09/" "Mozilla/5.0 (Windows NT 10.0; Win64; x64) AppleWebKit/537.36 (KHTML, like Gecko) Chrome/144.0.0.0 Safari/537.36"
2408:875c:1000:6:2000::67 - - [22/Aug/2026:05:10:45 +0800] "GET /5811/wp-content/cache/2blog.ilc.edu.tw/wpfc-minified/o89hlg2/hcdwp.css HTTP/1.1" 200 16121 "https://2blog.ilc.edu.tw/5811/2015/09/" "Mozilla/5.0 (Windows NT 10.0; Win64; x64) AppleWebKit/537.36 (KHTML, like Gecko) Chrome/144.0.0.0 Safari/537.36"
216.73.216.20 - - [22/Aug/2026:05:10:45 +0800] "GET /tcesinfo/2020/09/28/%e9%9b%bb%e8%85%a6%e6%95%99%e5%ae%a4%e9%9b%bb%e8%85%a6%e7%b5%82%e6%96%bc%e5%85%a8%e5%93%a1%e5%88%b0%e9%bd%8a/ HTTP/1.1" 200 10432 "https://2blog.ilc.edu.tw/tcesinfo/?p=339" "Mozilla/5.0 AppleWebKit/537.36 (KHTML, like Gecko; compatible; ClaudeBot/1.0; +claudebot@anthropic.com)"
2408:875c:1000:6:2000::67 - - [22/Aug/2026:05:10:45 +0800] "GET /5811/wp-content/cache/2blog.ilc.edu.tw/wpfc-minified/e8junef/hcdwp.css HTTP/1.1" 200 23112 "https://2blog.ilc.edu.tw/5811/2015/09/" "Mozilla/5.0 (Windows NT 10.0; Win64; x64) AppleWebKit/537.36 (KHTML, like Gecko) Chrome/144.0.0.0 Safari/537.36"
2409:8a50:de03:4575:901e:b530:6fd:dd49 - - [22/Aug/2026:05:10:45 +0800] "GET /author/hui-wen/page/23/ HTTP/1.1" 200 11037 "-" "Mozilla/5.0 (Windows NT 10.0; Win64; x64) AppleWebKit/537.36 (KHTML, like Gecko) Chrome/144.0.0.0 Safari/537.36"
2408:875c:1000:6:2000::67 - - [22/Aug/2026:05:10:45 +0800] "GET /5811/wp-includes/js/hoverintent-js.min.js HTTP/1.1" 200 6391 "https://2blog.ilc.edu.tw/5811/2015/09/" "Mozilla/5.0 (Windows NT 10.0; Win64; x64) AppleWebKit/537.36 (KHTML, like Gecko) Chrome/144.0.0.0 Safari/537.36"
2408:875c:1000:6:2000::67 - - [22/Aug/2026:05:10:45 +0800] "GET /5811/wp-content/cache/2blog.ilc.edu.tw/wpfc-minified/1gilyvkb/hcdwp.js HTTP/1.1" 200 40355 "https://2blog.ilc.edu.tw/5811/2015/09/" "Mozilla/5.0 (Windows NT 10.0; Win64; x64) AppleWebKit/537.36 (KHTML, like Gecko) Chrome/144.0.0.0 Safari/537.36"
2408:8726:2000:a::1328 - - [22/Aug/2026:05:10:45 +0800] "GET /wp-includes/js/dist/hooks.min.js HTTP/1.1" 200 2421 "https://www.jwps.ilc.edu.tw/%e5%b0%8b%e6%89%be%e6%95%99%e8%82%b2%e5%ae%b6%e5%90%88%e5%a4%a5%e4%ba%ba/" "Mozilla/5.0 (Windows NT 10.0; Win64; x64) AppleWebKit/537.36 (KHTML, like Gecko) Chrome/144.0.0.0 Safari/537.36"
2408:875c:1000:6:2000::67 - - [22/Aug/2026:05:10:45 +0800] "GET /5811/wp-includes/js/admin-bar.min.js HTTP/1.1" 200 2237 "https://2blog.ilc.edu.tw/5811/2015/09/" "Mozilla/5.0 (Windows NT 10.0; Win64; x64) AppleWebKit/537.36 (KHTML, like Gecko) Chrome/144.0.0.0 Safari/537.36"
216.73.216.20 - - [22/Aug/2026:05:10:45 +0800] "GET /6537/2015/11/13/104%e5%b9%b4%e5%ba%a6%e5%9c%8b%e6%b0%91%e4%b8%ad%e5%b0%8f%e5%ad%b8%e6%8e%a8%e5%8b%95%e7%92%b0%e5%a2%83%e6%95%99%e8%82%b2%e8%bc%94%e5%b0%8e%e8%a8%aa%e8%a6%96%e8%a9%95%e6%a0%b8-%e8%87%aa%e8%a9%95/ HTTP/1.1" 200 16750 "https://2blog.ilc.edu.tw/6537/?p=5187" "Mozilla/5.0 AppleWebKit/537.36 (KHTML, like Gecko; compatible; ClaudeBot/1.0; +claudebot@anthropic.com)"
240e:f7:4f00:2509:0:1:0:5 - - [22/Aug/2026:05:10:45 +0800] "GET /wp-includes/js/imagesloaded.min.js HTTP/1.1" 200 2683 "https://www.wfes.ilc.edu.tw/category/c-1570/page/4/" "Mozilla/5.0 (Windows NT 10.0; Win64; x64) AppleWebKit/537.36 (KHTML, like Gecko) Chrome/144.0.0.0 Safari/537.36"
167.160.79.2 - - [22/Aug/2026:05:10:45 +0800] "GET /ksespreschool/wp-content/uploads/sites/3376/2023/12/LINE_ALBUM_%E5%B0%8F%E5%85%9411%E6%9C%88_231202_27-300x225.jpg HTTP/1.1" 200 23252 "https://2blog.ilc.edu.tw/ksespreschool/2023/12/02/" "Mozilla/5.0 (Macintosh; Intel Mac OS X 10_15_7) AppleWebKit/537.36 (KHTML, like Gecko) Chrome/131.0.0.0 Safari/537.36"
102.129.191.39 - - [22/Aug/2026:05:10:45 +0800] "GET /ksespreschool/wp-content/uploads/sites/3376/2023/12/LINE_ALBUM_%E5%B0%8F%E5%85%9411%E6%9C%88_231202_60-800x600.jpg HTTP/1.1" 200 102467 "https://2blog.ilc.edu.tw/ksespreschool/2023/12/02/" "Mozilla/5.0 (Macintosh; Intel Mac OS X 10_15_7) AppleWebKit/537.36 (KHTML, like Gecko) Chrome/131.0.0.0 Safari/537.36"
2408:8726:2000:a::1328 - - [22/Aug/2026:05:10:45 +0800] "GET /wp-content/plugins/elementor-pro/assets/js/elements-handlers.min.js HTTP/1.1" 200 10882 "https://www.jwps.ilc.edu.tw/%e5%b0%8b%e6%89%be%e6%95%99%e8%82%b2%e5%ae%b6%e5%90%88%e5%a4%a5%e4%ba%ba/" "Mozilla/5.0 (Windows NT 10.0; Win64; x64) AppleWebKit/537.36 (KHTML, like Gecko) Chrome/144.0.0.0 Safari/537.36"
2408:875c:1000:6:2000::67 - - [22/Aug/2026:05:10:45 +0800] "GET /5811/wp-content/themes/twentyseventeen/assets/js/skip-link-focus-fix.js HTTP/1.1" 200 1295 "https://2blog.ilc.edu.tw/5811/2015/09/" "Mozilla/5.0 (Windows NT 10.0; Win64; x64) AppleWebKit/537.36 (KHTML, like Gecko) Chrome/144.0.0.0 Safari/537.36"
2408:875c:1000:6:2000::67 - - [22/Aug/2026:05:10:45 +0800] "GET /5811/wp-content/themes/twentyseventeen/assets/js/navigation.js HTTP/1.1" 200 2041 "https://2blog.ilc.edu.tw/5811/2015/09/" "Mozilla/5.0 (Windows NT 10.0; Win64; x64) AppleWebKit/537.36 (KHTML, like Gecko) Chrome/144.0.0.0 Safari/537.36"
240e:f7:4f00:2509:0:1:0:5 - - [22/Aug/2026:05:10:45 +0800] "GET /wp-content/themes/oceanwp/assets/js/vendors/magnific-popup.min.js HTTP/1.1" 200 8270 "https://www.wfes.ilc.edu.tw/category/c-1570/page/4/" "Mozilla/5.0 (Windows NT 10.0; Win64; x64) AppleWebKit/537.36 (KHTML, like Gecko) Chrome/144.0.0.0 Safari/537.36"
240e:f7:4f00:2509:0:1:0:5 - - [22/Aug/2026:05:10:45 +0800] "GET /wp-content/themes/oceanwp/assets/js/drop-down-search.min.js HTTP/1.1" 200 2968 "https://www.wfes.ilc.edu.tw/category/c-1570/page/4/" "Mozilla/5.0 (Windows NT 10.0; Win64; x64) AppleWebKit/537.36 (KHTML, like Gecko) Chrome/144.0.0.0 Safari/537.36"
240e:f7:4f00:2509:0:1:0:5 - - [22/Aug/2026:05:10:45 +0800] "GET /wp-content/themes/oceanwp/assets/js/full-screen-mobile-menu.min.js HTTP/1.1" 200 4638 "https://www.wfes.ilc.edu.tw/category/c-1570/page/4/" "Mozilla/5.0 (Windows NT 10.0; Win64; x64) AppleWebKit/537.36 (KHTML, like Gecko) Chrome/144.0.0.0 Safari/537.36"
240e:f7:4f00:2509:0:1:0:5 - - [22/Aug/2026:05:10:45 +0800] "GET /wp-content/themes/oceanwp/assets/js/ow-lightbox.min.js HTTP/1.1" 200 2321 "https://www.wfes.ilc.edu.tw/category/c-1570/page/4/" "Mozilla/5.0 (Windows NT 10.0; Win64; x64) AppleWebKit/537.36 (KHTML, like Gecko) Chrome/144.0.0.0 Safari/537.36"
240e:f7:4f00:2509:0:1:0:5 - - [22/Aug/2026:05:10:45 +0800] "GET /wp-content/themes/oceanwp/assets/js/vendors/flickity.pkgd.min.js HTTP/1.1" 200 15048 "https://www.wfes.ilc.edu.tw/category/c-1570/page/4/" "Mozilla/5.0 (Windows NT 10.0; Win64; x64) AppleWebKit/537.36 (KHTML, like Gecko) Chrome/144.0.0.0 Safari/537.36"
31.25.192.190 - - [22/Aug/2026:05:10:46 +0800] "GET /ksespreschool/wp-content/uploads/sites/3376/2023/12/LINE_ALBUM_%E5%B0%8F%E9%B9%BF11%E6%9C%88_231202_131-300x225.jpg HTTP/1.1" 200 19767 "https://2blog.ilc.edu.tw/ksespreschool/2023/12/02/" "Mozilla/5.0 (Macintosh; Intel Mac OS X 10_15_7) AppleWebKit/537.36 (KHTML, like Gecko) Chrome/131.0.0.0 Safari/537.36"
152.44.104.11 - - [22/Aug/2026:05:10:46 +0800] "GET /ksespreschool/wp-content/uploads/sites/3376/2023/12/LINE_ALBUM_%E5%B0%8F%E9%B9%BF11%E6%9C%88_231202_122-768x576.jpg HTTP/1.1" 200 106201 "https://2blog.ilc.edu.tw/ksespreschool/2023/12/02/" "Mozilla/5.0 (Macintosh; Intel Mac OS X 10_15_7) AppleWebKit/537.36 (KHTML, like Gecko) Chrome/131.0.0.0 Safari/537.36"
2408:875c:1000:6:2000::67 - - [22/Aug/2026:05:10:46 +0800] "GET /5811/wp-content/themes/twentyseventeen/assets/js/jquery.scrollTo.js HTTP/1.1" 200 3289 "https://2blog.ilc.edu.tw/5811/2015/09/" "Mozilla/5.0 (Windows NT 10.0; Win64; x64) AppleWebKit/537.36 (KHTML, like Gecko) Chrome/144.0.0.0 Safari/537.36"
2408:875c:1000:6:2000::67 - - [22/Aug/2026:05:10:46 +0800] "GET /5811/wp-content/themes/twentyseventeen/assets/js/global.js HTTP/1.1" 200 3495 "https://2blog.ilc.edu.tw/5811/2015/09/" "Mozilla/5.0 (Windows NT 10.0; Win64; x64) AppleWebKit/537.36 (KHTML, like Gecko) Chrome/144.0.0.0 Safari/537.36"
161.35.12.169 - - [22/Aug/2026:05:10:46 +0800] "GET /blog/gallery/4024/previews-med/4024-3058167.jpg HTTP/1.1" 301 1090 "http://blog.ilc.edu.tw/" "Mozilla/5.0 (Windows NT 10.0; Win64; x64) AppleWebKit/537.36 (KHTML, like Gecko) Chrome/120.0.0.0 Safari/537.36"
240e:f7:4f00:2509:0:1:0:5 - - [22/Aug/2026:05:10:46 +0800] "GET /wp-content/themes/oceanwp/assets/js/ow-slider.min.js HTTP/1.1" 200 1761 "https://www.wfes.ilc.edu.tw/category/c-1570/page/4/" "Mozilla/5.0 (Windows NT 10.0; Win64; x64) AppleWebKit/537.36 (KHTML, like Gecko) Chrome/144.0.0.0 Safari/537.36"
137.184.158.82 - - [22/Aug/2026:05:10:46 +0800] "GET /docs/lib/exe/fetch.php?cache=cache&w=400&h=300&media=content:editlinkcategories_1.jpg HTTP/1.1" 301 1178 "http://blog.ilc.edu.tw/" "Mozilla/5.0 (Windows NT 10.0; Win64; x64) AppleWebKit/537.36 (KHTML, like Gecko) Chrome/108.0.0.0 Safari/537.36"
240e:f7:4f00:2509:0:1:0:5 - - [22/Aug/2026:05:10:46 +0800] "GET /wp-content/themes/oceanwp/assets/fonts/simple-line-icons/Simple-Line-Icons.woff2?v=2.4.0 HTTP/1.1" 200 30959 "https://www.wfes.ilc.edu.tw/wp-content/cache/www.wfes.ilc.edu.tw/wpfc-minified/eq2qdvrg/anz0.css" "Mozilla/5.0 (Windows NT 10.0; Win64; x64) AppleWebKit/537.36 (KHTML, like Gecko) Chrome/144.0.0.0 Safari/537.36"
240e:f7:4f00:2509:0:1:0:5 - - [22/Aug/2026:05:10:46 +0800] "GET /wp-content/themes/oceanwp/assets/fonts/fontawesome/webfonts/fa-solid-900.woff2 HTTP/1.1" 200 151246 "https://www.wfes.ilc.edu.tw/wp-content/cache/www.wfes.ilc.edu.tw/wpfc-minified/eq2qdvrg/anz0.css" "Mozilla/5.0 (Windows NT 10.0; Win64; x64) AppleWebKit/537.36 (KHTML, like Gecko) Chrome/144.0.0.0 Safari/537.36"
134.209.73.35 - - [22/Aug/2026:05:10:46 +0800] "GET /blog/gallery/4024/previews-med/4024-3904802.jpg HTTP/1.1" 301 1090 "http://blog.ilc.edu.tw/" "Mozilla/5.0 (Windows NT 10.0; Win64; x64) AppleWebKit/537.36 (KHTML, like Gecko) Chrome/131.0.0.0 Safari/537.36"
240e:f7:4f00:2509:0:1:0:5 - - [22/Aug/2026:05:10:46 +0800] "GET /wp-content/themes/oceanwp/assets/js/scroll-top.min.js HTTP/1.1" 200 3202 "https://www.wfes.ilc.edu.tw/category/c-1570/page/4/" "Mozilla/5.0 (Windows NT 10.0; Win64; x64) AppleWebKit/537.36 (KHTML, like Gecko) Chrome/144.0.0.0 Safari/537.36"
2409:8a50:de03:4575:901e:b530:6fd:dd49 - - [22/Aug/2026:05:10:46 +0800] "GET /wp-content/cache/www.daes.ilc.edu.tw/wpfc-minified/1pa6d9is/73ws.css HTTP/1.1" 200 66106 "https://www.daes.ilc.edu.tw/author/hui-wen/page/23/" "Mozilla/5.0 (Windows NT 10.0; Win64; x64) AppleWebKit/537.36 (KHTML, like Gecko) Chrome/144.0.0.0 Safari/537.36"
2409:8a50:de03:4575:901e:b530:6fd:dd49 - - [22/Aug/2026:05:10:46 +0800] "GET /wp-content/cache/www.daes.ilc.edu.tw/wpfc-minified/993j6met/73ws.js HTTP/1.1" 200 40359 "https://www.daes.ilc.edu.tw/author/hui-wen/page/23/" "Mozilla/5.0 (Windows NT 10.0; Win64; x64) AppleWebKit/537.36 (KHTML, like Gecko) Chrome/144.0.0.0 Safari/537.36"
240e:f7:4f00:2509:0:1:0:5 - - [22/Aug/2026:05:10:46 +0800] "GET /wp-content/themes/oceanwp/assets/js/select.min.js HTTP/1.1" 200 2408 "https://www.wfes.ilc.edu.tw/category/c-1570/page/4/" "Mozilla/5.0 (Windows NT 10.0; Win64; x64) AppleWebKit/537.36 (KHTML, like Gecko) Chrome/144.0.0.0 Safari/537.36"
240e:f7:4f00:2509:0:1:0:5 - - [22/Aug/2026:05:10:46 +0800] "GET /wp-content/plugins/ocean-extra/includes/widgets/js/flickr.min.js HTTP/1.1" 200 1319 "https://www.wfes.ilc.edu.tw/category/c-1570/page/4/" "Mozilla/5.0 (Windows NT 10.0; Win64; x64) AppleWebKit/537.36 (KHTML, like Gecko) Chrome/144.0.0.0 Safari/537.36"
240e:f7:4f00:2509:0:1:0:5 - - [22/Aug/2026:05:10:46 +0800] "GET /wp-includes/js/mediaelement/mediaelement-and-player.min.js HTTP/1.1" 200 39802 "https://www.wfes.ilc.edu.tw/category/c-1570/page/4/" "Mozilla/5.0 (Windows NT 10.0; Win64; x64) AppleWebKit/537.36 (KHTML, like Gecko) Chrome/144.0.0.0 Safari/537.36"
50.114.116.212 - - [22/Aug/2026:05:10:46 +0800] "GET /ksespreschool/wp-content/uploads/sites/3376/2023/12/LINE_ALBUM_%E5%B0%8F%E9%B9%BF11%E6%9C%88_231202_113-1024x768.jpg HTTP/1.1" 200 148604 "https://2blog.ilc.edu.tw/ksespreschool/2023/12/02/" "Mozilla/5.0 (Macintosh; Intel Mac OS X 10_15_7) AppleWebKit/537.36 (KHTML, like Gecko) Chrome/131.0.0.0 Safari/537.36"
240e:f7:4f00:2509:0:1:0:5 - - [22/Aug/2026:05:10:46 +0800] "GET /wp-includes/js/mediaelement/wp-mediaelement.min.js HTTP/1.1" 200 1417 "https://www.wfes.ilc.edu.tw/category/c-1570/page/4/" "Mozilla/5.0 (Windows NT 10.0; Win64; x64) AppleWebKit/537.36 (KHTML, like Gecko) Chrome/144.0.0.0 Safari/537.36"
50.114.116.212 - - [22/Aug/2026:05:10:46 +0800] "GET /ksespreschool/wp-content/uploads/sites/3376/2023/12/LINE_ALBUM_%E5%B0%8F%E9%B9%BF11%E6%9C%88_231202_103-800x600.jpg HTTP/1.1" 200 60258 "https://2blog.ilc.edu.tw/ksespreschool/2023/12/02/" "Mozilla/5.0 (Macintosh; Intel Mac OS X 10_15_7) AppleWebKit/537.36 (KHTML, like Gecko) Chrome/131.0.0.0 Safari/537.36"
240e:f7:4f00:2509:0:1:0:5 - - [22/Aug/2026:05:10:46 +0800] "GET /wp-includes/js/mediaelement/renderers/vimeo.min.js HTTP/1.1" 200 3164 "https://www.wfes.ilc.edu.tw/category/c-1570/page/4/" "Mozilla/5.0 (Windows NT 10.0; Win64; x64) AppleWebKit/537.36 (KHTML, like Gecko) Chrome/144.0.0.0 Safari/537.36"
2409:8a50:de03:4575:901e:b530:6fd:dd49 - - [22/Aug/2026:05:10:46 +0800] "GET /wp-includes/js/hoverintent-js.min.js HTTP/1.1" 200 1597 "https://www.daes.ilc.edu.tw/author/hui-wen/page/23/" "Mozilla/5.0 (Windows NT 10.0; Win64; x64) AppleWebKit/537.36 (KHTML, like Gecko) Chrome/144.0.0.0 Safari/537.36"
2408:875c:1000:6:2000::67 - - [22/Aug/2026:05:10:47 +0800] "GET /favicon.ico HTTP/1.1" 302 901 "https://2blog.ilc.edu.tw/5811/2015/09/" "Mozilla/5.0 (Windows NT 10.0; Win64; x64) AppleWebKit/537.36 (KHTML, like Gecko) Chrome/144.0.0.0 Safari/537.36"
216.73.216.20 - - [22/Aug/2026:05:10:47 +0800] "GET /5882/?p=6739 HTTP/1.1" 301 5733 "-" "Mozilla/5.0 AppleWebKit/537.36 (KHTML, like Gecko; compatible; ClaudeBot/1.0; +claudebot@anthropic.com)"
216.73.216.20 - - [22/Aug/2026:05:10:47 +0800] "GET /5882/?p=6362 HTTP/1.1" 301 5780 "-" "Mozilla/5.0 AppleWebKit/537.36 (KHTML, like Gecko; compatible; ClaudeBot/1.0; +claudebot@anthropic.com)"
2408:875c:1000:6:2000::67 - - [22/Aug/2026:05:10:47 +0800] "GET /wp-includes/images/w-logo-blue-white-bg.png HTTP/1.1" 200 4946 "https://2blog.ilc.edu.tw/5811/2015/09/" "Mozilla/5.0 (Windows NT 10.0; Win64; x64) AppleWebKit/537.36 (KHTML, like Gecko) Chrome/144.0.0.0 Safari/537.36"
216.73.216.20 - - [22/Aug/2026:05:10:47 +0800] "GET /5882/?p=6356 HTTP/1.1" 301 1000 "-" "Mozilla/5.0 AppleWebKit/537.36 (KHTML, like Gecko; compatible; ClaudeBot/1.0; +claudebot@anthropic.com)"
216.73.216.20 - - [22/Aug/2026:05:10:47 +0800] "GET /5882/?p=6769 HTTP/1.1" 301 945 "-" "Mozilla/5.0 AppleWebKit/537.36 (KHTML, like Gecko; compatible; ClaudeBot/1.0; +claudebot@anthropic.com)"
161.35.103.94 - - [22/Aug/2026:05:10:47 +0800] "GET /blog/gallery/4024/previews-med/4024-3058167.jpg HTTP/1.1" 404 25426 "http://blog.ilc.edu.tw/" "Mozilla/5.0 (Windows NT 10.0; Win64; x64) AppleWebKit/537.36 (KHTML, like Gecko) Chrome/120.0.0.0 Safari/537.36"
137.184.146.200 - - [22/Aug/2026:05:10:47 +0800] "GET /blog/blog/868/resource/10231/download/99814 HTTP/1.1" 404 25426 "https://2blog.ilc.edu.tw/" "Mozilla/5.0 (Windows NT 10.0; Win64; x64) AppleWebKit/537.36 (KHTML, like Gecko) Chrome/133.0.0.0 Safari/537.36"
192.241.131.54 - - [22/Aug/2026:05:10:47 +0800] "GET /blog/gallery/4024/previews/4024-4014895.jpg HTTP/1.1" 404 25426 "http://blog.ilc.edu.tw/" "Mozilla/5.0 (Windows NT 10.0; Win64; x64) AppleWebKit/537.36 (KHTML, like Gecko) Chrome/124.0.0.0 Safari/537.36"
216.73.216.20 - - [22/Aug/2026:05:10:47 +0800] "GET /5882/?p=6334 HTTP/1.1" 301 1073 "-" "Mozilla/5.0 AppleWebKit/537.36 (KHTML, like Gecko; compatible; ClaudeBot/1.0; +claudebot@anthropic.com)"
2409:8a50:de03:4575:901e:b530:6fd:dd49 - - [22/Aug/2026:05:10:47 +0800] "GET /wp-content/themes/oceanwp/assets/js/drop-down-search.min.js HTTP/1.1" 200 2968 "https://www.daes.ilc.edu.tw/author/hui-wen/page/23/" "Mozilla/5.0 (Windows NT 10.0; Win64; x64) AppleWebKit/537.36 (KHTML, like Gecko) Chrome/144.0.0.0 Safari/537.36"
157.230.181.1 - - [22/Aug/2026:05:10:47 +0800] "GET /blog/gallery/4924/previews-med/4924-350260.jpg HTTP/1.1" 404 25426 "http://blog.ilc.edu.tw/" "Mozilla/5.0 (Windows NT 10.0; Win64; x64) AppleWebKit/537.36 (KHTML, like Gecko) Chrome/131.0.0.0 Safari/537.36"
216.73.216.20 - - [22/Aug/2026:05:10:47 +0800] "GET /5882/?p=6602 HTTP/1.1" 301 1035 "-" "Mozilla/5.0 AppleWebKit/537.36 (KHTML, like Gecko; compatible; ClaudeBot/1.0; +claudebot@anthropic.com)"
216.73.216.20 - - [22/Aug/2026:05:10:47 +0800] "GET /5882/?p=6601 HTTP/1.1" 301 5775 "-" "Mozilla/5.0 AppleWebKit/537.36 (KHTML, like Gecko; compatible; ClaudeBot/1.0; +claudebot@anthropic.com)"
2001:288:a201::66:125 - - [22/Aug/2026:05:10:48 +0800] "GET /blog/active.php HTTP/1.1" 301 1026 "-" "-"
2001:288:a201::66:125 - - [22/Aug/2026:05:10:48 +0800] "GET /blog/active.php HTTP/1.1" 404 1084 "-" "-"
216.73.216.20 - - [22/Aug/2026:05:10:48 +0800] "GET /5882/?p=6520 HTTP/1.1" 301 1089 "-" "Mozilla/5.0 AppleWebKit/537.36 (KHTML, like Gecko; compatible; ClaudeBot/1.0; +claudebot@anthropic.com)"
216.73.216.20 - - [22/Aug/2026:05:10:48 +0800] "GET /5882/2018/06/15/23-107-03-09%e8%ad%b7%e6%a8%b9%e6%b4%bb%e5%8b%95/ HTTP/1.1" 200 9259 "https://2blog.ilc.edu.tw/5882/?p=6739" "Mozilla/5.0 AppleWebKit/537.36 (KHTML, like Gecko; compatible; ClaudeBot/1.0; +claudebot@anthropic.com)"
2409:8a50:de03:4575:901e:b530:6fd:dd49 - - [22/Aug/2026:05:10:48 +0800] "GET /wp-content/themes/oceanwp/assets/js/vendors/magnific-popup.min.js HTTP/1.1" 200 8270 "https://www.daes.ilc.edu.tw/author/hui-wen/page/23/" "Mozilla/5.0 (Windows NT 10.0; Win64; x64) AppleWebKit/537.36 (KHTML, like Gecko) Chrome/144.0.0.0 Safari/537.36"
140.111.67.10 - - [22/Aug/2026:05:10:48 +0800] "GET /" 301 273 "-" "-"
216.73.216.20 - - [22/Aug/2026:05:10:48 +0800] "GET /5882/?p=6368 HTTP/1.1" 301 893 "-" "Mozilla/5.0 AppleWebKit/537.36 (KHTML, like Gecko; compatible; ClaudeBot/1.0; +claudebot@anthropic.com)"
2409:8a50:de03:4575:901e:b530:6fd:dd49 - - [22/Aug/2026:05:10:48 +0800] "GET /wp-content/themes/oceanwp/assets/js/ow-lightbox.min.js HTTP/1.1" 200 2321 "https://www.daes.ilc.edu.tw/author/hui-wen/page/23/" "Mozilla/5.0 (Windows NT 10.0; Win64; x64) AppleWebKit/537.36 (KHTML, like Gecko) Chrome/144.0.0.0 Safari/537.36"
2409:8a50:de03:4575:901e:b530:6fd:dd49 - - [22/Aug/2026:05:10:48 +0800] "GET /wp-content/themes/oceanwp/assets/js/ow-slider.min.js HTTP/1.1" 200 1761 "https://www.daes.ilc.edu.tw/author/hui-wen/page/23/" "Mozilla/5.0 (Windows NT 10.0; Win64; x64) AppleWebKit/537.36 (KHTML, like Gecko) Chrome/144.0.0.0 Safari/537.36"
216.73.216.20 - - [22/Aug/2026:05:10:48 +0800] "GET /5882/2012/05/16/1-4-1%e5%87%b1%e6%97%8b%e5%9c%8b%e5%b0%8f%e6%95%99%e5%b8%ab%e7%a0%94%e7%bf%92%e6%99%82%e6%95%b8/ HTTP/1.1" 200 9129 "https://2blog.ilc.edu.tw/5882/?p=6362" "Mozilla/5.0 AppleWebKit/537.36 (KHTML, like Gecko; compatible; ClaudeBot/1.0; +claudebot@anthropic.com)"
2408:8719:64:204:11:: - - [22/Aug/2026:05:10:48 +0800] "GET /tag/%e5%8f%b0%e7%81%a3%e7%a7%91%e5%ad%b8%e7%af%80 HTTP/1.1" 301 5787 "-" "Mozilla/5.0 (Windows NT 10.0; Win64; x64) AppleWebKit/537.36 (KHTML, like Gecko) Chrome/144.0.0.0 Safari/537.36"
216.73.216.20 - - [22/Aug/2026:05:10:48 +0800] "GET /5882/?p=6736 HTTP/1.1" 301 864 "-" "Mozilla/5.0 AppleWebKit/537.36 (KHTML, like Gecko; compatible; ClaudeBot/1.0; +claudebot@anthropic.com)"
18.207.79.144 - - [22/Aug/2026:05:10:48 +0800] "GET /wp-content/uploads/sites/2300/6460/6460-658886.jpg HTTP/1.1" 200 302845 "-" "Mozilla/5.0 AppleWebKit/537.36 (KHTML, like Gecko; compatible; Amazonbot/0.1; +https://developer.amazon.com/support/amazonbot) Chrome/119.0.6045.214 Safari/537.36"
2409:8a50:de03:4575:901e:b530:6fd:dd49 - - [22/Aug/2026:05:10:48 +0800] "GET /wp-content/themes/oceanwp/assets/fonts/simple-line-icons/Simple-Line-Icons.woff2?v=2.4.0 HTTP/1.1" 200 30959 "https://www.daes.ilc.edu.tw/wp-content/cache/www.daes.ilc.edu.tw/wpfc-minified/1pa6d9is/73ws.css" "Mozilla/5.0 (Windows NT 10.0; Win64; x64) AppleWebKit/537.36 (KHTML, like Gecko) Chrome/144.0.0.0 Safari/537.36"
2409:8a50:de03:4575:901e:b530:6fd:dd49 - - [22/Aug/2026:05:10:48 +0800] "GET /wp-content/themes/oceanwp/assets/js/select.min.js HTTP/1.1" 200 2408 "https://www.daes.ilc.edu.tw/author/hui-wen/page/23/" "Mozilla/5.0 (Windows NT 10.0; Win64; x64) AppleWebKit/537.36 (KHTML, like Gecko) Chrome/144.0.0.0 Safari/537.36"
2409:8a50:de03:4575:901e:b530:6fd:dd49 - - [22/Aug/2026:05:10:48 +0800] "GET /wp-content/plugins/ocean-extra/includes/widgets/js/flickr.min.js HTTP/1.1" 200 1319 "https://www.daes.ilc.edu.tw/author/hui-wen/page/23/" "Mozilla/5.0 (Windows NT 10.0; Win64; x64) AppleWebKit/537.36 (KHTML, like Gecko) Chrome/144.0.0.0 Safari/537.36"
192.249.114.45 - - [22/Aug/2026:05:10:48 +0800] "GET /wp-login.php HTTP/1.1" 200 10807 "https://2blog.ilc.edu.tw/?s=MENBONUS+promo+code+for+1xbet+registration" "Mozilla/5.0 (Windows NT 6.3; Win64; x64) AppleWebKit/537.36 (KHTML, like Gecko) Chrome/103.0.0.0 Safari/537.36"
216.73.216.20 - - [22/Aug/2026:05:10:48 +0800] "GET /5882/2012/05/09/%e8%a1%a8%e3%80%90%e5%9b%9b%e3%80%91-%e3%80%90%e5%81%a5%e6%95%99%e8%aa%b2%e7%a8%8b%e6%b4%bb%e5%8b%95%e3%80%91/ HTTP/1.1" 200 9063 "https://2blog.ilc.edu.tw/5882/?p=6356" "Mozilla/5.0 AppleWebKit/537.36 (KHTML, like Gecko; compatible; ClaudeBot/1.0; +claudebot@anthropic.com)"
216.73.216.20 - - [22/Aug/2026:05:10:48 +0800] "GET /5882/?p=6470 HTTP/1.1" 301 861 "-" "Mozilla/5.0 AppleWebKit/537.36 (KHTML, like Gecko; compatible; ClaudeBot/1.0; +claudebot@anthropic.com)"
216.73.216.20 - - [22/Aug/2026:05:10:48 +0800] "GET /5882/2018/06/16/%e5%85%ad%e3%80%81%e5%81%a5%e5%ba%b7%e6%9c%8d%e5%8b%99/ HTTP/1.1" 200 9171 "https://2blog.ilc.edu.tw/5882/?p=6769" "Mozilla/5.0 AppleWebKit/537.36 (KHTML, like Gecko; compatible; ClaudeBot/1.0; +claudebot@anthropic.com)"
2408:872f:c00:408::16d - - [22/Aug/2026:05:10:48 +0800] "GET /wp-content/uploads/sites/1148/2026/08/cropped-%E6%A0%A1%E5%BE%BD-609x1024-1-32x32.png HTTP/1.1" 200 2560 "https://www.najh.ilc.edu.tw/2019/10/01/159/" "Mozilla/5.0 (Windows NT 10.0; Win64; x64) AppleWebKit/537.36 (KHTML, like Gecko) Chrome/144.0.0.0 Safari/537.36"
2408:8719:64:204:11:: - - [22/Aug/2026:05:10:48 +0800] "GET /tag/%e5%8f%b0%e7%81%a3%e7%a7%91%e5%ad%b8%e7%af%80/ HTTP/1.1" 200 15182 "-" "Mozilla/5.0 (Windows NT 10.0; Win64; x64) AppleWebKit/537.36 (KHTML, like Gecko) Chrome/144.0.0.0 Safari/537.36"
216.73.216.20 - - [22/Aug/2026:05:10:49 +0800] "GET /5882/2011/12/26/%e5%ae%9c%e8%98%ad%e7%b8%a3%e5%87%b1%e6%97%8b%e5%9c%8b%e5%b0%8f99%e5%b9%b4%e5%ba%a6%e5%81%a5%e5%ba%b7%e4%bf%83%e9%80%b2%e5%ad%b8%e6%a0%a1%e6%8e%a8%e5%8b%95%e6%88%90%e6%9e%9c%e8%a1%a8/ HTTP/1.1" 200 13871 "https://2blog.ilc.edu.tw/5882/?p=6334" "Mozilla/5.0 AppleWebKit/537.36 (KHTML, like Gecko; compatible; ClaudeBot/1.0; +claudebot@anthropic.com)"
216.73.216.20 - - [22/Aug/2026:05:10:49 +0800] "GET /5882/2014/04/18/%e4%ba%8c%e5%b9%b4%e7%b4%9a%e5%81%a5%e5%ba%b7%e6%95%99%e6%a1%88%e8%88%87%e6%88%90%e6%9e%9c/ HTTP/1.1" 200 9162 "https://2blog.ilc.edu.tw/5882/?p=6601" "Mozilla/5.0 AppleWebKit/537.36 (KHTML, like Gecko; compatible; ClaudeBot/1.0; +claudebot@anthropic.com)"
216.73.216.20 - - [22/Aug/2026:05:10:49 +0800] "GET /5882/2014/04/23/%e6%a0%a1%e5%9c%92%e5%ae%89%e5%85%a8%e7%ae%a1%e7%90%86%e6%89%8b%e5%86%8a%e5%8f%8a%e5%ae%89%e5%85%a8%e6%aa%a2%e6%a0%b8%e7%b4%80%e9%8c%84%e8%a1%a8/ HTTP/1.1" 200 9316 "https://2blog.ilc.edu.tw/5882/?p=6602" "Mozilla/5.0 AppleWebKit/537.36 (KHTML, like Gecko; compatible; ClaudeBot/1.0; +claudebot@anthropic.com)"
216.73.216.20 - - [22/Aug/2026:05:10:49 +0800] "GET /5882/2013/05/01/%e9%81%b5%e5%be%aa%e9%83%a8%e9%a0%92%e5%8f%8a%e7%b8%a3%e5%b8%82%e6%8c%87%e6%a8%99%e7%b2%be%e7%a5%9e%e8%a8%82%e5%ae%9a%e6%9c%ac%e6%a0%a1%e8%87%aa%e4%b8%bb%e7%ae%a1%e7%90%86%e6%8c%87%e6%a8%99%e5%85%b7/ HTTP/1.1" 200 11686 "https://2blog.ilc.edu.tw/5882/?p=6520" "Mozilla/5.0 AppleWebKit/537.36 (KHTML, like Gecko; compatible; ClaudeBot/1.0; +claudebot@anthropic.com)"
::1 - - [22/Aug/2026:05:10:49 +0800] "OPTIONS * HTTP/1.0" 200 110 "-" "Apache/2.4.68 (Ubuntu) OpenSSL/3.0.19 (internal dummy connection)"
216.73.216.20 - - [22/Aug/2026:05:10:49 +0800] "GET /5882/2018/06/15/26-107-04-26%e5%81%a5%e5%ba%b7%e9%ab%94%e4%bd%8d%e5%ae%a3%e5%b0%8e%e6%b4%bb%e5%8b%95%e6%88%90%e6%9e%9c/ HTTP/1.1" 200 9303 "https://2blog.ilc.edu.tw/5882/?p=6736" "Mozilla/5.0 AppleWebKit/537.36 (KHTML, like Gecko; compatible; ClaudeBot/1.0; +claudebot@anthropic.com)"
216.73.216.20 - - [22/Aug/2026:05:10:49 +0800] "GET /5882/2012/05/16/1-3-1%e8%ad%a6%e8%a1%9b%e6%88%96%e6%a0%a1%e5%b7%a5%e5%b7%a1%e8%a6%96%e6%a0%a1%e5%9c%92%e5%ae%89%e5%85%a8%e7%b4%80%e9%8c%84%e3%80%82/ HTTP/1.1" 200 9195 "https://2blog.ilc.edu.tw/5882/?p=6368" "Mozilla/5.0 AppleWebKit/537.36 (KHTML, like Gecko; compatible; ClaudeBot/1.0; +claudebot@anthropic.com)"
216.73.216.20 - - [22/Aug/2026:05:10:49 +0800] "GET /5882/?p=6426 HTTP/1.1" 301 865 "-" "Mozilla/5.0 AppleWebKit/537.36 (KHTML, like Gecko; compatible; ClaudeBot/1.0; +claudebot@anthropic.com)"
216.73.216.20 - - [22/Aug/2026:05:10:49 +0800] "GET /5882/2013/03/19/%e5%81%a5%e5%ba%b7%e8%a8%98%e9%8c%84%e6%aa%94%e6%a1%88%e7%ae%a1%e7%90%86%e5%8f%8a%e7%99%bb%e8%a8%98/ HTTP/1.1" 200 14345 "https://2blog.ilc.edu.tw/5882/?p=6470" "Mozilla/5.0 AppleWebKit/537.36 (KHTML, like Gecko; compatible; ClaudeBot/1.0; +claudebot@anthropic.com)"
216.73.216.20 - - [22/Aug/2026:05:10:49 +0800] "GET /5882/?p=6510 HTTP/1.1" 301 852 "-" "Mozilla/5.0 AppleWebKit/537.36 (KHTML, like Gecko; compatible; ClaudeBot/1.0; +claudebot@anthropic.com)"
192.249.114.45 - - [22/Aug/2026:05:10:49 +0800] "GET /wp-login.php HTTP/1.1" 200 10702 "https://2blog.ilc.edu.tw/wp-login.php" "Mozilla/5.0 (Windows NT 6.3; Win64; x64) AppleWebKit/537.36 (KHTML, like Gecko) Chrome/103.0.0.0 Safari/537.36"
216.73.216.20 - - [22/Aug/2026:05:10:49 +0800] "GET /5882/?p=6543 HTTP/1.1" 301 5754 "-" "Mozilla/5.0 AppleWebKit/537.36 (KHTML, like Gecko; compatible; ClaudeBot/1.0; +claudebot@anthropic.com)"
2408:8719:64:204:11:: - - [22/Aug/2026:05:10:49 +0800] "GET /wp-content/cache/www.yleec.ilc.edu.tw/wpfc-minified/lliler4t/84zg.css HTTP/1.1" 200 40886 "https://www.yleec.ilc.edu.tw/tag/%e5%8f%b0%e7%81%a3%e7%a7%91%e5%ad%b8%e7%af%80/" "Mozilla/5.0 (Windows NT 10.0; Win64; x64) AppleWebKit/537.36 (KHTML, like Gecko) Chrome/144.0.0.0 Safari/537.36"
216.73.216.20 - - [22/Aug/2026:05:10:49 +0800] "GET /5882/?p=6440 HTTP/1.1" 301 5632 "-" "Mozilla/5.0 AppleWebKit/537.36 (KHTML, like Gecko; compatible; ClaudeBot/1.0; +claudebot@anthropic.com)"
216.73.216.20 - - [22/Aug/2026:05:10:49 +0800] "GET /5882/?p=6578 HTTP/1.1" 301 5664 "-" "Mozilla/5.0 AppleWebKit/537.36 (KHTML, like Gecko; compatible; ClaudeBot/1.0; +claudebot@anthropic.com)"
216.73.216.20 - - [22/Aug/2026:05:10:49 +0800] "GET /tcesinfo/?p=1123 HTTP/1.1" 301 855 "-" "Mozilla/5.0 AppleWebKit/537.36 (KHTML, like Gecko; compatible; ClaudeBot/1.0; +claudebot@anthropic.com)"
216.73.216.20 - - [22/Aug/2026:05:10:49 +0800] "GET /6569/2020/10/16/page/1/ HTTP/1.1" 301 787 "-" "Mozilla/5.0 AppleWebKit/537.36 (KHTML, like Gecko; compatible; ClaudeBot/1.0; +claudebot@anthropic.com)"
216.73.216.20 - - [22/Aug/2026:05:10:49 +0800] "GET /5882/?p=6347 HTTP/1.1" 301 883 "-" "Mozilla/5.0 AppleWebKit/537.36 (KHTML, like Gecko; compatible; ClaudeBot/1.0; +claudebot@anthropic.com)"
216.73.216.20 - - [22/Aug/2026:05:10:49 +0800] "GET /5882/2012/09/26/101%e5%b9%b4-%e8%a6%96%e5%8a%9b%e4%bf%9d%e5%81%a5%e8%9e%8d%e5%85%a5%e8%aa%b2%e7%a8%8b%e6%95%99%e5%ad%b8/ HTTP/1.1" 200 9430 "https://2blog.ilc.edu.tw/5882/?p=6426" "Mozilla/5.0 AppleWebKit/537.36 (KHTML, like Gecko; compatible; ClaudeBot/1.0; +claudebot@anthropic.com)"
216.73.216.20 - - [22/Aug/2026:05:10:49 +0800] "GET /5882/2013/04/26/%e5%8f%8d%e9%9c%b8%e5%87%8c%e5%8f%8b%e5%96%84%e6%a0%a1%e5%9c%92%e9%80%b1%e6%b4%bb%e5%8b%95/ HTTP/1.1" 200 12689 "https://2blog.ilc.edu.tw/5882/?p=6510" "Mozilla/5.0 AppleWebKit/537.36 (KHTML, like Gecko; compatible; ClaudeBot/1.0; +claudebot@anthropic.com)"
216.73.216.20 - - [22/Aug/2026:05:10:49 +0800] "GET /5882/?p=6359 HTTP/1.1" 301 5687 "-" "Mozilla/5.0 AppleWebKit/537.36 (KHTML, like Gecko; compatible; ClaudeBot/1.0; +claudebot@anthropic.com)"
216.73.216.20 - - [22/Aug/2026:05:10:49 +0800] "GET /5882/2013/05/22/%e4%bf%9d%e8%ad%b7%e4%bd%a0%e6%88%91%e5%81%a5%e5%ba%b7%e7%a6%81%e6%ad%a2%e9%81%95%e6%b3%95%e5%b1%a0%e5%ae%b0%e3%80%81%e9%99%b3%e5%88%97%e3%80%81%e5%b1%95%e7%a4%ba%e5%8f%8a%e8%b2%a9%e5%94%ae%e6%b4%bb/ HTTP/1.1" 200 9354 "https://2blog.ilc.edu.tw/5882/?p=6543" "Mozilla/5.0 AppleWebKit/537.36 (KHTML, like Gecko; compatible; ClaudeBot/1.0; +claudebot@anthropic.com)"
216.73.216.20 - - [22/Aug/2026:05:10:49 +0800] "GET /5882/?p=6436 HTTP/1.1" 301 5713 "-" "Mozilla/5.0 AppleWebKit/537.36 (KHTML, like Gecko; compatible; ClaudeBot/1.0; +claudebot@anthropic.com)"
216.73.216.20 - - [22/Aug/2026:05:10:49 +0800] "GET /5882/2012/12/03/%e6%b3%a8%e6%84%8f%e5%8a%9b%e7%bc%ba%e5%a4%b1%e9%81%8e%e5%8b%95%e7%97%87adhd/ HTTP/1.1" 200 9538 "https://2blog.ilc.edu.tw/5882/?p=6440" "Mozilla/5.0 AppleWebKit/537.36 (KHTML, like Gecko; compatible; ClaudeBot/1.0; +claudebot@anthropic.com)"
216.73.216.20 - - [22/Aug/2026:05:10:49 +0800] "GET /5882/2014/03/31/%e5%81%a5%e4%bf%83%e8%a8%88%e7%95%ab%e6%a0%a1%e5%8b%99%e6%9c%83%e8%ad%b0%e5%af%a9%e8%ad%b0%e9%80%9a%e9%81%8e/ HTTP/1.1" 200 9327 "https://2blog.ilc.edu.tw/5882/?p=6578" "Mozilla/5.0 AppleWebKit/537.36 (KHTML, like Gecko; compatible; ClaudeBot/1.0; +claudebot@anthropic.com)"
216.73.216.20 - - [22/Aug/2026:05:10:49 +0800] "GET /6569/2020/10/16/ HTTP/1.1" 200 10435 "https://2blog.ilc.edu.tw/6569/2020/10/16/page/1/" "Mozilla/5.0 AppleWebKit/537.36 (KHTML, like Gecko; compatible; ClaudeBot/1.0; +claudebot@anthropic.com)"
216.73.216.20 - - [22/Aug/2026:05:10:49 +0800] "GET /tcesinfo/2024/11/21/%e7%80%8f%e8%a6%bd%e5%99%a8%e6%93%b4%e5%85%85%e5%8a%9f%e8%83%bd/ HTTP/1.1" 200 11793 "https://2blog.ilc.edu.tw/tcesinfo/?p=1123" "Mozilla/5.0 AppleWebKit/537.36 (KHTML, like Gecko; compatible; ClaudeBot/1.0; +claudebot@anthropic.com)"
216.73.216.20 - - [22/Aug/2026:05:10:49 +0800] "GET /5882/2012/05/09/100%e5%ad%b8%e5%b9%b4%e5%ba%a6-%e6%a8%99%e6%ba%96%e4%b8%89%e3%80%81%e5%ad%b8%e6%a0%a1%e7%a4%be%e6%9c%83%e7%92%b0%e5%a2%83/ HTTP/1.1" 200 10677 "https://2blog.ilc.edu.tw/5882/?p=6347" "Mozilla/5.0 AppleWebKit/537.36 (KHTML, like Gecko; compatible; ClaudeBot/1.0; +claudebot@anthropic.com)"
192.249.114.45 - - [22/Aug/2026:05:10:50 +0800] "GET /wp-includes/css/dashicons.min.css HTTP/1.1" 200 41515 "https://2blog.ilc.edu.tw/wp-login.php" "Mozilla/5.0 (Windows NT 10.0; Win64; x64) AppleWebKit/537.36 (KHTML, like Gecko) Chrome/149.0.0.0 Safari/537.36"
216.73.216.20 - - [22/Aug/2026:05:10:50 +0800] "GET /5882/2012/05/16/1-1-1%e5%81%a5%e5%ba%b7%e6%95%99%e8%82%b2%e5%8f%8a%e5%81%a5%e5%ba%b7%e4%bf%83%e9%80%b2%e8%a8%88%e7%95%ab%e7%9a%84%e5%ae%9a%e4%bd%8d/ HTTP/1.1" 200 9255 "https://2blog.ilc.edu.tw/5882/?p=6359" "Mozilla/5.0 AppleWebKit/537.36 (KHTML, like Gecko; compatible; ClaudeBot/1.0; +claudebot@anthropic.com)"
216.73.216.20 - - [22/Aug/2026:05:10:49 +0800] "GET /5882/?p=6734 HTTP/1.1" 301 1221 "-" "Mozilla/5.0 AppleWebKit/537.36 (KHTML, like Gecko; compatible; ClaudeBot/1.0; +claudebot@anthropic.com)"
216.73.216.20 - - [22/Aug/2026:05:10:50 +0800] "GET /5882/2012/11/23/101%e5%b9%b4%e5%ba%a6%e6%96%b0%e7%94%9f-%e6%97%a5%e6%9c%ac%e8%85%a6%e7%82%8e%e7%96%ab%e8%8b%97%e7%ac%ac%e5%9b%9b%e5%8a%91%e6%96%bd%e6%89%93%e5%ae%8c%e7%95%a2/ HTTP/1.1" 200 9799 "https://2blog.ilc.edu.tw/5882/?p=6436" "Mozilla/5.0 AppleWebKit/537.36 (KHTML, like Gecko; compatible; ClaudeBot/1.0; +claudebot@anthropic.com)"
216.73.216.20 - - [22/Aug/2026:05:10:50 +0800] "GET /5882/author/daisy248578/feed/ HTTP/1.1" 200 2898 "-" "Mozilla/5.0 AppleWebKit/537.36 (KHTML, like Gecko; compatible; ClaudeBot/1.0; +claudebot@anthropic.com)"
216.73.216.20 - - [22/Aug/2026:05:10:50 +0800] "GET /5882/?p=6749 HTTP/1.1" 301 899 "-" "Mozilla/5.0 AppleWebKit/537.36 (KHTML, like Gecko; compatible; ClaudeBot/1.0; +claudebot@anthropic.com)"
