54.152.163.42 - - [22/Aug/2026:05:12:03 +0800] "GET /6232/wp-content/uploads/sites/1727/2025/05/BRBO1280.jpg HTTP/1.1" 200 403279 "-" "Mozilla/5.0 AppleWebKit/537.36 (KHTML, like Gecko; compatible; Amazonbot/0.1; +https://developer.amazon.com/support/amazonbot) Chrome/119.0.6045.214 Safari/537.36"
66.249.79.163 - - [22/Aug/2026:05:12:04 +0800] "GET /yleerc/wp-content/themes/oceanwp/assets/js/ow-slider.min.js HTTP/1.1" 200 1761 "https://2blog.ilc.edu.tw/yleerc/category/eeg/" "Mozilla/5.0 AppleWebKit/537.36 (KHTML, like Gecko; compatible; Googlebot/2.1; +http://www.google.com/bot.html) Chrome/151.0.7922.108 Safari/537.36"
216.73.216.20 - - [22/Aug/2026:05:12:04 +0800] "GET /4925/2016/04/12/%e5%85%92%e7%ab%a5%e7%af%80%e6%b4%bb%e5%8b%95-%e7%b5%90%e5%90%88%e6%97%a5%e6%9c%ac%e9%af%89%e9%ad%9a%e6%97%97%e6%b4%bb%e5%8b%95/ HTTP/1.1" 200 12757 "-" "Mozilla/5.0 AppleWebKit/537.36 (KHTML, like Gecko; compatible; ClaudeBot/1.0; +claudebot@anthropic.com)"
2409:8a44:2460:a063:e4f1:607a:6c9a:d27 - - [22/Aug/2026:05:12:04 +0800] "GET /wp-content/themes/oceanwp/assets/js/scroll-top.min.js HTTP/1.1" 200 3202 "https://www.najh.ilc.edu.tw/2023/page/2/" "Mozilla/5.0 (Windows NT 10.0; Win64; x64) AppleWebKit/537.36 (KHTML, like Gecko) Chrome/144.0.0.0 Safari/537.36"
216.73.216.20 - - [22/Aug/2026:05:12:04 +0800] "GET /5882/2012/05/09/%e8%a1%a8%e3%80%90%e4%ba%8c%e3%80%91-%e3%80%90%e5%ad%b8%e6%a0%a1%e7%89%a9%e8%b3%aa%e7%92%b0%e5%a2%83%e3%80%91/ HTTP/1.1" 200 9083 "-" "Mozilla/5.0 AppleWebKit/537.36 (KHTML, like Gecko; compatible; ClaudeBot/1.0; +claudebot@anthropic.com)"
2408:8719:3000:19:1c:: - - [22/Aug/2026:05:12:04 +0800] "GET /6540/wp-content/themes/oceanwp/assets/js/vendors/magnific-popup.min.js HTTP/1.1" 200 8270 "https://2blog.ilc.edu.tw/6540/page/111/" "Mozilla/5.0 (Windows NT 10.0; Win64; x64) AppleWebKit/537.36 (KHTML, like Gecko) Chrome/144.0.0.0 Safari/537.36"
2408:872f:d00:4::48 - - [22/Aug/2026:05:12:04 +0800] "GET /page/14/ HTTP/1.1" 200 25844 "-" "Mozilla/5.0 (Windows NT 10.0; Win64; x64) AppleWebKit/537.36 (KHTML, like Gecko) Chrome/144.0.0.0 Safari/537.36"
2408:862e:ff:ff33::130 - - [22/Aug/2026:05:12:04 +0800] "GET /category/c-8618/c-59318/page/7/ HTTP/1.1" 200 18494 "-" "Mozilla/5.0 (Windows NT 10.0; Win64; x64) AppleWebKit/537.36 (KHTML, like Gecko) Chrome/144.0.0.0 Safari/537.36"
240e:967:e200:a00:0:1:0:10 - - [22/Aug/2026:05:12:04 +0800] "GET /19648/wp-includes/js/hoverintent-js.min.js HTTP/1.1" 200 1597 "https://2blog.ilc.edu.tw/19648/category/c-68084/page/2/" "Mozilla/5.0 (Windows NT 10.0; Win64; x64) AppleWebKit/537.36 (KHTML, like Gecko) Chrome/144.0.0.0 Safari/537.36"
2408:8719:3000:19:1c:: - - [22/Aug/2026:05:12:04 +0800] "GET /6540/wp-content/themes/oceanwp/assets/js/vendors/flickity.pkgd.min.js HTTP/1.1" 200 15048 "https://2blog.ilc.edu.tw/6540/page/111/" "Mozilla/5.0 (Windows NT 10.0; Win64; x64) AppleWebKit/537.36 (KHTML, like Gecko) Chrome/144.0.0.0 Safari/537.36"
240e:967:e200:a00:0:1:0:10 - - [22/Aug/2026:05:12:04 +0800] "GET /19648/wp-includes/js/admin-bar.min.js HTTP/1.1" 200 7031 "https://2blog.ilc.edu.tw/19648/category/c-68084/page/2/" "Mozilla/5.0 (Windows NT 10.0; Win64; x64) AppleWebKit/537.36 (KHTML, like Gecko) Chrome/144.0.0.0 Safari/537.36"
240e:967:e200:a00:0:1:0:10 - - [22/Aug/2026:05:12:04 +0800] "GET /19648/wp-content/cache/2blog.ilc.edu.tw/wpfc-minified/dqpsy20w/5wu4d.js HTTP/1.1" 200 40360 "https://2blog.ilc.edu.tw/19648/category/c-68084/page/2/" "Mozilla/5.0 (Windows NT 10.0; Win64; x64) AppleWebKit/537.36 (KHTML, like Gecko) Chrome/144.0.0.0 Safari/537.36"
2408:8719:3000:19:1c:: - - [22/Aug/2026:05:12:04 +0800] "GET /6540/wp-content/themes/oceanwp/assets/js/ow-slider.min.js HTTP/1.1" 200 1761 "https://2blog.ilc.edu.tw/6540/page/111/" "Mozilla/5.0 (Windows NT 10.0; Win64; x64) AppleWebKit/537.36 (KHTML, like Gecko) Chrome/144.0.0.0 Safari/537.36"
2408:8719:3000:19:1c:: - - [22/Aug/2026:05:12:04 +0800] "GET /6540/wp-content/themes/oceanwp/assets/js/scroll-effect.min.js HTTP/1.1" 200 4127 "https://2blog.ilc.edu.tw/6540/page/111/" "Mozilla/5.0 (Windows NT 10.0; Win64; x64) AppleWebKit/537.36 (KHTML, like Gecko) Chrome/144.0.0.0 Safari/537.36"
216.73.216.20 - - [22/Aug/2026:05:12:04 +0800] "GET /4925/2015/10/26/%e4%ba%94%e5%b9%b4%e7%b4%9a%e6%9c%ac%e5%9c%9f%e5%8c%96%e8%aa%b2%e7%a8%8b-%e5%8f%83%e8%a7%80%e8%98%ad%e9%99%bd%e5%8d%9a%e7%89%a9%e9%a4%a8/ HTTP/1.1" 200 13236 "-" "Mozilla/5.0 AppleWebKit/537.36 (KHTML, like Gecko; compatible; ClaudeBot/1.0; +claudebot@anthropic.com)"
240e:3bb:32dc:3600:ded8:7cff:fe49:a029 - - [22/Aug/2026:05:12:04 +0800] "GET /wp-content/cache/ilta.ilc.edu.tw/wpfc-minified/l07fx5lw/6wvk.css HTTP/1.1" 200 15782 "https://ilta.ilc.edu.tw/2015/page/5/" "Mozilla/5.0 (Windows NT 10.0; Win64; x64) AppleWebKit/537.36 (KHTML, like Gecko) Chrome/144.0.0.0 Safari/537.36"
16.147.225.219 - - [22/Aug/2026:05:12:04 +0800] "POST /?rest_route=/batch/v1 HTTP/1.1" 500 6364 "-" "Mozilla/5.0 (Windows NT 10.0; Win64; x64) AppleWebKit/537.36 (KHTML, like Gecko) Chrome/126.0.0.0 Safari/537.36"
240e:3bb:32dc:3600:ded8:7cff:fe49:a029 - - [22/Aug/2026:05:12:05 +0800] "GET /wp-content/cache/ilta.ilc.edu.tw/wpfc-minified/qm0ohmet/6wvk.css HTTP/1.1" 200 1496 "https://ilta.ilc.edu.tw/2015/page/5/" "Mozilla/5.0 (Windows NT 10.0; Win64; x64) AppleWebKit/537.36 (KHTML, like Gecko) Chrome/144.0.0.0 Safari/537.36"
216.73.216.20 - - [22/Aug/2026:05:12:04 +0800] "GET /4925/2015/06/24/%e4%ba%94%e5%b9%b4%e7%b4%9a%e5%ae%b6%e5%ba%ad%e6%95%99%e8%82%b2-%e7%a5%96%e5%ad%ab%e9%80%b1%e7%9b%b8%e9%97%9c%e6%95%99%e5%ad%b8%e6%b4%bb%e5%8b%95/ HTTP/1.1" 200 13037 "-" "Mozilla/5.0 AppleWebKit/537.36 (KHTML, like Gecko; compatible; ClaudeBot/1.0; +claudebot@anthropic.com)"
240e:3bb:32dc:3600:ded8:7cff:fe49:a029 - - [22/Aug/2026:05:12:05 +0800] "GET /wp-includes/js/hoverintent-js.min.js HTTP/1.1" 200 6392 "https://ilta.ilc.edu.tw/2015/page/5/" "Mozilla/5.0 (Windows NT 10.0; Win64; x64) AppleWebKit/537.36 (KHTML, like Gecko) Chrome/144.0.0.0 Safari/537.36"
240e:3bb:32dc:3600:ded8:7cff:fe49:a029 - - [22/Aug/2026:05:12:05 +0800] "GET /wp-includes/js/admin-bar.min.js HTTP/1.1" 200 7032 "https://ilta.ilc.edu.tw/2015/page/5/" "Mozilla/5.0 (Windows NT 10.0; Win64; x64) AppleWebKit/537.36 (KHTML, like Gecko) Chrome/144.0.0.0 Safari/537.36"
2408:8719:3000:19:1c:: - - [22/Aug/2026:05:12:05 +0800] "GET /6540/wp-content/themes/oceanwp/assets/js/scroll-top.min.js HTTP/1.1" 200 3202 "https://2blog.ilc.edu.tw/6540/page/111/" "Mozilla/5.0 (Windows NT 10.0; Win64; x64) AppleWebKit/537.36 (KHTML, like Gecko) Chrome/144.0.0.0 Safari/537.36"
2408:8719:3000:19:1c:: - - [22/Aug/2026:05:12:05 +0800] "GET /6540/wp-content/themes/oceanwp/assets/js/select.min.js HTTP/1.1" 200 2408 "https://2blog.ilc.edu.tw/6540/page/111/" "Mozilla/5.0 (Windows NT 10.0; Win64; x64) AppleWebKit/537.36 (KHTML, like Gecko) Chrome/144.0.0.0 Safari/537.36"
216.73.216.20 - - [22/Aug/2026:05:12:05 +0800] "GET /4925/2016/04/20/%e8%aa%8d%e8%ad%98%e5%ae%b6%e9%84%89%e7%9a%84%e5%b3%b6-%e3%80%8c%e9%87%a3%e9%ad%9a%e8%87%ba%e5%88%97%e5%b6%bc%e3%80%8d%e6%95%99%e6%a1%88/ HTTP/1.1" 200 14449 "-" "Mozilla/5.0 AppleWebKit/537.36 (KHTML, like Gecko; compatible; ClaudeBot/1.0; +claudebot@anthropic.com)"
2408:8719:3000:19:1c:: - - [22/Aug/2026:05:12:05 +0800] "GET /6540/wp-content/themes/oceanwp/assets/fonts/simple-line-icons/Simple-Line-Icons.woff2?v=2.4.0 HTTP/1.1" 200 30959 "https://2blog.ilc.edu.tw/6540/wp-content/cache/2blog.ilc.edu.tw/wpfc-minified/88zpz8jx/5wstl.css" "Mozilla/5.0 (Windows NT 10.0; Win64; x64) AppleWebKit/537.36 (KHTML, like Gecko) Chrome/144.0.0.0 Safari/537.36"
240e:3bb:32dc:3600:ded8:7cff:fe49:a029 - - [22/Aug/2026:05:12:05 +0800] "GET /wp-includes/js/imagesloaded.min.js HTTP/1.1" 200 2683 "https://ilta.ilc.edu.tw/2015/page/5/" "Mozilla/5.0 (Windows NT 10.0; Win64; x64) AppleWebKit/537.36 (KHTML, like Gecko) Chrome/144.0.0.0 Safari/537.36"
240e:3bb:32dc:3600:ded8:7cff:fe49:a029 - - [22/Aug/2026:05:12:05 +0800] "GET /wp-content/themes/oceanwp/assets/js/theme.min.js HTTP/1.1" 200 5130 "https://ilta.ilc.edu.tw/2015/page/5/" "Mozilla/5.0 (Windows NT 10.0; Win64; x64) AppleWebKit/537.36 (KHTML, like Gecko) Chrome/144.0.0.0 Safari/537.36"
240e:967:e200:a00:0:1:0:10 - - [22/Aug/2026:05:12:05 +0800] "GET /19648/wp-content/themes/twentyseventeen/assets/js/skip-link-focus-fix.js HTTP/1.1" 200 1295 "https://2blog.ilc.edu.tw/19648/category/c-68084/page/2/" "Mozilla/5.0 (Windows NT 10.0; Win64; x64) AppleWebKit/537.36 (KHTML, like Gecko) Chrome/144.0.0.0 Safari/537.36"
240e:3bb:32dc:3600:ded8:7cff:fe49:a029 - - [22/Aug/2026:05:12:05 +0800] "GET /wp-content/themes/oceanwp/assets/js/drop-down-mobile-menu.min.js HTTP/1.1" 200 4663 "https://ilta.ilc.edu.tw/2015/page/5/" "Mozilla/5.0 (Windows NT 10.0; Win64; x64) AppleWebKit/537.36 (KHTML, like Gecko) Chrome/144.0.0.0 Safari/537.36"
240e:3bb:32dc:3600:ded8:7cff:fe49:a029 - - [22/Aug/2026:05:12:05 +0800] "GET /wp-content/themes/oceanwp/assets/js/drop-down-search.min.js HTTP/1.1" 200 2968 "https://ilta.ilc.edu.tw/2015/page/5/" "Mozilla/5.0 (Windows NT 10.0; Win64; x64) AppleWebKit/537.36 (KHTML, like Gecko) Chrome/144.0.0.0 Safari/537.36"
216.73.216.20 - - [22/Aug/2026:05:12:05 +0800] "GET /4925/2015/02/25/%e4%b8%80%e5%b9%b4%e7%b4%9a%e7%92%b0%e5%a2%83%e6%95%99%e8%82%b2%e8%aa%8d%e8%ad%98%e6%a0%a1%e5%9c%92%e8%8a%b1%e8%8d%89%e3%80%81%e8%8a%b1%e9%96%93%e8%a8%aa%e5%ae%a2/ HTTP/1.1" 200 13729 "-" "Mozilla/5.0 AppleWebKit/537.36 (KHTML, like Gecko; compatible; ClaudeBot/1.0; +claudebot@anthropic.com)"
216.73.216.20 - - [22/Aug/2026:05:12:05 +0800] "GET /4925/2016/04/18/%e5%ae%b6%e5%ba%ad%e6%95%99%e8%82%b2%e5%8a%87%e5%9c%98%e5%88%b0%e6%a0%a1%e6%bc%94%e5%87%ba-%e4%b8%80%e5%80%8b%e8%8c%ab%e4%b8%96%e7%95%8c/ HTTP/1.1" 200 13071 "-" "Mozilla/5.0 AppleWebKit/537.36 (KHTML, like Gecko; compatible; ClaudeBot/1.0; +claudebot@anthropic.com)"
2409:8a44:2460:a063:e4f1:607a:6c9a:d27 - - [22/Aug/2026:05:12:05 +0800] "GET /wp-includes/js/mediaelement/mediaelement-and-player.min.js HTTP/1.1" 200 40141 "https://www.najh.ilc.edu.tw/2023/page/2/" "Mozilla/5.0 (Windows NT 10.0; Win64; x64) AppleWebKit/537.36 (KHTML, like Gecko) Chrome/144.0.0.0 Safari/537.36"
2408:872f:d00:4::48 - - [22/Aug/2026:05:12:05 +0800] "GET /wp-content/cache/www.cwjh.ilc.edu.tw/wpfc-minified/2mrmz3dm/77dd.css HTTP/1.1" 200 40884 "https://www.cwjh.ilc.edu.tw/page/14/" "Mozilla/5.0 (Windows NT 10.0; Win64; x64) AppleWebKit/537.36 (KHTML, like Gecko) Chrome/144.0.0.0 Safari/537.36"
2408:862e:ff:ff33::130 - - [22/Aug/2026:05:12:05 +0800] "GET /wp-content/cache/www.cwjh.ilc.edu.tw/wpfc-minified/2mrmz3dm/77dd.css HTTP/1.1" 200 40884 "https://www.cwjh.ilc.edu.tw/category/c-8618/c-59318/page/7/" "Mozilla/5.0 (Windows NT 10.0; Win64; x64) AppleWebKit/537.36 (KHTML, like Gecko) Chrome/144.0.0.0 Safari/537.36"
216.73.216.20 - - [22/Aug/2026:05:12:05 +0800] "GET /3642/2017/05/05/5%e6%9c%88%e3%80%82%e3%80%8c%e6%95%85%e4%ba%8b%e7%8e%8b%e5%9c%8b%e3%80%8d%e4%b8%bb%e9%a1%8c%e9%96%b1%e8%ae%80%e6%b4%bb%e5%8b%95%e6%95%85%e4%ba%8b%e5%a4%a7%e8%81%b2%e5%85%ac%e6%b1%ba%e8%b3%bd/ HTTP/1.1" 200 15686 "-" "Mozilla/5.0 AppleWebKit/537.36 (KHTML, like Gecko; compatible; ClaudeBot/1.0; +claudebot@anthropic.com)"
240e:967:e200:a00:0:1:0:10 - - [22/Aug/2026:05:12:05 +0800] "GET /19648/wp-content/themes/twentyseventeen/assets/js/global.js HTTP/1.1" 200 3495 "https://2blog.ilc.edu.tw/19648/category/c-68084/page/2/" "Mozilla/5.0 (Windows NT 10.0; Win64; x64) AppleWebKit/537.36 (KHTML, like Gecko) Chrome/144.0.0.0 Safari/537.36"
240e:967:e200:a00:0:1:0:10 - - [22/Aug/2026:05:12:05 +0800] "GET /19648/wp-content/themes/twentyseventeen/assets/js/navigation.js HTTP/1.1" 200 2041 "https://2blog.ilc.edu.tw/19648/category/c-68084/page/2/" "Mozilla/5.0 (Windows NT 10.0; Win64; x64) AppleWebKit/537.36 (KHTML, like Gecko) Chrome/144.0.0.0 Safari/537.36"
240e:967:e200:a00:0:1:0:10 - - [22/Aug/2026:05:12:05 +0800] "GET /19648/wp-content/themes/twentyseventeen/assets/js/jquery.scrollTo.js HTTP/1.1" 200 3289 "https://2blog.ilc.edu.tw/19648/category/c-68084/page/2/" "Mozilla/5.0 (Windows NT 10.0; Win64; x64) AppleWebKit/537.36 (KHTML, like Gecko) Chrome/144.0.0.0 Safari/537.36"
240e:3bb:32dc:3600:ded8:7cff:fe49:a029 - - [22/Aug/2026:05:12:05 +0800] "GET /wp-content/themes/oceanwp/assets/js/vendors/magnific-popup.min.js HTTP/1.1" 200 8270 "https://ilta.ilc.edu.tw/2015/page/5/" "Mozilla/5.0 (Windows NT 10.0; Win64; x64) AppleWebKit/537.36 (KHTML, like Gecko) Chrome/144.0.0.0 Safari/537.36"
2409:8714:e95:160:102::c - - [22/Aug/2026:05:12:05 +0800] "GET /wp-includes/js/hoverintent-js.min.js HTTP/1.1" 200 1597 "https://www.najh.ilc.edu.tw/2024/" "Mozilla/5.0 (Windows NT 10.0; Win64; x64) AppleWebKit/537.36 (KHTML, like Gecko) Chrome/144.0.0.0 Safari/537.36"
2409:8714:e95:160:102::c - - [22/Aug/2026:05:12:05 +0800] "GET /wp-content/cache/www.najh.ilc.edu.tw/wpfc-minified/87xhsi2d/6wh9.css HTTP/1.1" 200 4322 "https://www.najh.ilc.edu.tw/2024/" "Mozilla/5.0 (Windows NT 10.0; Win64; x64) AppleWebKit/537.36 (KHTML, like Gecko) Chrome/144.0.0.0 Safari/537.36"
66.249.79.163 - - [22/Aug/2026:05:12:05 +0800] "GET /yleerc/wp-content/themes/oceanwp/assets/js/select.min.js HTTP/1.1" 200 2408 "https://2blog.ilc.edu.tw/yleerc/category/eeg/" "Mozilla/5.0 AppleWebKit/537.36 (KHTML, like Gecko; compatible; Googlebot/2.1; +http://www.google.com/bot.html) Chrome/151.0.7922.108 Safari/537.36"
240e:3bb:32dc:3600:ded8:7cff:fe49:a029 - - [22/Aug/2026:05:12:05 +0800] "GET /wp-content/themes/oceanwp/assets/js/ow-lightbox.min.js HTTP/1.1" 200 2321 "https://ilta.ilc.edu.tw/2015/page/5/" "Mozilla/5.0 (Windows NT 10.0; Win64; x64) AppleWebKit/537.36 (KHTML, like Gecko) Chrome/144.0.0.0 Safari/537.36"
216.73.216.20 - - [22/Aug/2026:05:12:05 +0800] "GET /6537/2020/11/03/109_%e5%9b%9b%e3%80%816-6%e6%a0%a1%e6%9c%ac%e8%aa%b2%e7%a8%8b-4%e4%b8%8b-%e6%b0%b8%e7%ba%8c%e9%be%8d%e6%bd%ad%e7%b6%a0%e5%ae%b6%e5%9c%92/ HTTP/1.1" 200 11025 "-" "Mozilla/5.0 AppleWebKit/537.36 (KHTML, like Gecko; compatible; ClaudeBot/1.0; +claudebot@anthropic.com)"
240e:3bb:32dc:3600:ded8:7cff:fe49:a029 - - [22/Aug/2026:05:12:05 +0800] "GET /wp-content/themes/oceanwp/assets/js/vendors/flickity.pkgd.min.js HTTP/1.1" 200 15048 "https://ilta.ilc.edu.tw/2015/page/5/" "Mozilla/5.0 (Windows NT 10.0; Win64; x64) AppleWebKit/537.36 (KHTML, like Gecko) Chrome/144.0.0.0 Safari/537.36"
240e:3bb:32dc:3600:ded8:7cff:fe49:a029 - - [22/Aug/2026:05:12:05 +0800] "GET /wp-content/themes/oceanwp/assets/js/ow-slider.min.js HTTP/1.1" 200 1761 "https://ilta.ilc.edu.tw/2015/page/5/" "Mozilla/5.0 (Windows NT 10.0; Win64; x64) AppleWebKit/537.36 (KHTML, like Gecko) Chrome/144.0.0.0 Safari/537.36"
185.191.171.5 - - [22/Aug/2026:05:12:05 +0800] "GET /2024/09/19/%E8%BD%89%E7%9F%A5%E6%B4%BB%E5%8B%95%E8%A8%8A%E6%81%AF-%E6%A8%B9%E4%BA%BA%E9%86%AB%E8%AD%B7%E7%AE%A1%E7%90%86%E5%B0%88%E7%A7%91%E5%AD%B8%E6%A0%A1%E8%BE%A6%E7%90%86%E3%80%8C%E5%92%8C%E8%8F%93%E5%AD%90/ HTTP/1.1" 200 51692 "-" "Mozilla/5.0 (compatible; SemrushBot/7~bl; +http://www.semrush.com/bot.html)"
216.73.216.20 - - [22/Aug/2026:05:12:05 +0800] "GET /4925/2020/04/17/%e8%8e%9b%e6%99%a8%e8%80%81%e5%b8%ab%e5%85%ac%e9%96%8b%e8%aa%b2%e5%a4%a7%e6%a8%b9%e5%b0%8f%e8%8a%b1%e7%9a%84%e8%a8%aa%e5%ae%a2%e4%b8%80%e5%bf%a0%e7%94%9f%e6%b4%bb%e9%9f%b3%e6%a8%82/ HTTP/1.1" 200 14003 "-" "Mozilla/5.0 AppleWebKit/537.36 (KHTML, like Gecko; compatible; ClaudeBot/1.0; +claudebot@anthropic.com)"
216.73.216.20 - - [22/Aug/2026:05:12:05 +0800] "GET /6537/2019/10/15/108_%e4%b8%80%e3%80%811-%e7%92%b0%e6%95%99%e8%a1%9b%e7%94%9f%e7%9b%b8%e9%97%9c%e5%85%ac%e5%91%8a/ HTTP/1.1" 200 11221 "-" "Mozilla/5.0 AppleWebKit/537.36 (KHTML, like Gecko; compatible; ClaudeBot/1.0; +claudebot@anthropic.com)"
216.73.216.20 - - [22/Aug/2026:05:12:05 +0800] "GET /6537/2020/11/03/109_%e5%9b%9b%e3%80%816-1%e6%a0%a1%e6%9c%ac%e8%aa%b2%e7%a8%8b-1%e4%b8%8b-%e6%b0%b8%e7%ba%8c%e9%be%8d%e6%bd%ad%e7%b6%a0%e5%ae%b6%e5%9c%92/ HTTP/1.1" 200 11181 "-" "Mozilla/5.0 AppleWebKit/537.36 (KHTML, like Gecko; compatible; ClaudeBot/1.0; +claudebot@anthropic.com)"
2408:8719:3000:19:1c:: - - [22/Aug/2026:05:12:05 +0800] "GET /6540/wp-content/themes/oceanwp/assets/fonts/fontawesome/webfonts/fa-solid-900.woff2 HTTP/1.1" 200 151246 "https://2blog.ilc.edu.tw/6540/wp-content/cache/2blog.ilc.edu.tw/wpfc-minified/88zpz8jx/5wstl.css" "Mozilla/5.0 (Windows NT 10.0; Win64; x64) AppleWebKit/537.36 (KHTML, like Gecko) Chrome/144.0.0.0 Safari/537.36"
240e:3bb:32dc:3600:ded8:7cff:fe49:a029 - - [22/Aug/2026:05:12:05 +0800] "GET /wp-content/themes/oceanwp/assets/js/scroll-top.min.js HTTP/1.1" 200 3202 "https://ilta.ilc.edu.tw/2015/page/5/" "Mozilla/5.0 (Windows NT 10.0; Win64; x64) AppleWebKit/537.36 (KHTML, like Gecko) Chrome/144.0.0.0 Safari/537.36"
240e:3bb:32dc:3600:ded8:7cff:fe49:a029 - - [22/Aug/2026:05:12:05 +0800] "GET /wp-content/plugins/ocean-extra/includes/widgets/js/flickr.min.js HTTP/1.1" 200 1319 "https://ilta.ilc.edu.tw/2015/page/5/" "Mozilla/5.0 (Windows NT 10.0; Win64; x64) AppleWebKit/537.36 (KHTML, like Gecko) Chrome/144.0.0.0 Safari/537.36"
216.73.216.20 - - [22/Aug/2026:05:12:05 +0800] "GET /4925/2020/04/26/%e4%ba%8c%e5%b9%b4%e7%b4%9a-%e7%b6%9c%e5%90%88%e8%aa%b2%e9%b1%b7%e9%ad%9a%e6%94%be%e5%81%87%e4%ba%86%e7%8f%8d%e6%83%9c%e5%8f%8b%e8%aa%bc/ HTTP/1.1" 200 12946 "-" "Mozilla/5.0 AppleWebKit/537.36 (KHTML, like Gecko; compatible; ClaudeBot/1.0; +claudebot@anthropic.com)"
216.73.216.20 - - [22/Aug/2026:05:12:05 +0800] "GET /4925/2018/09/03/107%e5%ad%b8%e5%b9%b4%e5%ba%a6%e8%aa%b2%e7%a8%8b%e7%99%bc%e5%b1%95%e5%a7%94%e5%93%a1%e6%9c%83%e7%b5%84%e7%b9%94%e8%a6%81%e9%bb%9e/ HTTP/1.1" 200 12482 "-" "Mozilla/5.0 AppleWebKit/537.36 (KHTML, like Gecko; compatible; ClaudeBot/1.0; +claudebot@anthropic.com)"
2409:8714:e95:160:102::c - - [22/Aug/2026:05:12:06 +0800] "GET /wp-includes/js/admin-bar.min.js HTTP/1.1" 200 2237 "https://www.najh.ilc.edu.tw/2024/" "Mozilla/5.0 (Windows NT 10.0; Win64; x64) AppleWebKit/537.36 (KHTML, like Gecko) Chrome/144.0.0.0 Safari/537.36"
240e:3bb:32dc:3600:ded8:7cff:fe49:a029 - - [22/Aug/2026:05:12:06 +0800] "GET /wp-content/themes/oceanwp/assets/fonts/simple-line-icons/Simple-Line-Icons.woff2?v=2.4.0 HTTP/1.1" 200 30959 "https://ilta.ilc.edu.tw/wp-content/cache/ilta.ilc.edu.tw/wpfc-minified/7vo8n6iy/6wvk.css" "Mozilla/5.0 (Windows NT 10.0; Win64; x64) AppleWebKit/537.36 (KHTML, like Gecko) Chrome/144.0.0.0 Safari/537.36"
216.73.216.20 - - [22/Aug/2026:05:12:05 +0800] "GET /4925/2014/04/29/%e5%9b%9b%e5%b9%b4%e7%b4%9a%e5%81%a5%e5%ba%b7%e6%95%99%e8%82%b2%ef%bc%8d%e7%9d%a1%e5%a5%bd%e8%a6%ba%e5%a5%bd%e5%81%a5%e5%ba%b7%ef%bc%8c%e4%b8%80%e8%b5%b7%e7%9d%a1%e5%a5%bd%e8%a6%ba%e3%80%82/ HTTP/1.1" 200 13175 "-" "Mozilla/5.0 AppleWebKit/537.36 (KHTML, like Gecko; compatible; ClaudeBot/1.0; +claudebot@anthropic.com)"
216.73.216.20 - - [22/Aug/2026:05:12:06 +0800] "GET /19761/2014/09/29/103%e5%ad%b8%e5%b9%b4%e5%ba%a6%e4%b8%8a%e5%ad%b8%e6%9c%9f%e3%80%8e%e5%8f%b0%e7%81%a3%e6%af%8d%e8%aa%9e%e6%97%a5%e3%80%8f%e6%8e%a8%e8%a1%8c%e5%b0%8f%e7%b5%84%e6%9c%83%e8%ad%b0/ HTTP/1.1" 200 9918 "-" "Mozilla/5.0 AppleWebKit/537.36 (KHTML, like Gecko; compatible; ClaudeBot/1.0; +claudebot@anthropic.com)"
240e:967:e200:a00:0:1:0:10 - - [22/Aug/2026:05:12:06 +0800] "GET /favicon.ico HTTP/1.1" 302 901 "https://2blog.ilc.edu.tw/19648/category/c-68084/page/2/" "Mozilla/5.0 (Windows NT 10.0; Win64; x64) AppleWebKit/537.36 (KHTML, like Gecko) Chrome/144.0.0.0 Safari/537.36"
2408:872f:d00:4::48 - - [22/Aug/2026:05:12:06 +0800] "GET /wp-includes/js/admin-bar.min.js HTTP/1.1" 200 2237 "https://www.cwjh.ilc.edu.tw/page/14/" "Mozilla/5.0 (Windows NT 10.0; Win64; x64) AppleWebKit/537.36 (KHTML, like Gecko) Chrome/144.0.0.0 Safari/537.36"
2408:862e:ff:ff33::130 - - [22/Aug/2026:05:12:06 +0800] "GET /wp-content/cache/www.cwjh.ilc.edu.tw/wpfc-minified/f11u7byj/77dd.js HTTP/1.1" 200 35559 "https://www.cwjh.ilc.edu.tw/category/c-8618/c-59318/page/7/" "Mozilla/5.0 (Windows NT 10.0; Win64; x64) AppleWebKit/537.36 (KHTML, like Gecko) Chrome/144.0.0.0 Safari/537.36"
216.73.216.20 - - [22/Aug/2026:05:12:06 +0800] "GET /6537/2011/01/03/%e4%b8%80-8-%e7%8d%b2%e5%90%84%e5%96%ae%e4%bd%8d%e8%a3%9c%e5%8a%a9-%e4%ba%94-5-%e7%8d%b2%e7%b6%93%e6%bf%9f%e9%83%a8%e8%a3%9c%e5%8a%a9-%e5%ae%8c%e6%88%90%e5%a4%aa%e9%99%bd%e8%83%bd%e6%9d%bf/ HTTP/1.1" 200 11933 "-" "Mozilla/5.0 AppleWebKit/537.36 (KHTML, like Gecko; compatible; ClaudeBot/1.0; +claudebot@anthropic.com)"
216.73.216.20 - - [22/Aug/2026:05:12:06 +0800] "GET /6439/2016/11/07/105_%e6%a0%a1%e5%9c%92%e7%92%b0%e5%a2%83%e7%ae%a1%e7%90%86_%e6%a0%a1%e5%9c%92%e7%92%b0%e5%a2%83%e6%b8%85%e6%bd%94/ HTTP/1.1" 200 25431 "-" "Mozilla/5.0 AppleWebKit/537.36 (KHTML, like Gecko; compatible; ClaudeBot/1.0; +claudebot@anthropic.com)"
216.73.216.20 - - [22/Aug/2026:05:12:06 +0800] "GET /6537/2020/11/02/109_%e5%9b%9b%e3%80%813-2%e6%9b%be%e5%8f%83%e5%8a%a0%e5%8f%b0%e7%be%8e%e7%94%9f%e6%85%8b%e5%ad%b8%e6%a0%a1%e8%a3%9c%e5%8a%a9%e8%a8%88%e7%95%ab/ HTTP/1.1" 200 11007 "-" "Mozilla/5.0 AppleWebKit/537.36 (KHTML, like Gecko; compatible; ClaudeBot/1.0; +claudebot@anthropic.com)"
2409:8714:e95:160:102::c - - [22/Aug/2026:05:12:06 +0800] "GET /wp-includes/js/imagesloaded.min.js HTTP/1.1" 200 2683 "https://www.najh.ilc.edu.tw/2024/" "Mozilla/5.0 (Windows NT 10.0; Win64; x64) AppleWebKit/537.36 (KHTML, like Gecko) Chrome/144.0.0.0 Safari/537.36"
216.73.216.20 - - [22/Aug/2026:05:12:06 +0800] "GET /5882/2012/05/16/2-1-2%e5%bb%81%e6%89%80%e5%8f%8a%e6%b4%97%e6%89%8b%e8%a8%ad%e5%82%99%e7%ae%a1%e7%90%86%e8%be%a6%e6%b3%95%e5%8f%8a%e7%b4%80%e9%8c%84%e3%80%82/ HTTP/1.1" 200 9476 "-" "Mozilla/5.0 AppleWebKit/537.36 (KHTML, like Gecko; compatible; ClaudeBot/1.0; +claudebot@anthropic.com)"
240e:967:e200:a00:0:1:0:10 - - [22/Aug/2026:05:12:06 +0800] "GET /wp-includes/images/w-logo-blue-white-bg.png HTTP/1.1" 200 4946 "https://2blog.ilc.edu.tw/19648/category/c-68084/page/2/" "Mozilla/5.0 (Windows NT 10.0; Win64; x64) AppleWebKit/537.36 (KHTML, like Gecko) Chrome/144.0.0.0 Safari/537.36"
2408:862e:ff:ff33::130 - - [22/Aug/2026:05:12:06 +0800] "GET /wp-includes/js/imagesloaded.min.js HTTP/1.1" 200 2683 "https://www.cwjh.ilc.edu.tw/category/c-8618/c-59318/page/7/" "Mozilla/5.0 (Windows NT 10.0; Win64; x64) AppleWebKit/537.36 (KHTML, like Gecko) Chrome/144.0.0.0 Safari/537.36"
66.249.71.37 - - [22/Aug/2026:05:12:06 +0800] "GET /yleerc/wp-content/themes/oceanwp/assets/js/scroll-effect.min.js HTTP/1.1" 200 8906 "https://2blog.ilc.edu.tw/yleerc/category/eeg/" "Mozilla/5.0 AppleWebKit/537.36 (KHTML, like Gecko; compatible; Googlebot/2.1; +http://www.google.com/bot.html) Chrome/151.0.7922.108 Safari/537.36"
2408:8719:3000:19:1c:: - - [22/Aug/2026:05:12:06 +0800] "GET /favicon.ico HTTP/1.1" 302 901 "https://2blog.ilc.edu.tw/6540/page/111/" "Mozilla/5.0 (Windows NT 10.0; Win64; x64) AppleWebKit/537.36 (KHTML, like Gecko) Chrome/144.0.0.0 Safari/537.36"
216.73.216.20 - - [22/Aug/2026:05:12:06 +0800] "GET /4925/2015/04/16/%e5%9b%9b%e5%b9%b4%e7%b4%9a%e7%92%b0%e5%a2%83%e6%95%99%e8%82%b2%e7%be%85%e6%9d%b1%e6%9e%97%e5%a0%b4%e6%a0%a1%e5%a4%96%e6%95%99%e5%ad%b8/ HTTP/1.1" 200 12910 "-" "Mozilla/5.0 AppleWebKit/537.36 (KHTML, like Gecko; compatible; ClaudeBot/1.0; +claudebot@anthropic.com)"
136.119.35.120 - - [22/Aug/2026:05:12:06 +0800] "GET /sgesnativelanguage/wp-content/uploads/sites/3939/2023/12/112-01%E4%BA%94%E5%BF%A0%E9%80%B1%E8%AA%B2%E8%A1%A8.pdf HTTP/1.1" 200 125962 "-" "Mozilla/5.0 (Macintosh; Intel Mac OS X 10_15_7) AppleWebKit/537.36 (KHTML, like Gecko) Chrome/120.0.0.0 Safari/537.36"
216.73.216.20 - - [22/Aug/2026:05:12:06 +0800] "GET /19761/2019/11/23/%e5%a3%af%e4%b8%89%e6%ad%8c%e4%bb%94%e6%88%b2%e5%9c%98%e5%88%b0%e6%a0%a1%e6%8c%87%e5%b0%8e%e5%ad%b8%e7%94%9f%e6%88%b2%e5%8a%87%e8%a1%a8%e6%bc%94/ HTTP/1.1" 200 9604 "-" "Mozilla/5.0 AppleWebKit/537.36 (KHTML, like Gecko; compatible; ClaudeBot/1.0; +claudebot@anthropic.com)"
216.73.216.20 - - [22/Aug/2026:05:12:06 +0800] "GET /6537/2020/10/13/109_%e4%b8%80%e3%80%811-%e7%92%b0%e6%95%99%e8%a1%9b%e7%94%9f%e7%9b%b8%e9%97%9c%e5%85%ac%e5%91%8a/ HTTP/1.1" 200 11234 "-" "Mozilla/5.0 AppleWebKit/537.36 (KHTML, like Gecko; compatible; ClaudeBot/1.0; +claudebot@anthropic.com)"
2409:8714:e95:160:102::c - - [22/Aug/2026:05:12:06 +0800] "GET /wp-content/themes/oceanwp/assets/js/theme.min.js HTTP/1.1" 200 5130 "https://www.najh.ilc.edu.tw/2024/" "Mozilla/5.0 (Windows NT 10.0; Win64; x64) AppleWebKit/537.36 (KHTML, like Gecko) Chrome/144.0.0.0 Safari/537.36"
2409:8714:e95:160:102::c - - [22/Aug/2026:05:12:06 +0800] "GET /wp-content/themes/oceanwp/assets/js/drop-down-mobile-menu.min.js HTTP/1.1" 200 4663 "https://www.najh.ilc.edu.tw/2024/" "Mozilla/5.0 (Windows NT 10.0; Win64; x64) AppleWebKit/537.36 (KHTML, like Gecko) Chrome/144.0.0.0 Safari/537.36"
216.73.216.20 - - [22/Aug/2026:05:12:06 +0800] "GET /3642/2017/04/09/4%e6%9c%88%e3%80%82%e3%80%8c%e6%95%85%e4%ba%8b%e7%8e%8b%e5%9c%8b%e3%80%8d%e4%b8%bb%e9%a1%8c%e9%96%b1%e8%ae%80%e6%b4%bb%e5%8b%955%e4%b8%ad%e5%9c%8b%e6%95%85%e4%ba%8b%e4%b8%bb%e9%a1%8c%e6%9b%b8/ HTTP/1.1" 200 13815 "-" "Mozilla/5.0 AppleWebKit/537.36 (KHTML, like Gecko; compatible; ClaudeBot/1.0; +claudebot@anthropic.com)"
2408:862e:ff:ff33::130 - - [22/Aug/2026:05:12:06 +0800] "GET /wp-content/themes/oceanwp/assets/js/vendors/flickity.pkgd.min.js HTTP/1.1" 200 15048 "https://www.cwjh.ilc.edu.tw/category/c-8618/c-59318/page/7/" "Mozilla/5.0 (Windows NT 10.0; Win64; x64) AppleWebKit/537.36 (KHTML, like Gecko) Chrome/144.0.0.0 Safari/537.36"
2408:8719:3000:19:1c:: - - [22/Aug/2026:05:12:06 +0800] "GET /wp-includes/images/w-logo-blue-white-bg.png HTTP/1.1" 200 4946 "https://2blog.ilc.edu.tw/6540/page/111/" "Mozilla/5.0 (Windows NT 10.0; Win64; x64) AppleWebKit/537.36 (KHTML, like Gecko) Chrome/144.0.0.0 Safari/537.36"
216.73.216.20 - - [22/Aug/2026:05:12:06 +0800] "GET /6537/2020/11/03/109_%e5%9b%9b%e3%80%816-9%e6%a0%a1%e6%9c%ac%e8%aa%b2%e7%a8%8b-6%e4%b8%8a-%e9%87%91%e6%a3%97%e4%b9%8b%e9%84%89/ HTTP/1.1" 200 11040 "-" "Mozilla/5.0 AppleWebKit/537.36 (KHTML, like Gecko; compatible; ClaudeBot/1.0; +claudebot@anthropic.com)"
216.73.216.20 - - [22/Aug/2026:05:12:06 +0800] "GET /4925/2019/09/03/108%e5%ad%b8%e5%b9%b4%e5%ba%a6%e8%aa%b2%e7%a8%8b%e7%99%bc%e5%b1%95%e5%a7%94%e5%93%a1%e6%9c%83%e7%b5%84%e7%b9%94%e8%a6%81%e9%bb%9e/ HTTP/1.1" 200 12131 "-" "Mozilla/5.0 AppleWebKit/537.36 (KHTML, like Gecko; compatible; ClaudeBot/1.0; +claudebot@anthropic.com)"
216.73.216.20 - - [22/Aug/2026:05:12:07 +0800] "GET /4925/2015/09/03/104%e5%ad%b8%e5%b9%b4%e5%ba%a6%e8%aa%b2%e7%a8%8b%e7%99%bc%e5%b1%95%e5%a7%94%e5%93%a1%e6%9c%83%e6%88%90%e5%93%a1/ HTTP/1.1" 200 12118 "-" "Mozilla/5.0 AppleWebKit/537.36 (KHTML, like Gecko; compatible; ClaudeBot/1.0; +claudebot@anthropic.com)"
216.73.216.20 - - [22/Aug/2026:05:12:07 +0800] "GET /6439/2016/11/05/105_%e6%a0%a1%e5%9c%92%e7%92%b0%e5%a2%83%e7%ae%a1%e7%90%86_%e7%af%80%e8%83%bd%e6%b8%9b%e7%a2%b3%e6%8e%a8%e5%8b%95%e6%83%85%e5%bd%a2/ HTTP/1.1" 200 25235 "-" "Mozilla/5.0 AppleWebKit/537.36 (KHTML, like Gecko; compatible; ClaudeBot/1.0; +claudebot@anthropic.com)"
2409:8714:e95:160:102::c - - [22/Aug/2026:05:12:07 +0800] "GET /wp-content/themes/oceanwp/assets/js/drop-down-search.min.js HTTP/1.1" 200 2968 "https://www.najh.ilc.edu.tw/2024/" "Mozilla/5.0 (Windows NT 10.0; Win64; x64) AppleWebKit/537.36 (KHTML, like Gecko) Chrome/144.0.0.0 Safari/537.36"
216.73.216.20 - - [22/Aug/2026:05:12:07 +0800] "GET /6537/2016/11/01/105_%e4%b8%80%e3%80%816-%e6%93%ac%e5%ae%9a105%e5%b9%b4%e5%ba%a6%e7%af%80%e8%83%bd%e6%b8%9b%e7%a2%b3%e8%a8%88%e7%95%ab/ HTTP/1.1" 200 11050 "-" "Mozilla/5.0 AppleWebKit/537.36 (KHTML, like Gecko; compatible; ClaudeBot/1.0; +claudebot@anthropic.com)"
216.73.216.20 - - [22/Aug/2026:05:12:07 +0800] "GET /4925/2020/04/30/%e4%b8%80%e5%b9%b4%e7%b4%9a%e7%94%9f%e6%b4%bb%e9%a0%98%e5%9f%9f%e9%9f%b3%e6%a8%82%e8%aa%b2%e7%a8%8b%e6%9b%b4%e5%a5%bd%e7%9a%84%e8%87%aa%e5%b7%b1/ HTTP/1.1" 200 12793 "-" "Mozilla/5.0 AppleWebKit/537.36 (KHTML, like Gecko; compatible; ClaudeBot/1.0; +claudebot@anthropic.com)"
66.249.71.37 - - [22/Aug/2026:05:12:07 +0800] "GET /yleerc/wp-content/themes/oceanwp/assets/js/vendors/magnific-popup.min.js HTTP/1.1" 200 8270 "https://2blog.ilc.edu.tw/yleerc/category/eeg/" "Mozilla/5.0 AppleWebKit/537.36 (KHTML, like Gecko; compatible; Googlebot/2.1; +http://www.google.com/bot.html) Chrome/151.0.7922.108 Safari/537.36"
54.144.185.255 - - [22/Aug/2026:05:12:07 +0800] "GET /6554/wp-json/wp/v2/posts/%22https:/2blog.ilc.edu.tw/wp-content/uploads/sites/848/6554/6554-2219208.jpg/%22 HTTP/1.1" 404 6131 "-" "Mozilla/5.0 AppleWebKit/537.36 (KHTML, like Gecko; compatible; Amazonbot/0.1; +https://developer.amazon.com/support/amazonbot) Chrome/119.0.6045.214 Safari/537.36"
216.73.216.20 - - [22/Aug/2026:05:12:07 +0800] "GET /6537/2016/10/06/105_%e4%b8%80%e3%80%8124%e6%9c%ac%e6%a0%a1%e6%ad%b7%e5%b9%b4%e6%8e%a8%e5%8b%95%e7%92%b0%e5%a2%83%e6%95%99%e8%82%b2%e4%b9%8b%e7%8d%8e%e9%a0%85/ HTTP/1.1" 200 11056 "-" "Mozilla/5.0 AppleWebKit/537.36 (KHTML, like Gecko; compatible; ClaudeBot/1.0; +claudebot@anthropic.com)"
::1 - - [22/Aug/2026:05:12:07 +0800] "OPTIONS * HTTP/1.0" 200 110 "-" "Apache/2.4.68 (Ubuntu) OpenSSL/3.0.19 (internal dummy connection)"
216.73.216.20 - - [22/Aug/2026:05:12:07 +0800] "GET /tcesinfo/2020/08/09/%e8%a8%ad%e5%ae%9a%e9%97%9c%e9%96%89%e7%80%8f%e8%a6%bd%e5%99%a8%e5%8d%b3%e8%87%aa%e5%8b%95%e6%b8%85%e9%99%a4%e7%80%8f%e8%a6%bd%e8%a8%98%e9%8c%84/ HTTP/1.1" 200 10961 "-" "Mozilla/5.0 AppleWebKit/537.36 (KHTML, like Gecko; compatible; ClaudeBot/1.0; +claudebot@anthropic.com)"
216.73.216.20 - - [22/Aug/2026:05:12:07 +0800] "GET /6537/2020/11/03/109_%e5%9b%9b%e3%80%816-2%e6%a0%a1%e6%9c%ac%e8%aa%b2%e7%a8%8b-2%e4%b8%8b-%e6%a0%a1%e5%9c%92%e8%a7%80%e5%af%9f%e5%ae%b6/ HTTP/1.1" 200 10948 "-" "Mozilla/5.0 AppleWebKit/537.36 (KHTML, like Gecko; compatible; ClaudeBot/1.0; +claudebot@anthropic.com)"
2409:8714:e95:160:102::c - - [22/Aug/2026:05:12:07 +0800] "GET /wp-content/themes/oceanwp/assets/js/vendors/magnific-popup.min.js HTTP/1.1" 200 8270 "https://www.najh.ilc.edu.tw/2024/" "Mozilla/5.0 (Windows NT 10.0; Win64; x64) AppleWebKit/537.36 (KHTML, like Gecko) Chrome/144.0.0.0 Safari/537.36"
23.23.214.190 - - [22/Aug/2026:05:12:07 +0800] "GET /32745/wp-content/uploads/sites/1271/2021/09/safe_image-70-1.jpeg HTTP/1.1" 200 26344 "-" "Mozilla/5.0 AppleWebKit/537.36 (KHTML, like Gecko; compatible; Amazonbot/0.1; +https://developer.amazon.com/support/amazonbot) Chrome/119.0.6045.214 Safari/537.36"
2409:8714:e95:160:102::c - - [22/Aug/2026:05:12:07 +0800] "GET /wp-content/themes/oceanwp/assets/js/ow-lightbox.min.js HTTP/1.1" 200 2321 "https://www.najh.ilc.edu.tw/2024/" "Mozilla/5.0 (Windows NT 10.0; Win64; x64) AppleWebKit/537.36 (KHTML, like Gecko) Chrome/144.0.0.0 Safari/537.36"
216.73.216.20 - - [22/Aug/2026:05:12:07 +0800] "GET /4925/2016/09/02/%e6%a0%a1%e5%85%a7%e7%a1%ac%e7%ad%86%e6%9b%b8%e6%b3%95%e6%95%99%e5%b8%ab%e7%a0%94%e7%bf%92%e7%b0%a1%e5%a0%b1-2/ HTTP/1.1" 200 12068 "-" "Mozilla/5.0 AppleWebKit/537.36 (KHTML, like Gecko; compatible; ClaudeBot/1.0; +claudebot@anthropic.com)"
216.73.216.20 - - [22/Aug/2026:05:12:07 +0800] "GET /4925/2014/04/17/%e4%b8%89-%e5%9b%9b-%e4%ba%94-%e5%85%ad%e5%b9%b4%e7%b4%9a%e6%80%a7%e4%be%b5%e5%ae%b3%e6%80%a7%e9%a8%b7%e6%93%be%e7%a0%94%e7%bf%92/ HTTP/1.1" 200 12505 "-" "Mozilla/5.0 AppleWebKit/537.36 (KHTML, like Gecko; compatible; ClaudeBot/1.0; +claudebot@anthropic.com)"
2409:8714:e95:160:102::c - - [22/Aug/2026:05:12:08 +0800] "GET /wp-content/themes/oceanwp/assets/js/scroll-effect.min.js HTTP/1.1" 200 4127 "https://www.najh.ilc.edu.tw/2024/" "Mozilla/5.0 (Windows NT 10.0; Win64; x64) AppleWebKit/537.36 (KHTML, like Gecko) Chrome/144.0.0.0 Safari/537.36"
2409:8714:e95:160:102::c - - [22/Aug/2026:05:12:08 +0800] "GET /wp-content/themes/oceanwp/assets/js/scroll-top.min.js HTTP/1.1" 200 8004 "https://www.najh.ilc.edu.tw/2024/" "Mozilla/5.0 (Windows NT 10.0; Win64; x64) AppleWebKit/537.36 (KHTML, like Gecko) Chrome/144.0.0.0 Safari/537.36"
2409:8714:e95:160:102::c - - [22/Aug/2026:05:12:08 +0800] "GET /wp-content/themes/oceanwp/assets/js/vendors/flickity.pkgd.min.js HTTP/1.1" 200 15048 "https://www.najh.ilc.edu.tw/2024/" "Mozilla/5.0 (Windows NT 10.0; Win64; x64) AppleWebKit/537.36 (KHTML, like Gecko) Chrome/144.0.0.0 Safari/537.36"
216.73.216.20 - - [22/Aug/2026:05:12:07 +0800] "GET /4925/2016/09/05/105%e5%ad%b8%e5%b9%b4%e5%ba%a6%e8%aa%b2%e7%a8%8b%e7%99%bc%e5%b1%95%e5%a7%94%e5%93%a1%e6%9c%83%e7%b5%84%e7%b9%94%e8%a6%81%e9%bb%9e/ HTTP/1.1" 200 12137 "-" "Mozilla/5.0 AppleWebKit/537.36 (KHTML, like Gecko; compatible; ClaudeBot/1.0; +claudebot@anthropic.com)"
2001:288:a201::66:125 - - [22/Aug/2026:05:12:08 +0800] "GET /blog/active.php HTTP/1.1" 301 1026 "-" "-"
2001:288:a201::66:125 - - [22/Aug/2026:05:12:08 +0800] "GET /blog/active.php HTTP/1.1" 404 1084 "-" "-"
216.73.216.20 - - [22/Aug/2026:05:12:08 +0800] "GET /6537/2015/11/03/%e4%ba%94-2-%e6%8e%a8%e5%bb%a3%e6%af%8f%e9%80%b1%e4%b8%80%e6%97%a5%e8%94%ac%e9%a3%9f%e3%80%81%e6%9c%89%e6%a9%9f%e9%a3%b2%e9%a3%9f%e9%81%8b%e5%8b%95/ HTTP/1.1" 200 12481 "-" "Mozilla/5.0 AppleWebKit/537.36 (KHTML, like Gecko; compatible; ClaudeBot/1.0; +claudebot@anthropic.com)"
216.73.216.20 - - [22/Aug/2026:05:12:08 +0800] "GET /6537/2020/11/03/109_%e5%9b%9b%e3%80%816-9%e6%a0%a1%e6%9c%ac%e8%aa%b2%e7%a8%8b-6%e4%b8%8b-%e5%ae%88%e8%ad%b7%e9%af%9d%e9%ad%9a/ HTTP/1.1" 200 10790 "-" "Mozilla/5.0 AppleWebKit/537.36 (KHTML, like Gecko; compatible; ClaudeBot/1.0; +claudebot@anthropic.com)"
216.73.216.20 - - [22/Aug/2026:05:12:08 +0800] "GET /4925/2016/09/02/%e6%a0%a1%e5%85%a7%e7%a1%ac%e7%ad%86%e6%9b%b8%e6%b3%95%e6%95%99%e5%b8%ab%e7%a0%94%e7%bf%92%e7%b0%a1%e5%a0%b1/ HTTP/1.1" 200 12395 "-" "Mozilla/5.0 AppleWebKit/537.36 (KHTML, like Gecko; compatible; ClaudeBot/1.0; +claudebot@anthropic.com)"
140.111.67.10 - - [22/Aug/2026:05:12:08 +0800] "GET /" 301 273 "-" "-"
2409:8714:e95:160:102::c - - [22/Aug/2026:05:12:08 +0800] "GET /wp-content/themes/oceanwp/assets/fonts/simple-line-icons/Simple-Line-Icons.woff2?v=2.4.0 HTTP/1.1" 200 30959 "https://www.najh.ilc.edu.tw/wp-content/cache/www.najh.ilc.edu.tw/wpfc-minified/kcxb236g/6wh9.css" "Mozilla/5.0 (Windows NT 10.0; Win64; x64) AppleWebKit/537.36 (KHTML, like Gecko) Chrome/144.0.0.0 Safari/537.36"
216.73.216.20 - - [22/Aug/2026:05:12:08 +0800] "GET /6537/2018/10/08/107_%e4%ba%8c%e3%80%813-%e7%b6%a0%e8%89%b2%e5%ad%b8%e6%a0%a1%e7%b6%b2%e8%b7%af%e5%a4%a5%e4%bc%b4%e8%a8%88%e7%95%ab/ HTTP/1.1" 200 10736 "-" "Mozilla/5.0 AppleWebKit/537.36 (KHTML, like Gecko; compatible; ClaudeBot/1.0; +claudebot@anthropic.com)"
66.249.79.163 - - [22/Aug/2026:05:12:08 +0800] "GET /yleerc/wp-content/themes/oceanwp/assets/js/drop-down-search.min.js HTTP/1.1" 200 2968 "https://2blog.ilc.edu.tw/yleerc/category/eeg/" "Mozilla/5.0 AppleWebKit/537.36 (KHTML, like Gecko; compatible; Googlebot/2.1; +http://www.google.com/bot.html) Chrome/151.0.7922.108 Safari/537.36"
2409:8714:e95:160:102::c - - [22/Aug/2026:05:12:08 +0800] "GET /wp-content/themes/oceanwp/assets/js/ow-slider.min.js HTTP/1.1" 200 1761 "https://www.najh.ilc.edu.tw/2024/" "Mozilla/5.0 (Windows NT 10.0; Win64; x64) AppleWebKit/537.36 (KHTML, like Gecko) Chrome/144.0.0.0 Safari/537.36"
216.73.216.20 - - [22/Aug/2026:05:12:08 +0800] "GET /4925/2016/04/12/%e4%b8%89%e5%bf%a0%e8%ae%80%e6%9b%b8%e6%9c%83-%e5%85%b1%e8%ae%80%e5%a0%87%e8%8a%b1%e5%a5%b6%e5%a5%b6%e7%9a%84%e7%a7%98%e5%af%86/ HTTP/1.1" 200 13404 "-" "Mozilla/5.0 AppleWebKit/537.36 (KHTML, like Gecko; compatible; ClaudeBot/1.0; +claudebot@anthropic.com)"
216.73.216.20 - - [22/Aug/2026:05:12:08 +0800] "GET /tcesinfo/2020/05/19/windows-10-%e6%96%b0%e5%a2%9e%e6%ad%a3%e9%ab%94%e4%b8%ad%e6%96%87%e8%aa%9e%e7%b3%bb%e8%87%b3-iso-%e6%98%a0%e5%83%8f%e6%aa%94/ HTTP/1.1" 200 11056 "-" "Mozilla/5.0 AppleWebKit/537.36 (KHTML, like Gecko; compatible; ClaudeBot/1.0; +claudebot@anthropic.com)"
::1 - - [22/Aug/2026:05:12:08 +0800] "OPTIONS * HTTP/1.0" 200 110 "-" "Apache/2.4.68 (Ubuntu) OpenSSL/3.0.19 (internal dummy connection)"
216.73.216.20 - - [22/Aug/2026:05:12:08 +0800] "GET /6439/2016/11/05/105_%e6%a0%a1%e5%9c%92%e7%92%b0%e5%a2%83%e7%ae%a1%e7%90%86_%e5%bb%9a%e9%a4%98%e8%90%bd%e8%91%89%e5%9b%9e%e6%94%b6/ HTTP/1.1" 200 25774 "-" "Mozilla/5.0 AppleWebKit/537.36 (KHTML, like Gecko; compatible; ClaudeBot/1.0; +claudebot@anthropic.com)"
216.73.216.20 - - [22/Aug/2026:05:12:08 +0800] "GET /4925/2015/05/11/%e5%9b%9b%e5%b9%b4%e7%b4%9a%e5%81%a5%e5%ba%b7-%e8%b7%b3%e8%9a%a4%e5%b8%82%e5%a0%b4%ef%bc%88%e4%bb%a5%e7%89%a9%e6%98%93%e7%89%a9%ef%bc%89/ HTTP/1.1" 200 12418 "-" "Mozilla/5.0 AppleWebKit/537.36 (KHTML, like Gecko; compatible; ClaudeBot/1.0; +claudebot@anthropic.com)"
216.73.216.20 - - [22/Aug/2026:05:12:08 +0800] "GET /2711/wp-json/oembed/1.0/embed?url=https%3A%2F%2F2blog.ilc.edu.tw%2F2711%2F2020%2F12%2F19%2F%25e5%25b7%25a7%25e5%2585%258b%25e5%258a%259b%25e7%25b3%2596%25e8%2591%25ab%25e8%2598%2586%2F HTTP/1.1" 200 3399 "-" "Mozilla/5.0 AppleWebKit/537.36 (KHTML, like Gecko; compatible; ClaudeBot/1.0; +claudebot@anthropic.com)"
216.73.216.20 - - [22/Aug/2026:05:12:08 +0800] "GET /4925/2015/06/03/%e7%b5%90%e5%90%88facebook%e6%8f%90%e4%be%9b%e5%ad%b8%e7%94%9f%e6%9b%b4%e5%a4%9a%e7%9b%b8%e9%97%9c%e5%ad%b8%e7%bf%92%e8%b3%87%e8%a8%8a/ HTTP/1.1" 200 13411 "-" "Mozilla/5.0 AppleWebKit/537.36 (KHTML, like Gecko; compatible; ClaudeBot/1.0; +claudebot@anthropic.com)"
216.73.216.20 - - [22/Aug/2026:05:12:09 +0800] "GET /4925/2018/09/05/107%e5%ad%b8%e5%b9%b4%e5%ba%a6%e5%ad%b8%e6%a0%a1%e9%a1%98%e6%99%af%e5%8f%8a%e8%aa%b2%e7%a8%8b%e7%99%bc%e5%b1%95%e6%9e%b6%e6%a7%8b%e5%9c%96/ HTTP/1.1" 200 11794 "-" "Mozilla/5.0 AppleWebKit/537.36 (KHTML, like Gecko; compatible; ClaudeBot/1.0; +claudebot@anthropic.com)"
216.73.216.20 - - [22/Aug/2026:05:12:08 +0800] "GET /4925/2012/05/01/%e4%ba%94%e5%b9%b4%e7%b4%9a%e5%9c%8b%e8%aa%9e%e9%a0%98%e5%9f%9f-%e9%96%b1%e8%ae%80%e7%90%86%e8%a7%a3%e6%95%99%e5%ad%b8%e6%b4%bb%e5%8b%95/ HTTP/1.1" 200 12890 "-" "Mozilla/5.0 AppleWebKit/537.36 (KHTML, like Gecko; compatible; ClaudeBot/1.0; +claudebot@anthropic.com)"
2409:8714:e95:160:102::c - - [22/Aug/2026:05:12:09 +0800] "GET /wp-content/themes/oceanwp/assets/js/select.min.js HTTP/1.1" 200 2747 "https://www.najh.ilc.edu.tw/2024/" "Mozilla/5.0 (Windows NT 10.0; Win64; x64) AppleWebKit/537.36 (KHTML, like Gecko) Chrome/144.0.0.0 Safari/537.36"
216.73.216.20 - - [22/Aug/2026:05:12:09 +0800] "GET /5882/wp-json/oembed/1.0/embed?url=https%3A%2F%2F2blog.ilc.edu.tw%2F5882%2F2018%2F06%2F16%2F%25e5%2585%25ad%25e3%2580%2581%25e5%2581%25a5%25e5%25ba%25b7%25e6%259c%258d%25e5%258b%2599%2F HTTP/1.1" 200 3449 "-" "Mozilla/5.0 AppleWebKit/537.36 (KHTML, like Gecko; compatible; ClaudeBot/1.0; +claudebot@anthropic.com)"
66.249.71.37 - - [22/Aug/2026:05:12:09 +0800] "GET /yleerc/wp-content/themes/oceanwp/assets/js/scroll-top.min.js HTTP/1.1" 200 3202 "https://2blog.ilc.edu.tw/yleerc/category/eeg/" "Mozilla/5.0 AppleWebKit/537.36 (KHTML, like Gecko; compatible; Googlebot/2.1; +http://www.google.com/bot.html) Chrome/151.0.7922.108 Safari/537.36"
216.73.216.20 - - [22/Aug/2026:05:12:09 +0800] "GET /5882/wp-json/oembed/1.0/embed?url=https%3A%2F%2F2blog.ilc.edu.tw%2F5882%2F2018%2F06%2F15%2F18-%25e8%25a1%259b%25e7%2594%259f%25e6%2595%2599%25e8%2582%25b2%25e5%25ae%25a3%25e5%25b0%258e%2F HTTP/1.1" 200 3470 "-" "Mozilla/5.0 AppleWebKit/537.36 (KHTML, like Gecko; compatible; ClaudeBot/1.0; +claudebot@anthropic.com)"
216.73.216.20 - - [22/Aug/2026:05:12:09 +0800] "GET /2711/wp-json/oembed/1.0/embed?url=https%3A%2F%2F2blog.ilc.edu.tw%2F2711%2F2018%2F04%2F01%2F%25e6%25a0%25a1%25e5%25a4%2596%25e6%2595%2599%25e5%25ad%25b8-%25e7%25b6%25a0%25e5%258d%259a%2F HTTP/1.1" 200 3404 "-" "Mozilla/5.0 AppleWebKit/537.36 (KHTML, like Gecko; compatible; ClaudeBot/1.0; +claudebot@anthropic.com)"
2409:8714:e95:160:102::c - - [22/Aug/2026:05:12:09 +0800] "GET /wp-content/plugins/ocean-extra/includes/widgets/js/flickr.min.js HTTP/1.1" 200 1319 "https://www.najh.ilc.edu.tw/2024/" "Mozilla/5.0 (Windows NT 10.0; Win64; x64) AppleWebKit/537.36 (KHTML, like Gecko) Chrome/144.0.0.0 Safari/537.36"
216.73.216.20 - - [22/Aug/2026:05:12:09 +0800] "GET /6537/2013/11/14/%e6%8e%a8%e8%96%a6%e5%84%aa%e8%b3%aa%e7%b4%80%e9%8c%84%e7%89%87%e3%80%8c%e7%9c%8b%e8%a6%8b%e8%87%ba%e7%81%a3%e3%80%8d/ HTTP/1.1" 200 10867 "-" "Mozilla/5.0 AppleWebKit/537.36 (KHTML, like Gecko; compatible; ClaudeBot/1.0; +claudebot@anthropic.com)"
216.73.216.20 - - [22/Aug/2026:05:12:09 +0800] "GET /6537/2019/10/16/108_%e4%ba%8c%e3%80%811-3%e8%9e%8d%e5%85%a5%e8%aa%b2%e7%a8%8b%e6%95%99%e5%ad%b8-%e7%a9%ba%e6%b0%a3%e5%93%81%e8%b3%aa%e5%ae%a3%e5%b0%8e/ HTTP/1.1" 200 11684 "-" "Mozilla/5.0 AppleWebKit/537.36 (KHTML, like Gecko; compatible; ClaudeBot/1.0; +claudebot@anthropic.com)"
::1 - - [22/Aug/2026:05:12:09 +0800] "OPTIONS * HTTP/1.0" 200 110 "-" "Apache/2.4.68 (Ubuntu) OpenSSL/3.0.19 (internal dummy connection)"
2408:872f:d00:4::48 - - [22/Aug/2026:05:12:09 +0800] "GET /wp-content/themes/oceanwp/assets/js/drop-down-search.min.js HTTP/1.1" 200 2968 "https://www.cwjh.ilc.edu.tw/page/14/" "Mozilla/5.0 (Windows NT 10.0; Win64; x64) AppleWebKit/537.36 (KHTML, like Gecko) Chrome/144.0.0.0 Safari/537.36"
2409:8714:e95:160:102::c - - [22/Aug/2026:05:12:09 +0800] "GET /wp-includes/js/mediaelement/mediaelement-and-player.min.js HTTP/1.1" 200 39802 "https://www.najh.ilc.edu.tw/2024/" "Mozilla/5.0 (Windows NT 10.0; Win64; x64) AppleWebKit/537.36 (KHTML, like Gecko) Chrome/144.0.0.0 Safari/537.36"
216.73.216.20 - - [22/Aug/2026:05:12:09 +0800] "GET /6537/2022/04/27/111%e5%b9%b4%e5%ba%a6_06-%e7%92%b0%e5%a2%83%e8%a1%9b%e7%94%9f%e7%ae%a1%e7%90%86%e6%88%90%e6%9e%9c/ HTTP/1.1" 200 10448 "-" "Mozilla/5.0 AppleWebKit/537.36 (KHTML, like Gecko; compatible; ClaudeBot/1.0; +claudebot@anthropic.com)"
2409:8714:e95:160:102::c - - [22/Aug/2026:05:12:09 +0800] "GET /wp-includes/js/mediaelement/mediaelement-migrate.min.js HTTP/1.1" 200 1419 "https://www.najh.ilc.edu.tw/2024/" "Mozilla/5.0 (Windows NT 10.0; Win64; x64) AppleWebKit/537.36 (KHTML, like Gecko) Chrome/144.0.0.0 Safari/537.36"
216.73.216.20 - - [22/Aug/2026:05:12:09 +0800] "GET /6537/2020/11/02/109_%e5%9b%9b%e3%80%813-1%e5%8f%b0%e7%be%8e%e7%94%9f%e6%85%8b%e5%ad%b8%e6%a0%a1%e8%aa%8d%e8%ad%89-%e9%8a%85%e7%89%8c/ HTTP/1.1" 200 11049 "-" "Mozilla/5.0 AppleWebKit/537.36 (KHTML, like Gecko; compatible; ClaudeBot/1.0; +claudebot@anthropic.com)"
2409:8714:e95:160:102::c - - [22/Aug/2026:05:12:09 +0800] "GET /wp-includes/js/mediaelement/wp-mediaelement.min.js HTTP/1.1" 200 1417 "https://www.najh.ilc.edu.tw/2024/" "Mozilla/5.0 (Windows NT 10.0; Win64; x64) AppleWebKit/537.36 (KHTML, like Gecko) Chrome/144.0.0.0 Safari/537.36"
216.73.216.20 - - [22/Aug/2026:05:12:09 +0800] "GET /5882/2012/05/17/1-2-1%e5%90%84%e5%b9%b4%e7%b4%9a%e8%aa%b2%e8%a1%a8%e6%88%96%e6%95%99%e5%ad%b8%e6%97%a5%e8%aa%8c%e3%80%82/ HTTP/1.1" 200 9353 "-" "Mozilla/5.0 AppleWebKit/537.36 (KHTML, like Gecko; compatible; ClaudeBot/1.0; +claudebot@anthropic.com)"
16.147.225.219 - - [22/Aug/2026:05:12:09 +0800] "POST /wp-json/batch/v1 HTTP/1.1" 500 6364 "-" "Mozilla/5.0 (Windows NT 10.0; Win64; x64) AppleWebKit/537.36 (KHTML, like Gecko) Chrome/126.0.0.0 Safari/537.36"
2408:872f:d00:4::48 - - [22/Aug/2026:05:12:10 +0800] "GET /wp-content/themes/oceanwp/assets/js/vendors/flickity.pkgd.min.js HTTP/1.1" 200 15048 "https://www.cwjh.ilc.edu.tw/page/14/" "Mozilla/5.0 (Windows NT 10.0; Win64; x64) AppleWebKit/537.36 (KHTML, like Gecko) Chrome/144.0.0.0 Safari/537.36"
2409:8714:e95:160:102::c - - [22/Aug/2026:05:12:10 +0800] "GET /wp-includes/js/mediaelement/renderers/vimeo.min.js HTTP/1.1" 200 3164 "https://www.najh.ilc.edu.tw/2024/" "Mozilla/5.0 (Windows NT 10.0; Win64; x64) AppleWebKit/537.36 (KHTML, like Gecko) Chrome/144.0.0.0 Safari/537.36"
216.73.216.20 - - [22/Aug/2026:05:12:09 +0800] "GET /6537/2020/11/03/109_%e5%9b%9b%e3%80%816-8%e6%a0%a1%e6%9c%ac%e8%aa%b2%e7%a8%8b-5%e4%b8%8b-%e6%b3%89%e6%b9%a7%e4%b8%8d%e7%9b%a1/ HTTP/1.1" 200 11048 "-" "Mozilla/5.0 AppleWebKit/537.36 (KHTML, like Gecko; compatible; ClaudeBot/1.0; +claudebot@anthropic.com)"
216.73.216.20 - - [22/Aug/2026:05:12:10 +0800] "GET /4925/2020/04/23/%e4%ba%94%e5%b9%b4%e7%b4%9a%e7%a4%be%e6%9c%83-%e6%b8%85%e5%88%9d%e7%a7%bb%e6%b0%91%e6%96%87%e5%8c%96/ HTTP/1.1" 200 12490 "-" "Mozilla/5.0 AppleWebKit/537.36 (KHTML, like Gecko; compatible; ClaudeBot/1.0; +claudebot@anthropic.com)"
216.73.216.20 - - [22/Aug/2026:05:12:10 +0800] "GET /3642/2017/06/21/6%e6%9c%88%e3%80%82%e3%80%8ccsi%e7%8a%af%e7%bd%aa%e7%8f%be%e5%a0%b4%e3%80%8d%e4%b8%bb%e9%a1%8c%e8%aa%b2%e7%a8%8bg2%e5%b0%91%e5%b9%b4%e5%ad%b8%e5%81%b5%e6%8e%a2csi/ HTTP/1.1" 200 16151 "-" "Mozilla/5.0 AppleWebKit/537.36 (KHTML, like Gecko; compatible; ClaudeBot/1.0; +claudebot@anthropic.com)"
66.249.71.37 - - [22/Aug/2026:05:12:10 +0800] "GET /yleerc/wp-content/themes/oceanwp/assets/js/ow-lightbox.min.js HTTP/1.1" 200 2321 "https://2blog.ilc.edu.tw/yleerc/category/eeg/" "Mozilla/5.0 AppleWebKit/537.36 (KHTML, like Gecko; compatible; Googlebot/2.1; +http://www.google.com/bot.html) Chrome/151.0.7922.108 Safari/537.36"
216.73.216.20 - - [22/Aug/2026:05:12:10 +0800] "GET /4925/2019/09/03/108%e5%ad%b8%e5%b9%b4%e5%ba%a6%e5%ad%b8%e6%a0%a1%e9%a1%98%e6%99%af%e5%8f%8a%e8%aa%b2%e7%a8%8b%e7%99%bc%e5%b1%95%e6%9e%b6%e6%a7%8b%e5%9c%96/ HTTP/1.1" 200 11853 "-" "Mozilla/5.0 AppleWebKit/537.36 (KHTML, like Gecko; compatible; ClaudeBot/1.0; +claudebot@anthropic.com)"
216.73.216.20 - - [22/Aug/2026:05:12:10 +0800] "GET /6537/2019/10/15/108_%e7%92%b0%e5%a2%83%e6%95%99%e8%82%b2%e8%80%83%e8%a9%95_%e8%87%aa%e8%a9%95%e8%a1%a8/ HTTP/1.1" 200 10884 "-" "Mozilla/5.0 AppleWebKit/537.36 (KHTML, like Gecko; compatible; ClaudeBot/1.0; +claudebot@anthropic.com)"
216.73.216.20 - - [22/Aug/2026:05:12:10 +0800] "GET /6537/2022/04/27/111%e5%b9%b4%e5%ba%a6_01-%e5%b9%b4%e5%ba%a6%e7%92%b0%e5%a2%83%e6%95%99%e8%82%b2%e5%af%a6%e6%96%bd%e8%a8%88%e5%8a%83/ HTTP/1.1" 200 10461 "-" "Mozilla/5.0 AppleWebKit/537.36 (KHTML, like Gecko; compatible; ClaudeBot/1.0; +claudebot@anthropic.com)"
216.73.216.20 - - [22/Aug/2026:05:12:10 +0800] "GET /4925/2020/02/25/108%e5%ad%b8%e5%b9%b4%e5%ba%a6%e7%ac%ac%e4%b8%80%e6%ac%a1%e8%aa%b2%e7%99%bc%e6%9c%83%e8%ad%b0%e7%b4%80%e9%8c%84/ HTTP/1.1" 200 12112 "-" "Mozilla/5.0 AppleWebKit/537.36 (KHTML, like Gecko; compatible; ClaudeBot/1.0; +claudebot@anthropic.com)"
::1 - - [22/Aug/2026:05:12:10 +0800] "OPTIONS * HTTP/1.0" 200 110 "-" "Apache/2.4.68 (Ubuntu) OpenSSL/3.0.19 (internal dummy connection)"
216.73.216.20 - - [22/Aug/2026:05:12:10 +0800] "GET /4925/2019/05/30/107%e5%ad%b8%e5%b9%b4%e5%ba%a6%e7%ac%ac%e4%ba%8c%e6%ac%a1%e8%aa%b2%e7%99%bc%e6%9c%83%e8%ad%b0%e7%b4%80%e9%8c%84/ HTTP/1.1" 200 12122 "-" "Mozilla/5.0 AppleWebKit/537.36 (KHTML, like Gecko; compatible; ClaudeBot/1.0; +claudebot@anthropic.com)"
216.73.216.20 - - [22/Aug/2026:05:12:10 +0800] "GET /4925/2019/07/24/107%e5%ad%b8%e5%b9%b4%e5%ba%a6%e7%ac%ac%e5%9b%9b%e6%ac%a1%e8%aa%b2%e7%99%bc%e6%9c%83%e8%ad%b0%e7%b4%80%e9%8c%84/ HTTP/1.1" 200 12091 "-" "Mozilla/5.0 AppleWebKit/537.36 (KHTML, like Gecko; compatible; ClaudeBot/1.0; +claudebot@anthropic.com)"
216.73.216.20 - - [22/Aug/2026:05:12:10 +0800] "GET /6537/2020/11/03/109_%e5%9b%9b%e3%80%814-%e6%8e%a8%e8%a1%8c%e7%af%80%e8%83%bd%e6%b8%9b%e7%a2%b3%e7%9b%b8%e9%97%9c%e6%8e%aa%e6%96%bd/ HTTP/1.1" 200 11034 "-" "Mozilla/5.0 AppleWebKit/537.36 (KHTML, like Gecko; compatible; ClaudeBot/1.0; +claudebot@anthropic.com)"
216.73.216.20 - - [22/Aug/2026:05:12:10 +0800] "GET /4925/2020/04/28/%e4%b8%80%e5%b9%b4%e7%b4%9a%e5%ad%b8%e6%a0%a1%e7%89%b9%e8%89%b2%e8%aa%b2%e7%a8%8b-%e8%98%bf%e8%94%94%e5%ae%b6%e6%97%8f1/ HTTP/1.1" 200 12969 "-" "Mozilla/5.0 AppleWebKit/537.36 (KHTML, like Gecko; compatible; ClaudeBot/1.0; +claudebot@anthropic.com)"
216.73.216.20 - - [22/Aug/2026:05:12:10 +0800] "GET /4925/2016/03/31/%e5%85%ad%e5%b9%b4%e7%b4%9a%e8%97%9d%e6%96%87-%e5%90%8c%e5%ad%b8%e7%9a%84%e7%b4%a0%e6%8f%8f%e7%95%ab/ HTTP/1.1" 200 12592 "-" "Mozilla/5.0 AppleWebKit/537.36 (KHTML, like Gecko; compatible; ClaudeBot/1.0; +claudebot@anthropic.com)"
66.249.79.163 - - [22/Aug/2026:05:12:11 +0800] "GET /yleerc/wp-content/plugins/ocean-extra/includes/widgets/js/flickr.min.js HTTP/1.1" 200 1319 "https://2blog.ilc.edu.tw/yleerc/category/eeg/" "Mozilla/5.0 AppleWebKit/537.36 (KHTML, like Gecko; compatible; Googlebot/2.1; +http://www.google.com/bot.html) Chrome/151.0.7922.108 Safari/537.36"
216.73.216.20 - - [22/Aug/2026:05:12:11 +0800] "GET /4925/2019/07/08/107%e5%ad%b8%e5%b9%b4%e5%ba%a6%e7%ac%ac%e4%b8%89%e6%ac%a1%e8%aa%b2%e7%99%bc%e6%9c%83%e8%ad%b0%e7%b4%80%e9%8c%84/ HTTP/1.1" 200 12099 "-" "Mozilla/5.0 AppleWebKit/537.36 (KHTML, like Gecko; compatible; ClaudeBot/1.0; +claudebot@anthropic.com)"
216.73.216.20 - - [22/Aug/2026:05:12:11 +0800] "GET /4925/2015/04/30/%e4%b8%89%e5%b9%b4%e7%b4%9a%e5%81%a5%e9%ab%94%e9%a0%98%e5%9f%9f-%e5%81%a5%e5%ba%b7%e9%ab%94%e4%bd%8d%e4%bf%83%e9%80%b2%e6%b4%bb%e5%8b%95/ HTTP/1.1" 200 12980 "-" "Mozilla/5.0 AppleWebKit/537.36 (KHTML, like Gecko; compatible; ClaudeBot/1.0; +claudebot@anthropic.com)"
216.73.216.20 - - [22/Aug/2026:05:12:11 +0800] "GET /4925/2014/03/27/%e4%ba%94%e5%b9%b4%e7%b4%9a%e8%97%9d%e6%96%87%e9%a0%98%e5%9f%9f-%e5%bd%a9%e7%b9%aa%e8%b3%87%e6%96%99%e5%a4%be/ HTTP/1.1" 200 12723 "-" "Mozilla/5.0 AppleWebKit/537.36 (KHTML, like Gecko; compatible; ClaudeBot/1.0; +claudebot@anthropic.com)"
216.73.216.20 - - [22/Aug/2026:05:12:11 +0800] "GET /3642/2019/05/04/5%e6%9c%88%e3%80%8256%e9%80%b1%e5%b9%b4%e6%a0%a1%e6%85%b6%e5%9c%96%e6%9b%b8%e9%a4%a8%e7%b3%bb%e5%88%97%e6%b4%bb%e5%8b%95/ HTTP/1.1" 200 14311 "-" "Mozilla/5.0 AppleWebKit/537.36 (KHTML, like Gecko; compatible; ClaudeBot/1.0; +claudebot@anthropic.com)"
31.25.194.181 - - [22/Aug/2026:05:12:10 +0800] "GET /wp-content/uploads/sites/1389/6055/6055-3429917.gif HTTP/1.1" 200 12916 "https://www.tses.ilc.edu.tw/" "Mozilla/5.0 (Macintosh; Intel Mac OS X 10_15_7) AppleWebKit/537.36 (KHTML, like Gecko) Chrome/131.0.0.0 Safari/537.36"
216.73.216.20 - - [22/Aug/2026:05:12:11 +0800] "GET /5882/wp-json/oembed/1.0/embed?url=https%3A%2F%2F2blog.ilc.edu.tw%2F5882%2F2013%2F05%2F14%2F101%25e5%25b9%25b4%25e5%25ba%25a6%25e8%25a1%258c%25e5%258b%2595%25e7%25a0%2594%25e7%25a9%25b6%2F HTTP/1.1" 200 3468 "-" "Mozilla/5.0 AppleWebKit/537.36 (KHTML, like Gecko; compatible; ClaudeBot/1.0; +claudebot@anthropic.com)"
