17.22.253.168 - - [22/Aug/2026:05:26:52 +0800] "GET /wp-includes/css/admin-bar.min.css HTTP/1.1" 200 9479 "https://2blog.ilc.edu.tw/blog/?articleId=366472&blogId=1003&op=Comment&parentId=1487283" "Mozilla/5.0 (Macintosh; Intel Mac OS X 10_15_7) AppleWebKit/605.1.15 (KHTML, like Gecko) Version/17.4 Safari/605.1.15 (Applebot/0.1; +http://www.apple.com/go/applebot)"
2409:8a50:c05:a84:797b:6ed7:dd0c:c9fa - - [22/Aug/2026:05:26:52 +0800] "GET /23475/wp-content/themes/hueman/assets/front/fonts/titillium-semibold-webfont.woff HTTP/1.1" 200 25626 "https://2blog.ilc.edu.tw/23475/category/c-72426/" "Mozilla/5.0 (Windows NT 10.0; Win64; x64) AppleWebKit/537.36 (KHTML, like Gecko) Chrome/144.0.0.0 Safari/537.36"
2409:8a50:c05:a84:797b:6ed7:dd0c:c9fa - - [22/Aug/2026:05:26:53 +0800] "GET /23475/wp-includes/js/hoverintent-js.min.js HTTP/1.1" 200 1597 "https://2blog.ilc.edu.tw/23475/category/c-72426/" "Mozilla/5.0 (Windows NT 10.0; Win64; x64) AppleWebKit/537.36 (KHTML, like Gecko) Chrome/144.0.0.0 Safari/537.36"
2409:8a50:c05:a84:797b:6ed7:dd0c:c9fa - - [22/Aug/2026:05:26:53 +0800] "GET /23475/wp-includes/js/admin-bar.min.js HTTP/1.1" 200 2237 "https://2blog.ilc.edu.tw/23475/category/c-72426/" "Mozilla/5.0 (Windows NT 10.0; Win64; x64) AppleWebKit/537.36 (KHTML, like Gecko) Chrome/144.0.0.0 Safari/537.36"
2001:288:a201::66:125 - - [22/Aug/2026:05:26:53 +0800] "GET /blog/active.php HTTP/1.1" 301 1026 "-" "-"
2001:288:a201::66:125 - - [22/Aug/2026:05:26:53 +0800] "GET /blog/active.php HTTP/1.1" 404 1084 "-" "-"
2408:8766:1:23::7 - - [22/Aug/2026:05:26:51 +0800] "GET /21/2013/10 HTTP/1.1" 301 5761 "-" "Mozilla/5.0 (Windows NT 10.0; Win64; x64) AppleWebKit/537.36 (KHTML, like Gecko) Chrome/144.0.0.0 Safari/537.36"
2409:8a50:c05:a84:797b:6ed7:dd0c:c9fa - - [22/Aug/2026:05:26:53 +0800] "GET /23475/wp-includes/js/underscore.min.js HTTP/1.1" 200 8191 "https://2blog.ilc.edu.tw/23475/category/c-72426/" "Mozilla/5.0 (Windows NT 10.0; Win64; x64) AppleWebKit/537.36 (KHTML, like Gecko) Chrome/144.0.0.0 Safari/537.36"
140.111.67.10 - - [22/Aug/2026:05:26:53 +0800] "GET /" 301 273 "-" "-"
17.22.253.168 - - [22/Aug/2026:05:26:53 +0800] "GET /wp-content/themes/hello-elementor/style.min.css HTTP/1.1" 200 3196 "https://2blog.ilc.edu.tw/blog/?articleId=366472&blogId=1003&op=Comment&parentId=1487283" "Mozilla/5.0 (Macintosh; Intel Mac OS X 10_15_7) AppleWebKit/605.1.15 (KHTML, like Gecko) Version/17.4 Safari/605.1.15 (Applebot/0.1; +http://www.apple.com/go/applebot)"
17.246.19.179 - - [22/Aug/2026:05:26:54 +0800] "GET /1003/wp-content/themes/textbook/assets/js/navigation.js HTTP/1.1" 200 2931 "https://2blog.ilc.edu.tw/1003/2015/12/09/%e4%b8%89%e4%b8%8a13%e9%80%b1%e9%99%a4%e6%b3%95%e8%a4%87%e7%bf%92/" "Mozilla/5.0 (Macintosh; Intel Mac OS X 10_15_7) AppleWebKit/605.1.15 (KHTML, like Gecko) Version/17.4 Safari/605.1.15 (Applebot/0.1; +http://www.apple.com/go/applebot)"
2a03:2880:f802:2a:: - - [22/Aug/2026:05:26:52 +0800] "GET /wp-login.php?key=eol2v386&_wpnonce=&action=ilc_logout&redirect_to=https%3A%2F%2Fgame.edu.kg HTTP/1.1" 302 8248 "-" "Mozilla/5.0 (Macintosh; Intel Mac OS X 10_15_7) AppleWebKit/537.36 (KHTML, like Gecko) Chrome/145.0.0.0 Safari/537.36 (compatible; meta-externalagent/1.1 (+https://developers.facebook.com/docs/sharing/webmasters/crawler))"
159.223.156.245 - - [22/Aug/2026:05:26:54 +0800] "GET /blog/gallery/37753/37753-3768884.jpg HTTP/1.1" 301 1068 "http://blog.ilc.edu.tw/" "Mozilla/5.0 (Windows NT 10.0; Win64; x64) AppleWebKit/537.36 (KHTML, like Gecko) Chrome/104.0.5112.81 Safari/537.36"
67.205.186.123 - - [22/Aug/2026:05:26:54 +0800] "GET /blog/gallery/4024/previews-med/4024-2438413.jpg HTTP/1.1" 301 1090 "http://blog.ilc.edu.tw/" "Mozilla/5.0 (Windows NT 10.0; Win64; x64) AppleWebKit/537.36 (KHTML, like Gecko) Chrome/133.0.0.0 Safari/537.36"
17.22.253.168 - - [22/Aug/2026:05:26:55 +0800] "GET /wp-includes/css/dist/block-library/style.min.css HTTP/1.1" 200 15780 "https://2blog.ilc.edu.tw/blog/?articleId=366472&blogId=1003&op=Comment&parentId=1487283" "Mozilla/5.0 (Macintosh; Intel Mac OS X 10_15_7) AppleWebKit/605.1.15 (KHTML, like Gecko) Version/17.4 Safari/605.1.15 (Applebot/0.1; +http://www.apple.com/go/applebot)"
2408:8766:1:23::7 - - [22/Aug/2026:05:26:53 +0800] "GET /21/2013/10/ HTTP/1.1" 200 11786 "-" "Mozilla/5.0 (Windows NT 10.0; Win64; x64) AppleWebKit/537.36 (KHTML, like Gecko) Chrome/144.0.0.0 Safari/537.36"
17.246.19.179 - - [22/Aug/2026:05:26:55 +0800] "GET /1003/wp-content/themes/textbook/assets/js/skip-link-focus-fix.js HTTP/1.1" 200 1351 "https://2blog.ilc.edu.tw/1003/2015/12/09/%e4%b8%89%e4%b8%8a13%e9%80%b1%e9%99%a4%e6%b3%95%e8%a4%87%e7%bf%92/" "Mozilla/5.0 (Macintosh; Intel Mac OS X 10_15_7) AppleWebKit/605.1.15 (KHTML, like Gecko) Version/17.4 Safari/605.1.15 (Applebot/0.1; +http://www.apple.com/go/applebot)"
44.221.180.179 - - [22/Aug/2026:05:26:55 +0800] "GET /utakin/wp-content/uploads/sites/3044/2022/12/messageImage_1672291942508-1-1600x684.jpg HTTP/1.1" 200 299041 "-" "Mozilla/5.0 AppleWebKit/537.36 (KHTML, like Gecko; compatible; Amazonbot/0.1; +https://developer.amazon.com/support/amazonbot) Chrome/119.0.6045.214 Safari/537.36"
2408:8766:1:23::7 - - [22/Aug/2026:05:26:55 +0800] "GET /21/wp-content/cache/2blog.ilc.edu.tw/wpfc-minified/eqn5eoyp/5wugy.css HTTP/1.1" 200 40883 "https://2blog.ilc.edu.tw/21/2013/10/" "Mozilla/5.0 (Windows NT 10.0; Win64; x64) AppleWebKit/537.36 (KHTML, like Gecko) Chrome/144.0.0.0 Safari/537.36"
2409:8a50:c05:a84:797b:6ed7:dd0c:c9fa - - [22/Aug/2026:05:26:55 +0800] "GET /23475/wp-content/themes/hueman/assets/front/js/scripts.min.js HTTP/1.1" 200 22643 "https://2blog.ilc.edu.tw/23475/category/c-72426/" "Mozilla/5.0 (Windows NT 10.0; Win64; x64) AppleWebKit/537.36 (KHTML, like Gecko) Chrome/144.0.0.0 Safari/537.36"
165.227.199.231 - - [22/Aug/2026:05:26:56 +0800] "GET /blog/gallery/4024/previews-med/4024-2438413.jpg HTTP/1.1" 404 25426 "http://blog.ilc.edu.tw/" "Mozilla/5.0 (Windows NT 10.0; Win64; x64) AppleWebKit/537.36 (KHTML, like Gecko) Chrome/133.0.0.0 Safari/537.36"
2409:8a50:c05:a84:797b:6ed7:dd0c:c9fa - - [22/Aug/2026:05:26:56 +0800] "GET /favicon.ico HTTP/1.1" 302 901 "https://2blog.ilc.edu.tw/23475/category/c-72426/" "Mozilla/5.0 (Windows NT 10.0; Win64; x64) AppleWebKit/537.36 (KHTML, like Gecko) Chrome/144.0.0.0 Safari/537.36"
2408:8766:1:23::7 - - [22/Aug/2026:05:26:56 +0800] "GET /21/wp-content/cache/2blog.ilc.edu.tw/wpfc-minified/eq0rzmph/5wugy.css HTTP/1.1" 200 15782 "https://2blog.ilc.edu.tw/21/2013/10/" "Mozilla/5.0 (Windows NT 10.0; Win64; x64) AppleWebKit/537.36 (KHTML, like Gecko) Chrome/144.0.0.0 Safari/537.36"
17.22.253.168 - - [22/Aug/2026:05:26:56 +0800] "GET /wp-includes/js/jquery/jquery-migrate.min.js HTTP/1.1" 200 5752 "https://2blog.ilc.edu.tw/blog/?articleId=366472&blogId=1003&op=Comment&parentId=1487283" "Mozilla/5.0 (Macintosh; Intel Mac OS X 10_15_7) AppleWebKit/605.1.15 (KHTML, like Gecko) Version/17.4 Safari/605.1.15 (Applebot/0.1; +http://www.apple.com/go/applebot)"
2409:8a50:c05:a84:797b:6ed7:dd0c:c9fa - - [22/Aug/2026:05:26:56 +0800] "GET /wp-includes/images/w-logo-blue-white-bg.png HTTP/1.1" 200 4946 "https://2blog.ilc.edu.tw/23475/category/c-72426/" "Mozilla/5.0 (Windows NT 10.0; Win64; x64) AppleWebKit/537.36 (KHTML, like Gecko) Chrome/144.0.0.0 Safari/537.36"
2408:8766:1:23::7 - - [22/Aug/2026:05:26:56 +0800] "GET /21/wp-includes/js/imagesloaded.min.js HTTP/1.1" 200 2683 "https://2blog.ilc.edu.tw/21/2013/10/" "Mozilla/5.0 (Windows NT 10.0; Win64; x64) AppleWebKit/537.36 (KHTML, like Gecko) Chrome/144.0.0.0 Safari/537.36"
2408:8766:1:23::7 - - [22/Aug/2026:05:26:57 +0800] "GET /21/wp-content/themes/oceanwp/assets/js/vendors/magnific-popup.min.js HTTP/1.1" 200 8270 "https://2blog.ilc.edu.tw/21/2013/10/" "Mozilla/5.0 (Windows NT 10.0; Win64; x64) AppleWebKit/537.36 (KHTML, like Gecko) Chrome/144.0.0.0 Safari/537.36"
34.171.68.95 - - [22/Aug/2026:05:26:57 +0800] "GET /wp-content/uploads/sites/268/868/868-4187174.sb3 HTTP/1.1" 200 105700 "-" "Mozilla/5.0 (Macintosh; Intel Mac OS X 10_15_7) AppleWebKit/537.36 (KHTML, like Gecko) Chrome/120.0.0.0 Safari/537.36"
2408:8766:1:23::7 - - [22/Aug/2026:05:26:57 +0800] "GET /21/wp-content/themes/oceanwp/assets/js/scroll-top.min.js HTTP/1.1" 200 3202 "https://2blog.ilc.edu.tw/21/2013/10/" "Mozilla/5.0 (Windows NT 10.0; Win64; x64) AppleWebKit/537.36 (KHTML, like Gecko) Chrome/144.0.0.0 Safari/537.36"
17.22.253.168 - - [22/Aug/2026:05:26:57 +0800] "GET /wp-includes/js/jquery/jquery.min.js HTTP/1.1" 200 31359 "https://2blog.ilc.edu.tw/blog/?articleId=366472&blogId=1003&op=Comment&parentId=1487283" "Mozilla/5.0 (Macintosh; Intel Mac OS X 10_15_7) AppleWebKit/605.1.15 (KHTML, like Gecko) Version/17.4 Safari/605.1.15 (Applebot/0.1; +http://www.apple.com/go/applebot)"
2001:288:a201::66:125 - - [22/Aug/2026:05:26:58 +0800] "GET /blog/active.php HTTP/1.1" 404 1084 "-" "-"
2001:288:a201::66:125 - - [22/Aug/2026:05:26:58 +0800] "GET /blog/active.php HTTP/1.1" 301 1026 "-" "-"
140.111.67.10 - - [22/Aug/2026:05:26:58 +0800] "GET /" 301 273 "-" "-"
2408:8766:1:23::7 - - [22/Aug/2026:05:26:57 +0800] "GET /21/wp-content/themes/oceanwp/assets/fonts/fontawesome/webfonts/fa-solid-900.woff2 HTTP/1.1" 200 151246 "https://2blog.ilc.edu.tw/21/wp-content/cache/2blog.ilc.edu.tw/wpfc-minified/8minsnud/5wugy.css" "Mozilla/5.0 (Windows NT 10.0; Win64; x64) AppleWebKit/537.36 (KHTML, like Gecko) Chrome/144.0.0.0 Safari/537.36"
::1 - - [22/Aug/2026:05:26:59 +0800] "OPTIONS * HTTP/1.0" 200 110 "-" "Apache/2.4.68 (Ubuntu) OpenSSL/3.0.19 (internal dummy connection)"
2408:862e:ff:ff0d::58e - - [22/Aug/2026:05:26:59 +0800] "GET /4297/2026/04 HTTP/1.1" 301 5763 "-" "Mozilla/5.0 (Windows NT 10.0; Win64; x64) AppleWebKit/537.36 (KHTML, like Gecko) Chrome/144.0.0.0 Safari/537.36"
17.22.253.168 - - [22/Aug/2026:05:26:59 +0800] "GET /wp-includes/js/admin-bar.min.js HTTP/1.1" 200 2237 "https://2blog.ilc.edu.tw/blog/?articleId=366472&blogId=1003&op=Comment&parentId=1487283" "Mozilla/5.0 (Macintosh; Intel Mac OS X 10_15_7) AppleWebKit/605.1.15 (KHTML, like Gecko) Version/17.4 Safari/605.1.15 (Applebot/0.1; +http://www.apple.com/go/applebot)"
2408:862e:ff:ff0d::58e - - [22/Aug/2026:05:26:59 +0800] "GET /4297/2026/04/ HTTP/1.1" 200 10326 "-" "Mozilla/5.0 (Windows NT 10.0; Win64; x64) AppleWebKit/537.36 (KHTML, like Gecko) Chrome/144.0.0.0 Safari/537.36"
52.5.242.243 - - [22/Aug/2026:05:26:59 +0800] "GET /dreamdongao/wp-json/wp/v2/%22https:/2blog.ilc.edu.tw/dreamdongao/wp-content/uploads/sites/4007/2024/09/8E65FEF8-1F08-4C9D-BAD7-8687A71BD368-300x225.jpg/%22 HTTP/1.1" 404 6138 "-" "Mozilla/5.0 AppleWebKit/537.36 (KHTML, like Gecko; compatible; Amazonbot/0.1; +https://developer.amazon.com/support/amazonbot) Chrome/119.0.6045.214 Safari/537.36"
::1 - - [22/Aug/2026:05:27:00 +0800] "OPTIONS * HTTP/1.0" 200 110 "-" "Apache/2.4.68 (Ubuntu) OpenSSL/3.0.19 (internal dummy connection)"
2408:862e:ff:ff0d::58e - - [22/Aug/2026:05:27:00 +0800] "GET /4297/wp-content/cache/2blog.ilc.edu.tw/wpfc-minified/qkwkwttf/9j63b.css HTTP/1.1" 200 40885 "https://2blog.ilc.edu.tw/4297/2026/04/" "Mozilla/5.0 (Windows NT 10.0; Win64; x64) AppleWebKit/537.36 (KHTML, like Gecko) Chrome/144.0.0.0 Safari/537.36"
2409:8c44:3d01:ff31::20 - - [22/Aug/2026:05:27:00 +0800] "GET /6504/wp-content/cache/2blog.ilc.edu.tw/wpfc-minified/fdf930un/5x7ej.css HTTP/1.1" 200 5951 "https://2blog.ilc.edu.tw/6504/2015/" "Mozilla/5.0 (Windows NT 10.0; Win64; x64) AppleWebKit/537.36 (KHTML, like Gecko) Chrome/144.0.0.0 Safari/537.36"
2409:8c44:3d01:ff31::20 - - [22/Aug/2026:05:27:00 +0800] "GET /6504/wp-includes/js/hoverintent-js.min.js HTTP/1.1" 200 6391 "https://2blog.ilc.edu.tw/6504/2015/" "Mozilla/5.0 (Windows NT 10.0; Win64; x64) AppleWebKit/537.36 (KHTML, like Gecko) Chrome/144.0.0.0 Safari/537.36"
2409:8c44:3d01:ff31::20 - - [22/Aug/2026:05:27:00 +0800] "GET /6504/wp-content/cache/2blog.ilc.edu.tw/wpfc-minified/2c9tgech/5x7ej.js HTTP/1.1" 200 40358 "https://2blog.ilc.edu.tw/6504/2015/" "Mozilla/5.0 (Windows NT 10.0; Win64; x64) AppleWebKit/537.36 (KHTML, like Gecko) Chrome/144.0.0.0 Safari/537.36"
2409:8c44:3d01:ff31::20 - - [22/Aug/2026:05:27:00 +0800] "GET /6504/wp-content/cache/2blog.ilc.edu.tw/wpfc-minified/1cwmlun7/5x7ej.css HTTP/1.1" 200 58430 "https://2blog.ilc.edu.tw/6504/2015/" "Mozilla/5.0 (Windows NT 10.0; Win64; x64) AppleWebKit/537.36 (KHTML, like Gecko) Chrome/144.0.0.0 Safari/537.36"
2409:8c44:3d01:ff31::20 - - [22/Aug/2026:05:27:00 +0800] "GET /6504/wp-includes/js/admin-bar.min.js HTTP/1.1" 200 7031 "https://2blog.ilc.edu.tw/6504/2015/" "Mozilla/5.0 (Windows NT 10.0; Win64; x64) AppleWebKit/537.36 (KHTML, like Gecko) Chrome/144.0.0.0 Safari/537.36"
2409:8c44:3d01:ff31::20 - - [22/Aug/2026:05:27:00 +0800] "GET /6504/wp-content/themes/oceanwp/assets/js/theme.min.js HTTP/1.1" 200 5130 "https://2blog.ilc.edu.tw/6504/2015/" "Mozilla/5.0 (Windows NT 10.0; Win64; x64) AppleWebKit/537.36 (KHTML, like Gecko) Chrome/144.0.0.0 Safari/537.36"
2409:8c44:3d01:ff31::20 - - [22/Aug/2026:05:27:00 +0800] "GET /6504/wp-content/themes/oceanwp/assets/js/drop-down-mobile-menu.min.js HTTP/1.1" 200 4663 "https://2blog.ilc.edu.tw/6504/2015/" "Mozilla/5.0 (Windows NT 10.0; Win64; x64) AppleWebKit/537.36 (KHTML, like Gecko) Chrome/144.0.0.0 Safari/537.36"
2409:8c44:3d01:ff31::20 - - [22/Aug/2026:05:27:00 +0800] "GET /6504/wp-content/themes/oceanwp/assets/js/drop-down-search.min.js HTTP/1.1" 200 2968 "https://2blog.ilc.edu.tw/6504/2015/" "Mozilla/5.0 (Windows NT 10.0; Win64; x64) AppleWebKit/537.36 (KHTML, like Gecko) Chrome/144.0.0.0 Safari/537.36"
2408:862e:ff:ff0d::58e - - [22/Aug/2026:05:27:00 +0800] "GET /4297/wp-content/cache/2blog.ilc.edu.tw/wpfc-minified/e4bqvq7n/9j63b.css HTTP/1.1" 200 1157 "https://2blog.ilc.edu.tw/4297/2026/04/" "Mozilla/5.0 (Windows NT 10.0; Win64; x64) AppleWebKit/537.36 (KHTML, like Gecko) Chrome/144.0.0.0 Safari/537.36"
154.193.10.235 - - [22/Aug/2026:05:26:34 +0800] "GET /yiesplants/wp-content/uploads/sites/3424/2021/11/%E9%BA%B5%E5%8C%85%E6%A8%B9-576x1024.jpg HTTP/1.1" 200 288903 "-" "Mozilla/5.0 (compatible; crawler)"
2409:8c44:3d01:ff31::20 - - [22/Aug/2026:05:27:01 +0800] "GET /6504/wp-content/themes/oceanwp/assets/js/ow-lightbox.min.js HTTP/1.1" 200 2321 "https://2blog.ilc.edu.tw/6504/2015/" "Mozilla/5.0 (Windows NT 10.0; Win64; x64) AppleWebKit/537.36 (KHTML, like Gecko) Chrome/144.0.0.0 Safari/537.36"
2409:8c44:3d01:ff31::20 - - [22/Aug/2026:05:27:01 +0800] "GET /6504/wp-content/themes/oceanwp/assets/js/vendors/flickity.pkgd.min.js HTTP/1.1" 200 15048 "https://2blog.ilc.edu.tw/6504/2015/" "Mozilla/5.0 (Windows NT 10.0; Win64; x64) AppleWebKit/537.36 (KHTML, like Gecko) Chrome/144.0.0.0 Safari/537.36"
2409:8c44:3d01:ff31::20 - - [22/Aug/2026:05:27:01 +0800] "GET /6504/wp-content/themes/oceanwp/assets/js/ow-slider.min.js HTTP/1.1" 200 1761 "https://2blog.ilc.edu.tw/6504/2015/" "Mozilla/5.0 (Windows NT 10.0; Win64; x64) AppleWebKit/537.36 (KHTML, like Gecko) Chrome/144.0.0.0 Safari/537.36"
2409:8c44:3d01:ff31::20 - - [22/Aug/2026:05:27:01 +0800] "GET /6504/wp-content/themes/oceanwp/assets/js/scroll-effect.min.js HTTP/1.1" 200 4127 "https://2blog.ilc.edu.tw/6504/2015/" "Mozilla/5.0 (Windows NT 10.0; Win64; x64) AppleWebKit/537.36 (KHTML, like Gecko) Chrome/144.0.0.0 Safari/537.36"
2408:862e:ff:ff0d::58e - - [22/Aug/2026:05:27:01 +0800] "GET /4297/wp-includes/js/imagesloaded.min.js HTTP/1.1" 200 2683 "https://2blog.ilc.edu.tw/4297/2026/04/" "Mozilla/5.0 (Windows NT 10.0; Win64; x64) AppleWebKit/537.36 (KHTML, like Gecko) Chrome/144.0.0.0 Safari/537.36"
2409:8c44:3d01:ff31::20 - - [22/Aug/2026:05:27:01 +0800] "GET /6504/wp-content/themes/oceanwp/assets/js/select.min.js HTTP/1.1" 200 2408 "https://2blog.ilc.edu.tw/6504/2015/" "Mozilla/5.0 (Windows NT 10.0; Win64; x64) AppleWebKit/537.36 (KHTML, like Gecko) Chrome/144.0.0.0 Safari/537.36"
66.249.79.5 - - [22/Aug/2026:05:27:01 +0800] "GET /exam/exam/88-1-2/88-1-2-5-1.PDF HTTP/1.1" 404 68718 "-" "Mozilla/5.0 (Linux; Android 6.0.1; Nexus 5X Build/MMB29P) AppleWebKit/537.36 (KHTML, like Gecko) Chrome/151.0.7922.137 Mobile Safari/537.36 (compatible; GoogleOther)"
2408:862e:ff:ff0d::58e - - [22/Aug/2026:05:27:01 +0800] "GET /4297/wp-content/themes/oceanwp/assets/js/vendors/flickity.pkgd.min.js HTTP/1.1" 200 15048 "https://2blog.ilc.edu.tw/4297/2026/04/" "Mozilla/5.0 (Windows NT 10.0; Win64; x64) AppleWebKit/537.36 (KHTML, like Gecko) Chrome/144.0.0.0 Safari/537.36"
2408:862e:ff:ff0d::58e - - [22/Aug/2026:05:27:02 +0800] "GET /4297/wp-content/themes/oceanwp/assets/fonts/simple-line-icons/Simple-Line-Icons.woff2?v=2.4.0 HTTP/1.1" 200 30959 "https://2blog.ilc.edu.tw/4297/wp-content/cache/2blog.ilc.edu.tw/wpfc-minified/l9r9ze9p/9j63b.css" "Mozilla/5.0 (Windows NT 10.0; Win64; x64) AppleWebKit/537.36 (KHTML, like Gecko) Chrome/144.0.0.0 Safari/537.36"
2409:8c44:3d01:ff31::20 - - [22/Aug/2026:05:27:02 +0800] "GET /6504/wp-content/themes/oceanwp/assets/fonts/simple-line-icons/Simple-Line-Icons.woff2?v=2.4.0 HTTP/1.1" 200 30959 "https://2blog.ilc.edu.tw/6504/wp-content/cache/2blog.ilc.edu.tw/wpfc-minified/1cwmlun7/5x7ej.css" "Mozilla/5.0 (Windows NT 10.0; Win64; x64) AppleWebKit/537.36 (KHTML, like Gecko) Chrome/144.0.0.0 Safari/537.36"
2409:8c44:3d01:ff31::20 - - [22/Aug/2026:05:27:02 +0800] "GET /6504/wp-content/themes/oceanwp/assets/fonts/fontawesome/webfonts/fa-solid-900.woff2 HTTP/1.1" 200 151246 "https://2blog.ilc.edu.tw/6504/wp-content/cache/2blog.ilc.edu.tw/wpfc-minified/1cwmlun7/5x7ej.css" "Mozilla/5.0 (Windows NT 10.0; Win64; x64) AppleWebKit/537.36 (KHTML, like Gecko) Chrome/144.0.0.0 Safari/537.36"
2409:8c44:3d01:ff31::20 - - [22/Aug/2026:05:27:02 +0800] "GET /favicon.ico HTTP/1.1" 302 901 "https://2blog.ilc.edu.tw/6504/2015/" "Mozilla/5.0 (Windows NT 10.0; Win64; x64) AppleWebKit/537.36 (KHTML, like Gecko) Chrome/144.0.0.0 Safari/537.36"
2001:288:a201::66:125 - - [22/Aug/2026:05:27:03 +0800] "GET /blog/active.php HTTP/1.1" 301 1026 "-" "-"
2001:288:a201::66:125 - - [22/Aug/2026:05:27:03 +0800] "GET /blog/active.php HTTP/1.1" 404 1084 "-" "-"
2409:8c44:1:ff18:183:204:41:47 - - [22/Aug/2026:05:27:02 +0800] "GET /lmmt/category/%e6%af%8d%e8%aa%9e%e6%97%a5/%e6%af%8d%e8%aa%9e%e6%97%a5%e8%a8%88%e7%95%ab/%e6%8e%a8%e5%8b%95%e5%b0%8f%e7%b5%84 HTTP/1.1" 301 5849 "-" "Mozilla/5.0 (Windows NT 10.0; Win64; x64) AppleWebKit/537.36 (KHTML, like Gecko) Chrome/144.0.0.0 Safari/537.36"
2409:8c44:3d01:ff31::20 - - [22/Aug/2026:05:27:03 +0800] "GET /wp-includes/images/w-logo-blue-white-bg.png HTTP/1.1" 200 4946 "https://2blog.ilc.edu.tw/6504/2015/" "Mozilla/5.0 (Windows NT 10.0; Win64; x64) AppleWebKit/537.36 (KHTML, like Gecko) Chrome/144.0.0.0 Safari/537.36"