2408:8642:a8ff:1::2 - - [22/Aug/2026:05:11:28 +0800] "GET /wp-content/themes/oceanwp/assets/js/theme.min.js HTTP/1.1" 200 5130 "https://www.csjh.ilc.edu.tw/%E5%AE%9C%E8%98%AD%E7%B8%A3%E8%BE%B2%E6%9E%97%E6%BC%81%E7%89%A7%E6%99%AE%E6%9F%A5%E8%99%95%E5%AE%A3%E5%B0%8E/" "Mozilla/5.0 (Windows NT 10.0; Win64; x64) AppleWebKit/537.36 (KHTML, like Gecko) Chrome/144.0.0.0 Safari/537.36"
66.249.71.201 - - [22/Aug/2026:05:11:28 +0800] "GET /?page_id=48 HTTP/1.1" 200 19789 "-" "Mozilla/5.0 (Linux; Android 6.0.1; Nexus 5X Build/MMB29P) AppleWebKit/537.36 (KHTML, like Gecko) Chrome/151.0.7922.137 Mobile Safari/537.36 (compatible; Googlebot/2.1; +http://www.google.com/bot.html)"
34.195.248.30 - - [22/Aug/2026:05:11:28 +0800] "GET /wp-content/uploads/sites/3144/2021/07/?C=S;O%3DA HTTP/1.1" 200 1113 "-" "Mozilla/5.0 AppleWebKit/537.36 (KHTML, like Gecko; compatible; Amazonbot/0.1; +https://developer.amazon.com/support/amazonbot) Chrome/119.0.6045.214 Safari/537.36"
2408:8642:a8ff:1::2 - - [22/Aug/2026:05:11:28 +0800] "GET /wp-content/themes/oceanwp/assets/js/ow-slider.min.js HTTP/1.1" 200 1761 "https://www.csjh.ilc.edu.tw/%E5%AE%9C%E8%98%AD%E7%B8%A3%E8%BE%B2%E6%9E%97%E6%BC%81%E7%89%A7%E6%99%AE%E6%9F%A5%E8%99%95%E5%AE%A3%E5%B0%8E/" "Mozilla/5.0 (Windows NT 10.0; Win64; x64) AppleWebKit/537.36 (KHTML, like Gecko) Chrome/144.0.0.0 Safari/537.36"
2409:8a55:936c:b0e0:32a6:12ff:fe0d:b2a3 - - [22/Aug/2026:05:11:28 +0800] "GET /wp-content/cache/www.najh.ilc.edu.tw/wpfc-minified/1f13uvw/6wh9.css HTTP/1.1" 200 40884 "https://www.najh.ilc.edu.tw/2024/03/06/" "Mozilla/5.0 (Windows NT 10.0; Win64; x64) AppleWebKit/537.36 (KHTML, like Gecko) Chrome/144.0.0.0 Safari/537.36"
2408:8642:a8ff:1::2 - - [22/Aug/2026:05:11:29 +0800] "GET /wp-content/plugins/elementor/assets/js/webpack.runtime.min.js HTTP/1.1" 200 3095 "https://www.csjh.ilc.edu.tw/%E5%AE%9C%E8%98%AD%E7%B8%A3%E8%BE%B2%E6%9E%97%E6%BC%81%E7%89%A7%E6%99%AE%E6%9F%A5%E8%99%95%E5%AE%A3%E5%B0%8E/" "Mozilla/5.0 (Windows NT 10.0; Win64; x64) AppleWebKit/537.36 (KHTML, like Gecko) Chrome/144.0.0.0 Safari/537.36"
2409:8a55:936c:b0e0:32a6:12ff:fe0d:b2a3 - - [22/Aug/2026:05:11:29 +0800] "GET /wp-content/cache/www.najh.ilc.edu.tw/wpfc-minified/4ybahoo/6wh9.css HTTP/1.1" 200 15782 "https://www.najh.ilc.edu.tw/2024/03/06/" "Mozilla/5.0 (Windows NT 10.0; Win64; x64) AppleWebKit/537.36 (KHTML, like Gecko) Chrome/144.0.0.0 Safari/537.36"
2409:8a55:936c:b0e0:32a6:12ff:fe0d:b2a3 - - [22/Aug/2026:05:11:29 +0800] "GET /wp-content/cache/www.najh.ilc.edu.tw/wpfc-minified/kz7ju7r3/6wh9.css HTTP/1.1" 200 5959 "https://www.najh.ilc.edu.tw/2024/03/06/" "Mozilla/5.0 (Windows NT 10.0; Win64; x64) AppleWebKit/537.36 (KHTML, like Gecko) Chrome/144.0.0.0 Safari/537.36"
2409:8a55:936c:b0e0:32a6:12ff:fe0d:b2a3 - - [22/Aug/2026:05:11:29 +0800] "GET /wp-content/cache/www.najh.ilc.edu.tw/wpfc-minified/k0kc5650/6wh9.js HTTP/1.1" 200 35897 "https://www.najh.ilc.edu.tw/2024/03/06/" "Mozilla/5.0 (Windows NT 10.0; Win64; x64) AppleWebKit/537.36 (KHTML, like Gecko) Chrome/144.0.0.0 Safari/537.36"
2409:8a55:936c:b0e0:32a6:12ff:fe0d:b2a3 - - [22/Aug/2026:05:11:29 +0800] "GET /wp-content/cache/www.najh.ilc.edu.tw/wpfc-minified/kcxb236g/6wh9.css HTTP/1.1" 200 61684 "https://www.najh.ilc.edu.tw/2024/03/06/" "Mozilla/5.0 (Windows NT 10.0; Win64; x64) AppleWebKit/537.36 (KHTML, like Gecko) Chrome/144.0.0.0 Safari/537.36"
2409:8a55:936c:b0e0:32a6:12ff:fe0d:b2a3 - - [22/Aug/2026:05:11:29 +0800] "GET /wp-content/cache/www.najh.ilc.edu.tw/wpfc-minified/87xhsi2d/6wh9.css HTTP/1.1" 200 9124 "https://www.najh.ilc.edu.tw/2024/03/06/" "Mozilla/5.0 (Windows NT 10.0; Win64; x64) AppleWebKit/537.36 (KHTML, like Gecko) Chrome/144.0.0.0 Safari/537.36"
2409:8a55:936c:b0e0:32a6:12ff:fe0d:b2a3 - - [22/Aug/2026:05:11:29 +0800] "GET /wp-includes/js/hoverintent-js.min.js HTTP/1.1" 200 6399 "https://www.najh.ilc.edu.tw/2024/03/06/" "Mozilla/5.0 (Windows NT 10.0; Win64; x64) AppleWebKit/537.36 (KHTML, like Gecko) Chrome/144.0.0.0 Safari/537.36"
2408:8642:a8ff:1::2 - - [22/Aug/2026:05:11:29 +0800] "GET /wp-includes/js/jquery/ui/core.min.js HTTP/1.1" 200 7986 "https://www.csjh.ilc.edu.tw/%E5%AE%9C%E8%98%AD%E7%B8%A3%E8%BE%B2%E6%9E%97%E6%BC%81%E7%89%A7%E6%99%AE%E6%9F%A5%E8%99%95%E5%AE%A3%E5%B0%8E/" "Mozilla/5.0 (Windows NT 10.0; Win64; x64) AppleWebKit/537.36 (KHTML, like Gecko) Chrome/144.0.0.0 Safari/537.36"
2409:8a55:936c:b0e0:32a6:12ff:fe0d:b2a3 - - [22/Aug/2026:05:11:29 +0800] "GET /wp-includes/js/admin-bar.min.js HTTP/1.1" 200 2237 "https://www.najh.ilc.edu.tw/2024/03/06/" "Mozilla/5.0 (Windows NT 10.0; Win64; x64) AppleWebKit/537.36 (KHTML, like Gecko) Chrome/144.0.0.0 Safari/537.36"
40.77.167.78 - - [22/Aug/2026:05:11:29 +0800] "GET /datong3/2020/08/31/1090831%E8%BF%8E%E6%96%B0%E7%94%9F/ HTTP/1.1" 200 16828 "-" "Mozilla/5.0 AppleWebKit/537.36 (KHTML, like Gecko; compatible; bingbot/2.0; +http://www.bing.com/bingbot.htm) Chrome/116.0.1938.76 Safari/537.36"
2409:8a55:936c:b0e0:32a6:12ff:fe0d:b2a3 - - [22/Aug/2026:05:11:29 +0800] "GET /wp-includes/js/imagesloaded.min.js HTTP/1.1" 200 2683 "https://www.najh.ilc.edu.tw/2024/03/06/" "Mozilla/5.0 (Windows NT 10.0; Win64; x64) AppleWebKit/537.36 (KHTML, like Gecko) Chrome/144.0.0.0 Safari/537.36"
100.29.107.38 - - [22/Aug/2026:05:11:30 +0800] "GET /feed/ HTTP/1.1" 200 9642 "-" "Mozilla/5.0 AppleWebKit/537.36 (KHTML, like Gecko; compatible; Amazonbot/0.1; +https://developer.amazon.com/support/amazonbot) Chrome/119.0.6045.214 Safari/537.36"
2409:8a55:936c:b0e0:32a6:12ff:fe0d:b2a3 - - [22/Aug/2026:05:11:30 +0800] "GET /wp-content/themes/oceanwp/assets/js/theme.min.js HTTP/1.1" 200 5130 "https://www.najh.ilc.edu.tw/2024/03/06/" "Mozilla/5.0 (Windows NT 10.0; Win64; x64) AppleWebKit/537.36 (KHTML, like Gecko) Chrome/144.0.0.0 Safari/537.36"
136.119.35.120 - - [22/Aug/2026:05:11:30 +0800] "GET /6570/2020/10/14/4-5-2%E6%9B%B4%E6%8F%9B%E7%AF%80%E8%83%BD%E7%87%88%E5%85%B7%E6%88%90%E6%9E%9C/ HTTP/1.1" 200 16535 "-" "Mozilla/5.0 (Macintosh; Intel Mac OS X 10_15_7) AppleWebKit/537.36 (KHTML, like Gecko) Chrome/120.0.0.0 Safari/537.36"
2409:8a55:936c:b0e0:32a6:12ff:fe0d:b2a3 - - [22/Aug/2026:05:11:30 +0800] "GET /wp-content/themes/oceanwp/assets/js/drop-down-mobile-menu.min.js HTTP/1.1" 200 4663 "https://www.najh.ilc.edu.tw/2024/03/06/" "Mozilla/5.0 (Windows NT 10.0; Win64; x64) AppleWebKit/537.36 (KHTML, like Gecko) Chrome/144.0.0.0 Safari/537.36"
2409:8a55:936c:b0e0:32a6:12ff:fe0d:b2a3 - - [22/Aug/2026:05:11:30 +0800] "GET /wp-content/themes/oceanwp/assets/js/drop-down-search.min.js HTTP/1.1" 200 2968 "https://www.najh.ilc.edu.tw/2024/03/06/" "Mozilla/5.0 (Windows NT 10.0; Win64; x64) AppleWebKit/537.36 (KHTML, like Gecko) Chrome/144.0.0.0 Safari/537.36"
2409:8a55:936c:b0e0:32a6:12ff:fe0d:b2a3 - - [22/Aug/2026:05:11:30 +0800] "GET /wp-content/themes/oceanwp/assets/js/vendors/magnific-popup.min.js HTTP/1.1" 200 8270 "https://www.najh.ilc.edu.tw/2024/03/06/" "Mozilla/5.0 (Windows NT 10.0; Win64; x64) AppleWebKit/537.36 (KHTML, like Gecko) Chrome/144.0.0.0 Safari/537.36"
34.56.53.225 - - [22/Aug/2026:05:11:30 +0800] "GET /2019/01/07/%E6%A6%AE%E8%AD%BD%E6%A6%9C%E7%8E%89%E7%94%B0%E5%9C%8B%E5%B0%8F107%E5%AD%B8%E5%B9%B4%E5%BA%A6%E7%AC%AC%E4%B8%80%E5%AD%B8%E6%9C%9F-%E6%A0%A1%E5%85%A7%E8%AA%9E%E6%96%87%E7%AB%B6%E8%B3%BD%E3%80%8C/ HTTP/1.1" 200 23357 "-" "Mozilla/5.0 (Macintosh; Intel Mac OS X 10_15_7) AppleWebKit/537.36 (KHTML, like Gecko) Chrome/120.0.0.0 Safari/537.36"
2409:8a55:936c:b0e0:32a6:12ff:fe0d:b2a3 - - [22/Aug/2026:05:11:30 +0800] "GET /wp-content/themes/oceanwp/assets/js/ow-lightbox.min.js HTTP/1.1" 200 2321 "https://www.najh.ilc.edu.tw/2024/03/06/" "Mozilla/5.0 (Windows NT 10.0; Win64; x64) AppleWebKit/537.36 (KHTML, like Gecko) Chrome/144.0.0.0 Safari/537.36"
2409:8a55:936c:b0e0:32a6:12ff:fe0d:b2a3 - - [22/Aug/2026:05:11:30 +0800] "GET /wp-content/themes/oceanwp/assets/js/scroll-effect.min.js HTTP/1.1" 200 4127 "https://www.najh.ilc.edu.tw/2024/03/06/" "Mozilla/5.0 (Windows NT 10.0; Win64; x64) AppleWebKit/537.36 (KHTML, like Gecko) Chrome/144.0.0.0 Safari/537.36"
2409:8a55:936c:b0e0:32a6:12ff:fe0d:b2a3 - - [22/Aug/2026:05:11:30 +0800] "GET /wp-content/themes/oceanwp/assets/js/ow-slider.min.js HTTP/1.1" 200 1761 "https://www.najh.ilc.edu.tw/2024/03/06/" "Mozilla/5.0 (Windows NT 10.0; Win64; x64) AppleWebKit/537.36 (KHTML, like Gecko) Chrome/144.0.0.0 Safari/537.36"
2409:8a55:936c:b0e0:32a6:12ff:fe0d:b2a3 - - [22/Aug/2026:05:11:30 +0800] "GET /wp-content/themes/oceanwp/assets/js/vendors/flickity.pkgd.min.js HTTP/1.1" 200 15048 "https://www.najh.ilc.edu.tw/2024/03/06/" "Mozilla/5.0 (Windows NT 10.0; Win64; x64) AppleWebKit/537.36 (KHTML, like Gecko) Chrome/144.0.0.0 Safari/537.36"
2409:8a55:936c:b0e0:32a6:12ff:fe0d:b2a3 - - [22/Aug/2026:05:11:30 +0800] "GET /wp-content/themes/oceanwp/assets/js/scroll-top.min.js HTTP/1.1" 200 3202 "https://www.najh.ilc.edu.tw/2024/03/06/" "Mozilla/5.0 (Windows NT 10.0; Win64; x64) AppleWebKit/537.36 (KHTML, like Gecko) Chrome/144.0.0.0 Safari/537.36"
2409:8a55:936c:b0e0:32a6:12ff:fe0d:b2a3 - - [22/Aug/2026:05:11:30 +0800] "GET /wp-content/themes/oceanwp/assets/fonts/fontawesome/webfonts/fa-solid-900.woff2 HTTP/1.1" 200 151246 "https://www.najh.ilc.edu.tw/wp-content/cache/www.najh.ilc.edu.tw/wpfc-minified/kcxb236g/6wh9.css" "Mozilla/5.0 (Windows NT 10.0; Win64; x64) AppleWebKit/537.36 (KHTML, like Gecko) Chrome/144.0.0.0 Safari/537.36"
2409:8a55:936c:b0e0:32a6:12ff:fe0d:b2a3 - - [22/Aug/2026:05:11:31 +0800] "GET /wp-content/themes/oceanwp/assets/fonts/simple-line-icons/Simple-Line-Icons.woff2?v=2.4.0 HTTP/1.1" 200 30959 "https://www.najh.ilc.edu.tw/wp-content/cache/www.najh.ilc.edu.tw/wpfc-minified/kcxb236g/6wh9.css" "Mozilla/5.0 (Windows NT 10.0; Win64; x64) AppleWebKit/537.36 (KHTML, like Gecko) Chrome/144.0.0.0 Safari/537.36"
2409:8a55:936c:b0e0:32a6:12ff:fe0d:b2a3 - - [22/Aug/2026:05:11:31 +0800] "GET /wp-content/themes/oceanwp/assets/js/select.min.js HTTP/1.1" 200 2408 "https://www.najh.ilc.edu.tw/2024/03/06/" "Mozilla/5.0 (Windows NT 10.0; Win64; x64) AppleWebKit/537.36 (KHTML, like Gecko) Chrome/144.0.0.0 Safari/537.36"
2409:8a55:936c:b0e0:32a6:12ff:fe0d:b2a3 - - [22/Aug/2026:05:11:31 +0800] "GET /wp-content/plugins/ocean-extra/includes/widgets/js/flickr.min.js HTTP/1.1" 200 1319 "https://www.najh.ilc.edu.tw/2024/03/06/" "Mozilla/5.0 (Windows NT 10.0; Win64; x64) AppleWebKit/537.36 (KHTML, like Gecko) Chrome/144.0.0.0 Safari/537.36"
2409:8a55:936c:b0e0:32a6:12ff:fe0d:b2a3 - - [22/Aug/2026:05:11:31 +0800] "GET /wp-includes/js/mediaelement/mediaelement-migrate.min.js HTTP/1.1" 200 1419 "https://www.najh.ilc.edu.tw/2024/03/06/" "Mozilla/5.0 (Windows NT 10.0; Win64; x64) AppleWebKit/537.36 (KHTML, like Gecko) Chrome/144.0.0.0 Safari/537.36"
2409:8a55:936c:b0e0:32a6:12ff:fe0d:b2a3 - - [22/Aug/2026:05:11:31 +0800] "GET /wp-includes/js/mediaelement/mediaelement-and-player.min.js HTTP/1.1" 200 39802 "https://www.najh.ilc.edu.tw/2024/03/06/" "Mozilla/5.0 (Windows NT 10.0; Win64; x64) AppleWebKit/537.36 (KHTML, like Gecko) Chrome/144.0.0.0 Safari/537.36"
2409:8a55:936c:b0e0:32a6:12ff:fe0d:b2a3 - - [22/Aug/2026:05:11:31 +0800] "GET /wp-includes/js/mediaelement/wp-mediaelement.min.js HTTP/1.1" 200 1417 "https://www.najh.ilc.edu.tw/2024/03/06/" "Mozilla/5.0 (Windows NT 10.0; Win64; x64) AppleWebKit/537.36 (KHTML, like Gecko) Chrome/144.0.0.0 Safari/537.36"
2409:8a55:936c:b0e0:32a6:12ff:fe0d:b2a3 - - [22/Aug/2026:05:11:31 +0800] "GET /wp-includes/js/mediaelement/renderers/vimeo.min.js HTTP/1.1" 200 3164 "https://www.najh.ilc.edu.tw/2024/03/06/" "Mozilla/5.0 (Windows NT 10.0; Win64; x64) AppleWebKit/537.36 (KHTML, like Gecko) Chrome/144.0.0.0 Safari/537.36"
54.162.69.192 - - [22/Aug/2026:05:11:31 +0800] "GET /wp-content/uploads/sites/848/6554/6554-3345726.jpg HTTP/1.1" 200 63042 "-" "Mozilla/5.0 AppleWebKit/537.36 (KHTML, like Gecko; compatible; Amazonbot/0.1; +https://developer.amazon.com/support/amazonbot) Chrome/119.0.6045.214 Safari/537.36"
66.249.71.203 - - [22/Aug/2026:05:11:31 +0800] "GET /wp-content/uploads/sites/411/elementor/css/post-880.css HTTP/1.1" 200 6055 "https://www.ltjh.ilc.edu.tw/?page_id=48" "Mozilla/5.0 (Linux; Android 6.0.1; Nexus 5X Build/MMB29P) AppleWebKit/537.36 (KHTML, like Gecko) Chrome/151.0.7922.137 Mobile Safari/537.36 (compatible; Googlebot/2.1; +http://www.google.com/bot.html)"
34.206.193.60 - - [22/Aug/2026:05:11:31 +0800] "GET /32745/wp-json/wp/v2/categories/119 HTTP/1.1" 200 6666 "-" "Mozilla/5.0 AppleWebKit/537.36 (KHTML, like Gecko; compatible; Amazonbot/0.1; +https://developer.amazon.com/support/amazonbot) Chrome/119.0.6045.214 Safari/537.36"
2408:8719:64:201:21:: - - [22/Aug/2026:05:11:32 +0800] "GET /wp-content/cache/www.najh.ilc.edu.tw/wpfc-minified/4ybahoo/6wh9.css HTTP/1.1" 200 20584 "https://www.najh.ilc.edu.tw/2024/05/24/%e8%bd%89%e7%9f%a5-2024%e5%be%8c%e7%94%9f%e6%96%87%e5%ad%b8%e7%8d%8e/" "Mozilla/5.0 (Windows NT 10.0; Win64; x64) AppleWebKit/537.36 (KHTML, like Gecko) Chrome/144.0.0.0 Safari/537.36"
2408:8719:64:201:21:: - - [22/Aug/2026:05:11:32 +0800] "GET /wp-content/cache/www.najh.ilc.edu.tw/wpfc-minified/kz7ju7r3/6wh9.css HTTP/1.1" 200 5959 "https://www.najh.ilc.edu.tw/2024/05/24/%e8%bd%89%e7%9f%a5-2024%e5%be%8c%e7%94%9f%e6%96%87%e5%ad%b8%e7%8d%8e/" "Mozilla/5.0 (Windows NT 10.0; Win64; x64) AppleWebKit/537.36 (KHTML, like Gecko) Chrome/144.0.0.0 Safari/537.36"
2408:8719:64:201:21:: - - [22/Aug/2026:05:11:32 +0800] "GET /wp-content/cache/www.najh.ilc.edu.tw/wpfc-minified/2b17nkg1/6wh9.js HTTP/1.1" 200 6441 "https://www.najh.ilc.edu.tw/2024/05/24/%e8%bd%89%e7%9f%a5-2024%e5%be%8c%e7%94%9f%e6%96%87%e5%ad%b8%e7%8d%8e/" "Mozilla/5.0 (Windows NT 10.0; Win64; x64) AppleWebKit/537.36 (KHTML, like Gecko) Chrome/144.0.0.0 Safari/537.36"
2408:8719:64:201:21:: - - [22/Aug/2026:05:11:32 +0800] "GET /wp-content/cache/www.najh.ilc.edu.tw/wpfc-minified/k0kc5650/6wh9.js HTTP/1.1" 200 40360 "https://www.najh.ilc.edu.tw/2024/05/24/%e8%bd%89%e7%9f%a5-2024%e5%be%8c%e7%94%9f%e6%96%87%e5%ad%b8%e7%8d%8e/" "Mozilla/5.0 (Windows NT 10.0; Win64; x64) AppleWebKit/537.36 (KHTML, like Gecko) Chrome/144.0.0.0 Safari/537.36"
2408:8719:64:201:21:: - - [22/Aug/2026:05:11:32 +0800] "GET /wp-content/cache/www.najh.ilc.edu.tw/wpfc-minified/kcxb236g/6wh9.css HTTP/1.1" 200 66147 "https://www.najh.ilc.edu.tw/2024/05/24/%e8%bd%89%e7%9f%a5-2024%e5%be%8c%e7%94%9f%e6%96%87%e5%ad%b8%e7%8d%8e/" "Mozilla/5.0 (Windows NT 10.0; Win64; x64) AppleWebKit/537.36 (KHTML, like Gecko) Chrome/144.0.0.0 Safari/537.36"
2408:8719:64:201:21:: - - [22/Aug/2026:05:11:32 +0800] "GET /wp-includes/js/hoverintent-js.min.js HTTP/1.1" 200 1597 "https://www.najh.ilc.edu.tw/2024/05/24/%e8%bd%89%e7%9f%a5-2024%e5%be%8c%e7%94%9f%e6%96%87%e5%ad%b8%e7%8d%8e/" "Mozilla/5.0 (Windows NT 10.0; Win64; x64) AppleWebKit/537.36 (KHTML, like Gecko) Chrome/144.0.0.0 Safari/537.36"
2001:288:a201::66:125 - - [22/Aug/2026:05:11:33 +0800] "GET /blog/active.php HTTP/1.1" 301 1026 "-" "-"
2001:288:a201::66:125 - - [22/Aug/2026:05:11:33 +0800] "GET /blog/active.php HTTP/1.1" 404 1084 "-" "-"
66.249.71.201 - - [22/Aug/2026:05:11:33 +0800] "GET /wp-content/plugins/elementor-pro/assets/js/elements-handlers.min.js HTTP/1.1" 200 15668 "https://www.ltjh.ilc.edu.tw/?page_id=48" "Mozilla/5.0 (Linux; Android 6.0.1; Nexus 5X Build/MMB29P) AppleWebKit/537.36 (KHTML, like Gecko) Chrome/151.0.7922.137 Mobile Safari/537.36 (compatible; Googlebot/2.1; +http://www.google.com/bot.html)"
140.111.67.10 - - [22/Aug/2026:05:11:33 +0800] "GET /" 301 273 "-" "-"
34.57.162.91 - - [22/Aug/2026:05:11:33 +0800] "GET /wp-content/uploads/gallery/27271/27271-3743216.docx HTTP/1.1" 200 20475 "-" "Mozilla/5.0 (Macintosh; Intel Mac OS X 10_15_7) AppleWebKit/537.36 (KHTML, like Gecko) Chrome/120.0.0.0 Safari/537.36"
2408:8719:64:201:21:: - - [22/Aug/2026:05:11:33 +0800] "GET /wp-content/themes/oceanwp/assets/js/theme.min.js HTTP/1.1" 200 5130 "https://www.najh.ilc.edu.tw/2024/05/24/%e8%bd%89%e7%9f%a5-2024%e5%be%8c%e7%94%9f%e6%96%87%e5%ad%b8%e7%8d%8e/" "Mozilla/5.0 (Windows NT 10.0; Win64; x64) AppleWebKit/537.36 (KHTML, like Gecko) Chrome/144.0.0.0 Safari/537.36"
2408:8719:64:201:21:: - - [22/Aug/2026:05:11:33 +0800] "GET /wp-content/themes/oceanwp/assets/js/drop-down-search.min.js HTTP/1.1" 200 2968 "https://www.najh.ilc.edu.tw/2024/05/24/%e8%bd%89%e7%9f%a5-2024%e5%be%8c%e7%94%9f%e6%96%87%e5%ad%b8%e7%8d%8e/" "Mozilla/5.0 (Windows NT 10.0; Win64; x64) AppleWebKit/537.36 (KHTML, like Gecko) Chrome/144.0.0.0 Safari/537.36"
2408:8719:64:201:21:: - - [22/Aug/2026:05:11:33 +0800] "GET /wp-content/themes/oceanwp/assets/js/drop-down-mobile-menu.min.js HTTP/1.1" 200 4663 "https://www.najh.ilc.edu.tw/2024/05/24/%e8%bd%89%e7%9f%a5-2024%e5%be%8c%e7%94%9f%e6%96%87%e5%ad%b8%e7%8d%8e/" "Mozilla/5.0 (Windows NT 10.0; Win64; x64) AppleWebKit/537.36 (KHTML, like Gecko) Chrome/144.0.0.0 Safari/537.36"
2408:8719:64:201:21:: - - [22/Aug/2026:05:11:33 +0800] "GET /wp-content/themes/oceanwp/assets/js/vendors/magnific-popup.min.js HTTP/1.1" 200 8270 "https://www.najh.ilc.edu.tw/2024/05/24/%e8%bd%89%e7%9f%a5-2024%e5%be%8c%e7%94%9f%e6%96%87%e5%ad%b8%e7%8d%8e/" "Mozilla/5.0 (Windows NT 10.0; Win64; x64) AppleWebKit/537.36 (KHTML, like Gecko) Chrome/144.0.0.0 Safari/537.36"
2408:8214:3618:4940:289:13ff:fe90:a09 - - [22/Aug/2026:05:11:31 +0800] "GET /page/14 HTTP/1.1" 301 5718 "-" "Mozilla/5.0 (Windows NT 10.0; Win64; x64) AppleWebKit/537.36 (KHTML, like Gecko) Chrome/110.0.0.0 Safari/537.36"
2408:8719:64:201:21:: - - [22/Aug/2026:05:11:33 +0800] "POST /wp-json/ilc-summary/v1/popular-posts HTTP/1.1" 201 1270 "https://www.najh.ilc.edu.tw/2024/05/24/%e8%bd%89%e7%9f%a5-2024%e5%be%8c%e7%94%9f%e6%96%87%e5%ad%b8%e7%8d%8e/" "Mozilla/5.0 (Windows NT 10.0; Win64; x64) AppleWebKit/537.36 (KHTML, like Gecko) Chrome/144.0.0.0 Safari/537.36"
2408:8719:64:201:21:: - - [22/Aug/2026:05:11:34 +0800] "GET /wp-content/themes/oceanwp/assets/fonts/simple-line-icons/Simple-Line-Icons.woff2?v=2.4.0 HTTP/1.1" 200 30959 "https://www.najh.ilc.edu.tw/wp-content/cache/www.najh.ilc.edu.tw/wpfc-minified/kcxb236g/6wh9.css" "Mozilla/5.0 (Windows NT 10.0; Win64; x64) AppleWebKit/537.36 (KHTML, like Gecko) Chrome/144.0.0.0 Safari/537.36"
2408:8719:64:201:21:: - - [22/Aug/2026:05:11:34 +0800] "GET /wp-content/themes/oceanwp/assets/fonts/fontawesome/webfonts/fa-regular-400.woff2 HTTP/1.1" 200 25383 "https://www.najh.ilc.edu.tw/wp-content/cache/www.najh.ilc.edu.tw/wpfc-minified/kcxb236g/6wh9.css" "Mozilla/5.0 (Windows NT 10.0; Win64; x64) AppleWebKit/537.36 (KHTML, like Gecko) Chrome/144.0.0.0 Safari/537.36"
2408:8719:64:201:21:: - - [22/Aug/2026:05:11:34 +0800] "GET /wp-content/themes/oceanwp/assets/js/vendors/flickity.pkgd.min.js HTTP/1.1" 200 15048 "https://www.najh.ilc.edu.tw/2024/05/24/%e8%bd%89%e7%9f%a5-2024%e5%be%8c%e7%94%9f%e6%96%87%e5%ad%b8%e7%8d%8e/" "Mozilla/5.0 (Windows NT 10.0; Win64; x64) AppleWebKit/537.36 (KHTML, like Gecko) Chrome/144.0.0.0 Safari/537.36"
2408:8719:64:201:21:: - - [22/Aug/2026:05:11:34 +0800] "GET /wp-content/themes/oceanwp/assets/js/scroll-effect.min.js HTTP/1.1" 200 4127 "https://www.najh.ilc.edu.tw/2024/05/24/%e8%bd%89%e7%9f%a5-2024%e5%be%8c%e7%94%9f%e6%96%87%e5%ad%b8%e7%8d%8e/" "Mozilla/5.0 (Windows NT 10.0; Win64; x64) AppleWebKit/537.36 (KHTML, like Gecko) Chrome/144.0.0.0 Safari/537.36"
132.232.209.153 - - [22/Aug/2026:05:11:33 +0800] "GET /wei759/wp-content/uploads/sites/3931/2024/04/%E6%8A%95%E5%BD%B1%E7%89%8720.jpg HTTP/1.1" 200 242609 "https://2blog.ilc.edu.tw/" "Mozilla/5.0 (Windows NT 10.0; Win64; x64) AppleWebKit/537.36 (KHTML, like Gecko) Chrome/111.0.0.0 Safari/537.36"
2408:8719:64:201:21:: - - [22/Aug/2026:05:11:34 +0800] "GET /wp-content/themes/oceanwp/assets/js/select.min.js HTTP/1.1" 200 2408 "https://www.najh.ilc.edu.tw/2024/05/24/%e8%bd%89%e7%9f%a5-2024%e5%be%8c%e7%94%9f%e6%96%87%e5%ad%b8%e7%8d%8e/" "Mozilla/5.0 (Windows NT 10.0; Win64; x64) AppleWebKit/537.36 (KHTML, like Gecko) Chrome/144.0.0.0 Safari/537.36"
2408:8719:64:201:21:: - - [22/Aug/2026:05:11:34 +0800] "GET /wp-content/plugins/ocean-extra/includes/widgets/js/flickr.min.js HTTP/1.1" 200 1319 "https://www.najh.ilc.edu.tw/2024/05/24/%e8%bd%89%e7%9f%a5-2024%e5%be%8c%e7%94%9f%e6%96%87%e5%ad%b8%e7%8d%8e/" "Mozilla/5.0 (Windows NT 10.0; Win64; x64) AppleWebKit/537.36 (KHTML, like Gecko) Chrome/144.0.0.0 Safari/537.36"
2408:8719:64:201:21:: - - [22/Aug/2026:05:11:34 +0800] "GET /wp-includes/js/mediaelement/mediaelement-and-player.min.js HTTP/1.1" 200 39802 "https://www.najh.ilc.edu.tw/2024/05/24/%e8%bd%89%e7%9f%a5-2024%e5%be%8c%e7%94%9f%e6%96%87%e5%ad%b8%e7%8d%8e/" "Mozilla/5.0 (Windows NT 10.0; Win64; x64) AppleWebKit/537.36 (KHTML, like Gecko) Chrome/144.0.0.0 Safari/537.36"
2408:8719:64:201:21:: - - [22/Aug/2026:05:11:34 +0800] "GET /wp-content/themes/oceanwp/assets/fonts/fontawesome/webfonts/fa-solid-900.woff2 HTTP/1.1" 200 151246 "https://www.najh.ilc.edu.tw/wp-content/cache/www.najh.ilc.edu.tw/wpfc-minified/kcxb236g/6wh9.css" "Mozilla/5.0 (Windows NT 10.0; Win64; x64) AppleWebKit/537.36 (KHTML, like Gecko) Chrome/144.0.0.0 Safari/537.36"
2408:8719:64:201:21:: - - [22/Aug/2026:05:11:34 +0800] "GET /wp-includes/js/mediaelement/mediaelement-migrate.min.js HTTP/1.1" 200 1419 "https://www.najh.ilc.edu.tw/2024/05/24/%e8%bd%89%e7%9f%a5-2024%e5%be%8c%e7%94%9f%e6%96%87%e5%ad%b8%e7%8d%8e/" "Mozilla/5.0 (Windows NT 10.0; Win64; x64) AppleWebKit/537.36 (KHTML, like Gecko) Chrome/144.0.0.0 Safari/537.36"
2408:8719:64:201:21:: - - [22/Aug/2026:05:11:34 +0800] "GET /wp-includes/js/mediaelement/renderers/vimeo.min.js HTTP/1.1" 200 3164 "https://www.najh.ilc.edu.tw/2024/05/24/%e8%bd%89%e7%9f%a5-2024%e5%be%8c%e7%94%9f%e6%96%87%e5%ad%b8%e7%8d%8e/" "Mozilla/5.0 (Windows NT 10.0; Win64; x64) AppleWebKit/537.36 (KHTML, like Gecko) Chrome/144.0.0.0 Safari/537.36"
240e:935:a04:5403:0:1111:0:3 - - [22/Aug/2026:05:11:35 +0800] "GET /wp-content/cache/www.cwjh.ilc.edu.tw/wpfc-minified/7957u2ji/77dd.css HTTP/1.1" 200 20585 "https://www.cwjh.ilc.edu.tw/category/c-8680/page/2/" "Mozilla/5.0 (Windows NT 10.0; Win64; x64) AppleWebKit/537.36 (KHTML, like Gecko) Chrome/144.0.0.0 Safari/537.36"
240e:935:a04:5403:0:1111:0:3 - - [22/Aug/2026:05:11:35 +0800] "GET /wp-content/cache/www.cwjh.ilc.edu.tw/wpfc-minified/8wopko65/77dd.css HTTP/1.1" 200 5960 "https://www.cwjh.ilc.edu.tw/category/c-8680/page/2/" "Mozilla/5.0 (Windows NT 10.0; Win64; x64) AppleWebKit/537.36 (KHTML, like Gecko) Chrome/144.0.0.0 Safari/537.36"
240e:935:a04:5403:0:1111:0:3 - - [22/Aug/2026:05:11:35 +0800] "GET /wp-content/cache/www.cwjh.ilc.edu.tw/wpfc-minified/f11u7byj/77dd.js HTTP/1.1" 200 40362 "https://www.cwjh.ilc.edu.tw/category/c-8680/page/2/" "Mozilla/5.0 (Windows NT 10.0; Win64; x64) AppleWebKit/537.36 (KHTML, like Gecko) Chrome/144.0.0.0 Safari/537.36"
240e:935:a04:5403:0:1111:0:3 - - [22/Aug/2026:05:11:35 +0800] "GET /wp-content/cache/www.cwjh.ilc.edu.tw/wpfc-minified/dhutxct0/77dd.css HTTP/1.1" 200 66148 "https://www.cwjh.ilc.edu.tw/category/c-8680/page/2/" "Mozilla/5.0 (Windows NT 10.0; Win64; x64) AppleWebKit/537.36 (KHTML, like Gecko) Chrome/144.0.0.0 Safari/537.36"
240e:935:a04:5403:0:1111:0:3 - - [22/Aug/2026:05:11:35 +0800] "GET /wp-includes/js/hoverintent-js.min.js HTTP/1.1" 200 6400 "https://www.cwjh.ilc.edu.tw/category/c-8680/page/2/" "Mozilla/5.0 (Windows NT 10.0; Win64; x64) AppleWebKit/537.36 (KHTML, like Gecko) Chrome/144.0.0.0 Safari/537.36"
240e:95a:300:1:be06:333a:7cc8:c - - [22/Aug/2026:05:11:35 +0800] "GET /wp-includes/js/hoverintent-js.min.js HTTP/1.1" 200 6399 "https://www.daes.ilc.edu.tw/category/c-100521/page/4/" "Mozilla/5.0 (Windows NT 10.0; Win64; x64) AppleWebKit/537.36 (KHTML, like Gecko) Chrome/144.0.0.0 Safari/537.36"
240e:95a:300:1:be06:333a:7cc8:c - - [22/Aug/2026:05:11:35 +0800] "GET /wp-content/cache/www.daes.ilc.edu.tw/wpfc-minified/993j6met/73ws.js HTTP/1.1" 200 40359 "https://www.daes.ilc.edu.tw/category/c-100521/page/4/" "Mozilla/5.0 (Windows NT 10.0; Win64; x64) AppleWebKit/537.36 (KHTML, like Gecko) Chrome/144.0.0.0 Safari/537.36"
240e:95a:300:1:be06:333a:7cc8:c - - [22/Aug/2026:05:11:35 +0800] "GET /wp-includes/js/admin-bar.min.js HTTP/1.1" 200 7039 "https://www.daes.ilc.edu.tw/category/c-100521/page/4/" "Mozilla/5.0 (Windows NT 10.0; Win64; x64) AppleWebKit/537.36 (KHTML, like Gecko) Chrome/144.0.0.0 Safari/537.36"
240e:935:a04:5403:0:1111:0:3 - - [22/Aug/2026:05:11:35 +0800] "GET /wp-includes/js/imagesloaded.min.js HTTP/1.1" 200 2683 "https://www.cwjh.ilc.edu.tw/category/c-8680/page/2/" "Mozilla/5.0 (Windows NT 10.0; Win64; x64) AppleWebKit/537.36 (KHTML, like Gecko) Chrome/144.0.0.0 Safari/537.36"
240e:935:a04:5403:0:1111:0:3 - - [22/Aug/2026:05:11:35 +0800] "GET /wp-content/themes/oceanwp/assets/js/theme.min.js HTTP/1.1" 200 5130 "https://www.cwjh.ilc.edu.tw/category/c-8680/page/2/" "Mozilla/5.0 (Windows NT 10.0; Win64; x64) AppleWebKit/537.36 (KHTML, like Gecko) Chrome/144.0.0.0 Safari/537.36"
240e:95a:300:1:be06:333a:7cc8:c - - [22/Aug/2026:05:11:35 +0800] "GET /wp-includes/js/imagesloaded.min.js HTTP/1.1" 200 2683 "https://www.daes.ilc.edu.tw/category/c-100521/page/4/" "Mozilla/5.0 (Windows NT 10.0; Win64; x64) AppleWebKit/537.36 (KHTML, like Gecko) Chrome/144.0.0.0 Safari/537.36"
240e:935:a04:5403:0:1111:0:3 - - [22/Aug/2026:05:11:35 +0800] "GET /wp-content/themes/oceanwp/assets/js/drop-down-search.min.js HTTP/1.1" 200 2968 "https://www.cwjh.ilc.edu.tw/category/c-8680/page/2/" "Mozilla/5.0 (Windows NT 10.0; Win64; x64) AppleWebKit/537.36 (KHTML, like Gecko) Chrome/144.0.0.0 Safari/537.36"
240e:935:a04:5403:0:1111:0:3 - - [22/Aug/2026:05:11:35 +0800] "GET /wp-content/themes/oceanwp/assets/js/vendors/magnific-popup.min.js HTTP/1.1" 200 8270 "https://www.cwjh.ilc.edu.tw/category/c-8680/page/2/" "Mozilla/5.0 (Windows NT 10.0; Win64; x64) AppleWebKit/537.36 (KHTML, like Gecko) Chrome/144.0.0.0 Safari/537.36"
240e:935:a04:5403:0:1111:0:3 - - [22/Aug/2026:05:11:35 +0800] "GET /wp-content/themes/oceanwp/assets/js/ow-lightbox.min.js HTTP/1.1" 200 2321 "https://www.cwjh.ilc.edu.tw/category/c-8680/page/2/" "Mozilla/5.0 (Windows NT 10.0; Win64; x64) AppleWebKit/537.36 (KHTML, like Gecko) Chrome/144.0.0.0 Safari/537.36"
240e:935:a04:5403:0:1111:0:3 - - [22/Aug/2026:05:11:35 +0800] "GET /wp-content/themes/oceanwp/assets/js/vendors/flickity.pkgd.min.js HTTP/1.1" 200 15048 "https://www.cwjh.ilc.edu.tw/category/c-8680/page/2/" "Mozilla/5.0 (Windows NT 10.0; Win64; x64) AppleWebKit/537.36 (KHTML, like Gecko) Chrome/144.0.0.0 Safari/537.36"
3.224.205.25 - - [22/Aug/2026:05:11:35 +0800] "GET /3149/wp-json/wp/v2/posts/2278 HTTP/1.1" 200 8759 "-" "Mozilla/5.0 AppleWebKit/537.36 (KHTML, like Gecko; compatible; Amazonbot/0.1; +https://developer.amazon.com/support/amazonbot) Chrome/119.0.6045.214 Safari/537.36"
240e:95a:300:1:be06:333a:7cc8:c - - [22/Aug/2026:05:11:36 +0800] "GET /wp-content/themes/oceanwp/assets/js/drop-down-mobile-menu.min.js HTTP/1.1" 200 4663 "https://www.daes.ilc.edu.tw/category/c-100521/page/4/" "Mozilla/5.0 (Windows NT 10.0; Win64; x64) AppleWebKit/537.36 (KHTML, like Gecko) Chrome/144.0.0.0 Safari/537.36"
240e:95a:300:1:be06:333a:7cc8:c - - [22/Aug/2026:05:11:36 +0800] "GET /wp-content/themes/oceanwp/assets/js/theme.min.js HTTP/1.1" 200 5130 "https://www.daes.ilc.edu.tw/category/c-100521/page/4/" "Mozilla/5.0 (Windows NT 10.0; Win64; x64) AppleWebKit/537.36 (KHTML, like Gecko) Chrome/144.0.0.0 Safari/537.36"
240e:95a:300:1:be06:333a:7cc8:c - - [22/Aug/2026:05:11:36 +0800] "GET /wp-content/themes/oceanwp/assets/js/vendors/magnific-popup.min.js HTTP/1.1" 200 13072 "https://www.daes.ilc.edu.tw/category/c-100521/page/4/" "Mozilla/5.0 (Windows NT 10.0; Win64; x64) AppleWebKit/537.36 (KHTML, like Gecko) Chrome/144.0.0.0 Safari/537.36"
240e:95a:300:1:be06:333a:7cc8:c - - [22/Aug/2026:05:11:36 +0800] "GET /wp-content/themes/oceanwp/assets/js/ow-lightbox.min.js HTTP/1.1" 200 7123 "https://www.daes.ilc.edu.tw/category/c-100521/page/4/" "Mozilla/5.0 (Windows NT 10.0; Win64; x64) AppleWebKit/537.36 (KHTML, like Gecko) Chrome/144.0.0.0 Safari/537.36"
240e:95a:300:1:be06:333a:7cc8:c - - [22/Aug/2026:05:11:36 +0800] "GET /wp-content/themes/oceanwp/assets/js/vendors/flickity.pkgd.min.js HTTP/1.1" 200 15048 "https://www.daes.ilc.edu.tw/category/c-100521/page/4/" "Mozilla/5.0 (Windows NT 10.0; Win64; x64) AppleWebKit/537.36 (KHTML, like Gecko) Chrome/144.0.0.0 Safari/537.36"
240e:935:a04:5403:0:1111:0:3 - - [22/Aug/2026:05:11:36 +0800] "GET /wp-content/themes/oceanwp/assets/js/scroll-effect.min.js HTTP/1.1" 200 4127 "https://www.cwjh.ilc.edu.tw/category/c-8680/page/2/" "Mozilla/5.0 (Windows NT 10.0; Win64; x64) AppleWebKit/537.36 (KHTML, like Gecko) Chrome/144.0.0.0 Safari/537.36"
240e:935:a04:5403:0:1111:0:3 - - [22/Aug/2026:05:11:36 +0800] "GET /wp-content/themes/oceanwp/assets/js/scroll-top.min.js HTTP/1.1" 200 3202 "https://www.cwjh.ilc.edu.tw/category/c-8680/page/2/" "Mozilla/5.0 (Windows NT 10.0; Win64; x64) AppleWebKit/537.36 (KHTML, like Gecko) Chrome/144.0.0.0 Safari/537.36"
240e:935:a04:5403:0:1111:0:3 - - [22/Aug/2026:05:11:36 +0800] "GET /wp-content/themes/oceanwp/assets/js/select.min.js HTTP/1.1" 200 2408 "https://www.cwjh.ilc.edu.tw/category/c-8680/page/2/" "Mozilla/5.0 (Windows NT 10.0; Win64; x64) AppleWebKit/537.36 (KHTML, like Gecko) Chrome/144.0.0.0 Safari/537.36"
240e:935:a04:5403:0:1111:0:3 - - [22/Aug/2026:05:11:36 +0800] "GET /wp-content/plugins/ocean-extra/includes/widgets/js/flickr.min.js HTTP/1.1" 200 1319 "https://www.cwjh.ilc.edu.tw/category/c-8680/page/2/" "Mozilla/5.0 (Windows NT 10.0; Win64; x64) AppleWebKit/537.36 (KHTML, like Gecko) Chrome/144.0.0.0 Safari/537.36"
240e:95a:300:1:be06:333a:7cc8:c - - [22/Aug/2026:05:11:36 +0800] "GET /wp-content/themes/oceanwp/assets/fonts/simple-line-icons/Simple-Line-Icons.woff2?v=2.4.0 HTTP/1.1" 200 30959 "https://www.daes.ilc.edu.tw/wp-content/cache/www.daes.ilc.edu.tw/wpfc-minified/1pa6d9is/73ws.css" "Mozilla/5.0 (Windows NT 10.0; Win64; x64) AppleWebKit/537.36 (KHTML, like Gecko) Chrome/144.0.0.0 Safari/537.36"
240e:95a:300:1:be06:333a:7cc8:c - - [22/Aug/2026:05:11:36 +0800] "GET /wp-content/themes/oceanwp/assets/js/ow-slider.min.js HTTP/1.1" 200 1761 "https://www.daes.ilc.edu.tw/category/c-100521/page/4/" "Mozilla/5.0 (Windows NT 10.0; Win64; x64) AppleWebKit/537.36 (KHTML, like Gecko) Chrome/144.0.0.0 Safari/537.36"
240e:95a:300:1:be06:333a:7cc8:c - - [22/Aug/2026:05:11:36 +0800] "GET /wp-content/themes/oceanwp/assets/js/scroll-effect.min.js HTTP/1.1" 200 4127 "https://www.daes.ilc.edu.tw/category/c-100521/page/4/" "Mozilla/5.0 (Windows NT 10.0; Win64; x64) AppleWebKit/537.36 (KHTML, like Gecko) Chrome/144.0.0.0 Safari/537.36"
240e:95a:300:1:be06:333a:7cc8:c - - [22/Aug/2026:05:11:36 +0800] "GET /wp-content/themes/oceanwp/assets/js/scroll-top.min.js HTTP/1.1" 200 3202 "https://www.daes.ilc.edu.tw/category/c-100521/page/4/" "Mozilla/5.0 (Windows NT 10.0; Win64; x64) AppleWebKit/537.36 (KHTML, like Gecko) Chrome/144.0.0.0 Safari/537.36"
240e:935:a04:5403:0:1111:0:3 - - [22/Aug/2026:05:11:36 +0800] "GET /wp-content/themes/oceanwp/assets/fonts/simple-line-icons/Simple-Line-Icons.woff2?v=2.4.0 HTTP/1.1" 200 30959 "https://www.cwjh.ilc.edu.tw/wp-content/cache/www.cwjh.ilc.edu.tw/wpfc-minified/dhutxct0/77dd.css" "Mozilla/5.0 (Windows NT 10.0; Win64; x64) AppleWebKit/537.36 (KHTML, like Gecko) Chrome/144.0.0.0 Safari/537.36"
34.231.77.232 - - [22/Aug/2026:05:11:36 +0800] "GET /wp-content/uploads/sites/2824/2025/04/?C=D;O%3DA HTTP/1.1" 200 1113 "-" "Mozilla/5.0 AppleWebKit/537.36 (KHTML, like Gecko; compatible; Amazonbot/0.1; +https://developer.amazon.com/support/amazonbot) Chrome/119.0.6045.214 Safari/537.36"
57.165.213.79 - - [22/Aug/2026:05:11:36 +0800] "GET /blog/gallery/6489/6489-2835519.docx HTTP/1.1" 301 1103 "-" "Mozilla/5.0 (Windows NT 10.0; Win64; x64) AppleWebKit/537.36 (KHTML, like Gecko) Chrome/89.0.4389.82 Safari/537.36 Edg/89.0.774.48"
240e:95a:300:1:be06:333a:7cc8:c - - [22/Aug/2026:05:11:36 +0800] "GET /wp-content/themes/oceanwp/assets/js/select.min.js HTTP/1.1" 200 2408 "https://www.daes.ilc.edu.tw/category/c-100521/page/4/" "Mozilla/5.0 (Windows NT 10.0; Win64; x64) AppleWebKit/537.36 (KHTML, like Gecko) Chrome/144.0.0.0 Safari/537.36"
240e:95a:300:1:be06:333a:7cc8:c - - [22/Aug/2026:05:11:36 +0800] "GET /wp-content/plugins/ocean-extra/includes/widgets/js/flickr.min.js HTTP/1.1" 200 1319 "https://www.daes.ilc.edu.tw/category/c-100521/page/4/" "Mozilla/5.0 (Windows NT 10.0; Win64; x64) AppleWebKit/537.36 (KHTML, like Gecko) Chrome/144.0.0.0 Safari/537.36"
240e:95a:300:1:be06:333a:7cc8:c - - [22/Aug/2026:05:11:37 +0800] "GET /wp-content/uploads/sites/1603/2020/04/%E6%9D%B1%E6%BE%B3.png HTTP/1.1" 200 5454 "https://www.daes.ilc.edu.tw/category/c-100521/page/4/" "Mozilla/5.0 (Windows NT 10.0; Win64; x64) AppleWebKit/537.36 (KHTML, like Gecko) Chrome/144.0.0.0 Safari/537.36"
57.165.213.79 - - [22/Aug/2026:05:11:37 +0800] "GET /blog/gallery/6489/6489-2835519.docx HTTP/1.1" 404 25284 "-" "Mozilla/5.0 (Windows NT 10.0; Win64; x64) AppleWebKit/537.36 (KHTML, like Gecko) Chrome/89.0.4389.82 Safari/537.36 Edg/89.0.774.48"
216.73.216.20 - - [22/Aug/2026:05:11:37 +0800] "GET /robots.txt HTTP/1.1" 200 5546 "-" "Mozilla/5.0 AppleWebKit/537.36 (KHTML, like Gecko; compatible; ClaudeBot/1.0; +claudebot@anthropic.com)"
2001:288:a201::66:125 - - [22/Aug/2026:05:11:38 +0800] "GET /blog/active.php HTTP/1.1" 301 1026 "-" "-"
2001:288:a201::66:125 - - [22/Aug/2026:05:11:38 +0800] "GET /blog/active.php HTTP/1.1" 404 1084 "-" "-"
240e:332:1217:2700:ded8:7cff:fe27:30e3 - - [22/Aug/2026:05:11:38 +0800] "-" 408 4802 "-" "-"
216.73.216.20 - - [22/Aug/2026:05:11:38 +0800] "GET /2016/12/12/105-12-02-%e5%b1%b1%e9%87%8e%e6%95%99%e8%82%b2-%e7%a4%81%e6%ba%aa%e9%b4%bb%e4%bb%94%e5%b1%b1/ HTTP/1.1" 200 15824 "-" "Mozilla/5.0 AppleWebKit/537.36 (KHTML, like Gecko; compatible; ClaudeBot/1.0; +claudebot@anthropic.com)"
140.111.67.10 - - [22/Aug/2026:05:11:38 +0800] "GET /" 301 273 "-" "-"
67.202.60.192 - - [22/Aug/2026:05:11:38 +0800] "GET /6516/category/uncategorized/feed/ HTTP/1.1" 200 9545 "https://www.google.com/" "Mozilla/5.0 (Macintosh; Intel Mac OS X 10_12_6) AppleWebKit/537.36 (KHTML, like Gecko) Chrome/80.0.3987.132 Safari/537.36"
216.73.216.20 - - [22/Aug/2026:05:11:38 +0800] "GET /2022/06/16/111-06-16-%e6%a0%a1%e5%9c%92%e7%a2%ba%e8%a8%ba%e4%ba%ba%e6%95%b8%e7%b5%b1%e8%a8%88/ HTTP/1.1" 200 15429 "-" "Mozilla/5.0 AppleWebKit/537.36 (KHTML, like Gecko; compatible; ClaudeBot/1.0; +claudebot@anthropic.com)"
17.241.219.7 - - [22/Aug/2026:05:11:38 +0800] "GET /category/c-8683/feed/ HTTP/1.1" 200 6413 "-" "Mozilla/5.0 (Macintosh; Intel Mac OS X 10_15_7) AppleWebKit/605.1.15 (KHTML, like Gecko) Version/17.4 Safari/605.1.15 (Applebot/0.1; +http://www.apple.com/go/applebot)"
216.73.216.20 - - [22/Aug/2026:05:11:38 +0800] "GET /2022/06/20/111-06-20-%e6%a0%a1%e5%9c%92%e7%a2%ba%e8%a8%ba%e4%ba%ba%e6%95%b8%e7%b5%b1%e8%a8%88/ HTTP/1.1" 200 15162 "-" "Mozilla/5.0 AppleWebKit/537.36 (KHTML, like Gecko; compatible; ClaudeBot/1.0; +claudebot@anthropic.com)"
216.73.216.20 - - [22/Aug/2026:05:11:39 +0800] "GET /2022/06/13/111-06-13-%e6%a0%a1%e5%9c%92%e7%a2%ba%e8%a8%ba%e4%ba%ba%e6%95%b8%e7%b5%b1%e8%a8%88/ HTTP/1.1" 200 15426 "-" "Mozilla/5.0 AppleWebKit/537.36 (KHTML, like Gecko; compatible; ClaudeBot/1.0; +claudebot@anthropic.com)"
100.25.120.246 - - [22/Aug/2026:05:11:39 +0800] "GET /6554/wp-json/wp/v2/posts/%22https:/2blog.ilc.edu.tw/wp-content/uploads/sites/848/6554/6554-2219206.jpg/%22 HTTP/1.1" 404 6131 "-" "Mozilla/5.0 AppleWebKit/537.36 (KHTML, like Gecko; compatible; Amazonbot/0.1; +https://developer.amazon.com/support/amazonbot) Chrome/119.0.6045.214 Safari/537.36"
216.73.216.20 - - [22/Aug/2026:05:11:39 +0800] "GET /2022/06/30/111-06-30-%e6%a0%a1%e5%9c%92%e7%a2%ba%e8%a8%ba%e4%ba%ba%e6%95%b8%e7%b5%b1%e8%a8%88/ HTTP/1.1" 200 15201 "-" "Mozilla/5.0 AppleWebKit/537.36 (KHTML, like Gecko; compatible; ClaudeBot/1.0; +claudebot@anthropic.com)"
34.171.68.95 - - [22/Aug/2026:05:11:39 +0800] "GET /6538/2018/11/03/107-4-4-%E7%87%9F%E9%80%A0%E5%A4%9A%E6%A8%A3%E7%94%9F%E6%85%8B%E7%A9%BA%E9%96%93-%E8%A6%8F%E5%8A%83%E8%A8%AD%E7%BD%AE%E6%B0%B4%E5%BE%AA%E7%92%B0%E5%86%8D%E5%88%A9%E7%94%A8%E8%A8%AD%E6%96%BD/ HTTP/1.1" 200 16506 "-" "Mozilla/5.0 (Macintosh; Intel Mac OS X 10_15_7) AppleWebKit/537.36 (KHTML, like Gecko) Chrome/120.0.0.0 Safari/537.36"
216.73.216.20 - - [22/Aug/2026:05:11:39 +0800] "GET /2024/02/02/%e5%90%84%e8%99%95%e5%ae%a4%e8%b3%87%e6%96%99-%e7%b8%bd%e5%8b%99%e8%99%95/ HTTP/1.1" 200 15136 "-" "Mozilla/5.0 AppleWebKit/537.36 (KHTML, like Gecko; compatible; ClaudeBot/1.0; +claudebot@anthropic.com)"
216.73.216.20 - - [22/Aug/2026:05:11:39 +0800] "GET /2017/04/05/106%e5%b9%b4%e5%85%a8%e5%9c%8b%e9%81%8b%e5%8b%95%e6%9c%83-%e5%8f%a4%e5%bc%9f%e8%88%9e/ HTTP/1.1" 200 15529 "-" "Mozilla/5.0 AppleWebKit/537.36 (KHTML, like Gecko; compatible; ClaudeBot/1.0; +claudebot@anthropic.com)"
216.73.216.20 - - [22/Aug/2026:05:11:40 +0800] "GET /2011/05/27/%e8%87%aa%e6%b2%bb%e9%84%89%e9%81%b8%e8%88%89%e7%b5%90%e6%9e%9c/ HTTP/1.1" 200 15333 "-" "Mozilla/5.0 AppleWebKit/537.36 (KHTML, like Gecko; compatible; ClaudeBot/1.0; +claudebot@anthropic.com)"
35.174.253.85 - - [22/Aug/2026:05:11:40 +0800] "GET /wp-content/uploads/sites/847/6483/previews-med/6483-1883414.gif HTTP/1.1" 200 42803 "-" "Mozilla/5.0 AppleWebKit/537.36 (KHTML, like Gecko; compatible; Amazonbot/0.1; +https://developer.amazon.com/support/amazonbot) Chrome/119.0.6045.214 Safari/537.36"
::1 - - [22/Aug/2026:05:11:40 +0800] "OPTIONS * HTTP/1.0" 200 110 "-" "Apache/2.4.68 (Ubuntu) OpenSSL/3.0.19 (internal dummy connection)"
216.73.216.20 - - [22/Aug/2026:05:11:40 +0800] "GET /2012/05/21/5-19%e7%b1%83%e7%90%83%e9%9a%8a%e5%81%87%e6%97%a5%e9%9b%86%e8%a8%93/ HTTP/1.1" 200 15742 "-" "Mozilla/5.0 AppleWebKit/537.36 (KHTML, like Gecko; compatible; ClaudeBot/1.0; +claudebot@anthropic.com)"
44.217.255.167 - - [22/Aug/2026:05:11:40 +0800] "GET /kkes603/wp-content/uploads/sites/2892/2023/09/472147.jpg HTTP/1.1" 200 218187 "-" "Mozilla/5.0 AppleWebKit/537.36 (KHTML, like Gecko; compatible; Amazonbot/0.1; +https://developer.amazon.com/support/amazonbot) Chrome/119.0.6045.214 Safari/537.36"
108.79.24.237 - - [22/Aug/2026:05:11:40 +0800] "GET /3860/2017/08/ HTTP/1.1" 200 13073 "-" "Mozilla/5.0 (Macintosh; Intel Mac OS X 10.15; rv:128.0) Gecko/20100101 Firefox/128.0"
::1 - - [22/Aug/2026:05:11:41 +0800] "OPTIONS * HTTP/1.0" 200 110 "-" "Apache/2.4.68 (Ubuntu) OpenSSL/3.0.19 (internal dummy connection)"
::1 - - [22/Aug/2026:05:11:42 +0800] "OPTIONS * HTTP/1.0" 200 110 "-" "Apache/2.4.68 (Ubuntu) OpenSSL/3.0.19 (internal dummy connection)"
34.42.229.145 - - [22/Aug/2026:05:11:42 +0800] "GET /wp-json/oembed/1.0/embed?format=xml&url=https://www.ytps.ilc.edu.tw/2020/07/27/20200725%25e6%25a0%25a1%25e5%258f%258b%25e7%259b%2583%25e4%25b8%2589%25e5%25b0%258d%25e4%25b8%2589%25e7%25b1%2583%25e7%2590%2583%25e8%25b3%25bd/dsc_3507/ HTTP/1.1" 200 7235 "-" "Mozilla/5.0 (Macintosh; Intel Mac OS X 10_15_7) AppleWebKit/537.36 (KHTML, like Gecko) Chrome/120.0.0.0 Safari/537.36"
2409:8a55:936c:b0e0:32a6:12ff:fe0d:b2a3 - - [22/Aug/2026:05:11:42 +0800] "GET /wp-content/uploads/sites/1148/2026/08/cropped-%E6%A0%A1%E5%BE%BD-609x1024-1-32x32.png HTTP/1.1" 200 2560 "https://www.najh.ilc.edu.tw/2024/03/06/" "Mozilla/5.0 (Windows NT 10.0; Win64; x64) AppleWebKit/537.36 (KHTML, like Gecko) Chrome/144.0.0.0 Safari/537.36"
2408:8262:5494:2681:64d0:a92f:ec56:fbec - - [22/Aug/2026:05:11:42 +0800] "GET /wp-includes/js/hoverintent-js.min.js HTTP/1.1" 200 6392 "https://ilta.ilc.edu.tw/2019/11/" "Mozilla/5.0 (Windows NT 10.0; Win64; x64) AppleWebKit/537.36 (KHTML, like Gecko) Chrome/144.0.0.0 Safari/537.36"
2408:8262:5494:2681:64d0:a92f:ec56:fbec - - [22/Aug/2026:05:11:42 +0800] "GET /wp-content/cache/ilta.ilc.edu.tw/wpfc-minified/1qjpbzp9/6wvk.js HTTP/1.1" 200 40344 "https://ilta.ilc.edu.tw/2019/11/" "Mozilla/5.0 (Windows NT 10.0; Win64; x64) AppleWebKit/537.36 (KHTML, like Gecko) Chrome/144.0.0.0 Safari/537.36"
2408:8262:5494:2681:64d0:a92f:ec56:fbec - - [22/Aug/2026:05:11:42 +0800] "GET /wp-includes/js/admin-bar.min.js HTTP/1.1" 200 7032 "https://ilta.ilc.edu.tw/2019/11/" "Mozilla/5.0 (Windows NT 10.0; Win64; x64) AppleWebKit/537.36 (KHTML, like Gecko) Chrome/144.0.0.0 Safari/537.36"
2408:8262:5494:2681:64d0:a92f:ec56:fbec - - [22/Aug/2026:05:11:42 +0800] "GET /wp-includes/js/imagesloaded.min.js HTTP/1.1" 200 7478 "https://ilta.ilc.edu.tw/2019/11/" "Mozilla/5.0 (Windows NT 10.0; Win64; x64) AppleWebKit/537.36 (KHTML, like Gecko) Chrome/144.0.0.0 Safari/537.36"
2408:8262:5494:2681:64d0:a92f:ec56:fbec - - [22/Aug/2026:05:11:43 +0800] "GET /wp-content/themes/oceanwp/assets/js/theme.min.js HTTP/1.1" 200 9925 "https://ilta.ilc.edu.tw/2019/11/" "Mozilla/5.0 (Windows NT 10.0; Win64; x64) AppleWebKit/537.36 (KHTML, like Gecko) Chrome/144.0.0.0 Safari/537.36"
2001:288:a201::66:125 - - [22/Aug/2026:05:11:43 +0800] "GET /blog/active.php HTTP/1.1" 301 1026 "-" "-"
2001:288:a201::66:125 - - [22/Aug/2026:05:11:43 +0800] "GET /blog/active.php HTTP/1.1" 404 1084 "-" "-"
140.111.67.10 - - [22/Aug/2026:05:11:43 +0800] "GET /" 301 273 "-" "-"
2408:8262:5494:2681:64d0:a92f:ec56:fbec - - [22/Aug/2026:05:11:43 +0800] "GET /wp-content/themes/oceanwp/assets/js/drop-down-search.min.js HTTP/1.1" 200 2968 "https://ilta.ilc.edu.tw/2019/11/" "Mozilla/5.0 (Windows NT 10.0; Win64; x64) AppleWebKit/537.36 (KHTML, like Gecko) Chrome/144.0.0.0 Safari/537.36"
2408:8262:5494:2681:64d0:a92f:ec56:fbec - - [22/Aug/2026:05:11:43 +0800] "GET /wp-content/themes/oceanwp/assets/js/vendors/magnific-popup.min.js HTTP/1.1" 200 8270 "https://ilta.ilc.edu.tw/2019/11/" "Mozilla/5.0 (Windows NT 10.0; Win64; x64) AppleWebKit/537.36 (KHTML, like Gecko) Chrome/144.0.0.0 Safari/537.36"
2408:8262:5494:2681:64d0:a92f:ec56:fbec - - [22/Aug/2026:05:11:43 +0800] "GET /wp-content/themes/oceanwp/assets/js/ow-lightbox.min.js HTTP/1.1" 200 2321 "https://ilta.ilc.edu.tw/2019/11/" "Mozilla/5.0 (Windows NT 10.0; Win64; x64) AppleWebKit/537.36 (KHTML, like Gecko) Chrome/144.0.0.0 Safari/537.36"
::1 - - [22/Aug/2026:05:11:43 +0800] "OPTIONS * HTTP/1.0" 200 110 "-" "Apache/2.4.68 (Ubuntu) OpenSSL/3.0.19 (internal dummy connection)"
2408:8262:5494:2681:64d0:a92f:ec56:fbec - - [22/Aug/2026:05:11:43 +0800] "GET /wp-content/themes/oceanwp/assets/js/vendors/flickity.pkgd.min.js HTTP/1.1" 200 15048 "https://ilta.ilc.edu.tw/2019/11/" "Mozilla/5.0 (Windows NT 10.0; Win64; x64) AppleWebKit/537.36 (KHTML, like Gecko) Chrome/144.0.0.0 Safari/537.36"
2408:8262:5494:2681:64d0:a92f:ec56:fbec - - [22/Aug/2026:05:11:43 +0800] "GET /wp-content/themes/oceanwp/assets/js/scroll-effect.min.js HTTP/1.1" 200 4127 "https://ilta.ilc.edu.tw/2019/11/" "Mozilla/5.0 (Windows NT 10.0; Win64; x64) AppleWebKit/537.36 (KHTML, like Gecko) Chrome/144.0.0.0 Safari/537.36"
2408:8262:5494:2681:64d0:a92f:ec56:fbec - - [22/Aug/2026:05:11:43 +0800] "GET /wp-content/themes/oceanwp/assets/js/scroll-top.min.js HTTP/1.1" 200 3202 "https://ilta.ilc.edu.tw/2019/11/" "Mozilla/5.0 (Windows NT 10.0; Win64; x64) AppleWebKit/537.36 (KHTML, like Gecko) Chrome/144.0.0.0 Safari/537.36"
2408:8262:5494:2681:64d0:a92f:ec56:fbec - - [22/Aug/2026:05:11:43 +0800] "GET /wp-content/themes/oceanwp/assets/js/select.min.js HTTP/1.1" 200 2408 "https://ilta.ilc.edu.tw/2019/11/" "Mozilla/5.0 (Windows NT 10.0; Win64; x64) AppleWebKit/537.36 (KHTML, like Gecko) Chrome/144.0.0.0 Safari/537.36"
2408:8262:5494:2681:64d0:a92f:ec56:fbec - - [22/Aug/2026:05:11:43 +0800] "GET /wp-content/plugins/ocean-extra/includes/widgets/js/flickr.min.js HTTP/1.1" 200 1319 "https://ilta.ilc.edu.tw/2019/11/" "Mozilla/5.0 (Windows NT 10.0; Win64; x64) AppleWebKit/537.36 (KHTML, like Gecko) Chrome/144.0.0.0 Safari/537.36"
2408:8262:5494:2681:64d0:a92f:ec56:fbec - - [22/Aug/2026:05:11:43 +0800] "GET /wp-content/themes/oceanwp/assets/fonts/fontawesome/webfonts/fa-solid-900.woff2 HTTP/1.1" 200 151246 "https://ilta.ilc.edu.tw/wp-content/cache/ilta.ilc.edu.tw/wpfc-minified/7vo8n6iy/6wvk.css" "Mozilla/5.0 (Windows NT 10.0; Win64; x64) AppleWebKit/537.36 (KHTML, like Gecko) Chrome/144.0.0.0 Safari/537.36"
2409:8c28:c05:16::135 - - [22/Aug/2026:05:11:44 +0800] "GET /2011/06/29/ HTTP/1.1" 200 15993 "-" "Mozilla/5.0 (Windows NT 10.0; Win64; x64) AppleWebKit/537.36 (KHTML, like Gecko) Chrome/144.0.0.0 Safari/537.36"
50.16.72.185 - - [22/Aug/2026:05:11:44 +0800] "GET /wp-content/uploads/sites/1138/2024/02/ HTTP/1.1" 200 1113 "-" "Mozilla/5.0 AppleWebKit/537.36 (KHTML, like Gecko; compatible; Amazonbot/0.1; +https://developer.amazon.com/support/amazonbot) Chrome/119.0.6045.214 Safari/537.36"
::1 - - [22/Aug/2026:05:11:44 +0800] "OPTIONS * HTTP/1.0" 200 110 "-" "Apache/2.4.68 (Ubuntu) OpenSSL/3.0.19 (internal dummy connection)"
2409:8c28:c05:16::135 - - [22/Aug/2026:05:11:44 +0800] "GET /wp-content/cache/ilta.ilc.edu.tw/wpfc-minified/30cml7nx/6wvk.css HTTP/1.1" 200 40877 "https://ilta.ilc.edu.tw/2011/06/29/" "Mozilla/5.0 (Windows NT 10.0; Win64; x64) AppleWebKit/537.36 (KHTML, like Gecko) Chrome/144.0.0.0 Safari/537.36"
2409:8c28:c05:16::135 - - [22/Aug/2026:05:11:44 +0800] "GET /wp-content/cache/ilta.ilc.edu.tw/wpfc-minified/l07fx5lw/6wvk.css HTTP/1.1" 200 16121 "https://ilta.ilc.edu.tw/2011/06/29/" "Mozilla/5.0 (Windows NT 10.0; Win64; x64) AppleWebKit/537.36 (KHTML, like Gecko) Chrome/144.0.0.0 Safari/537.36"
2409:8c28:c05:16::135 - - [22/Aug/2026:05:11:44 +0800] "GET /wp-content/cache/ilta.ilc.edu.tw/wpfc-minified/qm0ohmet/6wvk.css HTTP/1.1" 200 1496 "https://ilta.ilc.edu.tw/2011/06/29/" "Mozilla/5.0 (Windows NT 10.0; Win64; x64) AppleWebKit/537.36 (KHTML, like Gecko) Chrome/144.0.0.0 Safari/537.36"
2409:8c28:c05:16::135 - - [22/Aug/2026:05:11:44 +0800] "GET /wp-content/cache/ilta.ilc.edu.tw/wpfc-minified/1qjpbzp9/6wvk.js HTTP/1.1" 200 40344 "https://ilta.ilc.edu.tw/2011/06/29/" "Mozilla/5.0 (Windows NT 10.0; Win64; x64) AppleWebKit/537.36 (KHTML, like Gecko) Chrome/144.0.0.0 Safari/537.36"
2409:8c28:c05:16::135 - - [22/Aug/2026:05:11:44 +0800] "GET /wp-content/cache/ilta.ilc.edu.tw/wpfc-minified/7vo8n6iy/6wvk.css HTTP/1.1" 200 65503 "https://ilta.ilc.edu.tw/2011/06/29/" "Mozilla/5.0 (Windows NT 10.0; Win64; x64) AppleWebKit/537.36 (KHTML, like Gecko) Chrome/144.0.0.0 Safari/537.36"
2409:8c28:c05:16::135 - - [22/Aug/2026:05:11:44 +0800] "GET /wp-includes/js/hoverintent-js.min.js HTTP/1.1" 200 6392 "https://ilta.ilc.edu.tw/2011/06/29/" "Mozilla/5.0 (Windows NT 10.0; Win64; x64) AppleWebKit/537.36 (KHTML, like Gecko) Chrome/144.0.0.0 Safari/537.36"
2409:8c28:c05:16::135 - - [22/Aug/2026:05:11:44 +0800] "GET /wp-includes/js/admin-bar.min.js HTTP/1.1" 200 2237 "https://ilta.ilc.edu.tw/2011/06/29/" "Mozilla/5.0 (Windows NT 10.0; Win64; x64) AppleWebKit/537.36 (KHTML, like Gecko) Chrome/144.0.0.0 Safari/537.36"
2409:8c28:c05:16::135 - - [22/Aug/2026:05:11:44 +0800] "GET /wp-includes/js/imagesloaded.min.js HTTP/1.1" 200 2683 "https://ilta.ilc.edu.tw/2011/06/29/" "Mozilla/5.0 (Windows NT 10.0; Win64; x64) AppleWebKit/537.36 (KHTML, like Gecko) Chrome/144.0.0.0 Safari/537.36"
2409:8c28:c05:16::135 - - [22/Aug/2026:05:11:45 +0800] "GET /wp-content/themes/oceanwp/assets/js/theme.min.js HTTP/1.1" 200 5130 "https://ilta.ilc.edu.tw/2011/06/29/" "Mozilla/5.0 (Windows NT 10.0; Win64; x64) AppleWebKit/537.36 (KHTML, like Gecko) Chrome/144.0.0.0 Safari/537.36"
2409:8c28:c05:16::135 - - [22/Aug/2026:05:11:45 +0800] "GET /wp-content/themes/oceanwp/assets/js/drop-down-mobile-menu.min.js HTTP/1.1" 200 4663 "https://ilta.ilc.edu.tw/2011/06/29/" "Mozilla/5.0 (Windows NT 10.0; Win64; x64) AppleWebKit/537.36 (KHTML, like Gecko) Chrome/144.0.0.0 Safari/537.36"
2408:8262:5494:2681:64d0:a92f:ec56:fbec - - [22/Aug/2026:05:11:45 +0800] "GET /favicon.ico HTTP/1.1" 302 1054 "https://ilta.ilc.edu.tw/2019/11/" "Mozilla/5.0 (Windows NT 10.0; Win64; x64) AppleWebKit/537.36 (KHTML, like Gecko) Chrome/144.0.0.0 Safari/537.36"
2409:8c28:c05:16::135 - - [22/Aug/2026:05:11:45 +0800] "GET /wp-content/themes/oceanwp/assets/js/drop-down-search.min.js HTTP/1.1" 200 2968 "https://ilta.ilc.edu.tw/2011/06/29/" "Mozilla/5.0 (Windows NT 10.0; Win64; x64) AppleWebKit/537.36 (KHTML, like Gecko) Chrome/144.0.0.0 Safari/537.36"
2409:8c28:c05:16::135 - - [22/Aug/2026:05:11:45 +0800] "GET /wp-content/themes/oceanwp/assets/js/vendors/magnific-popup.min.js HTTP/1.1" 200 8270 "https://ilta.ilc.edu.tw/2011/06/29/" "Mozilla/5.0 (Windows NT 10.0; Win64; x64) AppleWebKit/537.36 (KHTML, like Gecko) Chrome/144.0.0.0 Safari/537.36"
2409:8c28:c05:16::135 - - [22/Aug/2026:05:11:45 +0800] "GET /wp-content/themes/oceanwp/assets/js/ow-lightbox.min.js HTTP/1.1" 200 2321 "https://ilta.ilc.edu.tw/2011/06/29/" "Mozilla/5.0 (Windows NT 10.0; Win64; x64) AppleWebKit/537.36 (KHTML, like Gecko) Chrome/144.0.0.0 Safari/537.36"
2409:8c28:c05:16::135 - - [22/Aug/2026:05:11:45 +0800] "GET /wp-content/themes/oceanwp/assets/js/vendors/flickity.pkgd.min.js HTTP/1.1" 200 15048 "https://ilta.ilc.edu.tw/2011/06/29/" "Mozilla/5.0 (Windows NT 10.0; Win64; x64) AppleWebKit/537.36 (KHTML, like Gecko) Chrome/144.0.0.0 Safari/537.36"
2409:8c28:c05:16::135 - - [22/Aug/2026:05:11:45 +0800] "GET /wp-content/themes/oceanwp/assets/js/ow-slider.min.js HTTP/1.1" 200 1761 "https://ilta.ilc.edu.tw/2011/06/29/" "Mozilla/5.0 (Windows NT 10.0; Win64; x64) AppleWebKit/537.36 (KHTML, like Gecko) Chrome/144.0.0.0 Safari/537.36"
2409:8c28:c05:16::135 - - [22/Aug/2026:05:11:45 +0800] "GET /wp-content/themes/oceanwp/assets/js/scroll-effect.min.js HTTP/1.1" 200 4127 "https://ilta.ilc.edu.tw/2011/06/29/" "Mozilla/5.0 (Windows NT 10.0; Win64; x64) AppleWebKit/537.36 (KHTML, like Gecko) Chrome/144.0.0.0 Safari/537.36"
2409:8c28:c05:16::135 - - [22/Aug/2026:05:11:45 +0800] "GET /wp-content/themes/oceanwp/assets/js/scroll-top.min.js HTTP/1.1" 200 3202 "https://ilta.ilc.edu.tw/2011/06/29/" "Mozilla/5.0 (Windows NT 10.0; Win64; x64) AppleWebKit/537.36 (KHTML, like Gecko) Chrome/144.0.0.0 Safari/537.36"
2409:8c28:c05:16::135 - - [22/Aug/2026:05:11:45 +0800] "GET /wp-content/themes/oceanwp/assets/js/select.min.js HTTP/1.1" 200 2408 "https://ilta.ilc.edu.tw/2011/06/29/" "Mozilla/5.0 (Windows NT 10.0; Win64; x64) AppleWebKit/537.36 (KHTML, like Gecko) Chrome/144.0.0.0 Safari/537.36"
