[Sat Aug 22 00:24:41.930773 2026] [socache_shmcb:debug] [pid 593559:tid 593559] mod_socache_shmcb.c(863): AH00848: finished insert, subcache: idx_pos/idx_used=25/48, data_pos/data_used=11228/10718
[Sat Aug 22 00:24:41.930784 2026] [socache_shmcb:debug] [pid 593559:tid 593559] mod_socache_shmcb.c(530): AH00834: leaving socache_shmcb_store successfully
[Sat Aug 22 00:24:41.930902 2026] [ssl:debug] [pid 593559:tid 593559] ssl_engine_kernel.c(254): [client 2407:4b00:4c0a:80e7:f573:64ab:86d:ba60:57969] AH02034: Initial (No.1) HTTPS request received for child 11 (server www.csjh.ilc.edu.tw:443), referer: https://www.csjh.ilc.edu.tw/
[Sat Aug 22 00:24:41.931578 2026] [authz_core:debug] [pid 593559:tid 593559] mod_authz_core.c(815): [client 2407:4b00:4c0a:80e7:f573:64ab:86d:ba60:57969] AH01626: authorization result of Require all granted: granted, referer: https://www.csjh.ilc.edu.tw/
[Sat Aug 22 00:24:41.931585 2026] [authz_core:debug] [pid 593559:tid 593559] mod_authz_core.c(815): [client 2407:4b00:4c0a:80e7:f573:64ab:86d:ba60:57969] AH01626: authorization result of : granted, referer: https://www.csjh.ilc.edu.tw/
[Sat Aug 22 00:24:41.931867 2026] [deflate:debug] [pid 593559:tid 593559] mod_deflate.c(909): [client 2407:4b00:4c0a:80e7:f573:64ab:86d:ba60:57969] AH01384: Zlib: Compressed 486 to 267 : URL /wp-content/cache/www.csjh.ilc.edu.tw/wpfc-minified/6wb17dsj/7160.css, referer: https://www.csjh.ilc.edu.tw/
[Sat Aug 22 00:24:41.933132 2026] [ssl:debug] [pid 593607:tid 593607] ssl_engine_kernel.c(2082): [client 2407:4b00:4c0a:80e7:f573:64ab:86d:ba60:57971] AH02041: Protocol: TLSv1.3, Cipher: TLS_AES_256_GCM_SHA384 (256/256 bits)
[Sat Aug 22 00:24:41.933164 2026] [socache_shmcb:debug] [pid 593607:tid 593607] mod_socache_shmcb.c(508): AH00831: socache_shmcb_store (0x0b -> subcache 11)
[Sat Aug 22 00:24:41.933169 2026] [socache_shmcb:debug] [pid 593607:tid 593607] mod_socache_shmcb.c(798): AH00845: about to force-expire, subcache: idx_used=62, data_used=13817
[Sat Aug 22 00:24:41.933172 2026] [socache_shmcb:debug] [pid 593607:tid 593607] mod_socache_shmcb.c(824): AH00846: finished force-expire, subcache: idx_used=61, data_used=13601
[Sat Aug 22 00:24:41.933174 2026] [socache_shmcb:debug] [pid 593607:tid 593607] mod_socache_shmcb.c(860): AH00847: insert happened at idx=83, data=(10294:10326)
[Sat Aug 22 00:24:41.933176 2026] [socache_shmcb:debug] [pid 593607:tid 593607] mod_socache_shmcb.c(863): AH00848: finished insert, subcache: idx_pos/idx_used=22/62, data_pos/data_used=10557/13830
[Sat Aug 22 00:24:41.933178 2026] [socache_shmcb:debug] [pid 593607:tid 593607] mod_socache_shmcb.c(530): AH00834: leaving socache_shmcb_store successfully
[Sat Aug 22 00:24:41.933225 2026] [socache_shmcb:debug] [pid 593607:tid 593607] mod_socache_shmcb.c(508): AH00831: socache_shmcb_store (0xf9 -> subcache 25)
[Sat Aug 22 00:24:41.933230 2026] [socache_shmcb:debug] [pid 593607:tid 593607] mod_socache_shmcb.c(860): AH00847: insert happened at idx=77, data=(8950:8982)
[Sat Aug 22 00:24:41.933232 2026] [socache_shmcb:debug] [pid 593607:tid 593607] mod_socache_shmcb.c(863): AH00848: finished insert, subcache: idx_pos/idx_used=29/49, data_pos/data_used=12123/10919
[Sat Aug 22 00:24:41.933234 2026] [socache_shmcb:debug] [pid 593607:tid 593607] mod_socache_shmcb.c(530): AH00834: leaving socache_shmcb_store successfully
[Sat Aug 22 00:24:41.934829 2026] [ssl:debug] [pid 593628:tid 593628] ssl_engine_kernel.c(2082): [client 2407:4b00:4c0a:80e7:f573:64ab:86d:ba60:57972] AH02041: Protocol: TLSv1.3, Cipher: TLS_AES_256_GCM_SHA384 (256/256 bits)
[Sat Aug 22 00:24:41.934854 2026] [socache_shmcb:debug] [pid 593628:tid 593628] mod_socache_shmcb.c(508): AH00831: socache_shmcb_store (0x90 -> subcache 16)
[Sat Aug 22 00:24:41.934861 2026] [socache_shmcb:debug] [pid 593628:tid 593628] mod_socache_shmcb.c(860): AH00847: insert happened at idx=73, data=(8082:8114)
[Sat Aug 22 00:24:41.934864 2026] [socache_shmcb:debug] [pid 593628:tid 593628] mod_socache_shmcb.c(863): AH00848: finished insert, subcache: idx_pos/idx_used=25/49, data_pos/data_used=11228/10947
[Sat Aug 22 00:24:41.934866 2026] [socache_shmcb:debug] [pid 593628:tid 593628] mod_socache_shmcb.c(530): AH00834: leaving socache_shmcb_store successfully
[Sat Aug 22 00:24:41.934920 2026] [socache_shmcb:debug] [pid 593628:tid 593628] mod_socache_shmcb.c(508): AH00831: socache_shmcb_store (0xf4 -> subcache 20)
[Sat Aug 22 00:24:41.934926 2026] [socache_shmcb:debug] [pid 593628:tid 593628] mod_socache_shmcb.c(798): AH00845: about to force-expire, subcache: idx_used=62, data_used=13787
[Sat Aug 22 00:24:41.934929 2026] [socache_shmcb:debug] [pid 593628:tid 593628] mod_socache_shmcb.c(824): AH00846: finished force-expire, subcache: idx_used=61, data_used=13559
[Sat Aug 22 00:24:41.934933 2026] [socache_shmcb:debug] [pid 593628:tid 593628] mod_socache_shmcb.c(860): AH00847: insert happened at idx=16, data=(1168:1200)
[Sat Aug 22 00:24:41.934930 2026] [ssl:debug] [pid 593607:tid 593607] ssl_engine_kernel.c(254): [client 2407:4b00:4c0a:80e7:f573:64ab:86d:ba60:57971] AH02034: Initial (No.1) HTTPS request received for child 13 (server www.csjh.ilc.edu.tw:443), referer: https://www.csjh.ilc.edu.tw/
[Sat Aug 22 00:24:41.934935 2026] [socache_shmcb:debug] [pid 593628:tid 593628] mod_socache_shmcb.c(863): AH00848: finished insert, subcache: idx_pos/idx_used=43/62, data_pos/data_used=1473/13787
[Sat Aug 22 00:24:41.934941 2026] [socache_shmcb:debug] [pid 593628:tid 593628] mod_socache_shmcb.c(530): AH00834: leaving socache_shmcb_store successfully
[Sat Aug 22 00:24:41.935294 2026] [deflate:debug] [pid 593699:tid 593699] mod_deflate.c(909): [client 2407:4b00:4c0a:80e7:f573:64ab:86d:ba60:57970] AH01384: Zlib: Compressed 295744 to 52668 : URL /wp-content/cache/www.csjh.ilc.edu.tw/wpfc-minified/1z16c07/7160.css, referer: https://www.csjh.ilc.edu.tw/
[Sat Aug 22 00:24:41.935309 2026] [ssl:debug] [pid 593628:tid 593628] ssl_engine_kernel.c(254): [client 2407:4b00:4c0a:80e7:f573:64ab:86d:ba60:57972] AH02034: Initial (No.1) HTTPS request received for child 4 (server www.csjh.ilc.edu.tw:443), referer: https://www.csjh.ilc.edu.tw/
[Sat Aug 22 00:24:41.935358 2026] [authz_core:debug] [pid 593607:tid 593607] mod_authz_core.c(815): [client 2407:4b00:4c0a:80e7:f573:64ab:86d:ba60:57971] AH01626: authorization result of Require all granted: granted, referer: https://www.csjh.ilc.edu.tw/
[Sat Aug 22 00:24:41.935365 2026] [authz_core:debug] [pid 593607:tid 593607] mod_authz_core.c(815): [client 2407:4b00:4c0a:80e7:f573:64ab:86d:ba60:57971] AH01626: authorization result of : granted, referer: https://www.csjh.ilc.edu.tw/
[Sat Aug 22 00:24:41.936099 2026] [authz_core:debug] [pid 593628:tid 593628] mod_authz_core.c(815): [client 2407:4b00:4c0a:80e7:f573:64ab:86d:ba60:57972] AH01626: authorization result of Require all granted: granted, referer: https://www.csjh.ilc.edu.tw/
[Sat Aug 22 00:24:41.936105 2026] [authz_core:debug] [pid 593628:tid 593628] mod_authz_core.c(815): [client 2407:4b00:4c0a:80e7:f573:64ab:86d:ba60:57972] AH01626: authorization result of : granted, referer: https://www.csjh.ilc.edu.tw/
[Sat Aug 22 00:24:41.936403 2026] [deflate:debug] [pid 593628:tid 593628] mod_deflate.c(909): [client 2407:4b00:4c0a:80e7:f573:64ab:86d:ba60:57972] AH01384: Zlib: Compressed 1174 to 379 : URL /wp-content/uploads/sites/980/elementor/css/post-2127.css, referer: https://www.csjh.ilc.edu.tw/
[Sat Aug 22 00:24:41.940069 2026] [deflate:debug] [pid 593607:tid 593607] mod_deflate.c(909): [client 2407:4b00:4c0a:80e7:f573:64ab:86d:ba60:57971] AH01384: Zlib: Compressed 239444 to 33075 : URL /wp-content/cache/www.csjh.ilc.edu.tw/wpfc-minified/lnsd0whl/7160.css, referer: https://www.csjh.ilc.edu.tw/
[Sat Aug 22 00:24:41.976346 2026] [ssl:debug] [pid 593698:tid 593698] ssl_engine_kernel.c(254): [client 2407:4b00:4c0a:80e7:f573:64ab:86d:ba60:57967] AH02034: Subsequent (No.4) HTTPS request received for child 31 (server www.csjh.ilc.edu.tw:443), referer: https://www.csjh.ilc.edu.tw/
[Sat Aug 22 00:24:41.977014 2026] [authz_core:debug] [pid 593698:tid 593698] mod_authz_core.c(815): [client 2407:4b00:4c0a:80e7:f573:64ab:86d:ba60:57967] AH01626: authorization result of Require all granted: granted, referer: https://www.csjh.ilc.edu.tw/
[Sat Aug 22 00:24:41.977035 2026] [authz_core:debug] [pid 593698:tid 593698] mod_authz_core.c(815): [client 2407:4b00:4c0a:80e7:f573:64ab:86d:ba60:57967] AH01626: authorization result of : granted, referer: https://www.csjh.ilc.edu.tw/
[Sat Aug 22 00:24:41.977954 2026] [deflate:debug] [pid 593698:tid 593698] mod_deflate.c(909): [client 2407:4b00:4c0a:80e7:f573:64ab:86d:ba60:57967] AH01384: Zlib: Compressed 15187 to 4268 : URL /wp-content/cache/www.csjh.ilc.edu.tw/wpfc-minified/1rmg42b/7161.js, referer: https://www.csjh.ilc.edu.tw/
[Sat Aug 22 00:24:42.002406 2026] [ssl:debug] [pid 593559:tid 593559] ssl_engine_kernel.c(254): [client 2407:4b00:4c0a:80e7:f573:64ab:86d:ba60:57969] AH02034: Subsequent (No.2) HTTPS request received for child 11 (server www.csjh.ilc.edu.tw:443), referer: https://www.csjh.ilc.edu.tw/
[Sat Aug 22 00:24:42.003222 2026] [authz_core:debug] [pid 593559:tid 593559] mod_authz_core.c(815): [client 2407:4b00:4c0a:80e7:f573:64ab:86d:ba60:57969] AH01626: authorization result of Require all granted: granted, referer: https://www.csjh.ilc.edu.tw/
[Sat Aug 22 00:24:42.003231 2026] [authz_core:debug] [pid 593559:tid 593559] mod_authz_core.c(815): [client 2407:4b00:4c0a:80e7:f573:64ab:86d:ba60:57969] AH01626: authorization result of : granted, referer: https://www.csjh.ilc.edu.tw/
[Sat Aug 22 00:24:42.008711 2026] [ssl:debug] [pid 593628:tid 593628] ssl_engine_kernel.c(254): [client 2407:4b00:4c0a:80e7:f573:64ab:86d:ba60:57972] AH02034: Subsequent (No.2) HTTPS request received for child 4 (server www.csjh.ilc.edu.tw:443), referer: https://www.csjh.ilc.edu.tw/
[Sat Aug 22 00:24:42.009172 2026] [authz_core:debug] [pid 593628:tid 593628] mod_authz_core.c(815): [client 2407:4b00:4c0a:80e7:f573:64ab:86d:ba60:57972] AH01626: authorization result of Require all granted: granted, referer: https://www.csjh.ilc.edu.tw/
[Sat Aug 22 00:24:42.009179 2026] [authz_core:debug] [pid 593628:tid 593628] mod_authz_core.c(815): [client 2407:4b00:4c0a:80e7:f573:64ab:86d:ba60:57972] AH01626: authorization result of : granted, referer: https://www.csjh.ilc.edu.tw/
[Sat Aug 22 00:24:42.009478 2026] [deflate:debug] [pid 593628:tid 593628] mod_deflate.c(909): [client 2407:4b00:4c0a:80e7:f573:64ab:86d:ba60:57972] AH01384: Zlib: Compressed 750 to 178 : URL /wp-content/uploads/sites/980/elementor/css/post-1985.css, referer: https://www.csjh.ilc.edu.tw/
[Sat Aug 22 00:24:42.046535 2026] [ssl:debug] [pid 593698:tid 593698] ssl_engine_kernel.c(254): [client 2407:4b00:4c0a:80e7:f573:64ab:86d:ba60:57967] AH02034: Subsequent (No.5) HTTPS request received for child 31 (server www.csjh.ilc.edu.tw:443), referer: https://www.csjh.ilc.edu.tw/
[Sat Aug 22 00:24:42.047019 2026] [authz_core:debug] [pid 593698:tid 593698] mod_authz_core.c(815): [client 2407:4b00:4c0a:80e7:f573:64ab:86d:ba60:57967] AH01626: authorization result of Require all granted: granted, referer: https://www.csjh.ilc.edu.tw/
[Sat Aug 22 00:24:42.047026 2026] [authz_core:debug] [pid 593698:tid 593698] mod_authz_core.c(815): [client 2407:4b00:4c0a:80e7:f573:64ab:86d:ba60:57967] AH01626: authorization result of : granted, referer: https://www.csjh.ilc.edu.tw/
[Sat Aug 22 00:24:42.047412 2026] [deflate:debug] [pid 593698:tid 593698] mod_deflate.c(909): [client 2407:4b00:4c0a:80e7:f573:64ab:86d:ba60:57967] AH01384: Zlib: Compressed 4037 to 484 : URL /wp-content/uploads/sites/980/elementor/css/post-3463.css, referer: https://www.csjh.ilc.edu.tw/
[Sat Aug 22 00:24:42.084583 2026] [ssl:debug] [pid 593628:tid 593628] ssl_engine_kernel.c(254): [client 2407:4b00:4c0a:80e7:f573:64ab:86d:ba60:57972] AH02034: Subsequent (No.3) HTTPS request received for child 4 (server www.csjh.ilc.edu.tw:443), referer: https://www.csjh.ilc.edu.tw/
[Sat Aug 22 00:24:42.084631 2026] [ssl:debug] [pid 593607:tid 593607] ssl_engine_kernel.c(254): [client 2407:4b00:4c0a:80e7:f573:64ab:86d:ba60:57971] AH02034: Subsequent (No.2) HTTPS request received for child 13 (server www.csjh.ilc.edu.tw:443), referer: https://www.csjh.ilc.edu.tw/
[Sat Aug 22 00:24:42.085195 2026] [authz_core:debug] [pid 593607:tid 593607] mod_authz_core.c(815): [client 2407:4b00:4c0a:80e7:f573:64ab:86d:ba60:57971] AH01626: authorization result of Require all granted: granted, referer: https://www.csjh.ilc.edu.tw/
[Sat Aug 22 00:24:42.085205 2026] [authz_core:debug] [pid 593607:tid 593607] mod_authz_core.c(815): [client 2407:4b00:4c0a:80e7:f573:64ab:86d:ba60:57971] AH01626: authorization result of : granted, referer: https://www.csjh.ilc.edu.tw/
[Sat Aug 22 00:24:42.085353 2026] [authz_core:debug] [pid 593628:tid 593628] mod_authz_core.c(815): [client 2407:4b00:4c0a:80e7:f573:64ab:86d:ba60:57972] AH01626: authorization result of Require all granted: granted, referer: https://www.csjh.ilc.edu.tw/
[Sat Aug 22 00:24:42.085364 2026] [authz_core:debug] [pid 593628:tid 593628] mod_authz_core.c(815): [client 2407:4b00:4c0a:80e7:f573:64ab:86d:ba60:57972] AH01626: authorization result of : granted, referer: https://www.csjh.ilc.edu.tw/
[Sat Aug 22 00:24:42.085907 2026] [deflate:debug] [pid 593628:tid 593628] mod_deflate.c(909): [client 2407:4b00:4c0a:80e7:f573:64ab:86d:ba60:57972] AH01384: Zlib: Compressed 106 to 73 : URL /wp-content/uploads/sites/980/elementor/css/post-618.css, referer: https://www.csjh.ilc.edu.tw/
[Sat Aug 22 00:24:42.085932 2026] [deflate:debug] [pid 593607:tid 593607] mod_deflate.c(909): [client 2407:4b00:4c0a:80e7:f573:64ab:86d:ba60:57971] AH01384: Zlib: Compressed 2912 to 322 : URL /wp-content/uploads/sites/980/elementor/css/post-323.css, referer: https://www.csjh.ilc.edu.tw/
[Sat Aug 22 00:24:42.117808 2026] [ssl:debug] [pid 593698:tid 593698] ssl_engine_kernel.c(254): [client 2407:4b00:4c0a:80e7:f573:64ab:86d:ba60:57967] AH02034: Subsequent (No.6) HTTPS request received for child 31 (server www.csjh.ilc.edu.tw:443), referer: https://www.csjh.ilc.edu.tw/
[Sat Aug 22 00:24:42.118793 2026] [authz_core:debug] [pid 593698:tid 593698] mod_authz_core.c(815): [client 2407:4b00:4c0a:80e7:f573:64ab:86d:ba60:57967] AH01626: authorization result of Require all granted: granted, referer: https://www.csjh.ilc.edu.tw/
[Sat Aug 22 00:24:42.118805 2026] [authz_core:debug] [pid 593698:tid 593698] mod_authz_core.c(815): [client 2407:4b00:4c0a:80e7:f573:64ab:86d:ba60:57967] AH01626: authorization result of : granted, referer: https://www.csjh.ilc.edu.tw/
[Sat Aug 22 00:24:42.119429 2026] [deflate:debug] [pid 593698:tid 593698] mod_deflate.c(909): [client 2407:4b00:4c0a:80e7:f573:64ab:86d:ba60:57967] AH01384: Zlib: Compressed 91 to 60 : URL /wp-content/uploads/sites/980/elementor/css/post-641.css, referer: https://www.csjh.ilc.edu.tw/
[Sat Aug 22 00:24:42.120793 2026] [ssl:debug] [pid 593711:tid 593711] ssl_engine_kernel.c(254): [client 2407:4b00:4c0a:80e7:f573:64ab:86d:ba60:57968] AH02034: Subsequent (No.2) HTTPS request received for child 12 (server www.csjh.ilc.edu.tw:443), referer: https://www.csjh.ilc.edu.tw/
[Sat Aug 22 00:24:42.121544 2026] [authz_core:debug] [pid 593711:tid 593711] mod_authz_core.c(815): [client 2407:4b00:4c0a:80e7:f573:64ab:86d:ba60:57968] AH01626: authorization result of Require all granted: granted, referer: https://www.csjh.ilc.edu.tw/
[Sat Aug 22 00:24:42.121552 2026] [authz_core:debug] [pid 593711:tid 593711] mod_authz_core.c(815): [client 2407:4b00:4c0a:80e7:f573:64ab:86d:ba60:57968] AH01626: authorization result of : granted, referer: https://www.csjh.ilc.edu.tw/
[Sat Aug 22 00:24:42.122115 2026] [deflate:debug] [pid 593711:tid 593711] mod_deflate.c(909): [client 2407:4b00:4c0a:80e7:f573:64ab:86d:ba60:57968] AH01384: Zlib: Compressed 388 to 171 : URL /wp-content/uploads/sites/980/elementor/css/post-622.css, referer: https://www.csjh.ilc.edu.tw/
[Sat Aug 22 00:24:42.147113 2026] [ssl:debug] [pid 593699:tid 593699] ssl_engine_kernel.c(254): [client 2407:4b00:4c0a:80e7:f573:64ab:86d:ba60:57970] AH02034: Subsequent (No.2) HTTPS request received for child 32 (server www.csjh.ilc.edu.tw:443), referer: https://www.csjh.ilc.edu.tw/
[Sat Aug 22 00:24:42.147665 2026] [authz_core:debug] [pid 593699:tid 593699] mod_authz_core.c(815): [client 2407:4b00:4c0a:80e7:f573:64ab:86d:ba60:57970] AH01626: authorization result of Require all granted: granted, referer: https://www.csjh.ilc.edu.tw/
[Sat Aug 22 00:24:42.147679 2026] [authz_core:debug] [pid 593699:tid 593699] mod_authz_core.c(815): [client 2407:4b00:4c0a:80e7:f573:64ab:86d:ba60:57970] AH01626: authorization result of : granted, referer: https://www.csjh.ilc.edu.tw/
[Sat Aug 22 00:24:42.148116 2026] [deflate:debug] [pid 593699:tid 593699] mod_deflate.c(909): [client 2407:4b00:4c0a:80e7:f573:64ab:86d:ba60:57970] AH01384: Zlib: Compressed 79 to 50 : URL /wp-content/uploads/sites/980/elementor/css/post-651.css, referer: https://www.csjh.ilc.edu.tw/
[Sat Aug 22 00:24:42.156574 2026] [ssl:debug] [pid 593607:tid 593607] ssl_engine_kernel.c(254): [client 2407:4b00:4c0a:80e7:f573:64ab:86d:ba60:57971] AH02034: Subsequent (No.3) HTTPS request received for child 13 (server www.csjh.ilc.edu.tw:443), referer: https://www.csjh.ilc.edu.tw/
[Sat Aug 22 00:24:42.156616 2026] [ssl:debug] [pid 593628:tid 593628] ssl_engine_kernel.c(254): [client 2407:4b00:4c0a:80e7:f573:64ab:86d:ba60:57972] AH02034: Subsequent (No.4) HTTPS request received for child 4 (server www.csjh.ilc.edu.tw:443), referer: https://www.csjh.ilc.edu.tw/
[Sat Aug 22 00:24:42.156843 2026] [authz_core:debug] [pid 593628:tid 593628] mod_authz_core.c(815): [client 2407:4b00:4c0a:80e7:f573:64ab:86d:ba60:57972] AH01626: authorization result of Require all granted: granted, referer: https://www.csjh.ilc.edu.tw/
[Sat Aug 22 00:24:42.156852 2026] [authz_core:debug] [pid 593628:tid 593628] mod_authz_core.c(815): [client 2407:4b00:4c0a:80e7:f573:64ab:86d:ba60:57972] AH01626: authorization result of : granted, referer: https://www.csjh.ilc.edu.tw/
[Sat Aug 22 00:24:42.157166 2026] [deflate:debug] [pid 593628:tid 593628] mod_deflate.c(909): [client 2407:4b00:4c0a:80e7:f573:64ab:86d:ba60:57972] AH01384: Zlib: Compressed 1718 to 700 : URL /wp-includes/js/hoverintent-js.min.js, referer: https://www.csjh.ilc.edu.tw/
[Sat Aug 22 00:24:42.157204 2026] [authz_core:debug] [pid 593607:tid 593607] mod_authz_core.c(815): [client 2407:4b00:4c0a:80e7:f573:64ab:86d:ba60:57971] AH01626: authorization result of Require all granted: granted, referer: https://www.csjh.ilc.edu.tw/
[Sat Aug 22 00:24:42.157210 2026] [authz_core:debug] [pid 593607:tid 593607] mod_authz_core.c(815): [client 2407:4b00:4c0a:80e7:f573:64ab:86d:ba60:57971] AH01626: authorization result of : granted, referer: https://www.csjh.ilc.edu.tw/
[Sat Aug 22 00:24:42.158647 2026] [deflate:debug] [pid 593607:tid 593607] mod_deflate.c(909): [client 2407:4b00:4c0a:80e7:f573:64ab:86d:ba60:57971] AH01384: Zlib: Compressed 60279 to 13007 : URL /wp-content/cache/www.csjh.ilc.edu.tw/wpfc-minified/dpz4nko1/7160.css, referer: https://www.csjh.ilc.edu.tw/
[Sat Aug 22 00:24:42.185768 2026] [ssl:debug] [pid 593711:tid 593711] ssl_engine_kernel.c(254): [client 2407:4b00:4c0a:80e7:f573:64ab:86d:ba60:57968] AH02034: Subsequent (No.3) HTTPS request received for child 12 (server www.csjh.ilc.edu.tw:443), referer: https://www.csjh.ilc.edu.tw/
[Sat Aug 22 00:24:42.185962 2026] [authz_core:debug] [pid 593711:tid 593711] mod_authz_core.c(815): [client 2407:4b00:4c0a:80e7:f573:64ab:86d:ba60:57968] AH01626: authorization result of Require all granted: granted, referer: https://www.csjh.ilc.edu.tw/
[Sat Aug 22 00:24:42.185967 2026] [authz_core:debug] [pid 593711:tid 593711] mod_authz_core.c(815): [client 2407:4b00:4c0a:80e7:f573:64ab:86d:ba60:57968] AH01626: authorization result of : granted, referer: https://www.csjh.ilc.edu.tw/
[Sat Aug 22 00:24:42.186238 2026] [deflate:debug] [pid 593711:tid 593711] mod_deflate.c(909): [client 2407:4b00:4c0a:80e7:f573:64ab:86d:ba60:57968] AH01384: Zlib: Compressed 5520 to 1785 : URL /wp-includes/js/imagesloaded.min.js, referer: https://www.csjh.ilc.edu.tw/
[Sat Aug 22 00:24:42.189374 2026] [ssl:debug] [pid 593698:tid 593698] ssl_engine_kernel.c(254): [client 2407:4b00:4c0a:80e7:f573:64ab:86d:ba60:57967] AH02034: Subsequent (No.7) HTTPS request received for child 31 (server www.csjh.ilc.edu.tw:443), referer: https://www.csjh.ilc.edu.tw/
[Sat Aug 22 00:24:42.189532 2026] [authz_core:debug] [pid 593698:tid 593698] mod_authz_core.c(815): [client 2407:4b00:4c0a:80e7:f573:64ab:86d:ba60:57967] AH01626: authorization result of Require all granted: granted, referer: https://www.csjh.ilc.edu.tw/
[Sat Aug 22 00:24:42.189537 2026] [authz_core:debug] [pid 593698:tid 593698] mod_authz_core.c(815): [client 2407:4b00:4c0a:80e7:f573:64ab:86d:ba60:57967] AH01626: authorization result of : granted, referer: https://www.csjh.ilc.edu.tw/
[Sat Aug 22 00:24:42.189736 2026] [deflate:debug] [pid 593698:tid 593698] mod_deflate.c(909): [client 2407:4b00:4c0a:80e7:f573:64ab:86d:ba60:57967] AH01384: Zlib: Compressed 3487 to 1339 : URL /wp-includes/js/admin-bar.min.js, referer: https://www.csjh.ilc.edu.tw/
[Sat Aug 22 00:24:42.215602 2026] [ssl:debug] [pid 593699:tid 593699] ssl_engine_kernel.c(254): [client 2407:4b00:4c0a:80e7:f573:64ab:86d:ba60:57970] AH02034: Subsequent (No.3) HTTPS request received for child 32 (server www.csjh.ilc.edu.tw:443), referer: https://www.csjh.ilc.edu.tw/
[Sat Aug 22 00:24:42.215778 2026] [authz_core:debug] [pid 593699:tid 593699] mod_authz_core.c(815): [client 2407:4b00:4c0a:80e7:f573:64ab:86d:ba60:57970] AH01626: authorization result of Require all granted: granted, referer: https://www.csjh.ilc.edu.tw/
[Sat Aug 22 00:24:42.215782 2026] [authz_core:debug] [pid 593699:tid 593699] mod_authz_core.c(815): [client 2407:4b00:4c0a:80e7:f573:64ab:86d:ba60:57970] AH01626: authorization result of : granted, referer: https://www.csjh.ilc.edu.tw/
[Sat Aug 22 00:24:42.216165 2026] [deflate:debug] [pid 593699:tid 593699] mod_deflate.c(909): [client 2407:4b00:4c0a:80e7:f573:64ab:86d:ba60:57970] AH01384: Zlib: Compressed 14581 to 3765 : URL /wp-content/themes/oceanwp/assets/js/drop-down-mobile-menu.min.js, referer: https://www.csjh.ilc.edu.tw/
[Sat Aug 22 00:24:42.219277 2026] [ssl:debug] [pid 593559:tid 593559] ssl_engine_kernel.c(254): [client 2407:4b00:4c0a:80e7:f573:64ab:86d:ba60:57969] AH02034: Subsequent (No.3) HTTPS request received for child 11 (server www.csjh.ilc.edu.tw:443), referer: https://www.csjh.ilc.edu.tw/
[Sat Aug 22 00:24:42.219437 2026] [authz_core:debug] [pid 593559:tid 593559] mod_authz_core.c(815): [client 2407:4b00:4c0a:80e7:f573:64ab:86d:ba60:57969] AH01626: authorization result of Require all granted: granted, referer: https://www.csjh.ilc.edu.tw/
[Sat Aug 22 00:24:42.219442 2026] [authz_core:debug] [pid 593559:tid 593559] mod_authz_core.c(815): [client 2407:4b00:4c0a:80e7:f573:64ab:86d:ba60:57969] AH01626: authorization result of : granted, referer: https://www.csjh.ilc.edu.tw/
[Sat Aug 22 00:24:42.219894 2026] [deflate:debug] [pid 593559:tid 593559] mod_deflate.c(909): [client 2407:4b00:4c0a:80e7:f573:64ab:86d:ba60:57969] AH01384: Zlib: Compressed 19719 to 4232 : URL /wp-content/themes/oceanwp/assets/js/theme.min.js, referer: https://www.csjh.ilc.edu.tw/
[Sat Aug 22 00:24:42.224997 2026] [ssl:debug] [pid 593628:tid 593628] ssl_engine_kernel.c(254): [client 2407:4b00:4c0a:80e7:f573:64ab:86d:ba60:57972] AH02034: Subsequent (No.5) HTTPS request received for child 4 (server www.csjh.ilc.edu.tw:443), referer: https://www.csjh.ilc.edu.tw/
[Sat Aug 22 00:24:42.225146 2026] [authz_core:debug] [pid 593628:tid 593628] mod_authz_core.c(815): [client 2407:4b00:4c0a:80e7:f573:64ab:86d:ba60:57972] AH01626: authorization result of Require all granted: granted, referer: https://www.csjh.ilc.edu.tw/
[Sat Aug 22 00:24:42.225151 2026] [authz_core:debug] [pid 593628:tid 593628] mod_authz_core.c(815): [client 2407:4b00:4c0a:80e7:f573:64ab:86d:ba60:57972] AH01626: authorization result of : granted, referer: https://www.csjh.ilc.edu.tw/
[Sat Aug 22 00:24:42.225756 2026] [deflate:debug] [pid 593628:tid 593628] mod_deflate.c(909): [client 2407:4b00:4c0a:80e7:f573:64ab:86d:ba60:57972] AH01384: Zlib: Compressed 20216 to 7328 : URL /wp-content/themes/oceanwp/assets/js/vendors/magnific-popup.min.js, referer: https://www.csjh.ilc.edu.tw/
[Sat Aug 22 00:24:42.230443 2026] [ssl:debug] [pid 593607:tid 593607] ssl_engine_kernel.c(254): [client 2407:4b00:4c0a:80e7:f573:64ab:86d:ba60:57971] AH02034: Subsequent (No.4) HTTPS request received for child 13 (server www.csjh.ilc.edu.tw:443), referer: https://www.csjh.ilc.edu.tw/
[Sat Aug 22 00:24:42.230588 2026] [authz_core:debug] [pid 593607:tid 593607] mod_authz_core.c(815): [client 2407:4b00:4c0a:80e7:f573:64ab:86d:ba60:57971] AH01626: authorization result of Require all granted: granted, referer: https://www.csjh.ilc.edu.tw/
[Sat Aug 22 00:24:42.230592 2026] [authz_core:debug] [pid 593607:tid 593607] mod_authz_core.c(815): [client 2407:4b00:4c0a:80e7:f573:64ab:86d:ba60:57971] AH01626: authorization result of : granted, referer: https://www.csjh.ilc.edu.tw/
[Sat Aug 22 00:24:42.230786 2026] [deflate:debug] [pid 593607:tid 593607] mod_deflate.c(909): [client 2407:4b00:4c0a:80e7:f573:64ab:86d:ba60:57971] AH01384: Zlib: Compressed 4111 to 1423 : URL /wp-content/themes/oceanwp/assets/js/ow-lightbox.min.js, referer: https://www.csjh.ilc.edu.tw/
[Sat Aug 22 00:24:42.251135 2026] [ssl:debug] [pid 593711:tid 593711] ssl_engine_kernel.c(254): [client 2407:4b00:4c0a:80e7:f573:64ab:86d:ba60:57968] AH02034: Subsequent (No.4) HTTPS request received for child 12 (server www.csjh.ilc.edu.tw:443), referer: https://www.csjh.ilc.edu.tw/
[Sat Aug 22 00:24:42.251412 2026] [authz_core:debug] [pid 593711:tid 593711] mod_authz_core.c(815): [client 2407:4b00:4c0a:80e7:f573:64ab:86d:ba60:57968] AH01626: authorization result of Require all granted: granted, referer: https://www.csjh.ilc.edu.tw/
[Sat Aug 22 00:24:42.251423 2026] [authz_core:debug] [pid 593711:tid 593711] mod_authz_core.c(815): [client 2407:4b00:4c0a:80e7:f573:64ab:86d:ba60:57968] AH01626: authorization result of : granted, referer: https://www.csjh.ilc.edu.tw/
[Sat Aug 22 00:24:42.253514 2026] [deflate:debug] [pid 593711:tid 593711] mod_deflate.c(909): [client 2407:4b00:4c0a:80e7:f573:64ab:86d:ba60:57968] AH01384: Zlib: Compressed 57513 to 14083 : URL /wp-content/themes/oceanwp/assets/js/vendors/flickity.pkgd.min.js, referer: https://www.csjh.ilc.edu.tw/
[Sat Aug 22 00:24:42.257619 2026] [ssl:debug] [pid 593698:tid 593698] ssl_engine_kernel.c(254): [client 2407:4b00:4c0a:80e7:f573:64ab:86d:ba60:57967] AH02034: Subsequent (No.8) HTTPS request received for child 31 (server www.csjh.ilc.edu.tw:443), referer: https://www.csjh.ilc.edu.tw/
[Sat Aug 22 00:24:42.257779 2026] [authz_core:debug] [pid 593698:tid 593698] mod_authz_core.c(815): [client 2407:4b00:4c0a:80e7:f573:64ab:86d:ba60:57967] AH01626: authorization result of Require all granted: granted, referer: https://www.csjh.ilc.edu.tw/
[Sat Aug 22 00:24:42.257784 2026] [authz_core:debug] [pid 593698:tid 593698] mod_authz_core.c(815): [client 2407:4b00:4c0a:80e7:f573:64ab:86d:ba60:57967] AH01626: authorization result of : granted, referer: https://www.csjh.ilc.edu.tw/
[Sat Aug 22 00:24:42.257958 2026] [deflate:debug] [pid 593698:tid 593698] mod_deflate.c(909): [client 2407:4b00:4c0a:80e7:f573:64ab:86d:ba60:57967] AH01384: Zlib: Compressed 2002 to 864 : URL /wp-content/themes/oceanwp/assets/js/ow-slider.min.js, referer: https://www.csjh.ilc.edu.tw/
[Sat Aug 22 00:24:42.281768 2026] [ssl:debug] [pid 593699:tid 593699] ssl_engine_kernel.c(254): [client 2407:4b00:4c0a:80e7:f573:64ab:86d:ba60:57970] AH02034: Subsequent (No.4) HTTPS request received for child 32 (server www.csjh.ilc.edu.tw:443), referer: https://www.csjh.ilc.edu.tw/
[Sat Aug 22 00:24:42.281965 2026] [authz_core:debug] [pid 593699:tid 593699] mod_authz_core.c(815): [client 2407:4b00:4c0a:80e7:f573:64ab:86d:ba60:57970] AH01626: authorization result of Require all granted: granted, referer: https://www.csjh.ilc.edu.tw/
[Sat Aug 22 00:24:42.281970 2026] [authz_core:debug] [pid 593699:tid 593699] mod_authz_core.c(815): [client 2407:4b00:4c0a:80e7:f573:64ab:86d:ba60:57970] AH01626: authorization result of : granted, referer: https://www.csjh.ilc.edu.tw/
[Sat Aug 22 00:24:42.282328 2026] [deflate:debug] [pid 593699:tid 593699] mod_deflate.c(909): [client 2407:4b00:4c0a:80e7:f573:64ab:86d:ba60:57970] AH01384: Zlib: Compressed 12402 to 3229 : URL /wp-content/themes/oceanwp/assets/js/scroll-effect.min.js, referer: https://www.csjh.ilc.edu.tw/
[Sat Aug 22 00:24:42.296829 2026] [ssl:debug] [pid 593559:tid 593559] ssl_engine_kernel.c(254): [client 2407:4b00:4c0a:80e7:f573:64ab:86d:ba60:57969] AH02034: Subsequent (No.4) HTTPS request received for child 11 (server www.csjh.ilc.edu.tw:443), referer: https://www.csjh.ilc.edu.tw/
[Sat Aug 22 00:24:42.297043 2026] [authz_core:debug] [pid 593559:tid 593559] mod_authz_core.c(815): [client 2407:4b00:4c0a:80e7:f573:64ab:86d:ba60:57969] AH01626: authorization result of Require all granted: granted, referer: https://www.csjh.ilc.edu.tw/
[Sat Aug 22 00:24:42.297048 2026] [authz_core:debug] [pid 593559:tid 593559] mod_authz_core.c(815): [client 2407:4b00:4c0a:80e7:f573:64ab:86d:ba60:57969] AH01626: authorization result of : granted, referer: https://www.csjh.ilc.edu.tw/
[Sat Aug 22 00:24:42.297347 2026] [deflate:debug] [pid 593559:tid 593559] mod_deflate.c(909): [client 2407:4b00:4c0a:80e7:f573:64ab:86d:ba60:57969] AH01384: Zlib: Compressed 8989 to 2304 : URL /wp-content/themes/oceanwp/assets/js/scroll-top.min.js, referer: https://www.csjh.ilc.edu.tw/
[Sat Aug 22 00:24:42.301735 2026] [ssl:debug] [pid 593628:tid 593628] ssl_engine_kernel.c(254): [client 2407:4b00:4c0a:80e7:f573:64ab:86d:ba60:57972] AH02034: Subsequent (No.6) HTTPS request received for child 4 (server www.csjh.ilc.edu.tw:443), referer: https://www.csjh.ilc.edu.tw/
[Sat Aug 22 00:24:42.301876 2026] [authz_core:debug] [pid 593628:tid 593628] mod_authz_core.c(815): [client 2407:4b00:4c0a:80e7:f573:64ab:86d:ba60:57972] AH01626: authorization result of Require all granted: granted, referer: https://www.csjh.ilc.edu.tw/
[Sat Aug 22 00:24:42.301880 2026] [authz_core:debug] [pid 593628:tid 593628] mod_authz_core.c(815): [client 2407:4b00:4c0a:80e7:f573:64ab:86d:ba60:57972] AH01626: authorization result of : granted, referer: https://www.csjh.ilc.edu.tw/
[Sat Aug 22 00:24:42.302081 2026] [deflate:debug] [pid 593628:tid 593628] mod_deflate.c(909): [client 2407:4b00:4c0a:80e7:f573:64ab:86d:ba60:57972] AH01384: Zlib: Compressed 5181 to 1510 : URL /wp-content/themes/oceanwp/assets/js/select.min.js, referer: https://www.csjh.ilc.edu.tw/
[Sat Aug 22 00:24:42.305498 2026] [ssl:debug] [pid 593607:tid 593607] ssl_engine_kernel.c(254): [client 2407:4b00:4c0a:80e7:f573:64ab:86d:ba60:57971] AH02034: Subsequent (No.5) HTTPS request received for child 13 (server www.csjh.ilc.edu.tw:443), referer: https://www.csjh.ilc.edu.tw/
[Sat Aug 22 00:24:42.305655 2026] [authz_core:debug] [pid 593607:tid 593607] mod_authz_core.c(815): [client 2407:4b00:4c0a:80e7:f573:64ab:86d:ba60:57971] AH01626: authorization result of Require all granted: granted, referer: https://www.csjh.ilc.edu.tw/
[Sat Aug 22 00:24:42.305660 2026] [authz_core:debug] [pid 593607:tid 593607] mod_authz_core.c(815): [client 2407:4b00:4c0a:80e7:f573:64ab:86d:ba60:57971] AH01626: authorization result of : granted, referer: https://www.csjh.ilc.edu.tw/
[Sat Aug 22 00:24:42.305807 2026] [deflate:debug] [pid 593607:tid 593607] mod_deflate.c(909): [client 2407:4b00:4c0a:80e7:f573:64ab:86d:ba60:57971] AH01384: Zlib: Compressed 712 to 422 : URL /wp-content/plugins/ocean-extra/includes/widgets/js/flickr.min.js, referer: https://www.csjh.ilc.edu.tw/
[Sat Aug 22 00:24:42.322724 2026] [ssl:debug] [pid 593711:tid 593711] ssl_engine_kernel.c(254): [client 2407:4b00:4c0a:80e7:f573:64ab:86d:ba60:57968] AH02034: Subsequent (No.5) HTTPS request received for child 12 (server www.csjh.ilc.edu.tw:443), referer: https://www.csjh.ilc.edu.tw/
[Sat Aug 22 00:24:42.322924 2026] [authz_core:debug] [pid 593711:tid 593711] mod_authz_core.c(815): [client 2407:4b00:4c0a:80e7:f573:64ab:86d:ba60:57968] AH01626: authorization result of Require all granted: granted, referer: https://www.csjh.ilc.edu.tw/
[Sat Aug 22 00:24:42.322936 2026] [authz_core:debug] [pid 593711:tid 593711] mod_authz_core.c(815): [client 2407:4b00:4c0a:80e7:f573:64ab:86d:ba60:57968] AH01626: authorization result of : granted, referer: https://www.csjh.ilc.edu.tw/
[Sat Aug 22 00:24:42.323204 2026] [deflate:debug] [pid 593711:tid 593711] mod_deflate.c(909): [client 2407:4b00:4c0a:80e7:f573:64ab:86d:ba60:57968] AH01384: Zlib: Compressed 5881 to 2664 : URL /wp-content/plugins/elementor-pro/assets/js/webpack-pro.runtime.min.js, referer: https://www.csjh.ilc.edu.tw/
[Sat Aug 22 00:24:42.332422 2026] [ssl:debug] [pid 593698:tid 593698] ssl_engine_kernel.c(254): [client 2407:4b00:4c0a:80e7:f573:64ab:86d:ba60:57967] AH02034: Subsequent (No.9) HTTPS request received for child 31 (server www.csjh.ilc.edu.tw:443), referer: https://www.csjh.ilc.edu.tw/
[Sat Aug 22 00:24:42.332611 2026] [authz_core:debug] [pid 593698:tid 593698] mod_authz_core.c(815): [client 2407:4b00:4c0a:80e7:f573:64ab:86d:ba60:57967] AH01626: authorization result of Require all granted: granted, referer: https://www.csjh.ilc.edu.tw/
[Sat Aug 22 00:24:42.332618 2026] [authz_core:debug] [pid 593698:tid 593698] mod_authz_core.c(815): [client 2407:4b00:4c0a:80e7:f573:64ab:86d:ba60:57967] AH01626: authorization result of : granted, referer: https://www.csjh.ilc.edu.tw/
[Sat Aug 22 00:24:42.332890 2026] [deflate:debug] [pid 593698:tid 593698] mod_deflate.c(909): [client 2407:4b00:4c0a:80e7:f573:64ab:86d:ba60:57967] AH01384: Zlib: Compressed 4997 to 2197 : URL /wp-content/plugins/elementor/assets/js/webpack.runtime.min.js, referer: https://www.csjh.ilc.edu.tw/
[Sat Aug 22 00:24:42.354978 2026] [ssl:debug] [pid 593699:tid 593699] ssl_engine_kernel.c(254): [client 2407:4b00:4c0a:80e7:f573:64ab:86d:ba60:57970] AH02034: Subsequent (No.5) HTTPS request received for child 32 (server www.csjh.ilc.edu.tw:443), referer: https://www.csjh.ilc.edu.tw/
[Sat Aug 22 00:24:42.355211 2026] [authz_core:debug] [pid 593699:tid 593699] mod_authz_core.c(815): [client 2407:4b00:4c0a:80e7:f573:64ab:86d:ba60:57970] AH01626: authorization result of Require all granted: granted, referer: https://www.csjh.ilc.edu.tw/
[Sat Aug 22 00:24:42.355221 2026] [authz_core:debug] [pid 593699:tid 593699] mod_authz_core.c(815): [client 2407:4b00:4c0a:80e7:f573:64ab:86d:ba60:57970] AH01626: authorization result of : granted, referer: https://www.csjh.ilc.edu.tw/
[Sat Aug 22 00:24:42.357470 2026] [deflate:debug] [pid 593699:tid 593699] mod_deflate.c(909): [client 2407:4b00:4c0a:80e7:f573:64ab:86d:ba60:57970] AH01384: Zlib: Compressed 67411 to 18429 : URL /wp-content/plugins/elementor/assets/js/frontend-modules.min.js, referer: https://www.csjh.ilc.edu.tw/
[Sat Aug 22 00:24:42.370841 2026] [ssl:debug] [pid 593628:tid 593628] ssl_engine_kernel.c(254): [client 2407:4b00:4c0a:80e7:f573:64ab:86d:ba60:57972] AH02034: Subsequent (No.7) HTTPS request received for child 4 (server www.csjh.ilc.edu.tw:443), referer: https://www.csjh.ilc.edu.tw/
[Sat Aug 22 00:24:42.370842 2026] [ssl:debug] [pid 593559:tid 593559] ssl_engine_kernel.c(254): [client 2407:4b00:4c0a:80e7:f573:64ab:86d:ba60:57969] AH02034: Subsequent (No.5) HTTPS request received for child 11 (server www.csjh.ilc.edu.tw:443), referer: https://www.csjh.ilc.edu.tw/
[Sat Aug 22 00:24:42.371035 2026] [authz_core:debug] [pid 593628:tid 593628] mod_authz_core.c(815): [client 2407:4b00:4c0a:80e7:f573:64ab:86d:ba60:57972] AH01626: authorization result of Require all granted: granted, referer: https://www.csjh.ilc.edu.tw/
[Sat Aug 22 00:24:42.371041 2026] [authz_core:debug] [pid 593628:tid 593628] mod_authz_core.c(815): [client 2407:4b00:4c0a:80e7:f573:64ab:86d:ba60:57972] AH01626: authorization result of : granted, referer: https://www.csjh.ilc.edu.tw/
[Sat Aug 22 00:24:42.371067 2026] [authz_core:debug] [pid 593559:tid 593559] mod_authz_core.c(815): [client 2407:4b00:4c0a:80e7:f573:64ab:86d:ba60:57969] AH01626: authorization result of Require all granted: granted, referer: https://www.csjh.ilc.edu.tw/
[Sat Aug 22 00:24:42.371074 2026] [authz_core:debug] [pid 593559:tid 593559] mod_authz_core.c(815): [client 2407:4b00:4c0a:80e7:f573:64ab:86d:ba60:57969] AH01626: authorization result of : granted, referer: https://www.csjh.ilc.edu.tw/
[Sat Aug 22 00:24:42.371362 2026] [deflate:debug] [pid 593559:tid 593559] mod_deflate.c(909): [client 2407:4b00:4c0a:80e7:f573:64ab:86d:ba60:57969] AH01384: Zlib: Compressed 4307 to 1523 : URL /wp-includes/js/dist/hooks.min.js, referer: https://www.csjh.ilc.edu.tw/
[Sat Aug 22 00:24:42.371401 2026] [deflate:debug] [pid 593628:tid 593628] mod_deflate.c(909): [client 2407:4b00:4c0a:80e7:f573:64ab:86d:ba60:57972] AH01384: Zlib: Compressed 9141 to 3649 : URL /wp-includes/js/dist/i18n.min.js, referer: https://www.csjh.ilc.edu.tw/
[Sat Aug 22 00:24:42.376724 2026] [ssl:debug] [pid 593607:tid 593607] ssl_engine_kernel.c(254): [client 2407:4b00:4c0a:80e7:f573:64ab:86d:ba60:57971] AH02034: Subsequent (No.6) HTTPS request received for child 13 (server www.csjh.ilc.edu.tw:443), referer: https://www.csjh.ilc.edu.tw/
[Sat Aug 22 00:24:42.376927 2026] [authz_core:debug] [pid 593607:tid 593607] mod_authz_core.c(815): [client 2407:4b00:4c0a:80e7:f573:64ab:86d:ba60:57971] AH01626: authorization result of Require all granted: granted, referer: https://www.csjh.ilc.edu.tw/
[Sat Aug 22 00:24:42.376932 2026] [authz_core:debug] [pid 593607:tid 593607] mod_authz_core.c(815): [client 2407:4b00:4c0a:80e7:f573:64ab:86d:ba60:57971] AH01626: authorization result of : granted, referer: https://www.csjh.ilc.edu.tw/
[Sat Aug 22 00:24:42.377617 2026] [deflate:debug] [pid 593607:tid 593607] mod_deflate.c(909): [client 2407:4b00:4c0a:80e7:f573:64ab:86d:ba60:57971] AH01384: Zlib: Compressed 25050 to 6676 : URL /wp-content/plugins/elementor-pro/assets/js/frontend.min.js, referer: https://www.csjh.ilc.edu.tw/
[Sat Aug 22 00:24:42.386846 2026] [ssl:debug] [pid 593711:tid 593711] ssl_engine_kernel.c(254): [client 2407:4b00:4c0a:80e7:f573:64ab:86d:ba60:57968] AH02034: Subsequent (No.6) HTTPS request received for child 12 (server www.csjh.ilc.edu.tw:443), referer: https://www.csjh.ilc.edu.tw/
[Sat Aug 22 00:24:42.387049 2026] [authz_core:debug] [pid 593711:tid 593711] mod_authz_core.c(815): [client 2407:4b00:4c0a:80e7:f573:64ab:86d:ba60:57968] AH01626: authorization result of Require all granted: granted, referer: https://www.csjh.ilc.edu.tw/
[Sat Aug 22 00:24:42.387054 2026] [authz_core:debug] [pid 593711:tid 593711] mod_authz_core.c(815): [client 2407:4b00:4c0a:80e7:f573:64ab:86d:ba60:57968] AH01626: authorization result of : granted, referer: https://www.csjh.ilc.edu.tw/
[Sat Aug 22 00:24:42.387436 2026] [deflate:debug] [pid 593711:tid 593711] mod_deflate.c(909): [client 2407:4b00:4c0a:80e7:f573:64ab:86d:ba60:57968] AH01384: Zlib: Compressed 12198 to 2975 : URL /wp-content/plugins/elementor/assets/lib/waypoints/waypoints.min.js, referer: https://www.csjh.ilc.edu.tw/
[Sat Aug 22 00:24:42.404928 2026] [ssl:debug] [pid 593698:tid 593698] ssl_engine_kernel.c(254): [client 2407:4b00:4c0a:80e7:f573:64ab:86d:ba60:57967] AH02034: Subsequent (No.10) HTTPS request received for child 31 (server www.csjh.ilc.edu.tw:443), referer: https://www.csjh.ilc.edu.tw/
[Sat Aug 22 00:24:42.405164 2026] [authz_core:debug] [pid 593698:tid 593698] mod_authz_core.c(815): [client 2407:4b00:4c0a:80e7:f573:64ab:86d:ba60:57967] AH01626: authorization result of Require all granted: granted, referer: https://www.csjh.ilc.edu.tw/
[Sat Aug 22 00:24:42.405171 2026] [authz_core:debug] [pid 593698:tid 593698] mod_authz_core.c(815): [client 2407:4b00:4c0a:80e7:f573:64ab:86d:ba60:57967] AH01626: authorization result of : granted, referer: https://www.csjh.ilc.edu.tw/
[Sat Aug 22 00:24:42.405925 2026] [deflate:debug] [pid 593698:tid 593698] mod_deflate.c(909): [client 2407:4b00:4c0a:80e7:f573:64ab:86d:ba60:57967] AH01384: Zlib: Compressed 21464 to 7088 : URL /wp-includes/js/jquery/ui/core.min.js, referer: https://www.csjh.ilc.edu.tw/
[Sat Aug 22 00:24:42.429044 2026] [ssl:debug] [pid 593699:tid 593699] ssl_engine_kernel.c(254): [client 2407:4b00:4c0a:80e7:f573:64ab:86d:ba60:57970] AH02034: Subsequent (No.6) HTTPS request received for child 32 (server www.csjh.ilc.edu.tw:443), referer: https://www.csjh.ilc.edu.tw/
[Sat Aug 22 00:24:42.429252 2026] [authz_core:debug] [pid 593699:tid 593699] mod_authz_core.c(815): [client 2407:4b00:4c0a:80e7:f573:64ab:86d:ba60:57970] AH01626: authorization result of Require all granted: granted, referer: https://www.csjh.ilc.edu.tw/
[Sat Aug 22 00:24:42.429258 2026] [authz_core:debug] [pid 593699:tid 593699] mod_authz_core.c(815): [client 2407:4b00:4c0a:80e7:f573:64ab:86d:ba60:57970] AH01626: authorization result of : granted, referer: https://www.csjh.ilc.edu.tw/
[Sat Aug 22 00:24:42.430493 2026] [deflate:debug] [pid 593699:tid 593699] mod_deflate.c(909): [client 2407:4b00:4c0a:80e7:f573:64ab:86d:ba60:57970] AH01384: Zlib: Compressed 40254 to 12204 : URL /wp-content/plugins/elementor/assets/js/frontend.min.js, referer: https://www.csjh.ilc.edu.tw/
[Sat Aug 22 00:24:42.444814 2026] [ssl:debug] [pid 593559:tid 593559] ssl_engine_kernel.c(254): [client 2407:4b00:4c0a:80e7:f573:64ab:86d:ba60:57969] AH02034: Subsequent (No.6) HTTPS request received for child 11 (server www.csjh.ilc.edu.tw:443), referer: https://www.csjh.ilc.edu.tw/
[Sat Aug 22 00:24:42.444846 2026] [ssl:debug] [pid 593628:tid 593628] ssl_engine_kernel.c(254): [client 2407:4b00:4c0a:80e7:f573:64ab:86d:ba60:57972] AH02034: Subsequent (No.8) HTTPS request received for child 4 (server www.csjh.ilc.edu.tw:443), referer: https://www.csjh.ilc.edu.tw/
[Sat Aug 22 00:24:42.445014 2026] [authz_core:debug] [pid 593559:tid 593559] mod_authz_core.c(815): [client 2407:4b00:4c0a:80e7:f573:64ab:86d:ba60:57969] AH01626: authorization result of Require all granted: granted, referer: https://www.csjh.ilc.edu.tw/
[Sat Aug 22 00:24:42.445020 2026] [authz_core:debug] [pid 593559:tid 593559] mod_authz_core.c(815): [client 2407:4b00:4c0a:80e7:f573:64ab:86d:ba60:57969] AH01626: authorization result of : granted, referer: https://www.csjh.ilc.edu.tw/
[Sat Aug 22 00:24:42.445024 2026] [authz_core:debug] [pid 593628:tid 593628] mod_authz_core.c(815): [client 2407:4b00:4c0a:80e7:f573:64ab:86d:ba60:57972] AH01626: authorization result of Require all granted: granted, referer: https://www.csjh.ilc.edu.tw/
[Sat Aug 22 00:24:42.445030 2026] [authz_core:debug] [pid 593628:tid 593628] mod_authz_core.c(815): [client 2407:4b00:4c0a:80e7:f573:64ab:86d:ba60:57972] AH01626: authorization result of : granted, referer: https://www.csjh.ilc.edu.tw/
[Sat Aug 22 00:24:42.446027 2026] [deflate:debug] [pid 593628:tid 593628] mod_deflate.c(909): [client 2407:4b00:4c0a:80e7:f573:64ab:86d:ba60:57972] AH01384: Zlib: Compressed 41573 to 9918 : URL /wp-content/plugins/elementor-pro/assets/js/elements-handlers.min.js, referer: https://www.csjh.ilc.edu.tw/
[Sat Aug 22 00:24:42.450461 2026] [ssl:debug] [pid 593607:tid 593607] ssl_engine_kernel.c(254): [client 2407:4b00:4c0a:80e7:f573:64ab:86d:ba60:57971] AH02034: Subsequent (No.7) HTTPS request received for child 13 (server www.csjh.ilc.edu.tw:443), referer: https://www.csjh.ilc.edu.tw/
[Sat Aug 22 00:24:42.450613 2026] [authz_core:debug] [pid 593607:tid 593607] mod_authz_core.c(815): [client 2407:4b00:4c0a:80e7:f573:64ab:86d:ba60:57971] AH01626: authorization result of Require all granted: granted, referer: https://www.csjh.ilc.edu.tw/
[Sat Aug 22 00:24:42.450618 2026] [authz_core:debug] [pid 593607:tid 593607] mod_authz_core.c(815): [client 2407:4b00:4c0a:80e7:f573:64ab:86d:ba60:57971] AH01626: authorization result of : granted, referer: https://www.csjh.ilc.edu.tw/
[Sat Aug 22 00:24:42.451701 2026] [ssl:debug] [pid 593711:tid 593711] ssl_engine_kernel.c(254): [client 2407:4b00:4c0a:80e7:f573:64ab:86d:ba60:57968] AH02034: Subsequent (No.7) HTTPS request received for child 12 (server www.csjh.ilc.edu.tw:443), referer: https://www.csjh.ilc.edu.tw/
[Sat Aug 22 00:24:42.451847 2026] [authz_core:debug] [pid 593711:tid 593711] mod_authz_core.c(815): [client 2407:4b00:4c0a:80e7:f573:64ab:86d:ba60:57968] AH01626: authorization result of Require all granted: granted, referer: https://www.csjh.ilc.edu.tw/
[Sat Aug 22 00:24:42.451852 2026] [authz_core:debug] [pid 593711:tid 593711] mod_authz_core.c(815): [client 2407:4b00:4c0a:80e7:f573:64ab:86d:ba60:57968] AH01626: authorization result of : granted, referer: https://www.csjh.ilc.edu.tw/
[Sat Aug 22 00:24:42.476911 2026] [ssl:debug] [pid 593698:tid 593698] ssl_engine_kernel.c(254): [client 2407:4b00:4c0a:80e7:f573:64ab:86d:ba60:57967] AH02034: Subsequent (No.11) HTTPS request received for child 31 (server www.csjh.ilc.edu.tw:443), referer: https://www.csjh.ilc.edu.tw/
[Sat Aug 22 00:24:42.477103 2026] [authz_core:debug] [pid 593698:tid 593698] mod_authz_core.c(815): [client 2407:4b00:4c0a:80e7:f573:64ab:86d:ba60:57967] AH01626: authorization result of Require all granted: granted, referer: https://www.csjh.ilc.edu.tw/
[Sat Aug 22 00:24:42.477108 2026] [authz_core:debug] [pid 593698:tid 593698] mod_authz_core.c(815): [client 2407:4b00:4c0a:80e7:f573:64ab:86d:ba60:57967] AH01626: authorization result of : granted, referer: https://www.csjh.ilc.edu.tw/
[Sat Aug 22 00:24:42.507848 2026] [ssl:debug] [pid 593699:tid 593699] ssl_engine_kernel.c(254): [client 2407:4b00:4c0a:80e7:f573:64ab:86d:ba60:57970] AH02034: Subsequent (No.7) HTTPS request received for child 32 (server www.csjh.ilc.edu.tw:443), referer: https://www.csjh.ilc.edu.tw/
[Sat Aug 22 00:24:42.508590 2026] [authz_core:debug] [pid 593699:tid 593699] mod_authz_core.c(815): [client 2407:4b00:4c0a:80e7:f573:64ab:86d:ba60:57970] AH01626: authorization result of Require all granted: granted, referer: https://www.csjh.ilc.edu.tw/
[Sat Aug 22 00:24:42.508597 2026] [authz_core:debug] [pid 593699:tid 593699] mod_authz_core.c(815): [client 2407:4b00:4c0a:80e7:f573:64ab:86d:ba60:57970] AH01626: authorization result of : granted, referer: https://www.csjh.ilc.edu.tw/
[Sat Aug 22 00:24:42.547270 2026] [ssl:debug] [pid 593628:tid 593628] ssl_engine_kernel.c(254): [client 2407:4b00:4c0a:80e7:f573:64ab:86d:ba60:57972] AH02034: Subsequent (No.9) HTTPS request received for child 4 (server www.csjh.ilc.edu.tw:443), referer: https://www.csjh.ilc.edu.tw/
[Sat Aug 22 00:24:42.547910 2026] [authz_core:debug] [pid 593628:tid 593628] mod_authz_core.c(815): [client 2407:4b00:4c0a:80e7:f573:64ab:86d:ba60:57972] AH01626: authorization result of Require all granted: granted, referer: https://www.csjh.ilc.edu.tw/
[Sat Aug 22 00:24:42.547917 2026] [authz_core:debug] [pid 593628:tid 593628] mod_authz_core.c(815): [client 2407:4b00:4c0a:80e7:f573:64ab:86d:ba60:57972] AH01626: authorization result of : granted, referer: https://www.csjh.ilc.edu.tw/
[Sat Aug 22 00:24:42.561364 2026] [ssl:info] [pid 593641:tid 593641] (70014)End of file found: [client 66.249.79.128:56319] AH01992: SSL library error 6 reading data
[Sat Aug 22 00:24:42.561422 2026] [ssl:debug] [pid 593641:tid 593641] ssl_engine_io.c(1150): [client 66.249.79.128:56319] AH02001: Connection closed to child 23 with standard shutdown (server www.jwes.ilc.edu.tw:443)
[Sat Aug 22 00:24:42.564838 2026] [ssl:debug] [pid 593698:tid 593698] ssl_engine_kernel.c(254): [client 2407:4b00:4c0a:80e7:f573:64ab:86d:ba60:57967] AH02034: Subsequent (No.12) HTTPS request received for child 31 (server www.csjh.ilc.edu.tw:443), referer: https://www.csjh.ilc.edu.tw/
[Sat Aug 22 00:24:42.565404 2026] [authz_core:debug] [pid 593698:tid 593698] mod_authz_core.c(815): [client 2407:4b00:4c0a:80e7:f573:64ab:86d:ba60:57967] AH01626: authorization result of Require all granted: granted, referer: https://www.csjh.ilc.edu.tw/
[Sat Aug 22 00:24:42.565413 2026] [authz_core:debug] [pid 593698:tid 593698] mod_authz_core.c(815): [client 2407:4b00:4c0a:80e7:f573:64ab:86d:ba60:57967] AH01626: authorization result of : granted, referer: https://www.csjh.ilc.edu.tw/
[Sat Aug 22 00:24:42.644893 2026] [ssl:debug] [pid 593559:tid 593559] ssl_engine_kernel.c(254): [client 2407:4b00:4c0a:80e7:f573:64ab:86d:ba60:57969] AH02034: Subsequent (No.7) HTTPS request received for child 11 (server www.csjh.ilc.edu.tw:443), referer: https://www.csjh.ilc.edu.tw/
[Sat Aug 22 00:24:42.645491 2026] [authz_core:debug] [pid 593559:tid 593559] mod_authz_core.c(815): [client 2407:4b00:4c0a:80e7:f573:64ab:86d:ba60:57969] AH01626: authorization result of Require all granted: granted, referer: https://www.csjh.ilc.edu.tw/
[Sat Aug 22 00:24:42.645507 2026] [authz_core:debug] [pid 593559:tid 593559] mod_authz_core.c(815): [client 2407:4b00:4c0a:80e7:f573:64ab:86d:ba60:57969] AH01626: authorization result of : granted, referer: https://www.csjh.ilc.edu.tw/
[Sat Aug 22 00:24:42.646178 2026] [ssl:debug] [pid 593711:tid 593711] ssl_engine_kernel.c(254): [client 2407:4b00:4c0a:80e7:f573:64ab:86d:ba60:57968] AH02034: Subsequent (No.8) HTTPS request received for child 12 (server www.csjh.ilc.edu.tw:443), referer: https://www.csjh.ilc.edu.tw/
[Sat Aug 22 00:24:42.646564 2026] [authz_core:debug] [pid 593711:tid 593711] mod_authz_core.c(815): [client 2407:4b00:4c0a:80e7:f573:64ab:86d:ba60:57968] AH01626: authorization result of Require all granted: granted, referer: https://www.csjh.ilc.edu.tw/
[Sat Aug 22 00:24:42.646570 2026] [authz_core:debug] [pid 593711:tid 593711] mod_authz_core.c(815): [client 2407:4b00:4c0a:80e7:f573:64ab:86d:ba60:57968] AH01626: authorization result of : granted, referer: https://www.csjh.ilc.edu.tw/
