[Sat Aug 22 00:24:45.933723 2026] [socache_shmcb:debug] [pid 593718:tid 593718] mod_socache_shmcb.c(860): AH00847: insert happened at idx=11, data=(35:67)
[Sat Aug 22 00:24:45.933725 2026] [socache_shmcb:debug] [pid 593718:tid 593718] mod_socache_shmcb.c(863): AH00848: finished insert, subcache: idx_pos/idx_used=39/61, data_pos/data_used=480/13648
[Sat Aug 22 00:24:45.933727 2026] [socache_shmcb:debug] [pid 593718:tid 593718] mod_socache_shmcb.c(530): AH00834: leaving socache_shmcb_store successfully
[Sat Aug 22 00:24:45.933874 2026] [ssl:debug] [pid 593718:tid 593718] ssl_engine_kernel.c(254): [client 2407:4b00:4c01:9b42:2084:4ea2:5d58:4c70:64326] AH02034: Initial (No.1) HTTPS request received for child 3 (server www.iles.ilc.edu.tw:443), referer: https://www.google.com/
[Sat Aug 22 00:24:45.934027 2026] [authz_core:debug] [pid 593718:tid 593718] mod_authz_core.c(815): [client 2407:4b00:4c01:9b42:2084:4ea2:5d58:4c70:64326] AH01626: authorization result of Require all granted: granted, referer: https://www.google.com/
[Sat Aug 22 00:24:45.934031 2026] [authz_core:debug] [pid 593718:tid 593718] mod_authz_core.c(815): [client 2407:4b00:4c01:9b42:2084:4ea2:5d58:4c70:64326] AH01626: authorization result of : granted, referer: https://www.google.com/
[Sat Aug 22 00:24:45.934161 2026] [authz_core:debug] [pid 593718:tid 593718] mod_authz_core.c(815): [client 2407:4b00:4c01:9b42:2084:4ea2:5d58:4c70:64326] AH01626: authorization result of Require all granted: granted, referer: https://www.google.com/
[Sat Aug 22 00:24:45.934165 2026] [authz_core:debug] [pid 593718:tid 593718] mod_authz_core.c(815): [client 2407:4b00:4c01:9b42:2084:4ea2:5d58:4c70:64326] AH01626: authorization result of : granted, referer: https://www.google.com/
[Sat Aug 22 00:24:45.959776 2026] [deflate:debug] [pid 593718:tid 593718] mod_deflate.c(909): [client 2407:4b00:4c01:9b42:2084:4ea2:5d58:4c70:64326] AH01384: Zlib: Compressed 57054 to 14037 : URL /index.php, referer: https://www.google.com/
[Sat Aug 22 00:24:46.054123 2026] [ssl:debug] [pid 593625:tid 593625] ssl_engine_io.c(1150): [client 148.135.146.27:49209] AH02001: Connection closed to child 0 with standard shutdown (server 2blog.ilc.edu.tw:443)
[Sat Aug 22 00:24:46.070726 2026] [ssl:debug] [pid 593626:tid 593626] ssl_engine_io.c(1150): [client 148.135.146.2:36343] AH02001: Connection closed to child 1 with standard shutdown (server 2blog.ilc.edu.tw:443)
[Sat Aug 22 00:24:46.071706 2026] [ssl:debug] [pid 593709:tid 593709] ssl_engine_kernel.c(254): [client 2407:4b00:4c01:9b42:2084:4ea2:5d58:4c70:64325] AH02034: Initial (No.1) HTTPS request received for child 2 (server www.iles.ilc.edu.tw:443), referer: https://www.iles.ilc.edu.tw/
[Sat Aug 22 00:24:46.072414 2026] [authz_core:debug] [pid 593709:tid 593709] mod_authz_core.c(815): [client 2407:4b00:4c01:9b42:2084:4ea2:5d58:4c70:64325] AH01626: authorization result of Require all granted: granted, referer: https://www.iles.ilc.edu.tw/
[Sat Aug 22 00:24:46.072423 2026] [authz_core:debug] [pid 593709:tid 593709] mod_authz_core.c(815): [client 2407:4b00:4c01:9b42:2084:4ea2:5d58:4c70:64325] AH01626: authorization result of : granted, referer: https://www.iles.ilc.edu.tw/
[Sat Aug 22 00:24:46.073572 2026] [ssl:debug] [pid 593718:tid 593718] ssl_engine_kernel.c(254): [client 2407:4b00:4c01:9b42:2084:4ea2:5d58:4c70:64326] AH02034: Subsequent (No.2) HTTPS request received for child 3 (server www.iles.ilc.edu.tw:443), referer: https://www.iles.ilc.edu.tw/
[Sat Aug 22 00:24:46.074093 2026] [authz_core:debug] [pid 593718:tid 593718] mod_authz_core.c(815): [client 2407:4b00:4c01:9b42:2084:4ea2:5d58:4c70:64326] AH01626: authorization result of Require all granted: granted, referer: https://www.iles.ilc.edu.tw/
[Sat Aug 22 00:24:46.074099 2026] [authz_core:debug] [pid 593718:tid 593718] mod_authz_core.c(815): [client 2407:4b00:4c01:9b42:2084:4ea2:5d58:4c70:64326] AH01626: authorization result of : granted, referer: https://www.iles.ilc.edu.tw/
[Sat Aug 22 00:24:46.074789 2026] [deflate:debug] [pid 593709:tid 593709] mod_deflate.c(909): [client 2407:4b00:4c01:9b42:2084:4ea2:5d58:4c70:64325] AH01384: Zlib: Compressed 79258 to 39706 : URL /wp-content/cache/www.iles.ilc.edu.tw/wpfc-minified/7zr19wlv/7a23.css, referer: https://www.iles.ilc.edu.tw/
[Sat Aug 22 00:24:46.076410 2026] [deflate:debug] [pid 593718:tid 593718] mod_deflate.c(909): [client 2407:4b00:4c01:9b42:2084:4ea2:5d58:4c70:64326] AH01384: Zlib: Compressed 112428 to 14824 : URL /wp-content/cache/www.iles.ilc.edu.tw/wpfc-minified/7vhm2mur/7a23.css, referer: https://www.iles.ilc.edu.tw/
[Sat Aug 22 00:24:46.141491 2026] [ssl:debug] [pid 593718:tid 593718] ssl_engine_kernel.c(254): [client 2407:4b00:4c01:9b42:2084:4ea2:5d58:4c70:64326] AH02034: Subsequent (No.3) HTTPS request received for child 3 (server www.iles.ilc.edu.tw:443), referer: https://www.iles.ilc.edu.tw/
[Sat Aug 22 00:24:46.142285 2026] [authz_core:debug] [pid 593718:tid 593718] mod_authz_core.c(815): [client 2407:4b00:4c01:9b42:2084:4ea2:5d58:4c70:64326] AH01626: authorization result of Require all granted: granted, referer: https://www.iles.ilc.edu.tw/
[Sat Aug 22 00:24:46.142293 2026] [authz_core:debug] [pid 593718:tid 593718] mod_authz_core.c(815): [client 2407:4b00:4c01:9b42:2084:4ea2:5d58:4c70:64326] AH01626: authorization result of : granted, referer: https://www.iles.ilc.edu.tw/
[Sat Aug 22 00:24:46.159003 2026] [ssl:info] [pid 593629:tid 593629] [client 2407:4b00:4c01:9b42:2084:4ea2:5d58:4c70:64327] AH01964: Connection to child 7 established (server 2blog.ilc.edu.tw:443)
[Sat Aug 22 00:24:46.160287 2026] [ssl:info] [pid 593648:tid 593648] [client 2407:4b00:4c01:9b42:2084:4ea2:5d58:4c70:64329] AH01964: Connection to child 19 established (server 2blog.ilc.edu.tw:443)
[Sat Aug 22 00:24:46.160461 2026] [ssl:debug] [pid 593648:tid 593648] ssl_engine_kernel.c(2222): [client 2407:4b00:4c01:9b42:2084:4ea2:5d58:4c70:64329] AH02043: SSL virtual host for servername www.iles.ilc.edu.tw found
[Sat Aug 22 00:24:46.160529 2026] [core:debug] [pid 593648:tid 593648] protocol.c(2460): [client 2407:4b00:4c01:9b42:2084:4ea2:5d58:4c70:64329] AH03155: select protocol from , choices=http/1.1 for server www.iles.ilc.edu.tw
[Sat Aug 22 00:24:46.160569 2026] [ssl:debug] [pid 593648:tid 593648] ssl_util_stapling.c(819): AH01951: stapling_cb: OCSP Stapling callback called
[Sat Aug 22 00:24:46.160575 2026] [ssl:info] [pid 593648:tid 593648] AH01926: stapling_get_certinfo: stapling not supported for certificate
[Sat Aug 22 00:24:46.163719 2026] [ssl:debug] [pid 593629:tid 593629] ssl_engine_kernel.c(2222): [client 2407:4b00:4c01:9b42:2084:4ea2:5d58:4c70:64327] AH02043: SSL virtual host for servername www.iles.ilc.edu.tw found
[Sat Aug 22 00:24:46.163779 2026] [core:debug] [pid 593629:tid 593629] protocol.c(2460): [client 2407:4b00:4c01:9b42:2084:4ea2:5d58:4c70:64327] AH03155: select protocol from , choices=http/1.1 for server www.iles.ilc.edu.tw
[Sat Aug 22 00:24:46.163815 2026] [ssl:debug] [pid 593629:tid 593629] ssl_util_stapling.c(819): AH01951: stapling_cb: OCSP Stapling callback called
[Sat Aug 22 00:24:46.163820 2026] [ssl:info] [pid 593629:tid 593629] AH01926: stapling_get_certinfo: stapling not supported for certificate
[Sat Aug 22 00:24:46.169803 2026] [ssl:info] [pid 593696:tid 593696] [client 2407:4b00:4c01:9b42:2084:4ea2:5d58:4c70:64330] AH01964: Connection to child 29 established (server 2blog.ilc.edu.tw:443)
[Sat Aug 22 00:24:46.174014 2026] [ssl:debug] [pid 593696:tid 593696] ssl_engine_kernel.c(2222): [client 2407:4b00:4c01:9b42:2084:4ea2:5d58:4c70:64330] AH02043: SSL virtual host for servername www.iles.ilc.edu.tw found
[Sat Aug 22 00:24:46.174065 2026] [core:debug] [pid 593696:tid 593696] protocol.c(2460): [client 2407:4b00:4c01:9b42:2084:4ea2:5d58:4c70:64330] AH03155: select protocol from , choices=http/1.1 for server www.iles.ilc.edu.tw
[Sat Aug 22 00:24:46.174099 2026] [ssl:debug] [pid 593696:tid 593696] ssl_util_stapling.c(819): AH01951: stapling_cb: OCSP Stapling callback called
[Sat Aug 22 00:24:46.174139 2026] [ssl:info] [pid 593696:tid 593696] AH01926: stapling_get_certinfo: stapling not supported for certificate
[Sat Aug 22 00:24:46.174171 2026] [ssl:info] [pid 593720:tid 593720] [client 2407:4b00:4c01:9b42:2084:4ea2:5d58:4c70:64328] AH01964: Connection to child 5 established (server 2blog.ilc.edu.tw:443)
[Sat Aug 22 00:24:46.175747 2026] [ssl:debug] [pid 593720:tid 593720] ssl_engine_kernel.c(2222): [client 2407:4b00:4c01:9b42:2084:4ea2:5d58:4c70:64328] AH02043: SSL virtual host for servername www.iles.ilc.edu.tw found
[Sat Aug 22 00:24:46.175787 2026] [core:debug] [pid 593720:tid 593720] protocol.c(2460): [client 2407:4b00:4c01:9b42:2084:4ea2:5d58:4c70:64328] AH03155: select protocol from , choices=http/1.1 for server www.iles.ilc.edu.tw
[Sat Aug 22 00:24:46.175818 2026] [ssl:debug] [pid 593720:tid 593720] ssl_util_stapling.c(819): AH01951: stapling_cb: OCSP Stapling callback called
[Sat Aug 22 00:24:46.175822 2026] [ssl:info] [pid 593720:tid 593720] AH01926: stapling_get_certinfo: stapling not supported for certificate
[Sat Aug 22 00:24:46.201532 2026] [ssl:debug] [pid 593709:tid 593709] ssl_engine_kernel.c(254): [client 2407:4b00:4c01:9b42:2084:4ea2:5d58:4c70:64325] AH02034: Subsequent (No.2) HTTPS request received for child 2 (server www.iles.ilc.edu.tw:443), referer: https://www.iles.ilc.edu.tw/
[Sat Aug 22 00:24:46.201731 2026] [authz_core:debug] [pid 593709:tid 593709] mod_authz_core.c(815): [client 2407:4b00:4c01:9b42:2084:4ea2:5d58:4c70:64325] AH01626: authorization result of Require all granted: granted, referer: https://www.iles.ilc.edu.tw/
[Sat Aug 22 00:24:46.201737 2026] [authz_core:debug] [pid 593709:tid 593709] mod_authz_core.c(815): [client 2407:4b00:4c01:9b42:2084:4ea2:5d58:4c70:64325] AH01626: authorization result of : granted, referer: https://www.iles.ilc.edu.tw/
[Sat Aug 22 00:24:46.201970 2026] [deflate:debug] [pid 593709:tid 593709] mod_deflate.c(909): [client 2407:4b00:4c01:9b42:2084:4ea2:5d58:4c70:64325] AH01384: Zlib: Compressed 3487 to 1339 : URL /wp-includes/js/admin-bar.min.js, referer: https://www.iles.ilc.edu.tw/
[Sat Aug 22 00:24:46.245386 2026] [ssl:debug] [pid 593648:tid 593648] ssl_engine_kernel.c(2082): [client 2407:4b00:4c01:9b42:2084:4ea2:5d58:4c70:64329] AH02041: Protocol: TLSv1.3, Cipher: TLS_AES_256_GCM_SHA384 (256/256 bits)
[Sat Aug 22 00:24:46.245433 2026] [socache_shmcb:debug] [pid 593648:tid 593648] mod_socache_shmcb.c(508): AH00831: socache_shmcb_store (0x1e -> subcache 30)
[Sat Aug 22 00:24:46.245438 2026] [socache_shmcb:debug] [pid 593648:tid 593648] mod_socache_shmcb.c(745): AH00842: expiring 1 and reclaiming 0 removed socache entries
[Sat Aug 22 00:24:46.245441 2026] [socache_shmcb:debug] [pid 593648:tid 593648] mod_socache_shmcb.c(765): AH00843: we now have 48 socache entries
[Sat Aug 22 00:24:46.245443 2026] [socache_shmcb:debug] [pid 593648:tid 593648] mod_socache_shmcb.c(860): AH00847: insert happened at idx=81, data=(9705:9737)
[Sat Aug 22 00:24:46.245445 2026] [socache_shmcb:debug] [pid 593648:tid 593648] mod_socache_shmcb.c(863): AH00848: finished insert, subcache: idx_pos/idx_used=33/49, data_pos/data_used=12885/10912
[Sat Aug 22 00:24:46.245446 2026] [socache_shmcb:debug] [pid 593648:tid 593648] mod_socache_shmcb.c(530): AH00834: leaving socache_shmcb_store successfully
[Sat Aug 22 00:24:46.245500 2026] [socache_shmcb:debug] [pid 593648:tid 593648] mod_socache_shmcb.c(508): AH00831: socache_shmcb_store (0xec -> subcache 12)
[Sat Aug 22 00:24:46.245504 2026] [socache_shmcb:debug] [pid 593648:tid 593648] mod_socache_shmcb.c(745): AH00842: expiring 1 and reclaiming 0 removed socache entries
[Sat Aug 22 00:24:46.245506 2026] [socache_shmcb:debug] [pid 593648:tid 593648] mod_socache_shmcb.c(765): AH00843: we now have 56 socache entries
[Sat Aug 22 00:24:46.245508 2026] [socache_shmcb:debug] [pid 593648:tid 593648] mod_socache_shmcb.c(860): AH00847: insert happened at idx=78, data=(9102:9134)
[Sat Aug 22 00:24:46.245510 2026] [socache_shmcb:debug] [pid 593648:tid 593648] mod_socache_shmcb.c(863): AH00848: finished insert, subcache: idx_pos/idx_used=22/57, data_pos/data_used=10488/12707
[Sat Aug 22 00:24:46.245511 2026] [socache_shmcb:debug] [pid 593648:tid 593648] mod_socache_shmcb.c(530): AH00834: leaving socache_shmcb_store successfully
[Sat Aug 22 00:24:46.246947 2026] [ssl:debug] [pid 593648:tid 593648] ssl_engine_kernel.c(254): [client 2407:4b00:4c01:9b42:2084:4ea2:5d58:4c70:64329] AH02034: Initial (No.1) HTTPS request received for child 19 (server www.iles.ilc.edu.tw:443), referer: https://www.iles.ilc.edu.tw/
[Sat Aug 22 00:24:46.247633 2026] [authz_core:debug] [pid 593648:tid 593648] mod_authz_core.c(815): [client 2407:4b00:4c01:9b42:2084:4ea2:5d58:4c70:64329] AH01626: authorization result of Require all granted: granted, referer: https://www.iles.ilc.edu.tw/
[Sat Aug 22 00:24:46.247643 2026] [authz_core:debug] [pid 593648:tid 593648] mod_authz_core.c(815): [client 2407:4b00:4c01:9b42:2084:4ea2:5d58:4c70:64329] AH01626: authorization result of : granted, referer: https://www.iles.ilc.edu.tw/
[Sat Aug 22 00:24:46.250635 2026] [ssl:debug] [pid 593696:tid 593696] ssl_engine_kernel.c(2082): [client 2407:4b00:4c01:9b42:2084:4ea2:5d58:4c70:64330] AH02041: Protocol: TLSv1.3, Cipher: TLS_AES_256_GCM_SHA384 (256/256 bits)
[Sat Aug 22 00:24:46.250669 2026] [socache_shmcb:debug] [pid 593696:tid 593696] mod_socache_shmcb.c(508): AH00831: socache_shmcb_store (0x2a -> subcache 10)
[Sat Aug 22 00:24:46.250675 2026] [socache_shmcb:debug] [pid 593696:tid 593696] mod_socache_shmcb.c(860): AH00847: insert happened at idx=0, data=(11304:11336)
[Sat Aug 22 00:24:46.250677 2026] [socache_shmcb:debug] [pid 593696:tid 593696] mod_socache_shmcb.c(863): AH00848: finished insert, subcache: idx_pos/idx_used=39/50, data_pos/data_used=429/11104
[Sat Aug 22 00:24:46.250679 2026] [socache_shmcb:debug] [pid 593696:tid 593696] mod_socache_shmcb.c(530): AH00834: leaving socache_shmcb_store successfully
[Sat Aug 22 00:24:46.250759 2026] [socache_shmcb:debug] [pid 593696:tid 593696] mod_socache_shmcb.c(508): AH00831: socache_shmcb_store (0xf2 -> subcache 18)
[Sat Aug 22 00:24:46.250765 2026] [socache_shmcb:debug] [pid 593696:tid 593696] mod_socache_shmcb.c(745): AH00842: expiring 6 and reclaiming 0 removed socache entries
[Sat Aug 22 00:24:46.250767 2026] [socache_shmcb:debug] [pid 593696:tid 593696] mod_socache_shmcb.c(765): AH00843: we now have 47 socache entries
[Sat Aug 22 00:24:46.250769 2026] [socache_shmcb:debug] [pid 593696:tid 593696] mod_socache_shmcb.c(860): AH00847: insert happened at idx=78, data=(9184:9216)
[Sat Aug 22 00:24:46.250771 2026] [socache_shmcb:debug] [pid 593696:tid 593696] mod_socache_shmcb.c(863): AH00848: finished insert, subcache: idx_pos/idx_used=31/48, data_pos/data_used=12659/10618
[Sat Aug 22 00:24:46.250773 2026] [socache_shmcb:debug] [pid 593696:tid 593696] mod_socache_shmcb.c(530): AH00834: leaving socache_shmcb_store successfully
[Sat Aug 22 00:24:46.250887 2026] [ssl:debug] [pid 593696:tid 593696] ssl_engine_kernel.c(254): [client 2407:4b00:4c01:9b42:2084:4ea2:5d58:4c70:64330] AH02034: Initial (No.1) HTTPS request received for child 29 (server www.iles.ilc.edu.tw:443), referer: https://www.iles.ilc.edu.tw/
[Sat Aug 22 00:24:46.250952 2026] [ssl:debug] [pid 593629:tid 593629] ssl_engine_kernel.c(2082): [client 2407:4b00:4c01:9b42:2084:4ea2:5d58:4c70:64327] AH02041: Protocol: TLSv1.3, Cipher: TLS_AES_256_GCM_SHA384 (256/256 bits)
[Sat Aug 22 00:24:46.250984 2026] [socache_shmcb:debug] [pid 593629:tid 593629] mod_socache_shmcb.c(508): AH00831: socache_shmcb_store (0x46 -> subcache 6)
[Sat Aug 22 00:24:46.250996 2026] [socache_shmcb:debug] [pid 593629:tid 593629] mod_socache_shmcb.c(860): AH00847: insert happened at idx=67, data=(6790:6822)
[Sat Aug 22 00:24:46.250998 2026] [socache_shmcb:debug] [pid 593629:tid 593629] mod_socache_shmcb.c(863): AH00848: finished insert, subcache: idx_pos/idx_used=17/51, data_pos/data_used=9560/11323
[Sat Aug 22 00:24:46.251000 2026] [socache_shmcb:debug] [pid 593629:tid 593629] mod_socache_shmcb.c(530): AH00834: leaving socache_shmcb_store successfully
[Sat Aug 22 00:24:46.251043 2026] [socache_shmcb:debug] [pid 593629:tid 593629] mod_socache_shmcb.c(508): AH00831: socache_shmcb_store (0x2c -> subcache 12)
[Sat Aug 22 00:24:46.251051 2026] [socache_shmcb:debug] [pid 593629:tid 593629] mod_socache_shmcb.c(860): AH00847: insert happened at idx=79, data=(9331:9363)
[Sat Aug 22 00:24:46.251053 2026] [socache_shmcb:debug] [pid 593629:tid 593629] mod_socache_shmcb.c(863): AH00848: finished insert, subcache: idx_pos/idx_used=22/58, data_pos/data_used=10488/12935
[Sat Aug 22 00:24:46.251055 2026] [socache_shmcb:debug] [pid 593629:tid 593629] mod_socache_shmcb.c(530): AH00834: leaving socache_shmcb_store successfully
[Sat Aug 22 00:24:46.251138 2026] [ssl:debug] [pid 593629:tid 593629] ssl_engine_kernel.c(254): [client 2407:4b00:4c01:9b42:2084:4ea2:5d58:4c70:64327] AH02034: Initial (No.1) HTTPS request received for child 7 (server www.iles.ilc.edu.tw:443), referer: https://www.iles.ilc.edu.tw/
[Sat Aug 22 00:24:46.251379 2026] [authz_core:debug] [pid 593696:tid 593696] mod_authz_core.c(815): [client 2407:4b00:4c01:9b42:2084:4ea2:5d58:4c70:64330] AH01626: authorization result of Require all granted: granted, referer: https://www.iles.ilc.edu.tw/
[Sat Aug 22 00:24:46.251386 2026] [authz_core:debug] [pid 593696:tid 593696] mod_authz_core.c(815): [client 2407:4b00:4c01:9b42:2084:4ea2:5d58:4c70:64330] AH01626: authorization result of : granted, referer: https://www.iles.ilc.edu.tw/
[Sat Aug 22 00:24:46.251622 2026] [authz_core:debug] [pid 593629:tid 593629] mod_authz_core.c(815): [client 2407:4b00:4c01:9b42:2084:4ea2:5d58:4c70:64327] AH01626: authorization result of Require all granted: granted, referer: https://www.iles.ilc.edu.tw/
[Sat Aug 22 00:24:46.251628 2026] [authz_core:debug] [pid 593629:tid 593629] mod_authz_core.c(815): [client 2407:4b00:4c01:9b42:2084:4ea2:5d58:4c70:64327] AH01626: authorization result of : granted, referer: https://www.iles.ilc.edu.tw/
[Sat Aug 22 00:24:46.251818 2026] [deflate:debug] [pid 593696:tid 593696] mod_deflate.c(909): [client 2407:4b00:4c01:9b42:2084:4ea2:5d58:4c70:64330] AH01384: Zlib: Compressed 8921 to 2553 : URL /wp-content/cache/www.iles.ilc.edu.tw/wpfc-minified/6oqsuyvo/7a23.js, referer: https://www.iles.ilc.edu.tw/
[Sat Aug 22 00:24:46.251842 2026] [deflate:debug] [pid 593648:tid 593648] mod_deflate.c(909): [client 2407:4b00:4c01:9b42:2084:4ea2:5d58:4c70:64329] AH01384: Zlib: Compressed 101296 to 34524 : URL /wp-content/cache/www.iles.ilc.edu.tw/wpfc-minified/8u4cq25s/7a23.js, referer: https://www.iles.ilc.edu.tw/
[Sat Aug 22 00:24:46.252318 2026] [deflate:debug] [pid 593629:tid 593629] mod_deflate.c(909): [client 2407:4b00:4c01:9b42:2084:4ea2:5d58:4c70:64327] AH01384: Zlib: Compressed 486 to 267 : URL /wp-content/cache/www.iles.ilc.edu.tw/wpfc-minified/pxzb66x/7a23.css, referer: https://www.iles.ilc.edu.tw/
[Sat Aug 22 00:24:46.256507 2026] [ssl:debug] [pid 593720:tid 593720] ssl_engine_kernel.c(2082): [client 2407:4b00:4c01:9b42:2084:4ea2:5d58:4c70:64328] AH02041: Protocol: TLSv1.3, Cipher: TLS_AES_256_GCM_SHA384 (256/256 bits)
[Sat Aug 22 00:24:46.256545 2026] [socache_shmcb:debug] [pid 593720:tid 593720] mod_socache_shmcb.c(508): AH00831: socache_shmcb_store (0x9e -> subcache 30)
[Sat Aug 22 00:24:46.256556 2026] [socache_shmcb:debug] [pid 593720:tid 593720] mod_socache_shmcb.c(860): AH00847: insert happened at idx=82, data=(9933:9965)
[Sat Aug 22 00:24:46.256558 2026] [socache_shmcb:debug] [pid 593720:tid 593720] mod_socache_shmcb.c(863): AH00848: finished insert, subcache: idx_pos/idx_used=33/50, data_pos/data_used=12885/11141
[Sat Aug 22 00:24:46.256560 2026] [socache_shmcb:debug] [pid 593720:tid 593720] mod_socache_shmcb.c(530): AH00834: leaving socache_shmcb_store successfully
[Sat Aug 22 00:24:46.256603 2026] [socache_shmcb:debug] [pid 593720:tid 593720] mod_socache_shmcb.c(508): AH00831: socache_shmcb_store (0x5d -> subcache 29)
[Sat Aug 22 00:24:46.256607 2026] [socache_shmcb:debug] [pid 593720:tid 593720] mod_socache_shmcb.c(745): AH00842: expiring 1 and reclaiming 0 removed socache entries
[Sat Aug 22 00:24:46.256609 2026] [socache_shmcb:debug] [pid 593720:tid 593720] mod_socache_shmcb.c(765): AH00843: we now have 61 socache entries
[Sat Aug 22 00:24:46.256611 2026] [socache_shmcb:debug] [pid 593720:tid 593720] mod_socache_shmcb.c(860): AH00847: insert happened at idx=7, data=(12931:12963)
[Sat Aug 22 00:24:46.256613 2026] [socache_shmcb:debug] [pid 593720:tid 593720] mod_socache_shmcb.c(863): AH00848: finished insert, subcache: idx_pos/idx_used=34/62, data_pos/data_used=13263/13761
[Sat Aug 22 00:24:46.256615 2026] [socache_shmcb:debug] [pid 593720:tid 593720] mod_socache_shmcb.c(530): AH00834: leaving socache_shmcb_store successfully
[Sat Aug 22 00:24:46.256714 2026] [ssl:debug] [pid 593720:tid 593720] ssl_engine_kernel.c(254): [client 2407:4b00:4c01:9b42:2084:4ea2:5d58:4c70:64328] AH02034: Initial (No.1) HTTPS request received for child 5 (server www.iles.ilc.edu.tw:443), referer: https://www.iles.ilc.edu.tw/
[Sat Aug 22 00:24:46.257291 2026] [authz_core:debug] [pid 593720:tid 593720] mod_authz_core.c(815): [client 2407:4b00:4c01:9b42:2084:4ea2:5d58:4c70:64328] AH01626: authorization result of Require all granted: granted, referer: https://www.iles.ilc.edu.tw/
[Sat Aug 22 00:24:46.257298 2026] [authz_core:debug] [pid 593720:tid 593720] mod_authz_core.c(815): [client 2407:4b00:4c01:9b42:2084:4ea2:5d58:4c70:64328] AH01626: authorization result of : granted, referer: https://www.iles.ilc.edu.tw/
[Sat Aug 22 00:24:46.265517 2026] [deflate:debug] [pid 593720:tid 593720] mod_deflate.c(909): [client 2407:4b00:4c01:9b42:2084:4ea2:5d58:4c70:64328] AH01384: Zlib: Compressed 353044 to 60393 : URL /wp-content/cache/www.iles.ilc.edu.tw/wpfc-minified/12vn2qde/7a23.css, referer: https://www.iles.ilc.edu.tw/
[Sat Aug 22 00:24:46.269671 2026] [ssl:debug] [pid 593709:tid 593709] ssl_engine_kernel.c(254): [client 2407:4b00:4c01:9b42:2084:4ea2:5d58:4c70:64325] AH02034: Subsequent (No.3) HTTPS request received for child 2 (server www.iles.ilc.edu.tw:443), referer: https://www.iles.ilc.edu.tw/
[Sat Aug 22 00:24:46.269841 2026] [authz_core:debug] [pid 593709:tid 593709] mod_authz_core.c(815): [client 2407:4b00:4c01:9b42:2084:4ea2:5d58:4c70:64325] AH01626: authorization result of Require all granted: granted, referer: https://www.iles.ilc.edu.tw/
[Sat Aug 22 00:24:46.269846 2026] [authz_core:debug] [pid 593709:tid 593709] mod_authz_core.c(815): [client 2407:4b00:4c01:9b42:2084:4ea2:5d58:4c70:64325] AH01626: authorization result of : granted, referer: https://www.iles.ilc.edu.tw/
[Sat Aug 22 00:24:46.270033 2026] [deflate:debug] [pid 593709:tid 593709] mod_deflate.c(909): [client 2407:4b00:4c01:9b42:2084:4ea2:5d58:4c70:64325] AH01384: Zlib: Compressed 3894 to 1349 : URL /wp-content/plugins/wp-statistics/assets/js/tracker.js, referer: https://www.iles.ilc.edu.tw/
[Sat Aug 22 00:24:46.326899 2026] [ssl:debug] [pid 593696:tid 593696] ssl_engine_kernel.c(254): [client 2407:4b00:4c01:9b42:2084:4ea2:5d58:4c70:64330] AH02034: Subsequent (No.2) HTTPS request received for child 29 (server www.iles.ilc.edu.tw:443), referer: https://www.iles.ilc.edu.tw/
[Sat Aug 22 00:24:46.327094 2026] [ssl:debug] [pid 593629:tid 593629] ssl_engine_kernel.c(254): [client 2407:4b00:4c01:9b42:2084:4ea2:5d58:4c70:64327] AH02034: Subsequent (No.2) HTTPS request received for child 7 (server www.iles.ilc.edu.tw:443), referer: https://www.iles.ilc.edu.tw/
[Sat Aug 22 00:24:46.327106 2026] [authz_core:debug] [pid 593696:tid 593696] mod_authz_core.c(815): [client 2407:4b00:4c01:9b42:2084:4ea2:5d58:4c70:64330] AH01626: authorization result of Require all granted: granted, referer: https://www.iles.ilc.edu.tw/
[Sat Aug 22 00:24:46.327111 2026] [authz_core:debug] [pid 593696:tid 593696] mod_authz_core.c(815): [client 2407:4b00:4c01:9b42:2084:4ea2:5d58:4c70:64330] AH01626: authorization result of : granted, referer: https://www.iles.ilc.edu.tw/
[Sat Aug 22 00:24:46.327263 2026] [authz_core:debug] [pid 593629:tid 593629] mod_authz_core.c(815): [client 2407:4b00:4c01:9b42:2084:4ea2:5d58:4c70:64327] AH01626: authorization result of Require all granted: granted, referer: https://www.iles.ilc.edu.tw/
[Sat Aug 22 00:24:46.327268 2026] [authz_core:debug] [pid 593629:tid 593629] mod_authz_core.c(815): [client 2407:4b00:4c01:9b42:2084:4ea2:5d58:4c70:64327] AH01626: authorization result of : granted, referer: https://www.iles.ilc.edu.tw/
[Sat Aug 22 00:24:46.327379 2026] [deflate:debug] [pid 593696:tid 593696] mod_deflate.c(909): [client 2407:4b00:4c01:9b42:2084:4ea2:5d58:4c70:64330] AH01384: Zlib: Compressed 5520 to 1785 : URL /wp-includes/js/imagesloaded.min.js, referer: https://www.iles.ilc.edu.tw/
[Sat Aug 22 00:24:46.327726 2026] [deflate:debug] [pid 593629:tid 593629] mod_deflate.c(909): [client 2407:4b00:4c01:9b42:2084:4ea2:5d58:4c70:64327] AH01384: Zlib: Compressed 19719 to 4232 : URL /wp-content/themes/oceanwp/assets/js/theme.min.js, referer: https://www.iles.ilc.edu.tw/
[Sat Aug 22 00:24:46.349406 2026] [ssl:debug] [pid 593709:tid 593709] ssl_engine_kernel.c(254): [client 2407:4b00:4c01:9b42:2084:4ea2:5d58:4c70:64325] AH02034: Subsequent (No.4) HTTPS request received for child 2 (server www.iles.ilc.edu.tw:443), referer: https://www.iles.ilc.edu.tw/
[Sat Aug 22 00:24:46.349596 2026] [authz_core:debug] [pid 593709:tid 593709] mod_authz_core.c(815): [client 2407:4b00:4c01:9b42:2084:4ea2:5d58:4c70:64325] AH01626: authorization result of Require all granted: granted, referer: https://www.iles.ilc.edu.tw/
[Sat Aug 22 00:24:46.349601 2026] [authz_core:debug] [pid 593709:tid 593709] mod_authz_core.c(815): [client 2407:4b00:4c01:9b42:2084:4ea2:5d58:4c70:64325] AH01626: authorization result of : granted, referer: https://www.iles.ilc.edu.tw/
[Sat Aug 22 00:24:46.350040 2026] [deflate:debug] [pid 593709:tid 593709] mod_deflate.c(909): [client 2407:4b00:4c01:9b42:2084:4ea2:5d58:4c70:64325] AH01384: Zlib: Compressed 14581 to 3765 : URL /wp-content/themes/oceanwp/assets/js/drop-down-mobile-menu.min.js, referer: https://www.iles.ilc.edu.tw/
[Sat Aug 22 00:24:46.385595 2026] [ssl:debug] [pid 593648:tid 593648] ssl_engine_kernel.c(254): [client 2407:4b00:4c01:9b42:2084:4ea2:5d58:4c70:64329] AH02034: Subsequent (No.2) HTTPS request received for child 19 (server www.iles.ilc.edu.tw:443), referer: https://www.iles.ilc.edu.tw/
[Sat Aug 22 00:24:46.385794 2026] [authz_core:debug] [pid 593648:tid 593648] mod_authz_core.c(815): [client 2407:4b00:4c01:9b42:2084:4ea2:5d58:4c70:64329] AH01626: authorization result of Require all granted: granted, referer: https://www.iles.ilc.edu.tw/
[Sat Aug 22 00:24:46.385799 2026] [authz_core:debug] [pid 593648:tid 593648] mod_authz_core.c(815): [client 2407:4b00:4c01:9b42:2084:4ea2:5d58:4c70:64329] AH01626: authorization result of : granted, referer: https://www.iles.ilc.edu.tw/
[Sat Aug 22 00:24:46.386074 2026] [deflate:debug] [pid 593648:tid 593648] mod_deflate.c(909): [client 2407:4b00:4c01:9b42:2084:4ea2:5d58:4c70:64329] AH01384: Zlib: Compressed 7540 to 2070 : URL /wp-content/themes/oceanwp/assets/js/drop-down-search.min.js, referer: https://www.iles.ilc.edu.tw/
[Sat Aug 22 00:24:46.399648 2026] [ssl:debug] [pid 593696:tid 593696] ssl_engine_kernel.c(254): [client 2407:4b00:4c01:9b42:2084:4ea2:5d58:4c70:64330] AH02034: Subsequent (No.3) HTTPS request received for child 29 (server www.iles.ilc.edu.tw:443), referer: https://www.iles.ilc.edu.tw/
[Sat Aug 22 00:24:46.399858 2026] [ssl:debug] [pid 593629:tid 593629] ssl_engine_kernel.c(254): [client 2407:4b00:4c01:9b42:2084:4ea2:5d58:4c70:64327] AH02034: Subsequent (No.3) HTTPS request received for child 7 (server www.iles.ilc.edu.tw:443), referer: https://www.iles.ilc.edu.tw/
[Sat Aug 22 00:24:46.399926 2026] [authz_core:debug] [pid 593696:tid 593696] mod_authz_core.c(815): [client 2407:4b00:4c01:9b42:2084:4ea2:5d58:4c70:64330] AH01626: authorization result of Require all granted: granted, referer: https://www.iles.ilc.edu.tw/
[Sat Aug 22 00:24:46.399933 2026] [authz_core:debug] [pid 593696:tid 593696] mod_authz_core.c(815): [client 2407:4b00:4c01:9b42:2084:4ea2:5d58:4c70:64330] AH01626: authorization result of : granted, referer: https://www.iles.ilc.edu.tw/
[Sat Aug 22 00:24:46.400020 2026] [authz_core:debug] [pid 593629:tid 593629] mod_authz_core.c(815): [client 2407:4b00:4c01:9b42:2084:4ea2:5d58:4c70:64327] AH01626: authorization result of Require all granted: granted, referer: https://www.iles.ilc.edu.tw/
[Sat Aug 22 00:24:46.400025 2026] [authz_core:debug] [pid 593629:tid 593629] mod_authz_core.c(815): [client 2407:4b00:4c01:9b42:2084:4ea2:5d58:4c70:64327] AH01626: authorization result of : granted, referer: https://www.iles.ilc.edu.tw/
[Sat Aug 22 00:24:46.400230 2026] [deflate:debug] [pid 593629:tid 593629] mod_deflate.c(909): [client 2407:4b00:4c01:9b42:2084:4ea2:5d58:4c70:64327] AH01384: Zlib: Compressed 4111 to 1423 : URL /wp-content/themes/oceanwp/assets/js/ow-lightbox.min.js, referer: https://www.iles.ilc.edu.tw/
[Sat Aug 22 00:24:46.400593 2026] [deflate:debug] [pid 593696:tid 593696] mod_deflate.c(909): [client 2407:4b00:4c01:9b42:2084:4ea2:5d58:4c70:64330] AH01384: Zlib: Compressed 20216 to 7328 : URL /wp-content/themes/oceanwp/assets/js/vendors/magnific-popup.min.js, referer: https://www.iles.ilc.edu.tw/
[Sat Aug 22 00:24:46.405368 2026] [ssl:debug] [pid 593718:tid 593718] ssl_engine_kernel.c(254): [client 2407:4b00:4c01:9b42:2084:4ea2:5d58:4c70:64326] AH02034: Subsequent (No.4) HTTPS request received for child 3 (server www.iles.ilc.edu.tw:443), referer: https://www.iles.ilc.edu.tw/
[Sat Aug 22 00:24:46.405537 2026] [authz_core:debug] [pid 593718:tid 593718] mod_authz_core.c(815): [client 2407:4b00:4c01:9b42:2084:4ea2:5d58:4c70:64326] AH01626: authorization result of Require all granted: granted, referer: https://www.iles.ilc.edu.tw/
[Sat Aug 22 00:24:46.405543 2026] [authz_core:debug] [pid 593718:tid 593718] mod_authz_core.c(815): [client 2407:4b00:4c01:9b42:2084:4ea2:5d58:4c70:64326] AH01626: authorization result of : granted, referer: https://www.iles.ilc.edu.tw/
[Sat Aug 22 00:24:46.407158 2026] [deflate:debug] [pid 593718:tid 593718] mod_deflate.c(909): [client 2407:4b00:4c01:9b42:2084:4ea2:5d58:4c70:64326] AH01384: Zlib: Compressed 57513 to 14083 : URL /wp-content/themes/oceanwp/assets/js/vendors/flickity.pkgd.min.js, referer: https://www.iles.ilc.edu.tw/
[Sat Aug 22 00:24:46.414091 2026] [ssl:debug] [pid 593709:tid 593709] ssl_engine_kernel.c(254): [client 2407:4b00:4c01:9b42:2084:4ea2:5d58:4c70:64325] AH02034: Subsequent (No.5) HTTPS request received for child 2 (server www.iles.ilc.edu.tw:443), referer: https://www.iles.ilc.edu.tw/
[Sat Aug 22 00:24:46.414233 2026] [authz_core:debug] [pid 593709:tid 593709] mod_authz_core.c(815): [client 2407:4b00:4c01:9b42:2084:4ea2:5d58:4c70:64325] AH01626: authorization result of Require all granted: granted, referer: https://www.iles.ilc.edu.tw/
[Sat Aug 22 00:24:46.414238 2026] [authz_core:debug] [pid 593709:tid 593709] mod_authz_core.c(815): [client 2407:4b00:4c01:9b42:2084:4ea2:5d58:4c70:64325] AH01626: authorization result of : granted, referer: https://www.iles.ilc.edu.tw/
[Sat Aug 22 00:24:46.414419 2026] [deflate:debug] [pid 593709:tid 593709] mod_deflate.c(909): [client 2407:4b00:4c01:9b42:2084:4ea2:5d58:4c70:64325] AH01384: Zlib: Compressed 2002 to 864 : URL /wp-content/themes/oceanwp/assets/js/ow-slider.min.js, referer: https://www.iles.ilc.edu.tw/
[Sat Aug 22 00:24:46.451727 2026] [ssl:debug] [pid 593648:tid 593648] ssl_engine_kernel.c(254): [client 2407:4b00:4c01:9b42:2084:4ea2:5d58:4c70:64329] AH02034: Subsequent (No.3) HTTPS request received for child 19 (server www.iles.ilc.edu.tw:443), referer: https://www.iles.ilc.edu.tw/
[Sat Aug 22 00:24:46.452012 2026] [watchdog:debug] [pid 593721:tid 593721] mod_watchdog.c(559): AH02980: Watchdog: nothing configured?
[Sat Aug 22 00:24:46.452039 2026] [authz_core:debug] [pid 593648:tid 593648] mod_authz_core.c(815): [client 2407:4b00:4c01:9b42:2084:4ea2:5d58:4c70:64329] AH01626: authorization result of Require all granted: granted, referer: https://www.iles.ilc.edu.tw/
[Sat Aug 22 00:24:46.452046 2026] [authz_core:debug] [pid 593648:tid 593648] mod_authz_core.c(815): [client 2407:4b00:4c01:9b42:2084:4ea2:5d58:4c70:64329] AH01626: authorization result of : granted, referer: https://www.iles.ilc.edu.tw/
[Sat Aug 22 00:24:46.452400 2026] [deflate:debug] [pid 593648:tid 593648] mod_deflate.c(909): [client 2407:4b00:4c01:9b42:2084:4ea2:5d58:4c70:64329] AH01384: Zlib: Compressed 12402 to 3229 : URL /wp-content/themes/oceanwp/assets/js/scroll-effect.min.js, referer: https://www.iles.ilc.edu.tw/
[Sat Aug 22 00:24:46.483324 2026] [ssl:debug] [pid 593696:tid 593696] ssl_engine_kernel.c(254): [client 2407:4b00:4c01:9b42:2084:4ea2:5d58:4c70:64330] AH02034: Subsequent (No.4) HTTPS request received for child 29 (server www.iles.ilc.edu.tw:443), referer: https://www.iles.ilc.edu.tw/
[Sat Aug 22 00:24:46.483379 2026] [ssl:debug] [pid 593629:tid 593629] ssl_engine_kernel.c(254): [client 2407:4b00:4c01:9b42:2084:4ea2:5d58:4c70:64327] AH02034: Subsequent (No.4) HTTPS request received for child 7 (server www.iles.ilc.edu.tw:443), referer: https://www.iles.ilc.edu.tw/
[Sat Aug 22 00:24:46.483517 2026] [authz_core:debug] [pid 593696:tid 593696] mod_authz_core.c(815): [client 2407:4b00:4c01:9b42:2084:4ea2:5d58:4c70:64330] AH01626: authorization result of Require all granted: granted, referer: https://www.iles.ilc.edu.tw/
[Sat Aug 22 00:24:46.483522 2026] [authz_core:debug] [pid 593696:tid 593696] mod_authz_core.c(815): [client 2407:4b00:4c01:9b42:2084:4ea2:5d58:4c70:64330] AH01626: authorization result of : granted, referer: https://www.iles.ilc.edu.tw/
[Sat Aug 22 00:24:46.483541 2026] [authz_core:debug] [pid 593629:tid 593629] mod_authz_core.c(815): [client 2407:4b00:4c01:9b42:2084:4ea2:5d58:4c70:64327] AH01626: authorization result of Require all granted: granted, referer: https://www.iles.ilc.edu.tw/
[Sat Aug 22 00:24:46.483545 2026] [authz_core:debug] [pid 593629:tid 593629] mod_authz_core.c(815): [client 2407:4b00:4c01:9b42:2084:4ea2:5d58:4c70:64327] AH01626: authorization result of : granted, referer: https://www.iles.ilc.edu.tw/
[Sat Aug 22 00:24:46.483687 2026] [deflate:debug] [pid 593696:tid 593696] mod_deflate.c(909): [client 2407:4b00:4c01:9b42:2084:4ea2:5d58:4c70:64330] AH01384: Zlib: Compressed 712 to 422 : URL /wp-content/plugins/ocean-extra/includes/widgets/js/flickr.min.js, referer: https://www.iles.ilc.edu.tw/
[Sat Aug 22 00:24:46.483759 2026] [deflate:debug] [pid 593629:tid 593629] mod_deflate.c(909): [client 2407:4b00:4c01:9b42:2084:4ea2:5d58:4c70:64327] AH01384: Zlib: Compressed 5181 to 1510 : URL /wp-content/themes/oceanwp/assets/js/select.min.js, referer: https://www.iles.ilc.edu.tw/
[Sat Aug 22 00:24:46.483905 2026] [ssl:debug] [pid 593720:tid 593720] ssl_engine_kernel.c(254): [client 2407:4b00:4c01:9b42:2084:4ea2:5d58:4c70:64328] AH02034: Subsequent (No.2) HTTPS request received for child 5 (server www.iles.ilc.edu.tw:443), referer: https://www.iles.ilc.edu.tw/
[Sat Aug 22 00:24:46.484034 2026] [authz_core:debug] [pid 593720:tid 593720] mod_authz_core.c(815): [client 2407:4b00:4c01:9b42:2084:4ea2:5d58:4c70:64328] AH01626: authorization result of Require all granted: granted, referer: https://www.iles.ilc.edu.tw/
[Sat Aug 22 00:24:46.484038 2026] [authz_core:debug] [pid 593720:tid 593720] mod_authz_core.c(815): [client 2407:4b00:4c01:9b42:2084:4ea2:5d58:4c70:64328] AH01626: authorization result of : granted, referer: https://www.iles.ilc.edu.tw/
[Sat Aug 22 00:24:46.484282 2026] [deflate:debug] [pid 593720:tid 593720] mod_deflate.c(909): [client 2407:4b00:4c01:9b42:2084:4ea2:5d58:4c70:64328] AH01384: Zlib: Compressed 8989 to 2304 : URL /wp-content/themes/oceanwp/assets/js/scroll-top.min.js, referer: https://www.iles.ilc.edu.tw/
[Sat Aug 22 00:24:46.486701 2026] [ssl:debug] [pid 593718:tid 593718] ssl_engine_kernel.c(254): [client 2407:4b00:4c01:9b42:2084:4ea2:5d58:4c70:64326] AH02034: Subsequent (No.5) HTTPS request received for child 3 (server www.iles.ilc.edu.tw:443), referer: https://www.iles.ilc.edu.tw/
[Sat Aug 22 00:24:46.486837 2026] [authz_core:debug] [pid 593718:tid 593718] mod_authz_core.c(815): [client 2407:4b00:4c01:9b42:2084:4ea2:5d58:4c70:64326] AH01626: authorization result of Require all granted: granted, referer: https://www.iles.ilc.edu.tw/
[Sat Aug 22 00:24:46.486842 2026] [authz_core:debug] [pid 593718:tid 593718] mod_authz_core.c(815): [client 2407:4b00:4c01:9b42:2084:4ea2:5d58:4c70:64326] AH01626: authorization result of : granted, referer: https://www.iles.ilc.edu.tw/
[Sat Aug 22 00:24:46.487000 2026] [deflate:debug] [pid 593718:tid 593718] mod_deflate.c(909): [client 2407:4b00:4c01:9b42:2084:4ea2:5d58:4c70:64326] AH01384: Zlib: Compressed 1718 to 700 : URL /wp-includes/js/hoverintent-js.min.js, referer: https://www.iles.ilc.edu.tw/
[Sat Aug 22 00:24:46.543789 2026] [ssl:debug] [pid 593709:tid 593709] ssl_engine_kernel.c(254): [client 2407:4b00:4c01:9b42:2084:4ea2:5d58:4c70:64325] AH02034: Subsequent (No.6) HTTPS request received for child 2 (server www.iles.ilc.edu.tw:443), referer: https://www.iles.ilc.edu.tw/
[Sat Aug 22 00:24:46.544547 2026] [authz_core:debug] [pid 593709:tid 593709] mod_authz_core.c(815): [client 2407:4b00:4c01:9b42:2084:4ea2:5d58:4c70:64325] AH01626: authorization result of Require all granted: granted, referer: https://www.iles.ilc.edu.tw/
[Sat Aug 22 00:24:46.544555 2026] [authz_core:debug] [pid 593709:tid 593709] mod_authz_core.c(815): [client 2407:4b00:4c01:9b42:2084:4ea2:5d58:4c70:64325] AH01626: authorization result of : granted, referer: https://www.iles.ilc.edu.tw/
[Sat Aug 22 00:24:46.561707 2026] [ssl:debug] [pid 593648:tid 593648] ssl_engine_kernel.c(254): [client 2407:4b00:4c01:9b42:2084:4ea2:5d58:4c70:64329] AH02034: Subsequent (No.4) HTTPS request received for child 19 (server www.iles.ilc.edu.tw:443), referer: https://www.iles.ilc.edu.tw/
[Sat Aug 22 00:24:46.561871 2026] [authz_core:debug] [pid 593648:tid 593648] mod_authz_core.c(815): [client 2407:4b00:4c01:9b42:2084:4ea2:5d58:4c70:64329] AH01626: authorization result of Require all granted: granted, referer: https://www.iles.ilc.edu.tw/
[Sat Aug 22 00:24:46.561883 2026] [authz_core:debug] [pid 593648:tid 593648] mod_authz_core.c(815): [client 2407:4b00:4c01:9b42:2084:4ea2:5d58:4c70:64329] AH01626: authorization result of : granted, referer: https://www.iles.ilc.edu.tw/
[Sat Aug 22 00:24:46.561989 2026] [authz_core:debug] [pid 593648:tid 593648] mod_authz_core.c(815): [client 2407:4b00:4c01:9b42:2084:4ea2:5d58:4c70:64329] AH01626: authorization result of Require all granted: granted, referer: https://www.iles.ilc.edu.tw/
[Sat Aug 22 00:24:46.561993 2026] [authz_core:debug] [pid 593648:tid 593648] mod_authz_core.c(815): [client 2407:4b00:4c01:9b42:2084:4ea2:5d58:4c70:64329] AH01626: authorization result of : granted, referer: https://www.iles.ilc.edu.tw/
[Sat Aug 22 00:24:46.958491 2026] [ssl:info] [pid 590082:tid 590082] [client 185.191.171.18:21036] AH01964: Connection to child 10 established (server 2blog.ilc.edu.tw:443)
[Sat Aug 22 00:24:46.958671 2026] [ssl:debug] [pid 590082:tid 590082] ssl_engine_kernel.c(2222): [client 185.191.171.18:21036] AH02043: SSL virtual host for servername 2blog.ilc.edu.tw found
[Sat Aug 22 00:24:47.135295 2026] [ssl:debug] [pid 590082:tid 590082] ssl_engine_kernel.c(2082): [client 185.191.171.18:21036] AH02041: Protocol: TLSv1.3, Cipher: TLS_AES_256_GCM_SHA384 (256/256 bits)
[Sat Aug 22 00:24:47.135351 2026] [socache_shmcb:debug] [pid 590082:tid 590082] mod_socache_shmcb.c(508): AH00831: socache_shmcb_store (0x35 -> subcache 21)
[Sat Aug 22 00:24:47.135357 2026] [socache_shmcb:debug] [pid 590082:tid 590082] mod_socache_shmcb.c(745): AH00842: expiring 2 and reclaiming 0 removed socache entries
[Sat Aug 22 00:24:47.135359 2026] [socache_shmcb:debug] [pid 590082:tid 590082] mod_socache_shmcb.c(765): AH00843: we now have 53 socache entries
[Sat Aug 22 00:24:47.135361 2026] [socache_shmcb:debug] [pid 590082:tid 590082] mod_socache_shmcb.c(860): AH00847: insert happened at idx=6, data=(12734:12766)
[Sat Aug 22 00:24:47.135363 2026] [socache_shmcb:debug] [pid 590082:tid 590082] mod_socache_shmcb.c(863): AH00848: finished insert, subcache: idx_pos/idx_used=41/54, data_pos/data_used=965/11983
[Sat Aug 22 00:24:47.135365 2026] [socache_shmcb:debug] [pid 590082:tid 590082] mod_socache_shmcb.c(530): AH00834: leaving socache_shmcb_store successfully
[Sat Aug 22 00:24:47.135429 2026] [socache_shmcb:debug] [pid 590082:tid 590082] mod_socache_shmcb.c(508): AH00831: socache_shmcb_store (0x5a -> subcache 26)
[Sat Aug 22 00:24:47.135434 2026] [socache_shmcb:debug] [pid 590082:tid 590082] mod_socache_shmcb.c(745): AH00842: expiring 1 and reclaiming 0 removed socache entries
[Sat Aug 22 00:24:47.135436 2026] [socache_shmcb:debug] [pid 590082:tid 590082] mod_socache_shmcb.c(765): AH00843: we now have 46 socache entries
[Sat Aug 22 00:24:47.135438 2026] [socache_shmcb:debug] [pid 590082:tid 590082] mod_socache_shmcb.c(860): AH00847: insert happened at idx=79, data=(9268:9300)
[Sat Aug 22 00:24:47.135440 2026] [socache_shmcb:debug] [pid 590082:tid 590082] mod_socache_shmcb.c(863): AH00848: finished insert, subcache: idx_pos/idx_used=33/47, data_pos/data_used=12946/10400
[Sat Aug 22 00:24:47.135441 2026] [socache_shmcb:debug] [pid 590082:tid 590082] mod_socache_shmcb.c(530): AH00834: leaving socache_shmcb_store successfully
[Sat Aug 22 00:24:47.296702 2026] [ssl:info] [pid 593710:tid 593710] (70014)End of file found: [client 66.249.68.39:58366] AH01992: SSL library error 6 reading data
[Sat Aug 22 00:24:47.296813 2026] [ssl:debug] [pid 593710:tid 593710] ssl_engine_io.c(1150): [client 66.249.68.39:58366] AH02001: Connection closed to child 8 with standard shutdown (server www.lmes.ilc.edu.tw:443)
[Sat Aug 22 00:24:47.308987 2026] [ssl:debug] [pid 590082:tid 590082] ssl_engine_kernel.c(254): [client 185.191.171.18:21036] AH02034: Initial (No.1) HTTPS request received for child 10 (server 2blog.ilc.edu.tw:443)
[Sat Aug 22 00:24:47.309171 2026] [authz_core:debug] [pid 590082:tid 590082] mod_authz_core.c(815): [client 185.191.171.18:21036] AH01626: authorization result of Require all granted: granted
[Sat Aug 22 00:24:47.309185 2026] [authz_core:debug] [pid 590082:tid 590082] mod_authz_core.c(815): [client 185.191.171.18:21036] AH01626: authorization result of : granted
[Sat Aug 22 00:24:47.309295 2026] [authz_core:debug] [pid 590082:tid 590082] mod_authz_core.c(815): [client 185.191.171.18:21036] AH01626: authorization result of Require all granted: granted
[Sat Aug 22 00:24:47.309299 2026] [authz_core:debug] [pid 590082:tid 590082] mod_authz_core.c(815): [client 185.191.171.18:21036] AH01626: authorization result of : granted
[Sat Aug 22 00:24:47.378362 2026] [ssl:info] [pid 593607:tid 593607] (104)Connection reset by peer: [client 2407:4b00:4c0a:80e7:f573:64ab:86d:ba60:57971] AH01991: SSL input filter read failed.
[Sat Aug 22 00:24:47.378428 2026] [ssl:debug] [pid 593607:tid 593607] ssl_engine_io.c(1150): [client 2407:4b00:4c0a:80e7:f573:64ab:86d:ba60:57971] AH02001: Connection closed to child 13 with standard shutdown (server www.csjh.ilc.edu.tw:443)
[Sat Aug 22 00:24:47.396685 2026] [ssl:info] [pid 593559:tid 593559] (104)Connection reset by peer: [client 2407:4b00:4c0a:80e7:f573:64ab:86d:ba60:57969] AH01991: SSL input filter read failed.
[Sat Aug 22 00:24:47.396776 2026] [ssl:debug] [pid 593559:tid 593559] ssl_engine_io.c(1150): [client 2407:4b00:4c0a:80e7:f573:64ab:86d:ba60:57969] AH02001: Connection closed to child 11 with standard shutdown (server www.csjh.ilc.edu.tw:443)
[Sat Aug 22 00:24:47.479925 2026] [deflate:debug] [pid 590082:tid 590082] mod_deflate.c(909): [client 185.191.171.18:21036] AH01384: Zlib: Compressed 56352 to 12991 : URL /index.php
[Sat Aug 22 00:24:47.480115 2026] [ssl:debug] [pid 590082:tid 590082] ssl_engine_io.c(1150): [client 185.191.171.18:21036] AH02001: Connection closed to child 10 with standard shutdown (server 2blog.ilc.edu.tw:443)
[Sat Aug 22 00:24:48.175681 2026] [headers:debug] [pid 593626:tid 593626] mod_headers.c(900): AH01503: headers: ap_headers_error_filter()
[Sat Aug 22 00:24:48.195122 2026] [ssl:info] [pid 593631:tid 593631] [client 2001:288:a201::66:125:39983] AH01964: Connection to child 9 established (server 2blog.ilc.edu.tw:443)
[Sat Aug 22 00:24:48.195273 2026] [ssl:debug] [pid 593631:tid 593631] ssl_engine_kernel.c(2252): [client 2001:288:a201::66:125:39983] AH02645: Server name not provided via TLS extension (using default/first virtual host)
[Sat Aug 22 00:24:48.195289 2026] [socache_shmcb:debug] [pid 593631:tid 593631] mod_socache_shmcb.c(545): AH00835: socache_shmcb_retrieve (0xda -> subcache 26)
[Sat Aug 22 00:24:48.195292 2026] [socache_shmcb:debug] [pid 593631:tid 593631] mod_socache_shmcb.c(896): AH00849: match at idx=36, data=13603
[Sat Aug 22 00:24:48.195294 2026] [socache_shmcb:debug] [pid 593631:tid 593631] mod_socache_shmcb.c(556): AH00836: leaving socache_shmcb_retrieve successfully
[Sat Aug 22 00:24:48.196220 2026] [ssl:debug] [pid 593631:tid 593631] ssl_engine_kernel.c(2082): [client 2001:288:a201::66:125:39983] AH02041: Protocol: TLSv1.2, Cipher: ECDHE-RSA-AES256-GCM-SHA384 (256/256 bits)
[Sat Aug 22 00:24:48.196310 2026] [ssl:debug] [pid 593631:tid 593631] ssl_engine_kernel.c(254): [client 2001:288:a201::66:125:39983] AH02034: Initial (No.1) HTTPS request received for child 9 (server 2blog.ilc.edu.tw:443)
[Sat Aug 22 00:24:48.196471 2026] [authz_core:debug] [pid 593631:tid 593631] mod_authz_core.c(815): [client 2001:288:a201::66:125:39983] AH01626: authorization result of Require all granted: granted
[Sat Aug 22 00:24:48.196475 2026] [authz_core:debug] [pid 593631:tid 593631] mod_authz_core.c(815): [client 2001:288:a201::66:125:39983] AH01626: authorization result of : granted
[Sat Aug 22 00:24:48.196584 2026] [authz_core:debug] [pid 593631:tid 593631] mod_authz_core.c(815): [client 2001:288:a201::66:125:39983] AH01626: authorization result of Require all granted: granted
[Sat Aug 22 00:24:48.196588 2026] [authz_core:debug] [pid 593631:tid 593631] mod_authz_core.c(815): [client 2001:288:a201::66:125:39983] AH01626: authorization result of : granted
[Sat Aug 22 00:24:48.196597 2026] [php7:error] [pid 593631:tid 593631] [client 2001:288:a201::66:125:39983] script '/var/www/html/2blog/active.php' not found or unable to stat
[Sat Aug 22 00:24:48.196612 2026] [headers:debug] [pid 593631:tid 593631] mod_headers.c(900): AH01503: headers: ap_headers_error_filter()
[Sat Aug 22 00:24:48.196742 2026] [ssl:debug] [pid 593631:tid 593631] ssl_engine_io.c(1150): [client 2001:288:a201::66:125:39983] AH02001: Connection closed to child 9 with standard shutdown (server 2blog.ilc.edu.tw:443)
[Sat Aug 22 00:24:48.225773 2026] [ssl:info] [pid 593711:tid 593711] (104)Connection reset by peer: [client 2407:4b00:4c0a:80e7:f573:64ab:86d:ba60:57968] AH01991: SSL input filter read failed.
[Sat Aug 22 00:24:48.225844 2026] [ssl:debug] [pid 593711:tid 593711] ssl_engine_io.c(1150): [client 2407:4b00:4c0a:80e7:f573:64ab:86d:ba60:57968] AH02001: Connection closed to child 12 with standard shutdown (server www.csjh.ilc.edu.tw:443)
[Sat Aug 22 00:24:48.229481 2026] [ssl:info] [pid 593628:tid 593628] (104)Connection reset by peer: [client 2407:4b00:4c0a:80e7:f573:64ab:86d:ba60:57972] AH01991: SSL input filter read failed.
[Sat Aug 22 00:24:48.229491 2026] [ssl:info] [pid 593698:tid 593698] (104)Connection reset by peer: [client 2407:4b00:4c0a:80e7:f573:64ab:86d:ba60:57967] AH01991: SSL input filter read failed.
[Sat Aug 22 00:24:48.229522 2026] [ssl:debug] [pid 593628:tid 593628] ssl_engine_io.c(1150): [client 2407:4b00:4c0a:80e7:f573:64ab:86d:ba60:57972] AH02001: Connection closed to child 4 with standard shutdown (server www.csjh.ilc.edu.tw:443)
[Sat Aug 22 00:24:48.229544 2026] [ssl:debug] [pid 593698:tid 593698] ssl_engine_io.c(1150): [client 2407:4b00:4c0a:80e7:f573:64ab:86d:ba60:57967] AH02001: Connection closed to child 31 with standard shutdown (server www.csjh.ilc.edu.tw:443)
[Sat Aug 22 00:24:48.277296 2026] [headers:debug] [pid 593625:tid 593625] mod_headers.c(900): AH01503: headers: ap_headers_error_filter()
[Sat Aug 22 00:24:48.337755 2026] [ssl:info] [pid 593721:tid 593721] [client 40.77.167.157:6340] AH01964: Connection to child 15 established (server 2blog.ilc.edu.tw:443)
[Sat Aug 22 00:24:48.338118 2026] [ssl:debug] [pid 593721:tid 593721] ssl_engine_kernel.c(2222): [client 40.77.167.157:6340] AH02043: SSL virtual host for servername www.ilc.edu.tw found
[Sat Aug 22 00:24:48.338291 2026] [core:debug] [pid 593721:tid 593721] protocol.c(2460): [client 40.77.167.157:6340] AH03155: select protocol from , choices=h2,http/1.1 for server www.ilc.edu.tw
[Sat Aug 22 00:24:48.397541 2026] [ssl:info] [pid 593710:tid 593710] [client 140.111.67.10:4085] AH01964: Connection to child 8 established (server 2blog.ilc.edu.tw:443)
[Sat Aug 22 00:24:48.397708 2026] [ssl:info] [pid 593710:tid 593710] (70014)End of file found: [client 140.111.67.10:4085] AH02006: SSL handshake stopped: connection was closed
[Sat Aug 22 00:24:48.397718 2026] [ssl:info] [pid 593710:tid 593710] [client 140.111.67.10:4085] AH01998: Connection closed to child 8 with abortive shutdown (server 2blog.ilc.edu.tw:443)
[Sat Aug 22 00:24:48.407266 2026] [ssl:info] [pid 593699:tid 593699] (104)Connection reset by peer: [client 2407:4b00:4c0a:80e7:f573:64ab:86d:ba60:57970] AH01991: SSL input filter read failed.
[Sat Aug 22 00:24:48.407369 2026] [ssl:debug] [pid 593699:tid 593699] ssl_engine_io.c(1150): [client 2407:4b00:4c0a:80e7:f573:64ab:86d:ba60:57970] AH02001: Connection closed to child 32 with standard shutdown (server www.csjh.ilc.edu.tw:443)
