[Sat Aug 22 00:10:23.586489 2026] [authz_core:debug] [pid 582864:tid 582864] mod_authz_core.c(815): [client 240e:971:12::233:9826] AH01626: authorization result of Require all granted: granted, referer: https://ilta.ilc.edu.tw/2009/11/page/2/
[Sat Aug 22 00:10:23.586498 2026] [authz_core:debug] [pid 582864:tid 582864] mod_authz_core.c(815): [client 240e:971:12::233:9826] AH01626: authorization result of : granted, referer: https://ilta.ilc.edu.tw/2009/11/page/2/
[Sat Aug 22 00:10:23.587093 2026] [deflate:debug] [pid 582864:tid 582864] mod_deflate.c(909): [client 240e:971:12::233:9826] AH01384: Zlib: Compressed 19719 to 4232 : URL /wp-content/themes/oceanwp/assets/js/theme.min.js, referer: https://ilta.ilc.edu.tw/2009/11/page/2/
[Sat Aug 22 00:10:23.610071 2026] [mpm_prefork:info] [pid 42267:tid 42267] AH00162: server seems busy, (you may need to increase StartServers, or Min/MaxSpareServers), spawning 8 children, there are 1 idle, and 21 total children
[Sat Aug 22 00:10:23.615020 2026] [watchdog:debug] [pid 583584:tid 583584] mod_watchdog.c(559): AH02980: Watchdog: nothing configured?
[Sat Aug 22 00:10:23.617435 2026] [watchdog:debug] [pid 583585:tid 583585] mod_watchdog.c(559): AH02980: Watchdog: nothing configured?
[Sat Aug 22 00:10:23.620040 2026] [watchdog:debug] [pid 583586:tid 583586] mod_watchdog.c(559): AH02980: Watchdog: nothing configured?
[Sat Aug 22 00:10:23.623305 2026] [watchdog:debug] [pid 583587:tid 583587] mod_watchdog.c(559): AH02980: Watchdog: nothing configured?
[Sat Aug 22 00:10:23.625051 2026] [ssl:debug] [pid 578980:tid 578980] ssl_engine_io.c(1150): [client 49.158.194.52:45765] AH02001: Connection closed to child 12 with standard shutdown (server 2blog.ilc.edu.tw:443)
[Sat Aug 22 00:10:23.625581 2026] [watchdog:debug] [pid 583588:tid 583588] mod_watchdog.c(559): AH02980: Watchdog: nothing configured?
[Sat Aug 22 00:10:23.628789 2026] [watchdog:debug] [pid 583589:tid 583589] mod_watchdog.c(559): AH02980: Watchdog: nothing configured?
[Sat Aug 22 00:10:23.631928 2026] [watchdog:debug] [pid 583590:tid 583590] mod_watchdog.c(559): AH02980: Watchdog: nothing configured?
[Sat Aug 22 00:10:23.635831 2026] [watchdog:debug] [pid 583591:tid 583591] mod_watchdog.c(559): AH02980: Watchdog: nothing configured?
[Sat Aug 22 00:10:23.656727 2026] [ssl:debug] [pid 583269:tid 583269] ssl_engine_kernel.c(2082): [client 240e:971:12::233:9824] AH02041: Protocol: TLSv1.3, Cipher: TLS_AES_256_GCM_SHA384 (256/256 bits)
[Sat Aug 22 00:10:23.656789 2026] [socache_shmcb:debug] [pid 583269:tid 583269] mod_socache_shmcb.c(508): AH00831: socache_shmcb_store (0xe5 -> subcache 5)
[Sat Aug 22 00:10:23.656803 2026] [socache_shmcb:debug] [pid 583269:tid 583269] mod_socache_shmcb.c(745): AH00842: expiring 2 and reclaiming 0 removed socache entries
[Sat Aug 22 00:10:23.656807 2026] [socache_shmcb:debug] [pid 583269:tid 583269] mod_socache_shmcb.c(765): AH00843: we now have 20 socache entries
[Sat Aug 22 00:10:23.656811 2026] [socache_shmcb:debug] [pid 583269:tid 583269] mod_socache_shmcb.c(860): AH00847: insert happened at idx=48, data=(10644:10676)
[Sat Aug 22 00:10:23.656814 2026] [socache_shmcb:debug] [pid 583269:tid 583269] mod_socache_shmcb.c(863): AH00848: finished insert, subcache: idx_pos/idx_used=28/21, data_pos/data_used=6201/4667
[Sat Aug 22 00:10:23.656817 2026] [socache_shmcb:debug] [pid 583269:tid 583269] mod_socache_shmcb.c(530): AH00834: leaving socache_shmcb_store successfully
[Sat Aug 22 00:10:23.677269 2026] [ssl:debug] [pid 578954:tid 578954] ssl_engine_kernel.c(254): [client 2409:8774:501f::1aa:46918] AH02034: Subsequent (No.2) HTTPS request received for child 2 (server ilta.ilc.edu.tw:443), referer: https://ilta.ilc.edu.tw/2014/07/24/
[Sat Aug 22 00:10:23.677467 2026] [authz_core:debug] [pid 578954:tid 578954] mod_authz_core.c(815): [client 2409:8774:501f::1aa:46918] AH01626: authorization result of Require all granted: granted, referer: https://ilta.ilc.edu.tw/2014/07/24/
[Sat Aug 22 00:10:23.677472 2026] [authz_core:debug] [pid 578954:tid 578954] mod_authz_core.c(815): [client 2409:8774:501f::1aa:46918] AH01626: authorization result of : granted, referer: https://ilta.ilc.edu.tw/2014/07/24/
[Sat Aug 22 00:10:23.677717 2026] [deflate:debug] [pid 578954:tid 578954] mod_deflate.c(909): [client 2409:8774:501f::1aa:46918] AH01384: Zlib: Compressed 3487 to 1339 : URL /wp-includes/js/admin-bar.min.js, referer: https://ilta.ilc.edu.tw/2014/07/24/
[Sat Aug 22 00:10:23.694596 2026] [ssl:debug] [pid 583269:tid 583269] ssl_engine_kernel.c(254): [client 240e:971:12::233:9824] AH02034: Initial (No.1) HTTPS request received for child 17 (server ilta.ilc.edu.tw:443), referer: https://ilta.ilc.edu.tw/2009/11/page/2/
[Sat Aug 22 00:10:23.694899 2026] [authz_core:debug] [pid 583269:tid 583269] mod_authz_core.c(815): [client 240e:971:12::233:9824] AH01626: authorization result of Require all granted: granted, referer: https://ilta.ilc.edu.tw/2009/11/page/2/
[Sat Aug 22 00:10:23.694918 2026] [authz_core:debug] [pid 583269:tid 583269] mod_authz_core.c(815): [client 240e:971:12::233:9824] AH01626: authorization result of : granted, referer: https://ilta.ilc.edu.tw/2009/11/page/2/
[Sat Aug 22 00:10:23.695781 2026] [deflate:debug] [pid 583269:tid 583269] mod_deflate.c(909): [client 240e:971:12::233:9824] AH01384: Zlib: Compressed 7540 to 2070 : URL /wp-content/themes/oceanwp/assets/js/drop-down-search.min.js, referer: https://ilta.ilc.edu.tw/2009/11/page/2/
[Sat Aug 22 00:10:23.788598 2026] [ssl:debug] [pid 583063:tid 583063] ssl_engine_kernel.c(254): [client 240e:971:12::233:9830] AH02034: Subsequent (No.3) HTTPS request received for child 10 (server ilta.ilc.edu.tw:443), referer: https://ilta.ilc.edu.tw/2009/11/page/2/
[Sat Aug 22 00:10:23.788839 2026] [authz_core:debug] [pid 583063:tid 583063] mod_authz_core.c(815): [client 240e:971:12::233:9830] AH01626: authorization result of Require all granted: granted, referer: https://ilta.ilc.edu.tw/2009/11/page/2/
[Sat Aug 22 00:10:23.788846 2026] [authz_core:debug] [pid 583063:tid 583063] mod_authz_core.c(815): [client 240e:971:12::233:9830] AH01626: authorization result of : granted, referer: https://ilta.ilc.edu.tw/2009/11/page/2/
[Sat Aug 22 00:10:23.789541 2026] [deflate:debug] [pid 583063:tid 583063] mod_deflate.c(909): [client 240e:971:12::233:9830] AH01384: Zlib: Compressed 20216 to 7328 : URL /wp-content/themes/oceanwp/assets/js/vendors/magnific-popup.min.js, referer: https://ilta.ilc.edu.tw/2009/11/page/2/
[Sat Aug 22 00:10:23.830698 2026] [ssl:debug] [pid 578963:tid 578963] ssl_engine_kernel.c(254): [client 240e:971:12::233:9828] AH02034: Subsequent (No.4) HTTPS request received for child 7 (server ilta.ilc.edu.tw:443), referer: https://ilta.ilc.edu.tw/2009/11/page/2/
[Sat Aug 22 00:10:23.830927 2026] [authz_core:debug] [pid 578963:tid 578963] mod_authz_core.c(815): [client 240e:971:12::233:9828] AH01626: authorization result of Require all granted: granted, referer: https://ilta.ilc.edu.tw/2009/11/page/2/
[Sat Aug 22 00:10:23.830935 2026] [authz_core:debug] [pid 578963:tid 578963] mod_authz_core.c(815): [client 240e:971:12::233:9828] AH01626: authorization result of : granted, referer: https://ilta.ilc.edu.tw/2009/11/page/2/
[Sat Aug 22 00:10:23.831259 2026] [deflate:debug] [pid 578963:tid 578963] mod_deflate.c(909): [client 240e:971:12::233:9828] AH01384: Zlib: Compressed 4111 to 1423 : URL /wp-content/themes/oceanwp/assets/js/ow-lightbox.min.js, referer: https://ilta.ilc.edu.tw/2009/11/page/2/
[Sat Aug 22 00:10:23.891201 2026] [ssl:debug] [pid 582864:tid 582864] ssl_engine_kernel.c(254): [client 240e:971:12::233:9826] AH02034: Subsequent (No.3) HTTPS request received for child 4 (server ilta.ilc.edu.tw:443), referer: https://ilta.ilc.edu.tw/2009/11/page/2/
[Sat Aug 22 00:10:23.891402 2026] [authz_core:debug] [pid 582864:tid 582864] mod_authz_core.c(815): [client 240e:971:12::233:9826] AH01626: authorization result of Require all granted: granted, referer: https://ilta.ilc.edu.tw/2009/11/page/2/
[Sat Aug 22 00:10:23.891407 2026] [authz_core:debug] [pid 582864:tid 582864] mod_authz_core.c(815): [client 240e:971:12::233:9826] AH01626: authorization result of : granted, referer: https://ilta.ilc.edu.tw/2009/11/page/2/
[Sat Aug 22 00:10:23.893220 2026] [deflate:debug] [pid 582864:tid 582864] mod_deflate.c(909): [client 240e:971:12::233:9826] AH01384: Zlib: Compressed 57513 to 14083 : URL /wp-content/themes/oceanwp/assets/js/vendors/flickity.pkgd.min.js, referer: https://ilta.ilc.edu.tw/2009/11/page/2/
[Sat Aug 22 00:10:23.920309 2026] [ssl:debug] [pid 578976:tid 578976] ssl_engine_io.c(1150): [client 40.77.167.35:1792] AH02001: Connection closed to child 6 with standard shutdown (server www.ilc.edu.tw:443)
[Sat Aug 22 00:10:24.015229 2026] [ssl:debug] [pid 583264:tid 583264] ssl_engine_kernel.c(2082): [client 2409:8774:501f::1aa:46916] AH02041: Protocol: TLSv1.3, Cipher: TLS_AES_256_GCM_SHA384 (256/256 bits)
[Sat Aug 22 00:10:24.015311 2026] [socache_shmcb:debug] [pid 583264:tid 583264] mod_socache_shmcb.c(508): AH00831: socache_shmcb_store (0x0c -> subcache 12)
[Sat Aug 22 00:10:24.015325 2026] [socache_shmcb:debug] [pid 583264:tid 583264] mod_socache_shmcb.c(745): AH00842: expiring 1 and reclaiming 0 removed socache entries
[Sat Aug 22 00:10:24.015328 2026] [socache_shmcb:debug] [pid 583264:tid 583264] mod_socache_shmcb.c(765): AH00843: we now have 23 socache entries
[Sat Aug 22 00:10:24.015330 2026] [socache_shmcb:debug] [pid 583264:tid 583264] mod_socache_shmcb.c(860): AH00847: insert happened at idx=48, data=(10587:10619)
[Sat Aug 22 00:10:24.015333 2026] [socache_shmcb:debug] [pid 583264:tid 583264] mod_socache_shmcb.c(863): AH00848: finished insert, subcache: idx_pos/idx_used=25/24, data_pos/data_used=5492/5319
[Sat Aug 22 00:10:24.015334 2026] [socache_shmcb:debug] [pid 583264:tid 583264] mod_socache_shmcb.c(530): AH00834: leaving socache_shmcb_store successfully
[Sat Aug 22 00:10:24.015538 2026] [ssl:debug] [pid 583264:tid 583264] ssl_engine_kernel.c(254): [client 2409:8774:501f::1aa:46916] AH02034: Initial (No.1) HTTPS request received for child 15 (server ilta.ilc.edu.tw:443), referer: https://ilta.ilc.edu.tw/2014/07/24/
[Sat Aug 22 00:10:24.015926 2026] [authz_core:debug] [pid 583264:tid 583264] mod_authz_core.c(815): [client 2409:8774:501f::1aa:46916] AH01626: authorization result of Require all granted: granted, referer: https://ilta.ilc.edu.tw/2014/07/24/
[Sat Aug 22 00:10:24.015937 2026] [authz_core:debug] [pid 583264:tid 583264] mod_authz_core.c(815): [client 2409:8774:501f::1aa:46916] AH01626: authorization result of : granted, referer: https://ilta.ilc.edu.tw/2014/07/24/
[Sat Aug 22 00:10:24.017105 2026] [deflate:debug] [pid 583264:tid 583264] mod_deflate.c(909): [client 2409:8774:501f::1aa:46916] AH01384: Zlib: Compressed 5520 to 1785 : URL /wp-includes/js/imagesloaded.min.js, referer: https://ilta.ilc.edu.tw/2014/07/24/
[Sat Aug 22 00:10:24.068126 2026] [ssl:debug] [pid 578954:tid 578954] ssl_engine_kernel.c(254): [client 2409:8774:501f::1aa:46918] AH02034: Subsequent (No.3) HTTPS request received for child 2 (server ilta.ilc.edu.tw:443), referer: https://ilta.ilc.edu.tw/2014/07/24/
[Sat Aug 22 00:10:24.068338 2026] [authz_core:debug] [pid 578954:tid 578954] mod_authz_core.c(815): [client 2409:8774:501f::1aa:46918] AH01626: authorization result of Require all granted: granted, referer: https://ilta.ilc.edu.tw/2014/07/24/
[Sat Aug 22 00:10:24.068346 2026] [authz_core:debug] [pid 578954:tid 578954] mod_authz_core.c(815): [client 2409:8774:501f::1aa:46918] AH01626: authorization result of : granted, referer: https://ilta.ilc.edu.tw/2014/07/24/
[Sat Aug 22 00:10:24.068884 2026] [deflate:debug] [pid 578954:tid 578954] mod_deflate.c(909): [client 2409:8774:501f::1aa:46918] AH01384: Zlib: Compressed 19719 to 4232 : URL /wp-content/themes/oceanwp/assets/js/theme.min.js, referer: https://ilta.ilc.edu.tw/2014/07/24/
[Sat Aug 22 00:10:24.079774 2026] [ssl:debug] [pid 583063:tid 583063] ssl_engine_kernel.c(254): [client 240e:971:12::233:9830] AH02034: Subsequent (No.4) HTTPS request received for child 10 (server ilta.ilc.edu.tw:443), referer: https://ilta.ilc.edu.tw/2009/11/page/2/
[Sat Aug 22 00:10:24.080227 2026] [authz_core:debug] [pid 583063:tid 583063] mod_authz_core.c(815): [client 240e:971:12::233:9830] AH01626: authorization result of Require all granted: granted, referer: https://ilta.ilc.edu.tw/2009/11/page/2/
[Sat Aug 22 00:10:24.080238 2026] [authz_core:debug] [pid 583063:tid 583063] mod_authz_core.c(815): [client 240e:971:12::233:9830] AH01626: authorization result of : granted, referer: https://ilta.ilc.edu.tw/2009/11/page/2/
[Sat Aug 22 00:10:24.080449 2026] [deflate:debug] [pid 583063:tid 583063] mod_deflate.c(909): [client 240e:971:12::233:9830] AH01384: Zlib: Compressed 2002 to 864 : URL /wp-content/themes/oceanwp/assets/js/ow-slider.min.js, referer: https://ilta.ilc.edu.tw/2009/11/page/2/
[Sat Aug 22 00:10:24.125091 2026] [ssl:debug] [pid 578963:tid 578963] ssl_engine_kernel.c(254): [client 240e:971:12::233:9828] AH02034: Subsequent (No.5) HTTPS request received for child 7 (server ilta.ilc.edu.tw:443), referer: https://ilta.ilc.edu.tw/2009/11/page/2/
[Sat Aug 22 00:10:24.125311 2026] [authz_core:debug] [pid 578963:tid 578963] mod_authz_core.c(815): [client 240e:971:12::233:9828] AH01626: authorization result of Require all granted: granted, referer: https://ilta.ilc.edu.tw/2009/11/page/2/
[Sat Aug 22 00:10:24.125318 2026] [authz_core:debug] [pid 578963:tid 578963] mod_authz_core.c(815): [client 240e:971:12::233:9828] AH01626: authorization result of : granted, referer: https://ilta.ilc.edu.tw/2009/11/page/2/
[Sat Aug 22 00:10:24.125792 2026] [deflate:debug] [pid 578963:tid 578963] mod_deflate.c(909): [client 240e:971:12::233:9828] AH01384: Zlib: Compressed 12402 to 3229 : URL /wp-content/themes/oceanwp/assets/js/scroll-effect.min.js, referer: https://ilta.ilc.edu.tw/2009/11/page/2/
[Sat Aug 22 00:10:24.137119 2026] [ssl:debug] [pid 578705:tid 578705] ssl_engine_kernel.c(254): [client 2408:864e:8000:109::2b:17700] AH02034: Subsequent (No.2) HTTPS request received for child 35 (server 2blog.ilc.edu.tw:443), referer: https://2blog.ilc.edu.tw/6030/category/c-13875/c-70029/
[Sat Aug 22 00:10:24.137345 2026] [authz_core:debug] [pid 578705:tid 578705] mod_authz_core.c(815): [client 2408:864e:8000:109::2b:17700] AH01626: authorization result of Require all granted: granted, referer: https://2blog.ilc.edu.tw/6030/category/c-13875/c-70029/
[Sat Aug 22 00:10:24.137351 2026] [authz_core:debug] [pid 578705:tid 578705] mod_authz_core.c(815): [client 2408:864e:8000:109::2b:17700] AH01626: authorization result of : granted, referer: https://2blog.ilc.edu.tw/6030/category/c-13875/c-70029/
[Sat Aug 22 00:10:24.137474 2026] [authz_core:debug] [pid 578705:tid 578705] mod_authz_core.c(815): [client 2408:864e:8000:109::2b:17700] AH01626: authorization result of Require all granted: granted, referer: https://2blog.ilc.edu.tw/6030/category/c-13875/c-70029/
[Sat Aug 22 00:10:24.137479 2026] [authz_core:debug] [pid 578705:tid 578705] mod_authz_core.c(815): [client 2408:864e:8000:109::2b:17700] AH01626: authorization result of : granted, referer: https://2blog.ilc.edu.tw/6030/category/c-13875/c-70029/
[Sat Aug 22 00:10:24.366484 2026] [ssl:debug] [pid 583063:tid 583063] ssl_engine_kernel.c(254): [client 240e:971:12::233:9830] AH02034: Subsequent (No.5) HTTPS request received for child 10 (server ilta.ilc.edu.tw:443), referer: https://ilta.ilc.edu.tw/2009/11/page/2/
[Sat Aug 22 00:10:24.366685 2026] [authz_core:debug] [pid 583063:tid 583063] mod_authz_core.c(815): [client 240e:971:12::233:9830] AH01626: authorization result of Require all granted: granted, referer: https://ilta.ilc.edu.tw/2009/11/page/2/
[Sat Aug 22 00:10:24.366691 2026] [authz_core:debug] [pid 583063:tid 583063] mod_authz_core.c(815): [client 240e:971:12::233:9830] AH01626: authorization result of : granted, referer: https://ilta.ilc.edu.tw/2009/11/page/2/
[Sat Aug 22 00:10:24.366928 2026] [deflate:debug] [pid 583063:tid 583063] mod_deflate.c(909): [client 240e:971:12::233:9830] AH01384: Zlib: Compressed 5181 to 1510 : URL /wp-content/themes/oceanwp/assets/js/select.min.js, referer: https://ilta.ilc.edu.tw/2009/11/page/2/
[Sat Aug 22 00:10:24.386828 2026] [ssl:debug] [pid 583269:tid 583269] ssl_engine_kernel.c(254): [client 240e:971:12::233:9824] AH02034: Subsequent (No.2) HTTPS request received for child 17 (server ilta.ilc.edu.tw:443), referer: https://ilta.ilc.edu.tw/2009/11/page/2/
[Sat Aug 22 00:10:24.387044 2026] [authz_core:debug] [pid 583269:tid 583269] mod_authz_core.c(815): [client 240e:971:12::233:9824] AH01626: authorization result of Require all granted: granted, referer: https://ilta.ilc.edu.tw/2009/11/page/2/
[Sat Aug 22 00:10:24.387050 2026] [authz_core:debug] [pid 583269:tid 583269] mod_authz_core.c(815): [client 240e:971:12::233:9824] AH01626: authorization result of : granted, referer: https://ilta.ilc.edu.tw/2009/11/page/2/
[Sat Aug 22 00:10:24.387283 2026] [deflate:debug] [pid 583269:tid 583269] mod_deflate.c(909): [client 240e:971:12::233:9824] AH01384: Zlib: Compressed 712 to 422 : URL /wp-content/plugins/ocean-extra/includes/widgets/js/flickr.min.js, referer: https://ilta.ilc.edu.tw/2009/11/page/2/
[Sat Aug 22 00:10:24.513245 2026] [ssl:debug] [pid 578954:tid 578954] ssl_engine_kernel.c(254): [client 2409:8774:501f::1aa:46918] AH02034: Subsequent (No.4) HTTPS request received for child 2 (server ilta.ilc.edu.tw:443), referer: https://ilta.ilc.edu.tw/2014/07/24/
[Sat Aug 22 00:10:24.513496 2026] [authz_core:debug] [pid 578954:tid 578954] mod_authz_core.c(815): [client 2409:8774:501f::1aa:46918] AH01626: authorization result of Require all granted: granted, referer: https://ilta.ilc.edu.tw/2014/07/24/
[Sat Aug 22 00:10:24.513502 2026] [authz_core:debug] [pid 578954:tid 578954] mod_authz_core.c(815): [client 2409:8774:501f::1aa:46918] AH01626: authorization result of : granted, referer: https://ilta.ilc.edu.tw/2014/07/24/
[Sat Aug 22 00:10:24.514017 2026] [deflate:debug] [pid 578954:tid 578954] mod_deflate.c(909): [client 2409:8774:501f::1aa:46918] AH01384: Zlib: Compressed 14581 to 3765 : URL /wp-content/themes/oceanwp/assets/js/drop-down-mobile-menu.min.js, referer: https://ilta.ilc.edu.tw/2014/07/24/
[Sat Aug 22 00:10:24.600634 2026] [ssl:info] [pid 578843:tid 578843] (70007)The timeout specified has expired: [client 31.57.193.66:57649] AH01993: SSL output filter write failed.
[Sat Aug 22 00:10:24.600818 2026] [socache_shmcb:debug] [pid 578843:tid 578843] mod_socache_shmcb.c(570): AH00837: socache_shmcb_remove (0x3f -> subcache 31)
[Sat Aug 22 00:10:24.600823 2026] [socache_shmcb:debug] [pid 578843:tid 578843] mod_socache_shmcb.c(952): AH00852: possible match at idx=53, data=11790
[Sat Aug 22 00:10:24.600825 2026] [socache_shmcb:debug] [pid 578843:tid 578843] mod_socache_shmcb.c(957): AH00853: shmcb_subcache_remove removing matching entry
[Sat Aug 22 00:10:24.600827 2026] [socache_shmcb:debug] [pid 578843:tid 578843] mod_socache_shmcb.c(585): AH00839: leaving socache_shmcb_remove successfully
[Sat Aug 22 00:10:24.618635 2026] [ssl:debug] [pid 578705:tid 578705] ssl_engine_kernel.c(254): [client 2408:864e:8000:109::2b:17700] AH02034: Subsequent (No.3) HTTPS request received for child 35 (server 2blog.ilc.edu.tw:443), referer: https://2blog.ilc.edu.tw/6030/category/c-13875/c-70029/
[Sat Aug 22 00:10:24.618868 2026] [authz_core:debug] [pid 578705:tid 578705] mod_authz_core.c(815): [client 2408:864e:8000:109::2b:17700] AH01626: authorization result of Require all granted: granted, referer: https://2blog.ilc.edu.tw/6030/category/c-13875/c-70029/
[Sat Aug 22 00:10:24.618877 2026] [authz_core:debug] [pid 578705:tid 578705] mod_authz_core.c(815): [client 2408:864e:8000:109::2b:17700] AH01626: authorization result of : granted, referer: https://2blog.ilc.edu.tw/6030/category/c-13875/c-70029/
[Sat Aug 22 00:10:24.898497 2026] [ssl:debug] [pid 578838:tid 578838] ssl_engine_kernel.c(254): [client 2409:8774:501f::1aa:46920] AH02034: Subsequent (No.3) HTTPS request received for child 21 (server ilta.ilc.edu.tw:443), referer: https://ilta.ilc.edu.tw/2014/07/24/
[Sat Aug 22 00:10:24.898761 2026] [authz_core:debug] [pid 578838:tid 578838] mod_authz_core.c(815): [client 2409:8774:501f::1aa:46920] AH01626: authorization result of Require all granted: granted, referer: https://ilta.ilc.edu.tw/2014/07/24/
[Sat Aug 22 00:10:24.898769 2026] [authz_core:debug] [pid 578838:tid 578838] mod_authz_core.c(815): [client 2409:8774:501f::1aa:46920] AH01626: authorization result of : granted, referer: https://ilta.ilc.edu.tw/2014/07/24/
[Sat Aug 22 00:10:24.899094 2026] [deflate:debug] [pid 578838:tid 578838] mod_deflate.c(909): [client 2409:8774:501f::1aa:46920] AH01384: Zlib: Compressed 7540 to 2070 : URL /wp-content/themes/oceanwp/assets/js/drop-down-search.min.js, referer: https://ilta.ilc.edu.tw/2014/07/24/
[Sat Aug 22 00:10:24.931906 2026] [ssl:debug] [pid 583264:tid 583264] ssl_engine_kernel.c(254): [client 2409:8774:501f::1aa:46916] AH02034: Subsequent (No.2) HTTPS request received for child 15 (server ilta.ilc.edu.tw:443), referer: https://ilta.ilc.edu.tw/2014/07/24/
[Sat Aug 22 00:10:24.932157 2026] [authz_core:debug] [pid 583264:tid 583264] mod_authz_core.c(815): [client 2409:8774:501f::1aa:46916] AH01626: authorization result of Require all granted: granted, referer: https://ilta.ilc.edu.tw/2014/07/24/
[Sat Aug 22 00:10:24.932163 2026] [authz_core:debug] [pid 583264:tid 583264] mod_authz_core.c(815): [client 2409:8774:501f::1aa:46916] AH01626: authorization result of : granted, referer: https://ilta.ilc.edu.tw/2014/07/24/
[Sat Aug 22 00:10:24.932933 2026] [deflate:debug] [pid 583264:tid 583264] mod_deflate.c(909): [client 2409:8774:501f::1aa:46916] AH01384: Zlib: Compressed 20216 to 7328 : URL /wp-content/themes/oceanwp/assets/js/vendors/magnific-popup.min.js, referer: https://ilta.ilc.edu.tw/2014/07/24/
[Sat Aug 22 00:10:25.304302 2026] [ssl:debug] [pid 578838:tid 578838] ssl_engine_kernel.c(254): [client 2409:8774:501f::1aa:46920] AH02034: Subsequent (No.4) HTTPS request received for child 21 (server ilta.ilc.edu.tw:443), referer: https://ilta.ilc.edu.tw/2014/07/24/
[Sat Aug 22 00:10:25.304517 2026] [authz_core:debug] [pid 578838:tid 578838] mod_authz_core.c(815): [client 2409:8774:501f::1aa:46920] AH01626: authorization result of Require all granted: granted, referer: https://ilta.ilc.edu.tw/2014/07/24/
[Sat Aug 22 00:10:25.304523 2026] [authz_core:debug] [pid 578838:tid 578838] mod_authz_core.c(815): [client 2409:8774:501f::1aa:46920] AH01626: authorization result of : granted, referer: https://ilta.ilc.edu.tw/2014/07/24/
[Sat Aug 22 00:10:25.304806 2026] [deflate:debug] [pid 578838:tid 578838] mod_deflate.c(909): [client 2409:8774:501f::1aa:46920] AH01384: Zlib: Compressed 4111 to 1423 : URL /wp-content/themes/oceanwp/assets/js/ow-lightbox.min.js, referer: https://ilta.ilc.edu.tw/2014/07/24/
[Sat Aug 22 00:10:25.458152 2026] [ssl:info] [pid 583584:tid 583584] [client 2600:3c0c::2000:3aff:fef3:fea9:54862] AH01964: Connection to child 18 established (server 2blog.ilc.edu.tw:443)
[Sat Aug 22 00:10:25.458513 2026] [ssl:debug] [pid 583584:tid 583584] ssl_engine_kernel.c(2222): [client 2600:3c0c::2000:3aff:fef3:fea9:54862] AH02043: SSL virtual host for servername 2blog.ilc.edu.tw found
[Sat Aug 22 00:10:25.458618 2026] [core:debug] [pid 583584:tid 583584] protocol.c(2460): [client 2600:3c0c::2000:3aff:fef3:fea9:54862] AH03155: select protocol from , choices=http/1.1 for server 2blog.ilc.edu.tw
[Sat Aug 22 00:10:25.525921 2026] [authz_core:debug] [pid 583585:tid 583585] mod_authz_core.c(815): [client 34.236.185.101:45117] AH01626: authorization result of Require all granted: granted
[Sat Aug 22 00:10:25.525963 2026] [authz_core:debug] [pid 583585:tid 583585] mod_authz_core.c(815): [client 34.236.185.101:45117] AH01626: authorization result of : granted
[Sat Aug 22 00:10:25.528831 2026] [authz_core:debug] [pid 583585:tid 583585] mod_authz_core.c(815): [client 34.236.185.101:45117] AH01626: authorization result of Require all granted: granted
[Sat Aug 22 00:10:25.528864 2026] [authz_core:debug] [pid 583585:tid 583585] mod_authz_core.c(815): [client 34.236.185.101:45117] AH01626: authorization result of : granted
[Sat Aug 22 00:10:25.530650 2026] [deflate:debug] [pid 583585:tid 583585] mod_deflate.c(909): [client 34.236.185.101:45117] AH01384: Zlib: Compressed 814 to 385 : URL /wp-content/uploads/sites/542/elementor/css/
[Sat Aug 22 00:10:25.562211 2026] [ssl:debug] [pid 583584:tid 583584] ssl_engine_kernel.c(2082): [client 2600:3c0c::2000:3aff:fef3:fea9:54862] AH02041: Protocol: TLSv1.3, Cipher: TLS_AES_256_GCM_SHA384 (256/256 bits)
[Sat Aug 22 00:10:25.562283 2026] [socache_shmcb:debug] [pid 583584:tid 583584] mod_socache_shmcb.c(508): AH00831: socache_shmcb_store (0xbf -> subcache 31)
[Sat Aug 22 00:10:25.562299 2026] [socache_shmcb:debug] [pid 583584:tid 583584] mod_socache_shmcb.c(745): AH00842: expiring 3 and reclaiming 0 removed socache entries
[Sat Aug 22 00:10:25.562303 2026] [socache_shmcb:debug] [pid 583584:tid 583584] mod_socache_shmcb.c(765): AH00843: we now have 21 socache entries
[Sat Aug 22 00:10:25.562315 2026] [socache_shmcb:debug] [pid 583584:tid 583584] mod_socache_shmcb.c(860): AH00847: insert happened at idx=58, data=(12910:12942)
[Sat Aug 22 00:10:25.562319 2026] [socache_shmcb:debug] [pid 583584:tid 583584] mod_socache_shmcb.c(863): AH00848: finished insert, subcache: idx_pos/idx_used=37/22, data_pos/data_used=8250/4885
[Sat Aug 22 00:10:25.562322 2026] [socache_shmcb:debug] [pid 583584:tid 583584] mod_socache_shmcb.c(530): AH00834: leaving socache_shmcb_store successfully
[Sat Aug 22 00:10:25.562395 2026] [socache_shmcb:debug] [pid 583584:tid 583584] mod_socache_shmcb.c(508): AH00831: socache_shmcb_store (0xd7 -> subcache 23)
[Sat Aug 22 00:10:25.562403 2026] [socache_shmcb:debug] [pid 583584:tid 583584] mod_socache_shmcb.c(745): AH00842: expiring 1 and reclaiming 0 removed socache entries
[Sat Aug 22 00:10:25.562405 2026] [socache_shmcb:debug] [pid 583584:tid 583584] mod_socache_shmcb.c(765): AH00843: we now have 22 socache entries
[Sat Aug 22 00:10:25.562407 2026] [socache_shmcb:debug] [pid 583584:tid 583584] mod_socache_shmcb.c(860): AH00847: insert happened at idx=59, data=(13060:13092)
[Sat Aug 22 00:10:25.562408 2026] [socache_shmcb:debug] [pid 583584:tid 583584] mod_socache_shmcb.c(863): AH00848: finished insert, subcache: idx_pos/idx_used=37/23, data_pos/data_used=8173/5112
[Sat Aug 22 00:10:25.562410 2026] [socache_shmcb:debug] [pid 583584:tid 583584] mod_socache_shmcb.c(530): AH00834: leaving socache_shmcb_store successfully
[Sat Aug 22 00:10:25.562562 2026] [ssl:debug] [pid 583584:tid 583584] ssl_engine_kernel.c(254): [client 2600:3c0c::2000:3aff:fef3:fea9:54862] AH02034: Initial (No.1) HTTPS request received for child 18 (server 2blog.ilc.edu.tw:443)
[Sat Aug 22 00:10:25.562987 2026] [authz_core:debug] [pid 583584:tid 583584] mod_authz_core.c(815): [client 2600:3c0c::2000:3aff:fef3:fea9:54862] AH01626: authorization result of Require all granted: granted
[Sat Aug 22 00:10:25.562999 2026] [authz_core:debug] [pid 583584:tid 583584] mod_authz_core.c(815): [client 2600:3c0c::2000:3aff:fef3:fea9:54862] AH01626: authorization result of : granted
[Sat Aug 22 00:10:25.712564 2026] [ssl:debug] [pid 578838:tid 578838] ssl_engine_kernel.c(254): [client 2409:8774:501f::1aa:46920] AH02034: Subsequent (No.5) HTTPS request received for child 21 (server ilta.ilc.edu.tw:443), referer: https://ilta.ilc.edu.tw/2014/07/24/
[Sat Aug 22 00:10:25.712747 2026] [authz_core:debug] [pid 578838:tid 578838] mod_authz_core.c(815): [client 2409:8774:501f::1aa:46920] AH01626: authorization result of Require all granted: granted, referer: https://ilta.ilc.edu.tw/2014/07/24/
[Sat Aug 22 00:10:25.712752 2026] [authz_core:debug] [pid 578838:tid 578838] mod_authz_core.c(815): [client 2409:8774:501f::1aa:46920] AH01626: authorization result of : granted, referer: https://ilta.ilc.edu.tw/2014/07/24/
[Sat Aug 22 00:10:25.714428 2026] [deflate:debug] [pid 578838:tid 578838] mod_deflate.c(909): [client 2409:8774:501f::1aa:46920] AH01384: Zlib: Compressed 57513 to 14083 : URL /wp-content/themes/oceanwp/assets/js/vendors/flickity.pkgd.min.js, referer: https://ilta.ilc.edu.tw/2014/07/24/
[Sat Aug 22 00:10:25.724089 2026] [ssl:debug] [pid 583584:tid 583584] ssl_engine_io.c(1150): [client 2600:3c0c::2000:3aff:fef3:fea9:54862] AH02001: Connection closed to child 18 with standard shutdown (server 2blog.ilc.edu.tw:443)
[Sat Aug 22 00:10:25.737670 2026] [ssl:debug] [pid 578854:tid 578854] ssl_engine_io.c(1150): [client 2408:864e:8000:109::2b:17706] AH02001: Connection closed to child 3 with standard shutdown (server 2blog.ilc.edu.tw:443)
[Sat Aug 22 00:10:25.759767 2026] [ssl:debug] [pid 583064:tid 583064] ssl_engine_kernel.c(254): [client 240e:971:12::233:9832] AH02034: Subsequent (No.2) HTTPS request received for child 11 (server ilta.ilc.edu.tw:443), referer: https://ilta.ilc.edu.tw/wp-content/cache/ilta.ilc.edu.tw/wpfc-minified/7vo8n6iy/6wvk.css
[Sat Aug 22 00:10:25.759984 2026] [authz_core:debug] [pid 583064:tid 583064] mod_authz_core.c(815): [client 240e:971:12::233:9832] AH01626: authorization result of Require all granted: granted, referer: https://ilta.ilc.edu.tw/wp-content/cache/ilta.ilc.edu.tw/wpfc-minified/7vo8n6iy/6wvk.css
[Sat Aug 22 00:10:25.759999 2026] [authz_core:debug] [pid 583064:tid 583064] mod_authz_core.c(815): [client 240e:971:12::233:9832] AH01626: authorization result of : granted, referer: https://ilta.ilc.edu.tw/wp-content/cache/ilta.ilc.edu.tw/wpfc-minified/7vo8n6iy/6wvk.css
[Sat Aug 22 00:10:25.773019 2026] [ssl:debug] [pid 582864:tid 582864] ssl_engine_kernel.c(254): [client 240e:971:12::233:9826] AH02034: Subsequent (No.4) HTTPS request received for child 4 (server ilta.ilc.edu.tw:443), referer: https://ilta.ilc.edu.tw/wp-content/cache/ilta.ilc.edu.tw/wpfc-minified/7vo8n6iy/6wvk.css
[Sat Aug 22 00:10:25.773219 2026] [authz_core:debug] [pid 582864:tid 582864] mod_authz_core.c(815): [client 240e:971:12::233:9826] AH01626: authorization result of Require all granted: granted, referer: https://ilta.ilc.edu.tw/wp-content/cache/ilta.ilc.edu.tw/wpfc-minified/7vo8n6iy/6wvk.css
[Sat Aug 22 00:10:25.773224 2026] [authz_core:debug] [pid 582864:tid 582864] mod_authz_core.c(815): [client 240e:971:12::233:9826] AH01626: authorization result of : granted, referer: https://ilta.ilc.edu.tw/wp-content/cache/ilta.ilc.edu.tw/wpfc-minified/7vo8n6iy/6wvk.css
[Sat Aug 22 00:10:25.797256 2026] [ssl:debug] [pid 578954:tid 578954] ssl_engine_kernel.c(254): [client 2409:8774:501f::1aa:46918] AH02034: Subsequent (No.5) HTTPS request received for child 2 (server ilta.ilc.edu.tw:443), referer: https://ilta.ilc.edu.tw/2014/07/24/
[Sat Aug 22 00:10:25.797565 2026] [authz_core:debug] [pid 578954:tid 578954] mod_authz_core.c(815): [client 2409:8774:501f::1aa:46918] AH01626: authorization result of Require all granted: granted, referer: https://ilta.ilc.edu.tw/2014/07/24/
[Sat Aug 22 00:10:25.797574 2026] [authz_core:debug] [pid 578954:tid 578954] mod_authz_core.c(815): [client 2409:8774:501f::1aa:46918] AH01626: authorization result of : granted, referer: https://ilta.ilc.edu.tw/2014/07/24/
[Sat Aug 22 00:10:25.797776 2026] [deflate:debug] [pid 578954:tid 578954] mod_deflate.c(909): [client 2409:8774:501f::1aa:46918] AH01384: Zlib: Compressed 2002 to 864 : URL /wp-content/themes/oceanwp/assets/js/ow-slider.min.js, referer: https://ilta.ilc.edu.tw/2014/07/24/
[Sat Aug 22 00:10:26.131281 2026] [ssl:debug] [pid 583264:tid 583264] ssl_engine_kernel.c(254): [client 2409:8774:501f::1aa:46916] AH02034: Subsequent (No.3) HTTPS request received for child 15 (server ilta.ilc.edu.tw:443), referer: https://ilta.ilc.edu.tw/2014/07/24/
[Sat Aug 22 00:10:26.131563 2026] [authz_core:debug] [pid 583264:tid 583264] mod_authz_core.c(815): [client 2409:8774:501f::1aa:46916] AH01626: authorization result of Require all granted: granted, referer: https://ilta.ilc.edu.tw/2014/07/24/
[Sat Aug 22 00:10:26.131574 2026] [authz_core:debug] [pid 583264:tid 583264] mod_authz_core.c(815): [client 2409:8774:501f::1aa:46916] AH01626: authorization result of : granted, referer: https://ilta.ilc.edu.tw/2014/07/24/
[Sat Aug 22 00:10:26.132002 2026] [deflate:debug] [pid 583264:tid 583264] mod_deflate.c(909): [client 2409:8774:501f::1aa:46916] AH01384: Zlib: Compressed 12402 to 3229 : URL /wp-content/themes/oceanwp/assets/js/scroll-effect.min.js, referer: https://ilta.ilc.edu.tw/2014/07/24/
[Sat Aug 22 00:10:26.191352 2026] [ssl:debug] [pid 578981:tid 578981] ssl_engine_io.c(1150): [client 2408:864e:8000:109::2b:17716] AH02001: Connection closed to child 13 with standard shutdown (server 2blog.ilc.edu.tw:443)
[Sat Aug 22 00:10:26.320968 2026] [ssl:debug] [pid 578953:tid 578953] ssl_engine_io.c(1150): [client 2409:8774:501f::1aa:46552] AH02001: Connection closed to child 0 with standard shutdown (server ilta.ilc.edu.tw:443)
[Sat Aug 22 00:10:26.411390 2026] [ssl:debug] [pid 578975:tid 578975] ssl_engine_io.c(1150): [client 66.249.79.138:56228] AH02001: Connection closed to child 5 with standard shutdown (server www.jwes.ilc.edu.tw:443)
[Sat Aug 22 00:10:26.462457 2026] [ssl:info] [pid 583586:tid 583586] [client 2401:e180:8dd4:276:c423:48d7:5f39:4413:58670] AH01964: Connection to child 20 established (server 2blog.ilc.edu.tw:443)
[Sat Aug 22 00:10:26.467085 2026] [ssl:debug] [pid 583586:tid 583586] ssl_engine_kernel.c(2222): [client 2401:e180:8dd4:276:c423:48d7:5f39:4413:58670] AH02043: SSL virtual host for servername www.waldorf.ilc.edu.tw found
[Sat Aug 22 00:10:26.467209 2026] [core:debug] [pid 583586:tid 583586] protocol.c(2460): [client 2401:e180:8dd4:276:c423:48d7:5f39:4413:58670] AH03155: select protocol from , choices=h2,http/1.1 for server www.waldorf.ilc.edu.tw
[Sat Aug 22 00:10:26.467301 2026] [ssl:debug] [pid 583586:tid 583586] ssl_util_stapling.c(819): AH01951: stapling_cb: OCSP Stapling callback called
[Sat Aug 22 00:10:26.467312 2026] [ssl:info] [pid 583586:tid 583586] AH01926: stapling_get_certinfo: stapling not supported for certificate
[Sat Aug 22 00:10:26.472434 2026] [ssl:info] [pid 583587:tid 583587] [client 2401:e180:8dd4:276:c423:48d7:5f39:4413:58694] AH01964: Connection to child 22 established (server 2blog.ilc.edu.tw:443)
[Sat Aug 22 00:10:26.472911 2026] [ssl:debug] [pid 583587:tid 583587] ssl_engine_kernel.c(2222): [client 2401:e180:8dd4:276:c423:48d7:5f39:4413:58694] AH02043: SSL virtual host for servername www.waldorf.ilc.edu.tw found
[Sat Aug 22 00:10:26.473013 2026] [core:debug] [pid 583587:tid 583587] protocol.c(2460): [client 2401:e180:8dd4:276:c423:48d7:5f39:4413:58694] AH03155: select protocol from , choices=h2,http/1.1 for server www.waldorf.ilc.edu.tw
[Sat Aug 22 00:10:26.473093 2026] [ssl:debug] [pid 583587:tid 583587] ssl_util_stapling.c(819): AH01951: stapling_cb: OCSP Stapling callback called
[Sat Aug 22 00:10:26.473107 2026] [ssl:info] [pid 583587:tid 583587] AH01926: stapling_get_certinfo: stapling not supported for certificate
[Sat Aug 22 00:10:26.477809 2026] [ssl:info] [pid 578980:tid 578980] [client 2401:e180:8dd4:276:c423:48d7:5f39:4413:58684] AH01964: Connection to child 12 established (server 2blog.ilc.edu.tw:443)
[Sat Aug 22 00:10:26.478072 2026] [ssl:debug] [pid 578980:tid 578980] ssl_engine_kernel.c(2222): [client 2401:e180:8dd4:276:c423:48d7:5f39:4413:58684] AH02043: SSL virtual host for servername www.waldorf.ilc.edu.tw found
[Sat Aug 22 00:10:26.478121 2026] [core:debug] [pid 578980:tid 578980] protocol.c(2460): [client 2401:e180:8dd4:276:c423:48d7:5f39:4413:58684] AH03155: select protocol from , choices=h2,http/1.1 for server www.waldorf.ilc.edu.tw
[Sat Aug 22 00:10:26.478151 2026] [ssl:debug] [pid 578980:tid 578980] ssl_util_stapling.c(819): AH01951: stapling_cb: OCSP Stapling callback called
[Sat Aug 22 00:10:26.478155 2026] [ssl:info] [pid 578980:tid 578980] AH01926: stapling_get_certinfo: stapling not supported for certificate
[Sat Aug 22 00:10:26.491721 2026] [ssl:debug] [pid 583586:tid 583586] ssl_engine_kernel.c(2082): [client 2401:e180:8dd4:276:c423:48d7:5f39:4413:58670] AH02041: Protocol: TLSv1.3, Cipher: TLS_AES_256_GCM_SHA384 (256/256 bits)
[Sat Aug 22 00:10:26.491805 2026] [socache_shmcb:debug] [pid 583586:tid 583586] mod_socache_shmcb.c(508): AH00831: socache_shmcb_store (0xec -> subcache 12)
[Sat Aug 22 00:10:26.491826 2026] [socache_shmcb:debug] [pid 583586:tid 583586] mod_socache_shmcb.c(860): AH00847: insert happened at idx=49, data=(10811:10843)
[Sat Aug 22 00:10:26.491829 2026] [socache_shmcb:debug] [pid 583586:tid 583586] mod_socache_shmcb.c(863): AH00848: finished insert, subcache: idx_pos/idx_used=25/25, data_pos/data_used=5492/5550
[Sat Aug 22 00:10:26.491840 2026] [socache_shmcb:debug] [pid 583586:tid 583586] mod_socache_shmcb.c(530): AH00834: leaving socache_shmcb_store successfully
[Sat Aug 22 00:10:26.491935 2026] [socache_shmcb:debug] [pid 583586:tid 583586] mod_socache_shmcb.c(508): AH00831: socache_shmcb_store (0x8b -> subcache 11)
[Sat Aug 22 00:10:26.491942 2026] [socache_shmcb:debug] [pid 583586:tid 583586] mod_socache_shmcb.c(745): AH00842: expiring 3 and reclaiming 0 removed socache entries
[Sat Aug 22 00:10:26.491945 2026] [socache_shmcb:debug] [pid 583586:tid 583586] mod_socache_shmcb.c(765): AH00843: we now have 22 socache entries
[Sat Aug 22 00:10:26.491958 2026] [socache_shmcb:debug] [pid 583586:tid 583586] mod_socache_shmcb.c(860): AH00847: insert happened at idx=47, data=(10511:10543)
[Sat Aug 22 00:10:26.491961 2026] [socache_shmcb:debug] [pid 583586:tid 583586] mod_socache_shmcb.c(863): AH00848: finished insert, subcache: idx_pos/idx_used=25/23, data_pos/data_used=5622/5121
[Sat Aug 22 00:10:26.491964 2026] [socache_shmcb:debug] [pid 583586:tid 583586] mod_socache_shmcb.c(530): AH00834: leaving socache_shmcb_store successfully
[Sat Aug 22 00:10:26.502190 2026] [ssl:debug] [pid 583586:tid 583586] ssl_engine_kernel.c(254): [client 2401:e180:8dd4:276:c423:48d7:5f39:4413:58670] AH02034: Initial (No.1) HTTPS request received for child 20 (server www.waldorf.ilc.edu.tw:443), referer: https://www.google.com/
[Sat Aug 22 00:10:26.502494 2026] [ssl:debug] [pid 583587:tid 583587] ssl_engine_kernel.c(2082): [client 2401:e180:8dd4:276:c423:48d7:5f39:4413:58694] AH02041: Protocol: TLSv1.3, Cipher: TLS_AES_256_GCM_SHA384 (256/256 bits)
[Sat Aug 22 00:10:26.502516 2026] [authz_core:debug] [pid 583586:tid 583586] mod_authz_core.c(815): [client 2401:e180:8dd4:276:c423:48d7:5f39:4413:58670] AH01626: authorization result of Require all granted: granted, referer: https://www.google.com/
[Sat Aug 22 00:10:26.502526 2026] [authz_core:debug] [pid 583586:tid 583586] mod_authz_core.c(815): [client 2401:e180:8dd4:276:c423:48d7:5f39:4413:58670] AH01626: authorization result of : granted, referer: https://www.google.com/
[Sat Aug 22 00:10:26.502560 2026] [socache_shmcb:debug] [pid 583587:tid 583587] mod_socache_shmcb.c(508): AH00831: socache_shmcb_store (0x02 -> subcache 2)
[Sat Aug 22 00:10:26.502568 2026] [socache_shmcb:debug] [pid 583587:tid 583587] mod_socache_shmcb.c(745): AH00842: expiring 1 and reclaiming 0 removed socache entries
[Sat Aug 22 00:10:26.502571 2026] [socache_shmcb:debug] [pid 583587:tid 583587] mod_socache_shmcb.c(765): AH00843: we now have 23 socache entries
[Sat Aug 22 00:10:26.502574 2026] [socache_shmcb:debug] [pid 583587:tid 583587] mod_socache_shmcb.c(860): AH00847: insert happened at idx=49, data=(10844:10876)
[Sat Aug 22 00:10:26.502575 2026] [socache_shmcb:debug] [pid 583587:tid 583587] mod_socache_shmcb.c(863): AH00848: finished insert, subcache: idx_pos/idx_used=26/24, data_pos/data_used=5751/5324
[Sat Aug 22 00:10:26.502577 2026] [socache_shmcb:debug] [pid 583587:tid 583587] mod_socache_shmcb.c(530): AH00834: leaving socache_shmcb_store successfully
[Sat Aug 22 00:10:26.502631 2026] [socache_shmcb:debug] [pid 583587:tid 583587] mod_socache_shmcb.c(508): AH00831: socache_shmcb_store (0x82 -> subcache 2)
[Sat Aug 22 00:10:26.502635 2026] [socache_shmcb:debug] [pid 583587:tid 583587] mod_socache_shmcb.c(860): AH00847: insert happened at idx=50, data=(11075:11107)
[Sat Aug 22 00:10:26.502636 2026] [socache_shmcb:debug] [pid 583587:tid 583587] mod_socache_shmcb.c(863): AH00848: finished insert, subcache: idx_pos/idx_used=26/25, data_pos/data_used=5751/5556
[Sat Aug 22 00:10:26.502638 2026] [socache_shmcb:debug] [pid 583587:tid 583587] mod_socache_shmcb.c(530): AH00834: leaving socache_shmcb_store successfully
[Sat Aug 22 00:10:26.502767 2026] [ssl:debug] [pid 583587:tid 583587] ssl_engine_kernel.c(254): [client 2401:e180:8dd4:276:c423:48d7:5f39:4413:58694] AH02034: Initial (No.1) HTTPS request received for child 22 (server www.waldorf.ilc.edu.tw:443)
[Sat Aug 22 00:10:26.503153 2026] [authz_core:debug] [pid 583586:tid 583586] mod_authz_core.c(815): [client 2401:e180:8dd4:276:c423:48d7:5f39:4413:58670] AH01626: authorization result of Require all granted: granted, referer: https://www.google.com/
[Sat Aug 22 00:10:26.503161 2026] [authz_core:debug] [pid 583586:tid 583586] mod_authz_core.c(815): [client 2401:e180:8dd4:276:c423:48d7:5f39:4413:58670] AH01626: authorization result of : granted, referer: https://www.google.com/
[Sat Aug 22 00:10:26.503825 2026] [authz_core:debug] [pid 583587:tid 583587] mod_authz_core.c(815): [client 2401:e180:8dd4:276:c423:48d7:5f39:4413:58694] AH01626: authorization result of Require all granted: granted
[Sat Aug 22 00:10:26.503840 2026] [authz_core:debug] [pid 583587:tid 583587] mod_authz_core.c(815): [client 2401:e180:8dd4:276:c423:48d7:5f39:4413:58694] AH01626: authorization result of : granted
[Sat Aug 22 00:10:26.505472 2026] [ssl:debug] [pid 578980:tid 578980] ssl_engine_kernel.c(2082): [client 2401:e180:8dd4:276:c423:48d7:5f39:4413:58684] AH02041: Protocol: TLSv1.3, Cipher: TLS_AES_256_GCM_SHA384 (256/256 bits)
[Sat Aug 22 00:10:26.505507 2026] [socache_shmcb:debug] [pid 578980:tid 578980] mod_socache_shmcb.c(508): AH00831: socache_shmcb_store (0x93 -> subcache 19)
[Sat Aug 22 00:10:26.505519 2026] [socache_shmcb:debug] [pid 578980:tid 578980] mod_socache_shmcb.c(860): AH00847: insert happened at idx=47, data=(10446:10478)
[Sat Aug 22 00:10:26.505522 2026] [socache_shmcb:debug] [pid 578980:tid 578980] mod_socache_shmcb.c(863): AH00848: finished insert, subcache: idx_pos/idx_used=27/21, data_pos/data_used=6003/4675
[Sat Aug 22 00:10:26.505524 2026] [socache_shmcb:debug] [pid 578980:tid 578980] mod_socache_shmcb.c(530): AH00834: leaving socache_shmcb_store successfully
[Sat Aug 22 00:10:26.505586 2026] [socache_shmcb:debug] [pid 578980:tid 578980] mod_socache_shmcb.c(508): AH00831: socache_shmcb_store (0x1f -> subcache 31)
[Sat Aug 22 00:10:26.505597 2026] [socache_shmcb:debug] [pid 578980:tid 578980] mod_socache_shmcb.c(860): AH00847: insert happened at idx=59, data=(13135:13167)
[Sat Aug 22 00:10:26.505599 2026] [socache_shmcb:debug] [pid 578980:tid 578980] mod_socache_shmcb.c(863): AH00848: finished insert, subcache: idx_pos/idx_used=37/23, data_pos/data_used=8250/5117
[Sat Aug 22 00:10:26.505611 2026] [socache_shmcb:debug] [pid 578980:tid 578980] mod_socache_shmcb.c(530): AH00834: leaving socache_shmcb_store successfully
[Sat Aug 22 00:10:26.505778 2026] [ssl:debug] [pid 578980:tid 578980] ssl_engine_kernel.c(254): [client 2401:e180:8dd4:276:c423:48d7:5f39:4413:58684] AH02034: Initial (No.1) HTTPS request received for child 12 (server www.waldorf.ilc.edu.tw:443)
[Sat Aug 22 00:10:26.506423 2026] [authz_core:debug] [pid 578980:tid 578980] mod_authz_core.c(815): [client 2401:e180:8dd4:276:c423:48d7:5f39:4413:58684] AH01626: authorization result of Require all granted: granted
[Sat Aug 22 00:10:26.506431 2026] [authz_core:debug] [pid 578980:tid 578980] mod_authz_core.c(815): [client 2401:e180:8dd4:276:c423:48d7:5f39:4413:58684] AH01626: authorization result of : granted
[Sat Aug 22 00:10:26.506826 2026] [deflate:debug] [pid 583587:tid 583587] mod_deflate.c(909): [client 2401:e180:8dd4:276:c423:48d7:5f39:4413:58694] AH01384: Zlib: Compressed 79267 to 39713 : URL /wp-content/cache/www.waldorf.ilc.edu.tw/wpfc-minified/ff80h2zh/6xg3.css
[Sat Aug 22 00:10:26.506932 2026] [deflate:debug] [pid 578980:tid 578980] mod_deflate.c(909): [client 2401:e180:8dd4:276:c423:48d7:5f39:4413:58684] AH01384: Zlib: Compressed 486 to 267 : URL /wp-content/cache/www.waldorf.ilc.edu.tw/wpfc-minified/jpr50rx6/6xg3.css
[Sat Aug 22 00:10:26.526579 2026] [deflate:debug] [pid 583586:tid 583586] mod_deflate.c(909): [client 2401:e180:8dd4:276:c423:48d7:5f39:4413:58670] AH01384: Zlib: Compressed 92150 to 16706 : URL /index.php, referer: https://www.google.com/
[Sat Aug 22 00:10:26.537262 2026] [ssl:debug] [pid 578980:tid 578980] ssl_engine_kernel.c(254): [client 2401:e180:8dd4:276:c423:48d7:5f39:4413:58684] AH02034: Subsequent (No.2) HTTPS request received for child 12 (server www.waldorf.ilc.edu.tw:443)
[Sat Aug 22 00:10:26.538163 2026] [authz_core:debug] [pid 578980:tid 578980] mod_authz_core.c(815): [client 2401:e180:8dd4:276:c423:48d7:5f39:4413:58684] AH01626: authorization result of Require all granted: granted
[Sat Aug 22 00:10:26.538175 2026] [authz_core:debug] [pid 578980:tid 578980] mod_authz_core.c(815): [client 2401:e180:8dd4:276:c423:48d7:5f39:4413:58684] AH01626: authorization result of : granted
[Sat Aug 22 00:10:26.540765 2026] [deflate:debug] [pid 578980:tid 578980] mod_deflate.c(909): [client 2401:e180:8dd4:276:c423:48d7:5f39:4413:58684] AH01384: Zlib: Compressed 94697 to 18031 : URL /wp-content/cache/www.waldorf.ilc.edu.tw/wpfc-minified/lwt2mv0t/6xg3.css
[Sat Aug 22 00:10:26.562521 2026] [ssl:debug] [pid 583587:tid 583587] ssl_engine_kernel.c(254): [client 2401:e180:8dd4:276:c423:48d7:5f39:4413:58694] AH02034: Subsequent (No.2) HTTPS request received for child 22 (server www.waldorf.ilc.edu.tw:443)
[Sat Aug 22 00:10:26.563148 2026] [authz_core:debug] [pid 583587:tid 583587] mod_authz_core.c(815): [client 2401:e180:8dd4:276:c423:48d7:5f39:4413:58694] AH01626: authorization result of Require all granted: granted
[Sat Aug 22 00:10:26.563159 2026] [authz_core:debug] [pid 583587:tid 583587] mod_authz_core.c(815): [client 2401:e180:8dd4:276:c423:48d7:5f39:4413:58694] AH01626: authorization result of : granted
[Sat Aug 22 00:10:26.569577 2026] [deflate:debug] [pid 583587:tid 583587] mod_deflate.c(909): [client 2401:e180:8dd4:276:c423:48d7:5f39:4413:58694] AH01384: Zlib: Compressed 305628 to 47313 : URL /wp-content/cache/www.waldorf.ilc.edu.tw/wpfc-minified/g1ne7hpx/6xg3.css
[Sat Aug 22 00:10:26.585191 2026] [ssl:debug] [pid 583586:tid 583586] ssl_engine_kernel.c(254): [client 2401:e180:8dd4:276:c423:48d7:5f39:4413:58670] AH02034: Subsequent (No.2) HTTPS request received for child 20 (server www.waldorf.ilc.edu.tw:443), referer: https://www.waldorf.ilc.edu.tw/
[Sat Aug 22 00:10:26.586144 2026] [authz_core:debug] [pid 583586:tid 583586] mod_authz_core.c(815): [client 2401:e180:8dd4:276:c423:48d7:5f39:4413:58670] AH01626: authorization result of Require all granted: granted, referer: https://www.waldorf.ilc.edu.tw/
[Sat Aug 22 00:10:26.586154 2026] [authz_core:debug] [pid 583586:tid 583586] mod_authz_core.c(815): [client 2401:e180:8dd4:276:c423:48d7:5f39:4413:58670] AH01626: authorization result of : granted, referer: https://www.waldorf.ilc.edu.tw/
[Sat Aug 22 00:10:26.586557 2026] [deflate:debug] [pid 583586:tid 583586] mod_deflate.c(909): [client 2401:e180:8dd4:276:c423:48d7:5f39:4413:58670] AH01384: Zlib: Compressed 1273 to 417 : URL /wp-content/uploads/sites/1517/elementor/css/post-3740.css, referer: https://www.waldorf.ilc.edu.tw/
[Sat Aug 22 00:10:26.587496 2026] [ssl:debug] [pid 578980:tid 578980] ssl_engine_kernel.c(254): [client 2401:e180:8dd4:276:c423:48d7:5f39:4413:58684] AH02034: Subsequent (No.3) HTTPS request received for child 12 (server www.waldorf.ilc.edu.tw:443), referer: https://www.waldorf.ilc.edu.tw/
[Sat Aug 22 00:10:26.588133 2026] [authz_core:debug] [pid 578980:tid 578980] mod_authz_core.c(815): [client 2401:e180:8dd4:276:c423:48d7:5f39:4413:58684] AH01626: authorization result of Require all granted: granted, referer: https://www.waldorf.ilc.edu.tw/
[Sat Aug 22 00:10:26.588142 2026] [authz_core:debug] [pid 578980:tid 578980] mod_authz_core.c(815): [client 2401:e180:8dd4:276:c423:48d7:5f39:4413:58684] AH01626: authorization result of : granted, referer: https://www.waldorf.ilc.edu.tw/
[Sat Aug 22 00:10:26.595601 2026] [deflate:debug] [pid 578980:tid 578980] mod_deflate.c(909): [client 2401:e180:8dd4:276:c423:48d7:5f39:4413:58684] AH01384: Zlib: Compressed 499245 to 46241 : URL /wp-content/cache/www.waldorf.ilc.edu.tw/wpfc-minified/s9du8dd/6xg3.css, referer: https://www.waldorf.ilc.edu.tw/
[Sat Aug 22 00:10:26.612287 2026] [ssl:info] [pid 583588:tid 583588] [client 2401:e180:8dd4:276:c423:48d7:5f39:4413:58700] AH01964: Connection to child 23 established (server 2blog.ilc.edu.tw:443)
[Sat Aug 22 00:10:26.612736 2026] [ssl:debug] [pid 583588:tid 583588] ssl_engine_kernel.c(2222): [client 2401:e180:8dd4:276:c423:48d7:5f39:4413:58700] AH02043: SSL virtual host for servername www.waldorf.ilc.edu.tw found
[Sat Aug 22 00:10:26.612776 2026] [socache_shmcb:debug] [pid 583588:tid 583588] mod_socache_shmcb.c(545): AH00835: socache_shmcb_retrieve (0x1f -> subcache 31)
[Sat Aug 22 00:10:26.612787 2026] [socache_shmcb:debug] [pid 583588:tid 583588] mod_socache_shmcb.c(896): AH00849: match at idx=59, data=13135
[Sat Aug 22 00:10:26.612789 2026] [socache_shmcb:debug] [pid 583588:tid 583588] mod_socache_shmcb.c(556): AH00836: leaving socache_shmcb_retrieve successfully
[Sat Aug 22 00:10:26.613115 2026] [core:debug] [pid 583588:tid 583588] protocol.c(2460): [client 2401:e180:8dd4:276:c423:48d7:5f39:4413:58700] AH03155: select protocol from , choices=h2,http/1.1 for server www.waldorf.ilc.edu.tw
