[Sat Aug 22 00:08:29.303944 2026] [socache_shmcb:debug] [pid 578829:tid 578829] mod_socache_shmcb.c(860): AH00847: insert happened at idx=46, data=(10305:10337)
[Sat Aug 22 00:08:29.303947 2026] [socache_shmcb:debug] [pid 578829:tid 578829] mod_socache_shmcb.c(863): AH00848: finished insert, subcache: idx_pos/idx_used=19/28, data_pos/data_used=4273/6260
[Sat Aug 22 00:08:29.303951 2026] [socache_shmcb:debug] [pid 578829:tid 578829] mod_socache_shmcb.c(530): AH00834: leaving socache_shmcb_store successfully
[Sat Aug 22 00:08:29.304051 2026] [authz_core:debug] [pid 578830:tid 578830] mod_authz_core.c(815): [client 49.159.180.33:40997] AH01626: authorization result of Require all granted: granted, referer: https://www.kfps.ilc.edu.tw/
[Sat Aug 22 00:08:29.304058 2026] [authz_core:debug] [pid 578830:tid 578830] mod_authz_core.c(815): [client 49.159.180.33:40997] AH01626: authorization result of : granted, referer: https://www.kfps.ilc.edu.tw/
[Sat Aug 22 00:08:29.304090 2026] [ssl:debug] [pid 578829:tid 578829] ssl_engine_kernel.c(254): [client 49.159.180.33:44429] AH02034: Initial (No.1) HTTPS request received for child 7 (server www.kfps.ilc.edu.tw:443), referer: https://www.kfps.ilc.edu.tw/
[Sat Aug 22 00:08:29.304278 2026] [deflate:debug] [pid 578830:tid 578830] mod_deflate.c(909): [client 49.159.180.33:40997] AH01384: Zlib: Compressed 3487 to 1339 : URL /wp-includes/js/admin-bar.min.js, referer: https://www.kfps.ilc.edu.tw/
[Sat Aug 22 00:08:29.304767 2026] [authz_core:debug] [pid 578829:tid 578829] mod_authz_core.c(815): [client 49.159.180.33:44429] AH01626: authorization result of Require all granted: granted, referer: https://www.kfps.ilc.edu.tw/
[Sat Aug 22 00:08:29.304775 2026] [authz_core:debug] [pid 578829:tid 578829] mod_authz_core.c(815): [client 49.159.180.33:44429] AH01626: authorization result of : granted, referer: https://www.kfps.ilc.edu.tw/
[Sat Aug 22 00:08:29.305510 2026] [deflate:debug] [pid 578829:tid 578829] mod_deflate.c(909): [client 49.159.180.33:44429] AH01384: Zlib: Compressed 486 to 267 : URL /wp-content/cache/www.kfps.ilc.edu.tw/wpfc-minified/e6237202/6wlp.css, referer: https://www.kfps.ilc.edu.tw/
[Sat Aug 22 00:08:29.319769 2026] [ssl:debug] [pid 578690:tid 578690] ssl_engine_kernel.c(2082): [client 49.159.180.33:43518] AH02041: Protocol: TLSv1.3, Cipher: TLS_AES_256_GCM_SHA384 (256/256 bits)
[Sat Aug 22 00:08:29.319812 2026] [socache_shmcb:debug] [pid 578690:tid 578690] mod_socache_shmcb.c(508): AH00831: socache_shmcb_store (0x6b -> subcache 11)
[Sat Aug 22 00:08:29.319817 2026] [socache_shmcb:debug] [pid 578690:tid 578690] mod_socache_shmcb.c(860): AH00847: insert happened at idx=37, data=(8291:8323)
[Sat Aug 22 00:08:29.319819 2026] [socache_shmcb:debug] [pid 578690:tid 578690] mod_socache_shmcb.c(863): AH00848: finished insert, subcache: idx_pos/idx_used=15/23, data_pos/data_used=3376/5144
[Sat Aug 22 00:08:29.319821 2026] [socache_shmcb:debug] [pid 578690:tid 578690] mod_socache_shmcb.c(530): AH00834: leaving socache_shmcb_store successfully
[Sat Aug 22 00:08:29.319867 2026] [socache_shmcb:debug] [pid 578690:tid 578690] mod_socache_shmcb.c(508): AH00831: socache_shmcb_store (0x41 -> subcache 1)
[Sat Aug 22 00:08:29.319871 2026] [socache_shmcb:debug] [pid 578690:tid 578690] mod_socache_shmcb.c(860): AH00847: insert happened at idx=45, data=(10005:10037)
[Sat Aug 22 00:08:29.319873 2026] [socache_shmcb:debug] [pid 578690:tid 578690] mod_socache_shmcb.c(863): AH00848: finished insert, subcache: idx_pos/idx_used=15/31, data_pos/data_used=3350/6884
[Sat Aug 22 00:08:29.319874 2026] [socache_shmcb:debug] [pid 578690:tid 578690] mod_socache_shmcb.c(530): AH00834: leaving socache_shmcb_store successfully
[Sat Aug 22 00:08:29.324036 2026] [ssl:debug] [pid 578703:tid 578703] ssl_engine_kernel.c(254): [client 240e:cf:af02:6::67:5230] AH02034: Subsequent (No.3) HTTPS request received for child 33 (server www.najh.ilc.edu.tw:443), referer: https://www.najh.ilc.edu.tw/2020/03/16/%e7%ab%a5%e8%bb%8d%e5%85%ac%e9%96%8b%e8%aa%b2%e6%9b%b4%e6%ad%a3/
[Sat Aug 22 00:08:29.324242 2026] [ssl:debug] [pid 578690:tid 578690] ssl_engine_kernel.c(254): [client 49.159.180.33:43518] AH02034: Initial (No.1) HTTPS request received for child 19 (server www.kfps.ilc.edu.tw:443), referer: https://www.kfps.ilc.edu.tw/
[Sat Aug 22 00:08:29.324254 2026] [ssl:debug] [pid 578712:tid 578712] ssl_engine_kernel.c(2082): [client 49.159.180.33:41632] AH02041: Protocol: TLSv1.3, Cipher: TLS_AES_256_GCM_SHA384 (256/256 bits)
[Sat Aug 22 00:08:29.324291 2026] [socache_shmcb:debug] [pid 578712:tid 578712] mod_socache_shmcb.c(508): AH00831: socache_shmcb_store (0x1c -> subcache 28)
[Sat Aug 22 00:08:29.324290 2026] [authz_core:debug] [pid 578703:tid 578703] mod_authz_core.c(815): [client 240e:cf:af02:6::67:5230] AH01626: authorization result of Require all granted: granted, referer: https://www.najh.ilc.edu.tw/2020/03/16/%e7%ab%a5%e8%bb%8d%e5%85%ac%e9%96%8b%e8%aa%b2%e6%9b%b4%e6%ad%a3/
[Sat Aug 22 00:08:29.324297 2026] [socache_shmcb:debug] [pid 578712:tid 578712] mod_socache_shmcb.c(860): AH00847: insert happened at idx=50, data=(11090:11122)
[Sat Aug 22 00:08:29.324298 2026] [authz_core:debug] [pid 578703:tid 578703] mod_authz_core.c(815): [client 240e:cf:af02:6::67:5230] AH01626: authorization result of : granted, referer: https://www.najh.ilc.edu.tw/2020/03/16/%e7%ab%a5%e8%bb%8d%e5%85%ac%e9%96%8b%e8%aa%b2%e6%9b%b4%e6%ad%a3/
[Sat Aug 22 00:08:29.324299 2026] [socache_shmcb:debug] [pid 578712:tid 578712] mod_socache_shmcb.c(863): AH00848: finished insert, subcache: idx_pos/idx_used=11/40, data_pos/data_used=2448/8871
[Sat Aug 22 00:08:29.324303 2026] [socache_shmcb:debug] [pid 578712:tid 578712] mod_socache_shmcb.c(530): AH00834: leaving socache_shmcb_store successfully
[Sat Aug 22 00:08:29.324360 2026] [socache_shmcb:debug] [pid 578712:tid 578712] mod_socache_shmcb.c(508): AH00831: socache_shmcb_store (0x7c -> subcache 28)
[Sat Aug 22 00:08:29.324365 2026] [socache_shmcb:debug] [pid 578712:tid 578712] mod_socache_shmcb.c(860): AH00847: insert happened at idx=51, data=(11319:11351)
[Sat Aug 22 00:08:29.324367 2026] [socache_shmcb:debug] [pid 578712:tid 578712] mod_socache_shmcb.c(863): AH00848: finished insert, subcache: idx_pos/idx_used=11/41, data_pos/data_used=2448/9099
[Sat Aug 22 00:08:29.324370 2026] [socache_shmcb:debug] [pid 578712:tid 578712] mod_socache_shmcb.c(530): AH00834: leaving socache_shmcb_store successfully
[Sat Aug 22 00:08:29.324493 2026] [ssl:debug] [pid 578712:tid 578712] ssl_engine_kernel.c(254): [client 49.159.180.33:41632] AH02034: Initial (No.1) HTTPS request received for child 42 (server www.kfps.ilc.edu.tw:443), referer: https://www.kfps.ilc.edu.tw/
[Sat Aug 22 00:08:29.324684 2026] [ssl:debug] [pid 578830:tid 578830] ssl_engine_kernel.c(254): [client 49.159.180.33:40997] AH02034: Subsequent (No.4) HTTPS request received for child 12 (server www.kfps.ilc.edu.tw:443), referer: https://www.kfps.ilc.edu.tw/
[Sat Aug 22 00:08:29.324709 2026] [authz_core:debug] [pid 578712:tid 578712] mod_authz_core.c(815): [client 49.159.180.33:41632] AH01626: authorization result of Require all granted: granted, referer: https://www.kfps.ilc.edu.tw/
[Sat Aug 22 00:08:29.324723 2026] [authz_core:debug] [pid 578712:tid 578712] mod_authz_core.c(815): [client 49.159.180.33:41632] AH01626: authorization result of : granted, referer: https://www.kfps.ilc.edu.tw/
[Sat Aug 22 00:08:29.324820 2026] [authz_core:debug] [pid 578690:tid 578690] mod_authz_core.c(815): [client 49.159.180.33:43518] AH01626: authorization result of Require all granted: granted, referer: https://www.kfps.ilc.edu.tw/
[Sat Aug 22 00:08:29.324822 2026] [authz_core:debug] [pid 578830:tid 578830] mod_authz_core.c(815): [client 49.159.180.33:40997] AH01626: authorization result of Require all granted: granted, referer: https://www.kfps.ilc.edu.tw/
[Sat Aug 22 00:08:29.324827 2026] [authz_core:debug] [pid 578690:tid 578690] mod_authz_core.c(815): [client 49.159.180.33:43518] AH01626: authorization result of : granted, referer: https://www.kfps.ilc.edu.tw/
[Sat Aug 22 00:08:29.324835 2026] [authz_core:debug] [pid 578830:tid 578830] mod_authz_core.c(815): [client 49.159.180.33:40997] AH01626: authorization result of : granted, referer: https://www.kfps.ilc.edu.tw/
[Sat Aug 22 00:08:29.324927 2026] [deflate:debug] [pid 578712:tid 578712] mod_deflate.c(909): [client 49.159.180.33:41632] AH01384: Zlib: Compressed 1718 to 700 : URL /wp-includes/js/hoverintent-js.min.js, referer: https://www.kfps.ilc.edu.tw/
[Sat Aug 22 00:08:29.325131 2026] [deflate:debug] [pid 578830:tid 578830] mod_deflate.c(909): [client 49.159.180.33:40997] AH01384: Zlib: Compressed 5520 to 1785 : URL /wp-includes/js/imagesloaded.min.js, referer: https://www.kfps.ilc.edu.tw/
[Sat Aug 22 00:08:29.326098 2026] [deflate:debug] [pid 578703:tid 578703] mod_deflate.c(909): [client 240e:cf:af02:6::67:5230] AH01384: Zlib: Compressed 57513 to 14083 : URL /wp-content/themes/oceanwp/assets/js/vendors/flickity.pkgd.min.js, referer: https://www.najh.ilc.edu.tw/2020/03/16/%e7%ab%a5%e8%bb%8d%e5%85%ac%e9%96%8b%e8%aa%b2%e6%9b%b4%e6%ad%a3/
[Sat Aug 22 00:08:29.326944 2026] [deflate:debug] [pid 578690:tid 578690] mod_deflate.c(909): [client 49.159.180.33:43518] AH01384: Zlib: Compressed 112420 to 14819 : URL /wp-content/cache/www.kfps.ilc.edu.tw/wpfc-minified/8jjt1ger/6wlp.css, referer: https://www.kfps.ilc.edu.tw/
[Sat Aug 22 00:08:29.328252 2026] [ssl:debug] [pid 578829:tid 578829] ssl_engine_kernel.c(254): [client 49.159.180.33:44429] AH02034: Subsequent (No.2) HTTPS request received for child 7 (server www.kfps.ilc.edu.tw:443), referer: https://www.kfps.ilc.edu.tw/
[Sat Aug 22 00:08:29.328432 2026] [authz_core:debug] [pid 578829:tid 578829] mod_authz_core.c(815): [client 49.159.180.33:44429] AH01626: authorization result of Require all granted: granted, referer: https://www.kfps.ilc.edu.tw/
[Sat Aug 22 00:08:29.328439 2026] [authz_core:debug] [pid 578829:tid 578829] mod_authz_core.c(815): [client 49.159.180.33:44429] AH01626: authorization result of : granted, referer: https://www.kfps.ilc.edu.tw/
[Sat Aug 22 00:08:29.328899 2026] [deflate:debug] [pid 578829:tid 578829] mod_deflate.c(909): [client 49.159.180.33:44429] AH01384: Zlib: Compressed 19719 to 4232 : URL /wp-content/themes/oceanwp/assets/js/theme.min.js, referer: https://www.kfps.ilc.edu.tw/
[Sat Aug 22 00:08:29.344078 2026] [ssl:debug] [pid 578712:tid 578712] ssl_engine_kernel.c(254): [client 49.159.180.33:41632] AH02034: Subsequent (No.2) HTTPS request received for child 42 (server www.kfps.ilc.edu.tw:443), referer: https://www.kfps.ilc.edu.tw/
[Sat Aug 22 00:08:29.344264 2026] [authz_core:debug] [pid 578712:tid 578712] mod_authz_core.c(815): [client 49.159.180.33:41632] AH01626: authorization result of Require all granted: granted, referer: https://www.kfps.ilc.edu.tw/
[Sat Aug 22 00:08:29.344269 2026] [authz_core:debug] [pid 578712:tid 578712] mod_authz_core.c(815): [client 49.159.180.33:41632] AH01626: authorization result of : granted, referer: https://www.kfps.ilc.edu.tw/
[Sat Aug 22 00:08:29.344655 2026] [deflate:debug] [pid 578712:tid 578712] mod_deflate.c(909): [client 49.159.180.33:41632] AH01384: Zlib: Compressed 14581 to 3765 : URL /wp-content/themes/oceanwp/assets/js/drop-down-mobile-menu.min.js, referer: https://www.kfps.ilc.edu.tw/
[Sat Aug 22 00:08:29.358047 2026] [ssl:debug] [pid 578830:tid 578830] ssl_engine_kernel.c(254): [client 49.159.180.33:40997] AH02034: Subsequent (No.5) HTTPS request received for child 12 (server www.kfps.ilc.edu.tw:443), referer: https://www.kfps.ilc.edu.tw/
[Sat Aug 22 00:08:29.358078 2026] [ssl:debug] [pid 578829:tid 578829] ssl_engine_kernel.c(254): [client 49.159.180.33:44429] AH02034: Subsequent (No.3) HTTPS request received for child 7 (server www.kfps.ilc.edu.tw:443), referer: https://www.kfps.ilc.edu.tw/
[Sat Aug 22 00:08:29.358118 2026] [ssl:debug] [pid 578690:tid 578690] ssl_engine_kernel.c(254): [client 49.159.180.33:43518] AH02034: Subsequent (No.2) HTTPS request received for child 19 (server www.kfps.ilc.edu.tw:443), referer: https://www.kfps.ilc.edu.tw/
[Sat Aug 22 00:08:29.358239 2026] [authz_core:debug] [pid 578830:tid 578830] mod_authz_core.c(815): [client 49.159.180.33:40997] AH01626: authorization result of Require all granted: granted, referer: https://www.kfps.ilc.edu.tw/
[Sat Aug 22 00:08:29.358244 2026] [authz_core:debug] [pid 578830:tid 578830] mod_authz_core.c(815): [client 49.159.180.33:40997] AH01626: authorization result of : granted, referer: https://www.kfps.ilc.edu.tw/
[Sat Aug 22 00:08:29.358253 2026] [authz_core:debug] [pid 578829:tid 578829] mod_authz_core.c(815): [client 49.159.180.33:44429] AH01626: authorization result of Require all granted: granted, referer: https://www.kfps.ilc.edu.tw/
[Sat Aug 22 00:08:29.358258 2026] [authz_core:debug] [pid 578829:tid 578829] mod_authz_core.c(815): [client 49.159.180.33:44429] AH01626: authorization result of : granted, referer: https://www.kfps.ilc.edu.tw/
[Sat Aug 22 00:08:29.358298 2026] [authz_core:debug] [pid 578690:tid 578690] mod_authz_core.c(815): [client 49.159.180.33:43518] AH01626: authorization result of Require all granted: granted, referer: https://www.kfps.ilc.edu.tw/
[Sat Aug 22 00:08:29.358304 2026] [authz_core:debug] [pid 578690:tid 578690] mod_authz_core.c(815): [client 49.159.180.33:43518] AH01626: authorization result of : granted, referer: https://www.kfps.ilc.edu.tw/
[Sat Aug 22 00:08:29.358465 2026] [deflate:debug] [pid 578829:tid 578829] mod_deflate.c(909): [client 49.159.180.33:44429] AH01384: Zlib: Compressed 4111 to 1423 : URL /wp-content/themes/oceanwp/assets/js/ow-lightbox.min.js, referer: https://www.kfps.ilc.edu.tw/
[Sat Aug 22 00:08:29.358507 2026] [deflate:debug] [pid 578830:tid 578830] mod_deflate.c(909): [client 49.159.180.33:40997] AH01384: Zlib: Compressed 7540 to 2070 : URL /wp-content/themes/oceanwp/assets/js/drop-down-search.min.js, referer: https://www.kfps.ilc.edu.tw/
[Sat Aug 22 00:08:29.359015 2026] [deflate:debug] [pid 578690:tid 578690] mod_deflate.c(909): [client 49.159.180.33:43518] AH01384: Zlib: Compressed 20216 to 7328 : URL /wp-content/themes/oceanwp/assets/js/vendors/magnific-popup.min.js, referer: https://www.kfps.ilc.edu.tw/
[Sat Aug 22 00:08:29.361693 2026] [ssl:debug] [pid 578712:tid 578712] ssl_engine_kernel.c(254): [client 49.159.180.33:41632] AH02034: Subsequent (No.3) HTTPS request received for child 42 (server www.kfps.ilc.edu.tw:443), referer: https://www.kfps.ilc.edu.tw/
[Sat Aug 22 00:08:29.361835 2026] [authz_core:debug] [pid 578712:tid 578712] mod_authz_core.c(815): [client 49.159.180.33:41632] AH01626: authorization result of Require all granted: granted, referer: https://www.kfps.ilc.edu.tw/
[Sat Aug 22 00:08:29.361839 2026] [authz_core:debug] [pid 578712:tid 578712] mod_authz_core.c(815): [client 49.159.180.33:41632] AH01626: authorization result of : granted, referer: https://www.kfps.ilc.edu.tw/
[Sat Aug 22 00:08:29.363453 2026] [deflate:debug] [pid 578712:tid 578712] mod_deflate.c(909): [client 49.159.180.33:41632] AH01384: Zlib: Compressed 57513 to 14083 : URL /wp-content/themes/oceanwp/assets/js/vendors/flickity.pkgd.min.js, referer: https://www.kfps.ilc.edu.tw/
[Sat Aug 22 00:08:29.382022 2026] [ssl:debug] [pid 578829:tid 578829] ssl_engine_kernel.c(254): [client 49.159.180.33:44429] AH02034: Subsequent (No.4) HTTPS request received for child 7 (server www.kfps.ilc.edu.tw:443), referer: https://www.kfps.ilc.edu.tw/
[Sat Aug 22 00:08:29.382194 2026] [ssl:debug] [pid 578830:tid 578830] ssl_engine_kernel.c(254): [client 49.159.180.33:40997] AH02034: Subsequent (No.6) HTTPS request received for child 12 (server www.kfps.ilc.edu.tw:443), referer: https://www.kfps.ilc.edu.tw/
[Sat Aug 22 00:08:29.382194 2026] [ssl:debug] [pid 578690:tid 578690] ssl_engine_kernel.c(254): [client 49.159.180.33:43518] AH02034: Subsequent (No.3) HTTPS request received for child 19 (server www.kfps.ilc.edu.tw:443), referer: https://www.kfps.ilc.edu.tw/
[Sat Aug 22 00:08:29.382209 2026] [authz_core:debug] [pid 578829:tid 578829] mod_authz_core.c(815): [client 49.159.180.33:44429] AH01626: authorization result of Require all granted: granted, referer: https://www.kfps.ilc.edu.tw/
[Sat Aug 22 00:08:29.382217 2026] [authz_core:debug] [pid 578829:tid 578829] mod_authz_core.c(815): [client 49.159.180.33:44429] AH01626: authorization result of : granted, referer: https://www.kfps.ilc.edu.tw/
[Sat Aug 22 00:08:29.382354 2026] [authz_core:debug] [pid 578690:tid 578690] mod_authz_core.c(815): [client 49.159.180.33:43518] AH01626: authorization result of Require all granted: granted, referer: https://www.kfps.ilc.edu.tw/
[Sat Aug 22 00:08:29.382354 2026] [authz_core:debug] [pid 578830:tid 578830] mod_authz_core.c(815): [client 49.159.180.33:40997] AH01626: authorization result of Require all granted: granted, referer: https://www.kfps.ilc.edu.tw/
[Sat Aug 22 00:08:29.382358 2026] [authz_core:debug] [pid 578690:tid 578690] mod_authz_core.c(815): [client 49.159.180.33:43518] AH01626: authorization result of : granted, referer: https://www.kfps.ilc.edu.tw/
[Sat Aug 22 00:08:29.382361 2026] [authz_core:debug] [pid 578830:tid 578830] mod_authz_core.c(815): [client 49.159.180.33:40997] AH01626: authorization result of : granted, referer: https://www.kfps.ilc.edu.tw/
[Sat Aug 22 00:08:29.382420 2026] [deflate:debug] [pid 578829:tid 578829] mod_deflate.c(909): [client 49.159.180.33:44429] AH01384: Zlib: Compressed 2002 to 864 : URL /wp-content/themes/oceanwp/assets/js/ow-slider.min.js, referer: https://www.kfps.ilc.edu.tw/
[Sat Aug 22 00:08:29.382613 2026] [deflate:debug] [pid 578690:tid 578690] mod_deflate.c(909): [client 49.159.180.33:43518] AH01384: Zlib: Compressed 8989 to 2304 : URL /wp-content/themes/oceanwp/assets/js/scroll-top.min.js, referer: https://www.kfps.ilc.edu.tw/
[Sat Aug 22 00:08:29.382700 2026] [deflate:debug] [pid 578830:tid 578830] mod_deflate.c(909): [client 49.159.180.33:40997] AH01384: Zlib: Compressed 12402 to 3229 : URL /wp-content/themes/oceanwp/assets/js/scroll-effect.min.js, referer: https://www.kfps.ilc.edu.tw/
[Sat Aug 22 00:08:29.392356 2026] [ssl:debug] [pid 578823:tid 578823] ssl_engine_kernel.c(254): [client 2409:8a00:2701:2ae6:a5e9:a423:997d:810d:39594] AH02034: Subsequent (No.2) HTTPS request received for child 13 (server 2blog.ilc.edu.tw:443)
[Sat Aug 22 00:08:29.392734 2026] [authz_core:debug] [pid 578823:tid 578823] mod_authz_core.c(815): [client 2409:8a00:2701:2ae6:a5e9:a423:997d:810d:39594] AH01626: authorization result of Require all granted: granted
[Sat Aug 22 00:08:29.392747 2026] [authz_core:debug] [pid 578823:tid 578823] mod_authz_core.c(815): [client 2409:8a00:2701:2ae6:a5e9:a423:997d:810d:39594] AH01626: authorization result of : granted
[Sat Aug 22 00:08:29.392945 2026] [authz_core:debug] [pid 578823:tid 578823] mod_authz_core.c(815): [client 2409:8a00:2701:2ae6:a5e9:a423:997d:810d:39594] AH01626: authorization result of Require all granted: granted
[Sat Aug 22 00:08:29.393002 2026] [authz_core:debug] [pid 578823:tid 578823] mod_authz_core.c(815): [client 2409:8a00:2701:2ae6:a5e9:a423:997d:810d:39594] AH01626: authorization result of : granted
[Sat Aug 22 00:08:29.397706 2026] [ssl:debug] [pid 578712:tid 578712] ssl_engine_kernel.c(254): [client 49.159.180.33:41632] AH02034: Subsequent (No.4) HTTPS request received for child 42 (server www.kfps.ilc.edu.tw:443), referer: https://www.kfps.ilc.edu.tw/
[Sat Aug 22 00:08:29.397894 2026] [authz_core:debug] [pid 578712:tid 578712] mod_authz_core.c(815): [client 49.159.180.33:41632] AH01626: authorization result of Require all granted: granted, referer: https://www.kfps.ilc.edu.tw/
[Sat Aug 22 00:08:29.397900 2026] [authz_core:debug] [pid 578712:tid 578712] mod_authz_core.c(815): [client 49.159.180.33:41632] AH01626: authorization result of : granted, referer: https://www.kfps.ilc.edu.tw/
[Sat Aug 22 00:08:29.398134 2026] [deflate:debug] [pid 578712:tid 578712] mod_deflate.c(909): [client 49.159.180.33:41632] AH01384: Zlib: Compressed 5181 to 1510 : URL /wp-content/themes/oceanwp/assets/js/select.min.js, referer: https://www.kfps.ilc.edu.tw/
[Sat Aug 22 00:08:29.398466 2026] [watchdog:debug] [pid 578832:tid 578832] mod_watchdog.c(559): AH02980: Watchdog: nothing configured?
[Sat Aug 22 00:08:29.398631 2026] [ssl:info] [pid 578832:tid 578832] [client 49.159.180.33:41631] AH01964: Connection to child 14 established (server 2blog.ilc.edu.tw:443)
[Sat Aug 22 00:08:29.398905 2026] [ssl:debug] [pid 578832:tid 578832] ssl_engine_kernel.c(2222): [client 49.159.180.33:41631] AH02043: SSL virtual host for servername www.kfps.ilc.edu.tw found
[Sat Aug 22 00:08:29.399003 2026] [core:debug] [pid 578832:tid 578832] protocol.c(2460): [client 49.159.180.33:41631] AH03155: select protocol from , choices=http/1.1 for server www.kfps.ilc.edu.tw
[Sat Aug 22 00:08:29.399067 2026] [ssl:debug] [pid 578832:tid 578832] ssl_util_stapling.c(819): AH01951: stapling_cb: OCSP Stapling callback called
[Sat Aug 22 00:08:29.399072 2026] [ssl:info] [pid 578832:tid 578832] AH01926: stapling_get_certinfo: stapling not supported for certificate
[Sat Aug 22 00:08:29.400424 2026] [watchdog:debug] [pid 578833:tid 578833] mod_watchdog.c(559): AH02980: Watchdog: nothing configured?
[Sat Aug 22 00:08:29.400598 2026] [ssl:info] [pid 578833:tid 578833] [client 49.159.180.33:42120] AH01964: Connection to child 15 established (server 2blog.ilc.edu.tw:443)
[Sat Aug 22 00:08:29.400873 2026] [ssl:debug] [pid 578833:tid 578833] ssl_engine_kernel.c(2222): [client 49.159.180.33:42120] AH02043: SSL virtual host for servername www.kfps.ilc.edu.tw found
[Sat Aug 22 00:08:29.400969 2026] [core:debug] [pid 578833:tid 578833] protocol.c(2460): [client 49.159.180.33:42120] AH03155: select protocol from , choices=http/1.1 for server www.kfps.ilc.edu.tw
[Sat Aug 22 00:08:29.401071 2026] [ssl:debug] [pid 578833:tid 578833] ssl_util_stapling.c(819): AH01951: stapling_cb: OCSP Stapling callback called
[Sat Aug 22 00:08:29.401077 2026] [ssl:info] [pid 578833:tid 578833] AH01926: stapling_get_certinfo: stapling not supported for certificate
[Sat Aug 22 00:08:29.401583 2026] [ssl:debug] [pid 578690:tid 578690] ssl_engine_kernel.c(254): [client 49.159.180.33:43518] AH02034: Subsequent (No.4) HTTPS request received for child 19 (server www.kfps.ilc.edu.tw:443), referer: https://www.kfps.ilc.edu.tw/
[Sat Aug 22 00:08:29.401781 2026] [authz_core:debug] [pid 578690:tid 578690] mod_authz_core.c(815): [client 49.159.180.33:43518] AH01626: authorization result of Require all granted: granted, referer: https://www.kfps.ilc.edu.tw/
[Sat Aug 22 00:08:29.401786 2026] [authz_core:debug] [pid 578690:tid 578690] mod_authz_core.c(815): [client 49.159.180.33:43518] AH01626: authorization result of : granted, referer: https://www.kfps.ilc.edu.tw/
[Sat Aug 22 00:08:29.401952 2026] [deflate:debug] [pid 578690:tid 578690] mod_deflate.c(909): [client 49.159.180.33:43518] AH01384: Zlib: Compressed 712 to 422 : URL /wp-content/plugins/ocean-extra/includes/widgets/js/flickr.min.js, referer: https://www.kfps.ilc.edu.tw/
[Sat Aug 22 00:08:29.403067 2026] [watchdog:debug] [pid 578834:tid 578834] mod_watchdog.c(559): AH02980: Watchdog: nothing configured?
[Sat Aug 22 00:08:29.403416 2026] [watchdog:debug] [pid 578835:tid 578835] mod_watchdog.c(559): AH02980: Watchdog: nothing configured?
[Sat Aug 22 00:08:29.406034 2026] [authz_core:debug] [pid 578834:tid 578834] mod_authz_core.c(815): [client 18.213.102.186:57095] AH01626: authorization result of Require all granted: granted
[Sat Aug 22 00:08:29.406047 2026] [authz_core:debug] [pid 578834:tid 578834] mod_authz_core.c(815): [client 18.213.102.186:57095] AH01626: authorization result of : granted
[Sat Aug 22 00:08:29.407441 2026] [authz_core:debug] [pid 578834:tid 578834] mod_authz_core.c(815): [client 18.213.102.186:57095] AH01626: authorization result of Require all granted: granted
[Sat Aug 22 00:08:29.407463 2026] [authz_core:debug] [pid 578834:tid 578834] mod_authz_core.c(815): [client 18.213.102.186:57095] AH01626: authorization result of : granted
[Sat Aug 22 00:08:29.409235 2026] [authz_core:debug] [pid 578834:tid 578834] mod_authz_core.c(815): [client 18.213.102.186:57095] AH01626: authorization result of Require all granted: granted
[Sat Aug 22 00:08:29.409252 2026] [authz_core:debug] [pid 578834:tid 578834] mod_authz_core.c(815): [client 18.213.102.186:57095] AH01626: authorization result of : granted
[Sat Aug 22 00:08:29.410120 2026] [authz_core:debug] [pid 578834:tid 578834] mod_authz_core.c(815): [client 18.213.102.186:57095] AH01626: authorization result of Require all granted: granted
[Sat Aug 22 00:08:29.410125 2026] [authz_core:debug] [pid 578834:tid 578834] mod_authz_core.c(815): [client 18.213.102.186:57095] AH01626: authorization result of : granted
[Sat Aug 22 00:08:29.410679 2026] [deflate:debug] [pid 578834:tid 578834] mod_deflate.c(909): [client 18.213.102.186:57095] AH01384: Zlib: Compressed 1405 to 477 : URL /wp-content/uploads/sites/3401/4797/
[Sat Aug 22 00:08:29.421750 2026] [ssl:debug] [pid 578832:tid 578832] ssl_engine_kernel.c(2082): [client 49.159.180.33:41631] AH02041: Protocol: TLSv1.3, Cipher: TLS_AES_256_GCM_SHA384 (256/256 bits)
[Sat Aug 22 00:08:29.421814 2026] [socache_shmcb:debug] [pid 578832:tid 578832] mod_socache_shmcb.c(508): AH00831: socache_shmcb_store (0x60 -> subcache 0)
[Sat Aug 22 00:08:29.421822 2026] [socache_shmcb:debug] [pid 578832:tid 578832] mod_socache_shmcb.c(860): AH00847: insert happened at idx=47, data=(10533:10565)
[Sat Aug 22 00:08:29.421824 2026] [socache_shmcb:debug] [pid 578832:tid 578832] mod_socache_shmcb.c(863): AH00848: finished insert, subcache: idx_pos/idx_used=19/29, data_pos/data_used=4273/6489
[Sat Aug 22 00:08:29.421826 2026] [socache_shmcb:debug] [pid 578832:tid 578832] mod_socache_shmcb.c(530): AH00834: leaving socache_shmcb_store successfully
[Sat Aug 22 00:08:29.421875 2026] [socache_shmcb:debug] [pid 578832:tid 578832] mod_socache_shmcb.c(508): AH00831: socache_shmcb_store (0x28 -> subcache 8)
[Sat Aug 22 00:08:29.421886 2026] [socache_shmcb:debug] [pid 578832:tid 578832] mod_socache_shmcb.c(860): AH00847: insert happened at idx=39, data=(8693:8725)
[Sat Aug 22 00:08:29.421888 2026] [socache_shmcb:debug] [pid 578832:tid 578832] mod_socache_shmcb.c(863): AH00848: finished insert, subcache: idx_pos/idx_used=16/24, data_pos/data_used=3547/5375
[Sat Aug 22 00:08:29.421889 2026] [socache_shmcb:debug] [pid 578832:tid 578832] mod_socache_shmcb.c(530): AH00834: leaving socache_shmcb_store successfully
[Sat Aug 22 00:08:29.426065 2026] [ssl:debug] [pid 578832:tid 578832] ssl_engine_kernel.c(254): [client 49.159.180.33:41631] AH02034: Initial (No.1) HTTPS request received for child 14 (server www.kfps.ilc.edu.tw:443), referer: https://www.kfps.ilc.edu.tw/
[Sat Aug 22 00:08:29.426801 2026] [authz_core:debug] [pid 578832:tid 578832] mod_authz_core.c(815): [client 49.159.180.33:41631] AH01626: authorization result of Require all granted: granted, referer: https://www.kfps.ilc.edu.tw/
[Sat Aug 22 00:08:29.426809 2026] [authz_core:debug] [pid 578832:tid 578832] mod_authz_core.c(815): [client 49.159.180.33:41631] AH01626: authorization result of : granted, referer: https://www.kfps.ilc.edu.tw/
[Sat Aug 22 00:08:29.429460 2026] [ssl:debug] [pid 578833:tid 578833] ssl_engine_kernel.c(2082): [client 49.159.180.33:42120] AH02041: Protocol: TLSv1.3, Cipher: TLS_AES_256_GCM_SHA384 (256/256 bits)
[Sat Aug 22 00:08:29.429516 2026] [socache_shmcb:debug] [pid 578833:tid 578833] mod_socache_shmcb.c(508): AH00831: socache_shmcb_store (0x4e -> subcache 14)
[Sat Aug 22 00:08:29.429528 2026] [socache_shmcb:debug] [pid 578833:tid 578833] mod_socache_shmcb.c(860): AH00847: insert happened at idx=40, data=(8845:8877)
[Sat Aug 22 00:08:29.429530 2026] [socache_shmcb:debug] [pid 578833:tid 578833] mod_socache_shmcb.c(863): AH00848: finished insert, subcache: idx_pos/idx_used=10/31, data_pos/data_used=2211/6862
[Sat Aug 22 00:08:29.429539 2026] [socache_shmcb:debug] [pid 578833:tid 578833] mod_socache_shmcb.c(530): AH00834: leaving socache_shmcb_store successfully
[Sat Aug 22 00:08:29.429585 2026] [socache_shmcb:debug] [pid 578833:tid 578833] mod_socache_shmcb.c(508): AH00831: socache_shmcb_store (0xa3 -> subcache 3)
[Sat Aug 22 00:08:29.429589 2026] [socache_shmcb:debug] [pid 578833:tid 578833] mod_socache_shmcb.c(745): AH00842: expiring 2 and reclaiming 0 removed socache entries
[Sat Aug 22 00:08:29.429591 2026] [socache_shmcb:debug] [pid 578833:tid 578833] mod_socache_shmcb.c(765): AH00843: we now have 22 socache entries
[Sat Aug 22 00:08:29.429593 2026] [socache_shmcb:debug] [pid 578833:tid 578833] mod_socache_shmcb.c(860): AH00847: insert happened at idx=41, data=(9120:9152)
[Sat Aug 22 00:08:29.429594 2026] [socache_shmcb:debug] [pid 578833:tid 578833] mod_socache_shmcb.c(863): AH00848: finished insert, subcache: idx_pos/idx_used=19/23, data_pos/data_used=4193/5156
[Sat Aug 22 00:08:29.429596 2026] [socache_shmcb:debug] [pid 578833:tid 578833] mod_socache_shmcb.c(530): AH00834: leaving socache_shmcb_store successfully
[Sat Aug 22 00:08:29.431494 2026] [deflate:debug] [pid 578832:tid 578832] mod_deflate.c(909): [client 49.159.180.33:41631] AH01384: Zlib: Compressed 101296 to 34527 : URL /wp-content/cache/www.kfps.ilc.edu.tw/wpfc-minified/7kbdfhho/6wlp.js, referer: https://www.kfps.ilc.edu.tw/
[Sat Aug 22 00:08:29.433767 2026] [ssl:debug] [pid 578833:tid 578833] ssl_engine_kernel.c(254): [client 49.159.180.33:42120] AH02034: Initial (No.1) HTTPS request received for child 15 (server www.kfps.ilc.edu.tw:443), referer: https://www.kfps.ilc.edu.tw/
[Sat Aug 22 00:08:29.434379 2026] [authz_core:debug] [pid 578833:tid 578833] mod_authz_core.c(815): [client 49.159.180.33:42120] AH01626: authorization result of Require all granted: granted, referer: https://www.kfps.ilc.edu.tw/
[Sat Aug 22 00:08:29.434386 2026] [authz_core:debug] [pid 578833:tid 578833] mod_authz_core.c(815): [client 49.159.180.33:42120] AH01626: authorization result of : granted, referer: https://www.kfps.ilc.edu.tw/
[Sat Aug 22 00:08:29.443099 2026] [deflate:debug] [pid 578833:tid 578833] mod_deflate.c(909): [client 49.159.180.33:42120] AH01384: Zlib: Compressed 352374 to 60215 : URL /wp-content/cache/www.kfps.ilc.edu.tw/wpfc-minified/6mqw62g3/6wlp.css, referer: https://www.kfps.ilc.edu.tw/
[Sat Aug 22 00:08:29.487787 2026] [ssl:debug] [pid 578830:tid 578830] ssl_engine_kernel.c(254): [client 49.159.180.33:40997] AH02034: Subsequent (No.7) HTTPS request received for child 12 (server www.kfps.ilc.edu.tw:443), referer: https://www.kfps.ilc.edu.tw/
[Sat Aug 22 00:08:29.488701 2026] [authz_core:debug] [pid 578830:tid 578830] mod_authz_core.c(815): [client 49.159.180.33:40997] AH01626: authorization result of Require all granted: granted, referer: https://www.kfps.ilc.edu.tw/
[Sat Aug 22 00:08:29.488711 2026] [authz_core:debug] [pid 578830:tid 578830] mod_authz_core.c(815): [client 49.159.180.33:40997] AH01626: authorization result of : granted, referer: https://www.kfps.ilc.edu.tw/
[Sat Aug 22 00:08:29.515954 2026] [ssl:debug] [pid 578821:tid 578821] ssl_engine_kernel.c(254): [client 240e:c2:1800:187::48:41250] AH02034: Subsequent (No.2) HTTPS request received for child 8 (server www.najh.ilc.edu.tw:443), referer: https://www.najh.ilc.edu.tw/2022/10/page/2/
[Sat Aug 22 00:08:29.516126 2026] [authz_core:debug] [pid 578821:tid 578821] mod_authz_core.c(815): [client 240e:c2:1800:187::48:41250] AH01626: authorization result of Require all granted: granted, referer: https://www.najh.ilc.edu.tw/2022/10/page/2/
[Sat Aug 22 00:08:29.516131 2026] [authz_core:debug] [pid 578821:tid 578821] mod_authz_core.c(815): [client 240e:c2:1800:187::48:41250] AH01626: authorization result of : granted, referer: https://www.najh.ilc.edu.tw/2022/10/page/2/
[Sat Aug 22 00:08:29.516309 2026] [deflate:debug] [pid 578821:tid 578821] mod_deflate.c(909): [client 240e:c2:1800:187::48:41250] AH01384: Zlib: Compressed 1718 to 700 : URL /wp-includes/js/hoverintent-js.min.js, referer: https://www.najh.ilc.edu.tw/2022/10/page/2/
[Sat Aug 22 00:08:29.540124 2026] [deflate:debug] [pid 578823:tid 578823] mod_deflate.c(909): [client 2409:8a00:2701:2ae6:a5e9:a423:997d:810d:39594] AH01384: Zlib: Compressed 37981 to 8330 : URL /index.php
[Sat Aug 22 00:08:29.555859 2026] [ssl:debug] [pid 578830:tid 578830] ssl_engine_kernel.c(254): [client 49.159.180.33:40997] AH02034: Subsequent (No.8) HTTPS request received for child 12 (server www.kfps.ilc.edu.tw:443), referer: https://www.kfps.ilc.edu.tw/
[Sat Aug 22 00:08:29.555981 2026] [ssl:debug] [pid 578829:tid 578829] ssl_engine_kernel.c(254): [client 49.159.180.33:44429] AH02034: Subsequent (No.5) HTTPS request received for child 7 (server www.kfps.ilc.edu.tw:443), referer: https://www.kfps.ilc.edu.tw/
[Sat Aug 22 00:08:29.556056 2026] [authz_core:debug] [pid 578830:tid 578830] mod_authz_core.c(815): [client 49.159.180.33:40997] AH01626: authorization result of Require all granted: granted, referer: https://www.kfps.ilc.edu.tw/
[Sat Aug 22 00:08:29.556064 2026] [authz_core:debug] [pid 578830:tid 578830] mod_authz_core.c(815): [client 49.159.180.33:40997] AH01626: authorization result of : granted, referer: https://www.kfps.ilc.edu.tw/
[Sat Aug 22 00:08:29.556139 2026] [authz_core:debug] [pid 578829:tid 578829] mod_authz_core.c(815): [client 49.159.180.33:44429] AH01626: authorization result of Require all granted: granted, referer: https://www.kfps.ilc.edu.tw/
[Sat Aug 22 00:08:29.556144 2026] [authz_core:debug] [pid 578829:tid 578829] mod_authz_core.c(815): [client 49.159.180.33:44429] AH01626: authorization result of : granted, referer: https://www.kfps.ilc.edu.tw/
[Sat Aug 22 00:08:29.575990 2026] [ssl:debug] [pid 578690:tid 578690] ssl_engine_kernel.c(254): [client 49.159.180.33:43518] AH02034: Subsequent (No.5) HTTPS request received for child 19 (server www.kfps.ilc.edu.tw:443), referer: https://www.kfps.ilc.edu.tw/
[Sat Aug 22 00:08:29.576722 2026] [authz_core:debug] [pid 578690:tid 578690] mod_authz_core.c(815): [client 49.159.180.33:43518] AH01626: authorization result of Require all granted: granted, referer: https://www.kfps.ilc.edu.tw/
[Sat Aug 22 00:08:29.576728 2026] [authz_core:debug] [pid 578690:tid 578690] mod_authz_core.c(815): [client 49.159.180.33:43518] AH01626: authorization result of : granted, referer: https://www.kfps.ilc.edu.tw/
[Sat Aug 22 00:08:29.700780 2026] [ssl:debug] [pid 578617:tid 578617] ssl_engine_kernel.c(254): [client 240e:cf:af02:6::67:5234] AH02034: Subsequent (No.5) HTTPS request received for child 0 (server www.najh.ilc.edu.tw:443), referer: https://www.najh.ilc.edu.tw/2020/03/16/%e7%ab%a5%e8%bb%8d%e5%85%ac%e9%96%8b%e8%aa%b2%e6%9b%b4%e6%ad%a3/
[Sat Aug 22 00:08:29.701007 2026] [authz_core:debug] [pid 578617:tid 578617] mod_authz_core.c(815): [client 240e:cf:af02:6::67:5234] AH01626: authorization result of Require all granted: granted, referer: https://www.najh.ilc.edu.tw/2020/03/16/%e7%ab%a5%e8%bb%8d%e5%85%ac%e9%96%8b%e8%aa%b2%e6%9b%b4%e6%ad%a3/
[Sat Aug 22 00:08:29.701013 2026] [authz_core:debug] [pid 578617:tid 578617] mod_authz_core.c(815): [client 240e:cf:af02:6::67:5234] AH01626: authorization result of : granted, referer: https://www.najh.ilc.edu.tw/2020/03/16/%e7%ab%a5%e8%bb%8d%e5%85%ac%e9%96%8b%e8%aa%b2%e6%9b%b4%e6%ad%a3/
[Sat Aug 22 00:08:29.701215 2026] [deflate:debug] [pid 578617:tid 578617] mod_deflate.c(909): [client 240e:cf:af02:6::67:5234] AH01384: Zlib: Compressed 2002 to 864 : URL /wp-content/themes/oceanwp/assets/js/ow-slider.min.js, referer: https://www.najh.ilc.edu.tw/2020/03/16/%e7%ab%a5%e8%bb%8d%e5%85%ac%e9%96%8b%e8%aa%b2%e6%9b%b4%e6%ad%a3/
[Sat Aug 22 00:08:29.870994 2026] [ssl:debug] [pid 578821:tid 578821] ssl_engine_kernel.c(254): [client 240e:c2:1800:187::48:41250] AH02034: Subsequent (No.3) HTTPS request received for child 8 (server www.najh.ilc.edu.tw:443), referer: https://www.najh.ilc.edu.tw/2022/10/page/2/
[Sat Aug 22 00:08:29.871185 2026] [authz_core:debug] [pid 578821:tid 578821] mod_authz_core.c(815): [client 240e:c2:1800:187::48:41250] AH01626: authorization result of Require all granted: granted, referer: https://www.najh.ilc.edu.tw/2022/10/page/2/
[Sat Aug 22 00:08:29.871199 2026] [authz_core:debug] [pid 578821:tid 578821] mod_authz_core.c(815): [client 240e:c2:1800:187::48:41250] AH01626: authorization result of : granted, referer: https://www.najh.ilc.edu.tw/2022/10/page/2/
[Sat Aug 22 00:08:29.871424 2026] [deflate:debug] [pid 578821:tid 578821] mod_deflate.c(909): [client 240e:c2:1800:187::48:41250] AH01384: Zlib: Compressed 3487 to 1339 : URL /wp-includes/js/admin-bar.min.js, referer: https://www.najh.ilc.edu.tw/2022/10/page/2/
[Sat Aug 22 00:08:30.012023 2026] [ssl:debug] [pid 578617:tid 578617] ssl_engine_kernel.c(254): [client 240e:cf:af02:6::67:5234] AH02034: Subsequent (No.6) HTTPS request received for child 0 (server www.najh.ilc.edu.tw:443), referer: https://www.najh.ilc.edu.tw/2020/03/16/%e7%ab%a5%e8%bb%8d%e5%85%ac%e9%96%8b%e8%aa%b2%e6%9b%b4%e6%ad%a3/
[Sat Aug 22 00:08:30.012240 2026] [authz_core:debug] [pid 578617:tid 578617] mod_authz_core.c(815): [client 240e:cf:af02:6::67:5234] AH01626: authorization result of Require all granted: granted, referer: https://www.najh.ilc.edu.tw/2020/03/16/%e7%ab%a5%e8%bb%8d%e5%85%ac%e9%96%8b%e8%aa%b2%e6%9b%b4%e6%ad%a3/
[Sat Aug 22 00:08:30.012246 2026] [authz_core:debug] [pid 578617:tid 578617] mod_authz_core.c(815): [client 240e:cf:af02:6::67:5234] AH01626: authorization result of : granted, referer: https://www.najh.ilc.edu.tw/2020/03/16/%e7%ab%a5%e8%bb%8d%e5%85%ac%e9%96%8b%e8%aa%b2%e6%9b%b4%e6%ad%a3/
[Sat Aug 22 00:08:30.012620 2026] [deflate:debug] [pid 578617:tid 578617] mod_deflate.c(909): [client 240e:cf:af02:6::67:5234] AH01384: Zlib: Compressed 12402 to 3229 : URL /wp-content/themes/oceanwp/assets/js/scroll-effect.min.js, referer: https://www.najh.ilc.edu.tw/2020/03/16/%e7%ab%a5%e8%bb%8d%e5%85%ac%e9%96%8b%e8%aa%b2%e6%9b%b4%e6%ad%a3/
[Sat Aug 22 00:08:30.019251 2026] [ssl:info] [pid 578823:tid 578823] (70014)End of file found: [client 2409:8a00:2701:2ae6:a5e9:a423:997d:810d:39594] AH01992: SSL library error 6 reading data
[Sat Aug 22 00:08:30.019313 2026] [ssl:debug] [pid 578823:tid 578823] ssl_engine_io.c(1150): [client 2409:8a00:2701:2ae6:a5e9:a423:997d:810d:39594] AH02001: Connection closed to child 13 with standard shutdown (server 2blog.ilc.edu.tw:443)
[Sat Aug 22 00:08:30.179519 2026] [ssl:info] [pid 578835:tid 578835] [client 66.249.79.138:58749] AH01964: Connection to child 17 established (server 2blog.ilc.edu.tw:443)
[Sat Aug 22 00:08:30.179877 2026] [ssl:debug] [pid 578835:tid 578835] ssl_engine_kernel.c(2222): [client 66.249.79.138:58749] AH02043: SSL virtual host for servername www.jwes.ilc.edu.tw found
[Sat Aug 22 00:08:30.180034 2026] [ssl:debug] [pid 578835:tid 578835] ssl_util_stapling.c(819): AH01951: stapling_cb: OCSP Stapling callback called
[Sat Aug 22 00:08:30.180041 2026] [ssl:info] [pid 578835:tid 578835] AH01926: stapling_get_certinfo: stapling not supported for certificate
[Sat Aug 22 00:08:30.201662 2026] [ssl:debug] [pid 578821:tid 578821] ssl_engine_kernel.c(254): [client 240e:c2:1800:187::48:41250] AH02034: Subsequent (No.4) HTTPS request received for child 8 (server www.najh.ilc.edu.tw:443), referer: https://www.najh.ilc.edu.tw/wp-content/cache/www.najh.ilc.edu.tw/wpfc-minified/kcxb236g/6wh9.css
[Sat Aug 22 00:08:30.201851 2026] [authz_core:debug] [pid 578821:tid 578821] mod_authz_core.c(815): [client 240e:c2:1800:187::48:41250] AH01626: authorization result of Require all granted: granted, referer: https://www.najh.ilc.edu.tw/wp-content/cache/www.najh.ilc.edu.tw/wpfc-minified/kcxb236g/6wh9.css
[Sat Aug 22 00:08:30.201857 2026] [authz_core:debug] [pid 578821:tid 578821] mod_authz_core.c(815): [client 240e:c2:1800:187::48:41250] AH01626: authorization result of : granted, referer: https://www.najh.ilc.edu.tw/wp-content/cache/www.najh.ilc.edu.tw/wpfc-minified/kcxb236g/6wh9.css
[Sat Aug 22 00:08:30.310859 2026] [ssl:debug] [pid 578835:tid 578835] ssl_engine_kernel.c(2082): [client 66.249.79.138:58749] AH02041: Protocol: TLSv1.3, Cipher: TLS_AES_256_GCM_SHA384 (256/256 bits)
[Sat Aug 22 00:08:30.310933 2026] [socache_shmcb:debug] [pid 578835:tid 578835] mod_socache_shmcb.c(508): AH00831: socache_shmcb_store (0x31 -> subcache 17)
[Sat Aug 22 00:08:30.310945 2026] [socache_shmcb:debug] [pid 578835:tid 578835] mod_socache_shmcb.c(860): AH00847: insert happened at idx=32, data=(7204:7236)
[Sat Aug 22 00:08:30.310947 2026] [socache_shmcb:debug] [pid 578835:tid 578835] mod_socache_shmcb.c(863): AH00848: finished insert, subcache: idx_pos/idx_used=17/16, data_pos/data_used=3836/3585
[Sat Aug 22 00:08:30.310949 2026] [socache_shmcb:debug] [pid 578835:tid 578835] mod_socache_shmcb.c(530): AH00834: leaving socache_shmcb_store successfully
[Sat Aug 22 00:08:30.311006 2026] [socache_shmcb:debug] [pid 578835:tid 578835] mod_socache_shmcb.c(508): AH00831: socache_shmcb_store (0x91 -> subcache 17)
[Sat Aug 22 00:08:30.311009 2026] [socache_shmcb:debug] [pid 578835:tid 578835] mod_socache_shmcb.c(860): AH00847: insert happened at idx=33, data=(7421:7453)
[Sat Aug 22 00:08:30.311010 2026] [socache_shmcb:debug] [pid 578835:tid 578835] mod_socache_shmcb.c(863): AH00848: finished insert, subcache: idx_pos/idx_used=17/17, data_pos/data_used=3836/3802
[Sat Aug 22 00:08:30.311012 2026] [socache_shmcb:debug] [pid 578835:tid 578835] mod_socache_shmcb.c(530): AH00834: leaving socache_shmcb_store successfully
[Sat Aug 22 00:08:30.311171 2026] [ssl:debug] [pid 578835:tid 578835] ssl_engine_kernel.c(254): [client 66.249.79.138:58749] AH02034: Initial (No.1) HTTPS request received for child 17 (server www.jwes.ilc.edu.tw:443)
[Sat Aug 22 00:08:30.311433 2026] [authz_core:debug] [pid 578835:tid 578835] mod_authz_core.c(815): [client 66.249.79.138:58749] AH01626: authorization result of Require all granted: granted
[Sat Aug 22 00:08:30.311439 2026] [authz_core:debug] [pid 578835:tid 578835] mod_authz_core.c(815): [client 66.249.79.138:58749] AH01626: authorization result of : granted
[Sat Aug 22 00:08:30.322637 2026] [ssl:debug] [pid 578748:tid 578748] ssl_engine_kernel.c(254): [client 240e:cf:af02:6::67:5228] AH02034: Subsequent (No.6) HTTPS request received for child 6 (server www.najh.ilc.edu.tw:443), referer: https://www.najh.ilc.edu.tw/2020/03/16/%e7%ab%a5%e8%bb%8d%e5%85%ac%e9%96%8b%e8%aa%b2%e6%9b%b4%e6%ad%a3/
[Sat Aug 22 00:08:30.322826 2026] [authz_core:debug] [pid 578748:tid 578748] mod_authz_core.c(815): [client 240e:cf:af02:6::67:5228] AH01626: authorization result of Require all granted: granted, referer: https://www.najh.ilc.edu.tw/2020/03/16/%e7%ab%a5%e8%bb%8d%e5%85%ac%e9%96%8b%e8%aa%b2%e6%9b%b4%e6%ad%a3/
[Sat Aug 22 00:08:30.322831 2026] [authz_core:debug] [pid 578748:tid 578748] mod_authz_core.c(815): [client 240e:cf:af02:6::67:5228] AH01626: authorization result of : granted, referer: https://www.najh.ilc.edu.tw/2020/03/16/%e7%ab%a5%e8%bb%8d%e5%85%ac%e9%96%8b%e8%aa%b2%e6%9b%b4%e6%ad%a3/
[Sat Aug 22 00:08:30.323199 2026] [deflate:debug] [pid 578748:tid 578748] mod_deflate.c(909): [client 240e:cf:af02:6::67:5228] AH01384: Zlib: Compressed 8989 to 2304 : URL /wp-content/themes/oceanwp/assets/js/scroll-top.min.js, referer: https://www.najh.ilc.edu.tw/2020/03/16/%e7%ab%a5%e8%bb%8d%e5%85%ac%e9%96%8b%e8%aa%b2%e6%9b%b4%e6%ad%a3/
[Sat Aug 22 00:08:30.357281 2026] [ssl:debug] [pid 578758:tid 578758] ssl_engine_kernel.c(254): [client 240e:cf:af02:6::67:4778] AH02034: Subsequent (No.6) HTTPS request received for child 1 (server www.najh.ilc.edu.tw:443), referer: https://www.najh.ilc.edu.tw/2020/03/16/%e7%ab%a5%e8%bb%8d%e5%85%ac%e9%96%8b%e8%aa%b2%e6%9b%b4%e6%ad%a3/
[Sat Aug 22 00:08:30.357498 2026] [authz_core:debug] [pid 578758:tid 578758] mod_authz_core.c(815): [client 240e:cf:af02:6::67:4778] AH01626: authorization result of Require all granted: granted, referer: https://www.najh.ilc.edu.tw/2020/03/16/%e7%ab%a5%e8%bb%8d%e5%85%ac%e9%96%8b%e8%aa%b2%e6%9b%b4%e6%ad%a3/
[Sat Aug 22 00:08:30.357504 2026] [authz_core:debug] [pid 578758:tid 578758] mod_authz_core.c(815): [client 240e:cf:af02:6::67:4778] AH01626: authorization result of : granted, referer: https://www.najh.ilc.edu.tw/2020/03/16/%e7%ab%a5%e8%bb%8d%e5%85%ac%e9%96%8b%e8%aa%b2%e6%9b%b4%e6%ad%a3/
[Sat Aug 22 00:08:30.357819 2026] [deflate:debug] [pid 578758:tid 578758] mod_deflate.c(909): [client 240e:cf:af02:6::67:4778] AH01384: Zlib: Compressed 5181 to 1510 : URL /wp-content/themes/oceanwp/assets/js/select.min.js, referer: https://www.najh.ilc.edu.tw/2020/03/16/%e7%ab%a5%e8%bb%8d%e5%85%ac%e9%96%8b%e8%aa%b2%e6%9b%b4%e6%ad%a3/
[Sat Aug 22 00:08:30.366391 2026] [ssl:info] [pid 578834:tid 578834] [client 66.249.79.138:42371] AH01964: Connection to child 16 established (server 2blog.ilc.edu.tw:443)
[Sat Aug 22 00:08:30.366735 2026] [ssl:debug] [pid 578834:tid 578834] ssl_engine_kernel.c(2222): [client 66.249.79.138:42371] AH02043: SSL virtual host for servername www.jwes.ilc.edu.tw found
[Sat Aug 22 00:08:30.366891 2026] [ssl:debug] [pid 578834:tid 578834] ssl_util_stapling.c(819): AH01951: stapling_cb: OCSP Stapling callback called
[Sat Aug 22 00:08:30.366898 2026] [ssl:info] [pid 578834:tid 578834] AH01926: stapling_get_certinfo: stapling not supported for certificate
[Sat Aug 22 00:08:30.403097 2026] [mpm_prefork:info] [pid 42267:tid 42267] AH00162: server seems busy, (you may need to increase StartServers, or Min/MaxSpareServers), spawning 8 children, there are 2 idle, and 23 total children
[Sat Aug 22 00:08:30.406899 2026] [watchdog:debug] [pid 578836:tid 578836] mod_watchdog.c(559): AH02980: Watchdog: nothing configured?
[Sat Aug 22 00:08:30.409234 2026] [watchdog:debug] [pid 578837:tid 578837] mod_watchdog.c(559): AH02980: Watchdog: nothing configured?
[Sat Aug 22 00:08:30.411005 2026] [watchdog:debug] [pid 578838:tid 578838] mod_watchdog.c(559): AH02980: Watchdog: nothing configured?
[Sat Aug 22 00:08:30.412723 2026] [watchdog:debug] [pid 578839:tid 578839] mod_watchdog.c(559): AH02980: Watchdog: nothing configured?
[Sat Aug 22 00:08:30.414405 2026] [watchdog:debug] [pid 578840:tid 578840] mod_watchdog.c(559): AH02980: Watchdog: nothing configured?
[Sat Aug 22 00:08:30.416081 2026] [watchdog:debug] [pid 578841:tid 578841] mod_watchdog.c(559): AH02980: Watchdog: nothing configured?
[Sat Aug 22 00:08:30.416833 2026] [watchdog:debug] [pid 578842:tid 578842] mod_watchdog.c(559): AH02980: Watchdog: nothing configured?
[Sat Aug 22 00:08:30.417980 2026] [watchdog:debug] [pid 578843:tid 578843] mod_watchdog.c(559): AH02980: Watchdog: nothing configured?
[Sat Aug 22 00:08:30.441713 2026] [ssl:debug] [pid 578830:tid 578830] ssl_engine_kernel.c(254): [client 49.159.180.33:40997] AH02034: Subsequent (No.9) HTTPS request received for child 12 (server www.kfps.ilc.edu.tw:443), referer: https://www.kfps.ilc.edu.tw/
[Sat Aug 22 00:08:30.441921 2026] [authz_core:debug] [pid 578830:tid 578830] mod_authz_core.c(815): [client 49.159.180.33:40997] AH01626: authorization result of Require all granted: granted, referer: https://www.kfps.ilc.edu.tw/
[Sat Aug 22 00:08:30.441927 2026] [authz_core:debug] [pid 578830:tid 578830] mod_authz_core.c(815): [client 49.159.180.33:40997] AH01626: authorization result of : granted, referer: https://www.kfps.ilc.edu.tw/
[Sat Aug 22 00:08:30.442665 2026] [deflate:debug] [pid 578830:tid 578830] mod_deflate.c(909): [client 49.159.180.33:40997] AH01384: Zlib: Compressed 18726 to 5044 : URL /wp-includes/js/wp-emoji-release.min.js, referer: https://www.kfps.ilc.edu.tw/
[Sat Aug 22 00:08:30.504707 2026] [ssl:debug] [pid 578834:tid 578834] ssl_engine_kernel.c(2082): [client 66.249.79.138:42371] AH02041: Protocol: TLSv1.3, Cipher: TLS_AES_256_GCM_SHA384 (256/256 bits)
[Sat Aug 22 00:08:30.504768 2026] [socache_shmcb:debug] [pid 578834:tid 578834] mod_socache_shmcb.c(508): AH00831: socache_shmcb_store (0x0d -> subcache 13)
[Sat Aug 22 00:08:30.504778 2026] [socache_shmcb:debug] [pid 578834:tid 578834] mod_socache_shmcb.c(745): AH00842: expiring 1 and reclaiming 0 removed socache entries
[Sat Aug 22 00:08:30.504781 2026] [socache_shmcb:debug] [pid 578834:tid 578834] mod_socache_shmcb.c(765): AH00843: we now have 25 socache entries
[Sat Aug 22 00:08:30.504783 2026] [socache_shmcb:debug] [pid 578834:tid 578834] mod_socache_shmcb.c(860): AH00847: insert happened at idx=44, data=(9827:9859)
[Sat Aug 22 00:08:30.504793 2026] [socache_shmcb:debug] [pid 578834:tid 578834] mod_socache_shmcb.c(863): AH00848: finished insert, subcache: idx_pos/idx_used=19/26, data_pos/data_used=4262/5781
[Sat Aug 22 00:08:30.504795 2026] [socache_shmcb:debug] [pid 578834:tid 578834] mod_socache_shmcb.c(530): AH00834: leaving socache_shmcb_store successfully
[Sat Aug 22 00:08:30.504843 2026] [socache_shmcb:debug] [pid 578834:tid 578834] mod_socache_shmcb.c(508): AH00831: socache_shmcb_store (0xd5 -> subcache 21)
[Sat Aug 22 00:08:30.504863 2026] [socache_shmcb:debug] [pid 578834:tid 578834] mod_socache_shmcb.c(745): AH00842: expiring 2 and reclaiming 0 removed socache entries
[Sat Aug 22 00:08:30.504866 2026] [socache_shmcb:debug] [pid 578834:tid 578834] mod_socache_shmcb.c(765): AH00843: we now have 25 socache entries
[Sat Aug 22 00:08:30.504868 2026] [socache_shmcb:debug] [pid 578834:tid 578834] mod_socache_shmcb.c(860): AH00847: insert happened at idx=49, data=(10897:10929)
[Sat Aug 22 00:08:30.504869 2026] [socache_shmcb:debug] [pid 578834:tid 578834] mod_socache_shmcb.c(863): AH00848: finished insert, subcache: idx_pos/idx_used=24/26, data_pos/data_used=5349/5764
[Sat Aug 22 00:08:30.504871 2026] [socache_shmcb:debug] [pid 578834:tid 578834] mod_socache_shmcb.c(530): AH00834: leaving socache_shmcb_store successfully
[Sat Aug 22 00:08:30.505109 2026] [ssl:debug] [pid 578834:tid 578834] ssl_engine_kernel.c(254): [client 66.249.79.138:42371] AH02034: Initial (No.1) HTTPS request received for child 16 (server www.jwes.ilc.edu.tw:443)
