[Sat Aug 22 00:10:26.617164 2026] [ssl:info] [pid 583589:tid 583589] [client 2401:e180:8dd4:276:c423:48d7:5f39:4413:58710] AH01964: Connection to child 24 established (server 2blog.ilc.edu.tw:443)
[Sat Aug 22 00:10:26.617651 2026] [ssl:debug] [pid 583589:tid 583589] ssl_engine_kernel.c(2222): [client 2401:e180:8dd4:276:c423:48d7:5f39:4413:58710] AH02043: SSL virtual host for servername www.waldorf.ilc.edu.tw found
[Sat Aug 22 00:10:26.617702 2026] [socache_shmcb:debug] [pid 583589:tid 583589] mod_socache_shmcb.c(545): AH00835: socache_shmcb_retrieve (0x93 -> subcache 19)
[Sat Aug 22 00:10:26.617716 2026] [socache_shmcb:debug] [pid 583589:tid 583589] mod_socache_shmcb.c(896): AH00849: match at idx=47, data=10446
[Sat Aug 22 00:10:26.617719 2026] [socache_shmcb:debug] [pid 583589:tid 583589] mod_socache_shmcb.c(556): AH00836: leaving socache_shmcb_retrieve successfully
[Sat Aug 22 00:10:26.618107 2026] [core:debug] [pid 583589:tid 583589] protocol.c(2460): [client 2401:e180:8dd4:276:c423:48d7:5f39:4413:58710] AH03155: select protocol from , choices=h2,http/1.1 for server www.waldorf.ilc.edu.tw
[Sat Aug 22 00:10:26.620278 2026] [ssl:info] [pid 583590:tid 583590] [client 2401:e180:8dd4:276:c423:48d7:5f39:4413:58716] AH01964: Connection to child 25 established (server 2blog.ilc.edu.tw:443)
[Sat Aug 22 00:10:26.620819 2026] [ssl:debug] [pid 583590:tid 583590] ssl_engine_kernel.c(2222): [client 2401:e180:8dd4:276:c423:48d7:5f39:4413:58716] AH02043: SSL virtual host for servername www.waldorf.ilc.edu.tw found
[Sat Aug 22 00:10:26.620979 2026] [core:debug] [pid 583590:tid 583590] protocol.c(2460): [client 2401:e180:8dd4:276:c423:48d7:5f39:4413:58716] AH03155: select protocol from , choices=h2,http/1.1 for server www.waldorf.ilc.edu.tw
[Sat Aug 22 00:10:26.621081 2026] [ssl:debug] [pid 583590:tid 583590] ssl_util_stapling.c(819): AH01951: stapling_cb: OCSP Stapling callback called
[Sat Aug 22 00:10:26.621092 2026] [ssl:info] [pid 583590:tid 583590] AH01926: stapling_get_certinfo: stapling not supported for certificate
[Sat Aug 22 00:10:26.622119 2026] [ssl:debug] [pid 583587:tid 583587] ssl_engine_kernel.c(254): [client 2401:e180:8dd4:276:c423:48d7:5f39:4413:58694] AH02034: Subsequent (No.3) HTTPS request received for child 22 (server www.waldorf.ilc.edu.tw:443), referer: https://www.waldorf.ilc.edu.tw/
[Sat Aug 22 00:10:26.622454 2026] [ssl:debug] [pid 583586:tid 583586] ssl_engine_kernel.c(254): [client 2401:e180:8dd4:276:c423:48d7:5f39:4413:58670] AH02034: Subsequent (No.3) HTTPS request received for child 20 (server www.waldorf.ilc.edu.tw:443), referer: https://www.waldorf.ilc.edu.tw/
[Sat Aug 22 00:10:26.622678 2026] [authz_core:debug] [pid 583587:tid 583587] mod_authz_core.c(815): [client 2401:e180:8dd4:276:c423:48d7:5f39:4413:58694] AH01626: authorization result of Require all granted: granted, referer: https://www.waldorf.ilc.edu.tw/
[Sat Aug 22 00:10:26.622688 2026] [authz_core:debug] [pid 583587:tid 583587] mod_authz_core.c(815): [client 2401:e180:8dd4:276:c423:48d7:5f39:4413:58694] AH01626: authorization result of : granted, referer: https://www.waldorf.ilc.edu.tw/
[Sat Aug 22 00:10:26.622953 2026] [authz_core:debug] [pid 583586:tid 583586] mod_authz_core.c(815): [client 2401:e180:8dd4:276:c423:48d7:5f39:4413:58670] AH01626: authorization result of Require all granted: granted, referer: https://www.waldorf.ilc.edu.tw/
[Sat Aug 22 00:10:26.622961 2026] [authz_core:debug] [pid 583586:tid 583586] mod_authz_core.c(815): [client 2401:e180:8dd4:276:c423:48d7:5f39:4413:58670] AH01626: authorization result of : granted, referer: https://www.waldorf.ilc.edu.tw/
[Sat Aug 22 00:10:26.623112 2026] [deflate:debug] [pid 583587:tid 583587] mod_deflate.c(909): [client 2401:e180:8dd4:276:c423:48d7:5f39:4413:58694] AH01384: Zlib: Compressed 9156 to 1120 : URL /wp-content/uploads/sites/1517/elementor/css/post-1413.css, referer: https://www.waldorf.ilc.edu.tw/
[Sat Aug 22 00:10:26.624538 2026] [deflate:debug] [pid 583586:tid 583586] mod_deflate.c(909): [client 2401:e180:8dd4:276:c423:48d7:5f39:4413:58670] AH01384: Zlib: Compressed 59190 to 12948 : URL /wp-content/cache/www.waldorf.ilc.edu.tw/wpfc-minified/3pjp17l/6xg3.css, referer: https://www.waldorf.ilc.edu.tw/
[Sat Aug 22 00:10:26.650161 2026] [ssl:debug] [pid 583588:tid 583588] ssl_engine_kernel.c(2082): [client 2401:e180:8dd4:276:c423:48d7:5f39:4413:58700] AH02041: Protocol: TLSv1.3, Cipher: TLS_AES_256_GCM_SHA384 (256/256 bits)
[Sat Aug 22 00:10:26.650241 2026] [socache_shmcb:debug] [pid 583588:tid 583588] mod_socache_shmcb.c(508): AH00831: socache_shmcb_store (0x44 -> subcache 4)
[Sat Aug 22 00:10:26.650260 2026] [socache_shmcb:debug] [pid 583588:tid 583588] mod_socache_shmcb.c(860): AH00847: insert happened at idx=49, data=(10792:10824)
[Sat Aug 22 00:10:26.650263 2026] [socache_shmcb:debug] [pid 583588:tid 583588] mod_socache_shmcb.c(863): AH00848: finished insert, subcache: idx_pos/idx_used=23/27, data_pos/data_used=5102/5921
[Sat Aug 22 00:10:26.650266 2026] [socache_shmcb:debug] [pid 583588:tid 583588] mod_socache_shmcb.c(530): AH00834: leaving socache_shmcb_store successfully
[Sat Aug 22 00:10:26.652143 2026] [ssl:debug] [pid 583589:tid 583589] ssl_engine_kernel.c(2082): [client 2401:e180:8dd4:276:c423:48d7:5f39:4413:58710] AH02041: Protocol: TLSv1.3, Cipher: TLS_AES_256_GCM_SHA384 (256/256 bits)
[Sat Aug 22 00:10:26.652213 2026] [socache_shmcb:debug] [pid 583589:tid 583589] mod_socache_shmcb.c(508): AH00831: socache_shmcb_store (0xbe -> subcache 30)
[Sat Aug 22 00:10:26.652223 2026] [ssl:debug] [pid 583588:tid 583588] ssl_engine_kernel.c(254): [client 2401:e180:8dd4:276:c423:48d7:5f39:4413:58700] AH02034: Initial (No.1) HTTPS request received for child 23 (server www.waldorf.ilc.edu.tw:443), referer: https://www.waldorf.ilc.edu.tw/
[Sat Aug 22 00:10:26.652228 2026] [socache_shmcb:debug] [pid 583589:tid 583589] mod_socache_shmcb.c(860): AH00847: insert happened at idx=54, data=(11967:11999)
[Sat Aug 22 00:10:26.652238 2026] [socache_shmcb:debug] [pid 583589:tid 583589] mod_socache_shmcb.c(863): AH00848: finished insert, subcache: idx_pos/idx_used=31/24, data_pos/data_used=6889/5310
[Sat Aug 22 00:10:26.652241 2026] [socache_shmcb:debug] [pid 583589:tid 583589] mod_socache_shmcb.c(530): AH00834: leaving socache_shmcb_store successfully
[Sat Aug 22 00:10:26.652482 2026] [ssl:debug] [pid 583589:tid 583589] ssl_engine_kernel.c(254): [client 2401:e180:8dd4:276:c423:48d7:5f39:4413:58710] AH02034: Initial (No.1) HTTPS request received for child 24 (server www.waldorf.ilc.edu.tw:443), referer: https://www.waldorf.ilc.edu.tw/
[Sat Aug 22 00:10:26.652911 2026] [authz_core:debug] [pid 583589:tid 583589] mod_authz_core.c(815): [client 2401:e180:8dd4:276:c423:48d7:5f39:4413:58710] AH01626: authorization result of Require all granted: granted, referer: https://www.waldorf.ilc.edu.tw/
[Sat Aug 22 00:10:26.652924 2026] [authz_core:debug] [pid 583589:tid 583589] mod_authz_core.c(815): [client 2401:e180:8dd4:276:c423:48d7:5f39:4413:58710] AH01626: authorization result of : granted, referer: https://www.waldorf.ilc.edu.tw/
[Sat Aug 22 00:10:26.653278 2026] [authz_core:debug] [pid 583588:tid 583588] mod_authz_core.c(815): [client 2401:e180:8dd4:276:c423:48d7:5f39:4413:58700] AH01626: authorization result of Require all granted: granted, referer: https://www.waldorf.ilc.edu.tw/
[Sat Aug 22 00:10:26.653293 2026] [authz_core:debug] [pid 583588:tid 583588] mod_authz_core.c(815): [client 2401:e180:8dd4:276:c423:48d7:5f39:4413:58700] AH01626: authorization result of : granted, referer: https://www.waldorf.ilc.edu.tw/
[Sat Aug 22 00:10:26.655276 2026] [ssl:debug] [pid 583590:tid 583590] ssl_engine_kernel.c(2082): [client 2401:e180:8dd4:276:c423:48d7:5f39:4413:58716] AH02041: Protocol: TLSv1.3, Cipher: TLS_AES_256_GCM_SHA384 (256/256 bits)
[Sat Aug 22 00:10:26.655355 2026] [socache_shmcb:debug] [pid 583590:tid 583590] mod_socache_shmcb.c(508): AH00831: socache_shmcb_store (0x5f -> subcache 31)
[Sat Aug 22 00:10:26.655370 2026] [socache_shmcb:debug] [pid 583590:tid 583590] mod_socache_shmcb.c(860): AH00847: insert happened at idx=60, data=(13367:13399)
[Sat Aug 22 00:10:26.655373 2026] [socache_shmcb:debug] [pid 583590:tid 583590] mod_socache_shmcb.c(863): AH00848: finished insert, subcache: idx_pos/idx_used=37/24, data_pos/data_used=8250/5349
[Sat Aug 22 00:10:26.655376 2026] [socache_shmcb:debug] [pid 583590:tid 583590] mod_socache_shmcb.c(530): AH00834: leaving socache_shmcb_store successfully
[Sat Aug 22 00:10:26.655442 2026] [socache_shmcb:debug] [pid 583590:tid 583590] mod_socache_shmcb.c(508): AH00831: socache_shmcb_store (0xab -> subcache 11)
[Sat Aug 22 00:10:26.655452 2026] [socache_shmcb:debug] [pid 583590:tid 583590] mod_socache_shmcb.c(860): AH00847: insert happened at idx=48, data=(10743:10775)
[Sat Aug 22 00:10:26.655455 2026] [socache_shmcb:debug] [pid 583590:tid 583590] mod_socache_shmcb.c(863): AH00848: finished insert, subcache: idx_pos/idx_used=25/24, data_pos/data_used=5622/5352
[Sat Aug 22 00:10:26.655458 2026] [socache_shmcb:debug] [pid 583590:tid 583590] mod_socache_shmcb.c(530): AH00834: leaving socache_shmcb_store successfully
[Sat Aug 22 00:10:26.657134 2026] [ssl:debug] [pid 583587:tid 583587] ssl_engine_kernel.c(254): [client 2401:e180:8dd4:276:c423:48d7:5f39:4413:58694] AH02034: Subsequent (No.4) HTTPS request received for child 22 (server www.waldorf.ilc.edu.tw:443), referer: https://www.waldorf.ilc.edu.tw/
[Sat Aug 22 00:10:26.657342 2026] [authz_core:debug] [pid 583587:tid 583587] mod_authz_core.c(815): [client 2401:e180:8dd4:276:c423:48d7:5f39:4413:58694] AH01626: authorization result of Require all granted: granted, referer: https://www.waldorf.ilc.edu.tw/
[Sat Aug 22 00:10:26.657349 2026] [authz_core:debug] [pid 583587:tid 583587] mod_authz_core.c(815): [client 2401:e180:8dd4:276:c423:48d7:5f39:4413:58694] AH01626: authorization result of : granted, referer: https://www.waldorf.ilc.edu.tw/
[Sat Aug 22 00:10:26.658002 2026] [ssl:debug] [pid 583590:tid 583590] ssl_engine_kernel.c(254): [client 2401:e180:8dd4:276:c423:48d7:5f39:4413:58716] AH02034: Initial (No.1) HTTPS request received for child 25 (server www.waldorf.ilc.edu.tw:443), referer: https://www.waldorf.ilc.edu.tw/
[Sat Aug 22 00:10:26.658067 2026] [ssl:debug] [pid 578980:tid 578980] ssl_engine_kernel.c(254): [client 2401:e180:8dd4:276:c423:48d7:5f39:4413:58684] AH02034: Subsequent (No.4) HTTPS request received for child 12 (server www.waldorf.ilc.edu.tw:443), referer: https://www.waldorf.ilc.edu.tw/
[Sat Aug 22 00:10:26.658268 2026] [authz_core:debug] [pid 578980:tid 578980] mod_authz_core.c(815): [client 2401:e180:8dd4:276:c423:48d7:5f39:4413:58684] AH01626: authorization result of Require all granted: granted, referer: https://www.waldorf.ilc.edu.tw/
[Sat Aug 22 00:10:26.658275 2026] [authz_core:debug] [pid 578980:tid 578980] mod_authz_core.c(815): [client 2401:e180:8dd4:276:c423:48d7:5f39:4413:58684] AH01626: authorization result of : granted, referer: https://www.waldorf.ilc.edu.tw/
[Sat Aug 22 00:10:26.658301 2026] [authz_core:debug] [pid 583590:tid 583590] mod_authz_core.c(815): [client 2401:e180:8dd4:276:c423:48d7:5f39:4413:58716] AH01626: authorization result of Require all granted: granted, referer: https://www.waldorf.ilc.edu.tw/
[Sat Aug 22 00:10:26.658310 2026] [authz_core:debug] [pid 583590:tid 583590] mod_authz_core.c(815): [client 2401:e180:8dd4:276:c423:48d7:5f39:4413:58716] AH01626: authorization result of : granted, referer: https://www.waldorf.ilc.edu.tw/
[Sat Aug 22 00:10:26.658431 2026] [deflate:debug] [pid 583588:tid 583588] mod_deflate.c(909): [client 2401:e180:8dd4:276:c423:48d7:5f39:4413:58700] AH01384: Zlib: Compressed 101302 to 34532 : URL /wp-content/cache/www.waldorf.ilc.edu.tw/wpfc-minified/kl1hde1y/6xg3.js, referer: https://www.waldorf.ilc.edu.tw/
[Sat Aug 22 00:10:26.660017 2026] [ssl:debug] [pid 583586:tid 583586] ssl_engine_kernel.c(254): [client 2401:e180:8dd4:276:c423:48d7:5f39:4413:58670] AH02034: Subsequent (No.4) HTTPS request received for child 20 (server www.waldorf.ilc.edu.tw:443), referer: https://www.waldorf.ilc.edu.tw/
[Sat Aug 22 00:10:26.660216 2026] [authz_core:debug] [pid 583586:tid 583586] mod_authz_core.c(815): [client 2401:e180:8dd4:276:c423:48d7:5f39:4413:58670] AH01626: authorization result of Require all granted: granted, referer: https://www.waldorf.ilc.edu.tw/
[Sat Aug 22 00:10:26.660223 2026] [authz_core:debug] [pid 583586:tid 583586] mod_authz_core.c(815): [client 2401:e180:8dd4:276:c423:48d7:5f39:4413:58670] AH01626: authorization result of : granted, referer: https://www.waldorf.ilc.edu.tw/
[Sat Aug 22 00:10:26.692542 2026] [ssl:debug] [pid 583587:tid 583587] ssl_engine_kernel.c(254): [client 2401:e180:8dd4:276:c423:48d7:5f39:4413:58694] AH02034: Subsequent (No.5) HTTPS request received for child 22 (server www.waldorf.ilc.edu.tw:443), referer: https://www.waldorf.ilc.edu.tw/
[Sat Aug 22 00:10:26.692832 2026] [authz_core:debug] [pid 583587:tid 583587] mod_authz_core.c(815): [client 2401:e180:8dd4:276:c423:48d7:5f39:4413:58694] AH01626: authorization result of Require all granted: granted, referer: https://www.waldorf.ilc.edu.tw/
[Sat Aug 22 00:10:26.692840 2026] [authz_core:debug] [pid 583587:tid 583587] mod_authz_core.c(815): [client 2401:e180:8dd4:276:c423:48d7:5f39:4413:58694] AH01626: authorization result of : granted, referer: https://www.waldorf.ilc.edu.tw/
[Sat Aug 22 00:10:26.693124 2026] [ssl:debug] [pid 578954:tid 578954] ssl_engine_kernel.c(254): [client 2409:8774:501f::1aa:46918] AH02034: Subsequent (No.6) HTTPS request received for child 2 (server ilta.ilc.edu.tw:443), referer: https://ilta.ilc.edu.tw/2014/07/24/
[Sat Aug 22 00:10:26.693317 2026] [authz_core:debug] [pid 578954:tid 578954] mod_authz_core.c(815): [client 2409:8774:501f::1aa:46918] AH01626: authorization result of Require all granted: granted, referer: https://ilta.ilc.edu.tw/2014/07/24/
[Sat Aug 22 00:10:26.693323 2026] [authz_core:debug] [pid 578954:tid 578954] mod_authz_core.c(815): [client 2409:8774:501f::1aa:46918] AH01626: authorization result of : granted, referer: https://ilta.ilc.edu.tw/2014/07/24/
[Sat Aug 22 00:10:26.693606 2026] [deflate:debug] [pid 578954:tid 578954] mod_deflate.c(909): [client 2409:8774:501f::1aa:46918] AH01384: Zlib: Compressed 8989 to 2304 : URL /wp-content/themes/oceanwp/assets/js/scroll-top.min.js, referer: https://ilta.ilc.edu.tw/2014/07/24/
[Sat Aug 22 00:10:26.700228 2026] [ssl:debug] [pid 578980:tid 578980] ssl_engine_kernel.c(254): [client 2401:e180:8dd4:276:c423:48d7:5f39:4413:58684] AH02034: Subsequent (No.5) HTTPS request received for child 12 (server www.waldorf.ilc.edu.tw:443), referer: https://www.waldorf.ilc.edu.tw/
[Sat Aug 22 00:10:26.700423 2026] [authz_core:debug] [pid 578980:tid 578980] mod_authz_core.c(815): [client 2401:e180:8dd4:276:c423:48d7:5f39:4413:58684] AH01626: authorization result of Require all granted: granted, referer: https://www.waldorf.ilc.edu.tw/
[Sat Aug 22 00:10:26.700429 2026] [authz_core:debug] [pid 578980:tid 578980] mod_authz_core.c(815): [client 2401:e180:8dd4:276:c423:48d7:5f39:4413:58684] AH01626: authorization result of : granted, referer: https://www.waldorf.ilc.edu.tw/
[Sat Aug 22 00:10:26.707161 2026] [ssl:debug] [pid 583586:tid 583586] ssl_engine_kernel.c(254): [client 2401:e180:8dd4:276:c423:48d7:5f39:4413:58670] AH02034: Subsequent (No.5) HTTPS request received for child 20 (server www.waldorf.ilc.edu.tw:443), referer: https://www.waldorf.ilc.edu.tw/
[Sat Aug 22 00:10:26.707518 2026] [authz_core:debug] [pid 583586:tid 583586] mod_authz_core.c(815): [client 2401:e180:8dd4:276:c423:48d7:5f39:4413:58670] AH01626: authorization result of Require all granted: granted, referer: https://www.waldorf.ilc.edu.tw/
[Sat Aug 22 00:10:26.707528 2026] [authz_core:debug] [pid 583586:tid 583586] mod_authz_core.c(815): [client 2401:e180:8dd4:276:c423:48d7:5f39:4413:58670] AH01626: authorization result of : granted, referer: https://www.waldorf.ilc.edu.tw/
[Sat Aug 22 00:10:26.720105 2026] [ssl:debug] [pid 583588:tid 583588] ssl_engine_kernel.c(254): [client 2401:e180:8dd4:276:c423:48d7:5f39:4413:58700] AH02034: Subsequent (No.2) HTTPS request received for child 23 (server www.waldorf.ilc.edu.tw:443), referer: https://www.waldorf.ilc.edu.tw/
[Sat Aug 22 00:10:26.720106 2026] [ssl:debug] [pid 583587:tid 583587] ssl_engine_kernel.c(254): [client 2401:e180:8dd4:276:c423:48d7:5f39:4413:58694] AH02034: Subsequent (No.6) HTTPS request received for child 22 (server www.waldorf.ilc.edu.tw:443), referer: https://www.waldorf.ilc.edu.tw/
[Sat Aug 22 00:10:26.721083 2026] [authz_core:debug] [pid 583587:tid 583587] mod_authz_core.c(815): [client 2401:e180:8dd4:276:c423:48d7:5f39:4413:58694] AH01626: authorization result of Require all granted: granted, referer: https://www.waldorf.ilc.edu.tw/
[Sat Aug 22 00:10:26.721093 2026] [authz_core:debug] [pid 583587:tid 583587] mod_authz_core.c(815): [client 2401:e180:8dd4:276:c423:48d7:5f39:4413:58694] AH01626: authorization result of : granted, referer: https://www.waldorf.ilc.edu.tw/
[Sat Aug 22 00:10:26.721492 2026] [authz_core:debug] [pid 583588:tid 583588] mod_authz_core.c(815): [client 2401:e180:8dd4:276:c423:48d7:5f39:4413:58700] AH01626: authorization result of Require all granted: granted, referer: https://www.waldorf.ilc.edu.tw/
[Sat Aug 22 00:10:26.721502 2026] [authz_core:debug] [pid 583588:tid 583588] mod_authz_core.c(815): [client 2401:e180:8dd4:276:c423:48d7:5f39:4413:58700] AH01626: authorization result of : granted, referer: https://www.waldorf.ilc.edu.tw/
[Sat Aug 22 00:10:26.752069 2026] [ssl:debug] [pid 583588:tid 583588] ssl_engine_kernel.c(254): [client 2401:e180:8dd4:276:c423:48d7:5f39:4413:58700] AH02034: Subsequent (No.3) HTTPS request received for child 23 (server www.waldorf.ilc.edu.tw:443), referer: https://www.waldorf.ilc.edu.tw/
[Sat Aug 22 00:10:26.752777 2026] [authz_core:debug] [pid 583588:tid 583588] mod_authz_core.c(815): [client 2401:e180:8dd4:276:c423:48d7:5f39:4413:58700] AH01626: authorization result of Require all granted: granted, referer: https://www.waldorf.ilc.edu.tw/
[Sat Aug 22 00:10:26.752788 2026] [authz_core:debug] [pid 583588:tid 583588] mod_authz_core.c(815): [client 2401:e180:8dd4:276:c423:48d7:5f39:4413:58700] AH01626: authorization result of : granted, referer: https://www.waldorf.ilc.edu.tw/
[Sat Aug 22 00:10:26.757079 2026] [ssl:debug] [pid 583590:tid 583590] ssl_engine_kernel.c(254): [client 2401:e180:8dd4:276:c423:48d7:5f39:4413:58716] AH02034: Subsequent (No.2) HTTPS request received for child 25 (server www.waldorf.ilc.edu.tw:443), referer: https://www.waldorf.ilc.edu.tw/
[Sat Aug 22 00:10:26.757116 2026] [ssl:debug] [pid 583587:tid 583587] ssl_engine_kernel.c(254): [client 2401:e180:8dd4:276:c423:48d7:5f39:4413:58694] AH02034: Subsequent (No.7) HTTPS request received for child 22 (server www.waldorf.ilc.edu.tw:443), referer: https://www.waldorf.ilc.edu.tw/
[Sat Aug 22 00:10:26.757286 2026] [authz_core:debug] [pid 583590:tid 583590] mod_authz_core.c(815): [client 2401:e180:8dd4:276:c423:48d7:5f39:4413:58716] AH01626: authorization result of Require all granted: granted, referer: https://www.waldorf.ilc.edu.tw/
[Sat Aug 22 00:10:26.757293 2026] [authz_core:debug] [pid 583590:tid 583590] mod_authz_core.c(815): [client 2401:e180:8dd4:276:c423:48d7:5f39:4413:58716] AH01626: authorization result of : granted, referer: https://www.waldorf.ilc.edu.tw/
[Sat Aug 22 00:10:26.757549 2026] [deflate:debug] [pid 583590:tid 583590] mod_deflate.c(909): [client 2401:e180:8dd4:276:c423:48d7:5f39:4413:58716] AH01384: Zlib: Compressed 1718 to 700 : URL /wp-includes/js/hoverintent-js.min.js, referer: https://www.waldorf.ilc.edu.tw/
[Sat Aug 22 00:10:26.757682 2026] [authz_core:debug] [pid 583587:tid 583587] mod_authz_core.c(815): [client 2401:e180:8dd4:276:c423:48d7:5f39:4413:58694] AH01626: authorization result of Require all granted: granted, referer: https://www.waldorf.ilc.edu.tw/
[Sat Aug 22 00:10:26.757686 2026] [ssl:debug] [pid 583586:tid 583586] ssl_engine_kernel.c(254): [client 2401:e180:8dd4:276:c423:48d7:5f39:4413:58670] AH02034: Subsequent (No.6) HTTPS request received for child 20 (server www.waldorf.ilc.edu.tw:443), referer: https://www.waldorf.ilc.edu.tw/
[Sat Aug 22 00:10:26.757708 2026] [authz_core:debug] [pid 583587:tid 583587] mod_authz_core.c(815): [client 2401:e180:8dd4:276:c423:48d7:5f39:4413:58694] AH01626: authorization result of : granted, referer: https://www.waldorf.ilc.edu.tw/
[Sat Aug 22 00:10:26.757889 2026] [authz_core:debug] [pid 583586:tid 583586] mod_authz_core.c(815): [client 2401:e180:8dd4:276:c423:48d7:5f39:4413:58670] AH01626: authorization result of Require all granted: granted, referer: https://www.waldorf.ilc.edu.tw/
[Sat Aug 22 00:10:26.757896 2026] [authz_core:debug] [pid 583586:tid 583586] mod_authz_core.c(815): [client 2401:e180:8dd4:276:c423:48d7:5f39:4413:58670] AH01626: authorization result of : granted, referer: https://www.waldorf.ilc.edu.tw/
[Sat Aug 22 00:10:26.758098 2026] [deflate:debug] [pid 583586:tid 583586] mod_deflate.c(909): [client 2401:e180:8dd4:276:c423:48d7:5f39:4413:58670] AH01384: Zlib: Compressed 3487 to 1339 : URL /wp-includes/js/admin-bar.min.js, referer: https://www.waldorf.ilc.edu.tw/
[Sat Aug 22 00:10:26.758396 2026] [deflate:debug] [pid 583587:tid 583587] mod_deflate.c(909): [client 2401:e180:8dd4:276:c423:48d7:5f39:4413:58694] AH01384: Zlib: Compressed 18468 to 2574 : URL /wp-content/cache/www.waldorf.ilc.edu.tw/wpfc-minified/l0srqxzl/6xg3.css, referer: https://www.waldorf.ilc.edu.tw/
[Sat Aug 22 00:10:26.762093 2026] [ssl:debug] [pid 583589:tid 583589] ssl_engine_kernel.c(254): [client 2401:e180:8dd4:276:c423:48d7:5f39:4413:58710] AH02034: Subsequent (No.2) HTTPS request received for child 24 (server www.waldorf.ilc.edu.tw:443), referer: https://www.waldorf.ilc.edu.tw/
[Sat Aug 22 00:10:26.762267 2026] [authz_core:debug] [pid 583589:tid 583589] mod_authz_core.c(815): [client 2401:e180:8dd4:276:c423:48d7:5f39:4413:58710] AH01626: authorization result of Require all granted: granted, referer: https://www.waldorf.ilc.edu.tw/
[Sat Aug 22 00:10:26.762273 2026] [authz_core:debug] [pid 583589:tid 583589] mod_authz_core.c(815): [client 2401:e180:8dd4:276:c423:48d7:5f39:4413:58710] AH01626: authorization result of : granted, referer: https://www.waldorf.ilc.edu.tw/