[Sat Aug 22 00:08:54.666195 2026] [ssl:debug] [pid 578830:tid 578830] ssl_engine_kernel.c(2082): [client 2408:872f:d00:4::48:1032] AH02041: Protocol: TLSv1.3, Cipher: TLS_AES_256_GCM_SHA384 (256/256 bits)
[Sat Aug 22 00:08:54.666222 2026] [socache_shmcb:debug] [pid 578830:tid 578830] mod_socache_shmcb.c(508): AH00831: socache_shmcb_store (0x6c -> subcache 12)
[Sat Aug 22 00:08:54.666236 2026] [socache_shmcb:debug] [pid 578830:tid 578830] mod_socache_shmcb.c(745): AH00842: expiring 1 and reclaiming 0 removed socache entries
[Sat Aug 22 00:08:54.666238 2026] [socache_shmcb:debug] [pid 578830:tid 578830] mod_socache_shmcb.c(765): AH00843: we now have 23 socache entries
[Sat Aug 22 00:08:54.666241 2026] [socache_shmcb:debug] [pid 578830:tid 578830] mod_socache_shmcb.c(860): AH00847: insert happened at idx=38, data=(8385:8417)
[Sat Aug 22 00:08:54.666242 2026] [socache_shmcb:debug] [pid 578830:tid 578830] mod_socache_shmcb.c(863): AH00848: finished insert, subcache: idx_pos/idx_used=15/24, data_pos/data_used=3286/5324
[Sat Aug 22 00:08:54.666244 2026] [socache_shmcb:debug] [pid 578830:tid 578830] mod_socache_shmcb.c(530): AH00834: leaving socache_shmcb_store successfully
[Sat Aug 22 00:08:54.666272 2026] [deflate:debug] [pid 578821:tid 578821] mod_deflate.c(909): [client 2408:872f:d00:4::48:1036] AH01384: Zlib: Compressed 1718 to 700 : URL /wp-includes/js/hoverintent-js.min.js, referer: https://ilta.ilc.edu.tw/2015/04/24/
[Sat Aug 22 00:08:54.666276 2026] [socache_shmcb:debug] [pid 578830:tid 578830] mod_socache_shmcb.c(508): AH00831: socache_shmcb_store (0x4a -> subcache 10)
[Sat Aug 22 00:08:54.666283 2026] [socache_shmcb:debug] [pid 578830:tid 578830] mod_socache_shmcb.c(860): AH00847: insert happened at idx=42, data=(9316:9348)
[Sat Aug 22 00:08:54.666285 2026] [socache_shmcb:debug] [pid 578830:tid 578830] mod_socache_shmcb.c(863): AH00848: finished insert, subcache: idx_pos/idx_used=21/22, data_pos/data_used=4632/4909
[Sat Aug 22 00:08:54.666286 2026] [socache_shmcb:debug] [pid 578830:tid 578830] mod_socache_shmcb.c(530): AH00834: leaving socache_shmcb_store successfully
[Sat Aug 22 00:08:54.666384 2026] [ssl:debug] [pid 578830:tid 578830] ssl_engine_kernel.c(254): [client 2408:872f:d00:4::48:1032] AH02034: Initial (No.1) HTTPS request received for child 12 (server ilta.ilc.edu.tw:443), referer: https://ilta.ilc.edu.tw/2015/04/24/
[Sat Aug 22 00:08:54.666510 2026] [authz_core:debug] [pid 578830:tid 578830] mod_authz_core.c(815): [client 2408:872f:d00:4::48:1032] AH01626: authorization result of Require all granted: granted, referer: https://ilta.ilc.edu.tw/2015/04/24/
[Sat Aug 22 00:08:54.666514 2026] [authz_core:debug] [pid 578830:tid 578830] mod_authz_core.c(815): [client 2408:872f:d00:4::48:1032] AH01626: authorization result of : granted, referer: https://ilta.ilc.edu.tw/2015/04/24/
[Sat Aug 22 00:08:54.666693 2026] [deflate:debug] [pid 578830:tid 578830] mod_deflate.c(909): [client 2408:872f:d00:4::48:1032] AH01384: Zlib: Compressed 3487 to 1339 : URL /wp-includes/js/admin-bar.min.js, referer: https://ilta.ilc.edu.tw/2015/04/24/
[Sat Aug 22 00:08:54.671846 2026] [ssl:debug] [pid 578843:tid 578843] ssl_engine_io.c(1150): [client 2a03:2880:f802:1f:::32020] AH02001: Connection closed to child 26 with standard shutdown (server 2blog.ilc.edu.tw:443)
[Sat Aug 22 00:08:54.674344 2026] [ssl:info] [pid 578705:tid 578705] [client 2409:8a50:e203:d9b3:c945:5910:c7dd:1ec8:27542] AH01964: Connection to child 35 established (server 2blog.ilc.edu.tw:443)
[Sat Aug 22 00:08:54.848145 2026] [ssl:debug] [pid 578838:tid 578838] ssl_engine_io.c(1150): [client 2a03:2880:f802:15:::60696] AH02001: Connection closed to child 21 with standard shutdown (server 2blog.ilc.edu.tw:443)
[Sat Aug 22 00:08:54.899530 2026] [ssl:debug] [pid 578834:tid 578834] ssl_engine_kernel.c(254): [client 2408:872f:d00:4::48:63798] AH02034: Subsequent (No.5) HTTPS request received for child 16 (server ilta.ilc.edu.tw:443), referer: https://ilta.ilc.edu.tw/2015/04/24/
[Sat Aug 22 00:08:54.899717 2026] [authz_core:debug] [pid 578834:tid 578834] mod_authz_core.c(815): [client 2408:872f:d00:4::48:63798] AH01626: authorization result of Require all granted: granted, referer: https://ilta.ilc.edu.tw/2015/04/24/
[Sat Aug 22 00:08:54.899722 2026] [authz_core:debug] [pid 578834:tid 578834] mod_authz_core.c(815): [client 2408:872f:d00:4::48:63798] AH01626: authorization result of : granted, referer: https://ilta.ilc.edu.tw/2015/04/24/
[Sat Aug 22 00:08:54.899992 2026] [deflate:debug] [pid 578834:tid 578834] mod_deflate.c(909): [client 2408:872f:d00:4::48:63798] AH01384: Zlib: Compressed 5520 to 1785 : URL /wp-includes/js/imagesloaded.min.js, referer: https://ilta.ilc.edu.tw/2015/04/24/
[Sat Aug 22 00:08:54.929316 2026] [ssl:info] [pid 578850:tid 578850] [client 34.234.206.30:30017] AH01964: Connection to child 0 established (server 2blog.ilc.edu.tw:443)
[Sat Aug 22 00:08:54.929669 2026] [ssl:debug] [pid 578850:tid 578850] ssl_engine_kernel.c(2222): [client 34.234.206.30:30017] AH02043: SSL virtual host for servername www.djps.ilc.edu.tw found
[Sat Aug 22 00:08:54.996017 2026] [ssl:debug] [pid 578839:tid 578839] ssl_engine_kernel.c(254): [client 2408:872f:d00:4::48:1034] AH02034: Subsequent (No.2) HTTPS request received for child 22 (server ilta.ilc.edu.tw:443), referer: https://ilta.ilc.edu.tw/2015/04/24/
[Sat Aug 22 00:08:54.996210 2026] [authz_core:debug] [pid 578839:tid 578839] mod_authz_core.c(815): [client 2408:872f:d00:4::48:1034] AH01626: authorization result of Require all granted: granted, referer: https://ilta.ilc.edu.tw/2015/04/24/
[Sat Aug 22 00:08:54.996215 2026] [authz_core:debug] [pid 578839:tid 578839] mod_authz_core.c(815): [client 2408:872f:d00:4::48:1034] AH01626: authorization result of : granted, referer: https://ilta.ilc.edu.tw/2015/04/24/
[Sat Aug 22 00:08:54.996682 2026] [deflate:debug] [pid 578839:tid 578839] mod_deflate.c(909): [client 2408:872f:d00:4::48:1034] AH01384: Zlib: Compressed 19719 to 4232 : URL /wp-content/themes/oceanwp/assets/js/theme.min.js, referer: https://ilta.ilc.edu.tw/2015/04/24/
[Sat Aug 22 00:08:55.051225 2026] [ssl:debug] [pid 578703:tid 578703] ssl_engine_kernel.c(2222): [client 2409:8a50:e203:d9b3:c945:5910:c7dd:1ec8:27540] AH02043: SSL virtual host for servername www.najh.ilc.edu.tw found
[Sat Aug 22 00:08:55.051263 2026] [socache_shmcb:debug] [pid 578703:tid 578703] mod_socache_shmcb.c(545): AH00835: socache_shmcb_retrieve (0xe1 -> subcache 1)
[Sat Aug 22 00:08:55.051268 2026] [socache_shmcb:debug] [pid 578703:tid 578703] mod_socache_shmcb.c(896): AH00849: match at idx=47, data=10460
[Sat Aug 22 00:08:55.051270 2026] [socache_shmcb:debug] [pid 578703:tid 578703] mod_socache_shmcb.c(556): AH00836: leaving socache_shmcb_retrieve successfully
[Sat Aug 22 00:08:55.051376 2026] [core:debug] [pid 578703:tid 578703] protocol.c(2460): [client 2409:8a50:e203:d9b3:c945:5910:c7dd:1ec8:27540] AH03155: select protocol from , choices=h2,http/1.1 for server www.najh.ilc.edu.tw
[Sat Aug 22 00:08:55.105192 2026] [ssl:debug] [pid 578821:tid 578821] ssl_engine_kernel.c(254): [client 2408:872f:d00:4::48:1036] AH02034: Subsequent (No.2) HTTPS request received for child 8 (server ilta.ilc.edu.tw:443), referer: https://ilta.ilc.edu.tw/2015/04/24/
[Sat Aug 22 00:08:55.105397 2026] [authz_core:debug] [pid 578821:tid 578821] mod_authz_core.c(815): [client 2408:872f:d00:4::48:1036] AH01626: authorization result of Require all granted: granted, referer: https://ilta.ilc.edu.tw/2015/04/24/
[Sat Aug 22 00:08:55.105411 2026] [authz_core:debug] [pid 578821:tid 578821] mod_authz_core.c(815): [client 2408:872f:d00:4::48:1036] AH01626: authorization result of : granted, referer: https://ilta.ilc.edu.tw/2015/04/24/
[Sat Aug 22 00:08:55.105446 2026] [ssl:debug] [pid 578830:tid 578830] ssl_engine_kernel.c(254): [client 2408:872f:d00:4::48:1032] AH02034: Subsequent (No.2) HTTPS request received for child 12 (server ilta.ilc.edu.tw:443), referer: https://ilta.ilc.edu.tw/2015/04/24/
[Sat Aug 22 00:08:55.105616 2026] [authz_core:debug] [pid 578830:tid 578830] mod_authz_core.c(815): [client 2408:872f:d00:4::48:1032] AH01626: authorization result of Require all granted: granted, referer: https://ilta.ilc.edu.tw/2015/04/24/
[Sat Aug 22 00:08:55.105621 2026] [authz_core:debug] [pid 578830:tid 578830] mod_authz_core.c(815): [client 2408:872f:d00:4::48:1032] AH01626: authorization result of : granted, referer: https://ilta.ilc.edu.tw/2015/04/24/
[Sat Aug 22 00:08:55.105807 2026] [deflate:debug] [pid 578821:tid 578821] mod_deflate.c(909): [client 2408:872f:d00:4::48:1036] AH01384: Zlib: Compressed 14581 to 3765 : URL /wp-content/themes/oceanwp/assets/js/drop-down-mobile-menu.min.js, referer: https://ilta.ilc.edu.tw/2015/04/24/
[Sat Aug 22 00:08:55.105905 2026] [deflate:debug] [pid 578830:tid 578830] mod_deflate.c(909): [client 2408:872f:d00:4::48:1032] AH01384: Zlib: Compressed 7540 to 2070 : URL /wp-content/themes/oceanwp/assets/js/drop-down-search.min.js, referer: https://ilta.ilc.edu.tw/2015/04/24/
[Sat Aug 22 00:08:55.332897 2026] [ssl:debug] [pid 578834:tid 578834] ssl_engine_kernel.c(254): [client 2408:872f:d00:4::48:63798] AH02034: Subsequent (No.6) HTTPS request received for child 16 (server ilta.ilc.edu.tw:443), referer: https://ilta.ilc.edu.tw/2015/04/24/
[Sat Aug 22 00:08:55.333114 2026] [authz_core:debug] [pid 578834:tid 578834] mod_authz_core.c(815): [client 2408:872f:d00:4::48:63798] AH01626: authorization result of Require all granted: granted, referer: https://ilta.ilc.edu.tw/2015/04/24/
[Sat Aug 22 00:08:55.333119 2026] [authz_core:debug] [pid 578834:tid 578834] mod_authz_core.c(815): [client 2408:872f:d00:4::48:63798] AH01626: authorization result of : granted, referer: https://ilta.ilc.edu.tw/2015/04/24/
[Sat Aug 22 00:08:55.333748 2026] [deflate:debug] [pid 578834:tid 578834] mod_deflate.c(909): [client 2408:872f:d00:4::48:63798] AH01384: Zlib: Compressed 20216 to 7328 : URL /wp-content/themes/oceanwp/assets/js/vendors/magnific-popup.min.js, referer: https://ilta.ilc.edu.tw/2015/04/24/
[Sat Aug 22 00:08:55.340164 2026] [ssl:debug] [pid 578850:tid 578850] ssl_engine_kernel.c(2082): [client 34.234.206.30:30017] AH02041: Protocol: TLSv1.3, Cipher: TLS_AES_256_GCM_SHA384 (256/256 bits)
[Sat Aug 22 00:08:55.340251 2026] [socache_shmcb:debug] [pid 578850:tid 578850] mod_socache_shmcb.c(508): AH00831: socache_shmcb_store (0x0c -> subcache 12)
[Sat Aug 22 00:08:55.340271 2026] [socache_shmcb:debug] [pid 578850:tid 578850] mod_socache_shmcb.c(860): AH00847: insert happened at idx=39, data=(8610:8642)
[Sat Aug 22 00:08:55.340274 2026] [socache_shmcb:debug] [pid 578850:tid 578850] mod_socache_shmcb.c(863): AH00848: finished insert, subcache: idx_pos/idx_used=15/25, data_pos/data_used=3286/5541
[Sat Aug 22 00:08:55.340277 2026] [socache_shmcb:debug] [pid 578850:tid 578850] mod_socache_shmcb.c(530): AH00834: leaving socache_shmcb_store successfully
[Sat Aug 22 00:08:55.340339 2026] [socache_shmcb:debug] [pid 578850:tid 578850] mod_socache_shmcb.c(508): AH00831: socache_shmcb_store (0x99 -> subcache 25)
[Sat Aug 22 00:08:55.340349 2026] [socache_shmcb:debug] [pid 578850:tid 578850] mod_socache_shmcb.c(860): AH00847: insert happened at idx=53, data=(11826:11858)
[Sat Aug 22 00:08:55.340351 2026] [socache_shmcb:debug] [pid 578850:tid 578850] mod_socache_shmcb.c(863): AH00848: finished insert, subcache: idx_pos/idx_used=26/28, data_pos/data_used=5801/6242
[Sat Aug 22 00:08:55.340353 2026] [socache_shmcb:debug] [pid 578850:tid 578850] mod_socache_shmcb.c(530): AH00834: leaving socache_shmcb_store successfully
[Sat Aug 22 00:08:55.340516 2026] [ssl:debug] [pid 578850:tid 578850] ssl_engine_kernel.c(254): [client 34.234.206.30:30017] AH02034: Initial (No.1) HTTPS request received for child 0 (server www.djps.ilc.edu.tw:443)
[Sat Aug 22 00:08:55.340824 2026] [authz_core:debug] [pid 578850:tid 578850] mod_authz_core.c(815): [client 34.234.206.30:30017] AH01626: authorization result of Require all granted: granted
[Sat Aug 22 00:08:55.340833 2026] [authz_core:debug] [pid 578850:tid 578850] mod_authz_core.c(815): [client 34.234.206.30:30017] AH01626: authorization result of : granted
[Sat Aug 22 00:08:55.341474 2026] [authz_core:debug] [pid 578850:tid 578850] mod_authz_core.c(815): [client 34.234.206.30:30017] AH01626: authorization result of Require all granted: granted
[Sat Aug 22 00:08:55.341484 2026] [authz_core:debug] [pid 578850:tid 578850] mod_authz_core.c(815): [client 34.234.206.30:30017] AH01626: authorization result of : granted
[Sat Aug 22 00:08:55.347404 2026] [ssl:debug] [pid 578705:tid 578705] ssl_engine_kernel.c(2222): [client 2409:8a50:e203:d9b3:c945:5910:c7dd:1ec8:27542] AH02043: SSL virtual host for servername www.najh.ilc.edu.tw found
[Sat Aug 22 00:08:55.347444 2026] [socache_shmcb:debug] [pid 578705:tid 578705] mod_socache_shmcb.c(545): AH00835: socache_shmcb_retrieve (0xbf -> subcache 31)
[Sat Aug 22 00:08:55.347451 2026] [socache_shmcb:debug] [pid 578705:tid 578705] mod_socache_shmcb.c(896): AH00849: match at idx=51, data=11336
[Sat Aug 22 00:08:55.347454 2026] [socache_shmcb:debug] [pid 578705:tid 578705] mod_socache_shmcb.c(556): AH00836: leaving socache_shmcb_retrieve successfully
[Sat Aug 22 00:08:55.347607 2026] [core:debug] [pid 578705:tid 578705] protocol.c(2460): [client 2409:8a50:e203:d9b3:c945:5910:c7dd:1ec8:27542] AH03155: select protocol from , choices=h2,http/1.1 for server www.najh.ilc.edu.tw
[Sat Aug 22 00:08:55.361951 2026] [deflate:debug] [pid 578850:tid 578850] mod_deflate.c(909): [client 34.234.206.30:30017] AH01384: Zlib: Compressed 53865 to 11121 : URL /index.php
[Sat Aug 22 00:08:55.362129 2026] [ssl:debug] [pid 578850:tid 578850] ssl_engine_io.c(1150): [client 34.234.206.30:30017] AH02001: Connection closed to child 0 with standard shutdown (server www.djps.ilc.edu.tw:443)
[Sat Aug 22 00:08:55.375890 2026] [ssl:info] [pid 578843:tid 578843] [client 192.0.116.177:12292] AH01964: Connection to child 26 established (server 2blog.ilc.edu.tw:443)
[Sat Aug 22 00:08:55.376069 2026] [ssl:debug] [pid 578843:tid 578843] ssl_engine_kernel.c(2222): [client 192.0.116.177:12292] AH02043: SSL virtual host for servername 2blog.ilc.edu.tw found
[Sat Aug 22 00:08:55.376135 2026] [core:debug] [pid 578843:tid 578843] protocol.c(2460): [client 192.0.116.177:12292] AH03155: select protocol from , choices=h2,http/1.1 for server 2blog.ilc.edu.tw
[Sat Aug 22 00:08:55.431673 2026] [ssl:debug] [pid 578839:tid 578839] ssl_engine_kernel.c(254): [client 2408:872f:d00:4::48:1034] AH02034: Subsequent (No.3) HTTPS request received for child 22 (server ilta.ilc.edu.tw:443), referer: https://ilta.ilc.edu.tw/2015/04/24/
[Sat Aug 22 00:08:55.431884 2026] [authz_core:debug] [pid 578839:tid 578839] mod_authz_core.c(815): [client 2408:872f:d00:4::48:1034] AH01626: authorization result of Require all granted: granted, referer: https://ilta.ilc.edu.tw/2015/04/24/
[Sat Aug 22 00:08:55.431890 2026] [authz_core:debug] [pid 578839:tid 578839] mod_authz_core.c(815): [client 2408:872f:d00:4::48:1034] AH01626: authorization result of : granted, referer: https://ilta.ilc.edu.tw/2015/04/24/
[Sat Aug 22 00:08:55.432115 2026] [deflate:debug] [pid 578839:tid 578839] mod_deflate.c(909): [client 2408:872f:d00:4::48:1034] AH01384: Zlib: Compressed 4111 to 1423 : URL /wp-content/themes/oceanwp/assets/js/ow-lightbox.min.js, referer: https://ilta.ilc.edu.tw/2015/04/24/
[Sat Aug 22 00:08:55.450448 2026] [watchdog:debug] [pid 578854:tid 578854] mod_watchdog.c(559): AH02980: Watchdog: nothing configured?
[Sat Aug 22 00:08:55.452231 2026] [watchdog:debug] [pid 578855:tid 578855] mod_watchdog.c(559): AH02980: Watchdog: nothing configured?
[Sat Aug 22 00:08:55.492458 2026] [ssl:info] [pid 578838:tid 578838] [client 2409:8a50:e203:d9b3:c945:5910:c7dd:1ec8:27552] AH01964: Connection to child 21 established (server 2blog.ilc.edu.tw:443)
[Sat Aug 22 00:08:55.501231 2026] [ssl:debug] [pid 578708:tid 578708] ssl_engine_kernel.c(254): [client 2408:872f:d00:4::48:1030] AH02034: Subsequent (No.2) HTTPS request received for child 38 (server ilta.ilc.edu.tw:443), referer: https://ilta.ilc.edu.tw/2015/04/24/
[Sat Aug 22 00:08:55.501431 2026] [authz_core:debug] [pid 578708:tid 578708] mod_authz_core.c(815): [client 2408:872f:d00:4::48:1030] AH01626: authorization result of Require all granted: granted, referer: https://ilta.ilc.edu.tw/2015/04/24/
[Sat Aug 22 00:08:55.501436 2026] [authz_core:debug] [pid 578708:tid 578708] mod_authz_core.c(815): [client 2408:872f:d00:4::48:1030] AH01626: authorization result of : granted, referer: https://ilta.ilc.edu.tw/2015/04/24/
[Sat Aug 22 00:08:55.503120 2026] [deflate:debug] [pid 578708:tid 578708] mod_deflate.c(909): [client 2408:872f:d00:4::48:1030] AH01384: Zlib: Compressed 57513 to 14083 : URL /wp-content/themes/oceanwp/assets/js/vendors/flickity.pkgd.min.js, referer: https://ilta.ilc.edu.tw/2015/04/24/
[Sat Aug 22 00:08:55.518030 2026] [ssl:debug] [pid 578843:tid 578843] ssl_engine_kernel.c(2082): [client 192.0.116.177:12292] AH02041: Protocol: TLSv1.3, Cipher: TLS_AES_256_GCM_SHA384 (256/256 bits)
[Sat Aug 22 00:08:55.518138 2026] [socache_shmcb:debug] [pid 578843:tid 578843] mod_socache_shmcb.c(508): AH00831: socache_shmcb_store (0x12 -> subcache 18)
[Sat Aug 22 00:08:55.518190 2026] [socache_shmcb:debug] [pid 578843:tid 578843] mod_socache_shmcb.c(860): AH00847: insert happened at idx=39, data=(8721:8753)
[Sat Aug 22 00:08:55.518198 2026] [socache_shmcb:debug] [pid 578843:tid 578843] mod_socache_shmcb.c(863): AH00848: finished insert, subcache: idx_pos/idx_used=23/17, data_pos/data_used=5164/3782
[Sat Aug 22 00:08:55.518206 2026] [socache_shmcb:debug] [pid 578843:tid 578843] mod_socache_shmcb.c(530): AH00834: leaving socache_shmcb_store successfully
[Sat Aug 22 00:08:55.518341 2026] [socache_shmcb:debug] [pid 578843:tid 578843] mod_socache_shmcb.c(508): AH00831: socache_shmcb_store (0x41 -> subcache 1)
[Sat Aug 22 00:08:55.518356 2026] [socache_shmcb:debug] [pid 578843:tid 578843] mod_socache_shmcb.c(860): AH00847: insert happened at idx=48, data=(10688:10720)
[Sat Aug 22 00:08:55.518364 2026] [socache_shmcb:debug] [pid 578843:tid 578843] mod_socache_shmcb.c(863): AH00848: finished insert, subcache: idx_pos/idx_used=20/29, data_pos/data_used=4465/6449
[Sat Aug 22 00:08:55.518372 2026] [socache_shmcb:debug] [pid 578843:tid 578843] mod_socache_shmcb.c(530): AH00834: leaving socache_shmcb_store successfully
[Sat Aug 22 00:08:55.518615 2026] [ssl:debug] [pid 578843:tid 578843] ssl_engine_kernel.c(254): [client 192.0.116.177:12292] AH02034: Initial (No.1) HTTPS request received for child 26 (server 2blog.ilc.edu.tw:443)
[Sat Aug 22 00:08:55.519077 2026] [authz_core:debug] [pid 578843:tid 578843] mod_authz_core.c(815): [client 192.0.116.177:12292] AH01626: authorization result of Require all granted: granted
[Sat Aug 22 00:08:55.519093 2026] [authz_core:debug] [pid 578843:tid 578843] mod_authz_core.c(815): [client 192.0.116.177:12292] AH01626: authorization result of : granted
[Sat Aug 22 00:08:55.519369 2026] [authz_core:debug] [pid 578843:tid 578843] mod_authz_core.c(815): [client 192.0.116.177:12292] AH01626: authorization result of Require all granted: granted
[Sat Aug 22 00:08:55.519384 2026] [authz_core:debug] [pid 578843:tid 578843] mod_authz_core.c(815): [client 192.0.116.177:12292] AH01626: authorization result of : granted
[Sat Aug 22 00:08:55.572548 2026] [ssl:debug] [pid 578821:tid 578821] ssl_engine_kernel.c(254): [client 2408:872f:d00:4::48:1036] AH02034: Subsequent (No.3) HTTPS request received for child 8 (server ilta.ilc.edu.tw:443), referer: https://ilta.ilc.edu.tw/2015/04/24/
[Sat Aug 22 00:08:55.572623 2026] [ssl:debug] [pid 578830:tid 578830] ssl_engine_kernel.c(254): [client 2408:872f:d00:4::48:1032] AH02034: Subsequent (No.3) HTTPS request received for child 12 (server ilta.ilc.edu.tw:443), referer: https://ilta.ilc.edu.tw/2015/04/24/
[Sat Aug 22 00:08:55.572748 2026] [authz_core:debug] [pid 578821:tid 578821] mod_authz_core.c(815): [client 2408:872f:d00:4::48:1036] AH01626: authorization result of Require all granted: granted, referer: https://ilta.ilc.edu.tw/2015/04/24/
[Sat Aug 22 00:08:55.572754 2026] [authz_core:debug] [pid 578821:tid 578821] mod_authz_core.c(815): [client 2408:872f:d00:4::48:1036] AH01626: authorization result of : granted, referer: https://ilta.ilc.edu.tw/2015/04/24/
[Sat Aug 22 00:08:55.572804 2026] [authz_core:debug] [pid 578830:tid 578830] mod_authz_core.c(815): [client 2408:872f:d00:4::48:1032] AH01626: authorization result of Require all granted: granted, referer: https://ilta.ilc.edu.tw/2015/04/24/
[Sat Aug 22 00:08:55.572810 2026] [authz_core:debug] [pid 578830:tid 578830] mod_authz_core.c(815): [client 2408:872f:d00:4::48:1032] AH01626: authorization result of : granted, referer: https://ilta.ilc.edu.tw/2015/04/24/
[Sat Aug 22 00:08:55.573008 2026] [deflate:debug] [pid 578830:tid 578830] mod_deflate.c(909): [client 2408:872f:d00:4::48:1032] AH01384: Zlib: Compressed 2002 to 864 : URL /wp-content/themes/oceanwp/assets/js/ow-slider.min.js, referer: https://ilta.ilc.edu.tw/2015/04/24/
[Sat Aug 22 00:08:55.573174 2026] [deflate:debug] [pid 578821:tid 578821] mod_deflate.c(909): [client 2408:872f:d00:4::48:1036] AH01384: Zlib: Compressed 12402 to 3229 : URL /wp-content/themes/oceanwp/assets/js/scroll-effect.min.js, referer: https://ilta.ilc.edu.tw/2015/04/24/
[Sat Aug 22 00:08:55.778407 2026] [ssl:debug] [pid 578834:tid 578834] ssl_engine_kernel.c(254): [client 2408:872f:d00:4::48:63798] AH02034: Subsequent (No.7) HTTPS request received for child 16 (server ilta.ilc.edu.tw:443), referer: https://ilta.ilc.edu.tw/2015/04/24/
[Sat Aug 22 00:08:55.778598 2026] [authz_core:debug] [pid 578834:tid 578834] mod_authz_core.c(815): [client 2408:872f:d00:4::48:63798] AH01626: authorization result of Require all granted: granted, referer: https://ilta.ilc.edu.tw/2015/04/24/
[Sat Aug 22 00:08:55.778604 2026] [authz_core:debug] [pid 578834:tid 578834] mod_authz_core.c(815): [client 2408:872f:d00:4::48:63798] AH01626: authorization result of : granted, referer: https://ilta.ilc.edu.tw/2015/04/24/
[Sat Aug 22 00:08:55.778917 2026] [deflate:debug] [pid 578834:tid 578834] mod_deflate.c(909): [client 2408:872f:d00:4::48:63798] AH01384: Zlib: Compressed 8989 to 2304 : URL /wp-content/themes/oceanwp/assets/js/scroll-top.min.js, referer: https://ilta.ilc.edu.tw/2015/04/24/
[Sat Aug 22 00:08:55.847914 2026] [ssl:debug] [pid 578703:tid 578703] ssl_engine_kernel.c(2082): [client 2409:8a50:e203:d9b3:c945:5910:c7dd:1ec8:27540] AH02041: Protocol: TLSv1.3, Cipher: TLS_AES_256_GCM_SHA384 (256/256 bits)
[Sat Aug 22 00:08:55.847963 2026] [socache_shmcb:debug] [pid 578703:tid 578703] mod_socache_shmcb.c(508): AH00831: socache_shmcb_store (0x2a -> subcache 10)
[Sat Aug 22 00:08:55.847969 2026] [socache_shmcb:debug] [pid 578703:tid 578703] mod_socache_shmcb.c(860): AH00847: insert happened at idx=43, data=(9541:9573)
[Sat Aug 22 00:08:55.847971 2026] [socache_shmcb:debug] [pid 578703:tid 578703] mod_socache_shmcb.c(863): AH00848: finished insert, subcache: idx_pos/idx_used=21/23, data_pos/data_used=4632/5138
[Sat Aug 22 00:08:55.847973 2026] [socache_shmcb:debug] [pid 578703:tid 578703] mod_socache_shmcb.c(530): AH00834: leaving socache_shmcb_store successfully
[Sat Aug 22 00:08:55.848936 2026] [ssl:debug] [pid 578703:tid 578703] ssl_engine_kernel.c(254): [client 2409:8a50:e203:d9b3:c945:5910:c7dd:1ec8:27540] AH02034: Initial (No.1) HTTPS request received for child 33 (server www.najh.ilc.edu.tw:443), referer: https://www.najh.ilc.edu.tw/2020/09/
[Sat Aug 22 00:08:55.849140 2026] [authz_core:debug] [pid 578703:tid 578703] mod_authz_core.c(815): [client 2409:8a50:e203:d9b3:c945:5910:c7dd:1ec8:27540] AH01626: authorization result of Require all granted: granted, referer: https://www.najh.ilc.edu.tw/2020/09/
[Sat Aug 22 00:08:55.849152 2026] [authz_core:debug] [pid 578703:tid 578703] mod_authz_core.c(815): [client 2409:8a50:e203:d9b3:c945:5910:c7dd:1ec8:27540] AH01626: authorization result of : granted, referer: https://www.najh.ilc.edu.tw/2020/09/
[Sat Aug 22 00:08:55.851394 2026] [deflate:debug] [pid 578703:tid 578703] mod_deflate.c(909): [client 2409:8a50:e203:d9b3:c945:5910:c7dd:1ec8:27540] AH01384: Zlib: Compressed 112428 to 14824 : URL /wp-content/cache/www.najh.ilc.edu.tw/wpfc-minified/4ybahoo/6wh9.css, referer: https://www.najh.ilc.edu.tw/2020/09/
[Sat Aug 22 00:08:55.873418 2026] [ssl:debug] [pid 578839:tid 578839] ssl_engine_kernel.c(254): [client 2408:872f:d00:4::48:1034] AH02034: Subsequent (No.4) HTTPS request received for child 22 (server ilta.ilc.edu.tw:443), referer: https://ilta.ilc.edu.tw/2015/04/24/
[Sat Aug 22 00:08:55.873609 2026] [authz_core:debug] [pid 578839:tid 578839] mod_authz_core.c(815): [client 2408:872f:d00:4::48:1034] AH01626: authorization result of Require all granted: granted, referer: https://ilta.ilc.edu.tw/2015/04/24/
[Sat Aug 22 00:08:55.873614 2026] [authz_core:debug] [pid 578839:tid 578839] mod_authz_core.c(815): [client 2408:872f:d00:4::48:1034] AH01626: authorization result of : granted, referer: https://ilta.ilc.edu.tw/2015/04/24/
[Sat Aug 22 00:08:55.873847 2026] [deflate:debug] [pid 578839:tid 578839] mod_deflate.c(909): [client 2408:872f:d00:4::48:1034] AH01384: Zlib: Compressed 5181 to 1510 : URL /wp-content/themes/oceanwp/assets/js/select.min.js, referer: https://ilta.ilc.edu.tw/2015/04/24/
[Sat Aug 22 00:08:55.874289 2026] [ssl:debug] [pid 578843:tid 578843] ssl_engine_io.c(1150): [client 192.0.116.177:12292] AH02001: Connection closed to child 26 with standard shutdown (server 2blog.ilc.edu.tw:443)
[Sat Aug 22 00:08:55.926941 2026] [ssl:debug] [pid 578759:tid 578759] ssl_engine_kernel.c(254): [client 2408:872f:d00:4::48:1038] AH02034: Subsequent (No.2) HTTPS request received for child 2 (server ilta.ilc.edu.tw:443), referer: https://ilta.ilc.edu.tw/2015/04/24/
[Sat Aug 22 00:08:55.927147 2026] [authz_core:debug] [pid 578759:tid 578759] mod_authz_core.c(815): [client 2408:872f:d00:4::48:1038] AH01626: authorization result of Require all granted: granted, referer: https://ilta.ilc.edu.tw/2015/04/24/
[Sat Aug 22 00:08:55.927152 2026] [authz_core:debug] [pid 578759:tid 578759] mod_authz_core.c(815): [client 2408:872f:d00:4::48:1038] AH01626: authorization result of : granted, referer: https://ilta.ilc.edu.tw/2015/04/24/
[Sat Aug 22 00:08:55.927317 2026] [deflate:debug] [pid 578759:tid 578759] mod_deflate.c(909): [client 2408:872f:d00:4::48:1038] AH01384: Zlib: Compressed 712 to 422 : URL /wp-content/plugins/ocean-extra/includes/widgets/js/flickr.min.js, referer: https://ilta.ilc.edu.tw/2015/04/24/
[Sat Aug 22 00:08:56.139452 2026] [ssl:info] [pid 578833:tid 578833] [client 149.102.228.226:58245] AH01964: Connection to child 15 established (server 2blog.ilc.edu.tw:443)
[Sat Aug 22 00:08:56.139635 2026] [ssl:debug] [pid 578833:tid 578833] ssl_engine_kernel.c(2222): [client 149.102.228.226:58245] AH02043: SSL virtual host for servername www.jwes.ilc.edu.tw found
[Sat Aug 22 00:08:56.196122 2026] [ssl:info] [pid 578854:tid 578854] [client 54.86.59.155:14965] AH01964: Connection to child 3 established (server 2blog.ilc.edu.tw:443)
[Sat Aug 22 00:08:56.196427 2026] [ssl:debug] [pid 578854:tid 578854] ssl_engine_kernel.c(2222): [client 54.86.59.155:14965] AH02043: SSL virtual host for servername 2blog.ilc.edu.tw found
[Sat Aug 22 00:08:56.317168 2026] [ssl:debug] [pid 578834:tid 578834] ssl_engine_kernel.c(254): [client 2408:872f:d00:4::48:63798] AH02034: Subsequent (No.8) HTTPS request received for child 16 (server ilta.ilc.edu.tw:443), referer: https://ilta.ilc.edu.tw/wp-content/cache/ilta.ilc.edu.tw/wpfc-minified/7vo8n6iy/6wvk.css
[Sat Aug 22 00:08:56.317374 2026] [authz_core:debug] [pid 578834:tid 578834] mod_authz_core.c(815): [client 2408:872f:d00:4::48:63798] AH01626: authorization result of Require all granted: granted, referer: https://ilta.ilc.edu.tw/wp-content/cache/ilta.ilc.edu.tw/wpfc-minified/7vo8n6iy/6wvk.css
[Sat Aug 22 00:08:56.317386 2026] [authz_core:debug] [pid 578834:tid 578834] mod_authz_core.c(815): [client 2408:872f:d00:4::48:63798] AH01626: authorization result of : granted, referer: https://ilta.ilc.edu.tw/wp-content/cache/ilta.ilc.edu.tw/wpfc-minified/7vo8n6iy/6wvk.css
[Sat Aug 22 00:08:56.326187 2026] [ssl:debug] [pid 578839:tid 578839] ssl_engine_kernel.c(254): [client 2408:872f:d00:4::48:1034] AH02034: Subsequent (No.5) HTTPS request received for child 22 (server ilta.ilc.edu.tw:443), referer: https://ilta.ilc.edu.tw/wp-content/cache/ilta.ilc.edu.tw/wpfc-minified/7vo8n6iy/6wvk.css
[Sat Aug 22 00:08:56.326365 2026] [authz_core:debug] [pid 578839:tid 578839] mod_authz_core.c(815): [client 2408:872f:d00:4::48:1034] AH01626: authorization result of Require all granted: granted, referer: https://ilta.ilc.edu.tw/wp-content/cache/ilta.ilc.edu.tw/wpfc-minified/7vo8n6iy/6wvk.css
[Sat Aug 22 00:08:56.326370 2026] [authz_core:debug] [pid 578839:tid 578839] mod_authz_core.c(815): [client 2408:872f:d00:4::48:1034] AH01626: authorization result of : granted, referer: https://ilta.ilc.edu.tw/wp-content/cache/ilta.ilc.edu.tw/wpfc-minified/7vo8n6iy/6wvk.css
[Sat Aug 22 00:08:56.341918 2026] [ssl:debug] [pid 578705:tid 578705] ssl_engine_kernel.c(2082): [client 2409:8a50:e203:d9b3:c945:5910:c7dd:1ec8:27542] AH02041: Protocol: TLSv1.3, Cipher: TLS_AES_256_GCM_SHA384 (256/256 bits)
[Sat Aug 22 00:08:56.341970 2026] [socache_shmcb:debug] [pid 578705:tid 578705] mod_socache_shmcb.c(508): AH00831: socache_shmcb_store (0x58 -> subcache 24)
[Sat Aug 22 00:08:56.341977 2026] [socache_shmcb:debug] [pid 578705:tid 578705] mod_socache_shmcb.c(860): AH00847: insert happened at idx=60, data=(13355:13387)
[Sat Aug 22 00:08:56.341979 2026] [socache_shmcb:debug] [pid 578705:tid 578705] mod_socache_shmcb.c(863): AH00848: finished insert, subcache: idx_pos/idx_used=28/33, data_pos/data_used=6195/7388
[Sat Aug 22 00:08:56.341981 2026] [socache_shmcb:debug] [pid 578705:tid 578705] mod_socache_shmcb.c(530): AH00834: leaving socache_shmcb_store successfully
[Sat Aug 22 00:08:56.342122 2026] [ssl:debug] [pid 578705:tid 578705] ssl_engine_kernel.c(254): [client 2409:8a50:e203:d9b3:c945:5910:c7dd:1ec8:27542] AH02034: Initial (No.1) HTTPS request received for child 35 (server www.najh.ilc.edu.tw:443), referer: https://www.najh.ilc.edu.tw/2020/09/
[Sat Aug 22 00:08:56.342297 2026] [authz_core:debug] [pid 578705:tid 578705] mod_authz_core.c(815): [client 2409:8a50:e203:d9b3:c945:5910:c7dd:1ec8:27542] AH01626: authorization result of Require all granted: granted, referer: https://www.najh.ilc.edu.tw/2020/09/
[Sat Aug 22 00:08:56.342301 2026] [authz_core:debug] [pid 578705:tid 578705] mod_authz_core.c(815): [client 2409:8a50:e203:d9b3:c945:5910:c7dd:1ec8:27542] AH01626: authorization result of : granted, referer: https://www.najh.ilc.edu.tw/2020/09/
[Sat Aug 22 00:08:56.342758 2026] [deflate:debug] [pid 578705:tid 578705] mod_deflate.c(909): [client 2409:8a50:e203:d9b3:c945:5910:c7dd:1ec8:27542] AH01384: Zlib: Compressed 486 to 267 : URL /wp-content/cache/www.najh.ilc.edu.tw/wpfc-minified/kz7ju7r3/6wh9.css, referer: https://www.najh.ilc.edu.tw/2020/09/
[Sat Aug 22 00:08:56.455683 2026] [watchdog:debug] [pid 578856:tid 578856] mod_watchdog.c(559): AH02980: Watchdog: nothing configured?
[Sat Aug 22 00:08:56.456484 2026] [ssl:debug] [pid 578854:tid 578854] ssl_engine_kernel.c(2082): [client 54.86.59.155:14965] AH02041: Protocol: TLSv1.3, Cipher: TLS_AES_256_GCM_SHA384 (256/256 bits)
[Sat Aug 22 00:08:56.456538 2026] [socache_shmcb:debug] [pid 578854:tid 578854] mod_socache_shmcb.c(508): AH00831: socache_shmcb_store (0x2c -> subcache 12)
[Sat Aug 22 00:08:56.456553 2026] [socache_shmcb:debug] [pid 578854:tid 578854] mod_socache_shmcb.c(860): AH00847: insert happened at idx=40, data=(8827:8859)
[Sat Aug 22 00:08:56.456555 2026] [socache_shmcb:debug] [pid 578854:tid 578854] mod_socache_shmcb.c(863): AH00848: finished insert, subcache: idx_pos/idx_used=15/26, data_pos/data_used=3286/5754
[Sat Aug 22 00:08:56.456564 2026] [socache_shmcb:debug] [pid 578854:tid 578854] mod_socache_shmcb.c(530): AH00834: leaving socache_shmcb_store successfully
[Sat Aug 22 00:08:56.456612 2026] [socache_shmcb:debug] [pid 578854:tid 578854] mod_socache_shmcb.c(508): AH00831: socache_shmcb_store (0x7b -> subcache 27)
[Sat Aug 22 00:08:56.456619 2026] [socache_shmcb:debug] [pid 578854:tid 578854] mod_socache_shmcb.c(745): AH00842: expiring 2 and reclaiming 0 removed socache entries
[Sat Aug 22 00:08:56.456621 2026] [socache_shmcb:debug] [pid 578854:tid 578854] mod_socache_shmcb.c(765): AH00843: we now have 22 socache entries
[Sat Aug 22 00:08:56.456623 2026] [socache_shmcb:debug] [pid 578854:tid 578854] mod_socache_shmcb.c(860): AH00847: insert happened at idx=36, data=(7965:7997)
[Sat Aug 22 00:08:56.456624 2026] [socache_shmcb:debug] [pid 578854:tid 578854] mod_socache_shmcb.c(863): AH00848: finished insert, subcache: idx_pos/idx_used=14/23, data_pos/data_used=3109/5070
[Sat Aug 22 00:08:56.456626 2026] [socache_shmcb:debug] [pid 578854:tid 578854] mod_socache_shmcb.c(530): AH00834: leaving socache_shmcb_store successfully
[Sat Aug 22 00:08:56.456798 2026] [ssl:debug] [pid 578854:tid 578854] ssl_engine_kernel.c(254): [client 54.86.59.155:14965] AH02034: Initial (No.1) HTTPS request received for child 3 (server 2blog.ilc.edu.tw:443)
[Sat Aug 22 00:08:56.457513 2026] [watchdog:debug] [pid 578857:tid 578857] mod_watchdog.c(559): AH02980: Watchdog: nothing configured?
[Sat Aug 22 00:08:56.459250 2026] [watchdog:debug] [pid 578859:tid 578859] mod_watchdog.c(559): AH02980: Watchdog: nothing configured?
[Sat Aug 22 00:08:56.460505 2026] [watchdog:debug] [pid 578860:tid 578860] mod_watchdog.c(559): AH02980: Watchdog: nothing configured?
[Sat Aug 22 00:08:56.469852 2026] [authz_core:debug] [pid 578854:tid 578854] mod_authz_core.c(815): [client 54.86.59.155:14965] AH01626: authorization result of Require all granted: granted
[Sat Aug 22 00:08:56.469863 2026] [authz_core:debug] [pid 578854:tid 578854] mod_authz_core.c(815): [client 54.86.59.155:14965] AH01626: authorization result of : granted
[Sat Aug 22 00:08:56.471224 2026] [ssl:debug] [pid 578854:tid 578854] ssl_engine_io.c(1150): [client 54.86.59.155:14965] AH02001: Connection closed to child 3 with standard shutdown (server 2blog.ilc.edu.tw:443)
[Sat Aug 22 00:08:56.560221 2026] [ssl:debug] [pid 578813:tid 578813] ssl_engine_kernel.c(2082): [client 2409:8a50:e203:d9b3:c945:5910:c7dd:1ec8:27548] AH02041: Protocol: TLSv1.3, Cipher: TLS_AES_256_GCM_SHA384 (256/256 bits)
[Sat Aug 22 00:08:56.560295 2026] [socache_shmcb:debug] [pid 578813:tid 578813] mod_socache_shmcb.c(508): AH00831: socache_shmcb_store (0x09 -> subcache 9)
[Sat Aug 22 00:08:56.560303 2026] [socache_shmcb:debug] [pid 578813:tid 578813] mod_socache_shmcb.c(860): AH00847: insert happened at idx=47, data=(10546:10578)
[Sat Aug 22 00:08:56.560306 2026] [socache_shmcb:debug] [pid 578813:tid 578813] mod_socache_shmcb.c(863): AH00848: finished insert, subcache: idx_pos/idx_used=26/22, data_pos/data_used=5855/4919
[Sat Aug 22 00:08:56.560310 2026] [socache_shmcb:debug] [pid 578813:tid 578813] mod_socache_shmcb.c(530): AH00834: leaving socache_shmcb_store successfully
[Sat Aug 22 00:08:56.560390 2026] [socache_shmcb:debug] [pid 578813:tid 578813] mod_socache_shmcb.c(508): AH00831: socache_shmcb_store (0xc9 -> subcache 9)
[Sat Aug 22 00:08:56.560396 2026] [socache_shmcb:debug] [pid 578813:tid 578813] mod_socache_shmcb.c(860): AH00847: insert happened at idx=48, data=(10774:10806)
[Sat Aug 22 00:08:56.560399 2026] [socache_shmcb:debug] [pid 578813:tid 578813] mod_socache_shmcb.c(863): AH00848: finished insert, subcache: idx_pos/idx_used=26/23, data_pos/data_used=5855/5147
[Sat Aug 22 00:08:56.560401 2026] [socache_shmcb:debug] [pid 578813:tid 578813] mod_socache_shmcb.c(530): AH00834: leaving socache_shmcb_store successfully
[Sat Aug 22 00:08:56.560726 2026] [ssl:debug] [pid 578813:tid 578813] ssl_engine_kernel.c(254): [client 2409:8a50:e203:d9b3:c945:5910:c7dd:1ec8:27548] AH02034: Initial (No.1) HTTPS request received for child 9 (server www.najh.ilc.edu.tw:443), referer: https://www.najh.ilc.edu.tw/2020/09/
[Sat Aug 22 00:08:56.561022 2026] [authz_core:debug] [pid 578813:tid 578813] mod_authz_core.c(815): [client 2409:8a50:e203:d9b3:c945:5910:c7dd:1ec8:27548] AH01626: authorization result of Require all granted: granted, referer: https://www.najh.ilc.edu.tw/2020/09/
[Sat Aug 22 00:08:56.561031 2026] [authz_core:debug] [pid 578813:tid 578813] mod_authz_core.c(815): [client 2409:8a50:e203:d9b3:c945:5910:c7dd:1ec8:27548] AH01626: authorization result of : granted, referer: https://www.najh.ilc.edu.tw/2020/09/
[Sat Aug 22 00:08:56.569992 2026] [deflate:debug] [pid 578813:tid 578813] mod_deflate.c(909): [client 2409:8a50:e203:d9b3:c945:5910:c7dd:1ec8:27548] AH01384: Zlib: Compressed 352499 to 60255 : URL /wp-content/cache/www.najh.ilc.edu.tw/wpfc-minified/kcxb236g/6wh9.css, referer: https://www.najh.ilc.edu.tw/2020/09/
[Sat Aug 22 00:08:56.593165 2026] [ssl:info] [pid 578855:tid 578855] [client 54.83.23.103:42097] AH01964: Connection to child 4 established (server 2blog.ilc.edu.tw:443)
[Sat Aug 22 00:08:56.593457 2026] [ssl:debug] [pid 578855:tid 578855] ssl_engine_kernel.c(2222): [client 54.83.23.103:42097] AH02043: SSL virtual host for servername 2blog.ilc.edu.tw found
[Sat Aug 22 00:08:56.691931 2026] [ssl:debug] [pid 578833:tid 578833] ssl_engine_kernel.c(2082): [client 149.102.228.226:58245] AH02041: Protocol: TLSv1.3, Cipher: TLS_AES_256_GCM_SHA384 (256/256 bits)
[Sat Aug 22 00:08:56.691981 2026] [socache_shmcb:debug] [pid 578833:tid 578833] mod_socache_shmcb.c(508): AH00831: socache_shmcb_store (0xe5 -> subcache 5)
[Sat Aug 22 00:08:56.691986 2026] [socache_shmcb:debug] [pid 578833:tid 578833] mod_socache_shmcb.c(745): AH00842: expiring 1 and reclaiming 0 removed socache entries
[Sat Aug 22 00:08:56.691989 2026] [socache_shmcb:debug] [pid 578833:tid 578833] mod_socache_shmcb.c(765): AH00843: we now have 25 socache entries
[Sat Aug 22 00:08:56.691991 2026] [socache_shmcb:debug] [pid 578833:tid 578833] mod_socache_shmcb.c(860): AH00847: insert happened at idx=43, data=(9525:9557)
[Sat Aug 22 00:08:56.691993 2026] [socache_shmcb:debug] [pid 578833:tid 578833] mod_socache_shmcb.c(863): AH00848: finished insert, subcache: idx_pos/idx_used=18/26, data_pos/data_used=3992/5749
[Sat Aug 22 00:08:56.691995 2026] [socache_shmcb:debug] [pid 578833:tid 578833] mod_socache_shmcb.c(530): AH00834: leaving socache_shmcb_store successfully
[Sat Aug 22 00:08:56.692046 2026] [socache_shmcb:debug] [pid 578833:tid 578833] mod_socache_shmcb.c(508): AH00831: socache_shmcb_store (0x46 -> subcache 6)
[Sat Aug 22 00:08:56.692051 2026] [socache_shmcb:debug] [pid 578833:tid 578833] mod_socache_shmcb.c(860): AH00847: insert happened at idx=39, data=(8665:8697)
[Sat Aug 22 00:08:56.692052 2026] [socache_shmcb:debug] [pid 578833:tid 578833] mod_socache_shmcb.c(863): AH00848: finished insert, subcache: idx_pos/idx_used=14/26, data_pos/data_used=3104/5777
[Sat Aug 22 00:08:56.692054 2026] [socache_shmcb:debug] [pid 578833:tid 578833] mod_socache_shmcb.c(530): AH00834: leaving socache_shmcb_store successfully
[Sat Aug 22 00:08:56.692186 2026] [ssl:debug] [pid 578833:tid 578833] ssl_engine_kernel.c(254): [client 149.102.228.226:58245] AH02034: Initial (No.1) HTTPS request received for child 15 (server www.jwes.ilc.edu.tw:443), referer: https://www.jwes.ilc.edu.tw/
[Sat Aug 22 00:08:56.692350 2026] [authz_core:debug] [pid 578833:tid 578833] mod_authz_core.c(815): [client 149.102.228.226:58245] AH01626: authorization result of Require all granted: granted, referer: https://www.jwes.ilc.edu.tw/
[Sat Aug 22 00:08:56.692354 2026] [authz_core:debug] [pid 578833:tid 578833] mod_authz_core.c(815): [client 149.102.228.226:58245] AH01626: authorization result of : granted, referer: https://www.jwes.ilc.edu.tw/
[Sat Aug 22 00:08:56.811580 2026] [ssl:debug] [pid 578855:tid 578855] ssl_engine_kernel.c(2082): [client 54.83.23.103:42097] AH02041: Protocol: TLSv1.3, Cipher: TLS_AES_256_GCM_SHA384 (256/256 bits)
[Sat Aug 22 00:08:56.811656 2026] [socache_shmcb:debug] [pid 578855:tid 578855] mod_socache_shmcb.c(508): AH00831: socache_shmcb_store (0x64 -> subcache 4)
[Sat Aug 22 00:08:56.811667 2026] [socache_shmcb:debug] [pid 578855:tid 578855] mod_socache_shmcb.c(745): AH00842: expiring 1 and reclaiming 0 removed socache entries
[Sat Aug 22 00:08:56.811670 2026] [socache_shmcb:debug] [pid 578855:tid 578855] mod_socache_shmcb.c(765): AH00843: we now have 22 socache entries
[Sat Aug 22 00:08:56.811672 2026] [socache_shmcb:debug] [pid 578855:tid 578855] mod_socache_shmcb.c(860): AH00847: insert happened at idx=38, data=(8407:8439)
[Sat Aug 22 00:08:56.811674 2026] [socache_shmcb:debug] [pid 578855:tid 578855] mod_socache_shmcb.c(863): AH00848: finished insert, subcache: idx_pos/idx_used=16/23, data_pos/data_used=3569/5051
[Sat Aug 22 00:08:56.811676 2026] [socache_shmcb:debug] [pid 578855:tid 578855] mod_socache_shmcb.c(530): AH00834: leaving socache_shmcb_store successfully
[Sat Aug 22 00:08:56.811724 2026] [socache_shmcb:debug] [pid 578855:tid 578855] mod_socache_shmcb.c(508): AH00831: socache_shmcb_store (0x19 -> subcache 25)
[Sat Aug 22 00:08:56.811732 2026] [socache_shmcb:debug] [pid 578855:tid 578855] mod_socache_shmcb.c(860): AH00847: insert happened at idx=54, data=(12043:12075)
[Sat Aug 22 00:08:56.811734 2026] [socache_shmcb:debug] [pid 578855:tid 578855] mod_socache_shmcb.c(863): AH00848: finished insert, subcache: idx_pos/idx_used=26/29, data_pos/data_used=5801/6455
[Sat Aug 22 00:08:56.811735 2026] [socache_shmcb:debug] [pid 578855:tid 578855] mod_socache_shmcb.c(530): AH00834: leaving socache_shmcb_store successfully
[Sat Aug 22 00:08:56.811870 2026] [ssl:debug] [pid 578855:tid 578855] ssl_engine_kernel.c(254): [client 54.83.23.103:42097] AH02034: Initial (No.1) HTTPS request received for child 4 (server 2blog.ilc.edu.tw:443)
[Sat Aug 22 00:08:56.812125 2026] [authz_core:debug] [pid 578855:tid 578855] mod_authz_core.c(815): [client 54.83.23.103:42097] AH01626: authorization result of Require all granted: granted
[Sat Aug 22 00:08:56.812131 2026] [authz_core:debug] [pid 578855:tid 578855] mod_authz_core.c(815): [client 54.83.23.103:42097] AH01626: authorization result of : granted
[Sat Aug 22 00:08:56.814785 2026] [authz_core:debug] [pid 578855:tid 578855] mod_authz_core.c(815): [client 54.83.23.103:42097] AH01626: authorization result of Require all granted: granted
[Sat Aug 22 00:08:56.814792 2026] [authz_core:debug] [pid 578855:tid 578855] mod_authz_core.c(815): [client 54.83.23.103:42097] AH01626: authorization result of : granted
[Sat Aug 22 00:08:56.818376 2026] [ssl:debug] [pid 578855:tid 578855] ssl_engine_io.c(1150): [client 54.83.23.103:42097] AH02001: Connection closed to child 4 with standard shutdown (server 2blog.ilc.edu.tw:443)
[Sat Aug 22 00:08:56.818949 2026] [ssl:debug] [pid 578705:tid 578705] ssl_engine_kernel.c(254): [client 2409:8a50:e203:d9b3:c945:5910:c7dd:1ec8:27542] AH02034: Subsequent (No.2) HTTPS request received for child 35 (server www.najh.ilc.edu.tw:443), referer: https://www.najh.ilc.edu.tw/2020/09/
[Sat Aug 22 00:08:56.819114 2026] [authz_core:debug] [pid 578705:tid 578705] mod_authz_core.c(815): [client 2409:8a50:e203:d9b3:c945:5910:c7dd:1ec8:27542] AH01626: authorization result of Require all granted: granted, referer: https://www.najh.ilc.edu.tw/2020/09/
[Sat Aug 22 00:08:56.819118 2026] [authz_core:debug] [pid 578705:tid 578705] mod_authz_core.c(815): [client 2409:8a50:e203:d9b3:c945:5910:c7dd:1ec8:27542] AH01626: authorization result of : granted, referer: https://www.najh.ilc.edu.tw/2020/09/
[Sat Aug 22 00:08:56.823002 2026] [deflate:debug] [pid 578705:tid 578705] mod_deflate.c(909): [client 2409:8a50:e203:d9b3:c945:5910:c7dd:1ec8:27542] AH01384: Zlib: Compressed 101296 to 34527 : URL /wp-content/cache/www.najh.ilc.edu.tw/wpfc-minified/k0kc5650/6wh9.js, referer: https://www.najh.ilc.edu.tw/2020/09/
[Sat Aug 22 00:08:57.189816 2026] [ssl:debug] [pid 578712:tid 578712] ssl_engine_io.c(1150): [client 2409:8a50:e203:d9b3:c945:5910:c7dd:1ec8:26876] AH02001: Connection closed to child 42 with standard shutdown (server www.najh.ilc.edu.tw:443)
[Sat Aug 22 00:08:58.152636 2026] [ssl:info] [pid 578850:tid 578850] [client 2001:288:a201::66:125:50083] AH01964: Connection to child 0 established (server 2blog.ilc.edu.tw:443)
[Sat Aug 22 00:08:58.152807 2026] [ssl:debug] [pid 578850:tid 578850] ssl_engine_kernel.c(2252): [client 2001:288:a201::66:125:50083] AH02645: Server name not provided via TLS extension (using default/first virtual host)
[Sat Aug 22 00:08:58.152825 2026] [socache_shmcb:debug] [pid 578850:tid 578850] mod_socache_shmcb.c(545): AH00835: socache_shmcb_retrieve (0x0c -> subcache 12)
[Sat Aug 22 00:08:58.152831 2026] [socache_shmcb:debug] [pid 578850:tid 578850] mod_socache_shmcb.c(896): AH00849: match at idx=22, data=4844
[Sat Aug 22 00:08:58.152834 2026] [socache_shmcb:debug] [pid 578850:tid 578850] mod_socache_shmcb.c(556): AH00836: leaving socache_shmcb_retrieve successfully
[Sat Aug 22 00:08:58.153533 2026] [ssl:debug] [pid 578850:tid 578850] ssl_engine_kernel.c(2082): [client 2001:288:a201::66:125:50083] AH02041: Protocol: TLSv1.2, Cipher: ECDHE-RSA-AES256-GCM-SHA384 (256/256 bits)
[Sat Aug 22 00:08:58.153797 2026] [ssl:debug] [pid 578850:tid 578850] ssl_engine_kernel.c(254): [client 2001:288:a201::66:125:50083] AH02034: Initial (No.1) HTTPS request received for child 0 (server 2blog.ilc.edu.tw:443)
[Sat Aug 22 00:08:58.153953 2026] [authz_core:debug] [pid 578850:tid 578850] mod_authz_core.c(815): [client 2001:288:a201::66:125:50083] AH01626: authorization result of Require all granted: granted
[Sat Aug 22 00:08:58.153958 2026] [authz_core:debug] [pid 578850:tid 578850] mod_authz_core.c(815): [client 2001:288:a201::66:125:50083] AH01626: authorization result of : granted
[Sat Aug 22 00:08:58.154063 2026] [authz_core:debug] [pid 578850:tid 578850] mod_authz_core.c(815): [client 2001:288:a201::66:125:50083] AH01626: authorization result of Require all granted: granted
[Sat Aug 22 00:08:58.154066 2026] [authz_core:debug] [pid 578850:tid 578850] mod_authz_core.c(815): [client 2001:288:a201::66:125:50083] AH01626: authorization result of : granted
[Sat Aug 22 00:08:58.154076 2026] [php7:error] [pid 578850:tid 578850] [client 2001:288:a201::66:125:50083] script '/var/www/html/2blog/active.php' not found or unable to stat
[Sat Aug 22 00:08:58.154083 2026] [headers:debug] [pid 578850:tid 578850] mod_headers.c(900): AH01503: headers: ap_headers_error_filter()
[Sat Aug 22 00:08:58.154186 2026] [ssl:debug] [pid 578850:tid 578850] ssl_engine_io.c(1150): [client 2001:288:a201::66:125:50083] AH02001: Connection closed to child 0 with standard shutdown (server 2blog.ilc.edu.tw:443)
[Sat Aug 22 00:08:58.175472 2026] [headers:debug] [pid 578843:tid 578843] mod_headers.c(900): AH01503: headers: ap_headers_error_filter()
[Sat Aug 22 00:08:58.276678 2026] [headers:debug] [pid 578835:tid 578835] mod_headers.c(900): AH01503: headers: ap_headers_error_filter()
[Sat Aug 22 00:08:58.354623 2026] [ssl:info] [pid 578856:tid 578856] [client 140.111.67.10:30444] AH01964: Connection to child 5 established (server 2blog.ilc.edu.tw:443)
[Sat Aug 22 00:08:58.354910 2026] [ssl:info] [pid 578856:tid 578856] (70014)End of file found: [client 140.111.67.10:30444] AH02006: SSL handshake stopped: connection was closed
[Sat Aug 22 00:08:58.354919 2026] [ssl:info] [pid 578856:tid 578856] [client 140.111.67.10:30444] AH01998: Connection closed to child 5 with abortive shutdown (server 2blog.ilc.edu.tw:443)
[Sat Aug 22 00:08:58.520025 2026] [ssl:debug] [pid 578838:tid 578838] ssl_engine_kernel.c(2222): [client 2409:8a50:e203:d9b3:c945:5910:c7dd:1ec8:27552] AH02043: SSL virtual host for servername www.najh.ilc.edu.tw found
[Sat Aug 22 00:08:58.520102 2026] [core:debug] [pid 578838:tid 578838] protocol.c(2460): [client 2409:8a50:e203:d9b3:c945:5910:c7dd:1ec8:27552] AH03155: select protocol from , choices=h2,http/1.1 for server www.najh.ilc.edu.tw
[Sat Aug 22 00:08:58.520140 2026] [ssl:debug] [pid 578838:tid 578838] ssl_util_stapling.c(819): AH01951: stapling_cb: OCSP Stapling callback called
[Sat Aug 22 00:08:58.520153 2026] [ssl:info] [pid 578838:tid 578838] AH01926: stapling_get_certinfo: stapling not supported for certificate
[Sat Aug 22 00:08:58.559944 2026] [ssl:debug] [pid 578839:tid 578839] ssl_engine_kernel.c(254): [client 2408:872f:d00:4::48:1034] AH02034: Subsequent (No.6) HTTPS request received for child 22 (server ilta.ilc.edu.tw:443), referer: https://ilta.ilc.edu.tw/2015/04/24/
[Sat Aug 22 00:08:58.560131 2026] [authz_core:debug] [pid 578839:tid 578839] mod_authz_core.c(815): [client 2408:872f:d00:4::48:1034] AH01626: authorization result of Require all granted: granted, referer: https://ilta.ilc.edu.tw/2015/04/24/
[Sat Aug 22 00:08:58.560136 2026] [authz_core:debug] [pid 578839:tid 578839] mod_authz_core.c(815): [client 2408:872f:d00:4::48:1034] AH01626: authorization result of : granted, referer: https://ilta.ilc.edu.tw/2015/04/24/
[Sat Aug 22 00:08:58.560237 2026] [authz_core:debug] [pid 578839:tid 578839] mod_authz_core.c(815): [client 2408:872f:d00:4::48:1034] AH01626: authorization result of Require all granted: granted, referer: https://ilta.ilc.edu.tw/2015/04/24/
[Sat Aug 22 00:08:58.560240 2026] [authz_core:debug] [pid 578839:tid 578839] mod_authz_core.c(815): [client 2408:872f:d00:4::48:1034] AH01626: authorization result of : granted, referer: https://ilta.ilc.edu.tw/2015/04/24/
[Sat Aug 22 00:08:58.761612 2026] [ssl:info] [pid 578833:tid 578833] (70014)End of file found: [client 149.102.228.226:58245] AH01992: SSL library error 6 reading data
[Sat Aug 22 00:08:58.761702 2026] [ssl:debug] [pid 578833:tid 578833] ssl_engine_io.c(1150): [client 149.102.228.226:58245] AH02001: Connection closed to child 15 with standard shutdown (server www.jwes.ilc.edu.tw:443)
