52.167.144.209 - - [17/Aug/2026:18:02:25 +0800] "POST /1003/wp-json/ilc-summary/v1/popular-posts HTTP/1.1" 201 6087 "https://2blog.ilc.edu.tw/1003/2021/10/08/%e3%80%90%e4%ba%94%e5%b9%b4%e7%b4%9a%e8%87%aa%e7%84%b6%e8%aa%b2%e3%80%91%e6%a4%8d%e7%89%a9%e9%ab%94%e5%85%a7%e6%b0%b4%e7%9a%84%e7%a7%bb%e5%8b%95/" "Mozilla/5.0 AppleWebKit/537.36 (KHTML, like Gecko; compatible; bingbot/2.0; +http://www.bing.com/bingbot.htm) Chrome/136.0.0.0 Safari/537.36 AppleWebKit/537.36 (KHTML, like Gecko; compatible; bingbot/2.0; +http://www.bing.com/bingbot.htm) Chrome/116.0.1938.76 Safari/537.36"
2001:288:a201::66:125 - - [17/Aug/2026:18:02:25 +0800] "GET /blog/active.php HTTP/1.1" 404 1084 "-" "-"
66.249.68.200 - - [17/Aug/2026:18:02:27 +0800] "GET /12/2015/12/02/2015-11-20-%E9%BB%83%E5%9C%8B%E7%8F%8D%E8%80%81%E5%B8%AB%E9%96%B1%E8%AE%80%E7%90%86%E8%A7%A3%E7%AC%AC%E4%B8%80%E6%AC%A1%E5%B7%A5%E4%BD%9C%E5%9D%8A/ HTTP/1.1" 200 16202 "-" "Mozilla/5.0 (Linux; Android 6.0.1; Nexus 5X Build/MMB29P) AppleWebKit/537.36 (KHTML, like Gecko) Chrome/150.0.7871.186 Mobile Safari/537.36 (compatible; GoogleOther)"
66.249.71.2 - - [17/Aug/2026:18:02:27 +0800] "GET /wp-content/plugins/elementor/assets/js/webpack.runtime.min.js HTTP/1.1" 200 7881 "https://www.gtes.ilc.edu.tw/2023/04/17/%E5%8F%A4%E4%BA%AD%E7%95%9A%E7%A9%80%E5%80%89/" "Mozilla/5.0 (Linux; Android 6.0.1; Nexus 5X Build/MMB29P) AppleWebKit/537.36 (KHTML, like Gecko) Chrome/150.0.7871.186 Mobile Safari/537.36 (compatible; Googlebot/2.1; +http://www.google.com/bot.html)"
52.167.144.229 - - [17/Aug/2026:18:02:29 +0800] "GET /lunch/wp-content/uploads/sites/1315/2020/02/S__69738505-768x576.jpg HTTP/1.1" 200 87176 "-" "Mozilla/5.0 AppleWebKit/537.36 (KHTML, like Gecko; compatible; bingbot/2.0; +http://www.bing.com/bingbot.htm) Chrome/116.0.1938.76 Safari/537.36"
66.249.68.200 - - [17/Aug/2026:18:02:29 +0800] "POST /12/wp-json/ilc-summary/v1/popular-posts HTTP/1.1" 201 1269 "https://2blog.ilc.edu.tw/12/2015/12/02/2015-11-20-%E9%BB%83%E5%9C%8B%E7%8F%8D%E8%80%81%E5%B8%AB%E9%96%B1%E8%AE%80%E7%90%86%E8%A7%A3%E7%AC%AC%E4%B8%80%E6%AC%A1%E5%B7%A5%E4%BD%9C%E5%9D%8A/" "Mozilla/5.0 (Linux; Android 6.0.1; Nexus 5X Build/MMB29P) AppleWebKit/537.36 (KHTML, like Gecko) Chrome/150.0.7871.186 Mobile Safari/537.36 (compatible; GoogleOther)"
140.111.67.10 - - [17/Aug/2026:18:02:30 +0800] "GET /" 301 273 "-" "-"
::1 - - [17/Aug/2026:18:02:30 +0800] "OPTIONS * HTTP/1.0" 200 110 "-" "Apache/2.4.68 (Ubuntu) OpenSSL/3.0.19 (internal dummy connection)"
36.229.230.251 - - [17/Aug/2026:18:02:30 +0800] "GET /chjh2/wp-content/uploads/sites/1482/2020/02/cropped-Image2.png HTTP/1.1" 200 346219 "https://www.chjh.ilc.edu.tw/" "Mozilla/5.0 (Windows NT 10.0; Win64; x64) AppleWebKit/537.36 (KHTML, like Gecko) Chrome/150.0.0.0 Safari/537.36"
2001:b011:7807:5976:d38d:606a:19f9:7b73 - - [17/Aug/2026:18:02:30 +0800] "-" 408 339 "-" "-"
2001:288:a201::66:125 - - [17/Aug/2026:18:02:30 +0800] "GET /blog/active.php HTTP/1.1" 301 1026 "-" "-"
2001:288:a201::66:125 - - [17/Aug/2026:18:02:30 +0800] "GET /blog/active.php HTTP/1.1" 404 1084 "-" "-"
2001:b011:7807:5976:d38d:606a:19f9:7b73 - - [17/Aug/2026:18:02:31 +0800] "-" 408 339 "-" "-"
66.249.68.136 - - [17/Aug/2026:18:02:30 +0800] "GET /wp-login.php?action=ilc_logout&_wpnonce=43754d0aad&redirect_to=http://mebelworkshop.ru/creator/18322/ HTTP/1.1" 302 8254 "-" "Mozilla/5.0 (Linux; Android 6.0.1; Nexus 5X Build/MMB29P) AppleWebKit/537.36 (KHTML, like Gecko) Chrome/150.0.7871.186 Mobile Safari/537.36 (compatible; Googlebot/2.1; +http://www.google.com/bot.html)"
::1 - - [17/Aug/2026:18:02:33 +0800] "OPTIONS * HTTP/1.0" 200 110 "-" "Apache/2.4.68 (Ubuntu) OpenSSL/3.0.19 (internal dummy connection)"
2001:4860:7:510::f - - [17/Aug/2026:18:02:33 +0800] "GET /%E8%A1%8C%E6%94%BF%E5%96%AE%E4%BD%8D/ HTTP/1.1" 200 16408 "https://www.google.com/" "Mozilla/5.0 (Windows NT 10.0; Win64; x64) AppleWebKit/537.36 (KHTML, like Gecko) Chrome/150.0.0.0 Safari/537.36"
34.194.95.99 - - [17/Aug/2026:18:02:33 +0800] "GET /englishvillage/wp-content/uploads/sites/3106/2025/09/IMG_4088-scaled.jpeg HTTP/1.1" 200 572003 "-" "Mozilla/5.0 AppleWebKit/537.36 (KHTML, like Gecko; compatible; Amazonbot/0.1; +https://developer.amazon.com/support/amazonbot) Chrome/119.0.6045.214 Safari/537.36"
140.111.67.10 - - [17/Aug/2026:18:02:35 +0800] "GET /" 301 273 "-" "-"
::1 - - [17/Aug/2026:18:02:35 +0800] "OPTIONS * HTTP/1.0" 200 110 "-" "Apache/2.4.68 (Ubuntu) OpenSSL/3.0.19 (internal dummy connection)"
2001:288:a201::66:125 - - [17/Aug/2026:18:02:35 +0800] "GET /blog/active.php HTTP/1.1" 301 1026 "-" "-"
2001:288:a201::66:125 - - [17/Aug/2026:18:02:35 +0800] "GET /blog/active.php HTTP/1.1" 404 1084 "-" "-"
2001:4860:7:410::fa - - [17/Aug/2026:18:02:35 +0800] "GET /2018/02/21/%E8%8B%B1%E8%AA%9E%E5%96%AE%E5%AD%97%E7%8E%8B%E5%9B%9B%E5%B9%B4%E7%B4%9A100%E5%AD%97/ HTTP/1.1" 200 32191 "https://www.google.com/" "Mozilla/5.0 (Linux; Android 10; K) AppleWebKit/537.36 (KHTML, like Gecko) Chrome/151.0.0.0 Mobile Safari/537.36"
66.249.82.68 - - [17/Aug/2026:18:02:35 +0800] "GET /.well-known/traffic-advice HTTP/1.1" 404 131463 "-" "Chrome Privacy Preserving Prefetch Proxy"
35.170.205.140 - - [17/Aug/2026:18:02:37 +0800] "GET /ples001/wp-content/uploads/sites/3439/2021/11/3-272x300.png HTTP/1.1" 200 61332 "-" "Mozilla/5.0 AppleWebKit/537.36 (KHTML, like Gecko; compatible; Amazonbot/0.1; +https://developer.amazon.com/support/amazonbot) Chrome/119.0.6045.214 Safari/537.36"
52.167.144.209 - - [17/Aug/2026:18:02:38 +0800] "GET /taiwanmilingual/wp-content/themes/oceanwp/assets/js/vendors/magnific-popup.min.js HTTP/1.1" 200 13069 "https://2blog.ilc.edu.tw/taiwanmilingual/%E3%80%8A%E8%87%BA%E7%81%A3%E9%9B%99%E8%AA%9E%E6%95%99%E6%9D%90%E3%80%8B%E8%87%BA%E7%81%A3%E9%9B%99%E8%AA%9E%E6%B3%A8%E9%9F%B3%E7%AC%A6%E8%99%9F%E8%A1%A8%E4%B9%8B8800%E9%9F%B3/" "Mozilla/5.0 AppleWebKit/537.36 (KHTML, like Gecko; compatible; bingbot/2.0; +http://www.bing.com/bingbot.htm) Chrome/136.0.0.0 Safari/537.36 AppleWebKit/537.36 (KHTML, like Gecko; compatible; bingbot/2.0; +http://www.bing.com/bingbot.htm) Chrome/116.0.1938.76 Safari/537.36"
66.249.68.133 - - [17/Aug/2026:18:02:36 +0800] "GET /wp-login.php?action=ilc_logout&_wpnonce=43754d0aad&redirect_to=http://worldeventspb.ru/creator/76026/ HTTP/1.1" 302 3445 "-" "Mozilla/5.0 (Linux; Android 6.0.1; Nexus 5X Build/MMB29P) AppleWebKit/537.36 (KHTML, like Gecko) Chrome/150.0.7871.186 Mobile Safari/537.36 (compatible; GoogleOther)"
2001:b400:e489:b583:1554:a5c5:48be:683 - - [17/Aug/2026:18:02:38 +0800] "GET /35/2021/08/31/%E5%AF%A6%E9%AB%94%E7%B7%9A%E4%B8%8A%E7%9A%84%E6%B7%B7%E5%90%88%E8%A4%87%E5%90%88%E6%95%99%E5%AD%B8%EF%BC%8C%E9%80%99%E9%BA%BC%E5%81%9A%E4%B9%9F%E5%8F%AF%E4%BB%A5/ HTTP/1.1" 200 18343 "https://www.google.com/" "Mozilla/5.0 (Linux; Android 10; K) AppleWebKit/537.36 (KHTML, like Gecko) Chrome/150.0.0.0 Mobile Safari/537.36"
2001:b400:e489:b583:1554:a5c5:48be:683 - - [17/Aug/2026:18:02:39 +0800] "GET /35/wp-content/cache/2blog.ilc.edu.tw/wpfc-minified/2qbp5foz/5wom0.css HTTP/1.1" 200 40883 "https://2blog.ilc.edu.tw/35/2021/08/31/%E5%AF%A6%E9%AB%94%E7%B7%9A%E4%B8%8A%E7%9A%84%E6%B7%B7%E5%90%88%E8%A4%87%E5%90%88%E6%95%99%E5%AD%B8%EF%BC%8C%E9%80%99%E9%BA%BC%E5%81%9A%E4%B9%9F%E5%8F%AF%E4%BB%A5/" "Mozilla/5.0 (Linux; Android 10; K) AppleWebKit/537.36 (KHTML, like Gecko) Chrome/150.0.0.0 Mobile Safari/537.36"
2001:b400:e489:b583:1554:a5c5:48be:683 - - [17/Aug/2026:18:02:39 +0800] "GET /35/wp-content/cache/2blog.ilc.edu.tw/wpfc-minified/2dutu2lw/5wom0.css HTTP/1.1" 200 20776 "https://2blog.ilc.edu.tw/35/2021/08/31/%E5%AF%A6%E9%AB%94%E7%B7%9A%E4%B8%8A%E7%9A%84%E6%B7%B7%E5%90%88%E8%A4%87%E5%90%88%E6%95%99%E5%AD%B8%EF%BC%8C%E9%80%99%E9%BA%BC%E5%81%9A%E4%B9%9F%E5%8F%AF%E4%BB%A5/" "Mozilla/5.0 (Linux; Android 10; K) AppleWebKit/537.36 (KHTML, like Gecko) Chrome/150.0.0.0 Mobile Safari/537.36"
2001:b400:e489:b583:1554:a5c5:48be:683 - - [17/Aug/2026:18:02:39 +0800] "GET /35/wp-content/cache/2blog.ilc.edu.tw/wpfc-minified/7xdfbna9/5wom0.css HTTP/1.1" 200 11551 "https://2blog.ilc.edu.tw/35/2021/08/31/%E5%AF%A6%E9%AB%94%E7%B7%9A%E4%B8%8A%E7%9A%84%E6%B7%B7%E5%90%88%E8%A4%87%E5%90%88%E6%95%99%E5%AD%B8%EF%BC%8C%E9%80%99%E9%BA%BC%E5%81%9A%E4%B9%9F%E5%8F%AF%E4%BB%A5/" "Mozilla/5.0 (Linux; Android 10; K) AppleWebKit/537.36 (KHTML, like Gecko) Chrome/150.0.0.0 Mobile Safari/537.36"
2001:b400:e489:b583:1554:a5c5:48be:683 - - [17/Aug/2026:18:02:39 +0800] "GET /35/wp-content/cache/2blog.ilc.edu.tw/wpfc-minified/8nbvkij4/5wom0.css HTTP/1.1" 200 17634 "https://2blog.ilc.edu.tw/35/2021/08/31/%E5%AF%A6%E9%AB%94%E7%B7%9A%E4%B8%8A%E7%9A%84%E6%B7%B7%E5%90%88%E8%A4%87%E5%90%88%E6%95%99%E5%AD%B8%EF%BC%8C%E9%80%99%E9%BA%BC%E5%81%9A%E4%B9%9F%E5%8F%AF%E4%BB%A5/" "Mozilla/5.0 (Linux; Android 10; K) AppleWebKit/537.36 (KHTML, like Gecko) Chrome/150.0.0.0 Mobile Safari/537.36"
2001:b400:e489:b583:1554:a5c5:48be:683 - - [17/Aug/2026:18:02:39 +0800] "GET /35/wp-content/cache/2blog.ilc.edu.tw/wpfc-minified/btnpd0t/5wom0.js HTTP/1.1" 200 35897 "https://2blog.ilc.edu.tw/35/2021/08/31/%E5%AF%A6%E9%AB%94%E7%B7%9A%E4%B8%8A%E7%9A%84%E6%B7%B7%E5%90%88%E8%A4%87%E5%90%88%E6%95%99%E5%AD%B8%EF%BC%8C%E9%80%99%E9%BA%BC%E5%81%9A%E4%B9%9F%E5%8F%AF%E4%BB%A5/" "Mozilla/5.0 (Linux; Android 10; K) AppleWebKit/537.36 (KHTML, like Gecko) Chrome/150.0.0.0 Mobile Safari/537.36"
2001:b400:e489:b583:1554:a5c5:48be:683 - - [17/Aug/2026:18:02:39 +0800] "GET /35/wp-content/cache/2blog.ilc.edu.tw/wpfc-minified/2qwx5el1/5wom0.js HTTP/1.1" 200 1979 "https://2blog.ilc.edu.tw/35/2021/08/31/%E5%AF%A6%E9%AB%94%E7%B7%9A%E4%B8%8A%E7%9A%84%E6%B7%B7%E5%90%88%E8%A4%87%E5%90%88%E6%95%99%E5%AD%B8%EF%BC%8C%E9%80%99%E9%BA%BC%E5%81%9A%E4%B9%9F%E5%8F%AF%E4%BB%A5/" "Mozilla/5.0 (Linux; Android 10; K) AppleWebKit/537.36 (KHTML, like Gecko) Chrome/150.0.0.0 Mobile Safari/537.36"
2001:b400:e489:b583:1554:a5c5:48be:683 - - [17/Aug/2026:18:02:39 +0800] "GET /35/wp-content/uploads/sites/1161/2021/08/2021-08-31_112337.jpg HTTP/1.1" 200 128843 "https://2blog.ilc.edu.tw/35/2021/08/31/%E5%AF%A6%E9%AB%94%E7%B7%9A%E4%B8%8A%E7%9A%84%E6%B7%B7%E5%90%88%E8%A4%87%E5%90%88%E6%95%99%E5%AD%B8%EF%BC%8C%E9%80%99%E9%BA%BC%E5%81%9A%E4%B9%9F%E5%8F%AF%E4%BB%A5/" "Mozilla/5.0 (Linux; Android 10; K) AppleWebKit/537.36 (KHTML, like Gecko) Chrome/150.0.0.0 Mobile Safari/537.36"
66.249.71.64 - - [17/Aug/2026:18:02:39 +0800] "GET /chjhtech/author/sophiano/ HTTP/1.1" 200 14949 "-" "Mozilla/5.0 (compatible; Googlebot/2.1; +http://www.google.com/bot.html)"
2001:b400:e489:b583:1554:a5c5:48be:683 - - [17/Aug/2026:18:02:39 +0800] "GET /35/wp-content/uploads/sites/1161/2020/08/cropped-%E7%94%9F%E6%B4%BB%E5%9C%98%E6%B5%B7%E5%A0%B1-%E6%A9%AB%E5%9C%961.jpg HTTP/1.1" 200 97624 "https://2blog.ilc.edu.tw/35/2021/08/31/%E5%AF%A6%E9%AB%94%E7%B7%9A%E4%B8%8A%E7%9A%84%E6%B7%B7%E5%90%88%E8%A4%87%E5%90%88%E6%95%99%E5%AD%B8%EF%BC%8C%E9%80%99%E9%BA%BC%E5%81%9A%E4%B9%9F%E5%8F%AF%E4%BB%A5/" "Mozilla/5.0 (Linux; Android 10; K) AppleWebKit/537.36 (KHTML, like Gecko) Chrome/150.0.0.0 Mobile Safari/537.36"
2001:b400:e489:b583:1554:a5c5:48be:683 - - [17/Aug/2026:18:02:39 +0800] "GET /35/wp-content/uploads/sites/1161/2021/08/2021-08-31_112323.jpg HTTP/1.1" 200 142591 "https://2blog.ilc.edu.tw/35/2021/08/31/%E5%AF%A6%E9%AB%94%E7%B7%9A%E4%B8%8A%E7%9A%84%E6%B7%B7%E5%90%88%E8%A4%87%E5%90%88%E6%95%99%E5%AD%B8%EF%BC%8C%E9%80%99%E9%BA%BC%E5%81%9A%E4%B9%9F%E5%8F%AF%E4%BB%A5/" "Mozilla/5.0 (Linux; Android 10; K) AppleWebKit/537.36 (KHTML, like Gecko) Chrome/150.0.0.0 Mobile Safari/537.36"
2001:b400:e489:b583:1554:a5c5:48be:683 - - [17/Aug/2026:18:02:39 +0800] "GET /35/wp-includes/js/hoverintent-js.min.js HTTP/1.1" 200 1597 "https://2blog.ilc.edu.tw/35/2021/08/31/%E5%AF%A6%E9%AB%94%E7%B7%9A%E4%B8%8A%E7%9A%84%E6%B7%B7%E5%90%88%E8%A4%87%E5%90%88%E6%95%99%E5%AD%B8%EF%BC%8C%E9%80%99%E9%BA%BC%E5%81%9A%E4%B9%9F%E5%8F%AF%E4%BB%A5/" "Mozilla/5.0 (Linux; Android 10; K) AppleWebKit/537.36 (KHTML, like Gecko) Chrome/150.0.0.0 Mobile Safari/537.36"
2001:b400:e489:b583:1554:a5c5:48be:683 - - [17/Aug/2026:18:02:39 +0800] "GET /35/wp-includes/js/admin-bar.min.js HTTP/1.1" 200 2237 "https://2blog.ilc.edu.tw/35/2021/08/31/%E5%AF%A6%E9%AB%94%E7%B7%9A%E4%B8%8A%E7%9A%84%E6%B7%B7%E5%90%88%E8%A4%87%E5%90%88%E6%95%99%E5%AD%B8%EF%BC%8C%E9%80%99%E9%BA%BC%E5%81%9A%E4%B9%9F%E5%8F%AF%E4%BB%A5/" "Mozilla/5.0 (Linux; Android 10; K) AppleWebKit/537.36 (KHTML, like Gecko) Chrome/150.0.0.0 Mobile Safari/537.36"
2001:b400:e489:b583:1554:a5c5:48be:683 - - [17/Aug/2026:18:02:39 +0800] "GET /35/wp-content/themes/dara/assets/js/navigation.js HTTP/1.1" 200 1988 "https://2blog.ilc.edu.tw/35/2021/08/31/%E5%AF%A6%E9%AB%94%E7%B7%9A%E4%B8%8A%E7%9A%84%E6%B7%B7%E5%90%88%E8%A4%87%E5%90%88%E6%95%99%E5%AD%B8%EF%BC%8C%E9%80%99%E9%BA%BC%E5%81%9A%E4%B9%9F%E5%8F%AF%E4%BB%A5/" "Mozilla/5.0 (Linux; Android 10; K) AppleWebKit/537.36 (KHTML, like Gecko) Chrome/150.0.0.0 Mobile Safari/537.36"
2001:b400:e489:b583:1554:a5c5:48be:683 - - [17/Aug/2026:18:02:39 +0800] "GET /35/wp-content/themes/dara/assets/js/skip-link-focus-fix.js HTTP/1.1" 200 1295 "https://2blog.ilc.edu.tw/35/2021/08/31/%E5%AF%A6%E9%AB%94%E7%B7%9A%E4%B8%8A%E7%9A%84%E6%B7%B7%E5%90%88%E8%A4%87%E5%90%88%E6%95%99%E5%AD%B8%EF%BC%8C%E9%80%99%E9%BA%BC%E5%81%9A%E4%B9%9F%E5%8F%AF%E4%BB%A5/" "Mozilla/5.0 (Linux; Android 10; K) AppleWebKit/537.36 (KHTML, like Gecko) Chrome/150.0.0.0 Mobile Safari/537.36"
2001:b400:e489:b583:1554:a5c5:48be:683 - - [17/Aug/2026:18:02:39 +0800] "POST /35/wp-json/ilc-summary/v1/popular-posts HTTP/1.1" 201 1271 "https://2blog.ilc.edu.tw/35/2021/08/31/%E5%AF%A6%E9%AB%94%E7%B7%9A%E4%B8%8A%E7%9A%84%E6%B7%B7%E5%90%88%E8%A4%87%E5%90%88%E6%95%99%E5%AD%B8%EF%BC%8C%E9%80%99%E9%BA%BC%E5%81%9A%E4%B9%9F%E5%8F%AF%E4%BB%A5/" "Mozilla/5.0 (Linux; Android 10; K) AppleWebKit/537.36 (KHTML, like Gecko) Chrome/150.0.0.0 Mobile Safari/537.36"
140.111.67.10 - - [17/Aug/2026:18:02:40 +0800] "GET /" 301 273 "-" "-"
2001:b400:e489:b583:1554:a5c5:48be:683 - - [17/Aug/2026:18:02:40 +0800] "GET /favicon.ico HTTP/1.1" 302 901 "https://2blog.ilc.edu.tw/35/2021/08/31/%E5%AF%A6%E9%AB%94%E7%B7%9A%E4%B8%8A%E7%9A%84%E6%B7%B7%E5%90%88%E8%A4%87%E5%90%88%E6%95%99%E5%AD%B8%EF%BC%8C%E9%80%99%E9%BA%BC%E5%81%9A%E4%B9%9F%E5%8F%AF%E4%BB%A5/" "Mozilla/5.0 (Linux; Android 10; K) AppleWebKit/537.36 (KHTML, like Gecko) Chrome/150.0.0.0 Mobile Safari/537.36"
2001:b400:e489:b583:1554:a5c5:48be:683 - - [17/Aug/2026:18:02:40 +0800] "GET /wp-includes/images/w-logo-blue-white-bg.png HTTP/1.1" 200 4946 "https://2blog.ilc.edu.tw/35/2021/08/31/%E5%AF%A6%E9%AB%94%E7%B7%9A%E4%B8%8A%E7%9A%84%E6%B7%B7%E5%90%88%E8%A4%87%E5%90%88%E6%95%99%E5%AD%B8%EF%BC%8C%E9%80%99%E9%BA%BC%E5%81%9A%E4%B9%9F%E5%8F%AF%E4%BB%A5/" "Mozilla/5.0 (Linux; Android 10; K) AppleWebKit/537.36 (KHTML, like Gecko) Chrome/150.0.0.0 Mobile Safari/537.36"
2001:288:a201::66:125 - - [17/Aug/2026:18:02:40 +0800] "GET /blog/active.php HTTP/1.1" 404 1084 "-" "-"
2001:288:a201::66:125 - - [17/Aug/2026:18:02:40 +0800] "GET /blog/active.php HTTP/1.1" 301 1026 "-" "-"
150.129.231.39 - - [17/Aug/2026:18:02:41 +0800] "GET /wp-content/uploads/sites/893/1279/1279-3544480.png HTTP/1.1" 200 116173 "https://www.google.com/" "Mozilla/5.0 (iPhone; CPU iPhone OS 26_6 like Mac OS X) AppleWebKit/605.1.15 (KHTML, like Gecko) GSA/433.5.957829776 Mobile/23G71 Safari/604.1"
140.111.147.40 - - [17/Aug/2026:18:02:41 +0800] "GET /wp-content/themes/oceanwp/assets/fonts/fontawesome/webfonts/fa-solid-900.woff2 HTTP/1.1" 200 156050 "https://www.cges.ilc.edu.tw/wp-content/cache/www.cges.ilc.edu.tw/wpfc-minified/2fm5zxwl/6vvf.css" "Mozilla/5.0 (Windows NT 10.0; Win64; x64) AppleWebKit/537.36 (KHTML, like Gecko) Chrome/151.0.0.0 Safari/537.36"
66.249.68.136 - - [17/Aug/2026:18:02:40 +0800] "GET /wp-login.php?action=ilc_logout&_wpnonce=43754d0aad&redirect_to=//tochkaliniya.ru/gallery/3738/ HTTP/1.1" 302 8247 "-" "Mozilla/5.0 (compatible; Googlebot/2.1; +http://www.google.com/bot.html)"
66.249.68.200 - - [17/Aug/2026:18:02:42 +0800] "POST /39664/wp-json/ilc-summary/v1/popular-posts HTTP/1.1" 201 6052 "https://2blog.ilc.edu.tw/39664/2020/07/14/%E3%80%90g6%E3%80%91%E8%A8%AD%E8%A8%88%E6%80%9D%E8%80%83%E4%B8%89-%E9%82%81%E5%90%91%E4%B8%8B%E5%80%8B%E6%97%85%E7%A8%8B/" "Mozilla/5.0 (Linux; Android 6.0.1; Nexus 5X Build/MMB29P) AppleWebKit/537.36 (KHTML, like Gecko) Chrome/150.0.7871.186 Mobile Safari/537.36 (compatible; Googlebot/2.1; +http://www.google.com/bot.html)"
66.249.68.200 - - [17/Aug/2026:18:02:43 +0800] "GET /17160/2018/11/02/%E3%80%90g3%E3%80%91%E6%8E%A2%E7%B4%A2-%E7%BE%8E%E9%A3%9F%E6%96%99%E7%90%86-%E8%9B%A4%E8%A0%A3%E8%92%B8%E8%9B%8B%E4%B8%BB%E5%BB%9A/ HTTP/1.1" 200 14861 "-" "Mozilla/5.0 (Linux; Android 6.0.1; Nexus 5X Build/MMB29P) AppleWebKit/537.36 (KHTML, like Gecko) Chrome/150.0.7871.186 Mobile Safari/537.36 (compatible; Googlebot/2.1; +http://www.google.com/bot.html)"
66.249.68.200 - - [17/Aug/2026:18:02:44 +0800] "GET /868/44068/ HTTP/1.1" 200 14463 "-" "Mozilla/5.0 (Linux; Android 6.0.1; Nexus 5X Build/MMB29P) AppleWebKit/537.36 (KHTML, like Gecko) Chrome/150.0.7871.186 Mobile Safari/537.36 (compatible; Googlebot/2.1; +http://www.google.com/bot.html)"
140.111.67.10 - - [17/Aug/2026:18:02:45 +0800] "GET /" 301 273 "-" "-"
2001:b400:e2a9:ad32:ed47:b9fd:40e6:845e - - [17/Aug/2026:18:02:45 +0800] "GET / HTTP/1.1" 200 30751 "-" "Mozilla/5.0 (iPhone; CPU iPhone OS 18_7 like Mac OS X) AppleWebKit/605.1.15 (KHTML, like Gecko) Mobile/15E148 Safari Line/26.11.0"
2001:b400:e2a9:ad32:ed47:b9fd:40e6:845e - - [17/Aug/2026:18:02:45 +0800] "GET /wp-content/uploads/sites/50/elementor/css/post-232.css HTTP/1.1" 304 5591 "https://www.ksjh.ilc.edu.tw/" "Mozilla/5.0 (iPhone; CPU iPhone OS 18_7 like Mac OS X) AppleWebKit/605.1.15 (KHTML, like Gecko) Mobile/15E148 Safari Line/26.11.0"
66.249.71.64 - - [17/Aug/2026:18:02:45 +0800] "GET /chjhtech/wp-content/cache/2blog.ilc.edu.tw/wpfc-minified/g1h9rteh/bttmu.css HTTP/1.1" 200 45673 "https://2blog.ilc.edu.tw/chjhtech/author/sophiano/" "Mozilla/5.0 AppleWebKit/537.36 (KHTML, like Gecko; compatible; Googlebot/2.1; +http://www.google.com/bot.html) Chrome/151.0.7922.108 Safari/537.36"
2001:288:a201::66:125 - - [17/Aug/2026:18:02:45 +0800] "GET /blog/active.php HTTP/1.1" 301 1026 "-" "-"
2001:288:a201::66:125 - - [17/Aug/2026:18:02:45 +0800] "GET /blog/active.php HTTP/1.1" 404 1084 "-" "-"
66.249.71.64 - - [17/Aug/2026:18:02:46 +0800] "GET /chjhtech/wp-content/cache/2blog.ilc.edu.tw/wpfc-minified/mjox898c/bttmu.css HTTP/1.1" 200 15980 "https://2blog.ilc.edu.tw/chjhtech/author/sophiano/" "Mozilla/5.0 AppleWebKit/537.36 (KHTML, like Gecko; compatible; Googlebot/2.1; +http://www.google.com/bot.html) Chrome/151.0.7922.108 Safari/537.36"
140.111.67.195 - - [17/Aug/2026:18:02:46 +0800] "GET /wp-admin/admin-post.php?action=steps_ad HTTP/1.1" 200 6425 "-" "node-fetch/1.0 (+https://github.com/bitinn/node-fetch)"
2001:b400:e2aa:b5c5:6442:a6ff:fe81:9b5f - - [17/Aug/2026:18:02:47 +0800] "-" 408 339 "-" "-"
2001:b400:e2aa:b5c5:6442:a6ff:fe81:9b5f - - [17/Aug/2026:18:02:47 +0800] "-" 408 339 "-" "-"
::1 - - [17/Aug/2026:18:02:47 +0800] "OPTIONS * HTTP/1.0" 200 110 "-" "Apache/2.4.68 (Ubuntu) OpenSSL/3.0.19 (internal dummy connection)"
::1 - - [17/Aug/2026:18:02:48 +0800] "OPTIONS * HTTP/1.0" 200 110 "-" "Apache/2.4.68 (Ubuntu) OpenSSL/3.0.19 (internal dummy connection)"
52.167.144.209 - - [17/Aug/2026:18:02:48 +0800] "GET /taiwanmilingual/wp-content/themes/oceanwp/assets/js/scroll-effect.min.js HTTP/1.1" 200 8970 "https://2blog.ilc.edu.tw/taiwanmilingual/%E3%80%8A%E8%87%BA%E7%81%A3%E9%9B%99%E8%AA%9E%E6%95%99%E6%9D%90%E3%80%8B%E8%87%BA%E7%81%A3%E9%9B%99%E8%AA%9E%E6%B3%A8%E9%9F%B3%E7%AC%A6%E8%99%9F%E8%A1%A8%E4%B9%8B8800%E9%9F%B3/" "Mozilla/5.0 AppleWebKit/537.36 (KHTML, like Gecko; compatible; bingbot/2.0; +http://www.bing.com/bingbot.htm) Chrome/136.0.0.0 Safari/537.36 AppleWebKit/537.36 (KHTML, like Gecko; compatible; bingbot/2.0; +http://www.bing.com/bingbot.htm) Chrome/116.0.1938.76 Safari/537.36"
66.249.68.133 - - [17/Aug/2026:18:02:47 +0800] "GET /wp-login.php?action=ilc_logout&_wpnonce=43754d0aad&redirect_to=http://elpis-photo.ru/creator/49945/ HTTP/1.1" 302 3443 "-" "Mozilla/5.0 (compatible; Googlebot/2.1; +http://www.google.com/bot.html)"
66.249.71.64 - - [17/Aug/2026:18:02:49 +0800] "GET /chjhtech/wp-content/cache/2blog.ilc.edu.tw/wpfc-minified/7kxpc5cj/bttmu.css HTTP/1.1" 200 19014 "https://2blog.ilc.edu.tw/chjhtech/author/sophiano/" "Mozilla/5.0 AppleWebKit/537.36 (KHTML, like Gecko; compatible; Googlebot/2.1; +http://www.google.com/bot.html) Chrome/151.0.7922.108 Safari/537.36"
::1 - - [17/Aug/2026:18:02:49 +0800] "OPTIONS * HTTP/1.0" 200 110 "-" "Apache/2.4.68 (Ubuntu) OpenSSL/3.0.19 (internal dummy connection)"
140.111.67.10 - - [17/Aug/2026:18:02:50 +0800] "GET /" 301 273 "-" "-"
66.249.68.200 - - [17/Aug/2026:18:02:50 +0800] "GET /chjhtech/wp-content/cache/2blog.ilc.edu.tw/wpfc-minified/7zkwxxbc/bttmu.css HTTP/1.1" 200 18656 "https://2blog.ilc.edu.tw/chjhtech/author/sophiano/" "Mozilla/5.0 AppleWebKit/537.36 (KHTML, like Gecko; compatible; Googlebot/2.1; +http://www.google.com/bot.html) Chrome/151.0.7922.108 Safari/537.36"
35.169.119.108 - - [17/Aug/2026:18:02:49 +0800] "GET /39664/2022/03/07/advance110-2/ HTTP/1.1" 200 20358 "-" "Mozilla/5.0 AppleWebKit/537.36 (KHTML, like Gecko; compatible; Amazonbot/0.1; +https://developer.amazon.com/support/amazonbot) Chrome/119.0.6045.214 Safari/537.36"
2001:b011:7807:56ec:d990:55e9:559b:c614 - - [17/Aug/2026:18:02:50 +0800] "GET /favicon.ico HTTP/1.1" 302 5895 "-" "NetworkingExtension/8624.4.5.10.5 Network/5812.160.9 iOS/26.6"
2001:b011:7807:56ec:d990:55e9:559b:c614 - - [17/Aug/2026:18:02:50 +0800] "GET /wp-content/uploads/sites/1640/2020/04/cropped-lotes_title-1-32x32.png HTTP/1.1" 200 3405 "-" "NetworkingExtension/8624.4.5.10.5 Network/5812.160.9 iOS/26.6"
2001:b011:7807:56ec:d990:55e9:559b:c614 - - [17/Aug/2026:18:02:50 +0800] "GET /apple-touch-icon-precomposed.png HTTP/1.1" 404 70142 "-" "NetworkingExtension/8624.4.5.10.5 Network/5812.160.9 iOS/26.6"
2001:288:a201::66:125 - - [17/Aug/2026:18:02:50 +0800] "GET /blog/active.php HTTP/1.1" 301 1026 "-" "-"
2001:b011:7807:56ec:d990:55e9:559b:c614 - - [17/Aug/2026:18:02:50 +0800] "GET /apple-touch-icon.png HTTP/1.1" 404 70142 "-" "NetworkingExtension/8624.4.5.10.5 Network/5812.160.9 iOS/26.6"
66.249.68.200 - - [17/Aug/2026:18:02:50 +0800] "GET /chjhtech/wp-content/themes/hueman/assets/front/fonts/titillium-semibold-webfont.woff HTTP/1.1" 200 25626 "https://2blog.ilc.edu.tw/chjhtech/author/sophiano/" "Mozilla/5.0 AppleWebKit/537.36 (KHTML, like Gecko; compatible; Googlebot/2.1; +http://www.google.com/bot.html) Chrome/151.0.7922.108 Safari/537.36"
2001:b011:7807:56ec:d990:55e9:559b:c614 - - [17/Aug/2026:18:02:50 +0800] "GET / HTTP/1.1" 200 25605 "-" "Mozilla/5.0 (Macintosh; Intel Mac OS X 10_11_1) AppleWebKit/601.2.4 (KHTML, like Gecko) Version/9.0.1 Safari/601.2.4 facebookexternalhit/1.1 Facebot Twitterbot/1.0"
2001:288:a201::66:125 - - [17/Aug/2026:18:02:50 +0800] "GET /blog/active.php HTTP/1.1" 404 1084 "-" "-"
2001:b011:7807:56ec:d990:55e9:559b:c614 - - [17/Aug/2026:18:02:50 +0800] "GET /wp-content/uploads/sites/1640/2020/04/cropped-lotes_title-1-32x32.png HTTP/1.1" 200 3405 "-" "NetworkingExtension/8624.4.5.10.5 Network/5812.160.9 iOS/26.6"
2001:b011:7807:56ec:d990:55e9:559b:c614 - - [17/Aug/2026:18:02:50 +0800] "GET /wp-content/uploads/sites/1640/2020/04/yilan_%E9%98%B2%E7%96%AB%E5%B0%88%E5%8D%80.png HTTP/1.1" 200 112706 "-" "NetworkingExtension/8624.4.5.10.5 Network/5812.160.9 iOS/26.6"
2001:b011:7807:56ec:d990:55e9:559b:c614 - - [17/Aug/2026:18:02:50 +0800] "GET /wp-content/uploads/sites/1640/2020/04/cropped-lotes_title-1-192x192.png HTTP/1.1" 200 74470 "-" "NetworkingExtension/8624.4.5.10.5 Network/5812.160.9 iOS/26.6"
2001:b011:7807:56ec:d990:55e9:559b:c614 - - [17/Aug/2026:18:02:50 +0800] "GET /wp-content/uploads/sites/1640/2020/04/cropped-lotes_title-1-180x180.png HTTP/1.1" 200 66282 "-" "NetworkingExtension/8624.4.5.10.5 Network/5812.160.9 iOS/26.6"
::1 - - [17/Aug/2026:18:02:51 +0800] "OPTIONS * HTTP/1.0" 200 110 "-" "Apache/2.4.68 (Ubuntu) OpenSSL/3.0.19 (internal dummy connection)"
66.249.68.200 - - [17/Aug/2026:18:02:51 +0800] "GET /wp-content/uploads/sites/941/527/527-3437955.docx HTTP/1.1" 200 17820 "-" "Mozilla/5.0 (Linux; Android 6.0.1; Nexus 5X Build/MMB29P) AppleWebKit/537.36 (KHTML, like Gecko) Chrome/150.0.7871.186 Mobile Safari/537.36 (compatible; Googlebot/2.1; +http://www.google.com/bot.html)"
2001:4860:7:410::ee - - [17/Aug/2026:18:02:52 +0800] "GET /1003/2019/12/01/%E8%B7%9F%E8%91%97%E5%B0%8F%E5%A3%81%E8%99%8E%E5%AD%B8%E5%AF%AB%E4%BD%9C%E5%AF%AB%E4%B8%80%E7%AF%87%E9%81%8A%E8%A8%98%E5%90%A7%EF%BC%81%E4%BA%94%E5%B9%B4%E7%B4%9A/ HTTP/1.1" 200 20478 "https://www.google.com/" "Mozilla/5.0 (Windows NT 10.0; Win64; x64) AppleWebKit/537.36 (KHTML, like Gecko) Chrome/151.0.0.0 Safari/537.36"
66.249.68.200 - - [17/Aug/2026:18:02:53 +0800] "GET /chjhtech/wp-includes/js/admin-bar.min.js HTTP/1.1" 200 2237 "https://2blog.ilc.edu.tw/chjhtech/author/sophiano/" "Mozilla/5.0 AppleWebKit/537.36 (KHTML, like Gecko; compatible; Googlebot/2.1; +http://www.google.com/bot.html) Chrome/151.0.7922.108 Safari/537.36"
::1 - - [17/Aug/2026:18:02:53 +0800] "OPTIONS * HTTP/1.0" 200 110 "-" "Apache/2.4.68 (Ubuntu) OpenSSL/3.0.19 (internal dummy connection)"
::1 - - [17/Aug/2026:18:02:54 +0800] "OPTIONS * HTTP/1.0" 200 110 "-" "Apache/2.4.68 (Ubuntu) OpenSSL/3.0.19 (internal dummy connection)"
57.140.96.12 - - [17/Aug/2026:18:02:54 +0800] "-" 408 4789 "-" "-"
140.111.67.10 - - [17/Aug/2026:18:02:55 +0800] "GET /" 301 273 "-" "-"
2001:b400:e244:f45e:5cc9:4389:58e2:3f89 - - [17/Aug/2026:18:02:55 +0800] "-" 408 339 "-" "-"
57.140.96.12 - - [17/Aug/2026:18:02:55 +0800] "-" 408 4789 "-" "-"
57.140.96.12 - - [17/Aug/2026:18:02:55 +0800] "-" 408 4789 "-" "-"
49.158.153.86 - - [17/Aug/2026:18:02:55 +0800] "-" 408 4791 "-" "-"
2001:288:a201::66:125 - - [17/Aug/2026:18:02:55 +0800] "GET /blog/active.php HTTP/1.1" 301 1026 "-" "-"
2001:288:a201::66:125 - - [17/Aug/2026:18:02:55 +0800] "GET /blog/active.php HTTP/1.1" 404 1084 "-" "-"
::1 - - [17/Aug/2026:18:02:56 +0800] "OPTIONS * HTTP/1.0" 200 110 "-" "Apache/2.4.68 (Ubuntu) OpenSSL/3.0.19 (internal dummy connection)"
2001:4860:7:510::f - - [17/Aug/2026:18:02:56 +0800] "GET /2341/2010/06/12/%E6%95%B8%E5%AD%B8%E8%85%A6%E7%AD%8B%E6%80%A5%E8%BD%89%E5%BD%8E/ HTTP/1.1" 200 15672 "https://www.google.com/" "Mozilla/5.0 (Windows NT 10.0; Win64; x64) AppleWebKit/537.36 (KHTML, like Gecko) Chrome/151.0.0.0 Safari/537.36"
::1 - - [17/Aug/2026:18:02:57 +0800] "OPTIONS * HTTP/1.0" 200 110 "-" "Apache/2.4.68 (Ubuntu) OpenSSL/3.0.19 (internal dummy connection)"
66.249.68.133 - - [17/Aug/2026:18:02:54 +0800] "GET /wp-login.php?action=ilc_logout&_wpnonce=43754d0aad&redirect_to=http://insideform.ru/job/59289/ HTTP/1.1" 302 3438 "-" "Mozilla/5.0 (compatible; Googlebot/2.1; +http://www.google.com/bot.html)"
2001:4860:7:810::e5 - - [17/Aug/2026:18:02:58 +0800] "GET / HTTP/1.1" 200 20465 "https://www.google.com/" "Mozilla/5.0 (Linux; Android 10; K) AppleWebKit/537.36 (KHTML, like Gecko) Chrome/151.0.0.0 Mobile Safari/537.36"
::1 - - [17/Aug/2026:18:02:58 +0800] "OPTIONS * HTTP/1.0" 200 110 "-" "Apache/2.4.68 (Ubuntu) OpenSSL/3.0.19 (internal dummy connection)"
66.249.68.133 - - [17/Aug/2026:18:02:57 +0800] "GET /wp-login.php?action=ilc_logout&_wpnonce=43754d0aad&redirect_to=http://biofurolan.ru/job/36323/ HTTP/1.1" 302 3438 "-" "Mozilla/5.0 (compatible; Googlebot/2.1; +http://www.google.com/bot.html)"
::1 - - [17/Aug/2026:18:02:59 +0800] "OPTIONS * HTTP/1.0" 200 110 "-" "Apache/2.4.68 (Ubuntu) OpenSSL/3.0.19 (internal dummy connection)"
2001:b400:e489:b583:1554:a5c5:48be:683 - - [17/Aug/2026:18:02:59 +0800] "-" 408 4796 "-" "-"
52.167.144.229 - - [17/Aug/2026:18:02:59 +0800] "GET /wp-content/uploads/sites/268/868/868-889886.jpg HTTP/1.1" 200 79544 "-" "Mozilla/5.0 AppleWebKit/537.36 (KHTML, like Gecko; compatible; bingbot/2.0; +http://www.bing.com/bingbot.htm) Chrome/116.0.1938.76 Safari/537.36"
66.249.71.64 - - [17/Aug/2026:18:02:59 +0800] "GET /babybaby/wp-content/uploads/sites/3902/2024/06/IMG_4956-300x225.jpg HTTP/1.1" 200 22841 "-" "GoogleOther-Image/1.0"
140.111.67.10 - - [17/Aug/2026:18:03:00 +0800] "GET /" 301 273 "-" "-"
2001:288:a201::66:125 - - [17/Aug/2026:18:03:00 +0800] "GET /blog/active.php HTTP/1.1" 301 1026 "-" "-"
2001:288:a201::66:125 - - [17/Aug/2026:18:03:00 +0800] "GET /blog/active.php HTTP/1.1" 404 1084 "-" "-"
2001:b400:e489:b583:1554:a5c5:48be:683 - - [17/Aug/2026:18:02:59 +0800] "GET /35/wp-content/uploads/sites/1161/2021/08/2021-08-31_112542.jpg HTTP/1.1" 200 168496 "https://2blog.ilc.edu.tw/35/2021/08/31/%E5%AF%A6%E9%AB%94%E7%B7%9A%E4%B8%8A%E7%9A%84%E6%B7%B7%E5%90%88%E8%A4%87%E5%90%88%E6%95%99%E5%AD%B8%EF%BC%8C%E9%80%99%E9%BA%BC%E5%81%9A%E4%B9%9F%E5%8F%AF%E4%BB%A5/" "Mozilla/5.0 (Linux; Android 10; K) AppleWebKit/537.36 (KHTML, like Gecko) Chrome/150.0.0.0 Mobile Safari/537.36"
2001:b400:e489:b583:1554:a5c5:48be:683 - - [17/Aug/2026:18:02:59 +0800] "GET /35/wp-content/uploads/sites/1161/2021/08/2021-08-31_112410.jpg HTTP/1.1" 200 181294 "https://2blog.ilc.edu.tw/35/2021/08/31/%E5%AF%A6%E9%AB%94%E7%B7%9A%E4%B8%8A%E7%9A%84%E6%B7%B7%E5%90%88%E8%A4%87%E5%90%88%E6%95%99%E5%AD%B8%EF%BC%8C%E9%80%99%E9%BA%BC%E5%81%9A%E4%B9%9F%E5%8F%AF%E4%BB%A5/" "Mozilla/5.0 (Linux; Android 10; K) AppleWebKit/537.36 (KHTML, like Gecko) Chrome/150.0.0.0 Mobile Safari/537.36"
2001:288:a213:1:5539:d5c6:5ced:4438 - - [17/Aug/2026:18:02:58 +0800] "POST /26150/wp-admin/admin-ajax.php HTTP/1.1" 200 1459 "https://2blog.ilc.edu.tw/26150/wp-admin/" "Mozilla/5.0 (Windows NT 10.0; Win64; x64) AppleWebKit/537.36 (KHTML, like Gecko) Chrome/151.0.0.0 Safari/537.36"
2407:4b00:4c04:1ec:b40:3278:4029:56b8 - - [17/Aug/2026:18:03:02 +0800] "-" 408 4803 "-" "-"
66.249.68.137 - - [17/Aug/2026:18:03:01 +0800] "GET /wp-login.php?action=ilc_logout&_wpnonce=43754d0aad&redirect_to=//katkovavideo.ru/join/11603/ HTTP/1.1" 302 8245 "-" "Mozilla/5.0 (compatible; Googlebot/2.1; +http://www.google.com/bot.html)"
66.249.71.64 - - [17/Aug/2026:18:03:03 +0800] "GET /1/2023/10/31/ HTTP/1.1" 200 19616 "-" "Mozilla/5.0 (Linux; Android 6.0.1; Nexus 5X Build/MMB29P) AppleWebKit/537.36 (KHTML, like Gecko) Chrome/150.0.7871.186 Mobile Safari/537.36 (compatible; Googlebot/2.1; +http://www.google.com/bot.html)"
140.111.67.10 - - [17/Aug/2026:18:03:05 +0800] "GET /" 301 273 "-" "-"
2001:288:a201::66:125 - - [17/Aug/2026:18:03:05 +0800] "GET /blog/active.php HTTP/1.1" 301 1026 "-" "-"
2001:288:a201::66:125 - - [17/Aug/2026:18:03:05 +0800] "GET /blog/active.php HTTP/1.1" 404 1084 "-" "-"
66.249.71.165 - - [17/Aug/2026:18:03:04 +0800] "GET /wp-login.php?action=ilc_logout&_wpnonce=43754d0aad&redirect_to=http://durianshop.ru/job/47266/ HTTP/1.1" 302 8247 "-" "Mozilla/5.0 (compatible; Googlebot/2.1; +http://www.google.com/bot.html)"
35.173.18.61 - - [17/Aug/2026:18:03:06 +0800] "GET /39664/wp-content/uploads/sites/428/2022/03/110G4%E8%87%AA%E7%B2%BE-%E8%87%AA%E6%88%91DFC%E7%B2%BE%E9%81%B8sblog_43-300x225.jpg HTTP/1.1" 200 28653 "-" "Mozilla/5.0 AppleWebKit/537.36 (KHTML, like Gecko; compatible; Amazonbot/0.1; +https://developer.amazon.com/support/amazonbot) Chrome/119.0.6045.214 Safari/537.36"
66.249.79.198 - - [17/Aug/2026:18:03:07 +0800] "GET /blog/gallery/4122/previews-med/4122-320673.jpg HTTP/1.1" 301 1125 "-" "Googlebot-Image/1.0"
2407:4b00:4c0d:8a66:e534:bf72:2b4:f974 - - [17/Aug/2026:18:03:08 +0800] "GET /wp-content/uploads/sites/1663/2020/08/002.jpg HTTP/1.1" 304 5593 "https://www.pces.ilc.edu.tw/" "Mozilla/5.0 (Windows NT 10.0; Win64; x64) AppleWebKit/537.36 (KHTML, like Gecko) Chrome/151.0.0.0 Safari/537.36"
2407:4b00:4c0d:8a66:e534:bf72:2b4:f974 - - [17/Aug/2026:18:03:08 +0800] "GET /wp-content/uploads/sites/1663/2026/03/%E7%A5%A8%E9%81%B8%E7%A2%BA%E8%AA%8D-300x247.png HTTP/1.1" 304 790 "https://www.pces.ilc.edu.tw/" "Mozilla/5.0 (Windows NT 10.0; Win64; x64) AppleWebKit/537.36 (KHTML, like Gecko) Chrome/151.0.0.0 Safari/537.36"
66.249.68.200 - - [17/Aug/2026:18:03:08 +0800] "GET /blog/gallery/4122/previews-med/4122-320673.jpg HTTP/1.1" 404 25465 "-" "Googlebot-Image/1.0"
140.111.67.10 - - [17/Aug/2026:18:03:10 +0800] "GET /" 301 273 "-" "-"
2001:288:a201::66:125 - - [17/Aug/2026:18:03:10 +0800] "GET /blog/active.php HTTP/1.1" 301 1026 "-" "-"
2001:288:a201::66:125 - - [17/Aug/2026:18:03:10 +0800] "GET /blog/active.php HTTP/1.1" 404 1084 "-" "-"
66.249.71.166 - - [17/Aug/2026:18:03:10 +0800] "GET /wp-login.php?action=ilc_logout&_wpnonce=43754d0aad&redirect_to=http://semkrug.ru/job/13763/ HTTP/1.1" 302 3435 "-" "Mozilla/5.0 (Linux; Android 6.0.1; Nexus 5X Build/MMB29P) AppleWebKit/537.36 (KHTML, like Gecko) Chrome/150.0.7871.186 Mobile Safari/537.36 (compatible; GoogleOther)"
::1 - - [17/Aug/2026:18:03:12 +0800] "OPTIONS * HTTP/1.0" 200 110 "-" "Apache/2.4.68 (Ubuntu) OpenSSL/3.0.19 (internal dummy connection)"
::1 - - [17/Aug/2026:18:03:14 +0800] "OPTIONS * HTTP/1.0" 200 110 "-" "Apache/2.4.68 (Ubuntu) OpenSSL/3.0.19 (internal dummy connection)"
140.111.67.10 - - [17/Aug/2026:18:03:15 +0800] "GET /" 301 273 "-" "-"
::1 - - [17/Aug/2026:18:03:15 +0800] "OPTIONS * HTTP/1.0" 200 110 "-" "Apache/2.4.68 (Ubuntu) OpenSSL/3.0.19 (internal dummy connection)"
2001:288:a201::66:125 - - [17/Aug/2026:18:03:15 +0800] "GET /blog/active.php HTTP/1.1" 301 1026 "-" "-"
2001:288:a201::66:125 - - [17/Aug/2026:18:03:15 +0800] "GET /blog/active.php HTTP/1.1" 404 1084 "-" "-"
::1 - - [17/Aug/2026:18:03:16 +0800] "OPTIONS * HTTP/1.0" 200 110 "-" "Apache/2.4.68 (Ubuntu) OpenSSL/3.0.19 (internal dummy connection)"
52.167.144.209 - - [17/Aug/2026:18:03:17 +0800] "GET /amy6998/wp-content/uploads/sites/2364/2026/06/IMG_4869-300x225.jpg HTTP/1.1" 200 18362 "-" "Mozilla/5.0 AppleWebKit/537.36 (KHTML, like Gecko; compatible; bingbot/2.0; +http://www.bing.com/bingbot.htm) Chrome/116.0.1938.76 Safari/537.36"
66.249.68.200 - - [17/Aug/2026:18:03:18 +0800] "POST /41336/wp-json/ilc-summary/v1/popular-posts HTTP/1.1" 201 6054 "https://2blog.ilc.edu.tw/41336/20221125%E7%A4%BE%E5%9C%98%E6%B3%95%E4%BA%BA%E5%8F%B0%E5%8D%97%E5%B8%82%E8%BA%AB%E5%BF%83%E9%9A%9C%E7%A4%99%E5%AD%B8%E7%94%9F%E6%95%99%E8%82%B2%E5%8D%94%E6%9C%83%E3%80%90%E7%AF%89%E5%A4%A2-%E5%9C%93/" "Mozilla/5.0 (Linux; Android 6.0.1; Nexus 5X Build/MMB29P) AppleWebKit/537.36 (KHTML, like Gecko) Chrome/150.0.7871.186 Mobile Safari/537.36 (compatible; Googlebot/2.1; +http://www.google.com/bot.html)"
66.249.68.200 - - [17/Aug/2026:18:03:19 +0800] "POST /17160/wp-json/ilc-summary/v1/popular-posts HTTP/1.1" 201 1274 "https://2blog.ilc.edu.tw/17160/2018/11/02/%E3%80%90g3%E3%80%91%E6%8E%A2%E7%B4%A2-%E7%BE%8E%E9%A3%9F%E6%96%99%E7%90%86-%E8%9B%A4%E8%A0%A3%E8%92%B8%E8%9B%8B%E4%B8%BB%E5%BB%9A/" "Mozilla/5.0 (Linux; Android 6.0.1; Nexus 5X Build/MMB29P) AppleWebKit/537.36 (KHTML, like Gecko) Chrome/150.0.7871.186 Mobile Safari/537.36 (compatible; Googlebot/2.1; +http://www.google.com/bot.html)"
140.111.67.10 - - [17/Aug/2026:18:03:20 +0800] "GET /" 301 273 "-" "-"
34.204.150.196 - - [17/Aug/2026:18:03:19 +0800] "GET /englishvillage/wp-content/uploads/sites/3106/2025/09/IMG_4095-scaled.jpeg HTTP/1.1" 200 783148 "-" "Mozilla/5.0 AppleWebKit/537.36 (KHTML, like Gecko; compatible; Amazonbot/0.1; +https://developer.amazon.com/support/amazonbot) Chrome/119.0.6045.214 Safari/537.36"
2001:288:a201::66:125 - - [17/Aug/2026:18:03:20 +0800] "GET /blog/active.php HTTP/1.1" 301 1026 "-" "-"
2001:288:a201::66:125 - - [17/Aug/2026:18:03:20 +0800] "GET /blog/active.php HTTP/1.1" 404 1084 "-" "-"
66.249.68.136 - - [17/Aug/2026:18:03:20 +0800] "GET /wp-login.php?action=ilc_logout&_wpnonce=43754d0aad&redirect_to=http://semkrug.ru/job/85951/ HTTP/1.1" 302 8244 "-" "Mozilla/5.0 (Linux; Android 6.0.1; Nexus 5X Build/MMB29P) AppleWebKit/537.36 (KHTML, like Gecko) Chrome/150.0.7871.186 Mobile Safari/537.36 (compatible; GoogleOther)"
2001:b400:e489:b583:1554:a5c5:48be:683 - - [17/Aug/2026:18:03:23 +0800] "GET /35/wp-content/uploads/sites/1161/2021/08/2021-08-31_112741.jpg HTTP/1.1" 200 22818 "https://2blog.ilc.edu.tw/35/2021/08/31/%E5%AF%A6%E9%AB%94%E7%B7%9A%E4%B8%8A%E7%9A%84%E6%B7%B7%E5%90%88%E8%A4%87%E5%90%88%E6%95%99%E5%AD%B8%EF%BC%8C%E9%80%99%E9%BA%BC%E5%81%9A%E4%B9%9F%E5%8F%AF%E4%BB%A5/" "Mozilla/5.0 (Linux; Android 10; K) AppleWebKit/537.36 (KHTML, like Gecko) Chrome/150.0.0.0 Mobile Safari/537.36"
140.111.67.10 - - [17/Aug/2026:18:03:25 +0800] "GET /" 301 273 "-" "-"
2001:288:a201::66:125 - - [17/Aug/2026:18:03:25 +0800] "GET /blog/active.php HTTP/1.1" 301 1026 "-" "-"
140.111.67.195 - - [17/Aug/2026:18:03:25 +0800] "GET /wp-admin/admin-post.php?action=steps_ad HTTP/1.1" 200 1973 "-" "node-fetch/1.0 (+https://github.com/bitinn/node-fetch)"
2001:288:a201::66:125 - - [17/Aug/2026:18:03:25 +0800] "GET /blog/active.php HTTP/1.1" 404 1084 "-" "-"
2407:4b00:4c0d:8a66:e534:bf72:2b4:f974 - - [17/Aug/2026:18:03:28 +0800] "-" 408 339 "-" "-"
140.111.67.10 - - [17/Aug/2026:18:03:30 +0800] "GET /" 301 273 "-" "-"
2001:288:a201::66:125 - - [17/Aug/2026:18:03:30 +0800] "GET /blog/active.php HTTP/1.1" 301 1026 "-" "-"
2001:288:a201::66:125 - - [17/Aug/2026:18:03:30 +0800] "GET /blog/active.php HTTP/1.1" 404 1084 "-" "-"
52.167.144.229 - - [17/Aug/2026:18:03:30 +0800] "GET /1003/?s=115%E5%B9%B4%E8%AB%8B%E3%84%8E%E3%84%A8 HTTP/1.1" 200 13775 "-" "Mozilla/5.0 AppleWebKit/537.36 (KHTML, like Gecko; compatible; bingbot/2.0; +http://www.bing.com/bingbot.htm) Chrome/116.0.1938.76 Safari/537.36"
66.249.71.165 - - [17/Aug/2026:18:03:29 +0800] "GET /wp-login.php?action=ilc_logout&_wpnonce=43754d0aad&redirect_to=http://glebsapozhkov-test.ru/join/49212/ HTTP/1.1" 302 3447 "-" "Mozilla/5.0 (Linux; Android 6.0.1; Nexus 5X Build/MMB29P) AppleWebKit/537.36 (KHTML, like Gecko) Chrome/150.0.7871.186 Mobile Safari/537.36 (compatible; GoogleOther)"
66.249.71.64 - - [17/Aug/2026:18:03:31 +0800] "GET /kses1113a/2024/04/29/113%E5%B9%B44%E6%9C%8830%E6%97%A5%E8%81%AF%E7%B5%A1%E7%B0%BF/ HTTP/1.1" 200 17588 "-" "Mozilla/5.0 (Linux; Android 6.0.1; Nexus 5X Build/MMB29P) AppleWebKit/537.36 (KHTML, like Gecko) Chrome/150.0.7871.186 Mobile Safari/537.36 (compatible; Googlebot/2.1; +http://www.google.com/bot.html)"
66.249.68.200 - - [17/Aug/2026:18:03:33 +0800] "GET /41336/wp-content/cache/2blog.ilc.edu.tw/wpfc-minified/8jnv6329/5woxg.css HTTP/1.1" 200 45669 "https://2blog.ilc.edu.tw/41336/20210610%E7%B7%9A%E4%B8%8A%E8%AA%B2%E7%A8%8B%E5%A4%A7%E5%85%89%E5%9C%8B%E5%B0%8F%E7%89%B9%E6%95%99%E7%8F%AD%E8%97%9D%E8%A1%93%E8%88%87%E4%BA%BA%E6%96%87%E8%AA%B2%E7%A8%8B-%E5%BE%8B%E5%8B%95%E6%99%82/" "Mozilla/5.0 (Linux; Android 6.0.1; Nexus 5X Build/MMB29P) AppleWebKit/537.36 (KHTML, like Gecko) Chrome/150.0.7871.186 Mobile Safari/537.36 (compatible; Googlebot/2.1; +http://www.google.com/bot.html)"
140.111.67.10 - - [17/Aug/2026:18:03:35 +0800] "GET /" 301 273 "-" "-"
2001:288:a201::66:125 - - [17/Aug/2026:18:03:35 +0800] "GET /blog/active.php HTTP/1.1" 301 1026 "-" "-"
2001:288:a201::66:125 - - [17/Aug/2026:18:03:35 +0800] "GET /blog/active.php HTTP/1.1" 404 1084 "-" "-"
140.111.67.10 - - [17/Aug/2026:18:03:40 +0800] "GET /" 301 273 "-" "-"
2001:288:a201::66:125 - - [17/Aug/2026:18:03:40 +0800] "GET /blog/active.php HTTP/1.1" 404 1084 "-" "-"
2001:288:a201::66:125 - - [17/Aug/2026:18:03:40 +0800] "GET /blog/active.php HTTP/1.1" 301 1026 "-" "-"
2001:b400:e2a9:ad32:ed47:b9fd:40e6:845e - - [17/Aug/2026:18:03:42 +0800] "GET / HTTP/1.1" 200 30751 "https://www.google.com/" "Mozilla/5.0 (iPhone; CPU iPhone OS 18_7 like Mac OS X) AppleWebKit/605.1.15 (KHTML, like Gecko) Version/26.6 Mobile/15E148 Safari/604.1"
2001:b400:e2a9:ad32:ed47:b9fd:40e6:845e - - [17/Aug/2026:18:03:42 +0800] "GET /wp-content/cache/www.ksjh.ilc.edu.tw/wpfc-minified/dgnuqjzz/6x4f.css HTTP/1.1" 200 45685 "https://www.ksjh.ilc.edu.tw/" "Mozilla/5.0 (iPhone; CPU iPhone OS 18_7 like Mac OS X) AppleWebKit/605.1.15 (KHTML, like Gecko) Version/26.6 Mobile/15E148 Safari/604.1"
66.249.71.64 - - [17/Aug/2026:18:03:39 +0800] "GET /26150/2025/06/09/%E5%B9%B8%E7%A6%8F%E5%AE%B6%E5%BA%AD%E7%A9%BA%E4%B8%AD%E8%AC%9B%E5%A0%821140608%E5%AD%A9%E5%AD%90%E7%9A%84%E4%BF%9D%E9%9A%AA%E5%8F%8A%E7%90%86%E8%B2%A1%E8%A6%8F%E5%8A%83%E5%BB%96%E7%A7%80%E5%BE%AE/ HTTP/1.1" 200 23262 "-" "Mozilla/5.0 (Linux; Android 6.0.1; Nexus 5X Build/MMB29P) AppleWebKit/537.36 (KHTML, like Gecko) Chrome/150.0.7871.186 Mobile Safari/537.36 (compatible; GoogleOther)"
2001:b400:e2a9:ad32:ed47:b9fd:40e6:845e - - [17/Aug/2026:18:03:42 +0800] "GET /wp-content/uploads/sites/50/elementor/css/post-1051.css HTTP/1.1" 200 1320 "https://www.ksjh.ilc.edu.tw/" "Mozilla/5.0 (iPhone; CPU iPhone OS 18_7 like Mac OS X) AppleWebKit/605.1.15 (KHTML, like Gecko) Version/26.6 Mobile/15E148 Safari/604.1"
2001:b400:e2a9:ad32:ed47:b9fd:40e6:845e - - [17/Aug/2026:18:03:42 +0800] "GET /wp-content/uploads/sites/50/elementor/css/post-232.css HTTP/1.1" 200 1404 "https://www.ksjh.ilc.edu.tw/" "Mozilla/5.0 (iPhone; CPU iPhone OS 18_7 like Mac OS X) AppleWebKit/605.1.15 (KHTML, like Gecko) Version/26.6 Mobile/15E148 Safari/604.1"
2001:b400:e2a9:ad32:ed47:b9fd:40e6:845e - - [17/Aug/2026:18:03:42 +0800] "GET /wp-content/cache/www.ksjh.ilc.edu.tw/wpfc-minified/epdbm6lw/6x4f.css HTTP/1.1" 200 6777 "https://www.ksjh.ilc.edu.tw/" "Mozilla/5.0 (iPhone; CPU iPhone OS 18_7 like Mac OS X) AppleWebKit/605.1.15 (KHTML, like Gecko) Version/26.6 Mobile/15E148 Safari/604.1"
2001:b400:e2a9:ad32:ed47:b9fd:40e6:845e - - [17/Aug/2026:18:03:42 +0800] "GET /wp-content/cache/www.ksjh.ilc.edu.tw/wpfc-minified/ky024iln/6x4f.css HTTP/1.1" 200 5958 "https://www.ksjh.ilc.edu.tw/" "Mozilla/5.0 (iPhone; CPU iPhone OS 18_7 like Mac OS X) AppleWebKit/605.1.15 (KHTML, like Gecko) Version/26.6 Mobile/15E148 Safari/604.1"
2001:b400:e2a9:ad32:ed47:b9fd:40e6:845e - - [17/Aug/2026:18:03:42 +0800] "GET /wp-content/cache/www.ksjh.ilc.edu.tw/wpfc-minified/kxbl2k9t/6x4f.css HTTP/1.1" 200 64946 "https://www.ksjh.ilc.edu.tw/" "Mozilla/5.0 (iPhone; CPU iPhone OS 18_7 like Mac OS X) AppleWebKit/605.1.15 (KHTML, like Gecko) Version/26.6 Mobile/15E148 Safari/604.1"
2001:b400:e2a9:ad32:ed47:b9fd:40e6:845e - - [17/Aug/2026:18:03:42 +0800] "GET /wp-content/cache/www.ksjh.ilc.edu.tw/wpfc-minified/6y1hinyi/6x4f.css HTTP/1.1" 200 23809 "https://www.ksjh.ilc.edu.tw/" "Mozilla/5.0 (iPhone; CPU iPhone OS 18_7 like Mac OS X) AppleWebKit/605.1.15 (KHTML, like Gecko) Version/26.6 Mobile/15E148 Safari/604.1"
2001:b400:e2a9:ad32:ed47:b9fd:40e6:845e - - [17/Aug/2026:18:03:42 +0800] "GET /wp-content/cache/www.ksjh.ilc.edu.tw/wpfc-minified/loiviw5k/6x4f.css HTTP/1.1" 200 51770 "https://www.ksjh.ilc.edu.tw/" "Mozilla/5.0 (iPhone; CPU iPhone OS 18_7 like Mac OS X) AppleWebKit/605.1.15 (KHTML, like Gecko) Version/26.6 Mobile/15E148 Safari/604.1"
2001:b400:e2a9:ad32:ed47:b9fd:40e6:845e - - [17/Aug/2026:18:03:42 +0800] "GET /wp-content/cache/www.ksjh.ilc.edu.tw/wpfc-minified/2y7xel6/6x4f.js HTTP/1.1" 200 6521 "https://www.ksjh.ilc.edu.tw/" "Mozilla/5.0 (iPhone; CPU iPhone OS 18_7 like Mac OS X) AppleWebKit/605.1.15 (KHTML, like Gecko) Version/26.6 Mobile/15E148 Safari/604.1"
2001:b400:e2a9:ad32:ed47:b9fd:40e6:845e - - [17/Aug/2026:18:03:42 +0800] "GET /wp-content/cache/www.ksjh.ilc.edu.tw/wpfc-minified/9k9p5q88/6x4f.css HTTP/1.1" 200 13904 "https://www.ksjh.ilc.edu.tw/" "Mozilla/5.0 (iPhone; CPU iPhone OS 18_7 like Mac OS X) AppleWebKit/605.1.15 (KHTML, like Gecko) Version/26.6 Mobile/15E148 Safari/604.1"
2001:b400:e2a9:ad32:ed47:b9fd:40e6:845e - - [17/Aug/2026:18:03:42 +0800] "GET /wp-content/themes/hueman/assets/front/webfonts/fa-regular-400.woff2?v=5.15.2 HTTP/1.1" 200 14439 "https://www.ksjh.ilc.edu.tw/" "Mozilla/5.0 (iPhone; CPU iPhone OS 18_7 like Mac OS X) AppleWebKit/605.1.15 (KHTML, like Gecko) Version/26.6 Mobile/15E148 Safari/604.1"
2001:b400:e2a9:ad32:ed47:b9fd:40e6:845e - - [17/Aug/2026:18:03:42 +0800] "GET /wp-content/themes/hueman/assets/front/webfonts/fa-solid-900.woff2?v=5.15.2 HTTP/1.1" 200 81301 "https://www.ksjh.ilc.edu.tw/" "Mozilla/5.0 (iPhone; CPU iPhone OS 18_7 like Mac OS X) AppleWebKit/605.1.15 (KHTML, like Gecko) Version/26.6 Mobile/15E148 Safari/604.1"
2001:b400:e2a9:ad32:ed47:b9fd:40e6:845e - - [17/Aug/2026:18:03:42 +0800] "GET /wp-content/themes/hueman/assets/front/fonts/titillium-regular-webfont.woff HTTP/1.1" 200 25590 "https://www.ksjh.ilc.edu.tw/" "Mozilla/5.0 (iPhone; CPU iPhone OS 18_7 like Mac OS X) AppleWebKit/605.1.15 (KHTML, like Gecko) Version/26.6 Mobile/15E148 Safari/604.1"
2001:b400:e2a9:ad32:ed47:b9fd:40e6:845e - - [17/Aug/2026:18:03:42 +0800] "GET /wp-content/themes/hueman/assets/front/fonts/titillium-lightitalic-webfont.woff HTTP/1.1" 200 27654 "https://www.ksjh.ilc.edu.tw/" "Mozilla/5.0 (iPhone; CPU iPhone OS 18_7 like Mac OS X) AppleWebKit/605.1.15 (KHTML, like Gecko) Version/26.6 Mobile/15E148 Safari/604.1"
2001:b400:e2a9:ad32:ed47:b9fd:40e6:845e - - [17/Aug/2026:18:03:42 +0800] "GET /wp-content/themes/hueman/assets/front/fonts/titillium-light-webfont.woff HTTP/1.1" 200 25606 "https://www.ksjh.ilc.edu.tw/" "Mozilla/5.0 (iPhone; CPU iPhone OS 18_7 like Mac OS X) AppleWebKit/605.1.15 (KHTML, like Gecko) Version/26.6 Mobile/15E148 Safari/604.1"
2001:b400:e2a9:ad32:ed47:b9fd:40e6:845e - - [17/Aug/2026:18:03:42 +0800] "GET /wp-content/themes/hueman/assets/front/webfonts/fa-brands-400.woff2?v=5.15.2 HTTP/1.1" 200 79499 "https://www.ksjh.ilc.edu.tw/" "Mozilla/5.0 (iPhone; CPU iPhone OS 18_7 like Mac OS X) AppleWebKit/605.1.15 (KHTML, like Gecko) Version/26.6 Mobile/15E148 Safari/604.1"
2001:b400:e2a9:ad32:ed47:b9fd:40e6:845e - - [17/Aug/2026:18:03:42 +0800] "GET /wp-content/themes/hueman/assets/front/fonts/titillium-regularitalic-webfont.woff HTTP/1.1" 200 27482 "https://www.ksjh.ilc.edu.tw/" "Mozilla/5.0 (iPhone; CPU iPhone OS 18_7 like Mac OS X) AppleWebKit/605.1.15 (KHTML, like Gecko) Version/26.6 Mobile/15E148 Safari/604.1"
2001:b400:e2a9:ad32:ed47:b9fd:40e6:845e - - [17/Aug/2026:18:03:42 +0800] "GET /wp-content/themes/hueman/assets/front/fonts/titillium-semibold-webfont.woff HTTP/1.1" 200 25626 "https://www.ksjh.ilc.edu.tw/" "Mozilla/5.0 (iPhone; CPU iPhone OS 18_7 like Mac OS X) AppleWebKit/605.1.15 (KHTML, like Gecko) Version/26.6 Mobile/15E148 Safari/604.1"
2001:b400:e2a9:ad32:ed47:b9fd:40e6:845e - - [17/Aug/2026:18:03:42 +0800] "GET /wp-content/cache/www.ksjh.ilc.edu.tw/wpfc-minified/6wc3aeio/6x4f.js HTTP/1.1" 200 35559 "https://www.ksjh.ilc.edu.tw/" "Mozilla/5.0 (iPhone; CPU iPhone OS 18_7 like Mac OS X) AppleWebKit/605.1.15 (KHTML, like Gecko) Version/26.6 Mobile/15E148 Safari/604.1"
2001:b400:e2a9:ad32:ed47:b9fd:40e6:845e - - [17/Aug/2026:18:03:42 +0800] "GET /wp-content/uploads/sites/50/2026/06/%E6%A8%82%E5%9C%98%E5%A0%B1%E5%90%8DQRcord.png HTTP/1.1" 200 82768 "https://www.ksjh.ilc.edu.tw/" "Mozilla/5.0 (iPhone; CPU iPhone OS 18_7 like Mac OS X) AppleWebKit/605.1.15 (KHTML, like Gecko) Version/26.6 Mobile/15E148 Safari/604.1"
2001:b400:e2a9:ad32:ed47:b9fd:40e6:845e - - [17/Aug/2026:18:03:42 +0800] "GET /wp-includes/js/hoverintent-js.min.js HTTP/1.1" 200 1597 "https://www.ksjh.ilc.edu.tw/" "Mozilla/5.0 (iPhone; CPU iPhone OS 18_7 like Mac OS X) AppleWebKit/605.1.15 (KHTML, like Gecko) Version/26.6 Mobile/15E148 Safari/604.1"
2001:b400:e2a9:ad32:ed47:b9fd:40e6:845e - - [17/Aug/2026:18:03:42 +0800] "GET /wp-includes/js/admin-bar.min.js HTTP/1.1" 200 2237 "https://www.ksjh.ilc.edu.tw/" "Mozilla/5.0 (iPhone; CPU iPhone OS 18_7 like Mac OS X) AppleWebKit/605.1.15 (KHTML, like Gecko) Version/26.6 Mobile/15E148 Safari/604.1"
2001:b400:e2a9:ad32:ed47:b9fd:40e6:845e - - [17/Aug/2026:18:03:42 +0800] "GET /wp-includes/js/underscore.min.js HTTP/1.1" 200 8191 "https://www.ksjh.ilc.edu.tw/" "Mozilla/5.0 (iPhone; CPU iPhone OS 18_7 like Mac OS X) AppleWebKit/605.1.15 (KHTML, like Gecko) Version/26.6 Mobile/15E148 Safari/604.1"
2001:b400:e2a9:ad32:ed47:b9fd:40e6:845e - - [17/Aug/2026:18:03:42 +0800] "GET /wp-content/themes/hueman/assets/front/js/scripts.min.js HTTP/1.1" 200 22643 "https://www.ksjh.ilc.edu.tw/" "Mozilla/5.0 (iPhone; CPU iPhone OS 18_7 like Mac OS X) AppleWebKit/605.1.15 (KHTML, like Gecko) Version/26.6 Mobile/15E148 Safari/604.1"
2001:b400:e2a9:ad32:ed47:b9fd:40e6:845e - - [17/Aug/2026:18:03:42 +0800] "GET /wp-includes/js/imagesloaded.min.js HTTP/1.1" 200 2683 "https://www.ksjh.ilc.edu.tw/" "Mozilla/5.0 (iPhone; CPU iPhone OS 18_7 like Mac OS X) AppleWebKit/605.1.15 (KHTML, like Gecko) Version/26.6 Mobile/15E148 Safari/604.1"
2001:b400:e2a9:ad32:ed47:b9fd:40e6:845e - - [17/Aug/2026:18:03:42 +0800] "GET /wp-content/plugins/elementor-pro/assets/js/webpack-pro.runtime.min.js HTTP/1.1" 200 3562 "https://www.ksjh.ilc.edu.tw/" "Mozilla/5.0 (iPhone; CPU iPhone OS 18_7 like Mac OS X) AppleWebKit/605.1.15 (KHTML, like Gecko) Version/26.6 Mobile/15E148 Safari/604.1"
2001:b400:e2a9:ad32:ed47:b9fd:40e6:845e - - [17/Aug/2026:18:03:42 +0800] "GET /wp-content/plugins/elementor/assets/js/webpack.runtime.min.js HTTP/1.1" 200 3095 "https://www.ksjh.ilc.edu.tw/" "Mozilla/5.0 (iPhone; CPU iPhone OS 18_7 like Mac OS X) AppleWebKit/605.1.15 (KHTML, like Gecko) Version/26.6 Mobile/15E148 Safari/604.1"
2001:b400:e2a9:ad32:ed47:b9fd:40e6:845e - - [17/Aug/2026:18:03:42 +0800] "GET /wp-content/plugins/elementor-pro/assets/lib/smartmenus/jquery.smartmenus.min.js HTTP/1.1" 200 7967 "https://www.ksjh.ilc.edu.tw/" "Mozilla/5.0 (iPhone; CPU iPhone OS 18_7 like Mac OS X) AppleWebKit/605.1.15 (KHTML, like Gecko) Version/26.6 Mobile/15E148 Safari/604.1"
2001:b400:e2a9:ad32:ed47:b9fd:40e6:845e - - [17/Aug/2026:18:03:42 +0800] "GET /wp-content/plugins/elementor/assets/js/frontend-modules.min.js HTTP/1.1" 200 19416 "https://www.ksjh.ilc.edu.tw/" "Mozilla/5.0 (iPhone; CPU iPhone OS 18_7 like Mac OS X) AppleWebKit/605.1.15 (KHTML, like Gecko) Version/26.6 Mobile/15E148 Safari/604.1"
2001:b400:e2a9:ad32:ed47:b9fd:40e6:845e - - [17/Aug/2026:18:03:42 +0800] "GET /wp-includes/js/dist/hooks.min.js HTTP/1.1" 200 2421 "https://www.ksjh.ilc.edu.tw/" "Mozilla/5.0 (iPhone; CPU iPhone OS 18_7 like Mac OS X) AppleWebKit/605.1.15 (KHTML, like Gecko) Version/26.6 Mobile/15E148 Safari/604.1"
