118.169.142.139 - - [17/Aug/2026:18:04:47 +0800] "GET /wp-content/uploads/sites/3846/2026/06/%E5%AE%A3%E5%82%B3%E5%9C%96%E7%89%87.png HTTP/1.1" 304 790 "https://www.ilc.edu.tw/" "Mozilla/5.0 (Windows NT 10.0; Win64; x64) AppleWebKit/537.36 (KHTML, like Gecko) Chrome/151.0.0.0 Safari/537.36"
118.169.142.139 - - [17/Aug/2026:18:04:47 +0800] "GET /wp-includes/js/dist/i18n.min.js HTTP/1.1" 200 4547 "https://www.ilc.edu.tw/" "Mozilla/5.0 (Windows NT 10.0; Win64; x64) AppleWebKit/537.36 (KHTML, like Gecko) Chrome/151.0.0.0 Safari/537.36"
118.169.142.139 - - [17/Aug/2026:18:04:47 +0800] "GET /wp-content/plugins/elementor-pro/assets/js/frontend.min.js HTTP/1.1" 200 7574 "https://www.ilc.edu.tw/" "Mozilla/5.0 (Windows NT 10.0; Win64; x64) AppleWebKit/537.36 (KHTML, like Gecko) Chrome/151.0.0.0 Safari/537.36"
118.169.142.139 - - [17/Aug/2026:18:04:47 +0800] "GET /wp-content/plugins/elementor/assets/lib/waypoints/waypoints.min.js HTTP/1.1" 200 3873 "https://www.ilc.edu.tw/" "Mozilla/5.0 (Windows NT 10.0; Win64; x64) AppleWebKit/537.36 (KHTML, like Gecko) Chrome/151.0.0.0 Safari/537.36"
39.12.106.59 - - [17/Aug/2026:18:04:47 +0800] "GET /wp-includes/js/hoverintent-js.min.js HTTP/1.1" 200 1597 "https://www.csjh.ilc.edu.tw/" "Mozilla/5.0 (Linux; Android 10; K) AppleWebKit/537.36 (KHTML, like Gecko) Chrome/151.0.0.0 Mobile Safari/537.36"
118.169.142.139 - - [17/Aug/2026:18:04:47 +0800] "GET /wp-includes/js/jquery/ui/core.min.js HTTP/1.1" 200 7986 "https://www.ilc.edu.tw/" "Mozilla/5.0 (Windows NT 10.0; Win64; x64) AppleWebKit/537.36 (KHTML, like Gecko) Chrome/151.0.0.0 Safari/537.36"
118.169.142.139 - - [17/Aug/2026:18:04:46 +0800] "GET /wp-content/uploads/sites/3846/2026/02/%E8%9E%A2%E5%B9%95%E6%93%B7%E5%8F%96%E7%95%AB%E9%9D%A2-2026-02-24-081359.png HTTP/1.1" 200 1572728 "https://www.ilc.edu.tw/" "Mozilla/5.0 (Windows NT 10.0; Win64; x64) AppleWebKit/537.36 (KHTML, like Gecko) Chrome/151.0.0.0 Safari/537.36"
2407:4b00:4c0d:8380:76f4:d5f1:d2dc:d19a - - [17/Aug/2026:18:04:47 +0800] "-" 408 4805 "-" "-"
118.169.142.139 - - [17/Aug/2026:18:04:47 +0800] "GET /wp-content/plugins/elementor/assets/js/frontend.min.js HTTP/1.1" 200 13169 "https://www.ilc.edu.tw/" "Mozilla/5.0 (Windows NT 10.0; Win64; x64) AppleWebKit/537.36 (KHTML, like Gecko) Chrome/151.0.0.0 Safari/537.36"
118.169.142.139 - - [17/Aug/2026:18:04:47 +0800] "GET /wp-content/plugins/elementor-pro/assets/js/elements-handlers.min.js HTTP/1.1" 200 10882 "https://www.ilc.edu.tw/" "Mozilla/5.0 (Windows NT 10.0; Win64; x64) AppleWebKit/537.36 (KHTML, like Gecko) Chrome/151.0.0.0 Safari/537.36"
118.169.142.139 - - [17/Aug/2026:18:04:47 +0800] "GET /wp-content/uploads/sites/3846/2025/04/%E7%AB%A5%E5%BF%83%E7%AB%A5%E9%81%8A-%E6%AD%A1%E6%A8%82%E8%98%AD%E9%99%BD-%E5%85%92%E7%AB%A5%E7%AF%80%E5%BF%AB%E6%A8%82.jpg HTTP/1.1" 200 126952 "https://www.ilc.edu.tw/" "Mozilla/5.0 (Windows NT 10.0; Win64; x64) AppleWebKit/537.36 (KHTML, like Gecko) Chrome/151.0.0.0 Safari/537.36"
118.169.142.139 - - [17/Aug/2026:18:04:47 +0800] "GET /wp-content/uploads/sites/3846/2024/09/%E6%95%99%E5%B8%AB%E7%AF%80%E5%BD%B1%E7%89%87.jpg HTTP/1.1" 200 72504 "https://www.ilc.edu.tw/" "Mozilla/5.0 (Windows NT 10.0; Win64; x64) AppleWebKit/537.36 (KHTML, like Gecko) Chrome/151.0.0.0 Safari/537.36"
118.169.142.139 - - [17/Aug/2026:18:04:47 +0800] "GET /wp-content/uploads/sites/3846/2025/11/%E8%9E%A2%E5%B9%95%E6%93%B7%E5%8F%96%E7%95%AB%E9%9D%A2-2025-11-10-141501.png HTTP/1.1" 200 2445011 "https://www.ilc.edu.tw/" "Mozilla/5.0 (Windows NT 10.0; Win64; x64) AppleWebKit/537.36 (KHTML, like Gecko) Chrome/151.0.0.0 Safari/537.36"
2001:b400:e2aa:b5c5:6442:a6ff:fe81:9b5f - - [17/Aug/2026:18:04:47 +0800] "-" 408 339 "-" "-"
2001:b400:e2aa:b5c5:6442:a6ff:fe81:9b5f - - [17/Aug/2026:18:04:47 +0800] "-" 408 339 "-" "-"
39.12.106.59 - - [17/Aug/2026:18:04:47 +0800] "GET /wp-includes/js/admin-bar.min.js HTTP/1.1" 200 2237 "https://www.csjh.ilc.edu.tw/" "Mozilla/5.0 (Linux; Android 10; K) AppleWebKit/537.36 (KHTML, like Gecko) Chrome/151.0.0.0 Mobile Safari/537.36"
118.169.142.139 - - [17/Aug/2026:18:04:47 +0800] "GET /wp-content/uploads/sites/3846/2023/10/C1.png HTTP/1.1" 200 342209 "https://www.ilc.edu.tw/" "Mozilla/5.0 (Windows NT 10.0; Win64; x64) AppleWebKit/537.36 (KHTML, like Gecko) Chrome/151.0.0.0 Safari/537.36"
39.12.106.59 - - [17/Aug/2026:18:04:47 +0800] "GET /wp-includes/js/imagesloaded.min.js HTTP/1.1" 200 2683 "https://www.csjh.ilc.edu.tw/" "Mozilla/5.0 (Linux; Android 10; K) AppleWebKit/537.36 (KHTML, like Gecko) Chrome/151.0.0.0 Mobile Safari/537.36"
118.169.142.139 - - [17/Aug/2026:18:04:47 +0800] "GET /wp-content/uploads/sites/3846/2023/10/C2.png HTTP/1.1" 200 259646 "https://www.ilc.edu.tw/" "Mozilla/5.0 (Windows NT 10.0; Win64; x64) AppleWebKit/537.36 (KHTML, like Gecko) Chrome/151.0.0.0 Safari/537.36"
39.12.106.59 - - [17/Aug/2026:18:04:47 +0800] "GET /wp-content/themes/oceanwp/assets/js/theme.min.js HTTP/1.1" 200 5130 "https://www.csjh.ilc.edu.tw/" "Mozilla/5.0 (Linux; Android 10; K) AppleWebKit/537.36 (KHTML, like Gecko) Chrome/151.0.0.0 Mobile Safari/537.36"
118.169.142.139 - - [17/Aug/2026:18:04:47 +0800] "GET /wp-content/uploads/sites/3846/2024/08/%E8%9E%A2%E5%B9%95%E6%93%B7%E5%8F%96%E7%95%AB%E9%9D%A2-2024-08-07-151319.png HTTP/1.1" 200 2714068 "https://www.ilc.edu.tw/" "Mozilla/5.0 (Windows NT 10.0; Win64; x64) AppleWebKit/537.36 (KHTML, like Gecko) Chrome/151.0.0.0 Safari/537.36"
39.12.106.59 - - [17/Aug/2026:18:04:47 +0800] "GET /wp-content/themes/oceanwp/assets/js/drop-down-mobile-menu.min.js HTTP/1.1" 200 4663 "https://www.csjh.ilc.edu.tw/" "Mozilla/5.0 (Linux; Android 10; K) AppleWebKit/537.36 (KHTML, like Gecko) Chrome/151.0.0.0 Mobile Safari/537.36"
118.169.142.139 - - [17/Aug/2026:18:04:47 +0800] "GET /wp-content/uploads/sites/3846/2023/10/C3.png HTTP/1.1" 200 192155 "https://www.ilc.edu.tw/" "Mozilla/5.0 (Windows NT 10.0; Win64; x64) AppleWebKit/537.36 (KHTML, like Gecko) Chrome/151.0.0.0 Safari/537.36"
118.169.142.139 - - [17/Aug/2026:18:04:47 +0800] "GET /wp-content/uploads/sites/3846/2023/10/C4.png HTTP/1.1" 200 139328 "https://www.ilc.edu.tw/" "Mozilla/5.0 (Windows NT 10.0; Win64; x64) AppleWebKit/537.36 (KHTML, like Gecko) Chrome/151.0.0.0 Safari/537.36"
39.12.106.59 - - [17/Aug/2026:18:04:47 +0800] "GET /wp-content/themes/oceanwp/assets/js/vendors/magnific-popup.min.js HTTP/1.1" 200 8270 "https://www.csjh.ilc.edu.tw/" "Mozilla/5.0 (Linux; Android 10; K) AppleWebKit/537.36 (KHTML, like Gecko) Chrome/151.0.0.0 Mobile Safari/537.36"
118.169.142.139 - - [17/Aug/2026:18:04:47 +0800] "GET /wp-content/uploads/sites/3846/2023/10/C5.png HTTP/1.1" 200 267535 "https://www.ilc.edu.tw/" "Mozilla/5.0 (Windows NT 10.0; Win64; x64) AppleWebKit/537.36 (KHTML, like Gecko) Chrome/151.0.0.0 Safari/537.36"
66.249.71.64 - - [17/Aug/2026:18:04:47 +0800] "GET /tcesinfo/wp-content/cache/2blog.ilc.edu.tw/wpfc-minified/kcxcr3o8/5wtjm.css HTTP/1.1" 200 5938 "https://2blog.ilc.edu.tw/tcesinfo/category/win10/" "Mozilla/5.0 AppleWebKit/537.36 (KHTML, like Gecko; compatible; Googlebot/2.1; +http://www.google.com/bot.html) Chrome/151.0.7922.108 Safari/537.36"
118.169.142.139 - - [17/Aug/2026:18:04:47 +0800] "GET /wp-content/uploads/sites/3846/2023/05/%E8%B7%A8%E9%96%B1%E5%88%9D%E8%A1%B7YT.jpg HTTP/1.1" 200 579849 "https://www.ilc.edu.tw/" "Mozilla/5.0 (Windows NT 10.0; Win64; x64) AppleWebKit/537.36 (KHTML, like Gecko) Chrome/151.0.0.0 Safari/537.36"
118.169.142.139 - - [17/Aug/2026:18:04:48 +0800] "GET /wp-content/uploads/sites/3846/2023/05/%E5%8E%9F%E6%B0%91%E6%95%99%E8%82%B2%E5%9C%A8%E5%AE%9C%E8%98%ADYT.jpg HTTP/1.1" 200 607016 "https://www.ilc.edu.tw/" "Mozilla/5.0 (Windows NT 10.0; Win64; x64) AppleWebKit/537.36 (KHTML, like Gecko) Chrome/151.0.0.0 Safari/537.36"
118.169.142.139 - - [17/Aug/2026:18:04:47 +0800] "GET /wp-content/uploads/sites/3846/2025/11/%E8%9E%A2%E5%B9%95%E6%93%B7%E5%8F%96%E7%95%AB%E9%9D%A2-2025-11-13-131522.png HTTP/1.1" 200 3761926 "https://www.ilc.edu.tw/" "Mozilla/5.0 (Windows NT 10.0; Win64; x64) AppleWebKit/537.36 (KHTML, like Gecko) Chrome/151.0.0.0 Safari/537.36"
39.12.106.59 - - [17/Aug/2026:18:04:48 +0800] "GET /wp-content/themes/oceanwp/assets/js/ow-lightbox.min.js HTTP/1.1" 200 2321 "https://www.csjh.ilc.edu.tw/" "Mozilla/5.0 (Linux; Android 10; K) AppleWebKit/537.36 (KHTML, like Gecko) Chrome/151.0.0.0 Mobile Safari/537.36"
118.169.142.139 - - [17/Aug/2026:18:04:48 +0800] "GET /wp-content/uploads/sites/3846/2023/05/%E6%84%9BEnglishYT.jpg HTTP/1.1" 200 245320 "https://www.ilc.edu.tw/" "Mozilla/5.0 (Windows NT 10.0; Win64; x64) AppleWebKit/537.36 (KHTML, like Gecko) Chrome/151.0.0.0 Safari/537.36"
118.169.142.139 - - [17/Aug/2026:18:04:48 +0800] "GET /wp-content/uploads/sites/3846/2023/05/%E5%A6%82%E6%9E%9C%E9%9B%A8%E7%9F%A5%E9%81%93YT.jpg HTTP/1.1" 200 529331 "https://www.ilc.edu.tw/" "Mozilla/5.0 (Windows NT 10.0; Win64; x64) AppleWebKit/537.36 (KHTML, like Gecko) Chrome/151.0.0.0 Safari/537.36"
118.169.142.139 - - [17/Aug/2026:18:04:49 +0800] "GET /wp-content/uploads/sites/3846/2025/09/YT%E5%B0%81%E9%9D%A2-1.jpg HTTP/1.1" 200 173035 "https://www.ilc.edu.tw/" "Mozilla/5.0 (Windows NT 10.0; Win64; x64) AppleWebKit/537.36 (KHTML, like Gecko) Chrome/151.0.0.0 Safari/537.36"
118.169.142.139 - - [17/Aug/2026:18:04:48 +0800] "GET /wp-content/uploads/sites/3846/2023/05/%E6%B0%B4%E5%9F%9F%E5%AE%89%E5%85%A8%E5%AE%A3%E5%B0%8EYT.jpg HTTP/1.1" 200 809930 "https://www.ilc.edu.tw/" "Mozilla/5.0 (Windows NT 10.0; Win64; x64) AppleWebKit/537.36 (KHTML, like Gecko) Chrome/151.0.0.0 Safari/537.36"
118.169.142.139 - - [17/Aug/2026:18:04:48 +0800] "GET /wp-content/uploads/sites/3846/2023/05/%E5%B9%BC%E8%A6%8B%E5%B9%B8%E7%A6%8FYT.jpg HTTP/1.1" 200 664803 "https://www.ilc.edu.tw/" "Mozilla/5.0 (Windows NT 10.0; Win64; x64) AppleWebKit/537.36 (KHTML, like Gecko) Chrome/151.0.0.0 Safari/537.36"
66.249.71.64 - - [17/Aug/2026:18:04:48 +0800] "GET /tcesinfo/wp-content/cache/2blog.ilc.edu.tw/wpfc-minified/e4g1dql/5wtjm.js HTTP/1.1" 200 35566 "https://2blog.ilc.edu.tw/tcesinfo/category/win10/" "Mozilla/5.0 AppleWebKit/537.36 (KHTML, like Gecko; compatible; Googlebot/2.1; +http://www.google.com/bot.html) Chrome/151.0.7922.108 Safari/537.36"
39.12.106.59 - - [17/Aug/2026:18:04:49 +0800] "GET /wp-content/themes/oceanwp/assets/js/vendors/flickity.pkgd.min.js HTTP/1.1" 200 15048 "https://www.csjh.ilc.edu.tw/" "Mozilla/5.0 (Linux; Android 10; K) AppleWebKit/537.36 (KHTML, like Gecko) Chrome/151.0.0.0 Mobile Safari/537.36"
118.169.142.139 - - [17/Aug/2026:18:04:49 +0800] "GET /wp-content/uploads/sites/3846/2023/05/%E9%A6%96%E9%A0%81%E5%B0%8F%E6%A8%99_%E6%B4%BB%E5%8B%95%E5%B0%88%E5%8D%80.png HTTP/1.1" 200 2545 "https://www.ilc.edu.tw/" "Mozilla/5.0 (Windows NT 10.0; Win64; x64) AppleWebKit/537.36 (KHTML, like Gecko) Chrome/151.0.0.0 Safari/537.36"
118.169.142.139 - - [17/Aug/2026:18:04:49 +0800] "GET /wp-content/uploads/sites/3846/2023/05/%E6%95%B8%E4%BD%8D%E5%AD%B8%E7%BF%92%E6%94%AF%E6%8C%81%E5%B9%B3%E5%8F%B0-Banner.png HTTP/1.1" 200 16589 "https://www.ilc.edu.tw/" "Mozilla/5.0 (Windows NT 10.0; Win64; x64) AppleWebKit/537.36 (KHTML, like Gecko) Chrome/151.0.0.0 Safari/537.36"
118.169.142.139 - - [17/Aug/2026:18:04:49 +0800] "GET /wp-content/uploads/sites/3846/2024/01/%E7%A7%91%E6%8A%80%E9%A0%98%E5%9F%9F%E6%87%89%E7%94%A8%E7%AB%B6%E8%B3%BD.png HTTP/1.1" 200 20326 "https://www.ilc.edu.tw/" "Mozilla/5.0 (Windows NT 10.0; Win64; x64) AppleWebKit/537.36 (KHTML, like Gecko) Chrome/151.0.0.0 Safari/537.36"
39.12.106.59 - - [17/Aug/2026:18:04:49 +0800] "GET /wp-content/themes/oceanwp/assets/js/ow-slider.min.js HTTP/1.1" 200 1761 "https://www.csjh.ilc.edu.tw/" "Mozilla/5.0 (Linux; Android 10; K) AppleWebKit/537.36 (KHTML, like Gecko) Chrome/151.0.0.0 Mobile Safari/537.36"
::1 - - [17/Aug/2026:18:04:49 +0800] "OPTIONS * HTTP/1.0" 200 110 "-" "Apache/2.4.68 (Ubuntu) OpenSSL/3.0.19 (internal dummy connection)"
118.169.142.139 - - [17/Aug/2026:18:04:49 +0800] "GET /wp-content/uploads/sites/3846/2023/05/%E6%94%BF%E7%AD%96%E6%A5%AD%E5%8B%99%E5%AE%A3%E5%B0%8E-banner.png HTTP/1.1" 200 19385 "https://www.ilc.edu.tw/" "Mozilla/5.0 (Windows NT 10.0; Win64; x64) AppleWebKit/537.36 (KHTML, like Gecko) Chrome/151.0.0.0 Safari/537.36"
118.169.142.139 - - [17/Aug/2026:18:04:49 +0800] "GET /wp-content/uploads/sites/3846/2025/05/%E8%BC%AA%E6%92%AD%E5%9C%96%E8%AA%BF%E5%A4%A7%E5%B0%8F_%E6%95%99%E8%82%B2%E8%99%95%E5%B0%8Fbanner.png HTTP/1.1" 200 6660 "https://www.ilc.edu.tw/" "Mozilla/5.0 (Windows NT 10.0; Win64; x64) AppleWebKit/537.36 (KHTML, like Gecko) Chrome/151.0.0.0 Safari/537.36"
118.169.142.139 - - [17/Aug/2026:18:04:49 +0800] "GET /wp-content/uploads/sites/3846/2024/04/%E5%AD%B8%E6%A0%A1%E7%94%A8%E5%9C%B0.png HTTP/1.1" 200 19801 "https://www.ilc.edu.tw/" "Mozilla/5.0 (Windows NT 10.0; Win64; x64) AppleWebKit/537.36 (KHTML, like Gecko) Chrome/151.0.0.0 Safari/537.36"
118.169.142.139 - - [17/Aug/2026:18:04:49 +0800] "GET /wp-content/uploads/sites/3846/2025/05/%E8%AA%9E%E6%96%87%E7%AB%B6%E8%B3%BD180X50.png HTTP/1.1" 200 10112 "https://www.ilc.edu.tw/" "Mozilla/5.0 (Windows NT 10.0; Win64; x64) AppleWebKit/537.36 (KHTML, like Gecko) Chrome/151.0.0.0 Safari/537.36"
118.169.142.139 - - [17/Aug/2026:18:04:49 +0800] "GET /wp-content/uploads/sites/3846/2023/05/%E8%88%9E%E8%B9%88%E6%AF%94%E8%B3%BD-banner.jpg HTTP/1.1" 200 9565 "https://www.ilc.edu.tw/" "Mozilla/5.0 (Windows NT 10.0; Win64; x64) AppleWebKit/537.36 (KHTML, like Gecko) Chrome/151.0.0.0 Safari/537.36"
118.169.142.139 - - [17/Aug/2026:18:04:49 +0800] "GET /wp-content/uploads/sites/3846/2025/09/%E6%95%99%E8%82%B2%E8%99%95%E6%B4%BB%E5%8B%95%E5%B0%88%E5%8D%80%E5%B0%8F%E5%9C%96-4-2.png HTTP/1.1" 200 21768 "https://www.ilc.edu.tw/" "Mozilla/5.0 (Windows NT 10.0; Win64; x64) AppleWebKit/537.36 (KHTML, like Gecko) Chrome/151.0.0.0 Safari/537.36"
118.169.142.139 - - [17/Aug/2026:18:04:49 +0800] "GET /wp-content/uploads/sites/3846/2025/09/%E6%95%99%E8%82%B2%E8%99%95%E6%B4%BB%E5%8B%95%E5%B0%88%E5%8D%80%E5%B0%8F%E5%9C%96-3.png HTTP/1.1" 200 12380 "https://www.ilc.edu.tw/" "Mozilla/5.0 (Windows NT 10.0; Win64; x64) AppleWebKit/537.36 (KHTML, like Gecko) Chrome/151.0.0.0 Safari/537.36"
39.12.106.59 - - [17/Aug/2026:18:04:49 +0800] "GET /wp-content/themes/oceanwp/assets/js/scroll-effect.min.js HTTP/1.1" 200 4127 "https://www.csjh.ilc.edu.tw/" "Mozilla/5.0 (Linux; Android 10; K) AppleWebKit/537.36 (KHTML, like Gecko) Chrome/151.0.0.0 Mobile Safari/537.36"
118.169.142.139 - - [17/Aug/2026:18:04:49 +0800] "GET /wp-content/uploads/sites/3846/2025/07/%E6%95%99%E8%82%B2%E8%99%95%E9%A6%96%E9%A0%81_%E5%B0%8Fbanner_%E5%AE%9C%E8%98%AD%E7%B8%A3%E6%94%BF%E5%BA%9C%E5%9C%8B%E4%B8%AD%E5%B0%8F%E6%AD%A3%E5%B8%B8%E6%95%99%E5%AD%B8%E8%A6%96%E5%B0%8E-1.png HTTP/1.1" 200 8670 "https://www.ilc.edu.tw/" "Mozilla/5.0 (Windows NT 10.0; Win64; x64) AppleWebKit/537.36 (KHTML, like Gecko) Chrome/151.0.0.0 Safari/537.36"
118.169.142.139 - - [17/Aug/2026:18:04:49 +0800] "GET /wp-content/uploads/sites/3846/2025/09/%E6%95%99%E8%82%B2%E8%99%95%E6%B4%BB%E5%8B%95%E5%B0%88%E5%8D%80%E5%B0%8F%E5%9C%96-2-3.png HTTP/1.1" 200 9664 "https://www.ilc.edu.tw/" "Mozilla/5.0 (Windows NT 10.0; Win64; x64) AppleWebKit/537.36 (KHTML, like Gecko) Chrome/151.0.0.0 Safari/537.36"
118.169.142.139 - - [17/Aug/2026:18:04:49 +0800] "GET /wp-content/uploads/sites/3846/2024/05/%E8%9E%A2%E5%B9%95%E6%93%B7%E5%8F%96%E7%95%AB%E9%9D%A2-2024-05-16-103456.png HTTP/1.1" 200 2702922 "https://www.ilc.edu.tw/" "Mozilla/5.0 (Windows NT 10.0; Win64; x64) AppleWebKit/537.36 (KHTML, like Gecko) Chrome/151.0.0.0 Safari/537.36"
118.169.142.139 - - [17/Aug/2026:18:04:49 +0800] "GET /wp-content/plugins/elementor-pro/assets/js/media-carousel.aca2224ef13e6f999011.bundle.min.js HTTP/1.1" 200 2948 "https://www.ilc.edu.tw/" "Mozilla/5.0 (Windows NT 10.0; Win64; x64) AppleWebKit/537.36 (KHTML, like Gecko) Chrome/151.0.0.0 Safari/537.36"
118.169.142.139 - - [17/Aug/2026:18:04:49 +0800] "GET /wp-content/plugins/elementor/assets/lib/swiper/v8/swiper.min.js?ver=8.4.5 HTTP/1.1" 200 40708 "https://www.ilc.edu.tw/" "Mozilla/5.0 (Windows NT 10.0; Win64; x64) AppleWebKit/537.36 (KHTML, like Gecko) Chrome/151.0.0.0 Safari/537.36"
39.12.106.59 - - [17/Aug/2026:18:04:49 +0800] "GET /wp-content/themes/oceanwp/assets/js/scroll-top.min.js HTTP/1.1" 200 3202 "https://www.csjh.ilc.edu.tw/" "Mozilla/5.0 (Linux; Android 10; K) AppleWebKit/537.36 (KHTML, like Gecko) Chrome/151.0.0.0 Mobile Safari/537.36"
140.111.67.10 - - [17/Aug/2026:18:04:50 +0800] "GET /" 301 273 "-" "-"
39.12.106.59 - - [17/Aug/2026:18:04:50 +0800] "GET /wp-content/themes/oceanwp/assets/js/select.min.js HTTP/1.1" 200 2408 "https://www.csjh.ilc.edu.tw/" "Mozilla/5.0 (Linux; Android 10; K) AppleWebKit/537.36 (KHTML, like Gecko) Chrome/151.0.0.0 Mobile Safari/537.36"
118.169.142.139 - - [17/Aug/2026:18:04:50 +0800] "GET /wp-content/uploads/sites/3846/2023/05/cropped-%E6%95%99%E8%82%B2%E8%99%95logo-32x32.jpg HTTP/1.1" 200 1571 "https://www.ilc.edu.tw/" "Mozilla/5.0 (Windows NT 10.0; Win64; x64) AppleWebKit/537.36 (KHTML, like Gecko) Chrome/151.0.0.0 Safari/537.36"
39.12.106.59 - - [17/Aug/2026:18:04:50 +0800] "GET /wp-content/plugins/ocean-extra/includes/widgets/js/flickr.min.js HTTP/1.1" 200 1319 "https://www.csjh.ilc.edu.tw/" "Mozilla/5.0 (Linux; Android 10; K) AppleWebKit/537.36 (KHTML, like Gecko) Chrome/151.0.0.0 Mobile Safari/537.36"
39.12.106.59 - - [17/Aug/2026:18:04:50 +0800] "GET /wp-content/plugins/elementor-pro/assets/js/webpack-pro.runtime.min.js HTTP/1.1" 200 3562 "https://www.csjh.ilc.edu.tw/" "Mozilla/5.0 (Linux; Android 10; K) AppleWebKit/537.36 (KHTML, like Gecko) Chrome/151.0.0.0 Mobile Safari/537.36"
66.249.68.200 - - [17/Aug/2026:18:04:50 +0800] "GET /jyespre/2025/03/31/114%E5%B9%B44%E6%9C%88%E4%BB%BD%E9%A4%90%E9%BB%9E%E8%A1%A8/ HTTP/1.1" 200 14342 "-" "Mozilla/5.0 (Linux; Android 6.0.1; Nexus 5X Build/MMB29P) AppleWebKit/537.36 (KHTML, like Gecko) Chrome/150.0.7871.186 Mobile Safari/537.36 (compatible; Googlebot/2.1; +http://www.google.com/bot.html)"
::1 - - [17/Aug/2026:18:04:50 +0800] "OPTIONS * HTTP/1.0" 200 110 "-" "Apache/2.4.68 (Ubuntu) OpenSSL/3.0.19 (internal dummy connection)"
39.12.106.59 - - [17/Aug/2026:18:04:50 +0800] "GET /wp-content/plugins/elementor/assets/js/webpack.runtime.min.js HTTP/1.1" 200 3095 "https://www.csjh.ilc.edu.tw/" "Mozilla/5.0 (Linux; Android 10; K) AppleWebKit/537.36 (KHTML, like Gecko) Chrome/151.0.0.0 Mobile Safari/537.36"
2001:288:a201::66:125 - - [17/Aug/2026:18:04:50 +0800] "GET /blog/active.php HTTP/1.1" 301 1026 "-" "-"
2001:288:a201::66:125 - - [17/Aug/2026:18:04:50 +0800] "GET /blog/active.php HTTP/1.1" 404 1084 "-" "-"
39.12.106.59 - - [17/Aug/2026:18:04:50 +0800] "GET /wp-content/plugins/elementor/assets/js/frontend-modules.min.js HTTP/1.1" 200 19416 "https://www.csjh.ilc.edu.tw/" "Mozilla/5.0 (Linux; Android 10; K) AppleWebKit/537.36 (KHTML, like Gecko) Chrome/151.0.0.0 Mobile Safari/537.36"
66.249.68.200 - - [17/Aug/2026:18:04:50 +0800] "GET /wp-content/uploads/sites/2820/6516/6516-3746813.doc HTTP/1.1" 200 34157 "-" "Mozilla/5.0 (Linux; Android 6.0.1; Nexus 5X Build/MMB29P) AppleWebKit/537.36 (KHTML, like Gecko) Chrome/150.0.7871.186 Mobile Safari/537.36 (compatible; Googlebot/2.1; +http://www.google.com/bot.html)"
39.12.106.59 - - [17/Aug/2026:18:04:51 +0800] "GET /wp-includes/js/dist/hooks.min.js HTTP/1.1" 200 2421 "https://www.csjh.ilc.edu.tw/" "Mozilla/5.0 (Linux; Android 10; K) AppleWebKit/537.36 (KHTML, like Gecko) Chrome/151.0.0.0 Mobile Safari/537.36"
39.12.106.59 - - [17/Aug/2026:18:04:51 +0800] "GET /wp-includes/js/dist/i18n.min.js HTTP/1.1" 200 4547 "https://www.csjh.ilc.edu.tw/" "Mozilla/5.0 (Linux; Android 10; K) AppleWebKit/537.36 (KHTML, like Gecko) Chrome/151.0.0.0 Mobile Safari/537.36"
::1 - - [17/Aug/2026:18:04:51 +0800] "OPTIONS * HTTP/1.0" 200 110 "-" "Apache/2.4.68 (Ubuntu) OpenSSL/3.0.19 (internal dummy connection)"
39.12.106.59 - - [17/Aug/2026:18:04:51 +0800] "GET /wp-content/plugins/elementor-pro/assets/js/frontend.min.js HTTP/1.1" 200 7574 "https://www.csjh.ilc.edu.tw/" "Mozilla/5.0 (Linux; Android 10; K) AppleWebKit/537.36 (KHTML, like Gecko) Chrome/151.0.0.0 Mobile Safari/537.36"
39.12.106.59 - - [17/Aug/2026:18:04:51 +0800] "GET /wp-content/plugins/elementor/assets/lib/waypoints/waypoints.min.js HTTP/1.1" 200 3873 "https://www.csjh.ilc.edu.tw/" "Mozilla/5.0 (Linux; Android 10; K) AppleWebKit/537.36 (KHTML, like Gecko) Chrome/151.0.0.0 Mobile Safari/537.36"
39.12.106.59 - - [17/Aug/2026:18:04:51 +0800] "GET /wp-includes/js/jquery/ui/core.min.js HTTP/1.1" 200 7986 "https://www.csjh.ilc.edu.tw/" "Mozilla/5.0 (Linux; Android 10; K) AppleWebKit/537.36 (KHTML, like Gecko) Chrome/151.0.0.0 Mobile Safari/537.36"
39.12.106.59 - - [17/Aug/2026:18:04:51 +0800] "GET /wp-content/plugins/elementor/assets/js/frontend.min.js HTTP/1.1" 200 13169 "https://www.csjh.ilc.edu.tw/" "Mozilla/5.0 (Linux; Android 10; K) AppleWebKit/537.36 (KHTML, like Gecko) Chrome/151.0.0.0 Mobile Safari/537.36"
39.12.106.59 - - [17/Aug/2026:18:04:51 +0800] "GET /wp-content/plugins/elementor-pro/assets/js/elements-handlers.min.js HTTP/1.1" 200 10882 "https://www.csjh.ilc.edu.tw/" "Mozilla/5.0 (Linux; Android 10; K) AppleWebKit/537.36 (KHTML, like Gecko) Chrome/151.0.0.0 Mobile Safari/537.36"
39.12.106.59 - - [17/Aug/2026:18:04:52 +0800] "GET /wp-content/uploads/sites/980/2026/04/Celebrating-Samira-Hadids-Birthday-768x576.png HTTP/1.1" 200 131408 "https://www.csjh.ilc.edu.tw/" "Mozilla/5.0 (Linux; Android 10; K) AppleWebKit/537.36 (KHTML, like Gecko) Chrome/151.0.0.0 Mobile Safari/537.36"
39.12.106.59 - - [17/Aug/2026:18:04:52 +0800] "GET /wp-content/uploads/sites/980/2025/12/%E6%A0%A1%E7%B6%B2%E9%A6%96%E9%A0%81%E5%85%AC%E5%91%8A%E5%9C%96-800-x-600-px-1-768x576.png HTTP/1.1" 200 101790 "https://www.csjh.ilc.edu.tw/" "Mozilla/5.0 (Linux; Android 10; K) AppleWebKit/537.36 (KHTML, like Gecko) Chrome/151.0.0.0 Mobile Safari/537.36"
39.12.106.59 - - [17/Aug/2026:18:04:52 +0800] "GET /wp-content/uploads/sites/980/2026/03/%E6%A0%A1%E7%B6%B2%E9%A6%96%E9%A0%81%E5%85%AC%E5%91%8A%E5%9C%96-800-x-600-px-768x576.png HTTP/1.1" 200 544282 "https://www.csjh.ilc.edu.tw/" "Mozilla/5.0 (Linux; Android 10; K) AppleWebKit/537.36 (KHTML, like Gecko) Chrome/151.0.0.0 Mobile Safari/537.36"
39.12.106.59 - - [17/Aug/2026:18:04:52 +0800] "GET /wp-content/uploads/sites/980/2026/03/%E6%A0%A1%E7%B6%B2%E9%A6%96%E9%A0%81%E5%85%AC%E5%91%8A%E5%9C%96-800-x-600-px-1-768x576.png HTTP/1.1" 200 100442 "https://www.csjh.ilc.edu.tw/" "Mozilla/5.0 (Linux; Android 10; K) AppleWebKit/537.36 (KHTML, like Gecko) Chrome/151.0.0.0 Mobile Safari/537.36"
39.12.106.59 - - [17/Aug/2026:18:04:52 +0800] "GET /wp-content/uploads/sites/980/2026/04/%E6%A0%A1%E7%B6%B2%E9%A6%96%E9%A0%81%E5%85%AC%E5%91%8A%E5%9C%96-800-x-600-px-768x576.png HTTP/1.1" 200 163779 "https://www.csjh.ilc.edu.tw/" "Mozilla/5.0 (Linux; Android 10; K) AppleWebKit/537.36 (KHTML, like Gecko) Chrome/151.0.0.0 Mobile Safari/537.36"
66.249.68.200 - - [17/Aug/2026:18:04:52 +0800] "GET /tcesinfo/wp-content/cache/2blog.ilc.edu.tw/wpfc-minified/qkya2bm9/5wtjm.css HTTP/1.1" 200 15782 "https://2blog.ilc.edu.tw/tcesinfo/category/win10/" "Mozilla/5.0 AppleWebKit/537.36 (KHTML, like Gecko; compatible; Googlebot/2.1; +http://www.google.com/bot.html) Chrome/151.0.7922.108 Safari/537.36"
39.12.106.59 - - [17/Aug/2026:18:04:52 +0800] "GET /wp-content/uploads/sites/980/2021/11/1.png HTTP/1.1" 200 20974 "https://www.csjh.ilc.edu.tw/" "Mozilla/5.0 (Linux; Android 10; K) AppleWebKit/537.36 (KHTML, like Gecko) Chrome/151.0.0.0 Mobile Safari/537.36"
39.12.106.59 - - [17/Aug/2026:18:04:53 +0800] "GET /wp-content/uploads/sites/980/2021/11/2.png HTTP/1.1" 200 15182 "https://www.csjh.ilc.edu.tw/" "Mozilla/5.0 (Linux; Android 10; K) AppleWebKit/537.36 (KHTML, like Gecko) Chrome/151.0.0.0 Mobile Safari/537.36"
66.249.68.200 - - [17/Aug/2026:18:04:53 +0800] "GET /3860/2010/02/26/%E6%96%B0%E8%81%9E%E5%AA%92%E9%AB%94%E6%87%89%E8%A9%B2%E5%B0%87%E6%AD%A3%E7%A2%BA%E7%9A%84%E5%8F%B0%E8%AA%9E%E7%94%A8%E5%AD%97%EF%BC%8C%E7%B4%B9%E4%BB%8B%E4%BA%88%E8%AE%80%E8%80%85%EF%BC%8C%E9%81%BF/ HTTP/1.1" 200 26814 "-" "Mozilla/5.0 (Linux; Android 6.0.1; Nexus 5X Build/MMB29P) AppleWebKit/537.36 (KHTML, like Gecko) Chrome/150.0.7871.186 Mobile Safari/537.36 (compatible; Googlebot/2.1; +http://www.google.com/bot.html)"
39.12.106.59 - - [17/Aug/2026:18:04:53 +0800] "GET /wp-content/uploads/sites/980/2021/05/%E6%93%B7%E5%8F%96.png HTTP/1.1" 200 3852 "https://www.csjh.ilc.edu.tw/" "Mozilla/5.0 (Linux; Android 10; K) AppleWebKit/537.36 (KHTML, like Gecko) Chrome/151.0.0.0 Mobile Safari/537.36"
39.12.106.59 - - [17/Aug/2026:18:04:53 +0800] "GET /wp-content/uploads/sites/980/2020/04/%E7%A4%81%E4%B8%AD%E9%98%B2%E7%96%AB%E5%B0%88%E5%8D%80%E5%9C%96.gif HTTP/1.1" 200 5719 "https://www.csjh.ilc.edu.tw/" "Mozilla/5.0 (Linux; Android 10; K) AppleWebKit/537.36 (KHTML, like Gecko) Chrome/151.0.0.0 Mobile Safari/537.36"
39.12.106.59 - - [17/Aug/2026:18:04:53 +0800] "GET /wp-content/uploads/sites/980/2019/09/%E9%98%B2%E7%96%AB%E5%B0%88%E5%8D%80%E5%9C%96.png HTTP/1.1" 200 8378 "https://www.csjh.ilc.edu.tw/" "Mozilla/5.0 (Linux; Android 10; K) AppleWebKit/537.36 (KHTML, like Gecko) Chrome/151.0.0.0 Mobile Safari/537.36"
39.12.106.59 - - [17/Aug/2026:18:04:53 +0800] "GET /wp-content/uploads/sites/980/2020/04/%E9%98%B2%E7%96%AB%E8%87%AA%E4%B8%BB%E5%AD%B8%E7%BF%92%E5%9C%96.gif HTTP/1.1" 200 4316 "https://www.csjh.ilc.edu.tw/" "Mozilla/5.0 (Linux; Android 10; K) AppleWebKit/537.36 (KHTML, like Gecko) Chrome/151.0.0.0 Mobile Safari/537.36"
39.12.106.59 - - [17/Aug/2026:18:04:53 +0800] "GET /wp-content/uploads/sites/980/2021/02/%E8%A1%9B%E7%A6%8F%E9%83%A8%E7%96%BE%E7%AE%A1%E6%9A%91.png HTTP/1.1" 200 15009 "https://www.csjh.ilc.edu.tw/" "Mozilla/5.0 (Linux; Android 10; K) AppleWebKit/537.36 (KHTML, like Gecko) Chrome/151.0.0.0 Mobile Safari/537.36"
39.12.106.59 - - [17/Aug/2026:18:04:53 +0800] "GET /wp-content/uploads/sites/980/2021/02/%E6%95%99%E8%82%B2%E9%83%A8%E5%AD%B8%E6%A0%A1%E8%A1%9B%E7%94%9F%E8%B3%87%E8%A8%8A%E7%B6%B2.png HTTP/1.1" 200 27705 "https://www.csjh.ilc.edu.tw/" "Mozilla/5.0 (Linux; Android 10; K) AppleWebKit/537.36 (KHTML, like Gecko) Chrome/151.0.0.0 Mobile Safari/537.36"
39.12.106.59 - - [17/Aug/2026:18:04:53 +0800] "GET /wp-content/uploads/sites/980/2021/02/%E7%96%BE%E7%AE%A1%E5%AE%B6.png HTTP/1.1" 200 20028 "https://www.csjh.ilc.edu.tw/" "Mozilla/5.0 (Linux; Android 10; K) AppleWebKit/537.36 (KHTML, like Gecko) Chrome/151.0.0.0 Mobile Safari/537.36"
39.12.106.59 - - [17/Aug/2026:18:04:54 +0800] "GET /wp-content/uploads/sites/980/2019/09/%E5%AD%B8%E6%A0%A1QRcode.jpg HTTP/1.1" 200 6887 "https://www.csjh.ilc.edu.tw/" "Mozilla/5.0 (Linux; Android 10; K) AppleWebKit/537.36 (KHTML, like Gecko) Chrome/151.0.0.0 Mobile Safari/537.36"
66.249.71.64 - - [17/Aug/2026:18:04:54 +0800] "GET /tcesinfo/wp-includes/js/admin-bar.min.js HTTP/1.1" 200 7018 "https://2blog.ilc.edu.tw/tcesinfo/category/win10/" "Mozilla/5.0 AppleWebKit/537.36 (KHTML, like Gecko; compatible; Googlebot/2.1; +http://www.google.com/bot.html) Chrome/151.0.7922.108 Safari/537.36"
39.12.106.59 - - [17/Aug/2026:18:04:54 +0800] "GET /wp-content/plugins/elementor/assets/js/image-carousel.4455c6362492d9067512.bundle.min.js HTTP/1.1" 200 1176 "https://www.csjh.ilc.edu.tw/" "Mozilla/5.0 (Linux; Android 10; K) AppleWebKit/537.36 (KHTML, like Gecko) Chrome/151.0.0.0 Mobile Safari/537.36"
39.12.106.59 - - [17/Aug/2026:18:04:54 +0800] "GET /wp-content/plugins/elementor-pro/assets/js/social.2d2e44e8608690943f29.bundle.min.js HTTP/1.1" 200 1433 "https://www.csjh.ilc.edu.tw/" "Mozilla/5.0 (Linux; Android 10; K) AppleWebKit/537.36 (KHTML, like Gecko) Chrome/151.0.0.0 Mobile Safari/537.36"
39.12.106.59 - - [17/Aug/2026:18:04:54 +0800] "GET /wp-content/plugins/elementor/assets/js/text-editor.2c35aafbe5bf0e127950.bundle.min.js HTTP/1.1" 200 1545 "https://www.csjh.ilc.edu.tw/" "Mozilla/5.0 (Linux; Android 10; K) AppleWebKit/537.36 (KHTML, like Gecko) Chrome/151.0.0.0 Mobile Safari/537.36"
39.12.106.59 - - [17/Aug/2026:18:04:54 +0800] "GET /wp-content/plugins/elementor/assets/lib/swiper/v8/swiper.min.js?ver=8.4.5 HTTP/1.1" 200 40708 "https://www.csjh.ilc.edu.tw/" "Mozilla/5.0 (Linux; Android 10; K) AppleWebKit/537.36 (KHTML, like Gecko) Chrome/151.0.0.0 Mobile Safari/537.36"
140.111.67.10 - - [17/Aug/2026:18:04:55 +0800] "GET /" 301 273 "-" "-"
::1 - - [17/Aug/2026:18:04:55 +0800] "OPTIONS * HTTP/1.0" 200 110 "-" "Apache/2.4.68 (Ubuntu) OpenSSL/3.0.19 (internal dummy connection)"
2001:288:a201::66:125 - - [17/Aug/2026:18:04:55 +0800] "GET /blog/active.php HTTP/1.1" 404 1084 "-" "-"
2001:288:a201::66:125 - - [17/Aug/2026:18:04:55 +0800] "GET /blog/active.php HTTP/1.1" 301 1026 "-" "-"
34.239.85.139 - - [17/Aug/2026:18:04:56 +0800] "GET /39664/wp-content/uploads/sites/428/2022/03/110G4%E8%87%AA%E7%B2%BE-%E8%87%AA%E6%88%91DFC%E7%B2%BE%E9%81%B8sblog_15-300x225.jpg HTTP/1.1" 200 29884 "-" "Mozilla/5.0 AppleWebKit/537.36 (KHTML, like Gecko; compatible; Amazonbot/0.1; +https://developer.amazon.com/support/amazonbot) Chrome/119.0.6045.214 Safari/537.36"
::1 - - [17/Aug/2026:18:04:56 +0800] "OPTIONS * HTTP/1.0" 200 110 "-" "Apache/2.4.68 (Ubuntu) OpenSSL/3.0.19 (internal dummy connection)"
::1 - - [17/Aug/2026:18:04:57 +0800] "OPTIONS * HTTP/1.0" 200 110 "-" "Apache/2.4.68 (Ubuntu) OpenSSL/3.0.19 (internal dummy connection)"
66.249.68.136 - - [17/Aug/2026:18:04:55 +0800] "GET /wp-login.php?action=ilc_logout&_wpnonce=43754d0aad&redirect_to=http://durianshop.ru/job/86569/ HTTP/1.1" 302 8247 "-" "Mozilla/5.0 (Linux; Android 6.0.1; Nexus 5X Build/MMB29P) AppleWebKit/537.36 (KHTML, like Gecko) Chrome/150.0.7871.186 Mobile Safari/537.36 (compatible; GoogleOther)"
::1 - - [17/Aug/2026:18:04:58 +0800] "OPTIONS * HTTP/1.0" 200 110 "-" "Apache/2.4.68 (Ubuntu) OpenSSL/3.0.19 (internal dummy connection)"
::1 - - [17/Aug/2026:18:04:59 +0800] "OPTIONS * HTTP/1.0" 200 110 "-" "Apache/2.4.68 (Ubuntu) OpenSSL/3.0.19 (internal dummy connection)"
140.111.67.10 - - [17/Aug/2026:18:05:00 +0800] "GET /" 301 273 "-" "-"
66.249.68.200 - - [17/Aug/2026:18:05:00 +0800] "GET /wp-content/uploads/sites/1962/4719/4719-677873.doc HTTP/1.1" 200 219647 "-" "Mozilla/5.0 (Linux; Android 6.0.1; Nexus 5X Build/MMB29P) AppleWebKit/537.36 (KHTML, like Gecko) Chrome/150.0.7871.186 Mobile Safari/537.36 (compatible; Googlebot/2.1; +http://www.google.com/bot.html)"
::1 - - [17/Aug/2026:18:05:00 +0800] "OPTIONS * HTTP/1.0" 200 110 "-" "Apache/2.4.68 (Ubuntu) OpenSSL/3.0.19 (internal dummy connection)"
2001:288:a201::66:125 - - [17/Aug/2026:18:05:00 +0800] "GET /blog/active.php HTTP/1.1" 301 1026 "-" "-"
2001:288:a201::66:125 - - [17/Aug/2026:18:05:00 +0800] "GET /blog/active.php HTTP/1.1" 404 1084 "-" "-"
::1 - - [17/Aug/2026:18:05:01 +0800] "OPTIONS * HTTP/1.0" 200 110 "-" "Apache/2.4.68 (Ubuntu) OpenSSL/3.0.19 (internal dummy connection)"
66.249.68.200 - - [17/Aug/2026:18:05:02 +0800] "GET /tcesinfo/wp-content/themes/oceanwp/assets/js/vendors/flickity.pkgd.min.js HTTP/1.1" 200 15048 "https://2blog.ilc.edu.tw/tcesinfo/category/win10/" "Mozilla/5.0 AppleWebKit/537.36 (KHTML, like Gecko; compatible; Googlebot/2.1; +http://www.google.com/bot.html) Chrome/151.0.7922.108 Safari/537.36"
122.100.110.57 - - [17/Aug/2026:18:05:02 +0800] "GET /apple-touch-icon-precomposed.png HTTP/1.1" 404 38117 "-" "NetworkingExtension/8624.4.5.10.5 Network/5812.160.9 iOS/26.6"
122.100.110.57 - - [17/Aug/2026:18:05:02 +0800] "GET /favicon.ico HTTP/1.1" 302 5870 "-" "NetworkingExtension/8624.4.5.10.5 Network/5812.160.9 iOS/26.6"
122.100.110.57 - - [17/Aug/2026:18:05:02 +0800] "GET /wp-includes/images/w-logo-blue-white-bg.png HTTP/1.1" 200 4946 "-" "NetworkingExtension/8624.4.5.10.5 Network/5812.160.9 iOS/26.6"
122.100.110.57 - - [17/Aug/2026:18:05:02 +0800] "GET /apple-touch-icon.png HTTP/1.1" 404 38117 "-" "NetworkingExtension/8624.4.5.10.5 Network/5812.160.9 iOS/26.6"
122.100.110.57 - - [17/Aug/2026:18:05:02 +0800] "GET / HTTP/1.1" 200 17310 "-" "Mozilla/5.0 (Macintosh; Intel Mac OS X 10_11_1) AppleWebKit/601.2.4 (KHTML, like Gecko) Version/9.0.1 Safari/601.2.4 facebookexternalhit/1.1 Facebot Twitterbot/1.0"
::1 - - [17/Aug/2026:18:05:03 +0800] "OPTIONS * HTTP/1.0" 200 110 "-" "Apache/2.4.68 (Ubuntu) OpenSSL/3.0.19 (internal dummy connection)"
::1 - - [17/Aug/2026:18:05:04 +0800] "OPTIONS * HTTP/1.0" 200 110 "-" "Apache/2.4.68 (Ubuntu) OpenSSL/3.0.19 (internal dummy connection)"
118.169.142.139 - - [17/Aug/2026:18:05:04 +0800] "-" 408 4791 "-" "-"
140.111.67.10 - - [17/Aug/2026:18:05:05 +0800] "GET /" 301 273 "-" "-"
::1 - - [17/Aug/2026:18:05:05 +0800] "OPTIONS * HTTP/1.0" 200 110 "-" "Apache/2.4.68 (Ubuntu) OpenSSL/3.0.19 (internal dummy connection)"
2001:288:a201::66:125 - - [17/Aug/2026:18:05:05 +0800] "GET /blog/active.php HTTP/1.1" 404 1084 "-" "-"
2001:288:a201::66:125 - - [17/Aug/2026:18:05:05 +0800] "GET /blog/active.php HTTP/1.1" 301 1026 "-" "-"
118.169.142.139 - - [17/Aug/2026:18:05:06 +0800] "-" 408 4791 "-" "-"
::1 - - [17/Aug/2026:18:05:06 +0800] "OPTIONS * HTTP/1.0" 200 110 "-" "Apache/2.4.68 (Ubuntu) OpenSSL/3.0.19 (internal dummy connection)"
66.249.68.137 - - [17/Aug/2026:18:05:03 +0800] "GET /wp-login.php?action=ilc_logout&_wpnonce=43754d0aad&redirect_to=http://glebsapozhkov-test.ru/creator/50462/ HTTP/1.1" 302 8259 "-" "Mozilla/5.0 (Linux; Android 6.0.1; Nexus 5X Build/MMB29P) AppleWebKit/537.36 (KHTML, like Gecko) Chrome/150.0.7871.186 Mobile Safari/537.36 (compatible; Googlebot/2.1; +http://www.google.com/bot.html)"
::1 - - [17/Aug/2026:18:05:08 +0800] "OPTIONS * HTTP/1.0" 200 110 "-" "Apache/2.4.68 (Ubuntu) OpenSSL/3.0.19 (internal dummy connection)"
66.249.71.164 - - [17/Aug/2026:18:05:07 +0800] "GET /wp-login.php?action=ilc_logout&_wpnonce=43754d0aad&redirect_to=http://sewthis.ru/job/69402/ HTTP/1.1" 302 8244 "-" "Mozilla/5.0 (Linux; Android 6.0.1; Nexus 5X Build/MMB29P) AppleWebKit/537.36 (KHTML, like Gecko) Chrome/150.0.7871.186 Mobile Safari/537.36 (compatible; GoogleOther)"
140.111.67.10 - - [17/Aug/2026:18:05:10 +0800] "GET /" 301 273 "-" "-"
66.249.68.200 - - [17/Aug/2026:18:05:10 +0800] "GET /23475/2020/12/21/%E5%AE%9C%E8%98%AD%E5%8D%97%E6%A9%9F%E5%A0%B4%E8%BB%8D%E4%BA%8B%E9%81%BA%E6%A7%8B%EF%BC%8D%E5%85%AB%E8%A7%92%E5%A1%94%E5%8F%B0/ HTTP/1.1" 200 18279 "-" "Mozilla/5.0 (Linux; Android 6.0.1; Nexus 5X Build/MMB29P) AppleWebKit/537.36 (KHTML, like Gecko) Chrome/150.0.7871.186 Mobile Safari/537.36 (compatible; Googlebot/2.1; +http://www.google.com/bot.html)"
2001:288:a201::66:125 - - [17/Aug/2026:18:05:10 +0800] "GET /blog/active.php HTTP/1.1" 301 1026 "-" "-"
2001:288:a201::66:125 - - [17/Aug/2026:18:05:10 +0800] "GET /blog/active.php HTTP/1.1" 404 1084 "-" "-"
66.249.71.64 - - [17/Aug/2026:18:05:11 +0800] "GET /yilankindergartentest/wp-content/uploads/sites/3484/2022/10/%E7%BE%85%E5%95%86%E9%9D%9E%E7%87%9F%E5%88%A9%E5%B9%BC%E5%85%92%E5%9C%92-111%E9%98%B2%E7%81%BD%E8%85%B3%E6%9C%ACok-1.docx HTTP/1.1" 200 28125 "-" "Mozilla/5.0 (Linux; Android 6.0.1; Nexus 5X Build/MMB29P) AppleWebKit/537.36 (KHTML, like Gecko) Chrome/150.0.7871.186 Mobile Safari/537.36 (compatible; Googlebot/2.1; +http://www.google.com/bot.html)"
52.167.144.229 - - [17/Aug/2026:18:05:12 +0800] "GET /526/wp-content/uploads/sites/1318/2021/12/1101222%E9%84%89%E9%8E%AE%E5%B7%A1%E8%BF%B4%E6%9C%8D%E5%8B%99-%E7%BE%85%E6%9D%B1%E9%8E%AE10-300x143.png HTTP/1.1" 200 36580 "-" "Mozilla/5.0 AppleWebKit/537.36 (KHTML, like Gecko; compatible; bingbot/2.0; +http://www.bing.com/bingbot.htm) Chrome/116.0.1938.76 Safari/537.36"
34.197.28.78 - - [17/Aug/2026:18:05:14 +0800] "GET /39664/wp-content/uploads/sites/428/2022/03/110G4%E8%87%AA%E7%B2%BE-%E8%87%AA%E6%88%91DFC%E7%B2%BE%E9%81%B8sblog_05-300x225.jpg HTTP/1.1" 200 42489 "-" "Mozilla/5.0 AppleWebKit/537.36 (KHTML, like Gecko; compatible; Amazonbot/0.1; +https://developer.amazon.com/support/amazonbot) Chrome/119.0.6045.214 Safari/537.36"
140.111.67.10 - - [17/Aug/2026:18:05:15 +0800] "GET /" 301 273 "-" "-"
2001:288:a201::66:125 - - [17/Aug/2026:18:05:15 +0800] "GET /blog/active.php HTTP/1.1" 301 1026 "-" "-"
2001:288:a201::66:125 - - [17/Aug/2026:18:05:15 +0800] "GET /blog/active.php HTTP/1.1" 404 1084 "-" "-"
156.0.93.51 - - [17/Aug/2026:18:05:14 +0800] "GET /yilankindergartentest/wp-json/wp/v2/posts/4787 HTTP/1.1" 200 10322 "-" "Mozilla/5.0 (Windows NT 10.0; Win64; x64) AppleWebKit/537.36 (KHTML, like Gecko) Chrome/149.0.0.0 Safari/537.36 Edg/149.0.0.0"
66.249.68.200 - - [17/Aug/2026:18:05:17 +0800] "GET /wp-content/uploads/sites/2673/3513/3513-782656.doc HTTP/1.1" 200 40474 "-" "Mozilla/5.0 (Linux; Android 6.0.1; Nexus 5X Build/MMB29P) AppleWebKit/537.36 (KHTML, like Gecko) Chrome/150.0.7871.186 Mobile Safari/537.36 (compatible; Googlebot/2.1; +http://www.google.com/bot.html)"
114.43.245.223 - - [17/Aug/2026:18:05:13 +0800] "GET / HTTP/1.1" 200 63951 "-" "Mozilla/5.0 (Macintosh Intel Mac OS X 10_12_6) AppleWebKit/537.36 (KHTML, like Gecko) Chrome/61.0.3163.100 Safari/537.36"
::1 - - [17/Aug/2026:18:05:18 +0800] "OPTIONS * HTTP/1.0" 200 110 "-" "Apache/2.4.68 (Ubuntu) OpenSSL/3.0.19 (internal dummy connection)"
140.111.67.10 - - [17/Aug/2026:18:05:20 +0800] "GET /" 301 273 "-" "-"
66.249.68.200 - - [17/Aug/2026:18:05:19 +0800] "GET /526/category/c-58837/page/3/ HTTP/1.1" 200 33368 "-" "Mozilla/5.0 (Linux; Android 6.0.1; Nexus 5X Build/MMB29P) AppleWebKit/537.36 (KHTML, like Gecko) Chrome/150.0.7871.186 Mobile Safari/537.36 (compatible; Googlebot/2.1; +http://www.google.com/bot.html)"
66.249.82.200 - - [17/Aug/2026:18:05:19 +0800] "GET /.well-known/traffic-advice HTTP/1.1" 404 61318 "-" "Chrome Privacy Preserving Prefetch Proxy"
66.249.71.64 - - [17/Aug/2026:18:05:20 +0800] "GET /wp-content/uploads/sites/1321/12/12-290984.doc HTTP/1.1" 200 77448 "-" "Mozilla/5.0 (Linux; Android 6.0.1; Nexus 5X Build/MMB29P) AppleWebKit/537.36 (KHTML, like Gecko) Chrome/150.0.7871.186 Mobile Safari/537.36 (compatible; GoogleOther)"
2001:4860:7:504::fd - - [17/Aug/2026:18:05:20 +0800] "GET /3860/2014/01/23/%E8%B5%B0%E8%B7%AF-%E8%90%BD%E8%B7%91-%E9%80%83%E4%BA%A1-%E9%80%83%E5%91%BD/ HTTP/1.1" 200 29726 "https://www.google.com.hk/" "Mozilla/5.0 (Windows NT 10.0; Win64; x64) AppleWebKit/537.36 (KHTML, like Gecko) Chrome/150.0.0.0 Safari/537.36"
2001:288:a201::66:125 - - [17/Aug/2026:18:05:20 +0800] "GET /blog/active.php HTTP/1.1" 404 1084 "-" "-"
2001:288:a201::66:125 - - [17/Aug/2026:18:05:20 +0800] "GET /blog/active.php HTTP/1.1" 301 1026 "-" "-"
2402:7500:960:9f9a:8922:9498:25bb:32d6 - - [17/Aug/2026:18:05:21 +0800] "GET /wp-content/uploads/sites/233/1003/1003-1741621.jpg HTTP/1.1" 200 24815 "-" "com.google.GoogleMobile/433.5 iPhone/26.6 hw/iPhone18_1"
140.111.67.10 - - [17/Aug/2026:18:05:25 +0800] "GET /" 301 273 "-" "-"
2001:288:a201::66:125 - - [17/Aug/2026:18:05:25 +0800] "GET /blog/active.php HTTP/1.1" 301 1026 "-" "-"
2001:288:a201::66:125 - - [17/Aug/2026:18:05:25 +0800] "GET /blog/active.php HTTP/1.1" 404 1084 "-" "-"
1.169.54.124 - - [17/Aug/2026:18:05:26 +0800] "GET / HTTP/1.1" 200 16409 "android-app://com.google.android.googlequicksearchbox/" "Mozilla/5.0 (Linux; Android 10; K) AppleWebKit/537.36 (KHTML, like Gecko) Chrome/151.0.0.0 Mobile Safari/537.36"
2001:4860:7:40d::fd - - [17/Aug/2026:18:05:25 +0800] "GET /28/author/joannetseng/page/8/ HTTP/1.1" 200 19844 "https://www.google.com/" "Mozilla/5.0 (Windows NT 10.0; Win64; x64) AppleWebKit/537.36 (KHTML, like Gecko) Chrome/151.0.0.0 Safari/537.36"
140.111.67.10 - - [17/Aug/2026:18:05:30 +0800] "GET /" 301 273 "-" "-"
34.231.156.59 - - [17/Aug/2026:18:05:29 +0800] "GET /wp-content/uploads/sites/2808/6543/6543-1645492.jpg HTTP/1.1" 200 103976 "-" "Mozilla/5.0 AppleWebKit/537.36 (KHTML, like Gecko; compatible; Amazonbot/0.1; +https://developer.amazon.com/support/amazonbot) Chrome/119.0.6045.214 Safari/537.36"
2001:288:a201::66:125 - - [17/Aug/2026:18:05:30 +0800] "GET /blog/active.php HTTP/1.1" 301 1026 "-" "-"
2001:288:a201::66:125 - - [17/Aug/2026:18:05:30 +0800] "GET /blog/active.php HTTP/1.1" 404 5513 "-" "-"
1.169.54.124 - - [17/Aug/2026:18:05:28 +0800] "GET /wp-content/uploads/sites/1316/2019/10/4683-945419.gif HTTP/1.1" 200 6209777 "https://www.ltps.ilc.edu.tw/" "Mozilla/5.0 (Linux; Android 10; K) AppleWebKit/537.36 (KHTML, like Gecko) Chrome/151.0.0.0 Mobile Safari/537.36"
66.249.71.165 - - [17/Aug/2026:18:05:29 +0800] "GET /wp-login.php?action=ilc_logout&_wpnonce=43754d0aad&redirect_to=http://okzaem.ru/job/14057/ HTTP/1.1" 302 3434 "-" "Mozilla/5.0 (Linux; Android 6.0.1; Nexus 5X Build/MMB29P) AppleWebKit/537.36 (KHTML, like Gecko) Chrome/150.0.7871.186 Mobile Safari/537.36 (compatible; GoogleOther)"
140.111.67.10 - - [17/Aug/2026:18:05:35 +0800] "GET /" 301 273 "-" "-"
2001:288:a201::66:125 - - [17/Aug/2026:18:05:35 +0800] "GET /blog/active.php HTTP/1.1" 301 1026 "-" "-"
2001:288:a201::66:125 - - [17/Aug/2026:18:05:35 +0800] "GET /blog/active.php HTTP/1.1" 404 1084 "-" "-"
66.249.68.200 - - [17/Aug/2026:18:05:36 +0800] "POST /23475/wp-json/ilc-summary/v1/popular-posts HTTP/1.1" 201 6054 "https://2blog.ilc.edu.tw/23475/2020/12/21/%E5%AE%9C%E8%98%AD%E5%8D%97%E6%A9%9F%E5%A0%B4%E8%BB%8D%E4%BA%8B%E9%81%BA%E6%A7%8B%EF%BC%8D%E5%85%AB%E8%A7%92%E5%A1%94%E5%8F%B0/" "Mozilla/5.0 (Linux; Android 6.0.1; Nexus 5X Build/MMB29P) AppleWebKit/537.36 (KHTML, like Gecko) Chrome/150.0.7871.186 Mobile Safari/537.36 (compatible; Googlebot/2.1; +http://www.google.com/bot.html)"
66.249.82.234 - - [17/Aug/2026:18:05:37 +0800] "GET /blog/gallery/25915/previews-med/25915-1999573.jpg HTTP/1.1" 301 1131 "-" "Mozilla/5.0 (Windows NT 5.1; rv:11.0) Gecko Firefox/11.0 (via ggpht.com GoogleImageProxy)"
66.249.82.166 - - [17/Aug/2026:18:05:37 +0800] "GET /blog/gallery/25915/previews-med/25915-1999574.jpg HTTP/1.1" 404 25465 "-" "Mozilla/5.0 (Windows NT 5.1; rv:11.0) Gecko Firefox/11.0 (via ggpht.com GoogleImageProxy)"
66.249.82.165 - - [17/Aug/2026:18:05:37 +0800] "GET /blog/gallery/25915/previews-med/25915-1999575.jpg HTTP/1.1" 404 25465 "-" "Mozilla/5.0 (Windows NT 5.1; rv:11.0) Gecko Firefox/11.0 (via ggpht.com GoogleImageProxy)"
66.249.82.166 - - [17/Aug/2026:18:05:37 +0800] "GET /blog/gallery/25915/previews-med/25915-1999576.jpg HTTP/1.1" 404 25465 "-" "Mozilla/5.0 (Windows NT 5.1; rv:11.0) Gecko Firefox/11.0 (via ggpht.com GoogleImageProxy)"
66.249.82.233 - - [17/Aug/2026:18:05:37 +0800] "GET /blog/gallery/25915/previews-med/25915-1993890.jpg HTTP/1.1" 301 1131 "-" "Mozilla/5.0 (Windows NT 5.1; rv:11.0) Gecko Firefox/11.0 (via ggpht.com GoogleImageProxy)"
66.249.82.165 - - [17/Aug/2026:18:05:37 +0800] "GET /blog/gallery/25915/previews-med/25915-1993886.jpg HTTP/1.1" 404 20684 "-" "Mozilla/5.0 (Windows NT 5.1; rv:11.0) Gecko Firefox/11.0 (via ggpht.com GoogleImageProxy)"
66.249.82.166 - - [17/Aug/2026:18:05:37 +0800] "GET /blog/gallery/25915/previews-med/25915-1993889.jpg HTTP/1.1" 404 20684 "-" "Mozilla/5.0 (Windows NT 5.1; rv:11.0) Gecko Firefox/11.0 (via ggpht.com GoogleImageProxy)"
66.249.68.167 - - [17/Aug/2026:18:05:37 +0800] "GET /robots.txt HTTP/1.1" 200 5585 "-" "Mozilla/5.0 (compatible; Googlebot/2.1; +http://www.google.com/bot.html)"
35.172.125.172 - - [17/Aug/2026:18:05:38 +0800] "GET /39664/wp-content/uploads/sites/428/2022/03/110G4%E8%87%AA%E7%B2%BE-%E8%87%AA%E6%88%91DFC%E7%B2%BE%E9%81%B8sblog_48-300x225.jpg HTTP/1.1" 200 39402 "-" "Mozilla/5.0 AppleWebKit/537.36 (KHTML, like Gecko; compatible; Amazonbot/0.1; +https://developer.amazon.com/support/amazonbot) Chrome/119.0.6045.214 Safari/537.36"
2001:4860:7:810::f0 - - [17/Aug/2026:18:05:38 +0800] "GET /1003/category/%E5%85%B6%E4%BB%96%E9%A0%98%E5%9F%9F/%E5%B0%8F%E4%B8%80%E5%81%A5%E5%BA%B7%E8%AA%B2/ HTTP/1.1" 200 18990 "https://www.google.com/" "Mozilla/5.0 (Windows NT 10.0; Win64; x64) AppleWebKit/537.36 (KHTML, like Gecko) Chrome/151.0.0.0 Safari/537.36"
66.249.71.102 - - [17/Aug/2026:18:05:39 +0800] "GET / HTTP/1.1" 200 20488 "-" "Mozilla/5.0 (Linux; Android 6.0.1; Nexus 5X Build/MMB29P) AppleWebKit/537.36 (KHTML, like Gecko) Chrome/150.0.7871.186 Mobile Safari/537.36 (compatible; Googlebot/2.1; +http://www.google.com/bot.html)"
140.111.67.10 - - [17/Aug/2026:18:05:40 +0800] "GET /" 301 273 "-" "-"
2001:288:a201::66:125 - - [17/Aug/2026:18:05:40 +0800] "GET /blog/active.php HTTP/1.1" 301 1026 "-" "-"
2001:288:a201::66:125 - - [17/Aug/2026:18:05:40 +0800] "GET /blog/active.php HTTP/1.1" 404 1084 "-" "-"
66.249.71.64 - - [17/Aug/2026:18:05:43 +0800] "GET /babybaby/wp-content/uploads/sites/3902/2024/06/IMG_5028-300x225.jpg HTTP/1.1" 200 24613 "-" "GoogleOther-Image/1.0"
2407:4b00:4c06:5e0:b4f9:f1ba:6760:b58 - - [17/Aug/2026:18:05:44 +0800] "-" 408 4796 "-" "-"
140.111.67.10 - - [17/Aug/2026:18:05:45 +0800] "GET /" 301 273 "-" "-"
2001:288:a201::66:125 - - [17/Aug/2026:18:05:45 +0800] "GET /blog/active.php HTTP/1.1" 301 1026 "-" "-"
2001:288:a201::66:125 - - [17/Aug/2026:18:05:45 +0800] "GET /blog/active.php HTTP/1.1" 404 1084 "-" "-"
2001:4860:7:510::f3 - - [17/Aug/2026:18:05:45 +0800] "GET /ysjhgsroom/2022/04/18/%E4%BE%9D%E6%93%9A%E6%95%99%E8%82%B2%E9%83%A8%E5%85%AC%E5%BC%8F%E7%AE%97%E5%87%BA2022%E5%B9%B4110%E5%AD%B8%E5%B9%B4%E5%BA%A6%E4%B8%8B%E5%AD%B8%E6%9C%9F%E7%9A%84%E5%90%84%E7%8F%AD%E5%86%B7%E6%B0%A3/ HTTP/1.1" 200 19715 "https://www.google.com/" "Mozilla/5.0 (Windows NT 10.0; Win64; x64) AppleWebKit/537.36 (KHTML, like Gecko) Chrome/151.0.0.0 Safari/537.36"
140.111.67.10 - - [17/Aug/2026:18:05:50 +0800] "GET /" 301 273 "-" "-"
2001:288:a201::66:125 - - [17/Aug/2026:18:05:50 +0800] "GET /blog/active.php HTTP/1.1" 301 1026 "-" "-"
66.249.68.168 - - [17/Aug/2026:18:05:50 +0800] "GET /wp-content/cache/www.sges.ilc.edu.tw/wpfc-minified/kcrybntx/73dd.css HTTP/1.1" 200 5942 "https://www.sges.ilc.edu.tw/" "Mozilla/5.0 (Linux; Android 6.0.1; Nexus 5X Build/MMB29P) AppleWebKit/537.36 (KHTML, like Gecko) Chrome/150.0.7871.186 Mobile Safari/537.36 (compatible; Googlebot/2.1; +http://www.google.com/bot.html)"
2001:288:a201::66:125 - - [17/Aug/2026:18:05:50 +0800] "GET /blog/active.php HTTP/1.1" 404 1084 "-" "-"
66.249.68.167 - - [17/Aug/2026:18:05:51 +0800] "GET /wp-content/themes/oceanwp/assets/js/ow-slider.min.js HTTP/1.1" 200 6546 "https://www.sges.ilc.edu.tw/" "Mozilla/5.0 (Linux; Android 6.0.1; Nexus 5X Build/MMB29P) AppleWebKit/537.36 (KHTML, like Gecko) Chrome/150.0.7871.186 Mobile Safari/537.36 (compatible; Googlebot/2.1; +http://www.google.com/bot.html)"
59.124.167.226 - - [17/Aug/2026:18:05:51 +0800] "GET / HTTP/1.1" 301 937 "-" "python-requests/2.32.4"
66.249.71.165 - - [17/Aug/2026:18:05:52 +0800] "GET /wp-login.php?action=ilc_logout&_wpnonce=43754d0aad&redirect_to=http://eshomedesign.ru/job/78186/ HTTP/1.1" 302 3440 "-" "Mozilla/5.0 (Linux; Android 6.0.1; Nexus 5X Build/MMB29P) AppleWebKit/537.36 (KHTML, like Gecko) Chrome/150.0.7871.186 Mobile Safari/537.36 (compatible; GoogleOther)"
66.249.68.168 - - [17/Aug/2026:18:05:54 +0800] "GET /wp-includes/js/imagesloaded.min.js HTTP/1.1" 200 2683 "https://www.sges.ilc.edu.tw/" "Mozilla/5.0 (Linux; Android 6.0.1; Nexus 5X Build/MMB29P) AppleWebKit/537.36 (KHTML, like Gecko) Chrome/150.0.7871.186 Mobile Safari/537.36 (compatible; Googlebot/2.1; +http://www.google.com/bot.html)"
140.111.67.10 - - [17/Aug/2026:18:05:55 +0800] "GET /" 301 273 "-" "-"
66.249.68.167 - - [17/Aug/2026:18:05:55 +0800] "GET /wp-content/themes/oceanwp/assets/js/scroll-effect.min.js HTTP/1.1" 200 4127 "https://www.sges.ilc.edu.tw/" "Mozilla/5.0 (Linux; Android 6.0.1; Nexus 5X Build/MMB29P) AppleWebKit/537.36 (KHTML, like Gecko) Chrome/150.0.7871.186 Mobile Safari/537.36 (compatible; Googlebot/2.1; +http://www.google.com/bot.html)"
2001:288:a201::66:125 - - [17/Aug/2026:18:05:55 +0800] "GET /blog/active.php HTTP/1.1" 301 1026 "-" "-"
2001:288:a201::66:125 - - [17/Aug/2026:18:05:55 +0800] "GET /blog/active.php HTTP/1.1" 404 1084 "-" "-"
66.249.71.64 - - [17/Aug/2026:18:05:58 +0800] "GET /1/category/uncategorized/page/2/ HTTP/1.1" 200 20645 "-" "Mozilla/5.0 (Linux; Android 6.0.1; Nexus 5X Build/MMB29P) AppleWebKit/537.36 (KHTML, like Gecko) Chrome/150.0.7871.186 Mobile Safari/537.36 (compatible; Googlebot/2.1; +http://www.google.com/bot.html)"
140.111.67.10 - - [17/Aug/2026:18:06:00 +0800] "GET /" 301 273 "-" "-"
2001:288:a201::66:125 - - [17/Aug/2026:18:06:00 +0800] "GET /blog/active.php HTTP/1.1" 301 1026 "-" "-"
2001:288:a201::66:125 - - [17/Aug/2026:18:06:00 +0800] "GET /blog/active.php HTTP/1.1" 404 1084 "-" "-"
2001:288:a201::67:81 - - [17/Aug/2026:18:06:01 +0800] "GET / HTTP/1.1" 200 56293 "-" "curl/7.81.0"
66.249.82.15 - - [17/Aug/2026:18:06:01 +0800] "GET /.well-known/traffic-advice HTTP/1.1" 404 56338 "-" "Chrome Privacy Preserving Prefetch Proxy"
2001:b011:7807:5976:d38d:606a:19f9:7b73 - - [17/Aug/2026:18:06:02 +0800] "-" 408 339 "-" "-"
2001:b011:7807:5976:d38d:606a:19f9:7b73 - - [17/Aug/2026:18:06:02 +0800] "-" 408 339 "-" "-"
2001:b011:7803:1774:eff6:c812:6c3c:e675 - - [17/Aug/2026:18:06:02 +0800] "-" 408 339 "-" "-"
2001:b011:7803:1774:eff6:c812:6c3c:e675 - - [17/Aug/2026:18:06:02 +0800] "-" 408 339 "-" "-"
66.249.68.128 - - [17/Aug/2026:18:06:01 +0800] "GET /wp-login.php?action=ilc_logout&_wpnonce=43754d0aad&redirect_to=http://aladea.ru/job/24785/ HTTP/1.1" 302 8243 "-" "Mozilla/5.0 (Linux; Android 6.0.1; Nexus 5X Build/MMB29P) AppleWebKit/537.36 (KHTML, like Gecko) Chrome/150.0.7871.186 Mobile Safari/537.36 (compatible; GoogleOther)"
114.24.227.71 - - [17/Aug/2026:18:06:03 +0800] "GET / HTTP/1.1" 200 30556 "https://www.google.com/" "Mozilla/5.0 (Linux; Android 10; K) AppleWebKit/537.36 (KHTML, like Gecko) Chrome/151.0.0.0 Mobile Safari/537.36"
52.167.144.229 - - [17/Aug/2026:18:06:01 +0800] "GET /26150/2017/04/20/ HTTP/1.1" 200 21496 "-" "Mozilla/5.0 AppleWebKit/537.36 (KHTML, like Gecko; compatible; bingbot/2.0; +http://www.bing.com/bingbot.htm) Chrome/116.0.1938.76 Safari/537.36"
114.24.227.71 - - [17/Aug/2026:18:06:04 +0800] "GET /wp-content/uploads/sites/1663/2020/08/%E8%9E%A2%E5%B9%95%E6%93%B7%E5%8F%96%E7%95%AB%E9%9D%A2-2025-08-01-132210.png HTTP/1.1" 304 790 "https://www.pces.ilc.edu.tw/" "Mozilla/5.0 (Linux; Android 10; K) AppleWebKit/537.36 (KHTML, like Gecko) Chrome/151.0.0.0 Mobile Safari/537.36"
