2001:b400:e2a9:ad32:ed47:b9fd:40e6:845e - - [17/Aug/2026:18:03:42 +0800] "GET /wp-includes/js/dist/i18n.min.js HTTP/1.1" 200 4547 "https://www.ksjh.ilc.edu.tw/" "Mozilla/5.0 (iPhone; CPU iPhone OS 18_7 like Mac OS X) AppleWebKit/605.1.15 (KHTML, like Gecko) Version/26.6 Mobile/15E148 Safari/604.1"
2001:b400:e2a9:ad32:ed47:b9fd:40e6:845e - - [17/Aug/2026:18:03:42 +0800] "GET /wp-content/plugins/elementor/assets/lib/waypoints/waypoints.min.js HTTP/1.1" 200 3873 "https://www.ksjh.ilc.edu.tw/" "Mozilla/5.0 (iPhone; CPU iPhone OS 18_7 like Mac OS X) AppleWebKit/605.1.15 (KHTML, like Gecko) Version/26.6 Mobile/15E148 Safari/604.1"
2001:b400:e2a9:ad32:ed47:b9fd:40e6:845e - - [17/Aug/2026:18:03:42 +0800] "GET /wp-includes/js/jquery/ui/core.min.js HTTP/1.1" 200 7986 "https://www.ksjh.ilc.edu.tw/" "Mozilla/5.0 (iPhone; CPU iPhone OS 18_7 like Mac OS X) AppleWebKit/605.1.15 (KHTML, like Gecko) Version/26.6 Mobile/15E148 Safari/604.1"
2001:b400:e2a9:ad32:ed47:b9fd:40e6:845e - - [17/Aug/2026:18:03:42 +0800] "GET /wp-content/plugins/elementor-pro/assets/js/frontend.min.js HTTP/1.1" 200 7574 "https://www.ksjh.ilc.edu.tw/" "Mozilla/5.0 (iPhone; CPU iPhone OS 18_7 like Mac OS X) AppleWebKit/605.1.15 (KHTML, like Gecko) Version/26.6 Mobile/15E148 Safari/604.1"
2001:b400:e2a9:ad32:ed47:b9fd:40e6:845e - - [17/Aug/2026:18:03:42 +0800] "GET /wp-content/plugins/elementor-pro/assets/js/elements-handlers.min.js HTTP/1.1" 200 10882 "https://www.ksjh.ilc.edu.tw/" "Mozilla/5.0 (iPhone; CPU iPhone OS 18_7 like Mac OS X) AppleWebKit/605.1.15 (KHTML, like Gecko) Version/26.6 Mobile/15E148 Safari/604.1"
2001:b400:e2a9:ad32:ed47:b9fd:40e6:845e - - [17/Aug/2026:18:03:42 +0800] "GET /wp-content/plugins/elementor/assets/js/frontend.min.js HTTP/1.1" 200 13169 "https://www.ksjh.ilc.edu.tw/" "Mozilla/5.0 (iPhone; CPU iPhone OS 18_7 like Mac OS X) AppleWebKit/605.1.15 (KHTML, like Gecko) Version/26.6 Mobile/15E148 Safari/604.1"
2001:b400:e2a9:ad32:ed47:b9fd:40e6:845e - - [17/Aug/2026:18:03:42 +0800] "GET /wp-content/uploads/sites/50/2026/01/115%E5%AD%B8%E5%B9%B4%E5%BA%A6%E5%8D%87%E5%AD%B8%E5%B0%88%E5%8D%80.png HTTP/1.1" 200 132666 "https://www.ksjh.ilc.edu.tw/" "Mozilla/5.0 (iPhone; CPU iPhone OS 18_7 like Mac OS X) AppleWebKit/605.1.15 (KHTML, like Gecko) Version/26.6 Mobile/15E148 Safari/604.1"
2001:b400:e2a9:ad32:ed47:b9fd:40e6:845e - - [17/Aug/2026:18:03:42 +0800] "GET /wp-content/uploads/sites/50/2026/01/%E5%9C%96%E7%89%871.png HTTP/1.1" 200 95212 "https://www.ksjh.ilc.edu.tw/" "Mozilla/5.0 (iPhone; CPU iPhone OS 18_7 like Mac OS X) AppleWebKit/605.1.15 (KHTML, like Gecko) Version/26.6 Mobile/15E148 Safari/604.1"
2001:b400:e2a9:ad32:ed47:b9fd:40e6:845e - - [17/Aug/2026:18:03:42 +0800] "GET /wp-content/themes/hueman/assets/front/fonts/titillium-light-webfont.svg HTTP/1.1" 200 56952 "https://www.ksjh.ilc.edu.tw/" "Mozilla/5.0 (iPhone; CPU iPhone OS 18_7 like Mac OS X) AppleWebKit/605.1.15 (KHTML, like Gecko) Version/26.6 Mobile/15E148 Safari/604.1"
2001:b400:e2a9:ad32:ed47:b9fd:40e6:845e - - [17/Aug/2026:18:03:42 +0800] "GET /wp-content/themes/hueman/assets/front/fonts/titillium-regular-webfont.svg HTTP/1.1" 200 57056 "https://www.ksjh.ilc.edu.tw/" "Mozilla/5.0 (iPhone; CPU iPhone OS 18_7 like Mac OS X) AppleWebKit/605.1.15 (KHTML, like Gecko) Version/26.6 Mobile/15E148 Safari/604.1"
2001:b400:e2a9:ad32:ed47:b9fd:40e6:845e - - [17/Aug/2026:18:03:42 +0800] "GET /wp-content/plugins/elementor/assets/lib/font-awesome/webfonts/fa-solid-900.woff2 HTTP/1.1" 200 79223 "https://www.ksjh.ilc.edu.tw/" "Mozilla/5.0 (iPhone; CPU iPhone OS 18_7 like Mac OS X) AppleWebKit/605.1.15 (KHTML, like Gecko) Version/26.6 Mobile/15E148 Safari/604.1"
2001:b400:e2a9:ad32:ed47:b9fd:40e6:845e - - [17/Aug/2026:18:03:42 +0800] "GET /wp-content/plugins/elementor/assets/lib/eicons/fonts/eicons.woff2?5.30.0 HTTP/1.1" 200 98225 "https://www.ksjh.ilc.edu.tw/" "Mozilla/5.0 (iPhone; CPU iPhone OS 18_7 like Mac OS X) AppleWebKit/605.1.15 (KHTML, like Gecko) Version/26.6 Mobile/15E148 Safari/604.1"
2001:b400:e2a9:ad32:ed47:b9fd:40e6:845e - - [17/Aug/2026:18:03:42 +0800] "GET /wp-content/plugins/elementor/assets/lib/font-awesome/webfonts/fa-brands-400.woff2 HTTP/1.1" 200 82661 "https://www.ksjh.ilc.edu.tw/" "Mozilla/5.0 (iPhone; CPU iPhone OS 18_7 like Mac OS X) AppleWebKit/605.1.15 (KHTML, like Gecko) Version/26.6 Mobile/15E148 Safari/604.1"
2001:b400:e2a9:ad32:ed47:b9fd:40e6:845e - - [17/Aug/2026:18:03:42 +0800] "GET /wp-content/themes/hueman/assets/front/fonts/titillium-semibold-webfont.svg HTTP/1.1" 200 55517 "https://www.ksjh.ilc.edu.tw/" "Mozilla/5.0 (iPhone; CPU iPhone OS 18_7 like Mac OS X) AppleWebKit/605.1.15 (KHTML, like Gecko) Version/26.6 Mobile/15E148 Safari/604.1"
2001:b400:e2a9:ad32:ed47:b9fd:40e6:845e - - [17/Aug/2026:18:03:42 +0800] "GET /wp-content/themes/hueman/assets/front/fonts/titillium-regularitalic-webfont.svg HTTP/1.1" 200 59171 "https://www.ksjh.ilc.edu.tw/" "Mozilla/5.0 (iPhone; CPU iPhone OS 18_7 like Mac OS X) AppleWebKit/605.1.15 (KHTML, like Gecko) Version/26.6 Mobile/15E148 Safari/604.1"
2001:b400:e2a9:ad32:ed47:b9fd:40e6:845e - - [17/Aug/2026:18:03:42 +0800] "GET /wp-content/themes/hueman/assets/front/fonts/titillium-lightitalic-webfont.svg HTTP/1.1" 200 58946 "https://www.ksjh.ilc.edu.tw/" "Mozilla/5.0 (iPhone; CPU iPhone OS 18_7 like Mac OS X) AppleWebKit/605.1.15 (KHTML, like Gecko) Version/26.6 Mobile/15E148 Safari/604.1"
2001:b400:e2a9:ad32:ed47:b9fd:40e6:845e - - [17/Aug/2026:18:03:42 +0800] "GET /wp-content/uploads/sites/50/2025/04/cropped-KS-logo-new.png HTTP/1.1" 200 13133 "https://www.ksjh.ilc.edu.tw/" "Mozilla/5.0 (iPhone; CPU iPhone OS 18_7 like Mac OS X) AppleWebKit/605.1.15 (KHTML, like Gecko) Version/26.6 Mobile/15E148 Safari/604.1"
2001:b400:e2a9:ad32:ed47:b9fd:40e6:845e - - [17/Aug/2026:18:03:42 +0800] "GET /wp-content/uploads/sites/50/2025/04/cropped-KS-logo.png HTTP/1.1" 200 129329 "https://www.ksjh.ilc.edu.tw/" "Mozilla/5.0 (iPhone; CPU iPhone OS 18_7 like Mac OS X) AppleWebKit/605.1.15 (KHTML, like Gecko) Version/26.6 Mobile/15E148 Safari/604.1"
2001:b400:e2a9:ad32:ed47:b9fd:40e6:845e - - [17/Aug/2026:18:03:42 +0800] "GET /wp-content/plugins/elementor-pro/assets/js/load-more.bc9573b5d1f73abd80b9.bundle.min.js HTTP/1.1" 200 2424 "https://www.ksjh.ilc.edu.tw/" "Mozilla/5.0 (iPhone; CPU iPhone OS 18_7 like Mac OS X) AppleWebKit/605.1.15 (KHTML, like Gecko) Version/26.6 Mobile/15E148 Safari/604.1"
2001:b400:e2a9:ad32:ed47:b9fd:40e6:845e - - [17/Aug/2026:18:03:42 +0800] "GET /wp-content/uploads/sites/50/2019/04/S__7856131.jpg HTTP/1.1" 200 467654 "https://www.ksjh.ilc.edu.tw/" "Mozilla/5.0 (iPhone; CPU iPhone OS 18_7 like Mac OS X) AppleWebKit/605.1.15 (KHTML, like Gecko) Version/26.6 Mobile/15E148 Safari/604.1"
2001:b400:e2a9:ad32:ed47:b9fd:40e6:845e - - [17/Aug/2026:18:03:42 +0800] "GET /wp-content/plugins/elementor-pro/assets/js/posts.caaf3e27e57db8207afc.bundle.min.js HTTP/1.1" 200 2145 "https://www.ksjh.ilc.edu.tw/" "Mozilla/5.0 (iPhone; CPU iPhone OS 18_7 like Mac OS X) AppleWebKit/605.1.15 (KHTML, like Gecko) Version/26.6 Mobile/15E148 Safari/604.1"
2001:b400:e2a9:ad32:ed47:b9fd:40e6:845e - - [17/Aug/2026:18:03:42 +0800] "GET /wp-content/plugins/elementor-pro/assets/js/nav-menu.e65811186e94a386ba7b.bundle.min.js HTTP/1.1" 200 2690 "https://www.ksjh.ilc.edu.tw/" "Mozilla/5.0 (iPhone; CPU iPhone OS 18_7 like Mac OS X) AppleWebKit/605.1.15 (KHTML, like Gecko) Version/26.6 Mobile/15E148 Safari/604.1"
2001:b400:e2a9:ad32:ed47:b9fd:40e6:845e - - [17/Aug/2026:18:03:42 +0800] "GET /wp-content/plugins/elementor-pro/assets/js/social.2d2e44e8608690943f29.bundle.min.js HTTP/1.1" 200 1433 "https://www.ksjh.ilc.edu.tw/" "Mozilla/5.0 (iPhone; CPU iPhone OS 18_7 like Mac OS X) AppleWebKit/605.1.15 (KHTML, like Gecko) Version/26.6 Mobile/15E148 Safari/604.1"
2001:b400:e2a9:ad32:ed47:b9fd:40e6:845e - - [17/Aug/2026:18:03:42 +0800] "GET /wp-content/uploads/sites/50/2019/04/cropped-ks13fix1.png HTTP/1.1" 200 526100 "https://www.ksjh.ilc.edu.tw/" "Mozilla/5.0 (iPhone; CPU iPhone OS 18_7 like Mac OS X) AppleWebKit/605.1.15 (KHTML, like Gecko) Version/26.6 Mobile/15E148 Safari/604.1"
66.249.68.200 - - [17/Aug/2026:18:03:42 +0800] "POST /868/wp-json/ilc-summary/v1/popular-posts HTTP/1.1" 201 6052 "https://2blog.ilc.edu.tw/868/46902/" "Mozilla/5.0 (Linux; Android 6.0.1; Nexus 5X Build/MMB29P) AppleWebKit/537.36 (KHTML, like Gecko) Chrome/150.0.7871.186 Mobile Safari/537.36 (compatible; Googlebot/2.1; +http://www.google.com/bot.html)"
2001:288:a201::67:81 - - [17/Aug/2026:18:03:41 +0800] "POST /26150/2025/06/09/%E5%B9%B8%E7%A6%8F%E5%AE%B6%E5%BA%AD%E7%A9%BA%E4%B8%AD%E8%AC%9B%E5%A0%821140608%E5%AD%A9%E5%AD%90%E7%9A%84%E4%BF%9D%E9%9A%AA%E5%8F%8A%E7%90%86%E8%B2%A1%E8%A6%8F%E5%8A%83%E5%BB%96%E7%A7%80%E5%BE%AE/?fsm_edd_37394=06d4b0d5dbbea6d78bc8d86fbc6a64ef HTTP/1.1" 200 13010 "-" "WordPress/6.6.7; https://2blog.ilc.edu.tw/26150"
2001:b400:e297:782f:7826:9cb7:7c39:bb - - [17/Aug/2026:18:03:43 +0800] "GET /apple-touch-icon-precomposed.png HTTP/1.1" 404 77267 "-" "NetworkingExtension/8624.4.5.10.5 Network/5812.160.9 iOS/26.6"
2001:b400:e297:782f:7826:9cb7:7c39:bb - - [17/Aug/2026:18:03:43 +0800] "GET /favicon.ico HTTP/1.1" 302 5887 "-" "NetworkingExtension/8624.4.5.10.5 Network/5812.160.9 iOS/26.6"
2001:b400:e297:782f:7826:9cb7:7c39:bb - - [17/Aug/2026:18:03:43 +0800] "GET / HTTP/1.1" 200 20942 "-" "Mozilla/5.0 (Macintosh; Intel Mac OS X 10_11_1) AppleWebKit/601.2.4 (KHTML, like Gecko) Version/9.0.1 Safari/601.2.4 facebookexternalhit/1.1 Facebot Twitterbot/1.0"
2001:b400:e297:782f:7826:9cb7:7c39:bb - - [17/Aug/2026:18:03:43 +0800] "GET /apple-touch-icon.png HTTP/1.1" 404 77267 "-" "NetworkingExtension/8624.4.5.10.5 Network/5812.160.9 iOS/26.6"
2001:b400:e297:782f:7826:9cb7:7c39:bb - - [17/Aug/2026:18:03:43 +0800] "GET /wp-content/uploads/sites/3846/2023/05/cropped-%E6%95%99%E8%82%B2%E8%99%95logo-32x32.jpg HTTP/1.1" 200 1571 "-" "NetworkingExtension/8624.4.5.10.5 Network/5812.160.9 iOS/26.6"
2001:b400:e297:782f:7826:9cb7:7c39:bb - - [17/Aug/2026:18:03:43 +0800] "GET /wp-content/uploads/sites/1366/2024/02/%E6%A0%A1%E5%9C%92%E6%9C%8D%E5%8B%99.png HTTP/1.1" 200 67699 "-" "NetworkingExtension/8624.4.5.10.5 Network/5812.160.9 iOS/26.6"
2001:b400:e297:782f:7826:9cb7:7c39:bb - - [17/Aug/2026:18:03:43 +0800] "GET /wp-content/uploads/sites/1366/2024/02/%E9%83%A8%E8%90%BD%E6%A0%BC.png HTTP/1.1" 200 54277 "-" "NetworkingExtension/8624.4.5.10.5 Network/5812.160.9 iOS/26.6"
2001:b400:e297:782f:7826:9cb7:7c39:bb - - [17/Aug/2026:18:03:44 +0800] "GET /wp-content/uploads/sites/1366/2020/01/cropped-%E6%A0%A1%E5%BE%BD-192x192.jpg HTTP/1.1" 200 11406 "-" "NetworkingExtension/8624.4.5.10.5 Network/5812.160.9 iOS/26.6"
2001:b400:e297:782f:7826:9cb7:7c39:bb - - [17/Aug/2026:18:03:44 +0800] "GET /wp-content/uploads/sites/1366/2020/01/cropped-%E6%A0%A1%E5%BE%BD-180x180.jpg HTTP/1.1" 200 11031 "-" "NetworkingExtension/8624.4.5.10.5 Network/5812.160.9 iOS/26.6"
2001:b400:e297:782f:7826:9cb7:7c39:bb - - [17/Aug/2026:18:03:43 +0800] "GET / HTTP/1.1" 200 31640 "-" "Mozilla/5.0 (Macintosh; Intel Mac OS X 10_11_1) AppleWebKit/601.2.4 (KHTML, like Gecko) Version/9.0.1 Safari/601.2.4 facebookexternalhit/1.1 Facebot Twitterbot/1.0"
2001:b400:e297:782f:7826:9cb7:7c39:bb - - [17/Aug/2026:18:03:44 +0800] "GET /wp-content/uploads/sites/3846/2023/05/cropped-%E6%95%99%E8%82%B2%E8%99%95logo-192x192.jpg HTTP/1.1" 200 7684 "-" "NetworkingExtension/8624.4.5.10.5 Network/5812.160.9 iOS/26.6"
2001:b400:e297:782f:7826:9cb7:7c39:bb - - [17/Aug/2026:18:03:44 +0800] "GET /wp-content/uploads/sites/3846/2023/05/cropped-%E6%95%99%E8%82%B2%E8%99%95logo-32x32.jpg HTTP/1.1" 200 6362 "-" "NetworkingExtension/8624.4.5.10.5 Network/5812.160.9 iOS/26.6"
2001:b400:e2a9:ad32:ed47:b9fd:40e6:845e - - [17/Aug/2026:18:03:44 +0800] "GET /wp-content/uploads/sites/50/2019/04/cropped-ksnewlogo-192x192.png HTTP/1.1" 200 35157 "https://www.ksjh.ilc.edu.tw/" "Mozilla/5.0 (iPhone; CPU iPhone OS 18_7 like Mac OS X) AppleWebKit/605.1.15 (KHTML, like Gecko) Version/26.6 Mobile/15E148 Safari/604.1"
2001:b400:e297:782f:7826:9cb7:7c39:bb - - [17/Aug/2026:18:03:44 +0800] "GET /wp-content/uploads/sites/1366/2020/01/cropped-%E6%A0%A1%E5%BE%BD-32x32.jpg HTTP/1.1" 200 6737 "-" "NetworkingExtension/8624.4.5.10.5 Network/5812.160.9 iOS/26.6"
2001:b400:e297:782f:7826:9cb7:7c39:bb - - [17/Aug/2026:18:03:44 +0800] "GET /wp-content/uploads/sites/1366/2026/04/%E8%AA%B2%E7%A8%8B%E8%A8%88%E7%95%AB%E5%B0%88%E5%8D%80-19.png HTTP/1.1" 200 119594 "-" "NetworkingExtension/8624.4.5.10.5 Network/5812.160.9 iOS/26.6"
66.249.71.64 - - [17/Aug/2026:18:03:44 +0800] "GET /1909/2014/02/10/%E6%A5%B5%E5%9C%B0%E6%B8%A6%E6%97%8B/ HTTP/1.1" 200 23329 "-" "Mozilla/5.0 (Linux; Android 6.0.1; Nexus 5X Build/MMB29P) AppleWebKit/537.36 (KHTML, like Gecko) Chrome/150.0.7871.186 Mobile Safari/537.36 (compatible; Googlebot/2.1; +http://www.google.com/bot.html)"
2001:b400:e297:782f:7826:9cb7:7c39:bb - - [17/Aug/2026:18:03:44 +0800] "GET /wp-content/uploads/sites/3846/2023/05/cropped-%E6%95%99%E8%82%B2%E8%99%95logo-180x180.jpg HTTP/1.1" 200 11933 "-" "NetworkingExtension/8624.4.5.10.5 Network/5812.160.9 iOS/26.6"
2001:b400:e2a9:ad32:ed47:b9fd:40e6:845e - - [17/Aug/2026:18:03:44 +0800] "GET /wp-content/uploads/sites/50/2019/04/cropped-ksnewlogo-32x32.png HTTP/1.1" 200 7780 "https://www.ksjh.ilc.edu.tw/" "Mozilla/5.0 (iPhone; CPU iPhone OS 18_7 like Mac OS X) AppleWebKit/605.1.15 (KHTML, like Gecko) Version/26.6 Mobile/15E148 Safari/604.1"
140.111.67.10 - - [17/Aug/2026:18:03:45 +0800] "GET /" 301 273 "-" "-"
2001:288:a201::66:125 - - [17/Aug/2026:18:03:45 +0800] "GET /blog/active.php HTTP/1.1" 301 1026 "-" "-"
2001:288:a201::66:125 - - [17/Aug/2026:18:03:45 +0800] "GET /blog/active.php HTTP/1.1" 404 1084 "-" "-"
::1 - - [17/Aug/2026:18:03:46 +0800] "OPTIONS * HTTP/1.0" 200 110 "-" "Apache/2.4.68 (Ubuntu) OpenSSL/3.0.19 (internal dummy connection)"
2001:b400:e2aa:b5c5:6442:a6ff:fe81:9b5f - - [17/Aug/2026:18:03:47 +0800] "-" 408 339 "-" "-"
2001:b400:e2aa:b5c5:6442:a6ff:fe81:9b5f - - [17/Aug/2026:18:03:47 +0800] "-" 408 339 "-" "-"
66.249.71.64 - - [17/Aug/2026:18:03:45 +0800] "POST /26150/wp-json/ilc-summary/v1/popular-posts HTTP/1.1" 201 1269 "https://2blog.ilc.edu.tw/26150/2025/06/09/%E5%B9%B8%E7%A6%8F%E5%AE%B6%E5%BA%AD%E7%A9%BA%E4%B8%AD%E8%AC%9B%E5%A0%821140608%E5%AD%A9%E5%AD%90%E7%9A%84%E4%BF%9D%E9%9A%AA%E5%8F%8A%E7%90%86%E8%B2%A1%E8%A6%8F%E5%8A%83%E5%BB%96%E7%A7%80%E5%BE%AE/" "Mozilla/5.0 (Linux; Android 6.0.1; Nexus 5X Build/MMB29P) AppleWebKit/537.36 (KHTML, like Gecko) Chrome/150.0.7871.186 Mobile Safari/537.36 (compatible; GoogleOther)"
::1 - - [17/Aug/2026:18:03:47 +0800] "OPTIONS * HTTP/1.0" 200 110 "-" "Apache/2.4.68 (Ubuntu) OpenSSL/3.0.19 (internal dummy connection)"
::1 - - [17/Aug/2026:18:03:48 +0800] "OPTIONS * HTTP/1.0" 200 110 "-" "Apache/2.4.68 (Ubuntu) OpenSSL/3.0.19 (internal dummy connection)"
::1 - - [17/Aug/2026:18:03:49 +0800] "OPTIONS * HTTP/1.0" 200 110 "-" "Apache/2.4.68 (Ubuntu) OpenSSL/3.0.19 (internal dummy connection)"
66.249.68.200 - - [17/Aug/2026:18:03:49 +0800] "POST /868/wp-json/ilc-summary/v1/popular-posts HTTP/1.1" 201 6052 "https://2blog.ilc.edu.tw/868/44068/" "Mozilla/5.0 (Linux; Android 6.0.1; Nexus 5X Build/MMB29P) AppleWebKit/537.36 (KHTML, like Gecko) Chrome/150.0.7871.186 Mobile Safari/537.36 (compatible; Googlebot/2.1; +http://www.google.com/bot.html)"
140.111.67.10 - - [17/Aug/2026:18:03:50 +0800] "GET /" 301 273 "-" "-"
::1 - - [17/Aug/2026:18:03:50 +0800] "OPTIONS * HTTP/1.0" 200 110 "-" "Apache/2.4.68 (Ubuntu) OpenSSL/3.0.19 (internal dummy connection)"
2001:288:a201::66:125 - - [17/Aug/2026:18:03:50 +0800] "GET /blog/active.php HTTP/1.1" 404 1084 "-" "-"
2001:288:a201::66:125 - - [17/Aug/2026:18:03:50 +0800] "GET /blog/active.php HTTP/1.1" 301 1026 "-" "-"
66.249.68.200 - - [17/Aug/2026:18:03:50 +0800] "GET /babybaby/wp-content/uploads/sites/3902/2024/06/IMG_3731-300x225.jpg HTTP/1.1" 200 22242 "-" "GoogleOther-Image/1.0"
140.111.67.195 - - [17/Aug/2026:18:03:51 +0800] "GET /wp-admin/admin-post.php?action=steps_ad HTTP/1.1" 200 1973 "-" "node-fetch/1.0 (+https://github.com/bitinn/node-fetch)"
140.111.67.10 - - [17/Aug/2026:18:03:55 +0800] "GET /" 301 273 "-" "-"
2001:288:a201::66:125 - - [17/Aug/2026:18:03:55 +0800] "GET /blog/active.php HTTP/1.1" 301 1026 "-" "-"
2001:288:a201::66:125 - - [17/Aug/2026:18:03:55 +0800] "GET /blog/active.php HTTP/1.1" 404 1084 "-" "-"
::1 - - [17/Aug/2026:18:03:56 +0800] "OPTIONS * HTTP/1.0" 200 110 "-" "Apache/2.4.68 (Ubuntu) OpenSSL/3.0.19 (internal dummy connection)"
::1 - - [17/Aug/2026:18:03:57 +0800] "OPTIONS * HTTP/1.0" 200 110 "-" "Apache/2.4.68 (Ubuntu) OpenSSL/3.0.19 (internal dummy connection)"
140.111.67.10 - - [17/Aug/2026:18:04:00 +0800] "GET /" 301 273 "-" "-"
2001:b400:e489:b583:1554:a5c5:48be:683 - - [17/Aug/2026:18:04:00 +0800] "-" 408 339 "-" "-"
2001:b400:e489:b583:1554:a5c5:48be:683 - - [17/Aug/2026:18:04:00 +0800] "-" 408 339 "-" "-"
2001:288:a201::66:125 - - [17/Aug/2026:18:04:00 +0800] "GET /blog/active.php HTTP/1.1" 301 1026 "-" "-"
2001:288:a201::66:125 - - [17/Aug/2026:18:04:00 +0800] "GET /blog/active.php HTTP/1.1" 404 1084 "-" "-"
140.111.67.195 - - [17/Aug/2026:18:04:00 +0800] "GET /wp-admin/admin-post.php?action=steps_ad HTTP/1.1" 200 1973 "-" "node-fetch/1.0 (+https://github.com/bitinn/node-fetch)"
2001:288:a201::67:81 - - [17/Aug/2026:18:04:01 +0800] "GET / HTTP/1.1" 200 56293 "-" "curl/7.81.0"
66.249.68.136 - - [17/Aug/2026:18:04:00 +0800] "GET /wp-login.php?action=ilc_logout&_wpnonce=43754d0aad&redirect_to=http://katkovavideo.ru/creator/87122/ HTTP/1.1" 302 8253 "-" "Mozilla/5.0 (Linux; Android 6.0.1; Nexus 5X Build/MMB29P) AppleWebKit/537.36 (KHTML, like Gecko) Chrome/150.0.7871.186 Mobile Safari/537.36 (compatible; GoogleOther)"
66.249.68.192 - - [17/Aug/2026:18:04:02 +0800] "GET /3860/2014/12/26/%EF%BD%9E%EF%BD%9E%E7%9F%A5%E9%9F%B3%E9%9B%A3%E5%B0%8B%E3%80%81%E7%9F%A5%E5%B7%B1%E9%9B%A3%E8%A6%93%E3%80%81%E7%9F%A5%E5%BF%83%E9%9B%A3%E6%B1%82%EF%BD%9E%EF%BD%9E-%E3%80%8C%E7%9B%B8%E8%AD%98%E6%BB%BF/ HTTP/1.1" 200 30892 "-" "Mozilla/5.0 (Linux; Android 6.0.1; Nexus 5X Build/MMB29P) AppleWebKit/537.36 (KHTML, like Gecko) Chrome/150.0.7871.186 Mobile Safari/537.36 (compatible; Googlebot/2.1; +http://www.google.com/bot.html)"
140.111.67.10 - - [17/Aug/2026:18:04:05 +0800] "GET /" 301 273 "-" "-"
2001:288:a201::66:125 - - [17/Aug/2026:18:04:05 +0800] "GET /blog/active.php HTTP/1.1" 301 1026 "-" "-"
2001:288:a201::66:125 - - [17/Aug/2026:18:04:05 +0800] "GET /blog/active.php HTTP/1.1" 404 1084 "-" "-"
::1 - - [17/Aug/2026:18:04:07 +0800] "OPTIONS * HTTP/1.0" 200 110 "-" "Apache/2.4.68 (Ubuntu) OpenSSL/3.0.19 (internal dummy connection)"
::1 - - [17/Aug/2026:18:04:08 +0800] "OPTIONS * HTTP/1.0" 200 110 "-" "Apache/2.4.68 (Ubuntu) OpenSSL/3.0.19 (internal dummy connection)"
66.249.71.64 - - [17/Aug/2026:18:04:09 +0800] "GET /57/2010/09/09/990909%E8%BC%94%E5%B0%8E%E5%9C%98%E8%A8%8A%E6%81%AF/ HTTP/1.1" 200 15469 "-" "Mozilla/5.0 (Linux; Android 6.0.1; Nexus 5X Build/MMB29P) AppleWebKit/537.36 (KHTML, like Gecko) Chrome/150.0.7871.186 Mobile Safari/537.36 (compatible; GoogleOther)"
140.111.67.10 - - [17/Aug/2026:18:04:10 +0800] "GET /" 301 273 "-" "-"
2001:288:a201::66:125 - - [17/Aug/2026:18:04:10 +0800] "GET /blog/active.php HTTP/1.1" 301 1026 "-" "-"
2001:288:a201::66:125 - - [17/Aug/2026:18:04:10 +0800] "GET /blog/active.php HTTP/1.1" 404 1084 "-" "-"
66.249.68.200 - - [17/Aug/2026:18:04:11 +0800] "GET /57/wp-content/cache/2blog.ilc.edu.tw/wpfc-minified/3241oc8k/61me0.css HTTP/1.1" 200 45664 "https://2blog.ilc.edu.tw/57/2010/09/09/990909%E8%BC%94%E5%B0%8E%E5%9C%98%E8%A8%8A%E6%81%AF/" "Mozilla/5.0 (Linux; Android 6.0.1; Nexus 5X Build/MMB29P) AppleWebKit/537.36 (KHTML, like Gecko) Chrome/150.0.7871.186 Mobile Safari/537.36 (compatible; GoogleOther)"
66.249.68.200 - - [17/Aug/2026:18:04:12 +0800] "POST /1909/wp-json/ilc-summary/v1/popular-posts HTTP/1.1" 201 6052 "https://2blog.ilc.edu.tw/1909/2014/02/10/%E6%A5%B5%E5%9C%B0%E6%B8%A6%E6%97%8B/" "Mozilla/5.0 (Linux; Android 6.0.1; Nexus 5X Build/MMB29P) AppleWebKit/537.36 (KHTML, like Gecko) Chrome/150.0.7871.186 Mobile Safari/537.36 (compatible; Googlebot/2.1; +http://www.google.com/bot.html)"
140.111.67.10 - - [17/Aug/2026:18:04:15 +0800] "GET /" 301 273 "-" "-"
2001:288:a201::66:125 - - [17/Aug/2026:18:04:15 +0800] "GET /blog/active.php HTTP/1.1" 301 1026 "-" "-"
2001:288:a201::66:125 - - [17/Aug/2026:18:04:15 +0800] "GET /blog/active.php HTTP/1.1" 404 1084 "-" "-"
49.158.153.2 - - [17/Aug/2026:18:04:15 +0800] "GET /apple-touch-icon-precomposed.png HTTP/1.1" 404 89733 "-" "NetworkingExtension/8624.4.5.10.5 Network/5812.160.9 iOS/26.6"
49.158.153.2 - - [17/Aug/2026:18:04:15 +0800] "GET /favicon.ico HTTP/1.1" 302 5899 "-" "NetworkingExtension/8624.4.5.10.5 Network/5812.160.9 iOS/26.6"
49.158.153.2 - - [17/Aug/2026:18:04:16 +0800] "GET /wp-content/uploads/sites/1594/2020/07/cropped-%E5%9B%9B%E7%B5%90logo-32x32.png HTTP/1.1" 200 2737 "-" "NetworkingExtension/8624.4.5.10.5 Network/5812.160.9 iOS/26.6"
49.158.153.2 - - [17/Aug/2026:18:04:15 +0800] "GET /apple-touch-icon.png HTTP/1.1" 404 89733 "-" "NetworkingExtension/8624.4.5.10.5 Network/5812.160.9 iOS/26.6"
49.158.153.2 - - [17/Aug/2026:18:04:15 +0800] "GET / HTTP/1.1" 200 23926 "-" "Mozilla/5.0 (Macintosh; Intel Mac OS X 10_11_1) AppleWebKit/601.2.4 (KHTML, like Gecko) Version/9.0.1 Safari/601.2.4 facebookexternalhit/1.1 Facebot Twitterbot/1.0"
49.158.153.2 - - [17/Aug/2026:18:04:16 +0800] "GET /wp-content/uploads/sites/1594/2020/07/cropped-%E5%9B%9B%E7%B5%90logo-32x32.png HTTP/1.1" 200 7539 "-" "NetworkingExtension/8624.4.5.10.5 Network/5812.160.9 iOS/26.6"
49.158.153.2 - - [17/Aug/2026:18:04:16 +0800] "GET /wp-content/uploads/sites/1594/2020/07/cropped-%E5%9B%9B%E7%B5%90logo-192x192.png HTTP/1.1" 200 24000 "-" "NetworkingExtension/8624.4.5.10.5 Network/5812.160.9 iOS/26.6"
49.158.153.2 - - [17/Aug/2026:18:04:16 +0800] "GET /wp-content/uploads/sites/1594/2020/07/cropped-%E5%9B%9B%E7%B5%90logo-180x180.png HTTP/1.1" 200 32324 "-" "NetworkingExtension/8624.4.5.10.5 Network/5812.160.9 iOS/26.6"
2001:4860:7:410::f - - [17/Aug/2026:18:04:17 +0800] "GET /3860/2014/12/26/%EF%BD%9E%EF%BD%9E%E7%9F%A5%E9%9F%B3%E9%9B%A3%E5%B0%8B%E3%80%81%E7%9F%A5%E5%B7%B1%E9%9B%A3%E8%A6%93%E3%80%81%E7%9F%A5%E5%BF%83%E9%9B%A3%E6%B1%82%EF%BD%9E%EF%BD%9E-%E3%80%8C%E7%9B%B8%E8%AD%98%E6%BB%BF/ HTTP/1.1" 200 30546 "https://www.google.com/" "Mozilla/5.0 (Linux; Android 10; K) AppleWebKit/537.36 (KHTML, like Gecko) Chrome/148.0.0.0 Mobile Safari/537.36"
147.92.179.110 - - [17/Aug/2026:18:04:19 +0800] "GET /taiwanmilingual/2021056%E3%80%8A%E8%87%BA%E7%81%A3%E9%9B%99%E8%AA%9E%E6%95%99%E6%9D%90%E3%80%8B%E8%87%BA%E7%81%A3%E9%9B%99%E8%AA%9E%E6%B3%A8%E9%9F%B3%E7%AC%A6%E8%99%9F%E8%A1%A8%E4%B9%8B66%E9%9F%B3/ HTTP/1.1" 200 21182 "-" "facebookexternalhit/1.1;line-poker/1.0"
140.111.67.10 - - [17/Aug/2026:18:04:20 +0800] "GET /" 301 273 "-" "-"
34.236.41.241 - - [17/Aug/2026:18:04:20 +0800] "GET /39664/wp-content/uploads/sites/428/2022/03/110G4%E8%87%AA%E7%B2%BE-%E8%87%AA%E6%88%91DFC%E7%B2%BE%E9%81%B8sblog_38-300x225.jpg HTTP/1.1" 200 31375 "-" "Mozilla/5.0 AppleWebKit/537.36 (KHTML, like Gecko; compatible; Amazonbot/0.1; +https://developer.amazon.com/support/amazonbot) Chrome/119.0.6045.214 Safari/537.36"
2001:288:a201::66:125 - - [17/Aug/2026:18:04:20 +0800] "GET /blog/active.php HTTP/1.1" 301 1026 "-" "-"
66.249.68.136 - - [17/Aug/2026:18:04:18 +0800] "GET /wp-login.php?action=ilc_logout&_wpnonce=43754d0aad&redirect_to=http://elektr-on.ru/job/47806/ HTTP/1.1" 302 8246 "-" "Mozilla/5.0 (Linux; Android 6.0.1; Nexus 5X Build/MMB29P) AppleWebKit/537.36 (KHTML, like Gecko) Chrome/150.0.7871.186 Mobile Safari/537.36 (compatible; GoogleOther)"
2001:288:a201::66:125 - - [17/Aug/2026:18:04:20 +0800] "GET /blog/active.php HTTP/1.1" 404 1084 "-" "-"
66.249.68.200 - - [17/Aug/2026:18:04:21 +0800] "GET /57/wp-content/cache/2blog.ilc.edu.tw/wpfc-minified/l21249c7/61me0.js HTTP/1.1" 200 40338 "https://2blog.ilc.edu.tw/57/2010/09/09/990909%E8%BC%94%E5%B0%8E%E5%9C%98%E8%A8%8A%E6%81%AF/" "Mozilla/5.0 (Linux; Android 6.0.1; Nexus 5X Build/MMB29P) AppleWebKit/537.36 (KHTML, like Gecko) Chrome/150.0.7871.186 Mobile Safari/537.36 (compatible; GoogleOther)"
2001:b011:7807:5976:d38d:606a:19f9:7b73 - - [17/Aug/2026:18:04:22 +0800] "GET /wp-content/uploads/sites/1336/2021/09/green.jpg HTTP/1.1" 200 75445 "https://www.sses.ilc.edu.tw/" "Mozilla/5.0 (Linux; Android 10; K) AppleWebKit/537.36 (KHTML, like Gecko) Chrome/151.0.0.0 Mobile Safari/537.36"
140.111.67.10 - - [17/Aug/2026:18:04:25 +0800] "GET /" 301 273 "-" "-"
2001:288:a201::66:125 - - [17/Aug/2026:18:04:25 +0800] "GET /blog/active.php HTTP/1.1" 301 1026 "-" "-"
2001:288:a201::66:125 - - [17/Aug/2026:18:04:25 +0800] "GET /blog/active.php HTTP/1.1" 404 1084 "-" "-"
66.249.68.136 - - [17/Aug/2026:18:04:23 +0800] "GET /?page_id=209 HTTP/1.1" 200 26197 "-" "Mozilla/5.0 (Linux; Android 6.0.1; Nexus 5X Build/MMB29P) AppleWebKit/537.36 (KHTML, like Gecko) Chrome/150.0.7871.186 Mobile Safari/537.36 (compatible; Googlebot/2.1; +http://www.google.com/bot.html)"
35.170.205.140 - - [17/Aug/2026:18:04:29 +0800] "GET /funzone/category/c-12143/c-76473/feed/ HTTP/1.1" 200 11226 "-" "Mozilla/5.0 AppleWebKit/537.36 (KHTML, like Gecko; compatible; Amazonbot/0.1; +https://developer.amazon.com/support/amazonbot) Chrome/119.0.6045.214 Safari/537.36"
140.111.67.10 - - [17/Aug/2026:18:04:30 +0800] "GET /" 301 273 "-" "-"
2001:288:a201::66:125 - - [17/Aug/2026:18:04:30 +0800] "GET /blog/active.php HTTP/1.1" 301 1026 "-" "-"
2001:288:a201::66:125 - - [17/Aug/2026:18:04:30 +0800] "GET /blog/active.php HTTP/1.1" 404 1084 "-" "-"
66.249.68.200 - - [17/Aug/2026:18:04:32 +0800] "GET /57/wp-content/themes/dara/assets/js/skip-link-focus-fix.js HTTP/1.1" 200 6076 "https://2blog.ilc.edu.tw/57/2010/09/09/990909%E8%BC%94%E5%B0%8E%E5%9C%98%E8%A8%8A%E6%81%AF/" "Mozilla/5.0 (Linux; Android 6.0.1; Nexus 5X Build/MMB29P) AppleWebKit/537.36 (KHTML, like Gecko) Chrome/150.0.7871.186 Mobile Safari/537.36 (compatible; GoogleOther)"
211.22.184.58 - - [17/Aug/2026:18:04:34 +0800] "HEAD /1003/feed/ HTTP/1.1" 200 5453 "-" "Mozilla/5.0 (Windows NT 6.1) AppleWebKit/538.1 (KHTML, like Gecko) QuiteRSS/0.18.12 Safari/538.1"
140.111.67.10 - - [17/Aug/2026:18:04:35 +0800] "GET /" 301 273 "-" "-"
2001:288:a201::66:125 - - [17/Aug/2026:18:04:35 +0800] "GET /blog/active.php HTTP/1.1" 404 1084 "-" "-"
2001:288:a201::66:125 - - [17/Aug/2026:18:04:35 +0800] "GET /blog/active.php HTTP/1.1" 301 1026 "-" "-"
120.101.128.253 - - [17/Aug/2026:18:04:37 +0800] "-" 408 4791 "-" "-"
140.111.67.10 - - [17/Aug/2026:18:04:40 +0800] "GET /" 301 273 "-" "-"
66.249.71.64 - - [17/Aug/2026:18:04:40 +0800] "GET /tcesinfo/category/win10/ HTTP/1.1" 200 16349 "-" "Mozilla/5.0 (compatible; Googlebot/2.1; +http://www.google.com/bot.html)"
2001:288:a201::66:125 - - [17/Aug/2026:18:04:40 +0800] "GET /blog/active.php HTTP/1.1" 404 1084 "-" "-"
2001:b011:7803:1774:eff6:c812:6c3c:e675 - - [17/Aug/2026:18:04:40 +0800] "GET /wp-content/uploads/sites/411/2026/06/%E5%AD%B8%E6%A0%A1LED%E7%9C%8B%E6%9D%BF-1.png HTTP/1.1" 304 5593 "https://www.ltjh.ilc.edu.tw/" "Mozilla/5.0 (Linux; Android 10; K) AppleWebKit/537.36 (KHTML, like Gecko) Chrome/151.0.0.0 Mobile Safari/537.36"
2001:b011:7803:1774:eff6:c812:6c3c:e675 - - [17/Aug/2026:18:04:40 +0800] "GET /wp-content/uploads/sites/411/2026/06/4-768x528.jpg HTTP/1.1" 304 5593 "https://www.ltjh.ilc.edu.tw/" "Mozilla/5.0 (Linux; Android 10; K) AppleWebKit/537.36 (KHTML, like Gecko) Chrome/151.0.0.0 Mobile Safari/537.36"
2001:b011:7803:1774:eff6:c812:6c3c:e675 - - [17/Aug/2026:18:04:40 +0800] "GET /wp-content/uploads/sites/411/2026/06/6-768x528.jpg HTTP/1.1" 304 5593 "https://www.ltjh.ilc.edu.tw/" "Mozilla/5.0 (Linux; Android 10; K) AppleWebKit/537.36 (KHTML, like Gecko) Chrome/151.0.0.0 Mobile Safari/537.36"
2001:288:a201::66:125 - - [17/Aug/2026:18:04:40 +0800] "GET /blog/active.php HTTP/1.1" 301 1026 "-" "-"
2001:b011:7803:1774:eff6:c812:6c3c:e675 - - [17/Aug/2026:18:04:40 +0800] "GET /wp-content/uploads/sites/411/2026/06/3-768x528.jpg HTTP/1.1" 304 790 "https://www.ltjh.ilc.edu.tw/" "Mozilla/5.0 (Linux; Android 10; K) AppleWebKit/537.36 (KHTML, like Gecko) Chrome/151.0.0.0 Mobile Safari/537.36"
2001:b011:7803:1774:eff6:c812:6c3c:e675 - - [17/Aug/2026:18:04:40 +0800] "GET /wp-content/uploads/sites/411/2026/06/7-768x528.jpg HTTP/1.1" 304 790 "https://www.ltjh.ilc.edu.tw/" "Mozilla/5.0 (Linux; Android 10; K) AppleWebKit/537.36 (KHTML, like Gecko) Chrome/151.0.0.0 Mobile Safari/537.36"
2001:b011:7803:1774:eff6:c812:6c3c:e675 - - [17/Aug/2026:18:04:40 +0800] "GET /wp-content/uploads/sites/411/2026/06/8-768x528.jpg HTTP/1.1" 304 790 "https://www.ltjh.ilc.edu.tw/" "Mozilla/5.0 (Linux; Android 10; K) AppleWebKit/537.36 (KHTML, like Gecko) Chrome/151.0.0.0 Mobile Safari/537.36"
2001:b011:7803:1774:eff6:c812:6c3c:e675 - - [17/Aug/2026:18:04:40 +0800] "GET /wp-content/uploads/sites/411/2026/06/9-768x528.jpg HTTP/1.1" 304 790 "https://www.ltjh.ilc.edu.tw/" "Mozilla/5.0 (Linux; Android 10; K) AppleWebKit/537.36 (KHTML, like Gecko) Chrome/151.0.0.0 Mobile Safari/537.36"
2001:b011:7803:1774:eff6:c812:6c3c:e675 - - [17/Aug/2026:18:04:40 +0800] "GET /wp-content/uploads/sites/411/2026/06/10-768x528.jpg HTTP/1.1" 304 790 "https://www.ltjh.ilc.edu.tw/" "Mozilla/5.0 (Linux; Android 10; K) AppleWebKit/537.36 (KHTML, like Gecko) Chrome/151.0.0.0 Mobile Safari/537.36"
39.12.106.59 - - [17/Aug/2026:18:04:41 +0800] "GET / HTTP/1.1" 200 30185 "https://www.google.com/" "Mozilla/5.0 (Linux; Android 10; K) AppleWebKit/537.36 (KHTML, like Gecko) Chrome/151.0.0.0 Mobile Safari/537.36"
39.12.106.59 - - [17/Aug/2026:18:04:41 +0800] "GET /wp-content/cache/www.csjh.ilc.edu.tw/wpfc-minified/6wb17dsj/7160.css HTTP/1.1" 200 5959 "https://www.csjh.ilc.edu.tw/" "Mozilla/5.0 (Linux; Android 10; K) AppleWebKit/537.36 (KHTML, like Gecko) Chrome/151.0.0.0 Mobile Safari/537.36"
39.12.106.59 - - [17/Aug/2026:18:04:41 +0800] "GET /wp-content/cache/www.csjh.ilc.edu.tw/wpfc-minified/8tosrx9w/7160.css HTTP/1.1" 200 40884 "https://www.csjh.ilc.edu.tw/" "Mozilla/5.0 (Linux; Android 10; K) AppleWebKit/537.36 (KHTML, like Gecko) Chrome/151.0.0.0 Mobile Safari/537.36"
39.12.106.59 - - [17/Aug/2026:18:04:41 +0800] "GET /wp-content/uploads/sites/980/elementor/css/post-2127.css HTTP/1.1" 200 1608 "https://www.csjh.ilc.edu.tw/" "Mozilla/5.0 (Linux; Android 10; K) AppleWebKit/537.36 (KHTML, like Gecko) Chrome/151.0.0.0 Mobile Safari/537.36"
39.12.106.59 - - [17/Aug/2026:18:04:41 +0800] "GET /wp-content/cache/www.csjh.ilc.edu.tw/wpfc-minified/lnsd0whl/7160.css HTTP/1.1" 200 34099 "https://www.csjh.ilc.edu.tw/" "Mozilla/5.0 (Linux; Android 10; K) AppleWebKit/537.36 (KHTML, like Gecko) Chrome/151.0.0.0 Mobile Safari/537.36"
39.12.106.59 - - [17/Aug/2026:18:04:41 +0800] "GET /wp-content/cache/www.csjh.ilc.edu.tw/wpfc-minified/1z16c07/7160.css HTTP/1.1" 200 53736 "https://www.csjh.ilc.edu.tw/" "Mozilla/5.0 (Linux; Android 10; K) AppleWebKit/537.36 (KHTML, like Gecko) Chrome/151.0.0.0 Mobile Safari/537.36"
39.12.106.59 - - [17/Aug/2026:18:04:41 +0800] "GET /wp-content/cache/www.csjh.ilc.edu.tw/wpfc-minified/9639mew6/789g.css HTTP/1.1" 200 72156 "https://www.csjh.ilc.edu.tw/" "Mozilla/5.0 (Linux; Android 10; K) AppleWebKit/537.36 (KHTML, like Gecko) Chrome/151.0.0.0 Mobile Safari/537.36"
39.12.106.59 - - [17/Aug/2026:18:04:41 +0800] "GET /wp-content/cache/www.csjh.ilc.edu.tw/wpfc-minified/1rmg42b/7161.js HTTP/1.1" 200 5166 "https://www.csjh.ilc.edu.tw/" "Mozilla/5.0 (Linux; Android 10; K) AppleWebKit/537.36 (KHTML, like Gecko) Chrome/151.0.0.0 Mobile Safari/537.36"
39.12.106.59 - - [17/Aug/2026:18:04:41 +0800] "GET /wp-content/cache/www.csjh.ilc.edu.tw/wpfc-minified/2dy3gs0b/7161.js HTTP/1.1" 200 35558 "https://www.csjh.ilc.edu.tw/" "Mozilla/5.0 (Linux; Android 10; K) AppleWebKit/537.36 (KHTML, like Gecko) Chrome/151.0.0.0 Mobile Safari/537.36"
39.12.106.59 - - [17/Aug/2026:18:04:41 +0800] "GET /wp-content/uploads/sites/980/2023/01/%E5%AD%B8%E6%A0%A1%E5%8F%A3%E8%99%9F-768x115.png HTTP/1.1" 200 45756 "https://www.csjh.ilc.edu.tw/" "Mozilla/5.0 (Linux; Android 10; K) AppleWebKit/537.36 (KHTML, like Gecko) Chrome/151.0.0.0 Mobile Safari/537.36"
2001:b011:7803:1774:eff6:c812:6c3c:e675 - - [17/Aug/2026:18:04:40 +0800] "GET /wp-content/uploads/sites/411/2026/08/1150729_%E6%97%85%E9%81%8A%E8%B6%A3-1-768x432.png HTTP/1.1" 200 677664 "https://www.ltjh.ilc.edu.tw/" "Mozilla/5.0 (Linux; Android 10; K) AppleWebKit/537.36 (KHTML, like Gecko) Chrome/151.0.0.0 Mobile Safari/537.36"
2001:b011:7807:5976:d38d:606a:19f9:7b73 - - [17/Aug/2026:18:04:42 +0800] "-" 408 339 "-" "-"
39.12.106.59 - - [17/Aug/2026:18:04:42 +0800] "GET /wp-content/plugins/elementor/assets/lib/eicons/fonts/eicons.woff2?5.30.0 HTTP/1.1" 200 103027 "https://www.csjh.ilc.edu.tw/wp-content/cache/www.csjh.ilc.edu.tw/wpfc-minified/lnsd0whl/7160.css" "Mozilla/5.0 (Linux; Android 10; K) AppleWebKit/537.36 (KHTML, like Gecko) Chrome/151.0.0.0 Mobile Safari/537.36"
39.12.106.59 - - [17/Aug/2026:18:04:42 +0800] "GET /wp-content/plugins/elementor/assets/lib/font-awesome/webfonts/fa-solid-900.woff2 HTTP/1.1" 200 84025 "https://www.csjh.ilc.edu.tw/wp-content/cache/www.csjh.ilc.edu.tw/wpfc-minified/9639mew6/789g.css" "Mozilla/5.0 (Linux; Android 10; K) AppleWebKit/537.36 (KHTML, like Gecko) Chrome/151.0.0.0 Mobile Safari/537.36"
39.12.106.59 - - [17/Aug/2026:18:04:41 +0800] "GET /wp-content/uploads/sites/980/2020/03/%E9%A6%96%E9%A0%81%E6%A8%99%E8%AA%8C6.png HTTP/1.1" 200 9824 "https://www.csjh.ilc.edu.tw/" "Mozilla/5.0 (Linux; Android 10; K) AppleWebKit/537.36 (KHTML, like Gecko) Chrome/151.0.0.0 Mobile Safari/537.36"
39.12.106.59 - - [17/Aug/2026:18:04:42 +0800] "GET /wp-content/uploads/sites/980/2026/04/%E6%A0%A1%E7%B6%B2%E9%A6%96%E9%A0%81%E5%85%AC%E5%91%8A%E5%9C%96-800-x-600-px-8-768x576.png HTTP/1.1" 200 117386 "https://www.csjh.ilc.edu.tw/" "Mozilla/5.0 (Linux; Android 10; K) AppleWebKit/537.36 (KHTML, like Gecko) Chrome/151.0.0.0 Mobile Safari/537.36"
39.12.106.59 - - [17/Aug/2026:18:04:42 +0800] "GET /wp-content/uploads/sites/980/2026/07/%E6%A0%A1%E7%B6%B2%E9%A6%96%E9%A0%81%E5%85%AC%E5%91%8A%E5%9C%96-800-x-600-px-9-768x576.png HTTP/1.1" 200 112590 "https://www.csjh.ilc.edu.tw/" "Mozilla/5.0 (Linux; Android 10; K) AppleWebKit/537.36 (KHTML, like Gecko) Chrome/151.0.0.0 Mobile Safari/537.36"
39.12.106.59 - - [17/Aug/2026:18:04:42 +0800] "GET /wp-content/uploads/sites/980/2026/08/1650250-768x1152.jpg HTTP/1.1" 200 211267 "https://www.csjh.ilc.edu.tw/" "Mozilla/5.0 (Linux; Android 10; K) AppleWebKit/537.36 (KHTML, like Gecko) Chrome/151.0.0.0 Mobile Safari/537.36"
66.249.68.136 - - [17/Aug/2026:18:04:41 +0800] "GET /wp-login.php?action=ilc_logout&_wpnonce=43754d0aad&redirect_to=http://master-service-chel.ru/join/14089/ HTTP/1.1" 302 8257 "-" "Mozilla/5.0 (compatible; Googlebot/2.1; +http://www.google.com/bot.html)"
39.12.106.59 - - [17/Aug/2026:18:04:43 +0800] "GET /wp-content/plugins/elementor/assets/lib/font-awesome/webfonts/fa-brands-400.woff2 HTTP/1.1" 200 82661 "https://www.csjh.ilc.edu.tw/wp-content/cache/www.csjh.ilc.edu.tw/wpfc-minified/9639mew6/789g.css" "Mozilla/5.0 (Linux; Android 10; K) AppleWebKit/537.36 (KHTML, like Gecko) Chrome/151.0.0.0 Mobile Safari/537.36"
39.12.106.59 - - [17/Aug/2026:18:04:43 +0800] "GET /wp-content/uploads/sites/980/2025/06/%E5%AE%9C%E8%98%AD%E7%B8%A3%E7%AB%8B%E7%A4%81%E6%BA%AA%E5%9C%8B%E6%B0%91%E4%B8%AD%E5%AD%B8-1.png HTTP/1.1" 200 726768 "https://www.csjh.ilc.edu.tw/" "Mozilla/5.0 (Linux; Android 10; K) AppleWebKit/537.36 (KHTML, like Gecko) Chrome/151.0.0.0 Mobile Safari/537.36"
39.12.106.59 - - [17/Aug/2026:18:04:43 +0800] "GET /wp-content/uploads/sites/980/elementor/css/post-1985.css HTTP/1.1" 200 1068 "https://www.csjh.ilc.edu.tw/" "Mozilla/5.0 (Linux; Android 10; K) AppleWebKit/537.36 (KHTML, like Gecko) Chrome/151.0.0.0 Mobile Safari/537.36"
39.12.106.59 - - [17/Aug/2026:18:04:43 +0800] "GET /wp-content/uploads/sites/980/elementor/css/post-3463.css HTTP/1.1" 200 1374 "https://www.csjh.ilc.edu.tw/" "Mozilla/5.0 (Linux; Android 10; K) AppleWebKit/537.36 (KHTML, like Gecko) Chrome/151.0.0.0 Mobile Safari/537.36"
66.249.79.166 - - [17/Aug/2026:18:04:43 +0800] "GET /wp-content/uploads/sites/1444/2020/07/DSC_3336-scaled.jpg HTTP/1.1" 200 347022 "-" "Googlebot-Image/1.0"
39.12.106.59 - - [17/Aug/2026:18:04:44 +0800] "GET /wp-content/uploads/sites/980/elementor/css/post-323.css HTTP/1.1" 200 1212 "https://www.csjh.ilc.edu.tw/" "Mozilla/5.0 (Linux; Android 10; K) AppleWebKit/537.36 (KHTML, like Gecko) Chrome/151.0.0.0 Mobile Safari/537.36"
66.249.68.200 - - [17/Aug/2026:18:04:44 +0800] "GET /wp-content/uploads/sites/2724/6450/6450-2801679.doc HTTP/1.1" 200 175505 "-" "Mozilla/5.0 (Linux; Android 6.0.1; Nexus 5X Build/MMB29P) AppleWebKit/537.36 (KHTML, like Gecko) Chrome/150.0.7871.186 Mobile Safari/537.36 (compatible; Googlebot/2.1; +http://www.google.com/bot.html)"
140.111.67.10 - - [17/Aug/2026:18:04:45 +0800] "GET /" 301 273 "-" "-"
35.172.125.172 - - [17/Aug/2026:18:04:45 +0800] "GET /39664/wp-content/uploads/sites/428/2022/03/110G4%E8%87%AA%E7%B2%BE-%E8%87%AA%E6%88%91DFC%E7%B2%BE%E9%81%B8sblog_09-300x225.jpg HTTP/1.1" 200 37547 "-" "Mozilla/5.0 AppleWebKit/537.36 (KHTML, like Gecko; compatible; Amazonbot/0.1; +https://developer.amazon.com/support/amazonbot) Chrome/119.0.6045.214 Safari/537.36"
147.92.179.110 - - [17/Aug/2026:18:04:45 +0800] "GET /?fbclid=IwdGRjcAQt5bpleHRuA2FlbQIxMQBzcnRjBmFwcF9pZAo2NjI4NTY4Mzc5AAEebJrrcajCe68tRxaZGJWr7bCr5vifaUTgThuRBIAyCwrBu13UsIirkLHDgOw_aem_-5PDA1muBGe3-U032UQomw HTTP/1.1" 200 12560 "-" "facebookexternalhit/1.1;line-poker/1.0"
39.12.106.59 - - [17/Aug/2026:18:04:45 +0800] "GET /wp-content/uploads/sites/980/elementor/css/post-618.css HTTP/1.1" 200 962 "https://www.csjh.ilc.edu.tw/" "Mozilla/5.0 (Linux; Android 10; K) AppleWebKit/537.36 (KHTML, like Gecko) Chrome/151.0.0.0 Mobile Safari/537.36"
2001:288:a201::66:125 - - [17/Aug/2026:18:04:45 +0800] "GET /blog/active.php HTTP/1.1" 404 1084 "-" "-"
2001:288:a201::66:125 - - [17/Aug/2026:18:04:45 +0800] "GET /blog/active.php HTTP/1.1" 301 1026 "-" "-"
52.167.144.209 - - [17/Aug/2026:18:04:45 +0800] "GET /1003/?s=%E6%BB%91%E9%BC%A0%E5%A2%8A HTTP/1.1" 200 13768 "-" "Mozilla/5.0 AppleWebKit/537.36 (KHTML, like Gecko; compatible; bingbot/2.0; +http://www.bing.com/bingbot.htm) Chrome/116.0.1938.76 Safari/537.36"
39.12.106.59 - - [17/Aug/2026:18:04:46 +0800] "GET /wp-content/uploads/sites/980/elementor/css/post-641.css HTTP/1.1" 200 949 "https://www.csjh.ilc.edu.tw/" "Mozilla/5.0 (Linux; Android 10; K) AppleWebKit/537.36 (KHTML, like Gecko) Chrome/151.0.0.0 Mobile Safari/537.36"
39.12.106.59 - - [17/Aug/2026:18:04:46 +0800] "GET /wp-content/uploads/sites/980/elementor/css/post-622.css HTTP/1.1" 200 1061 "https://www.csjh.ilc.edu.tw/" "Mozilla/5.0 (Linux; Android 10; K) AppleWebKit/537.36 (KHTML, like Gecko) Chrome/151.0.0.0 Mobile Safari/537.36"
118.169.142.139 - - [17/Aug/2026:18:04:46 +0800] "GET / HTTP/1.1" 200 31593 "-" "Mozilla/5.0 (Windows NT 10.0; Win64; x64) AppleWebKit/537.36 (KHTML, like Gecko) Chrome/151.0.0.0 Safari/537.36"
118.169.142.139 - - [17/Aug/2026:18:04:46 +0800] "GET /wp-content/cache/www.ilc.edu.tw/wpfc-minified/sz1rpuo/8141l.css HTTP/1.1" 200 40885 "https://www.ilc.edu.tw/" "Mozilla/5.0 (Windows NT 10.0; Win64; x64) AppleWebKit/537.36 (KHTML, like Gecko) Chrome/151.0.0.0 Safari/537.36"
118.169.142.139 - - [17/Aug/2026:18:04:46 +0800] "GET /wp-content/cache/www.ilc.edu.tw/wpfc-minified/7ihu9bns/8141l.css HTTP/1.1" 200 5952 "https://www.ilc.edu.tw/" "Mozilla/5.0 (Windows NT 10.0; Win64; x64) AppleWebKit/537.36 (KHTML, like Gecko) Chrome/151.0.0.0 Safari/537.36"
118.169.142.139 - - [17/Aug/2026:18:04:46 +0800] "GET /wp-content/uploads/sites/3846/elementor/css/post-3.css HTTP/1.1" 200 1299 "https://www.ilc.edu.tw/" "Mozilla/5.0 (Windows NT 10.0; Win64; x64) AppleWebKit/537.36 (KHTML, like Gecko) Chrome/151.0.0.0 Safari/537.36"
118.169.142.139 - - [17/Aug/2026:18:04:46 +0800] "GET /wp-content/uploads/sites/3846/elementor/css/post-19.css HTTP/1.1" 200 6463 "https://www.ilc.edu.tw/" "Mozilla/5.0 (Windows NT 10.0; Win64; x64) AppleWebKit/537.36 (KHTML, like Gecko) Chrome/151.0.0.0 Safari/537.36"
118.169.142.139 - - [17/Aug/2026:18:04:46 +0800] "GET /wp-content/cache/www.ilc.edu.tw/wpfc-minified/2encr51g/8141l.css HTTP/1.1" 200 10823 "https://www.ilc.edu.tw/" "Mozilla/5.0 (Windows NT 10.0; Win64; x64) AppleWebKit/537.36 (KHTML, like Gecko) Chrome/151.0.0.0 Safari/537.36"
118.169.142.139 - - [17/Aug/2026:18:04:46 +0800] "GET /wp-content/uploads/sites/3846/2023/05/%E9%A6%96%E9%A0%81%E5%B0%8F%E6%A8%99_%E5%BD%B1%E9%9F%B3.png HTTP/1.1" 200 7253 "https://www.ilc.edu.tw/" "Mozilla/5.0 (Windows NT 10.0; Win64; x64) AppleWebKit/537.36 (KHTML, like Gecko) Chrome/151.0.0.0 Safari/537.36"
118.169.142.139 - - [17/Aug/2026:18:04:46 +0800] "GET /wp-content/cache/www.ilc.edu.tw/wpfc-minified/difb1vbs/8141l.js HTTP/1.1" 200 40340 "https://www.ilc.edu.tw/" "Mozilla/5.0 (Windows NT 10.0; Win64; x64) AppleWebKit/537.36 (KHTML, like Gecko) Chrome/151.0.0.0 Safari/537.36"
118.169.142.139 - - [17/Aug/2026:18:04:46 +0800] "GET /wp-content/cache/www.ilc.edu.tw/wpfc-minified/fdlul8k0/8141l.css HTTP/1.1" 200 80097 "https://www.ilc.edu.tw/" "Mozilla/5.0 (Windows NT 10.0; Win64; x64) AppleWebKit/537.36 (KHTML, like Gecko) Chrome/151.0.0.0 Safari/537.36"
118.169.142.139 - - [17/Aug/2026:18:04:46 +0800] "GET /wp-content/cache/www.ilc.edu.tw/wpfc-minified/21kp93v9/8141l.css HTTP/1.1" 200 4167 "https://www.ilc.edu.tw/" "Mozilla/5.0 (Windows NT 10.0; Win64; x64) AppleWebKit/537.36 (KHTML, like Gecko) Chrome/151.0.0.0 Safari/537.36"
118.169.142.139 - - [17/Aug/2026:18:04:46 +0800] "GET /wp-content/uploads/sites/3846/2026/05/05bfd164-030e-448f-b83b-37c7dcb01eec.png HTTP/1.1" 200 3476 "https://www.ilc.edu.tw/" "Mozilla/5.0 (Windows NT 10.0; Win64; x64) AppleWebKit/537.36 (KHTML, like Gecko) Chrome/151.0.0.0 Safari/537.36"
39.12.106.59 - - [17/Aug/2026:18:04:46 +0800] "GET /wp-content/uploads/sites/980/elementor/css/post-651.css HTTP/1.1" 200 939 "https://www.csjh.ilc.edu.tw/" "Mozilla/5.0 (Linux; Android 10; K) AppleWebKit/537.36 (KHTML, like Gecko) Chrome/151.0.0.0 Mobile Safari/537.36"
118.169.142.139 - - [17/Aug/2026:18:04:46 +0800] "GET /wp-includes/js/hoverintent-js.min.js HTTP/1.1" 200 1597 "https://www.ilc.edu.tw/" "Mozilla/5.0 (Windows NT 10.0; Win64; x64) AppleWebKit/537.36 (KHTML, like Gecko) Chrome/151.0.0.0 Safari/537.36"
118.169.142.139 - - [17/Aug/2026:18:04:46 +0800] "GET /wp-includes/js/admin-bar.min.js HTTP/1.1" 200 2237 "https://www.ilc.edu.tw/" "Mozilla/5.0 (Windows NT 10.0; Win64; x64) AppleWebKit/537.36 (KHTML, like Gecko) Chrome/151.0.0.0 Safari/537.36"
118.169.142.139 - - [17/Aug/2026:18:04:46 +0800] "GET /wp-content/themes/oceanwp/assets/js/ow-lightbox.min.js HTTP/1.1" 200 2321 "https://www.ilc.edu.tw/" "Mozilla/5.0 (Windows NT 10.0; Win64; x64) AppleWebKit/537.36 (KHTML, like Gecko) Chrome/151.0.0.0 Safari/537.36"
118.169.142.139 - - [17/Aug/2026:18:04:46 +0800] "GET /wp-content/themes/oceanwp/assets/js/drop-down-mobile-menu.min.js HTTP/1.1" 200 4663 "https://www.ilc.edu.tw/" "Mozilla/5.0 (Windows NT 10.0; Win64; x64) AppleWebKit/537.36 (KHTML, like Gecko) Chrome/151.0.0.0 Safari/537.36"
118.169.142.139 - - [17/Aug/2026:18:04:46 +0800] "GET /wp-includes/js/imagesloaded.min.js HTTP/1.1" 200 2683 "https://www.ilc.edu.tw/" "Mozilla/5.0 (Windows NT 10.0; Win64; x64) AppleWebKit/537.36 (KHTML, like Gecko) Chrome/151.0.0.0 Safari/537.36"
118.169.142.139 - - [17/Aug/2026:18:04:46 +0800] "GET /wp-content/themes/oceanwp/assets/js/vendors/magnific-popup.min.js HTTP/1.1" 200 8270 "https://www.ilc.edu.tw/" "Mozilla/5.0 (Windows NT 10.0; Win64; x64) AppleWebKit/537.36 (KHTML, like Gecko) Chrome/151.0.0.0 Safari/537.36"
118.169.142.139 - - [17/Aug/2026:18:04:46 +0800] "GET /wp-content/themes/oceanwp/assets/js/theme.min.js HTTP/1.1" 200 5130 "https://www.ilc.edu.tw/" "Mozilla/5.0 (Windows NT 10.0; Win64; x64) AppleWebKit/537.36 (KHTML, like Gecko) Chrome/151.0.0.0 Safari/537.36"
118.169.142.139 - - [17/Aug/2026:18:04:46 +0800] "GET /wp-content/themes/oceanwp/assets/js/vendors/flickity.pkgd.min.js HTTP/1.1" 200 15048 "https://www.ilc.edu.tw/" "Mozilla/5.0 (Windows NT 10.0; Win64; x64) AppleWebKit/537.36 (KHTML, like Gecko) Chrome/151.0.0.0 Safari/537.36"
39.12.106.59 - - [17/Aug/2026:18:04:46 +0800] "GET /wp-content/cache/www.csjh.ilc.edu.tw/wpfc-minified/dpz4nko1/7160.css HTTP/1.1" 200 13965 "https://www.csjh.ilc.edu.tw/" "Mozilla/5.0 (Linux; Android 10; K) AppleWebKit/537.36 (KHTML, like Gecko) Chrome/151.0.0.0 Mobile Safari/537.36"
66.249.68.200 - - [17/Aug/2026:18:04:46 +0800] "GET /babybaby/wp-content/uploads/sites/3902/2024/06/IMG_3205-300x225.jpg HTTP/1.1" 200 18504 "-" "GoogleOther-Image/1.0"
118.169.142.139 - - [17/Aug/2026:18:04:46 +0800] "GET /wp-content/themes/oceanwp/assets/js/ow-slider.min.js HTTP/1.1" 200 1761 "https://www.ilc.edu.tw/" "Mozilla/5.0 (Windows NT 10.0; Win64; x64) AppleWebKit/537.36 (KHTML, like Gecko) Chrome/151.0.0.0 Safari/537.36"
118.169.142.139 - - [17/Aug/2026:18:04:46 +0800] "GET /wp-content/themes/oceanwp/assets/js/scroll-effect.min.js HTTP/1.1" 200 4127 "https://www.ilc.edu.tw/" "Mozilla/5.0 (Windows NT 10.0; Win64; x64) AppleWebKit/537.36 (KHTML, like Gecko) Chrome/151.0.0.0 Safari/537.36"
118.169.142.139 - - [17/Aug/2026:18:04:46 +0800] "GET /wp-content/themes/oceanwp/assets/js/scroll-top.min.js HTTP/1.1" 200 3202 "https://www.ilc.edu.tw/" "Mozilla/5.0 (Windows NT 10.0; Win64; x64) AppleWebKit/537.36 (KHTML, like Gecko) Chrome/151.0.0.0 Safari/537.36"
118.169.142.139 - - [17/Aug/2026:18:04:46 +0800] "GET /wp-content/themes/oceanwp/assets/js/select.min.js HTTP/1.1" 200 2408 "https://www.ilc.edu.tw/" "Mozilla/5.0 (Windows NT 10.0; Win64; x64) AppleWebKit/537.36 (KHTML, like Gecko) Chrome/151.0.0.0 Safari/537.36"
118.169.142.139 - - [17/Aug/2026:18:04:46 +0800] "GET /wp-content/plugins/elementor-pro/assets/js/webpack-pro.runtime.min.js HTTP/1.1" 200 3562 "https://www.ilc.edu.tw/" "Mozilla/5.0 (Windows NT 10.0; Win64; x64) AppleWebKit/537.36 (KHTML, like Gecko) Chrome/151.0.0.0 Safari/537.36"
118.169.142.139 - - [17/Aug/2026:18:04:46 +0800] "GET /wp-content/plugins/elementor/assets/js/webpack.runtime.min.js HTTP/1.1" 200 3095 "https://www.ilc.edu.tw/" "Mozilla/5.0 (Windows NT 10.0; Win64; x64) AppleWebKit/537.36 (KHTML, like Gecko) Chrome/151.0.0.0 Safari/537.36"
118.169.142.139 - - [17/Aug/2026:18:04:46 +0800] "GET /wp-includes/js/dist/hooks.min.js HTTP/1.1" 200 2421 "https://www.ilc.edu.tw/" "Mozilla/5.0 (Windows NT 10.0; Win64; x64) AppleWebKit/537.36 (KHTML, like Gecko) Chrome/151.0.0.0 Safari/537.36"
118.169.142.139 - - [17/Aug/2026:18:04:46 +0800] "GET /wp-content/plugins/elementor/assets/js/frontend-modules.min.js HTTP/1.1" 200 19416 "https://www.ilc.edu.tw/" "Mozilla/5.0 (Windows NT 10.0; Win64; x64) AppleWebKit/537.36 (KHTML, like Gecko) Chrome/151.0.0.0 Safari/537.36"
118.169.142.139 - - [17/Aug/2026:18:04:46 +0800] "GET /wp-content/uploads/sites/3846/2023/05/%E9%A6%96%E9%A0%81%E5%B0%8F%E6%A8%99_%E6%9C%80%E6%96%B0%E6%B6%88%E6%81%AF.png HTTP/1.1" 200 2537 "https://www.ilc.edu.tw/" "Mozilla/5.0 (Windows NT 10.0; Win64; x64) AppleWebKit/537.36 (KHTML, like Gecko) Chrome/151.0.0.0 Safari/537.36"
118.169.142.139 - - [17/Aug/2026:18:04:46 +0800] "GET /wp-content/uploads/sites/3846/2023/05/%E5%AE%9C%E8%98%AD%E7%B8%A3%E6%94%BF%E5%BA%9C%E6%95%99%E8%82%B2%E8%99%95logo.png HTTP/1.1" 200 16335 "https://www.ilc.edu.tw/" "Mozilla/5.0 (Windows NT 10.0; Win64; x64) AppleWebKit/537.36 (KHTML, like Gecko) Chrome/151.0.0.0 Safari/537.36"
118.169.142.139 - - [17/Aug/2026:18:04:46 +0800] "GET /wp-content/plugins/elementor/assets/lib/eicons/fonts/eicons.woff2?5.30.0 HTTP/1.1" 200 98225 "https://www.ilc.edu.tw/wp-content/cache/www.ilc.edu.tw/wpfc-minified/fdlul8k0/8141l.css" "Mozilla/5.0 (Windows NT 10.0; Win64; x64) AppleWebKit/537.36 (KHTML, like Gecko) Chrome/151.0.0.0 Safari/537.36"
118.169.142.139 - - [17/Aug/2026:18:04:46 +0800] "GET /wp-content/uploads/sites/3846/2026/06/2026%E5%AE%9C%E8%98%AD%E7%98%8B%E5%AD%B8%E7%BF%92-%E6%9A%91%E5%81%87_%E6%95%99%E8%82%B2%E8%99%95%E9%A6%96%E9%A0%81-1440-x-1080-%E5%83%8F%E7%B4%A0.png HTTP/1.1" 304 790 "https://www.ilc.edu.tw/" "Mozilla/5.0 (Windows NT 10.0; Win64; x64) AppleWebKit/537.36 (KHTML, like Gecko) Chrome/151.0.0.0 Safari/537.36"
118.169.142.139 - - [17/Aug/2026:18:04:46 +0800] "GET /wp-content/themes/oceanwp/assets/fonts/fontawesome/webfonts/fa-solid-900.woff2 HTTP/1.1" 200 151246 "https://www.ilc.edu.tw/wp-content/cache/www.ilc.edu.tw/wpfc-minified/fdlul8k0/8141l.css" "Mozilla/5.0 (Windows NT 10.0; Win64; x64) AppleWebKit/537.36 (KHTML, like Gecko) Chrome/151.0.0.0 Safari/537.36"
118.169.142.139 - - [17/Aug/2026:18:04:46 +0800] "GET /wp-content/uploads/sites/3846/2026/08/%E8%BE%B2%E6%A5%AD%E9%83%A8%E5%BB%A3%E5%91%8A.jpg HTTP/1.1" 200 236123 "https://www.ilc.edu.tw/" "Mozilla/5.0 (Windows NT 10.0; Win64; x64) AppleWebKit/537.36 (KHTML, like Gecko) Chrome/151.0.0.0 Safari/537.36"
118.169.142.139 - - [17/Aug/2026:18:04:46 +0800] "GET /wp-content/uploads/sites/3846/2026/05/%E8%9E%A2%E5%B9%95%E6%93%B7%E5%8F%96%E7%95%AB%E9%9D%A2-2026-05-07-100749.png HTTP/1.1" 200 1349539 "https://www.ilc.edu.tw/" "Mozilla/5.0 (Windows NT 10.0; Win64; x64) AppleWebKit/537.36 (KHTML, like Gecko) Chrome/151.0.0.0 Safari/537.36"
118.169.142.139 - - [17/Aug/2026:18:04:46 +0800] "GET /wp-content/uploads/sites/3846/2025/11/%E8%9E%A2%E5%B9%95%E6%93%B7%E5%8F%96%E7%95%AB%E9%9D%A2-2025-11-27-141357.png HTTP/1.1" 200 216157 "https://www.ilc.edu.tw/" "Mozilla/5.0 (Windows NT 10.0; Win64; x64) AppleWebKit/537.36 (KHTML, like Gecko) Chrome/151.0.0.0 Safari/537.36"
118.169.142.139 - - [17/Aug/2026:18:04:47 +0800] "GET /wp-content/uploads/sites/3846/2023/05/%E5%85%AC%E5%91%8A%E6%90%9C%E5%B0%8B.png HTTP/1.1" 200 3549 "https://www.ilc.edu.tw/" "Mozilla/5.0 (Windows NT 10.0; Win64; x64) AppleWebKit/537.36 (KHTML, like Gecko) Chrome/151.0.0.0 Safari/537.36"
