114.24.227.71 - - [17/Aug/2026:18:06:04 +0800] "GET /wp-content/uploads/sites/1663/2025/10/%E9%B4%A8%E6%AF%94.png HTTP/1.1" 304 5593 "https://www.pces.ilc.edu.tw/" "Mozilla/5.0 (Linux; Android 10; K) AppleWebKit/537.36 (KHTML, like Gecko) Chrome/151.0.0.0 Mobile Safari/537.36"
2001:4860:7:810::f2 - - [17/Aug/2026:18:06:04 +0800] "GET / HTTP/1.1" 200 30556 "https://www.google.com/" "Mozilla/5.0 (Linux; Android 10; K) AppleWebKit/537.36 (KHTML, like Gecko) Chrome/151.0.0.0 Mobile Safari/537.36"
114.24.227.71 - - [17/Aug/2026:18:06:04 +0800] "GET /wp-content/uploads/sites/1663/2026/02/%E5%8F%B0%E6%97%A5%E4%BA%A4%E6%B5%81%E5%BE%BD%E7%AB%A02025-2.png HTTP/1.1" 304 790 "https://www.pces.ilc.edu.tw/" "Mozilla/5.0 (Linux; Android 10; K) AppleWebKit/537.36 (KHTML, like Gecko) Chrome/151.0.0.0 Mobile Safari/537.36"
114.24.227.71 - - [17/Aug/2026:18:06:04 +0800] "GET /wp-content/uploads/sites/1663/elementor/css/post-138.css HTTP/1.1" 304 790 "https://www.pces.ilc.edu.tw/" "Mozilla/5.0 (Linux; Android 10; K) AppleWebKit/537.36 (KHTML, like Gecko) Chrome/151.0.0.0 Mobile Safari/537.36"
140.111.67.10 - - [17/Aug/2026:18:06:05 +0800] "GET /" 301 273 "-" "-"
23.251.146.115 - - [17/Aug/2026:18:06:05 +0800] "HEAD /robots.txt HTTP/1.1" 304 5482 "-" "Mozilla/5.0 (X11; Linux x86_64) AppleWebKit/537.36 (KHTML, like Gecko) Chrome/136.0.0.0 Safari/537.36"
2001:288:a201::67:81 - - [17/Aug/2026:18:06:03 +0800] "POST /26150/2017/04/20/?fsm_edd_37394=13a18f9ce6fb39385c84ca94fe1bdccb HTTP/1.1" 200 13010 "-" "WordPress/6.6.7; https://2blog.ilc.edu.tw/26150"
2001:288:a201::66:125 - - [17/Aug/2026:18:06:05 +0800] "GET /blog/active.php HTTP/1.1" 301 1026 "-" "-"
2001:288:a201::66:125 - - [17/Aug/2026:18:06:05 +0800] "GET /blog/active.php HTTP/1.1" 404 1084 "-" "-"
66.249.71.64 - - [17/Aug/2026:18:06:05 +0800] "GET /1/wp-content/cache/2blog.ilc.edu.tw/wpfc-minified/dtoa13eh/5wowl.css HTTP/1.1" 200 45662 "https://2blog.ilc.edu.tw/1/category/uncategorized/page/2/" "Mozilla/5.0 (Linux; Android 6.0.1; Nexus 5X Build/MMB29P) AppleWebKit/537.36 (KHTML, like Gecko) Chrome/150.0.7871.186 Mobile Safari/537.36 (compatible; Googlebot/2.1; +http://www.google.com/bot.html)"
34.31.203.120 - - [17/Aug/2026:18:06:05 +0800] "HEAD /blog/gallery/27690/27690-4147807.pdf HTTP/1.1" 301 775 "-" "Mozilla/5.0 AppleWebKit/537.36 (KHTML, like Gecko); compatible; ShapBot/0.1.0"
61.61.220.161 - - [17/Aug/2026:18:06:05 +0800] "GET /new2/ HTTP/1.1" 200 23137 "https://www.ymes.ilc.edu.tw/" "Mozilla/5.0 (iPhone; CPU iPhone OS 18_7 like Mac OS X) AppleWebKit/605.1.15 (KHTML, like Gecko) Version/26.5.2 Mobile/15E148 Safari/604.1"
34.31.203.120 - - [17/Aug/2026:18:06:06 +0800] "GET /blog/gallery/27690/27690-4147807.pdf HTTP/1.1" 301 1105 "-" "Mozilla/5.0 AppleWebKit/537.36 (KHTML, like Gecko); compatible; ShapBot/0.1.0"
61.61.220.161 - - [17/Aug/2026:18:06:06 +0800] "GET /wp-content/cache/www.ymes.ilc.edu.tw/wpfc-minified/ep91v0e1/bmq6r.css HTTP/1.1" 200 45694 "https://www.ymes.ilc.edu.tw/new2/" "Mozilla/5.0 (iPhone; CPU iPhone OS 18_7 like Mac OS X) AppleWebKit/605.1.15 (KHTML, like Gecko) Version/26.5.2 Mobile/15E148 Safari/604.1"
61.61.220.161 - - [17/Aug/2026:18:06:06 +0800] "GET /wp-content/themes/oceanwp/assets/js/scroll-top.min.js HTTP/1.1" 200 8002 "https://www.ymes.ilc.edu.tw/new2/" "Mozilla/5.0 (iPhone; CPU iPhone OS 18_7 like Mac OS X) AppleWebKit/605.1.15 (KHTML, like Gecko) Version/26.5.2 Mobile/15E148 Safari/604.1"
61.61.220.161 - - [17/Aug/2026:18:06:06 +0800] "GET /wp-content/themes/oceanwp/assets/js/vendors/flickity.pkgd.min.js HTTP/1.1" 200 19848 "https://www.ymes.ilc.edu.tw/new2/" "Mozilla/5.0 (iPhone; CPU iPhone OS 18_7 like Mac OS X) AppleWebKit/605.1.15 (KHTML, like Gecko) Version/26.5.2 Mobile/15E148 Safari/604.1"
61.61.220.161 - - [17/Aug/2026:18:06:06 +0800] "GET /wp-includes/js/mediaelement/mediaelement-and-player.min.js HTTP/1.1" 200 44602 "https://www.ymes.ilc.edu.tw/new2/" "Mozilla/5.0 (iPhone; CPU iPhone OS 18_7 like Mac OS X) AppleWebKit/605.1.15 (KHTML, like Gecko) Version/26.5.2 Mobile/15E148 Safari/604.1"
61.61.220.161 - - [17/Aug/2026:18:06:06 +0800] "GET /wp-content/cache/www.ymes.ilc.edu.tw/wpfc-minified/2ndlimnv/bmq6r.js HTTP/1.1" 200 40358 "https://www.ymes.ilc.edu.tw/new2/" "Mozilla/5.0 (iPhone; CPU iPhone OS 18_7 like Mac OS X) AppleWebKit/605.1.15 (KHTML, like Gecko) Version/26.5.2 Mobile/15E148 Safari/604.1"
61.61.220.161 - - [17/Aug/2026:18:06:06 +0800] "GET /wp-content/uploads/sites/2531/2023/11/ym_logo.gif HTTP/1.1" 200 9924 "https://www.ymes.ilc.edu.tw/new2/" "Mozilla/5.0 (iPhone; CPU iPhone OS 18_7 like Mac OS X) AppleWebKit/605.1.15 (KHTML, like Gecko) Version/26.5.2 Mobile/15E148 Safari/604.1"
66.249.68.200 - - [17/Aug/2026:18:06:06 +0800] "GET /1/wp-includes/js/imagesloaded.min.js HTTP/1.1" 200 7464 "https://2blog.ilc.edu.tw/1/category/uncategorized/page/2/" "Mozilla/5.0 (Linux; Android 6.0.1; Nexus 5X Build/MMB29P) AppleWebKit/537.36 (KHTML, like Gecko) Chrome/150.0.7871.186 Mobile Safari/537.36 (compatible; Googlebot/2.1; +http://www.google.com/bot.html)"
66.249.68.200 - - [17/Aug/2026:18:06:07 +0800] "GET /1/wp-content/themes/oceanwp/assets/js/ow-slider.min.js HTTP/1.1" 200 1761 "https://2blog.ilc.edu.tw/1/category/uncategorized/page/2/" "Mozilla/5.0 (Linux; Android 6.0.1; Nexus 5X Build/MMB29P) AppleWebKit/537.36 (KHTML, like Gecko) Chrome/150.0.7871.186 Mobile Safari/537.36 (compatible; Googlebot/2.1; +http://www.google.com/bot.html)"
66.249.68.200 - - [17/Aug/2026:18:06:08 +0800] "GET /1/wp-content/themes/oceanwp/assets/js/drop-down-mobile-menu.min.js HTTP/1.1" 200 4663 "https://2blog.ilc.edu.tw/1/category/uncategorized/page/2/" "Mozilla/5.0 (Linux; Android 6.0.1; Nexus 5X Build/MMB29P) AppleWebKit/537.36 (KHTML, like Gecko) Chrome/150.0.7871.186 Mobile Safari/537.36 (compatible; Googlebot/2.1; +http://www.google.com/bot.html)"
66.249.71.66 - - [17/Aug/2026:18:06:08 +0800] "GET /1/wp-content/cache/2blog.ilc.edu.tw/wpfc-minified/lw0ehhkw/5wowl.js HTTP/1.1" 200 40337 "https://2blog.ilc.edu.tw/1/category/uncategorized/page/2/" "Mozilla/5.0 (Linux; Android 6.0.1; Nexus 5X Build/MMB29P) AppleWebKit/537.36 (KHTML, like Gecko) Chrome/150.0.7871.186 Mobile Safari/537.36 (compatible; Googlebot/2.1; +http://www.google.com/bot.html)"
140.111.67.10 - - [17/Aug/2026:18:06:10 +0800] "GET /" 301 273 "-" "-"
66.249.68.201 - - [17/Aug/2026:18:06:10 +0800] "GET /1/wp-content/cache/2blog.ilc.edu.tw/wpfc-minified/km9vja3i/5wowl.css HTTP/1.1" 200 66119 "https://2blog.ilc.edu.tw/1/category/uncategorized/page/2/" "Mozilla/5.0 (Linux; Android 6.0.1; Nexus 5X Build/MMB29P) AppleWebKit/537.36 (KHTML, like Gecko) Chrome/150.0.7871.186 Mobile Safari/537.36 (compatible; Googlebot/2.1; +http://www.google.com/bot.html)"
66.249.82.35 - - [17/Aug/2026:18:06:10 +0800] "GET /.well-known/traffic-advice HTTP/1.1" 404 47227 "-" "Chrome Privacy Preserving Prefetch Proxy"
::1 - - [17/Aug/2026:18:06:10 +0800] "OPTIONS * HTTP/1.0" 200 110 "-" "Apache/2.4.68 (Ubuntu) OpenSSL/3.0.19 (internal dummy connection)"
2001:288:a201::66:125 - - [17/Aug/2026:18:06:10 +0800] "GET /blog/active.php HTTP/1.1" 301 1026 "-" "-"
2001:288:a201::66:125 - - [17/Aug/2026:18:06:10 +0800] "GET /blog/active.php HTTP/1.1" 404 1084 "-" "-"
2001:4860:7:810::f2 - - [17/Aug/2026:18:06:10 +0800] "GET / HTTP/1.1" 200 16409 "https://www.google.com/" "Mozilla/5.0 (X11; Linux x86_64) AppleWebKit/537.36 (KHTML, like Gecko) Chrome/151.0.0.0 Safari/537.36"
::1 - - [17/Aug/2026:18:06:11 +0800] "OPTIONS * HTTP/1.0" 200 110 "-" "Apache/2.4.68 (Ubuntu) OpenSSL/3.0.19 (internal dummy connection)"
34.122.173.216 - - [17/Aug/2026:18:06:11 +0800] "HEAD /blog/gallery/27690/27690-4147807.pdf HTTP/1.1" 404 5742 "-" "Mozilla/5.0 AppleWebKit/537.36 (KHTML, like Gecko); compatible; ShapBot/0.1.0"
34.204.150.196 - - [17/Aug/2026:18:06:12 +0800] "GET /39664/wp-content/uploads/sites/428/2022/03/110G4%E8%87%AA%E7%B2%BE-%E8%87%AA%E6%88%91DFC%E7%B2%BE%E9%81%B8sblog_06-300x225.jpg HTTP/1.1" 200 38565 "-" "Mozilla/5.0 AppleWebKit/537.36 (KHTML, like Gecko; compatible; Amazonbot/0.1; +https://developer.amazon.com/support/amazonbot) Chrome/119.0.6045.214 Safari/537.36"
66.249.68.136 - - [17/Aug/2026:18:06:11 +0800] "GET /wp-login.php?action=ilc_logout&_wpnonce=43754d0aad&redirect_to=http://mkm39.ru/job/15855/ HTTP/1.1" 302 8242 "-" "Mozilla/5.0 (Linux; Android 6.0.1; Nexus 5X Build/MMB29P) AppleWebKit/537.36 (KHTML, like Gecko) Chrome/150.0.7871.186 Mobile Safari/537.36 (compatible; GoogleOther)"
::1 - - [17/Aug/2026:18:06:13 +0800] "OPTIONS * HTTP/1.0" 200 110 "-" "Apache/2.4.68 (Ubuntu) OpenSSL/3.0.19 (internal dummy connection)"
66.249.68.201 - - [17/Aug/2026:18:06:13 +0800] "POST /17160/wp-json/ilc-summary/v1/popular-posts HTTP/1.1" 201 1274 "https://2blog.ilc.edu.tw/17160/2024/06/17/%E3%80%90%E4%B8%89%E5%9B%9B%E4%BA%94%E5%85%AD%E5%B9%B4%E7%B4%9A%E3%80%91%E7%94%9F%E6%B6%AF%E8%BC%94%E5%B0%8E-%E5%9C%8B%E4%B8%AD%E7%95%A2%E6%A5%AD%E5%AD%B8%E9%95%B7%E8%BF%94%E6%A0%A1%E5%BA%A7%E8%AB%87/" "Mozilla/5.0 (Linux; Android 6.0.1; Nexus 5X Build/MMB29P) AppleWebKit/537.36 (KHTML, like Gecko) Chrome/150.0.7871.186 Mobile Safari/537.36 (compatible; Googlebot/2.1; +http://www.google.com/bot.html)"
::1 - - [17/Aug/2026:18:06:14 +0800] "OPTIONS * HTTP/1.0" 200 110 "-" "Apache/2.4.68 (Ubuntu) OpenSSL/3.0.19 (internal dummy connection)"
140.111.67.10 - - [17/Aug/2026:18:06:15 +0800] "GET /" 301 273 "-" "-"
::1 - - [17/Aug/2026:18:06:15 +0800] "OPTIONS * HTTP/1.0" 200 110 "-" "Apache/2.4.68 (Ubuntu) OpenSSL/3.0.19 (internal dummy connection)"
2001:288:a201::66:125 - - [17/Aug/2026:18:06:15 +0800] "GET /blog/active.php HTTP/1.1" 301 1026 "-" "-"
2001:288:a201::66:125 - - [17/Aug/2026:18:06:15 +0800] "GET /blog/active.php HTTP/1.1" 404 1084 "-" "-"
66.249.68.200 - - [17/Aug/2026:18:06:15 +0800] "GET /27438/2026/04/ HTTP/1.1" 200 15791 "-" "Mozilla/5.0 (Linux; Android 6.0.1; Nexus 5X Build/MMB29P) AppleWebKit/537.36 (KHTML, like Gecko) Chrome/150.0.7871.186 Mobile Safari/537.36 (compatible; Googlebot/2.1; +http://www.google.com/bot.html)"
66.249.68.200 - - [17/Aug/2026:18:06:16 +0800] "POST /17248/wp-json/ilc-summary/v1/popular-posts HTTP/1.1" 201 1271 "https://2blog.ilc.edu.tw/17248/2018/11/06/%E4%B8%89%E5%BF%A0%E5%9B%9D%E4%BB%94%E8%AE%9A%EF%BC%81%E7%AC%AC%E4%BA%8C%E5%9B%9E/" "Mozilla/5.0 (Linux; Android 6.0.1; Nexus 5X Build/MMB29P) AppleWebKit/537.36 (KHTML, like Gecko) Chrome/150.0.7871.186 Mobile Safari/537.36 (compatible; Googlebot/2.1; +http://www.google.com/bot.html)"
::1 - - [17/Aug/2026:18:06:17 +0800] "OPTIONS * HTTP/1.0" 200 110 "-" "Apache/2.4.68 (Ubuntu) OpenSSL/3.0.19 (internal dummy connection)"
::1 - - [17/Aug/2026:18:06:18 +0800] "OPTIONS * HTTP/1.0" 200 110 "-" "Apache/2.4.68 (Ubuntu) OpenSSL/3.0.19 (internal dummy connection)"
::1 - - [17/Aug/2026:18:06:19 +0800] "OPTIONS * HTTP/1.0" 200 110 "-" "Apache/2.4.68 (Ubuntu) OpenSSL/3.0.19 (internal dummy connection)"
140.111.67.10 - - [17/Aug/2026:18:06:20 +0800] "GET /" 301 273 "-" "-"
2001:288:a201::66:125 - - [17/Aug/2026:18:06:20 +0800] "GET /blog/active.php HTTP/1.1" 301 1026 "-" "-"
2001:288:a201::66:125 - - [17/Aug/2026:18:06:20 +0800] "GET /blog/active.php HTTP/1.1" 404 1084 "-" "-"
2001:b011:7801:bc62:cca5:1a1d:c70:da06 - - [17/Aug/2026:18:06:22 +0800] "GET /apple-touch-icon-precomposed.png HTTP/1.1" 404 84408 "-" "NetworkingExtension/8622.2.11.10.8 Network/5569.42.2 iOS/26.1"
2001:b011:7801:bc62:cca5:1a1d:c70:da06 - - [17/Aug/2026:18:06:22 +0800] "GET /apple-touch-icon-precomposed.png HTTP/1.1" 404 53465 "-" "NetworkingExtension/8622.2.11.10.8 Network/5569.42.2 iOS/26.1"
2001:b011:7801:bc62:cca5:1a1d:c70:da06 - - [17/Aug/2026:18:06:22 +0800] "GET /favicon.ico HTTP/1.1" 302 5835 "-" "NetworkingExtension/8622.2.11.10.8 Network/5569.42.2 iOS/26.1"
2001:b011:7801:bc62:cca5:1a1d:c70:da06 - - [17/Aug/2026:18:06:22 +0800] "GET /wp-includes/images/w-logo-blue-white-bg.png HTTP/1.1" 200 4946 "-" "NetworkingExtension/8622.2.11.10.8 Network/5569.42.2 iOS/26.1"
2001:b011:7801:bc62:cca5:1a1d:c70:da06 - - [17/Aug/2026:18:06:22 +0800] "GET / HTTP/1.1" 200 25973 "-" "Mozilla/5.0 (Macintosh; Intel Mac OS X 10_11_1) AppleWebKit/601.2.4 (KHTML, like Gecko) Version/9.0.1 Safari/601.2.4 facebookexternalhit/1.1 Facebot Twitterbot/1.0"
2001:b011:7801:bc62:cca5:1a1d:c70:da06 - - [17/Aug/2026:18:06:22 +0800] "GET /apple-touch-icon.png HTTP/1.1" 404 84408 "-" "NetworkingExtension/8622.2.11.10.8 Network/5569.42.2 iOS/26.1"
2001:b011:7801:bc62:cca5:1a1d:c70:da06 - - [17/Aug/2026:18:06:22 +0800] "GET /favicon.ico HTTP/1.1" 302 5901 "-" "NetworkingExtension/8622.2.11.10.8 Network/5569.42.2 iOS/26.1"
2001:b011:7801:bc62:cca5:1a1d:c70:da06 - - [17/Aug/2026:18:06:22 +0800] "GET /apple-touch-icon.png HTTP/1.1" 404 53465 "-" "NetworkingExtension/8622.2.11.10.8 Network/5569.42.2 iOS/26.1"
2001:b011:7801:bc62:cca5:1a1d:c70:da06 - - [17/Aug/2026:18:06:22 +0800] "GET / HTTP/1.1" 200 32589 "-" "Mozilla/5.0 (Macintosh; Intel Mac OS X 10_11_1) AppleWebKit/601.2.4 (KHTML, like Gecko) Version/9.0.1 Safari/601.2.4 facebookexternalhit/1.1 Facebot Twitterbot/1.0"
2001:b011:7801:bc62:cca5:1a1d:c70:da06 - - [17/Aug/2026:18:06:22 +0800] "GET /wp-content/uploads/sites/399/2023/08/%E6%A0%A1%E5%BE%BDAI%E6%AA%94-1-150x150.png HTTP/1.1" 200 17459 "-" "NetworkingExtension/8622.2.11.10.8 Network/5569.42.2 iOS/26.1"
66.249.71.163 - - [17/Aug/2026:18:06:20 +0800] "GET /wp-login.php?action=ilc_logout&_wpnonce=43754d0aad&redirect_to=http://glebsapozhkov-test.ru/join/15958/ HTTP/1.1" 302 8256 "-" "Mozilla/5.0 (Linux; Android 6.0.1; Nexus 5X Build/MMB29P) AppleWebKit/537.36 (KHTML, like Gecko) Chrome/150.0.7871.186 Mobile Safari/537.36 (compatible; GoogleOther)"
2001:b011:7801:bc62:cca5:1a1d:c70:da06 - - [17/Aug/2026:18:06:22 +0800] "GET /wp-content/uploads/sites/399/2023/08/%E6%A0%A1%E5%BE%BDAI%E6%AA%94-1-150x150.png HTTP/1.1" 200 17459 "-" "NetworkingExtension/8622.2.11.10.8 Network/5569.42.2 iOS/26.1"
2001:b011:7801:bc62:cca5:1a1d:c70:da06 - - [17/Aug/2026:18:06:22 +0800] "GET /wp-content/uploads/sites/399/2023/08/%E6%A0%A1%E5%BE%BDAI%E6%AA%94-1.png HTTP/1.1" 200 20495 "-" "NetworkingExtension/8622.2.11.10.8 Network/5569.42.2 iOS/26.1"
2001:b011:7801:bc62:cca5:1a1d:c70:da06 - - [17/Aug/2026:18:06:22 +0800] "GET /wp-content/uploads/sites/399/2023/08/%E6%A0%A1%E5%BE%BDAI%E6%AA%94-1.png HTTP/1.1" 200 20495 "-" "NetworkingExtension/8622.2.11.10.8 Network/5569.42.2 iOS/26.1"
66.249.71.64 - - [17/Aug/2026:18:06:23 +0800] "GET /wp-content/uploads/sites/1204/23/23-2403593.doc HTTP/1.1" 200 141091 "-" "Mozilla/5.0 (Linux; Android 6.0.1; Nexus 5X Build/MMB29P) AppleWebKit/537.36 (KHTML, like Gecko) Chrome/150.0.7871.186 Mobile Safari/537.36 (compatible; Googlebot/2.1; +http://www.google.com/bot.html)"
140.111.67.10 - - [17/Aug/2026:18:06:25 +0800] "GET /" 301 273 "-" "-"
2001:288:a201::66:125 - - [17/Aug/2026:18:06:25 +0800] "GET /blog/active.php HTTP/1.1" 301 1026 "-" "-"
2001:288:a201::66:125 - - [17/Aug/2026:18:06:25 +0800] "GET /blog/active.php HTTP/1.1" 404 1084 "-" "-"
2001:b011:e003:275:97f0:fb88:9aac:398b - - [17/Aug/2026:18:06:27 +0800] "GET /26148/2023/09/ HTTP/1.1" 404 40997 "-" "Mozilla/5.0 (Windows NT 10.0; Win64; x64) AppleWebKit/537.36 (KHTML, like Gecko) Chrome/69.0.3497.81 Safari/537.36"
::1 - - [17/Aug/2026:18:06:28 +0800] "OPTIONS * HTTP/1.0" 200 110 "-" "Apache/2.4.68 (Ubuntu) OpenSSL/3.0.19 (internal dummy connection)"
::1 - - [17/Aug/2026:18:06:29 +0800] "OPTIONS * HTTP/1.0" 200 110 "-" "Apache/2.4.68 (Ubuntu) OpenSSL/3.0.19 (internal dummy connection)"
140.111.67.10 - - [17/Aug/2026:18:06:30 +0800] "GET /" 301 273 "-" "-"
2001:288:a201::66:125 - - [17/Aug/2026:18:06:30 +0800] "GET /blog/active.php HTTP/1.1" 404 1084 "-" "-"
2001:288:a201::66:125 - - [17/Aug/2026:18:06:30 +0800] "GET /blog/active.php HTTP/1.1" 301 1026 "-" "-"
66.249.71.64 - - [17/Aug/2026:18:06:30 +0800] "GET /12/2010/12/08/%E6%95%99%E5%AD%B8%E9%80%A3%E7%B5%90%E5%BD%B1%E7%89%87%E5%88%86%E4%BA%AB%E9%BE%8D%E6%8D%B2%E9%A2%A8/ HTTP/1.1" 200 15421 "-" "Mozilla/5.0 (Linux; Android 6.0.1; Nexus 5X Build/MMB29P) AppleWebKit/537.36 (KHTML, like Gecko) Chrome/150.0.7871.186 Mobile Safari/537.36 (compatible; GoogleOther)"
66.249.71.64 - - [17/Aug/2026:18:06:33 +0800] "POST /12/wp-json/ilc-summary/v1/popular-posts HTTP/1.1" 201 1269 "https://2blog.ilc.edu.tw/12/2010/12/08/%E6%95%99%E5%AD%B8%E9%80%A3%E7%B5%90%E5%BD%B1%E7%89%87%E5%88%86%E4%BA%AB%E9%BE%8D%E6%8D%B2%E9%A2%A8/" "Mozilla/5.0 (Linux; Android 6.0.1; Nexus 5X Build/MMB29P) AppleWebKit/537.36 (KHTML, like Gecko) Chrome/150.0.7871.186 Mobile Safari/537.36 (compatible; GoogleOther)"
2001:b011:2016:b5fd:c40d:8127:8d6d:1f81 - - [17/Aug/2026:18:06:33 +0800] "GET /apple-touch-icon-precomposed.png HTTP/1.1" 404 84408 "-" "NetworkingExtension/8624.4.5.10.5 Network/5812.160.9 iOS/26.6"
2001:b011:2016:b5fd:c40d:8127:8d6d:1f81 - - [17/Aug/2026:18:06:34 +0800] "GET /favicon.ico HTTP/1.1" 302 5835 "-" "NetworkingExtension/8624.4.5.10.5 Network/5812.160.9 iOS/26.6"
2001:b011:2016:b5fd:c40d:8127:8d6d:1f81 - - [17/Aug/2026:18:06:34 +0800] "GET /wp-includes/images/w-logo-blue-white-bg.png HTTP/1.1" 200 4946 "-" "NetworkingExtension/8624.4.5.10.5 Network/5812.160.9 iOS/26.6"
2001:b011:2016:b5fd:c40d:8127:8d6d:1f81 - - [17/Aug/2026:18:06:34 +0800] "GET /apple-touch-icon.png HTTP/1.1" 404 84408 "-" "NetworkingExtension/8624.4.5.10.5 Network/5812.160.9 iOS/26.6"
2001:b011:2016:b5fd:c40d:8127:8d6d:1f81 - - [17/Aug/2026:18:06:33 +0800] "GET / HTTP/1.1" 200 32589 "-" "Mozilla/5.0 (Macintosh; Intel Mac OS X 10_11_1) AppleWebKit/601.2.4 (KHTML, like Gecko) Version/9.0.1 Safari/601.2.4 facebookexternalhit/1.1 Facebot Twitterbot/1.0"
140.111.67.10 - - [17/Aug/2026:18:06:35 +0800] "GET /" 301 273 "-" "-"
2001:288:a201::66:125 - - [17/Aug/2026:18:06:35 +0800] "GET /blog/active.php HTTP/1.1" 301 1026 "-" "-"
2001:288:a201::66:125 - - [17/Aug/2026:18:06:35 +0800] "GET /blog/active.php HTTP/1.1" 404 1084 "-" "-"
66.249.68.200 - - [17/Aug/2026:18:06:38 +0800] "GET /41336/%E5%96%84%E5%BF%83%E4%BA%BA%E5%A3%AB%E6%84%9F%E8%AC%9D%E5%8F%B0%E5%8D%97%E7%9F%A5%E5%90%8D%E9%9B%99%E5%93%81%E8%B1%AC%E6%8E%92%E5%BA%97%E6%B4%AA%E5%95%9F%E9%A0%86%E5%85%88%E7%94%9F%E9%A4%85/ HTTP/1.1" 200 23662 "-" "Mozilla/5.0 (Linux; Android 6.0.1; Nexus 5X Build/MMB29P) AppleWebKit/537.36 (KHTML, like Gecko) Chrome/150.0.7871.186 Mobile Safari/537.36 (compatible; Googlebot/2.1; +http://www.google.com/bot.html)"
140.111.67.10 - - [17/Aug/2026:18:06:40 +0800] "GET /" 301 273 "-" "-"
2001:288:a201::66:125 - - [17/Aug/2026:18:06:40 +0800] "GET /blog/active.php HTTP/1.1" 404 1084 "-" "-"
2001:288:a201::66:125 - - [17/Aug/2026:18:06:40 +0800] "GET /blog/active.php HTTP/1.1" 301 1026 "-" "-"
140.111.67.195 - - [17/Aug/2026:18:06:41 +0800] "GET /wp-admin/admin-post.php?action=steps_ad HTTP/1.1" 200 6425 "-" "node-fetch/1.0 (+https://github.com/bitinn/node-fetch)"
2402:7500:504:aaa9:ccc6:655d:ba25:3a83 - - [17/Aug/2026:18:06:41 +0800] "GET /wp-content/uploads/sites/3846/2026/08/%E8%BE%B2%E6%A5%AD%E9%83%A8%E5%BB%A3%E5%91%8A.jpg HTTP/1.1" 304 5581 "https://it.ilc.edu.tw/" "Mozilla/5.0 (X11; Linux x86_64) AppleWebKit/537.36 (KHTML, like Gecko) Chrome/151.0.0.0 Safari/537.36"
66.249.68.136 - - [17/Aug/2026:18:06:39 +0800] "GET /wp-login.php?action=ilc_logout&_wpnonce=43754d0aad&redirect_to=http://mkm39.ru/gallery/68104/ HTTP/1.1" 302 8246 "-" "Mozilla/5.0 (compatible; Googlebot/2.1; +http://www.google.com/bot.html)"
66.249.71.163 - - [17/Aug/2026:18:06:42 +0800] "GET /wp-login.php?action=ilc_logout&_wpnonce=43754d0aad&redirect_to=//multimodalgroup.ru/creator/53856/ HTTP/1.1" 302 8251 "-" "Mozilla/5.0 (Linux; Android 6.0.1; Nexus 5X Build/MMB29P) AppleWebKit/537.36 (KHTML, like Gecko) Chrome/150.0.7871.186 Mobile Safari/537.36 (compatible; GoogleOther)"
66.249.71.166 - - [17/Aug/2026:18:06:44 +0800] "GET / HTTP/1.1" 200 23532 "-" "Mozilla/5.0 (Linux; Android 6.0.1; Nexus 5X Build/MMB29P) AppleWebKit/537.36 (KHTML, like Gecko) Chrome/150.0.7871.186 Mobile Safari/537.36 (compatible; Googlebot/2.1; +http://www.google.com/bot.html)"
140.111.67.195 - - [17/Aug/2026:18:06:44 +0800] "GET /wp-admin/admin-post.php?action=steps_ad HTTP/1.1" 200 1649 "-" "node-fetch/1.0 (+https://github.com/bitinn/node-fetch)"
140.111.67.10 - - [17/Aug/2026:18:06:45 +0800] "GET /" 301 273 "-" "-"
2402:7500:504:aaa9:ccc6:655d:ba25:3a83 - - [17/Aug/2026:18:06:44 +0800] "GET /wp-content/uploads/sites/3846/2026/08/%E8%BE%B2%E6%A5%AD%E9%83%A8%E5%BB%A3%E5%91%8A.jpg HTTP/1.1" 200 240914 "https://it.ilc.edu.tw/" "Mozilla/5.0 (X11; Linux x86_64) AppleWebKit/537.36 (KHTML, like Gecko) Chrome/151.0.0.0 Safari/537.36"
66.249.68.200 - - [17/Aug/2026:18:06:45 +0800] "GET /12/2005/10/27/ HTTP/1.1" 200 14569 "-" "Mozilla/5.0 (Linux; Android 6.0.1; Nexus 5X Build/MMB29P) AppleWebKit/537.36 (KHTML, like Gecko) Chrome/150.0.7871.186 Mobile Safari/537.36 (compatible; Googlebot/2.1; +http://www.google.com/bot.html)"
2001:288:a201::66:125 - - [17/Aug/2026:18:06:45 +0800] "GET /blog/active.php HTTP/1.1" 301 1026 "-" "-"
2001:288:a201::66:125 - - [17/Aug/2026:18:06:45 +0800] "GET /blog/active.php HTTP/1.1" 404 1084 "-" "-"
2402:7500:504:aaa9:ccc6:655d:ba25:3a83 - - [17/Aug/2026:18:06:44 +0800] "GET /wp-content/uploads/sites/3846/2026/06/%E5%AE%A3%E5%82%B3%E5%9C%96%E7%89%87.png HTTP/1.1" 200 1053112 "https://it.ilc.edu.tw/" "Mozilla/5.0 (X11; Linux x86_64) AppleWebKit/537.36 (KHTML, like Gecko) Chrome/151.0.0.0 Safari/537.36"
2402:7500:504:aaa9:ccc6:655d:ba25:3a83 - - [17/Aug/2026:18:06:44 +0800] "GET /wp-content/uploads/sites/3846/2026/06/2026%E5%AE%9C%E8%98%AD%E7%98%8B%E5%AD%B8%E7%BF%92-%E6%9A%91%E5%81%87_%E6%95%99%E8%82%B2%E8%99%95%E9%A6%96%E9%A0%81-1440-x-1080-%E5%83%8F%E7%B4%A0.png HTTP/1.1" 200 2050723 "https://it.ilc.edu.tw/" "Mozilla/5.0 (X11; Linux x86_64) AppleWebKit/537.36 (KHTML, like Gecko) Chrome/151.0.0.0 Safari/537.36"
114.24.227.71 - - [17/Aug/2026:18:06:47 +0800] "GET /wp-content/uploads/sites/1663/2020/08/%E5%8C%97%E6%88%90%E5%9C%8B%E5%B0%8F%E7%92%B0%E5%A2%83%E6%95%99%E8%82%B2%E7%B6%B2.png HTTP/1.1" 200 923900 "https://www.pces.ilc.edu.tw/" "Mozilla/5.0 (Linux; Android 10; K) AppleWebKit/537.36 (KHTML, like Gecko) Chrome/151.0.0.0 Mobile Safari/537.36"
114.24.227.71 - - [17/Aug/2026:18:06:47 +0800] "GET /wp-content/uploads/sites/1663/2025/12/929063F7-2A6F-4CC7-BC12-B0F502C6A1A7-1024x768.jpg HTTP/1.1" 200 174705 "https://www.pces.ilc.edu.tw/" "Mozilla/5.0 (Linux; Android 10; K) AppleWebKit/537.36 (KHTML, like Gecko) Chrome/151.0.0.0 Mobile Safari/537.36"
114.24.227.71 - - [17/Aug/2026:18:06:49 +0800] "GET /wp-content/uploads/sites/1663/2025/12/GOOGLE%E5%83%8F%E7%B0%BF%E5%B0%81%E9%9D%A2%E7%B8%AE%E5%9C%96-1.png HTTP/1.1" 304 5593 "https://www.pces.ilc.edu.tw/" "Mozilla/5.0 (Linux; Android 10; K) AppleWebKit/537.36 (KHTML, like Gecko) Chrome/151.0.0.0 Mobile Safari/537.36"
2001:b011:7807:5976:d38d:606a:19f9:7b73 - - [17/Aug/2026:18:06:49 +0800] "GET /wp-content/uploads/sites/1336/2021/09/%E4%B8%AD%E7%AB%8B2.jpg HTTP/1.1" 200 168528 "https://www.sses.ilc.edu.tw/" "Mozilla/5.0 (Linux; Android 10; K) AppleWebKit/537.36 (KHTML, like Gecko) Chrome/151.0.0.0 Mobile Safari/537.36"
114.24.227.71 - - [17/Aug/2026:18:06:49 +0800] "GET /wp-content/uploads/sites/1663/2026/03/%E7%A5%A8%E9%81%B8%E7%A2%BA%E8%AA%8D.png HTTP/1.1" 304 790 "https://www.pces.ilc.edu.tw/" "Mozilla/5.0 (Linux; Android 10; K) AppleWebKit/537.36 (KHTML, like Gecko) Chrome/151.0.0.0 Mobile Safari/537.36"
140.111.67.10 - - [17/Aug/2026:18:06:50 +0800] "GET /" 301 273 "-" "-"
2001:b011:7807:5976:d38d:606a:19f9:7b73 - - [17/Aug/2026:18:06:50 +0800] "GET /wp-content/uploads/sites/1336/2021/09/edudv.jpg HTTP/1.1" 200 18962 "https://www.sses.ilc.edu.tw/" "Mozilla/5.0 (Linux; Android 10; K) AppleWebKit/537.36 (KHTML, like Gecko) Chrome/151.0.0.0 Mobile Safari/537.36"
2001:4860:7:410::f - - [17/Aug/2026:18:06:50 +0800] "GET /9474/ HTTP/1.1" 200 23918 "https://www.google.com/" "Mozilla/5.0 (Macintosh; Intel Mac OS X 10_15_7) AppleWebKit/537.36 (KHTML, like Gecko) Chrome/151.0.0.0 Safari/537.36"
2001:288:a201::66:125 - - [17/Aug/2026:18:06:50 +0800] "GET /blog/active.php HTTP/1.1" 301 1026 "-" "-"
2001:288:a201::66:125 - - [17/Aug/2026:18:06:50 +0800] "GET /blog/active.php HTTP/1.1" 404 1084 "-" "-"
66.249.68.200 - - [17/Aug/2026:18:06:51 +0800] "GET /babybaby/wp-content/uploads/sites/3902/2024/06/IMG_4540-300x225.jpg HTTP/1.1" 200 23058 "-" "GoogleOther-Image/1.0"
::1 - - [17/Aug/2026:18:06:53 +0800] "OPTIONS * HTTP/1.0" 200 110 "-" "Apache/2.4.68 (Ubuntu) OpenSSL/3.0.19 (internal dummy connection)"
::1 - - [17/Aug/2026:18:06:54 +0800] "OPTIONS * HTTP/1.0" 200 110 "-" "Apache/2.4.68 (Ubuntu) OpenSSL/3.0.19 (internal dummy connection)"
2001:b011:7803:1774:eff6:c812:6c3c:e675 - - [17/Aug/2026:18:06:54 +0800] "-" 408 339 "-" "-"
2001:b011:7803:1774:eff6:c812:6c3c:e675 - - [17/Aug/2026:18:06:54 +0800] "-" 408 339 "-" "-"
140.111.67.10 - - [17/Aug/2026:18:06:55 +0800] "GET /" 301 273 "-" "-"
140.111.67.195 - - [17/Aug/2026:18:06:55 +0800] "GET /wp-admin/admin-post.php?action=steps_ad HTTP/1.1" 200 1973 "-" "node-fetch/1.0 (+https://github.com/bitinn/node-fetch)"
::1 - - [17/Aug/2026:18:06:55 +0800] "OPTIONS * HTTP/1.0" 200 110 "-" "Apache/2.4.68 (Ubuntu) OpenSSL/3.0.19 (internal dummy connection)"
2001:288:a201::66:125 - - [17/Aug/2026:18:06:55 +0800] "GET /blog/active.php HTTP/1.1" 301 1026 "-" "-"
2001:288:a201::66:125 - - [17/Aug/2026:18:06:55 +0800] "GET /blog/active.php HTTP/1.1" 404 1084 "-" "-"
140.111.67.195 - - [17/Aug/2026:18:06:55 +0800] "GET /wp-admin/admin-post.php?action=steps_ad HTTP/1.1" 200 1649 "-" "node-fetch/1.0 (+https://github.com/bitinn/node-fetch)"
52.167.144.209 - - [17/Aug/2026:18:06:57 +0800] "GET /526/wp-content/uploads/sites/1318/2019/11/dsc_27191677041221204854309-300x169.jpg HTTP/1.1" 200 21238 "-" "Mozilla/5.0 AppleWebKit/537.36 (KHTML, like Gecko; compatible; bingbot/2.0; +http://www.bing.com/bingbot.htm) Chrome/116.0.1938.76 Safari/537.36"
2001:b011:7800:d9f7:dd9b:2c37:8f90:beb5 - - [17/Aug/2026:18:06:56 +0800] "GET /favicon.ico HTTP/1.1" 301 5748 "-" "NetworkingExtension/8624.4.5.10.5 Network/5812.160.9 iOS/26.6"
2001:b011:7800:d9f7:dd9b:2c37:8f90:beb5 - - [17/Aug/2026:18:06:56 +0800] "GET /apple-touch-icon.png HTTP/1.1" 301 5757 "-" "NetworkingExtension/8624.4.5.10.5 Network/5812.160.9 iOS/26.6"
2001:b011:7800:d9f7:dd9b:2c37:8f90:beb5 - - [17/Aug/2026:18:06:56 +0800] "GET /apple-touch-icon-precomposed.png HTTP/1.1" 301 5769 "-" "NetworkingExtension/8624.4.5.10.5 Network/5812.160.9 iOS/26.6"
2001:b011:7800:d9f7:dd9b:2c37:8f90:beb5 - - [17/Aug/2026:18:06:56 +0800] "GET / HTTP/1.1" 200 20580 "-" "Mozilla/5.0 (Macintosh; Intel Mac OS X 10_11_1) AppleWebKit/601.2.4 (KHTML, like Gecko) Version/9.0.1 Safari/601.2.4 facebookexternalhit/1.1 Facebot Twitterbot/1.0"
66.249.68.164 - - [17/Aug/2026:18:06:56 +0800] "GET /advertising/%E5%B2%B3%E6%98%8E%E5%AF%A6%E9%A9%97%E6%95%99%E8%82%B2%E6%88%90%E6%9E%9C/ HTTP/1.1" 200 23275 "-" "Mozilla/5.0 (Linux; Android 6.0.1; Nexus 5X Build/MMB29P) AppleWebKit/537.36 (KHTML, like Gecko) Chrome/150.0.7871.186 Mobile Safari/537.36 (compatible; Googlebot/2.1; +http://www.google.com/bot.html)"
2001:b011:7800:d9f7:dd9b:2c37:8f90:beb5 - - [17/Aug/2026:18:06:58 +0800] "GET /wp-content/uploads/sites/411/2019/08/cropped-ltjhicon-32x32.jpg HTTP/1.1" 200 6972 "-" "NetworkingExtension/8624.4.5.10.5 Network/5812.160.9 iOS/26.6"
2001:b011:7800:d9f7:dd9b:2c37:8f90:beb5 - - [17/Aug/2026:18:06:58 +0800] "GET /wp-content/uploads/sites/411/2019/08/cropped-ltjhicon-192x192.jpg HTTP/1.1" 200 14338 "-" "NetworkingExtension/8624.4.5.10.5 Network/5812.160.9 iOS/26.6"
2001:b011:7800:d9f7:dd9b:2c37:8f90:beb5 - - [17/Aug/2026:18:06:57 +0800] "GET /favicon.ico/ HTTP/1.1" 200 15764 "-" "NetworkingExtension/8624.4.5.10.5 Network/5812.160.9 iOS/26.6"
2001:b011:7800:d9f7:dd9b:2c37:8f90:beb5 - - [17/Aug/2026:18:06:57 +0800] "GET /apple-touch-icon.png/ HTTP/1.1" 200 15764 "-" "NetworkingExtension/8624.4.5.10.5 Network/5812.160.9 iOS/26.6"
2001:b011:7800:d9f7:dd9b:2c37:8f90:beb5 - - [17/Aug/2026:18:06:57 +0800] "GET /apple-touch-icon-precomposed.png/ HTTP/1.1" 200 15764 "-" "NetworkingExtension/8624.4.5.10.5 Network/5812.160.9 iOS/26.6"
117.56.173.19 - - [17/Aug/2026:18:06:58 +0800] "-" 408 4796 "-" "-"
2001:b011:7800:d9f7:dd9b:2c37:8f90:beb5 - - [17/Aug/2026:18:06:58 +0800] "GET /wp-content/uploads/sites/411/2019/08/cropped-ltjhicon-180x180.jpg HTTP/1.1" 200 18365 "-" "NetworkingExtension/8624.4.5.10.5 Network/5812.160.9 iOS/26.6"
140.111.67.10 - - [17/Aug/2026:18:07:00 +0800] "GET /" 301 273 "-" "-"
2001:288:a201::66:125 - - [17/Aug/2026:18:07:00 +0800] "GET /blog/active.php HTTP/1.1" 301 1026 "-" "-"
2001:288:a201::66:125 - - [17/Aug/2026:18:07:00 +0800] "GET /blog/active.php HTTP/1.1" 404 1084 "-" "-"
66.249.71.163 - - [17/Aug/2026:18:06:59 +0800] "GET /wp-login.php?key=1r4x4381&_wpnonce=&action=ilc_logout&redirect_to=https%3A%2F%2Fmushroom.joynetgame.com HTTP/1.1" 302 8247 "-" "Mozilla/5.0 (Linux; Android 6.0.1; Nexus 5X Build/MMB29P) AppleWebKit/537.36 (KHTML, like Gecko) Chrome/150.0.7871.186 Mobile Safari/537.36 (compatible; GoogleOther)"
2001:b011:7807:5976:d38d:606a:19f9:7b73 - - [17/Aug/2026:18:07:02 +0800] "-" 408 339 "-" "-"
::1 - - [17/Aug/2026:18:07:02 +0800] "OPTIONS * HTTP/1.0" 200 110 "-" "Apache/2.4.68 (Ubuntu) OpenSSL/3.0.19 (internal dummy connection)"
::1 - - [17/Aug/2026:18:07:03 +0800] "OPTIONS * HTTP/1.0" 200 110 "-" "Apache/2.4.68 (Ubuntu) OpenSSL/3.0.19 (internal dummy connection)"
::1 - - [17/Aug/2026:18:07:04 +0800] "OPTIONS * HTTP/1.0" 200 110 "-" "Apache/2.4.68 (Ubuntu) OpenSSL/3.0.19 (internal dummy connection)"
49.158.150.154 - - [17/Aug/2026:18:07:03 +0800] "GET /wp-content/uploads/sites/3846/2023/07/%E6%95%99%E8%82%B2%E8%99%95%E5%85%AB%E5%A4%A7%E6%96%B9%E9%87%9D.png HTTP/1.1" 200 200327 "https://it.ilc.edu.tw/" "Mozilla/5.0 (Windows NT 10.0; Win64; x64) AppleWebKit/537.36 (KHTML, like Gecko) Chrome/151.0.0.0 Safari/537.36 Edg/151.0.0.0"
140.111.67.10 - - [17/Aug/2026:18:07:05 +0800] "GET /" 301 273 "-" "-"
::1 - - [17/Aug/2026:18:07:05 +0800] "OPTIONS * HTTP/1.0" 200 110 "-" "Apache/2.4.68 (Ubuntu) OpenSSL/3.0.19 (internal dummy connection)"
2001:288:a201::66:125 - - [17/Aug/2026:18:07:05 +0800] "GET /blog/active.php HTTP/1.1" 301 1026 "-" "-"
2001:288:a201::66:125 - - [17/Aug/2026:18:07:05 +0800] "GET /blog/active.php HTTP/1.1" 404 1084 "-" "-"
140.111.67.195 - - [17/Aug/2026:18:07:05 +0800] "GET /wp-admin/admin-post.php?action=steps_ad HTTP/1.1" 200 1973 "-" "node-fetch/1.0 (+https://github.com/bitinn/node-fetch)"
::1 - - [17/Aug/2026:18:07:06 +0800] "OPTIONS * HTTP/1.0" 200 110 "-" "Apache/2.4.68 (Ubuntu) OpenSSL/3.0.19 (internal dummy connection)"
140.111.67.195 - - [17/Aug/2026:18:07:07 +0800] "GET /wp-admin/admin-post.php?action=steps_ad HTTP/1.1" 200 1649 "-" "node-fetch/1.0 (+https://github.com/bitinn/node-fetch)"
49.158.150.154 - - [17/Aug/2026:18:07:07 +0800] "GET /wp-content/uploads/sites/3846/2026/08/%E8%BE%B2%E6%A5%AD%E9%83%A8%E5%BB%A3%E5%91%8A.jpg HTTP/1.1" 200 236462 "https://it.ilc.edu.tw/" "Mozilla/5.0 (Windows NT 10.0; Win64; x64) AppleWebKit/537.36 (KHTML, like Gecko) Chrome/151.0.0.0 Safari/537.36 Edg/151.0.0.0"
49.158.150.154 - - [17/Aug/2026:18:07:07 +0800] "GET /wp-content/uploads/sites/3846/2026/02/%E9%81%BF%E5%85%8D%E8%AA%A4%E5%85%A5%E8%A9%90%E9%A8%99%E7%B6%B2%E7%AB%99APP%E5%B0%8F%E5%B8%B8%E8%AD%98.jpg HTTP/1.1" 200 454833 "https://it.ilc.edu.tw/" "Mozilla/5.0 (Windows NT 10.0; Win64; x64) AppleWebKit/537.36 (KHTML, like Gecko) Chrome/151.0.0.0 Safari/537.36 Edg/151.0.0.0"
49.158.150.154 - - [17/Aug/2026:18:07:07 +0800] "GET /wp-content/uploads/sites/3846/2026/06/%E5%AE%A3%E5%82%B3%E5%9C%96%E7%89%87.png HTTP/1.1" 200 1053112 "https://it.ilc.edu.tw/" "Mozilla/5.0 (Windows NT 10.0; Win64; x64) AppleWebKit/537.36 (KHTML, like Gecko) Chrome/151.0.0.0 Safari/537.36 Edg/151.0.0.0"
49.158.150.154 - - [17/Aug/2026:18:07:07 +0800] "GET /wp-content/uploads/sites/3846/2026/06/2026%E5%AE%9C%E8%98%AD%E7%98%8B%E5%AD%B8%E7%BF%92-%E6%9A%91%E5%81%87_%E6%95%99%E8%82%B2%E8%99%95%E9%A6%96%E9%A0%81-1440-x-1080-%E5%83%8F%E7%B4%A0.png HTTP/1.1" 200 2046271 "https://it.ilc.edu.tw/" "Mozilla/5.0 (Windows NT 10.0; Win64; x64) AppleWebKit/537.36 (KHTML, like Gecko) Chrome/151.0.0.0 Safari/537.36 Edg/151.0.0.0"
66.249.68.192 - - [17/Aug/2026:18:07:08 +0800] "POST /41336/wp-json/ilc-summary/v1/popular-posts HTTP/1.1" 201 6052 "https://2blog.ilc.edu.tw/41336/%E5%96%84%E5%BF%83%E4%BA%BA%E5%A3%AB%E6%84%9F%E8%AC%9D%E5%8F%B0%E5%8D%97%E7%9F%A5%E5%90%8D%E9%9B%99%E5%93%81%E8%B1%AC%E6%8E%92%E5%BA%97%E6%B4%AA%E5%95%9F%E9%A0%86%E5%85%88%E7%94%9F%E9%A4%85/" "Mozilla/5.0 (Linux; Android 6.0.1; Nexus 5X Build/MMB29P) AppleWebKit/537.36 (KHTML, like Gecko) Chrome/150.0.7871.186 Mobile Safari/537.36 (compatible; Googlebot/2.1; +http://www.google.com/bot.html)"
66.249.68.192 - - [17/Aug/2026:18:07:09 +0800] "GET /12/2009/04/18/%E7%AC%AC%E5%85%AD%E5%B1%86%E3%80%8C%E6%B3%95%E5%BE%8B%E7%94%9F%E6%B4%BB%E7%8E%8B%E3%80%8D%E9%96%8B%E5%A7%8B%E5%A0%B1%E5%90%8D%E4%BA%86/ HTTP/1.1" 200 15700 "-" "Mozilla/5.0 (Linux; Android 6.0.1; Nexus 5X Build/MMB29P) AppleWebKit/537.36 (KHTML, like Gecko) Chrome/150.0.7871.186 Mobile Safari/537.36 (compatible; GoogleOther)"
140.111.67.10 - - [17/Aug/2026:18:07:10 +0800] "GET /" 301 273 "-" "-"
66.249.79.228 - - [17/Aug/2026:18:07:10 +0800] "GET /%E6%95%99%E5%8B%99%E8%99%95/ HTTP/1.1" 200 24249 "-" "Mozilla/5.0 (Linux; Android 6.0.1; Nexus 5X Build/MMB29P) AppleWebKit/537.36 (KHTML, like Gecko) Chrome/150.0.7871.186 Mobile Safari/537.36 (compatible; Googlebot/2.1; +http://www.google.com/bot.html)"
2001:288:a201::66:125 - - [17/Aug/2026:18:07:10 +0800] "GET /blog/active.php HTTP/1.1" 301 1026 "-" "-"
2001:288:a201::66:125 - - [17/Aug/2026:18:07:10 +0800] "GET /blog/active.php HTTP/1.1" 404 1084 "-" "-"
66.249.68.200 - - [17/Aug/2026:18:07:12 +0800] "POST /12/wp-json/ilc-summary/v1/popular-posts HTTP/1.1" 201 6049 "https://2blog.ilc.edu.tw/12/2009/04/18/%E7%AC%AC%E5%85%AD%E5%B1%86%E3%80%8C%E6%B3%95%E5%BE%8B%E7%94%9F%E6%B4%BB%E7%8E%8B%E3%80%8D%E9%96%8B%E5%A7%8B%E5%A0%B1%E5%90%8D%E4%BA%86/" "Mozilla/5.0 (Linux; Android 6.0.1; Nexus 5X Build/MMB29P) AppleWebKit/537.36 (KHTML, like Gecko) Chrome/150.0.7871.186 Mobile Safari/537.36 (compatible; GoogleOther)"
::1 - - [17/Aug/2026:18:07:13 +0800] "OPTIONS * HTTP/1.0" 200 110 "-" "Apache/2.4.68 (Ubuntu) OpenSSL/3.0.19 (internal dummy connection)"
::1 - - [17/Aug/2026:18:07:14 +0800] "OPTIONS * HTTP/1.0" 200 110 "-" "Apache/2.4.68 (Ubuntu) OpenSSL/3.0.19 (internal dummy connection)"
140.111.67.10 - - [17/Aug/2026:18:07:15 +0800] "GET /" 301 273 "-" "-"
2001:288:a201::66:125 - - [17/Aug/2026:18:07:15 +0800] "GET /blog/active.php HTTP/1.1" 301 1026 "-" "-"
2001:288:a201::66:125 - - [17/Aug/2026:18:07:15 +0800] "GET /blog/active.php HTTP/1.1" 404 1084 "-" "-"
66.249.68.136 - - [17/Aug/2026:18:07:16 +0800] "GET /wp-login.php?action=ilc_logout&_wpnonce=43754d0aad&redirect_to=http://legal9.ru/job/14036/ HTTP/1.1" 302 8243 "-" "Mozilla/5.0 (Linux; Android 6.0.1; Nexus 5X Build/MMB29P) AppleWebKit/537.36 (KHTML, like Gecko) Chrome/150.0.7871.186 Mobile Safari/537.36 (compatible; GoogleOther)"
140.111.67.195 - - [17/Aug/2026:18:07:19 +0800] "GET /wp-admin/admin-post.php?action=steps_ad HTTP/1.1" 200 1973 "-" "node-fetch/1.0 (+https://github.com/bitinn/node-fetch)"
2001:4860:7:510::f6 - - [17/Aug/2026:18:07:19 +0800] "GET /1003/2013/07/29/%E7%8F%AD%E7%B4%9A%E7%B6%93%E7%87%9F%E5%B0%8F%E4%B8%80%E9%96%8B%E5%AD%B8%E7%9A%84%E7%9C%89%E7%9C%89%E8%A7%92%E8%A7%92/ HTTP/1.1" 200 23487 "https://www.google.com/" "Mozilla/5.0 (Windows NT 10.0; Win64; x64) AppleWebKit/537.36 (KHTML, like Gecko) Chrome/151.0.0.0 Safari/537.36"
140.111.67.10 - - [17/Aug/2026:18:07:20 +0800] "GET /" 301 273 "-" "-"
140.111.67.195 - - [17/Aug/2026:18:07:19 +0800] "GET /wp-admin/admin-post.php?action=steps_ad HTTP/1.1" 200 1649 "-" "node-fetch/1.0 (+https://github.com/bitinn/node-fetch)"
114.24.227.223 - - [17/Aug/2026:18:07:19 +0800] "GET /favicon.ico HTTP/1.1" 302 5915 "-" "NetworkingExtension/8624.2.5.10.8 Network/5812.122.1 iOS/26.5.2"
114.24.227.223 - - [17/Aug/2026:18:07:20 +0800] "GET /wp-content/uploads/sites/980/2019/09/%E4%B8%AD%E8%8B%B1%E6%96%87%E6%A0%A1%E5%BE%BD-150x150.png HTTP/1.1" 200 36911 "-" "NetworkingExtension/8624.2.5.10.8 Network/5812.122.1 iOS/26.5.2"
2001:b011:9804:f117:b183:6f4:6a95:181d - - [17/Aug/2026:18:07:20 +0800] "GET /25915/2020/03/%E7%B6%B2%E8%B7%AF%E4%B8%8A%E4%B8%8D%E9%8C%AF%E7%9A%84%E7%A7%91%E5%AD%B8%E5%B0%8F%E9%81%8A%E6%88%B2%E7%B6%B2%E7%AB%99/ HTTP/1.1" 200 18288 "https://www.google.com/" "Mozilla/5.0 (iPad; CPU OS 18_7_2 like Mac OS X) AppleWebKit/605.1.15 (KHTML, like Gecko) CriOS/144.0.7559.95 Mobile/15E148 Safari/604.1"
114.24.227.223 - - [17/Aug/2026:18:07:19 +0800] "GET /apple-touch-icon.png HTTP/1.1" 404 113571 "-" "NetworkingExtension/8624.2.5.10.8 Network/5812.122.1 iOS/26.5.2"
114.24.227.223 - - [17/Aug/2026:18:07:19 +0800] "GET /apple-touch-icon-precomposed.png HTTP/1.1" 404 113583 "-" "NetworkingExtension/8624.2.5.10.8 Network/5812.122.1 iOS/26.5.2"
2001:b011:9804:f117:b183:6f4:6a95:181d - - [17/Aug/2026:18:07:20 +0800] "GET /25915/wp-content/cache/2blog.ilc.edu.tw/wpfc-minified/qsfc00i5/5wosl.css HTTP/1.1" 200 40888 "https://2blog.ilc.edu.tw/25915/2020/03/%E7%B6%B2%E8%B7%AF%E4%B8%8A%E4%B8%8D%E9%8C%AF%E7%9A%84%E7%A7%91%E5%AD%B8%E5%B0%8F%E9%81%8A%E6%88%B2%E7%B6%B2%E7%AB%99/" "Mozilla/5.0 (iPad; CPU OS 18_7_2 like Mac OS X) AppleWebKit/605.1.15 (KHTML, like Gecko) CriOS/144.0.7559.95 Mobile/15E148 Safari/604.1"
2001:b011:9804:f117:b183:6f4:6a95:181d - - [17/Aug/2026:18:07:20 +0800] "GET /25915/wp-includes/js/hoverintent-js.min.js HTTP/1.1" 200 1597 "https://2blog.ilc.edu.tw/25915/2020/03/%E7%B6%B2%E8%B7%AF%E4%B8%8A%E4%B8%8D%E9%8C%AF%E7%9A%84%E7%A7%91%E5%AD%B8%E5%B0%8F%E9%81%8A%E6%88%B2%E7%B6%B2%E7%AB%99/" "Mozilla/5.0 (iPad; CPU OS 18_7_2 like Mac OS X) AppleWebKit/605.1.15 (KHTML, like Gecko) CriOS/144.0.7559.95 Mobile/15E148 Safari/604.1"
2001:b011:9804:f117:b183:6f4:6a95:181d - - [17/Aug/2026:18:07:20 +0800] "GET /25915/wp-includes/js/admin-bar.min.js HTTP/1.1" 200 2237 "https://2blog.ilc.edu.tw/25915/2020/03/%E7%B6%B2%E8%B7%AF%E4%B8%8A%E4%B8%8D%E9%8C%AF%E7%9A%84%E7%A7%91%E5%AD%B8%E5%B0%8F%E9%81%8A%E6%88%B2%E7%B6%B2%E7%AB%99/" "Mozilla/5.0 (iPad; CPU OS 18_7_2 like Mac OS X) AppleWebKit/605.1.15 (KHTML, like Gecko) CriOS/144.0.7559.95 Mobile/15E148 Safari/604.1"
2001:b011:9804:f117:b183:6f4:6a95:181d - - [17/Aug/2026:18:07:20 +0800] "GET /25915/wp-content/cache/2blog.ilc.edu.tw/wpfc-minified/88ikw6ns/5wosl.css HTTP/1.1" 200 20776 "https://2blog.ilc.edu.tw/25915/2020/03/%E7%B6%B2%E8%B7%AF%E4%B8%8A%E4%B8%8D%E9%8C%AF%E7%9A%84%E7%A7%91%E5%AD%B8%E5%B0%8F%E9%81%8A%E6%88%B2%E7%B6%B2%E7%AB%99/" "Mozilla/5.0 (iPad; CPU OS 18_7_2 like Mac OS X) AppleWebKit/605.1.15 (KHTML, like Gecko) CriOS/144.0.7559.95 Mobile/15E148 Safari/604.1"
2001:b011:9804:f117:b183:6f4:6a95:181d - - [17/Aug/2026:18:07:20 +0800] "GET /25915/wp-content/cache/2blog.ilc.edu.tw/wpfc-minified/er3xgi1t/5wosl.css HTTP/1.1" 200 35454 "https://2blog.ilc.edu.tw/25915/2020/03/%E7%B6%B2%E8%B7%AF%E4%B8%8A%E4%B8%8D%E9%8C%AF%E7%9A%84%E7%A7%91%E5%AD%B8%E5%B0%8F%E9%81%8A%E6%88%B2%E7%B6%B2%E7%AB%99/" "Mozilla/5.0 (iPad; CPU OS 18_7_2 like Mac OS X) AppleWebKit/605.1.15 (KHTML, like Gecko) CriOS/144.0.7559.95 Mobile/15E148 Safari/604.1"
2001:b011:9804:f117:b183:6f4:6a95:181d - - [17/Aug/2026:18:07:20 +0800] "GET /25915/wp-content/cache/2blog.ilc.edu.tw/wpfc-minified/g3g094wm/5wosl.js HTTP/1.1" 200 60585 "https://2blog.ilc.edu.tw/25915/2020/03/%E7%B6%B2%E8%B7%AF%E4%B8%8A%E4%B8%8D%E9%8C%AF%E7%9A%84%E7%A7%91%E5%AD%B8%E5%B0%8F%E9%81%8A%E6%88%B2%E7%B6%B2%E7%AB%99/" "Mozilla/5.0 (iPad; CPU OS 18_7_2 like Mac OS X) AppleWebKit/605.1.15 (KHTML, like Gecko) CriOS/144.0.7559.95 Mobile/15E148 Safari/604.1"
66.249.68.136 - - [17/Aug/2026:18:07:19 +0800] "GET /wp-login.php?action=ilc_logout&_wpnonce=43754d0aad&redirect_to=http://zirconuk.ru/gallery/67795/ HTTP/1.1" 302 8249 "-" "Mozilla/5.0 (Linux; Android 6.0.1; Nexus 5X Build/MMB29P) AppleWebKit/537.36 (KHTML, like Gecko) Chrome/150.0.7871.186 Mobile Safari/537.36 (compatible; Googlebot/2.1; +http://www.google.com/bot.html)"
2001:b011:9804:f117:b183:6f4:6a95:181d - - [17/Aug/2026:18:07:21 +0800] "GET /25915/wp-content/cache/2blog.ilc.edu.tw/wpfc-minified/7khr84ec/5wosl.css HTTP/1.1" 200 18182 "https://2blog.ilc.edu.tw/25915/2020/03/%E7%B6%B2%E8%B7%AF%E4%B8%8A%E4%B8%8D%E9%8C%AF%E7%9A%84%E7%A7%91%E5%AD%B8%E5%B0%8F%E9%81%8A%E6%88%B2%E7%B6%B2%E7%AB%99/" "Mozilla/5.0 (iPad; CPU OS 18_7_2 like Mac OS X) AppleWebKit/605.1.15 (KHTML, like Gecko) CriOS/144.0.7559.95 Mobile/15E148 Safari/604.1"
2001:b011:9804:f117:b183:6f4:6a95:181d - - [17/Aug/2026:18:07:21 +0800] "GET /25915/wp-content/cache/2blog.ilc.edu.tw/wpfc-minified/2f8fb5ml/5wsu5.js HTTP/1.1" 200 6439 "https://2blog.ilc.edu.tw/25915/2020/03/%E7%B6%B2%E8%B7%AF%E4%B8%8A%E4%B8%8D%E9%8C%AF%E7%9A%84%E7%A7%91%E5%AD%B8%E5%B0%8F%E9%81%8A%E6%88%B2%E7%B6%B2%E7%AB%99/" "Mozilla/5.0 (iPad; CPU OS 18_7_2 like Mac OS X) AppleWebKit/605.1.15 (KHTML, like Gecko) CriOS/144.0.7559.95 Mobile/15E148 Safari/604.1"
2001:b011:9804:f117:b183:6f4:6a95:181d - - [17/Aug/2026:18:07:21 +0800] "GET /25915/wp-content/themes/mynote/assets/webfonts/fa-solid-900.woff2 HTTP/1.1" 200 60555 "https://2blog.ilc.edu.tw/25915/2020/03/%E7%B6%B2%E8%B7%AF%E4%B8%8A%E4%B8%8D%E9%8C%AF%E7%9A%84%E7%A7%91%E5%AD%B8%E5%B0%8F%E9%81%8A%E6%88%B2%E7%B6%B2%E7%AB%99/" "Mozilla/5.0 (iPad; CPU OS 18_7_2 like Mac OS X) AppleWebKit/605.1.15 (KHTML, like Gecko) CriOS/144.0.7559.95 Mobile/15E148 Safari/604.1"
2001:b011:9804:f117:b183:6f4:6a95:181d - - [17/Aug/2026:18:07:22 +0800] "GET /25915/wp-content/themes/mynote/assets/webfonts/fa-regular-400.woff2 HTTP/1.1" 200 15803 "https://2blog.ilc.edu.tw/25915/2020/03/%E7%B6%B2%E8%B7%AF%E4%B8%8A%E4%B8%8D%E9%8C%AF%E7%9A%84%E7%A7%91%E5%AD%B8%E5%B0%8F%E9%81%8A%E6%88%B2%E7%B6%B2%E7%AB%99/" "Mozilla/5.0 (iPad; CPU OS 18_7_2 like Mac OS X) AppleWebKit/605.1.15 (KHTML, like Gecko) CriOS/144.0.7559.95 Mobile/15E148 Safari/604.1"
2001:b011:9804:f117:b183:6f4:6a95:181d - - [17/Aug/2026:18:07:21 +0800] "POST /25915/wp-json/ilc-summary/v1/popular-posts HTTP/1.1" 201 1273 "https://2blog.ilc.edu.tw/25915/2020/03/%E7%B6%B2%E8%B7%AF%E4%B8%8A%E4%B8%8D%E9%8C%AF%E7%9A%84%E7%A7%91%E5%AD%B8%E5%B0%8F%E9%81%8A%E6%88%B2%E7%B6%B2%E7%AB%99/" "Mozilla/5.0 (iPad; CPU OS 18_7_2 like Mac OS X) AppleWebKit/605.1.15 (KHTML, like Gecko) CriOS/144.0.7559.95 Mobile/15E148 Safari/604.1"
2001:288:a201::66:125 - - [17/Aug/2026:18:07:22 +0800] "GET /blog/active.php HTTP/1.1" 301 1026 "-" "-"
2001:288:a201::66:125 - - [17/Aug/2026:18:07:22 +0800] "GET /blog/active.php HTTP/1.1" 404 1084 "-" "-"
2001:b011:9804:f117:b183:6f4:6a95:181d - - [17/Aug/2026:18:07:22 +0800] "GET /favicon.ico HTTP/1.1" 302 5826 "-" "Mozilla/5.0 (iPad; CPU OS 18_7_2 like Mac OS X) AppleWebKit/605.1.15 (KHTML, like Gecko) CriOS/144.0.7559.95 Mobile/15E148 Safari/604.1"
2001:b011:9804:f117:b183:6f4:6a95:181d - - [17/Aug/2026:18:07:22 +0800] "GET /wp-includes/images/w-logo-blue-white-bg.png HTTP/1.1" 200 4946 "-" "Mozilla/5.0 (iPad; CPU OS 18_7_2 like Mac OS X) AppleWebKit/605.1.15 (KHTML, like Gecko) CriOS/144.0.7559.95 Mobile/15E148 Safari/604.1"
52.167.144.173 - - [17/Aug/2026:18:07:22 +0800] "GET /?s=%E6%9D%BE%E9%B6%B4+%E4%BF%A1%E7%AE%B1 HTTP/1.1" 200 20471 "-" "Mozilla/5.0 AppleWebKit/537.36 (KHTML, like Gecko; compatible; bingbot/2.0; +http://www.bing.com/bingbot.htm) Chrome/116.0.1938.76 Safari/537.36"
66.249.68.162 - - [17/Aug/2026:18:07:24 +0800] "GET /wp-content/cache/www.ymes.ilc.edu.tw/wpfc-minified/swpps8t/duo9a.css HTTP/1.1" 200 66118 "https://www.ymes.ilc.edu.tw/advertising/%E5%B2%B3%E6%98%8E%E5%AF%A6%E9%A9%97%E6%95%99%E8%82%B2%E6%88%90%E6%9E%9C/" "Mozilla/5.0 (Linux; Android 6.0.1; Nexus 5X Build/MMB29P) AppleWebKit/537.36 (KHTML, like Gecko) Chrome/150.0.7871.186 Mobile Safari/537.36 (compatible; Googlebot/2.1; +http://www.google.com/bot.html)"
140.111.111.108 - - [17/Aug/2026:18:07:24 +0800] "-" 408 4803 "-" "-"
2001:4860:7:510::f5 - - [17/Aug/2026:18:07:24 +0800] "GET / HTTP/1.1" 200 30833 "https://www.google.com/" "Mozilla/5.0 (Linux; Android 10; K) AppleWebKit/537.36 (KHTML, like Gecko) Chrome/151.0.0.0 Mobile Safari/537.36"
140.111.67.10 - - [17/Aug/2026:18:07:25 +0800] "GET /" 301 273 "-" "-"
66.249.68.162 - - [17/Aug/2026:18:07:25 +0800] "GET /wp-content/cache/www.ymes.ilc.edu.tw/wpfc-minified/eu2sj1qs/g4snp.css HTTP/1.1" 200 15786 "https://www.ymes.ilc.edu.tw/advertising/%E5%B2%B3%E6%98%8E%E5%AF%A6%E9%A9%97%E6%95%99%E8%82%B2%E6%88%90%E6%9E%9C/" "Mozilla/5.0 (Linux; Android 6.0.1; Nexus 5X Build/MMB29P) AppleWebKit/537.36 (KHTML, like Gecko) Chrome/150.0.7871.186 Mobile Safari/537.36 (compatible; Googlebot/2.1; +http://www.google.com/bot.html)"
2407:4b00:4c0d:846c:b545:76cd:f0ab:8f24 - - [17/Aug/2026:18:07:25 +0800] "GET / HTTP/1.1" 200 22439 "-" "Mozilla/5.0 (Windows NT 10.0; Win64; x64) AppleWebKit/537.36 (KHTML, like Gecko) Chrome/151.0.0.0 Safari/537.36"
114.24.227.223 - - [17/Aug/2026:18:07:19 +0800] "GET / HTTP/1.1" 200 30217 "-" "Mozilla/5.0 (Macintosh; Intel Mac OS X 10_11_1) AppleWebKit/601.2.4 (KHTML, like Gecko) Version/9.0.1 Safari/601.2.4 facebookexternalhit/1.1 Facebot Twitterbot/1.0"
2001:288:a201::66:125 - - [17/Aug/2026:18:07:25 +0800] "GET /blog/active.php HTTP/1.1" 301 1026 "-" "-"
2001:288:a201::66:125 - - [17/Aug/2026:18:07:25 +0800] "GET /blog/active.php HTTP/1.1" 404 1084 "-" "-"
2407:4b00:4c0d:846c:b545:76cd:f0ab:8f24 - - [17/Aug/2026:18:07:26 +0800] "GET /wp-content/uploads/sites/866/2019/07/cropped-21837-3726567-32x32.jpg HTTP/1.1" 200 2200 "https://www.jles.ilc.edu.tw/" "Mozilla/5.0 (Windows NT 10.0; Win64; x64) AppleWebKit/537.36 (KHTML, like Gecko) Chrome/151.0.0.0 Safari/537.36"
66.249.68.162 - - [17/Aug/2026:18:07:26 +0800] "GET /wp-includes/js/mediaelement/wp-mediaelement.min.js HTTP/1.1" 200 1417 "https://www.ymes.ilc.edu.tw/advertising/%E5%B2%B3%E6%98%8E%E5%AF%A6%E9%A9%97%E6%95%99%E8%82%B2%E6%88%90%E6%9E%9C/" "Mozilla/5.0 (Linux; Android 6.0.1; Nexus 5X Build/MMB29P) AppleWebKit/537.36 (KHTML, like Gecko) Chrome/150.0.7871.186 Mobile Safari/537.36 (compatible; Googlebot/2.1; +http://www.google.com/bot.html)"
66.249.71.98 - - [17/Aug/2026:18:07:27 +0800] "GET /wp-content/themes/oceanwp/assets/js/select.min.js HTTP/1.1" 200 7193 "https://www.ymes.ilc.edu.tw/advertising/%E5%B2%B3%E6%98%8E%E5%AF%A6%E9%A9%97%E6%95%99%E8%82%B2%E6%88%90%E6%9E%9C/" "Mozilla/5.0 (Linux; Android 6.0.1; Nexus 5X Build/MMB29P) AppleWebKit/537.36 (KHTML, like Gecko) Chrome/150.0.7871.186 Mobile Safari/537.36 (compatible; Googlebot/2.1; +http://www.google.com/bot.html)"
52.167.144.209 - - [17/Aug/2026:18:07:27 +0800] "GET /23475/wp-content/uploads/sites/2040/2023/03/DSCN8860-1024x768.jpg HTTP/1.1" 200 159416 "-" "Mozilla/5.0 AppleWebKit/537.36 (KHTML, like Gecko; compatible; bingbot/2.0; +http://www.bing.com/bingbot.htm) Chrome/116.0.1938.76 Safari/537.36"
::1 - - [17/Aug/2026:18:07:27 +0800] "OPTIONS * HTTP/1.0" 200 110 "-" "Apache/2.4.68 (Ubuntu) OpenSSL/3.0.19 (internal dummy connection)"
66.249.68.200 - - [17/Aug/2026:18:07:28 +0800] "GET /babybaby/wp-content/uploads/sites/3902/2024/06/IMG_4631-300x225.jpg HTTP/1.1" 200 25643 "-" "GoogleOther-Image/1.0"
::1 - - [17/Aug/2026:18:07:29 +0800] "OPTIONS * HTTP/1.0" 200 110 "-" "Apache/2.4.68 (Ubuntu) OpenSSL/3.0.19 (internal dummy connection)"
140.111.67.10 - - [17/Aug/2026:18:07:30 +0800] "GET /" 301 273 "-" "-"
2001:288:a201::66:125 - - [17/Aug/2026:18:07:30 +0800] "GET /blog/active.php HTTP/1.1" 301 1026 "-" "-"
::1 - - [17/Aug/2026:18:07:30 +0800] "OPTIONS * HTTP/1.0" 200 110 "-" "Apache/2.4.68 (Ubuntu) OpenSSL/3.0.19 (internal dummy connection)"
2001:288:a201::66:125 - - [17/Aug/2026:18:07:30 +0800] "GET /blog/active.php HTTP/1.1" 404 1084 "-" "-"
2402:7500:599:92e8::c273:d93c - - [17/Aug/2026:18:07:30 +0800] "GET /wp-content/cache/www.cwjh.ilc.edu.tw/wpfc-minified/2mrmz3dm/77dd.css HTTP/1.1" 200 45687 "-" "Mozilla/5.0 (Linux; Android 10; K) AppleWebKit/537.36 (KHTML, like Gecko) Chrome/151.0.0.0 Mobile Safari/537.36"
2402:7500:599:92e8::c273:d93c - - [17/Aug/2026:18:07:30 +0800] "GET /wp-content/cache/www.cwjh.ilc.edu.tw/wpfc-minified/7957u2ji/77dd.css HTTP/1.1" 200 20585 "-" "Mozilla/5.0 (Linux; Android 10; K) AppleWebKit/537.36 (KHTML, like Gecko) Chrome/151.0.0.0 Mobile Safari/537.36"
2402:7500:599:92e8::c273:d93c - - [17/Aug/2026:18:07:30 +0800] "GET /wp-content/cache/www.cwjh.ilc.edu.tw/wpfc-minified/8wopko65/77dd.css HTTP/1.1" 200 5960 "-" "Mozilla/5.0 (Linux; Android 10; K) AppleWebKit/537.36 (KHTML, like Gecko) Chrome/151.0.0.0 Mobile Safari/537.36"
2402:7500:599:92e8::c273:d93c - - [17/Aug/2026:18:07:30 +0800] "GET /wp-content/cache/www.cwjh.ilc.edu.tw/wpfc-minified/f11u7byj/77dd.js HTTP/1.1" 200 40362 "https://www.cwjh.ilc.edu.tw/" "Mozilla/5.0 (Linux; Android 10; K) AppleWebKit/537.36 (KHTML, like Gecko) Chrome/151.0.0.0 Mobile Safari/537.36"
2402:7500:599:92e8::c273:d93c - - [17/Aug/2026:18:07:30 +0800] "GET /wp-content/cache/www.cwjh.ilc.edu.tw/wpfc-minified/dhutxct0/77dd.css HTTP/1.1" 200 66148 "https://www.cwjh.ilc.edu.tw/" "Mozilla/5.0 (Linux; Android 10; K) AppleWebKit/537.36 (KHTML, like Gecko) Chrome/151.0.0.0 Mobile Safari/537.36"
2402:7500:599:92e8::c273:d93c - - [17/Aug/2026:18:07:31 +0800] "GET /wp-content/uploads/sites/1364/2025/11/376420000A_1140189696_ATTACH1.png HTTP/1.1" 200 18436 "https://www.cwjh.ilc.edu.tw/" "Mozilla/5.0 (Linux; Android 10; K) AppleWebKit/537.36 (KHTML, like Gecko) Chrome/151.0.0.0 Mobile Safari/537.36"
2402:7500:599:92e8::c273:d93c - - [17/Aug/2026:18:07:31 +0800] "GET /wp-includes/js/hoverintent-js.min.js HTTP/1.1" 200 1597 "https://www.cwjh.ilc.edu.tw/" "Mozilla/5.0 (Linux; Android 10; K) AppleWebKit/537.36 (KHTML, like Gecko) Chrome/151.0.0.0 Mobile Safari/537.36"
2402:7500:599:92e8::c273:d93c - - [17/Aug/2026:18:07:31 +0800] "GET /wp-includes/js/admin-bar.min.js HTTP/1.1" 200 2237 "https://www.cwjh.ilc.edu.tw/" "Mozilla/5.0 (Linux; Android 10; K) AppleWebKit/537.36 (KHTML, like Gecko) Chrome/151.0.0.0 Mobile Safari/537.36"
