2402:7500:599:92e8::c273:d93c - - [17/Aug/2026:18:07:31 +0800] "GET /wp-content/themes/oceanwp/assets/js/drop-down-mobile-menu.min.js HTTP/1.1" 200 4663 "https://www.cwjh.ilc.edu.tw/" "Mozilla/5.0 (Linux; Android 10; K) AppleWebKit/537.36 (KHTML, like Gecko) Chrome/151.0.0.0 Mobile Safari/537.36"
2402:7500:599:92e8::c273:d93c - - [17/Aug/2026:18:07:31 +0800] "GET /wp-content/themes/oceanwp/assets/js/theme.min.js HTTP/1.1" 200 5130 "https://www.cwjh.ilc.edu.tw/" "Mozilla/5.0 (Linux; Android 10; K) AppleWebKit/537.36 (KHTML, like Gecko) Chrome/151.0.0.0 Mobile Safari/537.36"
2402:7500:599:92e8::c273:d93c - - [17/Aug/2026:18:07:31 +0800] "GET /wp-includes/js/imagesloaded.min.js HTTP/1.1" 200 2683 "https://www.cwjh.ilc.edu.tw/" "Mozilla/5.0 (Linux; Android 10; K) AppleWebKit/537.36 (KHTML, like Gecko) Chrome/151.0.0.0 Mobile Safari/537.36"
2402:7500:599:92e8::c273:d93c - - [17/Aug/2026:18:07:31 +0800] "GET /wp-content/themes/oceanwp/assets/js/drop-down-search.min.js HTTP/1.1" 200 2968 "https://www.cwjh.ilc.edu.tw/" "Mozilla/5.0 (Linux; Android 10; K) AppleWebKit/537.36 (KHTML, like Gecko) Chrome/151.0.0.0 Mobile Safari/537.36"
2402:7500:599:92e8::c273:d93c - - [17/Aug/2026:18:07:30 +0800] "GET /wp-content/uploads/sites/1364/2026/07/ChatGPT-Image-2026%E5%B9%B47%E6%9C%882%E6%97%A5-%E4%B8%8A%E5%8D%8811_24_32-1024x576.png HTTP/1.1" 200 1076753 "https://www.cwjh.ilc.edu.tw/" "Mozilla/5.0 (Linux; Android 10; K) AppleWebKit/537.36 (KHTML, like Gecko) Chrome/151.0.0.0 Mobile Safari/537.36"
2402:7500:599:92e8::c273:d93c - - [17/Aug/2026:18:07:31 +0800] "GET /wp-content/themes/oceanwp/assets/fonts/simple-line-icons/Simple-Line-Icons.woff2?v=2.4.0 HTTP/1.1" 200 30959 "https://www.cwjh.ilc.edu.tw/wp-content/cache/www.cwjh.ilc.edu.tw/wpfc-minified/dhutxct0/77dd.css" "Mozilla/5.0 (Linux; Android 10; K) AppleWebKit/537.36 (KHTML, like Gecko) Chrome/151.0.0.0 Mobile Safari/537.36"
2402:7500:599:92e8::c273:d93c - - [17/Aug/2026:18:07:31 +0800] "GET /wp-content/themes/oceanwp/assets/fonts/fontawesome/webfonts/fa-solid-900.woff2 HTTP/1.1" 200 151246 "https://www.cwjh.ilc.edu.tw/wp-content/cache/www.cwjh.ilc.edu.tw/wpfc-minified/dhutxct0/77dd.css" "Mozilla/5.0 (Linux; Android 10; K) AppleWebKit/537.36 (KHTML, like Gecko) Chrome/151.0.0.0 Mobile Safari/537.36"
2402:7500:599:92e8::c273:d93c - - [17/Aug/2026:18:07:31 +0800] "GET /wp-content/themes/oceanwp/assets/js/vendors/magnific-popup.min.js HTTP/1.1" 200 8270 "https://www.cwjh.ilc.edu.tw/" "Mozilla/5.0 (Linux; Android 10; K) AppleWebKit/537.36 (KHTML, like Gecko) Chrome/151.0.0.0 Mobile Safari/537.36"
2402:7500:599:92e8::c273:d93c - - [17/Aug/2026:18:07:31 +0800] "GET /wp-content/uploads/sites/1364/2024/07/Reference-School-Horizontal.png HTTP/1.1" 200 22083 "https://www.cwjh.ilc.edu.tw/" "Mozilla/5.0 (Linux; Android 10; K) AppleWebKit/537.36 (KHTML, like Gecko) Chrome/151.0.0.0 Mobile Safari/537.36"
2402:7500:599:92e8::c273:d93c - - [17/Aug/2026:18:07:31 +0800] "GET /wp-content/themes/oceanwp/assets/js/ow-lightbox.min.js HTTP/1.1" 200 2321 "https://www.cwjh.ilc.edu.tw/" "Mozilla/5.0 (Linux; Android 10; K) AppleWebKit/537.36 (KHTML, like Gecko) Chrome/151.0.0.0 Mobile Safari/537.36"
2402:7500:599:92e8::c273:d93c - - [17/Aug/2026:18:07:31 +0800] "GET /wp-content/themes/oceanwp/assets/js/vendors/flickity.pkgd.min.js HTTP/1.1" 200 15048 "https://www.cwjh.ilc.edu.tw/" "Mozilla/5.0 (Linux; Android 10; K) AppleWebKit/537.36 (KHTML, like Gecko) Chrome/151.0.0.0 Mobile Safari/537.36"
2402:7500:599:92e8::c273:d93c - - [17/Aug/2026:18:07:31 +0800] "GET /wp-content/themes/oceanwp/assets/js/ow-slider.min.js HTTP/1.1" 200 1761 "https://www.cwjh.ilc.edu.tw/" "Mozilla/5.0 (Linux; Android 10; K) AppleWebKit/537.36 (KHTML, like Gecko) Chrome/151.0.0.0 Mobile Safari/537.36"
2402:7500:599:92e8::c273:d93c - - [17/Aug/2026:18:07:31 +0800] "GET /wp-content/themes/oceanwp/assets/js/scroll-effect.min.js HTTP/1.1" 200 4127 "https://www.cwjh.ilc.edu.tw/" "Mozilla/5.0 (Linux; Android 10; K) AppleWebKit/537.36 (KHTML, like Gecko) Chrome/151.0.0.0 Mobile Safari/537.36"
2402:7500:599:92e8::c273:d93c - - [17/Aug/2026:18:07:31 +0800] "GET /wp-content/themes/oceanwp/assets/js/select.min.js HTTP/1.1" 200 2408 "https://www.cwjh.ilc.edu.tw/" "Mozilla/5.0 (Linux; Android 10; K) AppleWebKit/537.36 (KHTML, like Gecko) Chrome/151.0.0.0 Mobile Safari/537.36"
2402:7500:599:92e8::c273:d93c - - [17/Aug/2026:18:07:31 +0800] "GET /wp-content/themes/oceanwp/assets/js/scroll-top.min.js HTTP/1.1" 200 3202 "https://www.cwjh.ilc.edu.tw/" "Mozilla/5.0 (Linux; Android 10; K) AppleWebKit/537.36 (KHTML, like Gecko) Chrome/151.0.0.0 Mobile Safari/537.36"
2402:7500:599:92e8::c273:d93c - - [17/Aug/2026:18:07:31 +0800] "GET /wp-content/plugins/ocean-extra/includes/widgets/js/flickr.min.js HTTP/1.1" 200 1319 "https://www.cwjh.ilc.edu.tw/" "Mozilla/5.0 (Linux; Android 10; K) AppleWebKit/537.36 (KHTML, like Gecko) Chrome/151.0.0.0 Mobile Safari/537.36"
2402:7500:599:92e8::c273:d93c - - [17/Aug/2026:18:07:31 +0800] "GET /wp-content/uploads/sites/1364/2020/02/Animated-Gif-New-1.gif HTTP/1.1" 200 3399 "https://www.cwjh.ilc.edu.tw/" "Mozilla/5.0 (Linux; Android 10; K) AppleWebKit/537.36 (KHTML, like Gecko) Chrome/151.0.0.0 Mobile Safari/537.36"
52.167.144.172 - - [17/Aug/2026:18:07:31 +0800] "GET /cges103/wp-content/uploads/sites/2380/2022/04/line_1411770750339525.jpg HTTP/1.1" 200 157970 "-" "Mozilla/5.0 AppleWebKit/537.36 (KHTML, like Gecko; compatible; bingbot/2.0; +http://www.bing.com/bingbot.htm) Chrome/116.0.1938.76 Safari/537.36"
2402:7500:599:92e8::c273:d93c - - [17/Aug/2026:18:07:31 +0800] "GET /wp-content/uploads/sites/1364/2019/10/cropped-21502-3467847-1.png HTTP/1.1" 200 1491354 "https://www.cwjh.ilc.edu.tw/" "Mozilla/5.0 (Linux; Android 10; K) AppleWebKit/537.36 (KHTML, like Gecko) Chrome/151.0.0.0 Mobile Safari/537.36"
2402:7500:599:92e8::c273:d93c - - [17/Aug/2026:18:07:32 +0800] "GET /wp-content/uploads/sites/1364/2020/02/cropped-cwjh001-192x192.png HTTP/1.1" 200 38826 "https://www.cwjh.ilc.edu.tw/" "Mozilla/5.0 (Linux; Android 10; K) AppleWebKit/537.36 (KHTML, like Gecko) Chrome/151.0.0.0 Mobile Safari/537.36"
2402:7500:599:92e8::c273:d93c - - [17/Aug/2026:18:07:32 +0800] "GET /wp-content/uploads/sites/1364/2020/02/cropped-cwjh001-180x180.png HTTP/1.1" 200 35128 "https://www.cwjh.ilc.edu.tw/" "Mozilla/5.0 (Linux; Android 10; K) AppleWebKit/537.36 (KHTML, like Gecko) Chrome/151.0.0.0 Mobile Safari/537.36"
140.111.67.10 - - [17/Aug/2026:18:07:35 +0800] "GET /" 301 273 "-" "-"
2001:288:a201::66:125 - - [17/Aug/2026:18:07:35 +0800] "GET /blog/active.php HTTP/1.1" 301 1026 "-" "-"
2001:288:a201::66:125 - - [17/Aug/2026:18:07:35 +0800] "GET /blog/active.php HTTP/1.1" 404 1084 "-" "-"
66.249.68.133 - - [17/Aug/2026:18:07:35 +0800] "GET /wp-login.php?action=ilc_logout&_wpnonce=43754d0aad&redirect_to=http://masterfifaclub.ru/job/26457/ HTTP/1.1" 302 3442 "-" "Mozilla/5.0 (Linux; Android 6.0.1; Nexus 5X Build/MMB29P) AppleWebKit/537.36 (KHTML, like Gecko) Chrome/150.0.7871.186 Mobile Safari/537.36 (compatible; GoogleOther)"
::1 - - [17/Aug/2026:18:07:38 +0800] "OPTIONS * HTTP/1.0" 200 110 "-" "Apache/2.4.68 (Ubuntu) OpenSSL/3.0.19 (internal dummy connection)"
118.163.183.25 - - [17/Aug/2026:18:07:39 +0800] "GET /wp-content/uploads/sites/3846/2023/07/%E6%95%99%E8%82%B2%E8%99%95%E5%85%AB%E5%A4%A7%E6%96%B9%E9%87%9D.png HTTP/1.1" 200 200327 "https://it.ilc.edu.tw/" "Mozilla/5.0 (Macintosh; Intel Mac OS X 10_15_7) AppleWebKit/537.36 (KHTML, like Gecko) Chrome/149.0.0.0 Safari/537.36"
::1 - - [17/Aug/2026:18:07:39 +0800] "OPTIONS * HTTP/1.0" 200 110 "-" "Apache/2.4.68 (Ubuntu) OpenSSL/3.0.19 (internal dummy connection)"
140.111.67.10 - - [17/Aug/2026:18:07:40 +0800] "GET /" 301 273 "-" "-"
140.111.67.195 - - [17/Aug/2026:18:07:40 +0800] "GET /wp-admin/admin-post.php?action=steps_ad HTTP/1.1" 200 1973 "-" "node-fetch/1.0 (+https://github.com/bitinn/node-fetch)"
118.163.183.25 - - [17/Aug/2026:18:07:40 +0800] "GET /wp-content/uploads/sites/3846/2026/02/%E9%81%BF%E5%85%8D%E8%AA%A4%E5%85%A5%E8%A9%90%E9%A8%99%E7%B6%B2%E7%AB%99APP%E5%B0%8F%E5%B8%B8%E8%AD%98.jpg HTTP/1.1" 200 454833 "https://it.ilc.edu.tw/" "Mozilla/5.0 (Macintosh; Intel Mac OS X 10_15_7) AppleWebKit/537.36 (KHTML, like Gecko) Chrome/149.0.0.0 Safari/537.36"
118.163.183.25 - - [17/Aug/2026:18:07:40 +0800] "GET /wp-content/uploads/sites/3846/2026/08/%E8%BE%B2%E6%A5%AD%E9%83%A8%E5%BB%A3%E5%91%8A.jpg HTTP/1.1" 200 236462 "https://it.ilc.edu.tw/" "Mozilla/5.0 (Macintosh; Intel Mac OS X 10_15_7) AppleWebKit/537.36 (KHTML, like Gecko) Chrome/149.0.0.0 Safari/537.36"
118.163.183.25 - - [17/Aug/2026:18:07:40 +0800] "GET /wp-content/uploads/sites/3846/2026/06/%E5%AE%A3%E5%82%B3%E5%9C%96%E7%89%87.png HTTP/1.1" 200 1053112 "https://it.ilc.edu.tw/" "Mozilla/5.0 (Macintosh; Intel Mac OS X 10_15_7) AppleWebKit/537.36 (KHTML, like Gecko) Chrome/149.0.0.0 Safari/537.36"
2001:288:a201::66:125 - - [17/Aug/2026:18:07:40 +0800] "GET /blog/active.php HTTP/1.1" 301 1026 "-" "-"
118.163.183.25 - - [17/Aug/2026:18:07:40 +0800] "GET /wp-content/uploads/sites/3846/2026/06/2026%E5%AE%9C%E8%98%AD%E7%98%8B%E5%AD%B8%E7%BF%92-%E6%9A%91%E5%81%87_%E6%95%99%E8%82%B2%E8%99%95%E9%A6%96%E9%A0%81-1440-x-1080-%E5%83%8F%E7%B4%A0.png HTTP/1.1" 200 2046271 "https://it.ilc.edu.tw/" "Mozilla/5.0 (Macintosh; Intel Mac OS X 10_15_7) AppleWebKit/537.36 (KHTML, like Gecko) Chrome/149.0.0.0 Safari/537.36"
2001:288:a201::66:125 - - [17/Aug/2026:18:07:40 +0800] "GET /blog/active.php HTTP/1.1" 404 1084 "-" "-"
2402:7500:504:aaa9:ccc6:655d:ba25:3a83 - - [17/Aug/2026:18:06:41 +0800] "GET /wp-content/uploads/sites/3846/2026/06/%E5%AE%A3%E5%82%B3%E5%9C%96%E7%89%87.png HTTP/1.1" 200 94071 "https://it.ilc.edu.tw/" "Mozilla/5.0 (X11; Linux x86_64) AppleWebKit/537.36 (KHTML, like Gecko) Chrome/151.0.0.0 Safari/537.36"
2402:7500:504:aaa9:ccc6:655d:ba25:3a83 - - [17/Aug/2026:18:06:41 +0800] "GET /wp-content/uploads/sites/3846/2026/06/2026%E5%AE%9C%E8%98%AD%E7%98%8B%E5%AD%B8%E7%BF%92-%E6%9A%91%E5%81%87_%E6%95%99%E8%82%B2%E8%99%95%E9%A6%96%E9%A0%81-1440-x-1080-%E5%83%8F%E7%B4%A0.png HTTP/1.1" 200 93645 "https://it.ilc.edu.tw/" "Mozilla/5.0 (X11; Linux x86_64) AppleWebKit/537.36 (KHTML, like Gecko) Chrome/151.0.0.0 Safari/537.36"
::1 - - [17/Aug/2026:18:07:42 +0800] "OPTIONS * HTTP/1.0" 200 110 "-" "Apache/2.4.68 (Ubuntu) OpenSSL/3.0.19 (internal dummy connection)"
140.111.67.10 - - [17/Aug/2026:18:07:45 +0800] "GET /" 301 273 "-" "-"
2407:4b00:4c0d:846c:b545:76cd:f0ab:8f24 - - [17/Aug/2026:18:07:45 +0800] "-" 408 4802 "-" "-"
2001:288:a201::66:125 - - [17/Aug/2026:18:07:45 +0800] "GET /blog/active.php HTTP/1.1" 301 1026 "-" "-"
::1 - - [17/Aug/2026:18:07:45 +0800] "OPTIONS * HTTP/1.0" 200 110 "-" "Apache/2.4.68 (Ubuntu) OpenSSL/3.0.19 (internal dummy connection)"
2001:288:a201::66:125 - - [17/Aug/2026:18:07:45 +0800] "GET /blog/active.php HTTP/1.1" 404 1084 "-" "-"
66.249.68.136 - - [17/Aug/2026:18:07:44 +0800] "GET /wp-login.php?action=ilc_logout&_wpnonce=43754d0aad&redirect_to=http://masterfifaclub.ru/job/39913/ HTTP/1.1" 302 8251 "-" "Mozilla/5.0 (Linux; Android 6.0.1; Nexus 5X Build/MMB29P) AppleWebKit/537.36 (KHTML, like Gecko) Chrome/150.0.7871.186 Mobile Safari/537.36 (compatible; GoogleOther)"
::1 - - [17/Aug/2026:18:07:46 +0800] "OPTIONS * HTTP/1.0" 200 110 "-" "Apache/2.4.68 (Ubuntu) OpenSSL/3.0.19 (internal dummy connection)"
::1 - - [17/Aug/2026:18:07:47 +0800] "OPTIONS * HTTP/1.0" 200 110 "-" "Apache/2.4.68 (Ubuntu) OpenSSL/3.0.19 (internal dummy connection)"
::1 - - [17/Aug/2026:18:07:48 +0800] "OPTIONS * HTTP/1.0" 200 110 "-" "Apache/2.4.68 (Ubuntu) OpenSSL/3.0.19 (internal dummy connection)"
66.249.71.64 - - [17/Aug/2026:18:07:49 +0800] "GET /chjhta/wp-content/uploads/sites/3975/2026/06/%E8%88%89%E6%9D%AF%E6%AD%A1%E6%85%B6115.05.29.doc HTTP/1.1" 200 974207 "-" "Mozilla/5.0 (Linux; Android 6.0.1; Nexus 5X Build/MMB29P) AppleWebKit/537.36 (KHTML, like Gecko) Chrome/150.0.7871.186 Mobile Safari/537.36 (compatible; Googlebot/2.1; +http://www.google.com/bot.html)"
140.111.67.10 - - [17/Aug/2026:18:07:50 +0800] "GET /" 301 273 "-" "-"
2001:288:a201::66:125 - - [17/Aug/2026:18:07:50 +0800] "GET /blog/active.php HTTP/1.1" 404 1084 "-" "-"
2001:288:a201::66:125 - - [17/Aug/2026:18:07:50 +0800] "GET /blog/active.php HTTP/1.1" 301 1026 "-" "-"
::1 - - [17/Aug/2026:18:07:51 +0800] "OPTIONS * HTTP/1.0" 200 110 "-" "Apache/2.4.68 (Ubuntu) OpenSSL/3.0.19 (internal dummy connection)"
66.249.68.200 - - [17/Aug/2026:18:07:53 +0800] "GET /babybaby/wp-content/uploads/sites/3902/2024/06/IMG_3829-300x225.jpg HTTP/1.1" 200 23172 "-" "GoogleOther-Image/1.0"
140.111.67.10 - - [17/Aug/2026:18:07:55 +0800] "GET /" 301 273 "-" "-"
2001:288:a201::66:125 - - [17/Aug/2026:18:07:55 +0800] "GET /blog/active.php HTTP/1.1" 301 1026 "-" "-"
2001:288:a201::66:125 - - [17/Aug/2026:18:07:55 +0800] "GET /blog/active.php HTTP/1.1" 404 1084 "-" "-"
66.249.68.200 - - [17/Aug/2026:18:07:54 +0800] "GET /technology/2011/04/25/%E3%80%8C%E5%B9%B8%E7%A6%8F%E5%AE%9C%E8%98%AD%EF%BC%8E%E6%B7%B1%E8%80%95%E9%96%B1%E8%AE%80%E3%80%8D%E7%AB%A5%E5%B9%B4%E5%AE%9C%E8%98%AD%E9%96%B1%E8%AE%80%E5%8D%A1/ HTTP/1.1" 200 21865 "-" "Mozilla/5.0 (Linux; Android 6.0.1; Nexus 5X Build/MMB29P) AppleWebKit/537.36 (KHTML, like Gecko) Chrome/150.0.7871.186 Mobile Safari/537.36 (compatible; Googlebot/2.1; +http://www.google.com/bot.html)"
52.167.144.209 - - [17/Aug/2026:18:07:56 +0800] "GET /1003/?s=%22index.php%3Fdo%3Dregister%22+%D0%B7%D0%B0%D0%B4%D0%BB%D0%B8%D1%86%D0%B0 HTTP/1.1" 200 13809 "-" "Mozilla/5.0 AppleWebKit/537.36 (KHTML, like Gecko; compatible; bingbot/2.0; +http://www.bing.com/bingbot.htm) Chrome/116.0.1938.76 Safari/537.36"
66.249.79.172 - - [17/Aug/2026:18:07:56 +0800] "GET /wp-content/cache/www.tcjh.ilc.edu.tw/wpfc-minified/8yyf0zi1/72gq.css HTTP/1.1" 200 59355 "https://www.tcjh.ilc.edu.tw/" "Mozilla/5.0 (Linux; Android 6.0.1; Nexus 5X Build/MMB29P) AppleWebKit/537.36 (KHTML, like Gecko) Chrome/150.0.7871.186 Mobile Safari/537.36 (compatible; Googlebot/2.1; +http://www.google.com/bot.html)"
140.111.67.10 - - [17/Aug/2026:18:08:00 +0800] "GET /" 301 273 "-" "-"
2001:288:a201::66:125 - - [17/Aug/2026:18:08:00 +0800] "GET /blog/active.php HTTP/1.1" 301 1026 "-" "-"
2001:288:a201::66:125 - - [17/Aug/2026:18:08:00 +0800] "GET /blog/active.php HTTP/1.1" 404 1084 "-" "-"
66.249.71.64 - - [17/Aug/2026:18:08:01 +0800] "GET /12/2009/05/24/98%E5%B9%B4%E7%A4%BE%E6%9C%83%E7%A7%91%E5%9F%BA%E6%B8%AC%E9%A1%8C%E7%9B%AE%E8%88%87%E8%A7%A3%E7%AD%94/ HTTP/1.1" 200 15599 "-" "Mozilla/5.0 (Linux; Android 6.0.1; Nexus 5X Build/MMB29P) AppleWebKit/537.36 (KHTML, like Gecko) Chrome/150.0.7871.186 Mobile Safari/537.36 (compatible; GoogleOther)"
2001:288:a201::67:81 - - [17/Aug/2026:18:08:01 +0800] "GET / HTTP/1.1" 200 56293 "-" "curl/7.81.0"
2001:288:a201::67:84 - - [17/Aug/2026:18:08:01 +0800] "GET / HTTP/1.1" 200 56293 "-" "curl/7.81.0"
140.111.67.195 - - [17/Aug/2026:18:08:04 +0800] "GET /wp-admin/admin-post.php?action=steps_ad HTTP/1.1" 200 1973 "-" "node-fetch/1.0 (+https://github.com/bitinn/node-fetch)"
66.249.68.192 - - [17/Aug/2026:18:08:04 +0800] "POST /12/wp-json/ilc-summary/v1/popular-posts HTTP/1.1" 201 6050 "https://2blog.ilc.edu.tw/12/2009/05/24/98%E5%B9%B4%E7%A4%BE%E6%9C%83%E7%A7%91%E5%9F%BA%E6%B8%AC%E9%A1%8C%E7%9B%AE%E8%88%87%E8%A7%A3%E7%AD%94/" "Mozilla/5.0 (Linux; Android 6.0.1; Nexus 5X Build/MMB29P) AppleWebKit/537.36 (KHTML, like Gecko) Chrome/150.0.7871.186 Mobile Safari/537.36 (compatible; GoogleOther)"
140.111.67.195 - - [17/Aug/2026:18:08:04 +0800] "GET /wp-admin/admin-post.php?action=steps_ad HTTP/1.1" 200 1649 "-" "node-fetch/1.0 (+https://github.com/bitinn/node-fetch)"
140.111.67.10 - - [17/Aug/2026:18:08:05 +0800] "GET /" 301 273 "-" "-"
2001:288:a201::66:125 - - [17/Aug/2026:18:08:05 +0800] "GET /blog/active.php HTTP/1.1" 301 1026 "-" "-"
2001:288:a201::66:125 - - [17/Aug/2026:18:08:05 +0800] "GET /blog/active.php HTTP/1.1" 404 1084 "-" "-"
140.111.67.10 - - [17/Aug/2026:18:08:10 +0800] "GET /" 301 273 "-" "-"
66.249.68.136 - - [17/Aug/2026:18:08:08 +0800] "GET /wp-login.php?action=ilc_logout&_wpnonce=43754d0aad&redirect_to=http://victorymafia.ru/job/71765/ HTTP/1.1" 302 8249 "-" "Mozilla/5.0 (Linux; Android 6.0.1; Nexus 5X Build/MMB29P) AppleWebKit/537.36 (KHTML, like Gecko) Chrome/150.0.7871.186 Mobile Safari/537.36 (compatible; GoogleOther)"
2001:288:a201::66:125 - - [17/Aug/2026:18:08:10 +0800] "GET /blog/active.php HTTP/1.1" 301 1026 "-" "-"
2001:288:a201::66:125 - - [17/Aug/2026:18:08:10 +0800] "GET /blog/active.php HTTP/1.1" 404 1084 "-" "-"
66.249.71.65 - - [17/Aug/2026:18:08:10 +0800] "GET /3860/2022/11/20/%E8%A8%8E%E5%82%B5tho-tse%E6%B5%AA%E8%B2%BB%E3%80%81%E8%B9%A7%E8%B9%8B%E3%80%82%E6%B2%92%E6%9C%89%E7%AF%80%E5%88%B6%E3%80%81%E7%84%A1%E7%9B%8A%E7%9A%84%E8%80%97%E8%B2%BB%E3%80%82/ HTTP/1.1" 200 30567 "-" "Mozilla/5.0 (Linux; Android 6.0.1; Nexus 5X Build/MMB29P) AppleWebKit/537.36 (KHTML, like Gecko) Chrome/150.0.7871.186 Mobile Safari/537.36 (compatible; Googlebot/2.1; +http://www.google.com/bot.html)"
122.100.112.164 - - [17/Aug/2026:18:08:11 +0800] "GET / HTTP/1.1" 200 29750 "-" "Mozilla/5.0 (Windows NT 10.0; Win64; x64) AppleWebKit/537.36 (KHTML, like Gecko) Chrome/151.0.0.0 Safari/537.36"
122.100.112.164 - - [17/Aug/2026:18:08:11 +0800] "GET /wp-content/uploads/sites/2666/elementor/css/post-103.css HTTP/1.1" 304 790 "https://www.fsjh.ilc.edu.tw/" "Mozilla/5.0 (Windows NT 10.0; Win64; x64) AppleWebKit/537.36 (KHTML, like Gecko) Chrome/151.0.0.0 Safari/537.36"
66.249.71.167 - - [17/Aug/2026:18:08:12 +0800] "GET /favicon.ico HTTP/1.1" 301 5732 "-" "Googlebot-Image/1.0"
59.124.167.226 - - [17/Aug/2026:18:08:10 +0800] "GET / HTTP/1.1" 200 23483 "-" "python-requests/2.32.4"
66.249.79.160 - - [17/Aug/2026:18:08:13 +0800] "GET /favicon.ico/ HTTP/1.1" 200 23452 "-" "Googlebot-Image/1.0"
140.111.67.10 - - [17/Aug/2026:18:08:15 +0800] "GET /" 301 273 "-" "-"
2001:288:a201::66:125 - - [17/Aug/2026:18:08:15 +0800] "GET /blog/active.php HTTP/1.1" 301 1026 "-" "-"
2001:288:a201::66:125 - - [17/Aug/2026:18:08:15 +0800] "GET /blog/active.php HTTP/1.1" 404 1084 "-" "-"
66.249.71.165 - - [17/Aug/2026:18:08:16 +0800] "GET /wp-login.php?action=ilc_logout&_wpnonce=43754d0aad&redirect_to=http://insideform.ru/job/81623/ HTTP/1.1" 302 3438 "-" "Mozilla/5.0 (Linux; Android 6.0.1; Nexus 5X Build/MMB29P) AppleWebKit/537.36 (KHTML, like Gecko) Chrome/150.0.7871.186 Mobile Safari/537.36 (compatible; GoogleOther)"
140.111.67.10 - - [17/Aug/2026:18:08:20 +0800] "GET /" 301 273 "-" "-"
2001:288:a201::66:125 - - [17/Aug/2026:18:08:20 +0800] "GET /blog/active.php HTTP/1.1" 301 1026 "-" "-"
2001:288:a201::66:125 - - [17/Aug/2026:18:08:20 +0800] "GET /blog/active.php HTTP/1.1" 404 1084 "-" "-"
66.249.68.200 - - [17/Aug/2026:18:08:20 +0800] "POST /technology/wp-json/ilc-summary/v1/popular-posts HTTP/1.1" 201 6059 "https://2blog.ilc.edu.tw/technology/2011/04/25/%E3%80%8C%E5%B9%B8%E7%A6%8F%E5%AE%9C%E8%98%AD%EF%BC%8E%E6%B7%B1%E8%80%95%E9%96%B1%E8%AE%80%E3%80%8D%E7%AB%A5%E5%B9%B4%E5%AE%9C%E8%98%AD%E9%96%B1%E8%AE%80%E5%8D%A1/" "Mozilla/5.0 (Linux; Android 6.0.1; Nexus 5X Build/MMB29P) AppleWebKit/537.36 (KHTML, like Gecko) Chrome/150.0.7871.186 Mobile Safari/537.36 (compatible; Googlebot/2.1; +http://www.google.com/bot.html)"
35.85.29.51 - - [17/Aug/2026:18:08:23 +0800] "GET /wp-content/uploads/sites/1962/4719/4719-1061396.pdf HTTP/1.1" 200 818730 "-" "Mozilla/5.0 (Windows NT 10.0; Win64; x64) AppleWebKit/537.36 (KHTML, like Gecko) Chrome/113.0.0.0 Safari/537.36"
140.111.67.10 - - [17/Aug/2026:18:08:25 +0800] "GET /" 301 273 "-" "-"
66.249.68.200 - - [17/Aug/2026:18:08:25 +0800] "GET /babybaby/wp-content/uploads/sites/3902/2024/06/IMG_3493-300x225.jpg HTTP/1.1" 200 26284 "-" "GoogleOther-Image/1.0"
2001:288:a201::66:125 - - [17/Aug/2026:18:08:25 +0800] "GET /blog/active.php HTTP/1.1" 301 1026 "-" "-"
2001:288:a201::66:125 - - [17/Aug/2026:18:08:25 +0800] "GET /blog/active.php HTTP/1.1" 404 1084 "-" "-"
52.167.144.209 - - [17/Aug/2026:18:08:26 +0800] "GET /jyespre/wp-content/uploads/sites/3628/2026/05/LINE_ALBUM_0402%E6%B4%BB%E5%8B%95_260402_18.jpg HTTP/1.1" 200 166752 "-" "Mozilla/5.0 AppleWebKit/537.36 (KHTML, like Gecko; compatible; bingbot/2.0; +http://www.bing.com/bingbot.htm) Chrome/116.0.1938.76 Safari/537.36"
66.249.68.200 - - [17/Aug/2026:18:08:27 +0800] "GET /wp-content/uploads/sites/1319/57/57-4187966.docx HTTP/1.1" 200 24598 "-" "Mozilla/5.0 (Linux; Android 6.0.1; Nexus 5X Build/MMB29P) AppleWebKit/537.36 (KHTML, like Gecko) Chrome/150.0.7871.186 Mobile Safari/537.36 (compatible; Googlebot/2.1; +http://www.google.com/bot.html)"
66.249.71.64 - - [17/Aug/2026:18:08:29 +0800] "GET /1003/wp-content/uploads/sites/233/2020/09/%E4%B8%AD%E5%B9%B4%E7%B4%9A%E9%96%B1%E8%AE%80%E7%B4%80%E9%8C%84%E5%96%AE%E6%95%85%E4%BA%8B%E9%AB%94.docx HTTP/1.1" 200 49443 "-" "Mozilla/5.0 (Linux; Android 6.0.1; Nexus 5X Build/MMB29P) AppleWebKit/537.36 (KHTML, like Gecko) Chrome/150.0.7871.186 Mobile Safari/537.36 (compatible; Googlebot/2.1; +http://www.google.com/bot.html)"
140.111.67.10 - - [17/Aug/2026:18:08:30 +0800] "GET /" 301 273 "-" "-"
2001:288:a201::66:125 - - [17/Aug/2026:18:08:30 +0800] "GET /blog/active.php HTTP/1.1" 301 1026 "-" "-"
2001:288:a201::66:125 - - [17/Aug/2026:18:08:30 +0800] "GET /blog/active.php HTTP/1.1" 404 1084 "-" "-"
122.100.112.164 - - [17/Aug/2026:18:08:31 +0800] "-" 408 4802 "-" "-"
66.249.68.200 - - [17/Aug/2026:18:08:32 +0800] "GET /12/2012/03/22/%E5%AE%9C%E7%B8%A3%E7%A4%BE%E6%9C%83%E7%A7%91%E9%A0%98%E5%9F%9F%E5%8F%AC%E9%9B%86%E4%BA%BA%E6%9A%A8%E7%8F%8D%E6%83%9C%E8%B3%87%E6%BA%90%E7%A0%94%E7%BF%92/ HTTP/1.1" 200 15762 "-" "Mozilla/5.0 (Linux; Android 6.0.1; Nexus 5X Build/MMB29P) AppleWebKit/537.36 (KHTML, like Gecko) Chrome/150.0.7871.186 Mobile Safari/537.36 (compatible; GoogleOther)"
2001:4860:7:810::f0 - - [17/Aug/2026:18:08:30 +0800] "GET /17160/2014/04/24/%E3%80%90%E4%BA%94%E5%B9%B4%E7%B4%9A%E3%80%91%E6%95%B8%E5%AD%B8%E8%AA%B2%E7%A8%8B-%E5%92%8C%E5%80%8D%E3%80%81%E5%B7%AE%E5%80%8D%E5%95%8F%E9%A1%8C/ HTTP/1.1" 200 19180 "https://www.google.com.tw/" "Mozilla/5.0 (Windows NT 10.0; Win64; x64) AppleWebKit/537.36 (KHTML, like Gecko) Chrome/151.0.0.0 Safari/537.36"
66.249.68.200 - - [17/Aug/2026:18:08:34 +0800] "POST /12/wp-json/ilc-summary/v1/popular-posts HTTP/1.1" 201 1269 "https://2blog.ilc.edu.tw/12/2012/03/22/%E5%AE%9C%E7%B8%A3%E7%A4%BE%E6%9C%83%E7%A7%91%E9%A0%98%E5%9F%9F%E5%8F%AC%E9%9B%86%E4%BA%BA%E6%9A%A8%E7%8F%8D%E6%83%9C%E8%B3%87%E6%BA%90%E7%A0%94%E7%BF%92/" "Mozilla/5.0 (Linux; Android 6.0.1; Nexus 5X Build/MMB29P) AppleWebKit/537.36 (KHTML, like Gecko) Chrome/150.0.7871.186 Mobile Safari/537.36 (compatible; GoogleOther)"
140.111.67.10 - - [17/Aug/2026:18:08:35 +0800] "GET /" 301 273 "-" "-"
2001:288:a201::66:125 - - [17/Aug/2026:18:08:35 +0800] "GET /blog/active.php HTTP/1.1" 301 1026 "-" "-"
2001:288:a201::66:125 - - [17/Aug/2026:18:08:35 +0800] "GET /blog/active.php HTTP/1.1" 404 1084 "-" "-"
66.249.71.64 - - [17/Aug/2026:18:08:37 +0800] "GET /1/2026/03/ HTTP/1.1" 200 19559 "-" "Mozilla/5.0 (Linux; Android 6.0.1; Nexus 5X Build/MMB29P) AppleWebKit/537.36 (KHTML, like Gecko) Chrome/150.0.7871.186 Mobile Safari/537.36 (compatible; Googlebot/2.1; +http://www.google.com/bot.html)"
140.111.67.10 - - [17/Aug/2026:18:08:40 +0800] "GET /" 301 273 "-" "-"
66.249.68.136 - - [17/Aug/2026:18:08:38 +0800] "GET /wp-login.php?action=ilc_logout&_wpnonce=43754d0aad&redirect_to=http://climatplus-oz.ru/job/28603/ HTTP/1.1" 302 8250 "-" "Mozilla/5.0 (Linux; Android 6.0.1; Nexus 5X Build/MMB29P) AppleWebKit/537.36 (KHTML, like Gecko) Chrome/150.0.7871.186 Mobile Safari/537.36 (compatible; GoogleOther)"
2001:288:a201::66:125 - - [17/Aug/2026:18:08:40 +0800] "GET /blog/active.php HTTP/1.1" 404 1084 "-" "-"
2001:288:a201::66:125 - - [17/Aug/2026:18:08:40 +0800] "GET /blog/active.php HTTP/1.1" 301 1026 "-" "-"
52.167.144.172 - - [17/Aug/2026:18:08:41 +0800] "GET /2528/wp-content/uploads/sites/471/2023/03/IMG_7811-768x432.jpg HTTP/1.1" 200 143575 "-" "Mozilla/5.0 AppleWebKit/537.36 (KHTML, like Gecko; compatible; bingbot/2.0; +http://www.bing.com/bingbot.htm) Chrome/116.0.1938.76 Safari/537.36"
66.249.68.133 - - [17/Aug/2026:18:08:40 +0800] "GET /wp-login.php?action=ilc_logout&_wpnonce=43754d0aad&redirect_to=http://npatterns.ru/gallery/3081/ HTTP/1.1" 302 3440 "-" "Mozilla/5.0 (compatible; Googlebot/2.1; +http://www.google.com/bot.html)"
66.249.68.133 - - [17/Aug/2026:18:08:42 +0800] "GET /wp-login.php?action=ilc_logout&_wpnonce=43754d0aad&redirect_to=http://cafepuerto.ru/gallery/72443/ HTTP/1.1" 302 3442 "-" "Mozilla/5.0 (compatible; Googlebot/2.1; +http://www.google.com/bot.html)"
140.111.67.10 - - [17/Aug/2026:18:08:45 +0800] "GET /" 301 273 "-" "-"
2001:288:a201::66:125 - - [17/Aug/2026:18:08:45 +0800] "GET /blog/active.php HTTP/1.1" 404 1084 "-" "-"
2001:288:a201::66:125 - - [17/Aug/2026:18:08:45 +0800] "GET /blog/active.php HTTP/1.1" 301 1026 "-" "-"
66.249.68.199 - - [17/Aug/2026:18:08:46 +0800] "GET /wp-content/uploads/sites/1493/6646/6646-1089716.jpg HTTP/1.1" 301 1135 "-" "GoogleOther-Image/1.0"
66.249.71.64 - - [17/Aug/2026:18:08:48 +0800] "POST /3860/wp-json/ilc-summary/v1/popular-posts HTTP/1.1" 201 6054 "https://2blog.ilc.edu.tw/3860/2022/11/20/%E8%A8%8E%E5%82%B5tho-tse%E6%B5%AA%E8%B2%BB%E3%80%81%E8%B9%A7%E8%B9%8B%E3%80%82%E6%B2%92%E6%9C%89%E7%AF%80%E5%88%B6%E3%80%81%E7%84%A1%E7%9B%8A%E7%9A%84%E8%80%97%E8%B2%BB%E3%80%82/" "Mozilla/5.0 (Linux; Android 6.0.1; Nexus 5X Build/MMB29P) AppleWebKit/537.36 (KHTML, like Gecko) Chrome/150.0.7871.186 Mobile Safari/537.36 (compatible; Googlebot/2.1; +http://www.google.com/bot.html)"
66.249.71.64 - - [17/Aug/2026:18:08:49 +0800] "GET /wp-content/uploads/sites/2757/6519/6519-606906.doc HTTP/1.1" 200 637722 "-" "Mozilla/5.0 (Linux; Android 6.0.1; Nexus 5X Build/MMB29P) AppleWebKit/537.36 (KHTML, like Gecko) Chrome/150.0.7871.186 Mobile Safari/537.36 (compatible; Googlebot/2.1; +http://www.google.com/bot.html)"
140.111.67.10 - - [17/Aug/2026:18:08:50 +0800] "GET /" 301 273 "-" "-"
2001:288:a201::66:125 - - [17/Aug/2026:18:08:50 +0800] "GET /blog/active.php HTTP/1.1" 404 1084 "-" "-"
2001:288:a201::66:125 - - [17/Aug/2026:18:08:50 +0800] "GET /blog/active.php HTTP/1.1" 301 1026 "-" "-"
34.205.163.103 - - [17/Aug/2026:18:08:49 +0800] "GET /26150/2025/07/ HTTP/1.1" 200 24226 "-" "Mozilla/5.0 AppleWebKit/537.36 (KHTML, like Gecko; compatible; Amazonbot/0.1; +https://developer.amazon.com/support/amazonbot) Chrome/119.0.6045.214 Safari/537.36"
66.249.68.200 - - [17/Aug/2026:18:08:52 +0800] "GET /12/2015/03/27/2015-3-27%E4%BA%94%E8%AB%87%E5%A6%82%E4%BD%95%E5%85%B1%E5%90%8C%E5%82%99%E8%AA%B2-%E8%AA%B2%E7%9D%A3%E8%97%8D%E5%81%89%E7%91%A9%E8%80%81%E5%B8%AB/ HTTP/1.1" 200 16376 "-" "Mozilla/5.0 (Linux; Android 6.0.1; Nexus 5X Build/MMB29P) AppleWebKit/537.36 (KHTML, like Gecko) Chrome/150.0.7871.186 Mobile Safari/537.36 (compatible; GoogleOther)"
2001:288:a201::67:81 - - [17/Aug/2026:18:08:51 +0800] "POST /26150/2025/07/?fsm_edd_37394=1abdb4712d76b2747f1513599602cece HTTP/1.1" 200 13010 "-" "WordPress/6.6.7; https://2blog.ilc.edu.tw/26150"
140.111.67.10 - - [17/Aug/2026:18:08:55 +0800] "GET /" 301 273 "-" "-"
2001:288:a201::66:125 - - [17/Aug/2026:18:08:55 +0800] "GET /blog/active.php HTTP/1.1" 404 1084 "-" "-"
2001:288:a201::66:125 - - [17/Aug/2026:18:08:55 +0800] "GET /blog/active.php HTTP/1.1" 301 1026 "-" "-"
49.158.152.196 - - [17/Aug/2026:18:08:56 +0800] "GET / HTTP/1.1" 200 27452 "-" "Mozilla/5.0 (iPhone; CPU iPhone OS 18_6_2 like Mac OS X) AppleWebKit/605.1.15 (KHTML, like Gecko) Version/18.6 Mobile/15E148 Safari/604.1"
66.249.71.64 - - [17/Aug/2026:18:08:55 +0800] "POST /12/wp-json/ilc-summary/v1/popular-posts HTTP/1.1" 201 6050 "https://2blog.ilc.edu.tw/12/2015/03/27/2015-3-27%E4%BA%94%E8%AB%87%E5%A6%82%E4%BD%95%E5%85%B1%E5%90%8C%E5%82%99%E8%AA%B2-%E8%AA%B2%E7%9D%A3%E8%97%8D%E5%81%89%E7%91%A9%E8%80%81%E5%B8%AB/" "Mozilla/5.0 (Linux; Android 6.0.1; Nexus 5X Build/MMB29P) AppleWebKit/537.36 (KHTML, like Gecko) Chrome/150.0.7871.186 Mobile Safari/537.36 (compatible; GoogleOther)"
49.158.152.196 - - [17/Aug/2026:18:08:56 +0800] "GET /wp-content/cache/www.dyes.ilc.edu.tw/wpfc-minified/860fsz21/b6h3.css HTTP/1.1" 200 1157 "https://www.dyes.ilc.edu.tw/" "Mozilla/5.0 (iPhone; CPU iPhone OS 18_6_2 like Mac OS X) AppleWebKit/605.1.15 (KHTML, like Gecko) Version/18.6 Mobile/15E148 Safari/604.1"
49.158.152.196 - - [17/Aug/2026:18:08:56 +0800] "GET /wp-content/cache/www.dyes.ilc.edu.tw/wpfc-minified/jz9za5c2/b6h3.css HTTP/1.1" 200 45686 "https://www.dyes.ilc.edu.tw/" "Mozilla/5.0 (iPhone; CPU iPhone OS 18_6_2 like Mac OS X) AppleWebKit/605.1.15 (KHTML, like Gecko) Version/18.6 Mobile/15E148 Safari/604.1"
49.158.152.196 - - [17/Aug/2026:18:08:56 +0800] "GET /wp-content/uploads/sites/1365/elementor/css/post-3393.css HTTP/1.1" 200 952 "https://www.dyes.ilc.edu.tw/" "Mozilla/5.0 (iPhone; CPU iPhone OS 18_6_2 like Mac OS X) AppleWebKit/605.1.15 (KHTML, like Gecko) Version/18.6 Mobile/15E148 Safari/604.1"
49.158.152.196 - - [17/Aug/2026:18:08:56 +0800] "GET /wp-content/cache/www.dyes.ilc.edu.tw/wpfc-minified/10q9yzkn/b6h3.js HTTP/1.1" 200 35557 "https://www.dyes.ilc.edu.tw/" "Mozilla/5.0 (iPhone; CPU iPhone OS 18_6_2 like Mac OS X) AppleWebKit/605.1.15 (KHTML, like Gecko) Version/18.6 Mobile/15E148 Safari/604.1"
49.158.152.196 - - [17/Aug/2026:18:08:56 +0800] "GET /wp-content/uploads/sites/1365/elementor/css/post-3593.css HTTP/1.1" 200 6072 "https://www.dyes.ilc.edu.tw/" "Mozilla/5.0 (iPhone; CPU iPhone OS 18_6_2 like Mac OS X) AppleWebKit/605.1.15 (KHTML, like Gecko) Version/18.6 Mobile/15E148 Safari/604.1"
49.158.152.196 - - [17/Aug/2026:18:08:56 +0800] "GET /wp-content/themes/hueman/assets/front/webfonts/fa-brands-400.woff2?v=5.15.2 HTTP/1.1" 200 79499 "https://www.dyes.ilc.edu.tw/" "Mozilla/5.0 (iPhone; CPU iPhone OS 18_6_2 like Mac OS X) AppleWebKit/605.1.15 (KHTML, like Gecko) Version/18.6 Mobile/15E148 Safari/604.1"
49.158.152.196 - - [17/Aug/2026:18:08:56 +0800] "GET /wp-content/cache/www.dyes.ilc.edu.tw/wpfc-minified/m8kgmazk/b6h3.css HTTP/1.1" 200 23810 "https://www.dyes.ilc.edu.tw/" "Mozilla/5.0 (iPhone; CPU iPhone OS 18_6_2 like Mac OS X) AppleWebKit/605.1.15 (KHTML, like Gecko) Version/18.6 Mobile/15E148 Safari/604.1"
49.158.152.196 - - [17/Aug/2026:18:08:56 +0800] "GET /wp-content/cache/www.dyes.ilc.edu.tw/wpfc-minified/l1j6bnft/b6h3.css HTTP/1.1" 200 51770 "https://www.dyes.ilc.edu.tw/" "Mozilla/5.0 (iPhone; CPU iPhone OS 18_6_2 like Mac OS X) AppleWebKit/605.1.15 (KHTML, like Gecko) Version/18.6 Mobile/15E148 Safari/604.1"
49.158.152.196 - - [17/Aug/2026:18:08:56 +0800] "GET /wp-content/cache/www.dyes.ilc.edu.tw/wpfc-minified/78p9qp8c/b6h3.css HTTP/1.1" 200 52089 "https://www.dyes.ilc.edu.tw/" "Mozilla/5.0 (iPhone; CPU iPhone OS 18_6_2 like Mac OS X) AppleWebKit/605.1.15 (KHTML, like Gecko) Version/18.6 Mobile/15E148 Safari/604.1"
49.158.152.196 - - [17/Aug/2026:18:08:56 +0800] "GET /wp-content/themes/hueman/assets/front/webfonts/fa-regular-400.woff2?v=5.15.2 HTTP/1.1" 200 14439 "https://www.dyes.ilc.edu.tw/" "Mozilla/5.0 (iPhone; CPU iPhone OS 18_6_2 like Mac OS X) AppleWebKit/605.1.15 (KHTML, like Gecko) Version/18.6 Mobile/15E148 Safari/604.1"
49.158.152.196 - - [17/Aug/2026:18:08:56 +0800] "GET /wp-content/themes/hueman/assets/front/webfonts/fa-solid-900.woff2?v=5.15.2 HTTP/1.1" 200 81301 "https://www.dyes.ilc.edu.tw/" "Mozilla/5.0 (iPhone; CPU iPhone OS 18_6_2 like Mac OS X) AppleWebKit/605.1.15 (KHTML, like Gecko) Version/18.6 Mobile/15E148 Safari/604.1"
49.158.152.196 - - [17/Aug/2026:18:08:56 +0800] "GET /wp-content/themes/hueman/assets/front/fonts/titillium-light-webfont.woff HTTP/1.1" 200 25606 "https://www.dyes.ilc.edu.tw/" "Mozilla/5.0 (iPhone; CPU iPhone OS 18_6_2 like Mac OS X) AppleWebKit/605.1.15 (KHTML, like Gecko) Version/18.6 Mobile/15E148 Safari/604.1"
49.158.152.196 - - [17/Aug/2026:18:08:56 +0800] "GET /wp-content/themes/hueman/assets/front/fonts/titillium-lightitalic-webfont.woff HTTP/1.1" 200 27654 "https://www.dyes.ilc.edu.tw/" "Mozilla/5.0 (iPhone; CPU iPhone OS 18_6_2 like Mac OS X) AppleWebKit/605.1.15 (KHTML, like Gecko) Version/18.6 Mobile/15E148 Safari/604.1"
49.158.152.196 - - [17/Aug/2026:18:08:56 +0800] "GET /wp-content/themes/hueman/assets/front/fonts/titillium-regularitalic-webfont.woff HTTP/1.1" 200 27482 "https://www.dyes.ilc.edu.tw/" "Mozilla/5.0 (iPhone; CPU iPhone OS 18_6_2 like Mac OS X) AppleWebKit/605.1.15 (KHTML, like Gecko) Version/18.6 Mobile/15E148 Safari/604.1"
49.158.152.196 - - [17/Aug/2026:18:08:56 +0800] "GET /wp-content/themes/hueman/assets/front/fonts/titillium-regular-webfont.woff HTTP/1.1" 200 25590 "https://www.dyes.ilc.edu.tw/" "Mozilla/5.0 (iPhone; CPU iPhone OS 18_6_2 like Mac OS X) AppleWebKit/605.1.15 (KHTML, like Gecko) Version/18.6 Mobile/15E148 Safari/604.1"
49.158.152.196 - - [17/Aug/2026:18:08:56 +0800] "GET /wp-content/themes/hueman/assets/front/fonts/titillium-semibold-webfont.woff HTTP/1.1" 200 25626 "https://www.dyes.ilc.edu.tw/" "Mozilla/5.0 (iPhone; CPU iPhone OS 18_6_2 like Mac OS X) AppleWebKit/605.1.15 (KHTML, like Gecko) Version/18.6 Mobile/15E148 Safari/604.1"
49.158.152.196 - - [17/Aug/2026:18:08:56 +0800] "GET /25942/wp-content/uploads/sites/1365/2020/02/11206-4238492.png HTTP/1.1" 200 13174 "https://www.dyes.ilc.edu.tw/" "Mozilla/5.0 (iPhone; CPU iPhone OS 18_6_2 like Mac OS X) AppleWebKit/605.1.15 (KHTML, like Gecko) Version/18.6 Mobile/15E148 Safari/604.1"
49.158.152.196 - - [17/Aug/2026:18:08:56 +0800] "GET /wp-content/cache/www.dyes.ilc.edu.tw/wpfc-minified/kprky1v0/b6h3.css HTTP/1.1" 200 4322 "https://www.dyes.ilc.edu.tw/" "Mozilla/5.0 (iPhone; CPU iPhone OS 18_6_2 like Mac OS X) AppleWebKit/605.1.15 (KHTML, like Gecko) Version/18.6 Mobile/15E148 Safari/604.1"
49.158.152.196 - - [17/Aug/2026:18:08:56 +0800] "GET /wp-includes/js/admin-bar.min.js HTTP/1.1" 200 2237 "https://www.dyes.ilc.edu.tw/" "Mozilla/5.0 (iPhone; CPU iPhone OS 18_6_2 like Mac OS X) AppleWebKit/605.1.15 (KHTML, like Gecko) Version/18.6 Mobile/15E148 Safari/604.1"
49.158.152.196 - - [17/Aug/2026:18:08:56 +0800] "GET /wp-includes/js/hoverintent-js.min.js HTTP/1.1" 200 1597 "https://www.dyes.ilc.edu.tw/" "Mozilla/5.0 (iPhone; CPU iPhone OS 18_6_2 like Mac OS X) AppleWebKit/605.1.15 (KHTML, like Gecko) Version/18.6 Mobile/15E148 Safari/604.1"
49.158.152.196 - - [17/Aug/2026:18:08:56 +0800] "GET /wp-content/themes/hueman/assets/front/js/scripts.min.js HTTP/1.1" 200 22643 "https://www.dyes.ilc.edu.tw/" "Mozilla/5.0 (iPhone; CPU iPhone OS 18_6_2 like Mac OS X) AppleWebKit/605.1.15 (KHTML, like Gecko) Version/18.6 Mobile/15E148 Safari/604.1"
49.158.152.196 - - [17/Aug/2026:18:08:56 +0800] "GET /wp-includes/js/underscore.min.js HTTP/1.1" 200 8191 "https://www.dyes.ilc.edu.tw/" "Mozilla/5.0 (iPhone; CPU iPhone OS 18_6_2 like Mac OS X) AppleWebKit/605.1.15 (KHTML, like Gecko) Version/18.6 Mobile/15E148 Safari/604.1"
49.158.152.196 - - [17/Aug/2026:18:08:56 +0800] "GET /wp-includes/js/mediaelement/mediaelement-migrate.min.js HTTP/1.1" 200 1419 "https://www.dyes.ilc.edu.tw/" "Mozilla/5.0 (iPhone; CPU iPhone OS 18_6_2 like Mac OS X) AppleWebKit/605.1.15 (KHTML, like Gecko) Version/18.6 Mobile/15E148 Safari/604.1"
49.158.152.196 - - [17/Aug/2026:18:08:56 +0800] "GET /wp-includes/js/mediaelement/wp-mediaelement.min.js HTTP/1.1" 200 1417 "https://www.dyes.ilc.edu.tw/" "Mozilla/5.0 (iPhone; CPU iPhone OS 18_6_2 like Mac OS X) AppleWebKit/605.1.15 (KHTML, like Gecko) Version/18.6 Mobile/15E148 Safari/604.1"
49.158.152.196 - - [17/Aug/2026:18:08:56 +0800] "GET /wp-includes/js/mediaelement/renderers/vimeo.min.js HTTP/1.1" 200 3164 "https://www.dyes.ilc.edu.tw/" "Mozilla/5.0 (iPhone; CPU iPhone OS 18_6_2 like Mac OS X) AppleWebKit/605.1.15 (KHTML, like Gecko) Version/18.6 Mobile/15E148 Safari/604.1"
49.158.152.196 - - [17/Aug/2026:18:08:56 +0800] "GET /wp-includes/js/mediaelement/mediaelement-and-player.min.js HTTP/1.1" 200 39802 "https://www.dyes.ilc.edu.tw/" "Mozilla/5.0 (iPhone; CPU iPhone OS 18_6_2 like Mac OS X) AppleWebKit/605.1.15 (KHTML, like Gecko) Version/18.6 Mobile/15E148 Safari/604.1"
49.158.152.196 - - [17/Aug/2026:18:08:56 +0800] "GET /wp-content/plugins/elementor-pro/assets/js/webpack-pro.runtime.min.js HTTP/1.1" 200 3562 "https://www.dyes.ilc.edu.tw/" "Mozilla/5.0 (iPhone; CPU iPhone OS 18_6_2 like Mac OS X) AppleWebKit/605.1.15 (KHTML, like Gecko) Version/18.6 Mobile/15E148 Safari/604.1"
49.158.152.196 - - [17/Aug/2026:18:08:56 +0800] "GET /wp-content/uploads/sites/1365/2026/06/image_3988829208634644820-2.jpg HTTP/1.1" 200 261930 "https://www.dyes.ilc.edu.tw/" "Mozilla/5.0 (iPhone; CPU iPhone OS 18_6_2 like Mac OS X) AppleWebKit/605.1.15 (KHTML, like Gecko) Version/18.6 Mobile/15E148 Safari/604.1"
49.158.152.196 - - [17/Aug/2026:18:08:56 +0800] "GET /wp-content/plugins/elementor/assets/js/webpack.runtime.min.js HTTP/1.1" 200 3095 "https://www.dyes.ilc.edu.tw/" "Mozilla/5.0 (iPhone; CPU iPhone OS 18_6_2 like Mac OS X) AppleWebKit/605.1.15 (KHTML, like Gecko) Version/18.6 Mobile/15E148 Safari/604.1"
49.158.152.196 - - [17/Aug/2026:18:08:56 +0800] "GET /wp-includes/js/dist/hooks.min.js HTTP/1.1" 200 2421 "https://www.dyes.ilc.edu.tw/" "Mozilla/5.0 (iPhone; CPU iPhone OS 18_6_2 like Mac OS X) AppleWebKit/605.1.15 (KHTML, like Gecko) Version/18.6 Mobile/15E148 Safari/604.1"
49.158.152.196 - - [17/Aug/2026:18:08:56 +0800] "GET /wp-content/plugins/elementor/assets/js/frontend-modules.min.js HTTP/1.1" 200 19416 "https://www.dyes.ilc.edu.tw/" "Mozilla/5.0 (iPhone; CPU iPhone OS 18_6_2 like Mac OS X) AppleWebKit/605.1.15 (KHTML, like Gecko) Version/18.6 Mobile/15E148 Safari/604.1"
49.158.152.196 - - [17/Aug/2026:18:08:56 +0800] "GET /wp-includes/js/dist/i18n.min.js HTTP/1.1" 200 4547 "https://www.dyes.ilc.edu.tw/" "Mozilla/5.0 (iPhone; CPU iPhone OS 18_6_2 like Mac OS X) AppleWebKit/605.1.15 (KHTML, like Gecko) Version/18.6 Mobile/15E148 Safari/604.1"
49.158.152.196 - - [17/Aug/2026:18:08:56 +0800] "GET /wp-content/plugins/elementor-pro/assets/js/frontend.min.js HTTP/1.1" 200 7574 "https://www.dyes.ilc.edu.tw/" "Mozilla/5.0 (iPhone; CPU iPhone OS 18_6_2 like Mac OS X) AppleWebKit/605.1.15 (KHTML, like Gecko) Version/18.6 Mobile/15E148 Safari/604.1"
49.158.152.196 - - [17/Aug/2026:18:08:56 +0800] "GET /wp-content/plugins/elementor/assets/lib/waypoints/waypoints.min.js HTTP/1.1" 200 3873 "https://www.dyes.ilc.edu.tw/" "Mozilla/5.0 (iPhone; CPU iPhone OS 18_6_2 like Mac OS X) AppleWebKit/605.1.15 (KHTML, like Gecko) Version/18.6 Mobile/15E148 Safari/604.1"
49.158.152.196 - - [17/Aug/2026:18:08:56 +0800] "GET /wp-includes/js/jquery/ui/core.min.js HTTP/1.1" 200 7986 "https://www.dyes.ilc.edu.tw/" "Mozilla/5.0 (iPhone; CPU iPhone OS 18_6_2 like Mac OS X) AppleWebKit/605.1.15 (KHTML, like Gecko) Version/18.6 Mobile/15E148 Safari/604.1"
49.158.152.196 - - [17/Aug/2026:18:08:56 +0800] "GET /wp-content/plugins/elementor/assets/js/frontend.min.js HTTP/1.1" 200 13169 "https://www.dyes.ilc.edu.tw/" "Mozilla/5.0 (iPhone; CPU iPhone OS 18_6_2 like Mac OS X) AppleWebKit/605.1.15 (KHTML, like Gecko) Version/18.6 Mobile/15E148 Safari/604.1"
49.158.152.196 - - [17/Aug/2026:18:08:56 +0800] "GET /wp-content/plugins/elementor-pro/assets/js/elements-handlers.min.js HTTP/1.1" 200 10882 "https://www.dyes.ilc.edu.tw/" "Mozilla/5.0 (iPhone; CPU iPhone OS 18_6_2 like Mac OS X) AppleWebKit/605.1.15 (KHTML, like Gecko) Version/18.6 Mobile/15E148 Safari/604.1"
49.158.152.196 - - [17/Aug/2026:18:08:56 +0800] "GET /wp-content/uploads/sites/1365/2025/11/376420000A_1140189696_ATTACH1.png HTTP/1.1" 200 18436 "https://www.dyes.ilc.edu.tw/" "Mozilla/5.0 (iPhone; CPU iPhone OS 18_6_2 like Mac OS X) AppleWebKit/605.1.15 (KHTML, like Gecko) Version/18.6 Mobile/15E148 Safari/604.1"
66.249.68.200 - - [17/Aug/2026:18:08:56 +0800] "GET /6460/2012/11/20/ HTTP/1.1" 200 16826 "-" "Mozilla/5.0 (Linux; Android 6.0.1; Nexus 5X Build/MMB29P) AppleWebKit/537.36 (KHTML, like Gecko) Chrome/150.0.7871.186 Mobile Safari/537.36 (compatible; Googlebot/2.1; +http://www.google.com/bot.html)"
2001:b400:e255:2286:11d1:5d83:53d1:ffe9 - - [17/Aug/2026:18:08:57 +0800] "GET / HTTP/1.1" 200 32482 "https://www.google.com/" "Mozilla/5.0 (X11; Linux x86_64) AppleWebKit/537.36 (KHTML, like Gecko) Chrome/150.0.0.0 Safari/537.36"
2001:b400:e255:2286:11d1:5d83:53d1:ffe9 - - [17/Aug/2026:18:08:58 +0800] "GET /wp-content/cache/www.chjh.ilc.edu.tw/wpfc-minified/ee8a0dvs/6vy4.css HTTP/1.1" 200 40884 "https://www.chjh.ilc.edu.tw/" "Mozilla/5.0 (X11; Linux x86_64) AppleWebKit/537.36 (KHTML, like Gecko) Chrome/150.0.0.0 Safari/537.36"
2001:b400:e255:2286:11d1:5d83:53d1:ffe9 - - [17/Aug/2026:18:08:58 +0800] "GET /wp-content/cache/www.chjh.ilc.edu.tw/wpfc-minified/78jy2wn7/6vy4.css HTTP/1.1" 200 5956 "https://www.chjh.ilc.edu.tw/" "Mozilla/5.0 (X11; Linux x86_64) AppleWebKit/537.36 (KHTML, like Gecko) Chrome/150.0.0.0 Safari/537.36"
2001:b400:e255:2286:11d1:5d83:53d1:ffe9 - - [17/Aug/2026:18:08:58 +0800] "GET /wp-content/cache/www.chjh.ilc.edu.tw/wpfc-minified/9iyqo13s/6vy4.css HTTP/1.1" 200 18539 "https://www.chjh.ilc.edu.tw/" "Mozilla/5.0 (X11; Linux x86_64) AppleWebKit/537.36 (KHTML, like Gecko) Chrome/150.0.0.0 Safari/537.36"
2001:b400:e255:2286:11d1:5d83:53d1:ffe9 - - [17/Aug/2026:18:08:58 +0800] "GET /wp-content/cache/www.chjh.ilc.edu.tw/wpfc-minified/e1voqedy/6vy4.css HTTP/1.1" 200 45293 "https://www.chjh.ilc.edu.tw/" "Mozilla/5.0 (X11; Linux x86_64) AppleWebKit/537.36 (KHTML, like Gecko) Chrome/150.0.0.0 Safari/537.36"
2001:b400:e255:2286:11d1:5d83:53d1:ffe9 - - [17/Aug/2026:18:08:58 +0800] "GET /wp-content/uploads/sites/1482/elementor/css/post-309.css HTTP/1.1" 200 1631 "https://www.chjh.ilc.edu.tw/" "Mozilla/5.0 (X11; Linux x86_64) AppleWebKit/537.36 (KHTML, like Gecko) Chrome/150.0.0.0 Safari/537.36"
2001:b400:e255:2286:11d1:5d83:53d1:ffe9 - - [17/Aug/2026:18:08:58 +0800] "GET /wp-content/cache/www.chjh.ilc.edu.tw/wpfc-minified/4uxh7t9/6vy4.css HTTP/1.1" 200 1711 "https://www.chjh.ilc.edu.tw/" "Mozilla/5.0 (X11; Linux x86_64) AppleWebKit/537.36 (KHTML, like Gecko) Chrome/150.0.0.0 Safari/537.36"
2001:b400:e255:2286:11d1:5d83:53d1:ffe9 - - [17/Aug/2026:18:08:58 +0800] "GET /wp-content/uploads/sites/1482/elementor/css/post-2.css HTTP/1.1" 200 1150 "https://www.chjh.ilc.edu.tw/" "Mozilla/5.0 (X11; Linux x86_64) AppleWebKit/537.36 (KHTML, like Gecko) Chrome/150.0.0.0 Safari/537.36"
2001:b400:e255:2286:11d1:5d83:53d1:ffe9 - - [17/Aug/2026:18:08:58 +0800] "GET /wp-content/cache/www.chjh.ilc.edu.tw/wpfc-minified/mc2crcdt/6vy4.js HTTP/1.1" 200 35559 "https://www.chjh.ilc.edu.tw/" "Mozilla/5.0 (X11; Linux x86_64) AppleWebKit/537.36 (KHTML, like Gecko) Chrome/150.0.0.0 Safari/537.36"
2001:b400:e255:2286:11d1:5d83:53d1:ffe9 - - [17/Aug/2026:18:08:58 +0800] "GET /wp-content/uploads/sites/1482/2026/06/115%E6%9C%83%E8%80%83.jpg HTTP/1.1" 200 103282 "https://www.chjh.ilc.edu.tw/" "Mozilla/5.0 (X11; Linux x86_64) AppleWebKit/537.36 (KHTML, like Gecko) Chrome/150.0.0.0 Safari/537.36"
2001:b400:e255:2286:11d1:5d83:53d1:ffe9 - - [17/Aug/2026:18:08:58 +0800] "GET /wp-content/uploads/sites/1482/2023/07/%E8%B3%87%E5%AE%89%E7%A0%94%E7%BF%92.png HTTP/1.1" 200 7369 "https://www.chjh.ilc.edu.tw/" "Mozilla/5.0 (X11; Linux x86_64) AppleWebKit/537.36 (KHTML, like Gecko) Chrome/150.0.0.0 Safari/537.36"
2001:b400:e255:2286:11d1:5d83:53d1:ffe9 - - [17/Aug/2026:18:08:58 +0800] "GET /wp-content/themes/huemanilc/assets/front/webfonts/fa-solid-900.woff2?v=5.5.0 HTTP/1.1" 200 75218 "https://www.chjh.ilc.edu.tw/wp-content/cache/www.chjh.ilc.edu.tw/wpfc-minified/e1voqedy/6vy4.css" "Mozilla/5.0 (X11; Linux x86_64) AppleWebKit/537.36 (KHTML, like Gecko) Chrome/150.0.0.0 Safari/537.36"
2001:b400:e255:2286:11d1:5d83:53d1:ffe9 - - [17/Aug/2026:18:08:58 +0800] "GET /wp-content/uploads/sites/1482/2024/12/White-Minimalist-Library-Open-Hours-Instagram-Story-576x1024.png HTTP/1.1" 200 493801 "https://www.chjh.ilc.edu.tw/" "Mozilla/5.0 (X11; Linux x86_64) AppleWebKit/537.36 (KHTML, like Gecko) Chrome/150.0.0.0 Safari/537.36"
2001:b400:e255:2286:11d1:5d83:53d1:ffe9 - - [17/Aug/2026:18:08:58 +0800] "GET /wp-content/uploads/sites/1482/2022/07/%E6%96%B0%E7%94%9F%E6%AD%A3%E5%BC%8F%E7%B7%A8%E7%8F%AD%E5%90%8D%E5%96%AE.jpg HTTP/1.1" 200 30120 "https://www.chjh.ilc.edu.tw/" "Mozilla/5.0 (X11; Linux x86_64) AppleWebKit/537.36 (KHTML, like Gecko) Chrome/150.0.0.0 Safari/537.36"
2001:b400:e255:2286:11d1:5d83:53d1:ffe9 - - [17/Aug/2026:18:08:58 +0800] "GET /wp-includes/js/hoverintent-js.min.js HTTP/1.1" 200 6396 "https://www.chjh.ilc.edu.tw/" "Mozilla/5.0 (X11; Linux x86_64) AppleWebKit/537.36 (KHTML, like Gecko) Chrome/150.0.0.0 Safari/537.36"
2001:b400:e255:2286:11d1:5d83:53d1:ffe9 - - [17/Aug/2026:18:08:58 +0800] "GET /wp-content/plugins/elementor/assets/lib/eicons/fonts/eicons.woff2?5.30.0 HTTP/1.1" 200 103024 "https://www.chjh.ilc.edu.tw/wp-content/cache/www.chjh.ilc.edu.tw/wpfc-minified/e1voqedy/6vy4.css" "Mozilla/5.0 (X11; Linux x86_64) AppleWebKit/537.36 (KHTML, like Gecko) Chrome/150.0.0.0 Safari/537.36"
2001:b400:e255:2286:11d1:5d83:53d1:ffe9 - - [17/Aug/2026:18:08:58 +0800] "GET /wp-content/uploads/sites/1482/2026/05/114%E5%AD%B8%E5%B9%B4%E5%BA%A6%E8%81%AF%E8%B3%BD%E6%88%90%E7%B8%BE.jpg HTTP/1.1" 200 128482 "https://www.chjh.ilc.edu.tw/" "Mozilla/5.0 (X11; Linux x86_64) AppleWebKit/537.36 (KHTML, like Gecko) Chrome/150.0.0.0 Safari/537.36"
2001:b400:e255:2286:11d1:5d83:53d1:ffe9 - - [17/Aug/2026:18:08:59 +0800] "GET /wp-includes/js/underscore.min.js HTTP/1.1" 200 8191 "https://www.chjh.ilc.edu.tw/" "Mozilla/5.0 (X11; Linux x86_64) AppleWebKit/537.36 (KHTML, like Gecko) Chrome/150.0.0.0 Safari/537.36"
2001:b400:e255:2286:11d1:5d83:53d1:ffe9 - - [17/Aug/2026:18:08:59 +0800] "GET /wp-includes/js/admin-bar.min.js HTTP/1.1" 200 2237 "https://www.chjh.ilc.edu.tw/" "Mozilla/5.0 (X11; Linux x86_64) AppleWebKit/537.36 (KHTML, like Gecko) Chrome/150.0.0.0 Safari/537.36"
2001:b400:e255:2286:11d1:5d83:53d1:ffe9 - - [17/Aug/2026:18:08:59 +0800] "GET /wp-content/themes/huemanilc/assets/front/js/scripts.min.js HTTP/1.1" 200 27001 "https://www.chjh.ilc.edu.tw/" "Mozilla/5.0 (X11; Linux x86_64) AppleWebKit/537.36 (KHTML, like Gecko) Chrome/150.0.0.0 Safari/537.36"
2001:b400:e255:2286:11d1:5d83:53d1:ffe9 - - [17/Aug/2026:18:08:59 +0800] "GET /wp-content/plugins/elementor/assets/js/webpack.runtime.min.js HTTP/1.1" 200 3095 "https://www.chjh.ilc.edu.tw/" "Mozilla/5.0 (X11; Linux x86_64) AppleWebKit/537.36 (KHTML, like Gecko) Chrome/150.0.0.0 Safari/537.36"
2001:b400:e255:2286:11d1:5d83:53d1:ffe9 - - [17/Aug/2026:18:08:59 +0800] "GET /wp-content/plugins/elementor/assets/js/frontend-modules.min.js HTTP/1.1" 200 19416 "https://www.chjh.ilc.edu.tw/" "Mozilla/5.0 (X11; Linux x86_64) AppleWebKit/537.36 (KHTML, like Gecko) Chrome/150.0.0.0 Safari/537.36"
2001:b400:e255:2286:11d1:5d83:53d1:ffe9 - - [17/Aug/2026:18:08:59 +0800] "GET /wp-content/plugins/elementor/assets/lib/waypoints/waypoints.min.js HTTP/1.1" 200 3873 "https://www.chjh.ilc.edu.tw/" "Mozilla/5.0 (X11; Linux x86_64) AppleWebKit/537.36 (KHTML, like Gecko) Chrome/150.0.0.0 Safari/537.36"
2001:b400:e255:2286:11d1:5d83:53d1:ffe9 - - [17/Aug/2026:18:08:59 +0800] "GET /wp-includes/js/jquery/ui/core.min.js HTTP/1.1" 200 7986 "https://www.chjh.ilc.edu.tw/" "Mozilla/5.0 (X11; Linux x86_64) AppleWebKit/537.36 (KHTML, like Gecko) Chrome/150.0.0.0 Safari/537.36"
2001:b400:e255:2286:11d1:5d83:53d1:ffe9 - - [17/Aug/2026:18:08:59 +0800] "GET /wp-content/plugins/elementor/assets/js/frontend.min.js HTTP/1.1" 200 13169 "https://www.chjh.ilc.edu.tw/" "Mozilla/5.0 (X11; Linux x86_64) AppleWebKit/537.36 (KHTML, like Gecko) Chrome/150.0.0.0 Safari/537.36"
2001:b400:e255:2286:11d1:5d83:53d1:ffe9 - - [17/Aug/2026:18:08:59 +0800] "GET /wp-content/uploads/sites/1482/2026/04/%E6%AD%8C%E5%94%B1%E6%AF%94%E8%B3%BD%E7%A5%9D%E8%B3%80%E6%B5%B7%E5%A0%B1_page-0001_0-1024x576.jpg HTTP/1.1" 200 88311 "https://www.chjh.ilc.edu.tw/" "Mozilla/5.0 (X11; Linux x86_64) AppleWebKit/537.36 (KHTML, like Gecko) Chrome/150.0.0.0 Safari/537.36"
2001:b400:e255:2286:11d1:5d83:53d1:ffe9 - - [17/Aug/2026:18:08:59 +0800] "GET /wp-content/uploads/sites/1482/2026/04/%E8%AE%80%E8%80%85%E5%8A%87%E5%A0%B4%E7%A5%9D%E8%B3%80%E6%B5%B7%E5%A0%B1_page-0001_0-1024x576.jpg HTTP/1.1" 200 87594 "https://www.chjh.ilc.edu.tw/" "Mozilla/5.0 (X11; Linux x86_64) AppleWebKit/537.36 (KHTML, like Gecko) Chrome/150.0.0.0 Safari/537.36"
2001:b400:e255:2286:11d1:5d83:53d1:ffe9 - - [17/Aug/2026:18:08:59 +0800] "GET /wp-content/uploads/sites/1482/2026/04/%E5%96%AE%E5%AD%97%E7%8E%8B%E7%A5%9D%E8%B3%80%E6%B5%B7%E5%A0%B1_page-0001_0-1024x576.jpg HTTP/1.1" 200 105740 "https://www.chjh.ilc.edu.tw/" "Mozilla/5.0 (X11; Linux x86_64) AppleWebKit/537.36 (KHTML, like Gecko) Chrome/150.0.0.0 Safari/537.36"
2001:b400:e255:2286:11d1:5d83:53d1:ffe9 - - [17/Aug/2026:18:08:59 +0800] "GET /wp-content/uploads/sites/1482/2026/05/115%E5%85%A8%E4%B8%AD%E9%81%8B%E6%88%90%E7%B8%BE.jpg HTTP/1.1" 200 125380 "https://www.chjh.ilc.edu.tw/" "Mozilla/5.0 (X11; Linux x86_64) AppleWebKit/537.36 (KHTML, like Gecko) Chrome/150.0.0.0 Safari/537.36"
2001:b400:e255:2286:11d1:5d83:53d1:ffe9 - - [17/Aug/2026:18:08:59 +0800] "GET /wp-content/uploads/sites/1482/2026/04/%E7%A7%91%E5%B1%95%E7%AB%B6%E8%B3%BD%E6%B5%B7%E5%A0%B1-1024x572.png HTTP/1.1" 200 727375 "https://www.chjh.ilc.edu.tw/" "Mozilla/5.0 (X11; Linux x86_64) AppleWebKit/537.36 (KHTML, like Gecko) Chrome/150.0.0.0 Safari/537.36"
49.158.152.196 - - [17/Aug/2026:18:08:59 +0800] "GET /wp-content/themes/hueman/assets/front/fonts/titillium-light-webfont.svg HTTP/1.1" 200 56952 "https://www.dyes.ilc.edu.tw/" "Mozilla/5.0 (iPhone; CPU iPhone OS 18_6_2 like Mac OS X) AppleWebKit/605.1.15 (KHTML, like Gecko) Version/18.6 Mobile/15E148 Safari/604.1"
49.158.152.196 - - [17/Aug/2026:18:08:59 +0800] "GET /wp-content/themes/hueman/assets/front/fonts/titillium-regular-webfont.svg HTTP/1.1" 200 57056 "https://www.dyes.ilc.edu.tw/" "Mozilla/5.0 (iPhone; CPU iPhone OS 18_6_2 like Mac OS X) AppleWebKit/605.1.15 (KHTML, like Gecko) Version/18.6 Mobile/15E148 Safari/604.1"
