49.158.152.196 - - [17/Aug/2026:18:08:59 +0800] "GET /wp-content/themes/hueman/assets/front/fonts/titillium-semibold-webfont.svg HTTP/1.1" 200 55517 "https://www.dyes.ilc.edu.tw/" "Mozilla/5.0 (iPhone; CPU iPhone OS 18_6_2 like Mac OS X) AppleWebKit/605.1.15 (KHTML, like Gecko) Version/18.6 Mobile/15E148 Safari/604.1"
49.158.152.196 - - [17/Aug/2026:18:08:59 +0800] "GET /wp-content/plugins/elementor/assets/lib/share-link/share-link.min.js?ver=3.22.3 HTTP/1.1" 200 2049 "https://www.dyes.ilc.edu.tw/" "Mozilla/5.0 (iPhone; CPU iPhone OS 18_6_2 like Mac OS X) AppleWebKit/605.1.15 (KHTML, like Gecko) Version/18.6 Mobile/15E148 Safari/604.1"
49.158.152.196 - - [17/Aug/2026:18:08:59 +0800] "GET /wp-content/plugins/elementor/assets/js/lightbox.94b920846d1e37cafb78.bundle.min.js HTTP/1.1" 200 10857 "https://www.dyes.ilc.edu.tw/" "Mozilla/5.0 (iPhone; CPU iPhone OS 18_6_2 like Mac OS X) AppleWebKit/605.1.15 (KHTML, like Gecko) Version/18.6 Mobile/15E148 Safari/604.1"
49.158.152.196 - - [17/Aug/2026:18:08:59 +0800] "GET /wp-content/plugins/elementor/assets/lib/dialog/dialog.min.js?ver=4.9.0 HTTP/1.1" 200 4368 "https://www.dyes.ilc.edu.tw/" "Mozilla/5.0 (iPhone; CPU iPhone OS 18_6_2 like Mac OS X) AppleWebKit/605.1.15 (KHTML, like Gecko) Version/18.6 Mobile/15E148 Safari/604.1"
49.158.152.196 - - [17/Aug/2026:18:08:59 +0800] "GET /wp-content/plugins/elementor-pro/assets/js/social.2d2e44e8608690943f29.bundle.min.js HTTP/1.1" 200 1433 "https://www.dyes.ilc.edu.tw/" "Mozilla/5.0 (iPhone; CPU iPhone OS 18_6_2 like Mac OS X) AppleWebKit/605.1.15 (KHTML, like Gecko) Version/18.6 Mobile/15E148 Safari/604.1"
49.158.152.196 - - [17/Aug/2026:18:08:59 +0800] "GET /wp-includes/js/mediaelement/mejs-controls.svg HTTP/1.1" 200 5429 "https://www.dyes.ilc.edu.tw/" "Mozilla/5.0 (iPhone; CPU iPhone OS 18_6_2 like Mac OS X) AppleWebKit/605.1.15 (KHTML, like Gecko) Version/18.6 Mobile/15E148 Safari/604.1"
140.111.67.10 - - [17/Aug/2026:18:09:00 +0800] "GET /" 301 273 "-" "-"
2001:b400:e255:2286:11d1:5d83:53d1:ffe9 - - [17/Aug/2026:18:08:59 +0800] "GET /wp-content/uploads/sites/1482/2025/12/114%E5%AD%B8%E5%B9%B4%E7%B0%A1%E5%A0%B1%E9%81%94%E4%BA%BA%E5%85%AC%E5%91%8A.jpg HTTP/1.1" 200 104018 "https://www.chjh.ilc.edu.tw/" "Mozilla/5.0 (X11; Linux x86_64) AppleWebKit/537.36 (KHTML, like Gecko) Chrome/150.0.0.0 Safari/537.36"
2001:b400:e255:2286:11d1:5d83:53d1:ffe9 - - [17/Aug/2026:18:08:59 +0800] "GET /wp-content/uploads/sites/1482/2026/03/%E3%80%8C114%E5%AD%B8%E5%B9%B4%E5%BA%A6%E5%85%A8%E5%9C%8B%E5%AD%B8%E7%94%9F%E9%9F%B3%E6%A8%82%E6%AF%94%E8%B3%BD%E3%80%8D%E5%80%8B%E4%BA%BA%E9%A0%85%E7%9B%AE%E5%85%A8%E5%8D%80%E6%B1%BA%E8%B3%BD-%E6%88%90%E7%B8%BE%E5%85%AC%E5%91%8A-%E5%80%8B%E4%BA%BA-1024x576.jpg HTTP/1.1" 200 105028 "https://www.chjh.ilc.edu.tw/" "Mozilla/5.0 (X11; Linux x86_64) AppleWebKit/537.36 (KHTML, like Gecko) Chrome/150.0.0.0 Safari/537.36"
2001:b400:e255:2286:11d1:5d83:53d1:ffe9 - - [17/Aug/2026:18:09:00 +0800] "GET /wp-content/uploads/sites/1482/2025/11/114%E5%AD%B8%E5%B9%B4%E5%BA%A6%E5%AE%9C%E8%98%AD%E7%B8%A3%E5%AD%B8%E7%94%9F%E9%9F%B3%E6%A8%82%E6%9A%A8%E5%B8%AB%E7%94%9F%E9%84%89%E5%9C%9F%E6%AD%8C%E8%AC%A0%E6%AF%94%E8%B3%BD-%E6%88%90%E7%B8%BE%E5%85%AC%E5%91%8A-%E5%80%8B%E4%BA%BA_0-1024x576.jpg HTTP/1.1" 200 128004 "https://www.chjh.ilc.edu.tw/" "Mozilla/5.0 (X11; Linux x86_64) AppleWebKit/537.36 (KHTML, like Gecko) Chrome/150.0.0.0 Safari/537.36"
49.158.152.196 - - [17/Aug/2026:18:08:59 +0800] "GET /wp-content/uploads/sites/1365/2023/03/%E6%A9%AB%E5%B9%85-3-1536x639.jpg HTTP/1.1" 200 272916 "https://www.dyes.ilc.edu.tw/" "Mozilla/5.0 (iPhone; CPU iPhone OS 18_6_2 like Mac OS X) AppleWebKit/605.1.15 (KHTML, like Gecko) Version/18.6 Mobile/15E148 Safari/604.1"
2001:b400:e255:2286:11d1:5d83:53d1:ffe9 - - [17/Aug/2026:18:08:59 +0800] "GET /wp-content/uploads/sites/1482/2025/11/114%E5%AD%B8%E5%B9%B4%E5%BA%A6%E5%AE%9C%E8%98%AD%E7%B8%A3%E5%AD%B8%E7%94%9F%E9%9F%B3%E6%A8%82%E6%9A%A8%E5%B8%AB%E7%94%9F%E9%84%89%E5%9C%9F%E6%AD%8C%E8%AC%A0%E6%AF%94%E8%B3%BD-%E6%88%90%E7%B8%BE%E5%85%AC%E5%91%8A%E5%9C%98%E9%AB%94_0-1024x576.jpg HTTP/1.1" 200 92532 "https://www.chjh.ilc.edu.tw/" "Mozilla/5.0 (X11; Linux x86_64) AppleWebKit/537.36 (KHTML, like Gecko) Chrome/150.0.0.0 Safari/537.36"
66.249.71.163 - - [17/Aug/2026:18:08:58 +0800] "GET /wp-login.php?action=ilc_logout&_wpnonce=43754d0aad&redirect_to=http://tatekosta.ru/creator/54139/ HTTP/1.1" 302 8250 "-" "Mozilla/5.0 (Linux; Android 6.0.1; Nexus 5X Build/MMB29P) AppleWebKit/537.36 (KHTML, like Gecko) Chrome/150.0.7871.186 Mobile Safari/537.36 (compatible; GoogleOther)"
2001:b011:7801:d6f4:34b3:ab6e:d8ec:2ee3 - - [17/Aug/2026:18:09:00 +0800] "-" 408 4802 "-" "-"
2001:b400:e255:2286:11d1:5d83:53d1:ffe9 - - [17/Aug/2026:18:09:00 +0800] "GET /wp-content/uploads/sites/1482/2025/11/%E7%A5%9D%E8%B3%80%E6%B5%B7%E5%A0%B1_712%E8%91%89%E5%AE%87%E7%BF%94-1024x576.jpg HTTP/1.1" 200 77480 "https://www.chjh.ilc.edu.tw/" "Mozilla/5.0 (X11; Linux x86_64) AppleWebKit/537.36 (KHTML, like Gecko) Chrome/150.0.0.0 Safari/537.36"
2001:b400:e255:2286:11d1:5d83:53d1:ffe9 - - [17/Aug/2026:18:09:00 +0800] "GET /wp-content/uploads/sites/1482/2025/11/Hanover-and-Tyke-High-School-Present-724x1024.png HTTP/1.1" 200 267038 "https://www.chjh.ilc.edu.tw/" "Mozilla/5.0 (X11; Linux x86_64) AppleWebKit/537.36 (KHTML, like Gecko) Chrome/150.0.0.0 Safari/537.36"
66.249.68.200 - - [17/Aug/2026:18:09:00 +0800] "GET /cramschool/wp-content/uploads/sites/1656/2020/04/%E4%BA%A4%E9%80%9A%E8%BB%8A%E8%A8%BB%E9%8A%B7%E7%94%B3%E8%AB%8B%E6%9B%B8.doc HTTP/1.1" 200 21825 "-" "Mozilla/5.0 (Linux; Android 6.0.1; Nexus 5X Build/MMB29P) AppleWebKit/537.36 (KHTML, like Gecko) Chrome/150.0.7871.186 Mobile Safari/537.36 (compatible; Googlebot/2.1; +http://www.google.com/bot.html)"
2001:b400:e255:2286:11d1:5d83:53d1:ffe9 - - [17/Aug/2026:18:09:00 +0800] "GET /wp-content/uploads/sites/1482/2025/10/%E7%8D%B2%E7%8D%8E%E5%85%AC%E5%91%8A114%E7%BE%8E%E8%A1%93%E6%AF%94%E8%B3%BD.jpg HTTP/1.1" 200 178023 "https://www.chjh.ilc.edu.tw/" "Mozilla/5.0 (X11; Linux x86_64) AppleWebKit/537.36 (KHTML, like Gecko) Chrome/150.0.0.0 Safari/537.36"
2001:288:a201::66:125 - - [17/Aug/2026:18:09:00 +0800] "GET /blog/active.php HTTP/1.1" 301 1026 "-" "-"
2001:288:a201::66:125 - - [17/Aug/2026:18:09:00 +0800] "GET /blog/active.php HTTP/1.1" 404 1084 "-" "-"
2001:b400:e255:2286:11d1:5d83:53d1:ffe9 - - [17/Aug/2026:18:09:00 +0800] "GET /wp-content/uploads/sites/1482/2025/09/33-1024x576.jpg HTTP/1.1" 200 87435 "https://www.chjh.ilc.edu.tw/" "Mozilla/5.0 (X11; Linux x86_64) AppleWebKit/537.36 (KHTML, like Gecko) Chrome/150.0.0.0 Safari/537.36"
2407:4b00:4c06:497:9ad5:e716:584c:fbb1 - - [17/Aug/2026:18:09:00 +0800] "GET / HTTP/1.1" 200 30316 "-" "Mozilla/5.0 (Windows NT 10.0; Win64; x64) AppleWebKit/537.36 (KHTML, like Gecko) Chrome/151.0.0.0 Safari/537.36"
2001:b400:e255:2286:11d1:5d83:53d1:ffe9 - - [17/Aug/2026:18:08:59 +0800] "GET /wp-content/uploads/sites/1482/2026/03/%E9%87%91%E9%A0%AD%E8%85%A6-1024x571.png HTTP/1.1" 200 926124 "https://www.chjh.ilc.edu.tw/" "Mozilla/5.0 (X11; Linux x86_64) AppleWebKit/537.36 (KHTML, like Gecko) Chrome/150.0.0.0 Safari/537.36"
2001:b400:e255:2286:11d1:5d83:53d1:ffe9 - - [17/Aug/2026:18:09:01 +0800] "GET /wp-content/uploads/sites/1482/2025/09/23-1024x576.jpg HTTP/1.1" 200 96415 "https://www.chjh.ilc.edu.tw/" "Mozilla/5.0 (X11; Linux x86_64) AppleWebKit/537.36 (KHTML, like Gecko) Chrome/150.0.0.0 Safari/537.36"
2407:4b00:4c06:497:9ad5:e716:584c:fbb1 - - [17/Aug/2026:18:09:01 +0800] "GET /wp-content/uploads/sites/2550/elementor/css/post-177.css HTTP/1.1" 304 790 "https://www.mses.ilc.edu.tw/" "Mozilla/5.0 (Windows NT 10.0; Win64; x64) AppleWebKit/537.36 (KHTML, like Gecko) Chrome/151.0.0.0 Safari/537.36"
2001:b400:e255:2286:11d1:5d83:53d1:ffe9 - - [17/Aug/2026:18:09:01 +0800] "GET /wp-content/uploads/sites/1482/2025/09/13-1024x576.jpg HTTP/1.1" 200 89010 "https://www.chjh.ilc.edu.tw/" "Mozilla/5.0 (X11; Linux x86_64) AppleWebKit/537.36 (KHTML, like Gecko) Chrome/150.0.0.0 Safari/537.36"
2001:b400:e255:2286:11d1:5d83:53d1:ffe9 - - [17/Aug/2026:18:09:01 +0800] "GET /wp-content/uploads/sites/1482/2025/08/36-1024x724.png HTTP/1.1" 200 171953 "https://www.chjh.ilc.edu.tw/" "Mozilla/5.0 (X11; Linux x86_64) AppleWebKit/537.36 (KHTML, like Gecko) Chrome/150.0.0.0 Safari/537.36"
2407:4b00:4c06:497:9ad5:e716:584c:fbb1 - - [17/Aug/2026:18:09:01 +0800] "GET /wp-content/uploads/sites/2550/2026/07/%E9%A6%AC%E8%B3%BD%E5%9C%8B%E5%B0%8F%E9%A6%96%E9%A0%81%E6%A9%AB%E5%B9%852026.png HTTP/1.1" 304 790 "https://www.mses.ilc.edu.tw/" "Mozilla/5.0 (Windows NT 10.0; Win64; x64) AppleWebKit/537.36 (KHTML, like Gecko) Chrome/151.0.0.0 Safari/537.36"
2001:b400:e255:2286:11d1:5d83:53d1:ffe9 - - [17/Aug/2026:18:09:01 +0800] "GET /wp-content/uploads/sites/1482/2025/08/26-1024x724.png HTTP/1.1" 200 164697 "https://www.chjh.ilc.edu.tw/" "Mozilla/5.0 (X11; Linux x86_64) AppleWebKit/537.36 (KHTML, like Gecko) Chrome/150.0.0.0 Safari/537.36"
2001:b400:e255:2286:11d1:5d83:53d1:ffe9 - - [17/Aug/2026:18:09:01 +0800] "GET /wp-content/uploads/sites/1482/2025/08/14-1024x724.png HTTP/1.1" 200 163205 "https://www.chjh.ilc.edu.tw/" "Mozilla/5.0 (X11; Linux x86_64) AppleWebKit/537.36 (KHTML, like Gecko) Chrome/150.0.0.0 Safari/537.36"
2001:b400:e255:2286:11d1:5d83:53d1:ffe9 - - [17/Aug/2026:18:08:59 +0800] "GET /wp-content/uploads/sites/1482/2026/01/%E7%A7%91%E6%8A%80%E7%AB%B6%E8%B3%BD%E6%B5%B7%E5%A0%B1.png HTTP/1.1" 200 872970 "https://www.chjh.ilc.edu.tw/" "Mozilla/5.0 (X11; Linux x86_64) AppleWebKit/537.36 (KHTML, like Gecko) Chrome/150.0.0.0 Safari/537.36"
2001:b400:e255:2286:11d1:5d83:53d1:ffe9 - - [17/Aug/2026:18:09:01 +0800] "GET /wp-content/uploads/sites/1482/2025/08/7-1024x724.png HTTP/1.1" 200 274608 "https://www.chjh.ilc.edu.tw/" "Mozilla/5.0 (X11; Linux x86_64) AppleWebKit/537.36 (KHTML, like Gecko) Chrome/150.0.0.0 Safari/537.36"
2407:4b00:4c06:497:9ad5:e716:584c:fbb1 - - [17/Aug/2026:18:09:01 +0800] "GET /wp-content/themes/huemanilc/assets/front/webfonts/fa-solid-900.woff2?v=5.5.0 HTTP/1.1" 304 790 "https://www.mses.ilc.edu.tw/wp-content/cache/www.mses.ilc.edu.tw/wpfc-minified/8azsz6qh/6wwm.css" "Mozilla/5.0 (Windows NT 10.0; Win64; x64) AppleWebKit/537.36 (KHTML, like Gecko) Chrome/151.0.0.0 Safari/537.36"
2407:4b00:4c06:497:9ad5:e716:584c:fbb1 - - [17/Aug/2026:18:09:01 +0800] "GET /wp-content/themes/huemanilc/assets/front/webfonts/fa-brands-400.woff2?v=5.5.0 HTTP/1.1" 304 1129 "https://www.mses.ilc.edu.tw/wp-content/cache/www.mses.ilc.edu.tw/wpfc-minified/8azsz6qh/6wwm.css" "Mozilla/5.0 (Windows NT 10.0; Win64; x64) AppleWebKit/537.36 (KHTML, like Gecko) Chrome/151.0.0.0 Safari/537.36"
2407:4b00:4c06:497:9ad5:e716:584c:fbb1 - - [17/Aug/2026:18:09:01 +0800] "GET /wp-content/uploads/sites/2550/elementor/thumbs/Cool-English%E8%8B%B1%E8%81%BD%E7%8E%8B%E6%AF%94%E8%B3%BD-rndk1c9301s7gnfl6gxaqevbn54jqu8hamedfhvwyo.png HTTP/1.1" 304 790 "https://www.mses.ilc.edu.tw/" "Mozilla/5.0 (Windows NT 10.0; Win64; x64) AppleWebKit/537.36 (KHTML, like Gecko) Chrome/151.0.0.0 Safari/537.36"
2407:4b00:4c06:497:9ad5:e716:584c:fbb1 - - [17/Aug/2026:18:09:01 +0800] "GET /wp-content/uploads/sites/2550/elementor/thumbs/114%E5%AD%B8%E5%B9%B4%E5%BA%A6%E5%AE%9C%E8%98%AD%E7%B8%A3%E4%B8%AD%E5%B0%8F%E5%AD%B8%E6%B0%91%E4%BF%97%E9%AB%94%E8%82%B2%E9%8C%A6%E6%A8%99%E8%B3%BD--rndk2n90hrkjl5jbk18n730dceowfpf2530nfby8bk.png HTTP/1.1" 304 790 "https://www.mses.ilc.edu.tw/" "Mozilla/5.0 (Windows NT 10.0; Win64; x64) AppleWebKit/537.36 (KHTML, like Gecko) Chrome/151.0.0.0 Safari/537.36"
66.249.71.64 - - [17/Aug/2026:18:09:01 +0800] "GET /26148/2025/09/08/114%E5%AD%B8%E5%B9%B4%E5%BA%A6%E5%AE%9C%E8%98%AD%E7%B8%A3%E5%90%84%E9%A1%9E%E5%9E%8B%E5%B9%BC%E5%85%92%E5%9C%92%E5%B0%9A%E6%9C%89%E5%90%8D%E9%A1%8D%EF%BC%8C%E6%8C%81%E7%BA%8C%E5%8F%97%E7%90%86/ HTTP/1.1" 200 24662 "-" "Mozilla/5.0 (Linux; Android 6.0.1; Nexus 5X Build/MMB29P) AppleWebKit/537.36 (KHTML, like Gecko) Chrome/150.0.7871.186 Mobile Safari/537.36 (compatible; Googlebot/2.1; +http://www.google.com/bot.html)"
2001:b400:e255:2286:11d1:5d83:53d1:ffe9 - - [17/Aug/2026:18:09:01 +0800] "GET /wp-content/uploads/sites/1482/2025/08/6-1024x724.png HTTP/1.1" 200 283705 "https://www.chjh.ilc.edu.tw/" "Mozilla/5.0 (X11; Linux x86_64) AppleWebKit/537.36 (KHTML, like Gecko) Chrome/150.0.0.0 Safari/537.36"
2407:4b00:4c06:497:9ad5:e716:584c:fbb1 - - [17/Aug/2026:18:09:01 +0800] "GET /wp-content/uploads/sites/2550/elementor/thumbs/2026%E7%BE%A4%E5%B2%B3%E7%9B%83%E5%85%A8%E5%9C%8B%E7%BE%BD%E7%90%83%E9%8C%A6%E6%A8%99%E8%B3%BD-rndk1ogzgw8xnkxu747g4tsbd5gbiwkzoavoo3dsps.png HTTP/1.1" 304 790 "https://www.mses.ilc.edu.tw/" "Mozilla/5.0 (Windows NT 10.0; Win64; x64) AppleWebKit/537.36 (KHTML, like Gecko) Chrome/151.0.0.0 Safari/537.36"
2407:4b00:4c06:497:9ad5:e716:584c:fbb1 - - [17/Aug/2026:18:09:01 +0800] "GET /wp-content/uploads/sites/2550/elementor/thumbs/Cool-English%E5%8F%A3%E8%AA%AA%E5%AD%B8%E8%8B%B1%E6%96%87-rndk1gy9y7yn2p8rf0yfkvomm2hdtbr4z9nstvoy3k.png HTTP/1.1" 304 790 "https://www.mses.ilc.edu.tw/" "Mozilla/5.0 (Windows NT 10.0; Win64; x64) AppleWebKit/537.36 (KHTML, like Gecko) Chrome/151.0.0.0 Safari/537.36"
2407:4b00:4c06:497:9ad5:e716:584c:fbb1 - - [17/Aug/2026:18:09:01 +0800] "GET /wp-content/uploads/sites/2550/elementor/thumbs/400%E5%96%AE%E5%AD%97%E7%8E%8B-30%E9%A1%8C-rndk1s8c88e2y0sdl5tyesu5qoxsdozx0thml7880w.png HTTP/1.1" 304 1129 "https://www.mses.ilc.edu.tw/" "Mozilla/5.0 (Windows NT 10.0; Win64; x64) AppleWebKit/537.36 (KHTML, like Gecko) Chrome/151.0.0.0 Safari/537.36"
2407:4b00:4c06:497:9ad5:e716:584c:fbb1 - - [17/Aug/2026:18:09:01 +0800] "GET /wp-content/uploads/sites/2550/elementor/thumbs/114%E5%AD%B8%E5%B9%B4%E6%A0%A1%E5%85%A7%E8%AA%9E%E6%96%87%E7%AB%B6%E8%B3%BD%E6%88%90%E7%B8%BE-%E4%BA%94%E5%B9%B4%E7%B4%9A%E7%B5%84-rndk2dumlf7od1wz2x6di5drejz8aqdqrshsmkc61s.png HTTP/1.1" 304 790 "https://www.mses.ilc.edu.tw/" "Mozilla/5.0 (Windows NT 10.0; Win64; x64) AppleWebKit/537.36 (KHTML, like Gecko) Chrome/151.0.0.0 Safari/537.36"
2407:4b00:4c06:497:9ad5:e716:584c:fbb1 - - [17/Aug/2026:18:09:01 +0800] "GET /wp-content/uploads/sites/2550/elementor/thumbs/115%E5%B9%B4%E5%AE%9C%E8%98%AD%E7%B8%A3%E4%B8%BB%E5%A7%94%E7%9B%83%E7%9F%AD%E6%B0%B4%E9%81%93%E6%B8%B8%E6%B3%B3%E9%8C%A6%E6%A8%99%E8%B3%BD--rndk1wxj6ekik2ljtpv399ngpmamg6ikpgr1zl195s.png HTTP/1.1" 304 790 "https://www.mses.ilc.edu.tw/" "Mozilla/5.0 (Windows NT 10.0; Win64; x64) AppleWebKit/537.36 (KHTML, like Gecko) Chrome/151.0.0.0 Safari/537.36"
2407:4b00:4c06:497:9ad5:e716:584c:fbb1 - - [17/Aug/2026:18:09:02 +0800] "GET /wp-content/uploads/sites/2550/elementor/thumbs/2024%E5%B0%8F%E6%94%9D%E5%BD%B1%E5%B8%AB%E7%9A%84%E4%B8%89%E5%80%8B%E5%A4%A7%E5%A4%A2-qxngkx5feoiejck2g39gbcsfsssyedd6n3kw76nzj4.jpg HTTP/1.1" 304 790 "https://www.mses.ilc.edu.tw/" "Mozilla/5.0 (Windows NT 10.0; Win64; x64) AppleWebKit/537.36 (KHTML, like Gecko) Chrome/151.0.0.0 Safari/537.36"
2407:4b00:4c06:497:9ad5:e716:584c:fbb1 - - [17/Aug/2026:18:09:02 +0800] "GET /wp-content/uploads/sites/2550/elementor/thumbs/-qxngky39lijouyipalo2vujwe6obm2gwz88dogmlcw.jpg HTTP/1.1" 304 790 "https://www.mses.ilc.edu.tw/" "Mozilla/5.0 (Windows NT 10.0; Win64; x64) AppleWebKit/537.36 (KHTML, like Gecko) Chrome/151.0.0.0 Safari/537.36"
2001:b400:e255:2286:11d1:5d83:53d1:ffe9 - - [17/Aug/2026:18:09:02 +0800] "GET /wp-content/uploads/sites/1482/2025/08/5-1024x724.png HTTP/1.1" 200 276868 "https://www.chjh.ilc.edu.tw/" "Mozilla/5.0 (X11; Linux x86_64) AppleWebKit/537.36 (KHTML, like Gecko) Chrome/150.0.0.0 Safari/537.36"
2001:b400:e255:2286:11d1:5d83:53d1:ffe9 - - [17/Aug/2026:18:09:02 +0800] "GET /wp-content/uploads/sites/1482/2025/08/4-1024x724.png HTTP/1.1" 200 273492 "https://www.chjh.ilc.edu.tw/" "Mozilla/5.0 (X11; Linux x86_64) AppleWebKit/537.36 (KHTML, like Gecko) Chrome/150.0.0.0 Safari/537.36"
2001:b400:e255:2286:11d1:5d83:53d1:ffe9 - - [17/Aug/2026:18:09:02 +0800] "GET /wp-content/uploads/sites/1482/2025/05/4_3-1024x724.png HTTP/1.1" 200 396610 "https://www.chjh.ilc.edu.tw/" "Mozilla/5.0 (X11; Linux x86_64) AppleWebKit/537.36 (KHTML, like Gecko) Chrome/150.0.0.0 Safari/537.36"
2001:b400:e255:2286:11d1:5d83:53d1:ffe9 - - [17/Aug/2026:18:09:02 +0800] "GET /wp-content/uploads/sites/1482/2025/05/25-1024x724.png HTTP/1.1" 200 399654 "https://www.chjh.ilc.edu.tw/" "Mozilla/5.0 (X11; Linux x86_64) AppleWebKit/537.36 (KHTML, like Gecko) Chrome/150.0.0.0 Safari/537.36"
2001:b400:e255:2286:11d1:5d83:53d1:ffe9 - - [17/Aug/2026:18:09:02 +0800] "GET /wp-content/uploads/sites/1482/2025/04/113%E5%AD%B8%E5%B9%B4%E7%B0%A1%E5%A0%B1%E9%81%94%E4%BA%BA%E5%85%AC%E5%91%8A.png HTTP/1.1" 200 255245 "https://www.chjh.ilc.edu.tw/" "Mozilla/5.0 (X11; Linux x86_64) AppleWebKit/537.36 (KHTML, like Gecko) Chrome/150.0.0.0 Safari/537.36"
2001:b400:e255:2286:11d1:5d83:53d1:ffe9 - - [17/Aug/2026:18:09:02 +0800] "GET /wp-content/uploads/sites/1482/2025/04/34-1024x724.png HTTP/1.1" 200 626196 "https://www.chjh.ilc.edu.tw/" "Mozilla/5.0 (X11; Linux x86_64) AppleWebKit/537.36 (KHTML, like Gecko) Chrome/150.0.0.0 Safari/537.36"
2001:b400:e255:2286:11d1:5d83:53d1:ffe9 - - [17/Aug/2026:18:09:03 +0800] "GET /wp-content/uploads/sites/1482/2025/04/4_2-1024x724.png HTTP/1.1" 200 622434 "https://www.chjh.ilc.edu.tw/" "Mozilla/5.0 (X11; Linux x86_64) AppleWebKit/537.36 (KHTML, like Gecko) Chrome/150.0.0.0 Safari/537.36"
2001:b400:e255:2286:11d1:5d83:53d1:ffe9 - - [17/Aug/2026:18:09:03 +0800] "GET /wp-content/uploads/sites/1482/2025/04/911%E4%BD%B3%E4%BD%9C-1024x724.jpg HTTP/1.1" 200 134650 "https://www.chjh.ilc.edu.tw/" "Mozilla/5.0 (X11; Linux x86_64) AppleWebKit/537.36 (KHTML, like Gecko) Chrome/150.0.0.0 Safari/537.36"
2001:b400:e255:2286:11d1:5d83:53d1:ffe9 - - [17/Aug/2026:18:09:03 +0800] "GET /wp-content/uploads/sites/1482/2025/04/Yellow-Black-and-White-Modern-Congratulations-A4-1024x724.png HTTP/1.1" 200 313832 "https://www.chjh.ilc.edu.tw/" "Mozilla/5.0 (X11; Linux x86_64) AppleWebKit/537.36 (KHTML, like Gecko) Chrome/150.0.0.0 Safari/537.36"
2001:b400:e255:2286:11d1:5d83:53d1:ffe9 - - [17/Aug/2026:18:09:03 +0800] "GET /wp-content/uploads/sites/1482/2025/04/13-1024x724.png HTTP/1.1" 200 586132 "https://www.chjh.ilc.edu.tw/" "Mozilla/5.0 (X11; Linux x86_64) AppleWebKit/537.36 (KHTML, like Gecko) Chrome/150.0.0.0 Safari/537.36"
2001:b400:e255:2286:11d1:5d83:53d1:ffe9 - - [17/Aug/2026:18:09:02 +0800] "GET /wp-content/uploads/sites/1482/2025/05/35-1-1024x724.png HTTP/1.1" 200 395898 "https://www.chjh.ilc.edu.tw/" "Mozilla/5.0 (X11; Linux x86_64) AppleWebKit/537.36 (KHTML, like Gecko) Chrome/150.0.0.0 Safari/537.36"
2001:b400:e255:2286:11d1:5d83:53d1:ffe9 - - [17/Aug/2026:18:09:03 +0800] "GET /wp-content/uploads/sites/1482/2025/04/24-1024x724.png HTTP/1.1" 200 635836 "https://www.chjh.ilc.edu.tw/" "Mozilla/5.0 (X11; Linux x86_64) AppleWebKit/537.36 (KHTML, like Gecko) Chrome/150.0.0.0 Safari/537.36"
2001:b400:e255:2286:11d1:5d83:53d1:ffe9 - - [17/Aug/2026:18:09:04 +0800] "GET /wp-content/uploads/sites/1482/2025/03/12-1024x724.png HTTP/1.1" 200 569352 "https://www.chjh.ilc.edu.tw/" "Mozilla/5.0 (X11; Linux x86_64) AppleWebKit/537.36 (KHTML, like Gecko) Chrome/150.0.0.0 Safari/537.36"
2001:b400:e255:2286:11d1:5d83:53d1:ffe9 - - [17/Aug/2026:18:09:04 +0800] "GET /wp-content/uploads/sites/1482/2025/03/33-1024x724.png HTTP/1.1" 200 549165 "https://www.chjh.ilc.edu.tw/" "Mozilla/5.0 (X11; Linux x86_64) AppleWebKit/537.36 (KHTML, like Gecko) Chrome/150.0.0.0 Safari/537.36"
2001:b400:e255:2286:11d1:5d83:53d1:ffe9 - - [17/Aug/2026:18:09:04 +0800] "GET /wp-content/uploads/sites/1482/2025/03/23-1024x724.png HTTP/1.1" 200 548809 "https://www.chjh.ilc.edu.tw/" "Mozilla/5.0 (X11; Linux x86_64) AppleWebKit/537.36 (KHTML, like Gecko) Chrome/150.0.0.0 Safari/537.36"
2001:b400:e255:2286:11d1:5d83:53d1:ffe9 - - [17/Aug/2026:18:09:05 +0800] "GET /wp-content/uploads/sites/1482/2025/02/%E6%9E%97%E7%87%88%E7%9B%83%E7%A7%91%E5%AD%B8%E7%AB%B6%E8%B3%BD-1024x683.png HTTP/1.1" 200 323756 "https://www.chjh.ilc.edu.tw/" "Mozilla/5.0 (X11; Linux x86_64) AppleWebKit/537.36 (KHTML, like Gecko) Chrome/150.0.0.0 Safari/537.36"
140.111.67.10 - - [17/Aug/2026:18:09:05 +0800] "GET /" 301 273 "-" "-"
2001:b400:e255:2286:11d1:5d83:53d1:ffe9 - - [17/Aug/2026:18:09:05 +0800] "GET /wp-content/uploads/sites/1482/2025/02/Blue-and-White-Simple-Congratulations-Card-3-1024x683.png HTTP/1.1" 200 281534 "https://www.chjh.ilc.edu.tw/" "Mozilla/5.0 (X11; Linux x86_64) AppleWebKit/537.36 (KHTML, like Gecko) Chrome/150.0.0.0 Safari/537.36"
2001:288:a201::66:125 - - [17/Aug/2026:18:09:05 +0800] "GET /blog/active.php HTTP/1.1" 404 1084 "-" "-"
2001:288:a201::66:125 - - [17/Aug/2026:18:09:05 +0800] "GET /blog/active.php HTTP/1.1" 301 1026 "-" "-"
66.249.68.200 - - [17/Aug/2026:18:09:05 +0800] "GET /wp-content/uploads/sites/2115/6444/6444-578517.doc HTTP/1.1" 200 67676 "-" "Mozilla/5.0 (Linux; Android 6.0.1; Nexus 5X Build/MMB29P) AppleWebKit/537.36 (KHTML, like Gecko) Chrome/150.0.7871.186 Mobile Safari/537.36 (compatible; Googlebot/2.1; +http://www.google.com/bot.html)"
::1 - - [17/Aug/2026:18:09:05 +0800] "OPTIONS * HTTP/1.0" 200 110 "-" "Apache/2.4.68 (Ubuntu) OpenSSL/3.0.19 (internal dummy connection)"
2001:b400:e255:2286:11d1:5d83:53d1:ffe9 - - [17/Aug/2026:18:09:06 +0800] "GET /wp-content/uploads/sites/1482/2025/02/%E5%9C%8B%E4%B8%ADScratch%E7%94%9F%E6%B4%BB%E6%87%89%E7%94%A8%E7%B5%84.png HTTP/1.1" 200 475327 "https://www.chjh.ilc.edu.tw/" "Mozilla/5.0 (X11; Linux x86_64) AppleWebKit/537.36 (KHTML, like Gecko) Chrome/150.0.0.0 Safari/537.36"
2001:b400:e255:2286:11d1:5d83:53d1:ffe9 - - [17/Aug/2026:18:09:06 +0800] "GET /wp-content/uploads/sites/1482/2025/02/%E5%9C%8B%E4%B8%ADAPP%E6%95%B8%E7%90%86%E8%A7%A3%E9%A1%8C%E7%B5%84.png HTTP/1.1" 200 432973 "https://www.chjh.ilc.edu.tw/" "Mozilla/5.0 (X11; Linux x86_64) AppleWebKit/537.36 (KHTML, like Gecko) Chrome/150.0.0.0 Safari/537.36"
2407:4b00:4c09:8649:35da:df56:4853:a541 - - [17/Aug/2026:18:09:06 +0800] "GET /wp-content/uploads/sites/1365/2020/02/25942-20113031111-150x150.jpg HTTP/1.1" 200 14063 "https://www.dyes.ilc.edu.tw/" "Mozilla/5.0 (iPhone; CPU iPhone OS 18_6_2 like Mac OS X) AppleWebKit/605.1.15 (KHTML, like Gecko) Version/18.6 Mobile/15E148 Safari/604.1"
2407:4b00:4c09:8649:35da:df56:4853:a541 - - [17/Aug/2026:18:09:06 +0800] "GET /wp-content/uploads/sites/1365/2020/02/25942-20113031111-150x150.jpg HTTP/1.1" 200 14063 "-" "NetworkingExtension/8621.3.11.10.3 Network/4277.140.33 iOS/18.6.2"
2407:4b00:4c09:8649:35da:df56:4853:a541 - - [17/Aug/2026:18:09:06 +0800] "GET /wp-content/uploads/sites/1365/2020/02/25942-20113031111-300x300.jpg HTTP/1.1" 200 27312 "https://www.dyes.ilc.edu.tw/" "Mozilla/5.0 (iPhone; CPU iPhone OS 18_6_2 like Mac OS X) AppleWebKit/605.1.15 (KHTML, like Gecko) Version/18.6 Mobile/15E148 Safari/604.1"
2407:4b00:4c09:8649:35da:df56:4853:a541 - - [17/Aug/2026:18:09:06 +0800] "GET /wp-content/uploads/sites/1365/2026/06/image_3988829208634644820-2-212x300.jpg HTTP/1.1" 200 28713 "-" "NetworkingExtension/8621.3.11.10.3 Network/4277.140.33 iOS/18.6.2"
2407:4b00:4c09:8649:35da:df56:4853:a541 - - [17/Aug/2026:18:09:06 +0800] "GET /wp-content/uploads/sites/1365/2020/02/25942-20113031111-300x300.jpg HTTP/1.1" 200 22510 "-" "NetworkingExtension/8621.3.11.10.3 Network/4277.140.33 iOS/18.6.2"
2407:4b00:4c09:8649:35da:df56:4853:a541 - - [17/Aug/2026:18:09:06 +0800] "GET /favicon.ico HTTP/1.1" 302 5862 "-" "NetworkingExtension/8621.3.11.10.3 Network/4277.140.33 iOS/18.6.2"
2407:4b00:4c09:8649:35da:df56:4853:a541 - - [17/Aug/2026:18:09:06 +0800] "GET /wp-content/uploads/sites/1365/2020/02/25942-20113031111-300x300.jpg HTTP/1.1" 200 22510 "-" "NetworkingExtension/8621.3.11.10.3 Network/4277.140.33 iOS/18.6.2"
2407:4b00:4c09:8649:35da:df56:4853:a541 - - [17/Aug/2026:18:09:06 +0800] "GET /wp-content/uploads/sites/1365/2020/02/25942-20113031111-150x150.jpg HTTP/1.1" 200 9261 "-" "NetworkingExtension/8621.3.11.10.3 Network/4277.140.33 iOS/18.6.2"
2407:4b00:4c09:8649:35da:df56:4853:a541 - - [17/Aug/2026:18:09:06 +0800] "GET /apple-touch-icon-120x120-precomposed.png HTTP/1.1" 404 83286 "-" "Mozilla/5.0 (iPhone; CPU iPhone OS 18_6_2 like Mac OS X) AppleWebKit/605.1.15 (KHTML, like Gecko) Safari"
2001:b400:e255:2286:11d1:5d83:53d1:ffe9 - - [17/Aug/2026:18:09:06 +0800] "GET /wp-content/uploads/sites/1482/2025/02/%E5%9C%8B%E4%B8%AD%E6%A9%9F%E6%A7%8B%E7%B5%90%E6%A7%8B%E7%B5%84.png HTTP/1.1" 200 412516 "https://www.chjh.ilc.edu.tw/" "Mozilla/5.0 (X11; Linux x86_64) AppleWebKit/537.36 (KHTML, like Gecko) Chrome/150.0.0.0 Safari/537.36"
2407:4b00:4c09:8649:35da:df56:4853:a541 - - [17/Aug/2026:18:09:06 +0800] "GET /wp-content/uploads/sites/1365/2023/03/%E6%A9%AB%E5%B9%85-3-scaled.jpg HTTP/1.1" 200 667582 "-" "NetworkingExtension/8621.3.11.10.3 Network/4277.140.33 iOS/18.6.2"
2407:4b00:4c09:8649:35da:df56:4853:a541 - - [17/Aug/2026:18:09:06 +0800] "GET /apple-touch-icon-precomposed.png HTTP/1.1" 404 83287 "-" "NetworkingExtension/8621.3.11.10.3 Network/4277.140.33 iOS/18.6.2"
2407:4b00:4c09:8649:35da:df56:4853:a541 - - [17/Aug/2026:18:09:06 +0800] "GET /apple-touch-icon.png HTTP/1.1" 404 83287 "-" "NetworkingExtension/8621.3.11.10.3 Network/4277.140.33 iOS/18.6.2"
2407:4b00:4c09:8649:35da:df56:4853:a541 - - [17/Aug/2026:18:09:07 +0800] "GET /apple-touch-icon-120x120.png HTTP/1.1" 404 78355 "-" "Mozilla/5.0 (iPhone; CPU iPhone OS 18_6_2 like Mac OS X) AppleWebKit/605.1.15 (KHTML, like Gecko) Safari"
2001:b400:e255:2286:11d1:5d83:53d1:ffe9 - - [17/Aug/2026:18:09:07 +0800] "GET /wp-content/uploads/sites/1482/2024/12/Light-blue-playful-santas-nice-list-certificate-1024x724.png HTTP/1.1" 200 415738 "https://www.chjh.ilc.edu.tw/" "Mozilla/5.0 (X11; Linux x86_64) AppleWebKit/537.36 (KHTML, like Gecko) Chrome/150.0.0.0 Safari/537.36"
66.249.68.200 - - [17/Aug/2026:18:09:07 +0800] "GET /6460/wp-content/cache/2blog.ilc.edu.tw/wpfc-minified/2e1i6h85/9qijs.css HTTP/1.1" 200 40886 "https://2blog.ilc.edu.tw/6460/2012/11/20/" "Mozilla/5.0 (Linux; Android 6.0.1; Nexus 5X Build/MMB29P) AppleWebKit/537.36 (KHTML, like Gecko) Chrome/150.0.7871.186 Mobile Safari/537.36 (compatible; Googlebot/2.1; +http://www.google.com/bot.html)"
2407:4b00:4c09:8649:35da:df56:4853:a541 - - [17/Aug/2026:18:09:07 +0800] "GET /wp-content/uploads/sites/1365/2020/02/25942-20113031111-300x300.jpg HTTP/1.1" 200 22510 "-" "Mozilla/5.0 (iPhone; CPU iPhone OS 18_6_2 like Mac OS X) AppleWebKit/605.1.15 (KHTML, like Gecko) Safari"
2001:b400:e255:2286:11d1:5d83:53d1:ffe9 - - [17/Aug/2026:18:09:07 +0800] "GET /wp-content/uploads/sites/1482/2024/12/21-1024x647.png HTTP/1.1" 200 347177 "https://www.chjh.ilc.edu.tw/" "Mozilla/5.0 (X11; Linux x86_64) AppleWebKit/537.36 (KHTML, like Gecko) Chrome/150.0.0.0 Safari/537.36"
2001:b400:e255:2286:11d1:5d83:53d1:ffe9 - - [17/Aug/2026:18:09:07 +0800] "GET /wp-content/uploads/sites/1482/2024/12/31-1024x647.png HTTP/1.1" 200 328814 "https://www.chjh.ilc.edu.tw/" "Mozilla/5.0 (X11; Linux x86_64) AppleWebKit/537.36 (KHTML, like Gecko) Chrome/150.0.0.0 Safari/537.36"
2001:b400:e255:2286:11d1:5d83:53d1:ffe9 - - [17/Aug/2026:18:09:07 +0800] "GET /wp-content/uploads/sites/1482/2024/12/11-1024x647.png HTTP/1.1" 200 352051 "https://www.chjh.ilc.edu.tw/" "Mozilla/5.0 (X11; Linux x86_64) AppleWebKit/537.36 (KHTML, like Gecko) Chrome/150.0.0.0 Safari/537.36"
2001:b400:e255:2286:11d1:5d83:53d1:ffe9 - - [17/Aug/2026:18:09:07 +0800] "GET /wp-content/uploads/sites/1482/2024/12/4_1-1024x647.png HTTP/1.1" 200 309706 "https://www.chjh.ilc.edu.tw/" "Mozilla/5.0 (X11; Linux x86_64) AppleWebKit/537.36 (KHTML, like Gecko) Chrome/150.0.0.0 Safari/537.36"
2001:b400:e255:2286:11d1:5d83:53d1:ffe9 - - [17/Aug/2026:18:09:07 +0800] "GET /wp-content/uploads/sites/1482/2024/11/messageImage_1732610199011-1024x576.jpg HTTP/1.1" 200 160539 "https://www.chjh.ilc.edu.tw/" "Mozilla/5.0 (X11; Linux x86_64) AppleWebKit/537.36 (KHTML, like Gecko) Chrome/150.0.0.0 Safari/537.36"
2001:b011:7803:1774:eff6:c812:6c3c:e675 - - [17/Aug/2026:18:09:07 +0800] "-" 408 339 "-" "-"
2001:b011:7803:1774:eff6:c812:6c3c:e675 - - [17/Aug/2026:18:09:07 +0800] "-" 408 339 "-" "-"
2001:b400:e255:2286:11d1:5d83:53d1:ffe9 - - [17/Aug/2026:18:09:08 +0800] "GET /wp-content/uploads/sites/1482/2024/11/messageImage_1732607904017-1024x578.jpg HTTP/1.1" 200 107824 "https://www.chjh.ilc.edu.tw/" "Mozilla/5.0 (X11; Linux x86_64) AppleWebKit/537.36 (KHTML, like Gecko) Chrome/150.0.0.0 Safari/537.36"
66.249.71.64 - - [17/Aug/2026:18:09:08 +0800] "GET /6460/wp-content/cache/2blog.ilc.edu.tw/wpfc-minified/6lryfrji/9qijs.js HTTP/1.1" 200 40345 "https://2blog.ilc.edu.tw/6460/2012/11/20/" "Mozilla/5.0 (Linux; Android 6.0.1; Nexus 5X Build/MMB29P) AppleWebKit/537.36 (KHTML, like Gecko) Chrome/150.0.7871.186 Mobile Safari/537.36 (compatible; Googlebot/2.1; +http://www.google.com/bot.html)"
2001:b400:e255:2286:11d1:5d83:53d1:ffe9 - - [17/Aug/2026:18:09:05 +0800] "GET /wp-content/uploads/sites/1482/2024/12/Blue-and-Gold-Simple-Congratulations-Instagram-Post-1.png HTTP/1.1" 200 440214 "https://www.chjh.ilc.edu.tw/" "Mozilla/5.0 (X11; Linux x86_64) AppleWebKit/537.36 (KHTML, like Gecko) Chrome/150.0.0.0 Safari/537.36"
66.249.68.200 - - [17/Aug/2026:18:09:09 +0800] "GET /6460/wp-content/cache/2blog.ilc.edu.tw/wpfc-minified/f5sbemse/9qijh.css HTTP/1.1" 200 53636 "https://2blog.ilc.edu.tw/6460/2012/11/20/" "Mozilla/5.0 (Linux; Android 6.0.1; Nexus 5X Build/MMB29P) AppleWebKit/537.36 (KHTML, like Gecko) Chrome/150.0.7871.186 Mobile Safari/537.36 (compatible; Googlebot/2.1; +http://www.google.com/bot.html)"
140.111.67.10 - - [17/Aug/2026:18:09:10 +0800] "GET /" 301 273 "-" "-"
66.249.68.200 - - [17/Aug/2026:18:09:10 +0800] "GET /6460/wp-content/cache/2blog.ilc.edu.tw/wpfc-minified/lz3t1z52/9qijh.css HTTP/1.1" 200 1157 "https://2blog.ilc.edu.tw/6460/2012/11/20/" "Mozilla/5.0 (Linux; Android 6.0.1; Nexus 5X Build/MMB29P) AppleWebKit/537.36 (KHTML, like Gecko) Chrome/150.0.7871.186 Mobile Safari/537.36 (compatible; Googlebot/2.1; +http://www.google.com/bot.html)"
2001:288:a201::66:125 - - [17/Aug/2026:18:09:10 +0800] "GET /blog/active.php HTTP/1.1" 301 1026 "-" "-"
2001:288:a201::66:125 - - [17/Aug/2026:18:09:10 +0800] "GET /blog/active.php HTTP/1.1" 404 1084 "-" "-"
::1 - - [17/Aug/2026:18:09:10 +0800] "OPTIONS * HTTP/1.0" 200 110 "-" "Apache/2.4.68 (Ubuntu) OpenSSL/3.0.19 (internal dummy connection)"
66.249.71.64 - - [17/Aug/2026:18:09:11 +0800] "GET /6460/wp-content/themes/oceanwp/assets/js/drop-down-mobile-menu.min.js HTTP/1.1" 200 4663 "https://2blog.ilc.edu.tw/6460/2012/11/20/" "Mozilla/5.0 (Linux; Android 6.0.1; Nexus 5X Build/MMB29P) AppleWebKit/537.36 (KHTML, like Gecko) Chrome/150.0.7871.186 Mobile Safari/537.36 (compatible; Googlebot/2.1; +http://www.google.com/bot.html)"
::1 - - [17/Aug/2026:18:09:11 +0800] "OPTIONS * HTTP/1.0" 200 110 "-" "Apache/2.4.68 (Ubuntu) OpenSSL/3.0.19 (internal dummy connection)"
66.249.73.131 - - [17/Aug/2026:18:09:12 +0800] "GET /6460/wp-content/themes/oceanwp/assets/js/scroll-effect.min.js HTTP/1.1" 200 8908 "https://2blog.ilc.edu.tw/6460/2012/11/20/" "Mozilla/5.0 (Linux; Android 6.0.1; Nexus 5X Build/MMB29P) AppleWebKit/537.36 (KHTML, like Gecko) Chrome/150.0.7871.186 Mobile Safari/537.36 (compatible; Googlebot/2.1; +http://www.google.com/bot.html)"
::1 - - [17/Aug/2026:18:09:12 +0800] "OPTIONS * HTTP/1.0" 200 110 "-" "Apache/2.4.68 (Ubuntu) OpenSSL/3.0.19 (internal dummy connection)"
66.249.68.200 - - [17/Aug/2026:18:09:12 +0800] "GET /wp-content/uploads/sites/1962/4719/4719-829327.doc HTTP/1.1" 200 114250 "-" "Mozilla/5.0 (Linux; Android 6.0.1; Nexus 5X Build/MMB29P) AppleWebKit/537.36 (KHTML, like Gecko) Chrome/150.0.7871.186 Mobile Safari/537.36 (compatible; Googlebot/2.1; +http://www.google.com/bot.html)"
::1 - - [17/Aug/2026:18:09:13 +0800] "OPTIONS * HTTP/1.0" 200 110 "-" "Apache/2.4.68 (Ubuntu) OpenSSL/3.0.19 (internal dummy connection)"
::1 - - [17/Aug/2026:18:09:14 +0800] "OPTIONS * HTTP/1.0" 200 110 "-" "Apache/2.4.68 (Ubuntu) OpenSSL/3.0.19 (internal dummy connection)"
140.111.67.10 - - [17/Aug/2026:18:09:15 +0800] "GET /" 301 273 "-" "-"
66.249.68.133 - - [17/Aug/2026:18:09:13 +0800] "GET /wp-login.php?action=ilc_logout&_wpnonce=43754d0aad&redirect_to=https:/kaspiyskinvest.ru/join/79548/ HTTP/1.1" 302 3443 "-" "Mozilla/5.0 (Linux; Android 6.0.1; Nexus 5X Build/MMB29P) AppleWebKit/537.36 (KHTML, like Gecko) Chrome/150.0.7871.186 Mobile Safari/537.36 (compatible; Googlebot/2.1; +http://www.google.com/bot.html)"
2001:288:a201::66:125 - - [17/Aug/2026:18:09:15 +0800] "GET /blog/active.php HTTP/1.1" 301 1026 "-" "-"
2001:288:a201::66:125 - - [17/Aug/2026:18:09:15 +0800] "GET /blog/active.php HTTP/1.1" 404 1084 "-" "-"
::1 - - [17/Aug/2026:18:09:15 +0800] "OPTIONS * HTTP/1.0" 200 110 "-" "Apache/2.4.68 (Ubuntu) OpenSSL/3.0.19 (internal dummy connection)"
::1 - - [17/Aug/2026:18:09:16 +0800] "OPTIONS * HTTP/1.0" 200 110 "-" "Apache/2.4.68 (Ubuntu) OpenSSL/3.0.19 (internal dummy connection)"
66.249.71.165 - - [17/Aug/2026:18:09:15 +0800] "GET /wp-login.php?action=ilc_logout&_wpnonce=43754d0aad&redirect_to=http://durianshop.ru/job/38796/ HTTP/1.1" 302 3438 "-" "Mozilla/5.0 (Linux; Android 6.0.1; Nexus 5X Build/MMB29P) AppleWebKit/537.36 (KHTML, like Gecko) Chrome/150.0.7871.186 Mobile Safari/537.36 (compatible; GoogleOther)"
::1 - - [17/Aug/2026:18:09:17 +0800] "OPTIONS * HTTP/1.0" 200 110 "-" "Apache/2.4.68 (Ubuntu) OpenSSL/3.0.19 (internal dummy connection)"
::1 - - [17/Aug/2026:18:09:18 +0800] "OPTIONS * HTTP/1.0" 200 110 "-" "Apache/2.4.68 (Ubuntu) OpenSSL/3.0.19 (internal dummy connection)"
2001:b400:e257:cafb:f966:6c7:4ba8:e959 - - [17/Aug/2026:18:09:19 +0800] "GET /34/wp-content/uploads/sites/1206/elementor/css/post-3102.css HTTP/1.1" 200 6057 "https://2blog.ilc.edu.tw/34/%e7%a0%94%e7%99%bc%e6%88%90%e6%9e%9c/" "Mozilla/5.0 (iPhone; CPU iPhone OS 18_2 like Mac OS X) AppleWebKit/605.1.15 (KHTML, like Gecko) Mobile/15E148 Safari Line/26.11.0"
2001:b400:e257:cafb:f966:6c7:4ba8:e959 - - [17/Aug/2026:18:09:19 +0800] "GET /34/wp-content/cache/2blog.ilc.edu.tw/wpfc-minified/1z7zitft/5wp3t.css HTTP/1.1" 200 45679 "https://2blog.ilc.edu.tw/34/%e7%a0%94%e7%99%bc%e6%88%90%e6%9e%9c/" "Mozilla/5.0 (iPhone; CPU iPhone OS 18_2 like Mac OS X) AppleWebKit/605.1.15 (KHTML, like Gecko) Mobile/15E148 Safari Line/26.11.0"
2001:b400:e257:cafb:f966:6c7:4ba8:e959 - - [17/Aug/2026:18:09:19 +0800] "GET /34/wp-content/cache/2blog.ilc.edu.tw/wpfc-minified/qgp41ba0/5wp3t.css HTTP/1.1" 200 23334 "https://2blog.ilc.edu.tw/34/%e7%a0%94%e7%99%bc%e6%88%90%e6%9e%9c/" "Mozilla/5.0 (iPhone; CPU iPhone OS 18_2 like Mac OS X) AppleWebKit/605.1.15 (KHTML, like Gecko) Mobile/15E148 Safari Line/26.11.0"
2001:b400:e257:cafb:f966:6c7:4ba8:e959 - - [17/Aug/2026:18:09:19 +0800] "GET /34/wp-content/cache/2blog.ilc.edu.tw/wpfc-minified/f2sabtcd/5wp3t.css HTTP/1.1" 200 5953 "https://2blog.ilc.edu.tw/34/%e7%a0%94%e7%99%bc%e6%88%90%e6%9e%9c/" "Mozilla/5.0 (iPhone; CPU iPhone OS 18_2 like Mac OS X) AppleWebKit/605.1.15 (KHTML, like Gecko) Mobile/15E148 Safari Line/26.11.0"
2001:b400:e257:cafb:f966:6c7:4ba8:e959 - - [17/Aug/2026:18:09:19 +0800] "GET /34/wp-content/cache/2blog.ilc.edu.tw/wpfc-minified/l1fs4g01/5x4uc.css HTTP/1.1" 200 50087 "https://2blog.ilc.edu.tw/34/%e7%a0%94%e7%99%bc%e6%88%90%e6%9e%9c/" "Mozilla/5.0 (iPhone; CPU iPhone OS 18_2 like Mac OS X) AppleWebKit/605.1.15 (KHTML, like Gecko) Mobile/15E148 Safari Line/26.11.0"
2001:b400:e257:cafb:f966:6c7:4ba8:e959 - - [17/Aug/2026:18:09:19 +0800] "GET /34/wp-content/uploads/sites/1206/elementor/css/post-2281.css HTTP/1.1" 200 1194 "https://2blog.ilc.edu.tw/34/%e7%a0%94%e7%99%bc%e6%88%90%e6%9e%9c/" "Mozilla/5.0 (iPhone; CPU iPhone OS 18_2 like Mac OS X) AppleWebKit/605.1.15 (KHTML, like Gecko) Mobile/15E148 Safari Line/26.11.0"
2001:b400:e257:cafb:f966:6c7:4ba8:e959 - - [17/Aug/2026:18:09:19 +0800] "GET /34/wp-content/cache/2blog.ilc.edu.tw/wpfc-minified/lkeh8pg4/5x4ub.css HTTP/1.1" 200 13960 "https://2blog.ilc.edu.tw/34/%e7%a0%94%e7%99%bc%e6%88%90%e6%9e%9c/" "Mozilla/5.0 (iPhone; CPU iPhone OS 18_2 like Mac OS X) AppleWebKit/605.1.15 (KHTML, like Gecko) Mobile/15E148 Safari Line/26.11.0"
2001:b400:e257:cafb:f966:6c7:4ba8:e959 - - [17/Aug/2026:18:09:19 +0800] "GET /34/wp-content/cache/2blog.ilc.edu.tw/wpfc-minified/8mnpy9j2/5x4ub.css HTTP/1.1" 200 1229 "https://2blog.ilc.edu.tw/34/%e7%a0%94%e7%99%bc%e6%88%90%e6%9e%9c/" "Mozilla/5.0 (iPhone; CPU iPhone OS 18_2 like Mac OS X) AppleWebKit/605.1.15 (KHTML, like Gecko) Mobile/15E148 Safari Line/26.11.0"
2001:b400:e257:cafb:f966:6c7:4ba8:e959 - - [17/Aug/2026:18:09:19 +0800] "GET /34/wp-content/cache/2blog.ilc.edu.tw/wpfc-minified/qx80afax/5wp3t.js HTTP/1.1" 200 35558 "https://2blog.ilc.edu.tw/34/%e7%a0%94%e7%99%bc%e6%88%90%e6%9e%9c/" "Mozilla/5.0 (iPhone; CPU iPhone OS 18_2 like Mac OS X) AppleWebKit/605.1.15 (KHTML, like Gecko) Mobile/15E148 Safari Line/26.11.0"
2001:b400:e257:cafb:f966:6c7:4ba8:e959 - - [17/Aug/2026:18:09:20 +0800] "GET /34/wp-includes/js/admin-bar.min.js HTTP/1.1" 200 2237 "https://2blog.ilc.edu.tw/34/%e7%a0%94%e7%99%bc%e6%88%90%e6%9e%9c/" "Mozilla/5.0 (iPhone; CPU iPhone OS 18_2 like Mac OS X) AppleWebKit/605.1.15 (KHTML, like Gecko) Mobile/15E148 Safari Line/26.11.0"
2001:b400:e257:cafb:f966:6c7:4ba8:e959 - - [17/Aug/2026:18:09:20 +0800] "GET /34/wp-includes/js/hoverintent-js.min.js HTTP/1.1" 200 1597 "https://2blog.ilc.edu.tw/34/%e7%a0%94%e7%99%bc%e6%88%90%e6%9e%9c/" "Mozilla/5.0 (iPhone; CPU iPhone OS 18_2 like Mac OS X) AppleWebKit/605.1.15 (KHTML, like Gecko) Mobile/15E148 Safari Line/26.11.0"
2001:b400:e257:cafb:f966:6c7:4ba8:e959 - - [17/Aug/2026:18:09:20 +0800] "GET /34/wp-includes/js/underscore.min.js HTTP/1.1" 200 8191 "https://2blog.ilc.edu.tw/34/%e7%a0%94%e7%99%bc%e6%88%90%e6%9e%9c/" "Mozilla/5.0 (iPhone; CPU iPhone OS 18_2 like Mac OS X) AppleWebKit/605.1.15 (KHTML, like Gecko) Mobile/15E148 Safari Line/26.11.0"
2001:b400:e257:cafb:f966:6c7:4ba8:e959 - - [17/Aug/2026:18:09:20 +0800] "GET /34/wp-content/themes/huemanilc/assets/front/js/scripts.min.js HTTP/1.1" 200 27001 "https://2blog.ilc.edu.tw/34/%e7%a0%94%e7%99%bc%e6%88%90%e6%9e%9c/" "Mozilla/5.0 (iPhone; CPU iPhone OS 18_2 like Mac OS X) AppleWebKit/605.1.15 (KHTML, like Gecko) Mobile/15E148 Safari Line/26.11.0"
140.111.67.10 - - [17/Aug/2026:18:09:20 +0800] "GET /" 301 273 "-" "-"
2001:b400:e257:cafb:f966:6c7:4ba8:e959 - - [17/Aug/2026:18:09:20 +0800] "GET /34/wp-content/plugins/elementor-pro/assets/js/webpack-pro.runtime.min.js HTTP/1.1" 200 3562 "https://2blog.ilc.edu.tw/34/%e7%a0%94%e7%99%bc%e6%88%90%e6%9e%9c/" "Mozilla/5.0 (iPhone; CPU iPhone OS 18_2 like Mac OS X) AppleWebKit/605.1.15 (KHTML, like Gecko) Mobile/15E148 Safari Line/26.11.0"
2001:b400:e257:cafb:f966:6c7:4ba8:e959 - - [17/Aug/2026:18:09:20 +0800] "GET /34/wp-content/plugins/elementor/assets/js/webpack.runtime.min.js HTTP/1.1" 200 3095 "https://2blog.ilc.edu.tw/34/%e7%a0%94%e7%99%bc%e6%88%90%e6%9e%9c/" "Mozilla/5.0 (iPhone; CPU iPhone OS 18_2 like Mac OS X) AppleWebKit/605.1.15 (KHTML, like Gecko) Mobile/15E148 Safari Line/26.11.0"
2001:b400:e257:cafb:f966:6c7:4ba8:e959 - - [17/Aug/2026:18:09:20 +0800] "GET /34/wp-content/plugins/elementor/assets/js/frontend-modules.min.js HTTP/1.1" 200 19416 "https://2blog.ilc.edu.tw/34/%e7%a0%94%e7%99%bc%e6%88%90%e6%9e%9c/" "Mozilla/5.0 (iPhone; CPU iPhone OS 18_2 like Mac OS X) AppleWebKit/605.1.15 (KHTML, like Gecko) Mobile/15E148 Safari Line/26.11.0"
2001:b400:e257:cafb:f966:6c7:4ba8:e959 - - [17/Aug/2026:18:09:20 +0800] "GET /34/wp-content/plugins/elementor-pro/assets/js/frontend.min.js HTTP/1.1" 200 7574 "https://2blog.ilc.edu.tw/34/%e7%a0%94%e7%99%bc%e6%88%90%e6%9e%9c/" "Mozilla/5.0 (iPhone; CPU iPhone OS 18_2 like Mac OS X) AppleWebKit/605.1.15 (KHTML, like Gecko) Mobile/15E148 Safari Line/26.11.0"
2001:b400:e257:cafb:f966:6c7:4ba8:e959 - - [17/Aug/2026:18:09:20 +0800] "GET /34/wp-content/plugins/elementor/assets/lib/waypoints/waypoints.min.js HTTP/1.1" 200 3873 "https://2blog.ilc.edu.tw/34/%e7%a0%94%e7%99%bc%e6%88%90%e6%9e%9c/" "Mozilla/5.0 (iPhone; CPU iPhone OS 18_2 like Mac OS X) AppleWebKit/605.1.15 (KHTML, like Gecko) Mobile/15E148 Safari Line/26.11.0"
2001:b400:e257:cafb:f966:6c7:4ba8:e959 - - [17/Aug/2026:18:09:20 +0800] "GET /34/wp-includes/js/jquery/ui/core.min.js HTTP/1.1" 200 7986 "https://2blog.ilc.edu.tw/34/%e7%a0%94%e7%99%bc%e6%88%90%e6%9e%9c/" "Mozilla/5.0 (iPhone; CPU iPhone OS 18_2 like Mac OS X) AppleWebKit/605.1.15 (KHTML, like Gecko) Mobile/15E148 Safari Line/26.11.0"
2001:b400:e257:cafb:f966:6c7:4ba8:e959 - - [17/Aug/2026:18:09:20 +0800] "GET /34/wp-includes/js/dist/i18n.min.js HTTP/1.1" 200 4547 "https://2blog.ilc.edu.tw/34/%e7%a0%94%e7%99%bc%e6%88%90%e6%9e%9c/" "Mozilla/5.0 (iPhone; CPU iPhone OS 18_2 like Mac OS X) AppleWebKit/605.1.15 (KHTML, like Gecko) Mobile/15E148 Safari Line/26.11.0"
2001:b400:e257:cafb:f966:6c7:4ba8:e959 - - [17/Aug/2026:18:09:20 +0800] "GET /34/wp-content/uploads/sites/1206/2024/06/messageImage_1717463006526.jpg HTTP/1.1" 200 69270 "https://2blog.ilc.edu.tw/34/%e7%a0%94%e7%99%bc%e6%88%90%e6%9e%9c/" "Mozilla/5.0 (iPhone; CPU iPhone OS 18_2 like Mac OS X) AppleWebKit/605.1.15 (KHTML, like Gecko) Mobile/15E148 Safari Line/26.11.0"
2001:b400:e257:cafb:f966:6c7:4ba8:e959 - - [17/Aug/2026:18:09:20 +0800] "GET /34/wp-content/plugins/elementor/assets/js/frontend.min.js HTTP/1.1" 200 13169 "https://2blog.ilc.edu.tw/34/%e7%a0%94%e7%99%bc%e6%88%90%e6%9e%9c/" "Mozilla/5.0 (iPhone; CPU iPhone OS 18_2 like Mac OS X) AppleWebKit/605.1.15 (KHTML, like Gecko) Mobile/15E148 Safari Line/26.11.0"
2001:b400:e257:cafb:f966:6c7:4ba8:e959 - - [17/Aug/2026:18:09:20 +0800] "GET /34/wp-content/plugins/elementor/assets/lib/font-awesome/webfonts/fa-solid-900.woff2 HTTP/1.1" 200 79223 "https://2blog.ilc.edu.tw/34/%e7%a0%94%e7%99%bc%e6%88%90%e6%9e%9c/" "Mozilla/5.0 (iPhone; CPU iPhone OS 18_2 like Mac OS X) AppleWebKit/605.1.15 (KHTML, like Gecko) Mobile/15E148 Safari Line/26.11.0"
2001:b400:e257:cafb:f966:6c7:4ba8:e959 - - [17/Aug/2026:18:09:20 +0800] "GET /34/wp-content/plugins/elementor/assets/lib/font-awesome/webfonts/fa-regular-400.woff2 HTTP/1.1" 200 14127 "https://2blog.ilc.edu.tw/34/%e7%a0%94%e7%99%bc%e6%88%90%e6%9e%9c/" "Mozilla/5.0 (iPhone; CPU iPhone OS 18_2 like Mac OS X) AppleWebKit/605.1.15 (KHTML, like Gecko) Mobile/15E148 Safari Line/26.11.0"
2001:b400:e257:cafb:f966:6c7:4ba8:e959 - - [17/Aug/2026:18:09:20 +0800] "GET /34/wp-content/plugins/elementor/assets/lib/eicons/fonts/eicons.woff2?5.30.0 HTTP/1.1" 200 98225 "https://2blog.ilc.edu.tw/34/%e7%a0%94%e7%99%bc%e6%88%90%e6%9e%9c/" "Mozilla/5.0 (iPhone; CPU iPhone OS 18_2 like Mac OS X) AppleWebKit/605.1.15 (KHTML, like Gecko) Mobile/15E148 Safari Line/26.11.0"
2001:b400:e257:cafb:f966:6c7:4ba8:e959 - - [17/Aug/2026:18:09:20 +0800] "GET /34/wp-content/plugins/elementor-pro/assets/js/share-buttons.08f4daf4a4285a8632b8.bundle.min.js HTTP/1.1" 200 1639 "https://2blog.ilc.edu.tw/34/%e7%a0%94%e7%99%bc%e6%88%90%e6%9e%9c/" "Mozilla/5.0 (iPhone; CPU iPhone OS 18_2 like Mac OS X) AppleWebKit/605.1.15 (KHTML, like Gecko) Mobile/15E148 Safari Line/26.11.0"
2001:b400:e257:cafb:f966:6c7:4ba8:e959 - - [17/Aug/2026:18:09:20 +0800] "GET /34/wp-content/plugins/elementor/assets/js/tabs.c2af5be7f9cb3cdcf3d5.bundle.min.js HTTP/1.1" 200 2263 "https://2blog.ilc.edu.tw/34/%e7%a0%94%e7%99%bc%e6%88%90%e6%9e%9c/" "Mozilla/5.0 (iPhone; CPU iPhone OS 18_2 like Mac OS X) AppleWebKit/605.1.15 (KHTML, like Gecko) Mobile/15E148 Safari Line/26.11.0"
2001:b400:e257:cafb:f966:6c7:4ba8:e959 - - [17/Aug/2026:18:09:20 +0800] "GET /34/wp-content/plugins/elementor/assets/js/text-editor.2c35aafbe5bf0e127950.bundle.min.js HTTP/1.1" 200 1545 "https://2blog.ilc.edu.tw/34/%e7%a0%94%e7%99%bc%e6%88%90%e6%9e%9c/" "Mozilla/5.0 (iPhone; CPU iPhone OS 18_2 like Mac OS X) AppleWebKit/605.1.15 (KHTML, like Gecko) Mobile/15E148 Safari Line/26.11.0"
2001:b400:e257:cafb:f966:6c7:4ba8:e959 - - [17/Aug/2026:18:09:20 +0800] "GET /34/wp-content/plugins/elementor/assets/js/toggle.31881477c45ff5cf9d4d.bundle.min.js HTTP/1.1" 200 2281 "https://2blog.ilc.edu.tw/34/%e7%a0%94%e7%99%bc%e6%88%90%e6%9e%9c/" "Mozilla/5.0 (iPhone; CPU iPhone OS 18_2 like Mac OS X) AppleWebKit/605.1.15 (KHTML, like Gecko) Mobile/15E148 Safari Line/26.11.0"
2001:b400:e257:cafb:f966:6c7:4ba8:e959 - - [17/Aug/2026:18:09:20 +0800] "GET /34/wp-content/themes/huemanilc/assets/front/webfonts/fa-regular-400.woff2?v=5.5.0 HTTP/1.1" 200 15695 "https://2blog.ilc.edu.tw/34/%e7%a0%94%e7%99%bc%e6%88%90%e6%9e%9c/" "Mozilla/5.0 (iPhone; CPU iPhone OS 18_2 like Mac OS X) AppleWebKit/605.1.15 (KHTML, like Gecko) Mobile/15E148 Safari Line/26.11.0"
2001:b400:e257:cafb:f966:6c7:4ba8:e959 - - [17/Aug/2026:18:09:20 +0800] "GET /34/wp-content/themes/huemanilc/assets/front/webfonts/fa-solid-900.woff2?v=5.5.0 HTTP/1.1" 200 74879 "https://2blog.ilc.edu.tw/34/%e7%a0%94%e7%99%bc%e6%88%90%e6%9e%9c/" "Mozilla/5.0 (iPhone; CPU iPhone OS 18_2 like Mac OS X) AppleWebKit/605.1.15 (KHTML, like Gecko) Mobile/15E148 Safari Line/26.11.0"
2001:b400:e257:cafb:f966:6c7:4ba8:e959 - - [17/Aug/2026:18:09:20 +0800] "GET /34/wp-content/plugins/elementor/assets/lib/share-link/share-link.min.js?ver=3.22.3 HTTP/1.1" 200 2049 "https://2blog.ilc.edu.tw/34/%e7%a0%94%e7%99%bc%e6%88%90%e6%9e%9c/" "Mozilla/5.0 (iPhone; CPU iPhone OS 18_2 like Mac OS X) AppleWebKit/605.1.15 (KHTML, like Gecko) Mobile/15E148 Safari Line/26.11.0"
2001:b400:e257:cafb:f966:6c7:4ba8:e959 - - [17/Aug/2026:18:09:20 +0800] "GET /34/wp-content/plugins/elementor/assets/js/image-carousel.4455c6362492d9067512.bundle.min.js HTTP/1.1" 200 1176 "https://2blog.ilc.edu.tw/34/%e7%a0%94%e7%99%bc%e6%88%90%e6%9e%9c/" "Mozilla/5.0 (iPhone; CPU iPhone OS 18_2 like Mac OS X) AppleWebKit/605.1.15 (KHTML, like Gecko) Mobile/15E148 Safari Line/26.11.0"
2001:b400:e257:cafb:f966:6c7:4ba8:e959 - - [17/Aug/2026:18:09:20 +0800] "GET /34/wp-content/uploads/sites/1206/2020/05/DOC150429-2-150x150.jpg HTTP/1.1" 200 6868 "https://2blog.ilc.edu.tw/34/%e7%a0%94%e7%99%bc%e6%88%90%e6%9e%9c/" "Mozilla/5.0 (iPhone; CPU iPhone OS 18_2 like Mac OS X) AppleWebKit/605.1.15 (KHTML, like Gecko) Mobile/15E148 Safari Line/26.11.0"
66.249.68.136 - - [17/Aug/2026:18:09:17 +0800] "GET /kaspiyskinvest.ru/join/79548/ HTTP/1.1" 200 28371 "-" "Mozilla/5.0 (Linux; Android 6.0.1; Nexus 5X Build/MMB29P) AppleWebKit/537.36 (KHTML, like Gecko) Chrome/150.0.7871.186 Mobile Safari/537.36 (compatible; Googlebot/2.1; +http://www.google.com/bot.html)"
2001:b400:e257:cafb:f966:6c7:4ba8:e959 - - [17/Aug/2026:18:09:20 +0800] "GET /34/wp-content/uploads/sites/1206/2020/05/DOC150429-4-150x150.jpg HTTP/1.1" 200 6094 "https://2blog.ilc.edu.tw/34/%e7%a0%94%e7%99%bc%e6%88%90%e6%9e%9c/" "Mozilla/5.0 (iPhone; CPU iPhone OS 18_2 like Mac OS X) AppleWebKit/605.1.15 (KHTML, like Gecko) Mobile/15E148 Safari Line/26.11.0"
2001:b400:e257:cafb:f966:6c7:4ba8:e959 - - [17/Aug/2026:18:09:20 +0800] "GET /34/wp-content/uploads/sites/1206/2020/05/DOC150429-3-150x150.jpg HTTP/1.1" 200 6653 "https://2blog.ilc.edu.tw/34/%e7%a0%94%e7%99%bc%e6%88%90%e6%9e%9c/" "Mozilla/5.0 (iPhone; CPU iPhone OS 18_2 like Mac OS X) AppleWebKit/605.1.15 (KHTML, like Gecko) Mobile/15E148 Safari Line/26.11.0"
2001:b400:e257:cafb:f966:6c7:4ba8:e959 - - [17/Aug/2026:18:09:20 +0800] "GET /34/wp-content/uploads/sites/1206/2020/06/S__13164550-150x150.jpg HTTP/1.1" 200 9829 "https://2blog.ilc.edu.tw/34/%e7%a0%94%e7%99%bc%e6%88%90%e6%9e%9c/" "Mozilla/5.0 (iPhone; CPU iPhone OS 18_2 like Mac OS X) AppleWebKit/605.1.15 (KHTML, like Gecko) Mobile/15E148 Safari Line/26.11.0"
2001:b400:e257:cafb:f966:6c7:4ba8:e959 - - [17/Aug/2026:18:09:20 +0800] "GET /34/wp-content/uploads/sites/1206/2020/06/cropped-bannerCE.jpg HTTP/1.1" 200 49453 "https://2blog.ilc.edu.tw/34/%e7%a0%94%e7%99%bc%e6%88%90%e6%9e%9c/" "Mozilla/5.0 (iPhone; CPU iPhone OS 18_2 like Mac OS X) AppleWebKit/605.1.15 (KHTML, like Gecko) Mobile/15E148 Safari Line/26.11.0"
2001:b400:e257:cafb:f966:6c7:4ba8:e959 - - [17/Aug/2026:18:09:20 +0800] "GET /34/wp-content/plugins/elementor/assets/lib/swiper/v8/swiper.min.js?ver=8.4.5 HTTP/1.1" 200 40708 "https://2blog.ilc.edu.tw/34/%e7%a0%94%e7%99%bc%e6%88%90%e6%9e%9c/" "Mozilla/5.0 (iPhone; CPU iPhone OS 18_2 like Mac OS X) AppleWebKit/605.1.15 (KHTML, like Gecko) Mobile/15E148 Safari Line/26.11.0"
2001:b400:e257:cafb:f966:6c7:4ba8:e959 - - [17/Aug/2026:18:09:20 +0800] "GET /34/wp-content/uploads/sites/1206/2020/05/DOC150429-6-150x150.jpg HTTP/1.1" 200 6558 "https://2blog.ilc.edu.tw/34/%e7%a0%94%e7%99%bc%e6%88%90%e6%9e%9c/" "Mozilla/5.0 (iPhone; CPU iPhone OS 18_2 like Mac OS X) AppleWebKit/605.1.15 (KHTML, like Gecko) Mobile/15E148 Safari Line/26.11.0"
2001:b400:e257:cafb:f966:6c7:4ba8:e959 - - [17/Aug/2026:18:09:20 +0800] "GET /34/wp-content/uploads/sites/1206/2020/05/DOC150429-5-150x150.jpg HTTP/1.1" 200 6155 "https://2blog.ilc.edu.tw/34/%e7%a0%94%e7%99%bc%e6%88%90%e6%9e%9c/" "Mozilla/5.0 (iPhone; CPU iPhone OS 18_2 like Mac OS X) AppleWebKit/605.1.15 (KHTML, like Gecko) Mobile/15E148 Safari Line/26.11.0"
2001:b400:e257:cafb:f966:6c7:4ba8:e959 - - [17/Aug/2026:18:09:20 +0800] "GET /34/wp-content/uploads/sites/1206/2021/08/%E5%B0%81%E9%9D%A2only-1.jpg HTTP/1.1" 200 101602 "https://2blog.ilc.edu.tw/34/%e7%a0%94%e7%99%bc%e6%88%90%e6%9e%9c/" "Mozilla/5.0 (iPhone; CPU iPhone OS 18_2 like Mac OS X) AppleWebKit/605.1.15 (KHTML, like Gecko) Mobile/15E148 Safari Line/26.11.0"
2001:288:a201::66:125 - - [17/Aug/2026:18:09:20 +0800] "GET /blog/active.php HTTP/1.1" 301 1026 "-" "-"
2001:288:a201::66:125 - - [17/Aug/2026:18:09:20 +0800] "GET /blog/active.php HTTP/1.1" 404 1084 "-" "-"
66.249.68.200 - - [17/Aug/2026:18:09:21 +0800] "POST /26148/wp-json/ilc-summary/v1/popular-posts HTTP/1.1" 201 6054 "https://2blog.ilc.edu.tw/26148/2025/09/08/114%E5%AD%B8%E5%B9%B4%E5%BA%A6%E5%AE%9C%E8%98%AD%E7%B8%A3%E5%90%84%E9%A1%9E%E5%9E%8B%E5%B9%BC%E5%85%92%E5%9C%92%E5%B0%9A%E6%9C%89%E5%90%8D%E9%A1%8D%EF%BC%8C%E6%8C%81%E7%BA%8C%E5%8F%97%E7%90%86/" "Mozilla/5.0 (Linux; Android 6.0.1; Nexus 5X Build/MMB29P) AppleWebKit/537.36 (KHTML, like Gecko) Chrome/150.0.7871.186 Mobile Safari/537.36 (compatible; Googlebot/2.1; +http://www.google.com/bot.html)"
2407:4b00:4c06:497:9ad5:e716:584c:fbb1 - - [17/Aug/2026:18:09:21 +0800] "-" 408 339 "-" "-"
