2001:b400:e2aa:b5c5:6442:a6ff:fe81:9b5f - - [17/Aug/2026:18:01:21 +0800] "GET /wp-content/uploads/sites/1482/2026/01/%E7%A7%91%E6%8A%80%E7%AB%B6%E8%B3%BD%E6%B5%B7%E5%A0%B1.png HTTP/1.1" 200 872970 "https://www.chjh.ilc.edu.tw/" "Mozilla/5.0 (Linux; Android 10; K) AppleWebKit/537.36 (KHTML, like Gecko) Chrome/151.0.0.0 Mobile Safari/537.36"
2001:b400:e2aa:b5c5:6442:a6ff:fe81:9b5f - - [17/Aug/2026:18:01:22 +0800] "GET /wp-content/uploads/sites/1482/2025/08/14-1024x724.png HTTP/1.1" 200 163205 "https://www.chjh.ilc.edu.tw/" "Mozilla/5.0 (Linux; Android 10; K) AppleWebKit/537.36 (KHTML, like Gecko) Chrome/151.0.0.0 Mobile Safari/537.36"
2001:b400:e2aa:b5c5:6442:a6ff:fe81:9b5f - - [17/Aug/2026:18:01:22 +0800] "GET /wp-content/uploads/sites/1482/2025/08/7-1024x724.png HTTP/1.1" 200 274608 "https://www.chjh.ilc.edu.tw/" "Mozilla/5.0 (Linux; Android 10; K) AppleWebKit/537.36 (KHTML, like Gecko) Chrome/151.0.0.0 Mobile Safari/537.36"
2001:b400:e2aa:b5c5:6442:a6ff:fe81:9b5f - - [17/Aug/2026:18:01:22 +0800] "GET /wp-content/uploads/sites/1482/2025/08/6-1024x724.png HTTP/1.1" 200 283705 "https://www.chjh.ilc.edu.tw/" "Mozilla/5.0 (Linux; Android 10; K) AppleWebKit/537.36 (KHTML, like Gecko) Chrome/151.0.0.0 Mobile Safari/537.36"
2001:b400:e2aa:b5c5:6442:a6ff:fe81:9b5f - - [17/Aug/2026:18:01:22 +0800] "GET /wp-content/uploads/sites/1482/2025/08/5-1024x724.png HTTP/1.1" 200 276868 "https://www.chjh.ilc.edu.tw/" "Mozilla/5.0 (Linux; Android 10; K) AppleWebKit/537.36 (KHTML, like Gecko) Chrome/151.0.0.0 Mobile Safari/537.36"
2001:b400:e2aa:b5c5:6442:a6ff:fe81:9b5f - - [17/Aug/2026:18:01:22 +0800] "GET /wp-content/uploads/sites/1482/2025/08/4-1024x724.png HTTP/1.1" 200 273492 "https://www.chjh.ilc.edu.tw/" "Mozilla/5.0 (Linux; Android 10; K) AppleWebKit/537.36 (KHTML, like Gecko) Chrome/151.0.0.0 Mobile Safari/537.36"
2001:b400:e2aa:b5c5:6442:a6ff:fe81:9b5f - - [17/Aug/2026:18:01:22 +0800] "GET /wp-content/uploads/sites/1482/2025/05/4_3-1024x724.png HTTP/1.1" 200 396610 "https://www.chjh.ilc.edu.tw/" "Mozilla/5.0 (Linux; Android 10; K) AppleWebKit/537.36 (KHTML, like Gecko) Chrome/151.0.0.0 Mobile Safari/537.36"
2001:b400:e2aa:b5c5:6442:a6ff:fe81:9b5f - - [17/Aug/2026:18:01:22 +0800] "GET /wp-content/uploads/sites/1482/2025/05/35-1-1024x724.png HTTP/1.1" 200 395898 "https://www.chjh.ilc.edu.tw/" "Mozilla/5.0 (Linux; Android 10; K) AppleWebKit/537.36 (KHTML, like Gecko) Chrome/151.0.0.0 Mobile Safari/537.36"
2001:b400:e2aa:b5c5:6442:a6ff:fe81:9b5f - - [17/Aug/2026:18:01:22 +0800] "GET /wp-content/uploads/sites/1482/2025/05/25-1024x724.png HTTP/1.1" 200 399654 "https://www.chjh.ilc.edu.tw/" "Mozilla/5.0 (Linux; Android 10; K) AppleWebKit/537.36 (KHTML, like Gecko) Chrome/151.0.0.0 Mobile Safari/537.36"
2001:b400:e2aa:b5c5:6442:a6ff:fe81:9b5f - - [17/Aug/2026:18:01:22 +0800] "GET /wp-content/uploads/sites/1482/2025/04/113%E5%AD%B8%E5%B9%B4%E7%B0%A1%E5%A0%B1%E9%81%94%E4%BA%BA%E5%85%AC%E5%91%8A.png HTTP/1.1" 200 255245 "https://www.chjh.ilc.edu.tw/" "Mozilla/5.0 (Linux; Android 10; K) AppleWebKit/537.36 (KHTML, like Gecko) Chrome/151.0.0.0 Mobile Safari/537.36"
2001:b400:e2aa:b5c5:6442:a6ff:fe81:9b5f - - [17/Aug/2026:18:01:22 +0800] "GET /wp-content/uploads/sites/1482/2025/04/34-1024x724.png HTTP/1.1" 200 626196 "https://www.chjh.ilc.edu.tw/" "Mozilla/5.0 (Linux; Android 10; K) AppleWebKit/537.36 (KHTML, like Gecko) Chrome/151.0.0.0 Mobile Safari/537.36"
2001:b400:e2aa:b5c5:6442:a6ff:fe81:9b5f - - [17/Aug/2026:18:01:22 +0800] "GET /wp-content/uploads/sites/1482/2025/04/13-1024x724.png HTTP/1.1" 200 586132 "https://www.chjh.ilc.edu.tw/" "Mozilla/5.0 (Linux; Android 10; K) AppleWebKit/537.36 (KHTML, like Gecko) Chrome/151.0.0.0 Mobile Safari/537.36"
2001:b400:e2aa:b5c5:6442:a6ff:fe81:9b5f - - [17/Aug/2026:18:01:22 +0800] "GET /wp-content/uploads/sites/1482/2025/04/4_2-1024x724.png HTTP/1.1" 200 622434 "https://www.chjh.ilc.edu.tw/" "Mozilla/5.0 (Linux; Android 10; K) AppleWebKit/537.36 (KHTML, like Gecko) Chrome/151.0.0.0 Mobile Safari/537.36"
2001:b011:7807:5976:d38d:606a:19f9:7b73 - - [17/Aug/2026:18:01:22 +0800] "-" 408 339 "-" "-"
2001:b400:e2aa:b5c5:6442:a6ff:fe81:9b5f - - [17/Aug/2026:18:01:22 +0800] "GET /wp-content/uploads/sites/1482/2025/04/24-1024x724.png HTTP/1.1" 200 635836 "https://www.chjh.ilc.edu.tw/" "Mozilla/5.0 (Linux; Android 10; K) AppleWebKit/537.36 (KHTML, like Gecko) Chrome/151.0.0.0 Mobile Safari/537.36"
2001:b400:e2aa:b5c5:6442:a6ff:fe81:9b5f - - [17/Aug/2026:18:01:22 +0800] "GET /wp-content/uploads/sites/1482/2025/04/911%E4%BD%B3%E4%BD%9C-1024x724.jpg HTTP/1.1" 200 134650 "https://www.chjh.ilc.edu.tw/" "Mozilla/5.0 (Linux; Android 10; K) AppleWebKit/537.36 (KHTML, like Gecko) Chrome/151.0.0.0 Mobile Safari/537.36"
2001:b400:e2aa:b5c5:6442:a6ff:fe81:9b5f - - [17/Aug/2026:18:01:22 +0800] "GET /wp-content/uploads/sites/1482/2025/04/Yellow-Black-and-White-Modern-Congratulations-A4-1024x724.png HTTP/1.1" 200 313832 "https://www.chjh.ilc.edu.tw/" "Mozilla/5.0 (Linux; Android 10; K) AppleWebKit/537.36 (KHTML, like Gecko) Chrome/151.0.0.0 Mobile Safari/537.36"
2001:b400:e2aa:b5c5:6442:a6ff:fe81:9b5f - - [17/Aug/2026:18:01:22 +0800] "GET /wp-content/uploads/sites/1482/2025/03/12-1024x724.png HTTP/1.1" 200 569352 "https://www.chjh.ilc.edu.tw/" "Mozilla/5.0 (Linux; Android 10; K) AppleWebKit/537.36 (KHTML, like Gecko) Chrome/151.0.0.0 Mobile Safari/537.36"
2001:b400:e2aa:b5c5:6442:a6ff:fe81:9b5f - - [17/Aug/2026:18:01:22 +0800] "GET /wp-content/uploads/sites/1482/2025/03/33-1024x724.png HTTP/1.1" 200 549165 "https://www.chjh.ilc.edu.tw/" "Mozilla/5.0 (Linux; Android 10; K) AppleWebKit/537.36 (KHTML, like Gecko) Chrome/151.0.0.0 Mobile Safari/537.36"
2001:b400:e2aa:b5c5:6442:a6ff:fe81:9b5f - - [17/Aug/2026:18:01:22 +0800] "GET /wp-content/uploads/sites/1482/2025/03/23-1024x724.png HTTP/1.1" 200 548809 "https://www.chjh.ilc.edu.tw/" "Mozilla/5.0 (Linux; Android 10; K) AppleWebKit/537.36 (KHTML, like Gecko) Chrome/151.0.0.0 Mobile Safari/537.36"
2001:b400:e2aa:b5c5:6442:a6ff:fe81:9b5f - - [17/Aug/2026:18:01:23 +0800] "GET /wp-content/uploads/sites/1482/2025/02/%E6%9E%97%E7%87%88%E7%9B%83%E7%A7%91%E5%AD%B8%E7%AB%B6%E8%B3%BD-1024x683.png HTTP/1.1" 200 323756 "https://www.chjh.ilc.edu.tw/" "Mozilla/5.0 (Linux; Android 10; K) AppleWebKit/537.36 (KHTML, like Gecko) Chrome/151.0.0.0 Mobile Safari/537.36"
2001:b400:e2aa:b5c5:6442:a6ff:fe81:9b5f - - [17/Aug/2026:18:01:23 +0800] "GET /wp-content/uploads/sites/1482/2025/02/Blue-and-White-Simple-Congratulations-Card-3-1024x683.png HTTP/1.1" 200 281534 "https://www.chjh.ilc.edu.tw/" "Mozilla/5.0 (Linux; Android 10; K) AppleWebKit/537.36 (KHTML, like Gecko) Chrome/151.0.0.0 Mobile Safari/537.36"
2001:b400:e2aa:b5c5:6442:a6ff:fe81:9b5f - - [17/Aug/2026:18:01:23 +0800] "GET /wp-content/uploads/sites/1482/2024/12/Blue-and-Gold-Simple-Congratulations-Instagram-Post-1.png HTTP/1.1" 200 445623 "https://www.chjh.ilc.edu.tw/" "Mozilla/5.0 (Linux; Android 10; K) AppleWebKit/537.36 (KHTML, like Gecko) Chrome/151.0.0.0 Mobile Safari/537.36"
66.249.71.65 - - [17/Aug/2026:18:01:23 +0800] "GET /babybaby/wp-content/uploads/sites/3902/2024/06/IMG_4052-300x225.jpg HTTP/1.1" 200 19237 "-" "GoogleOther-Image/1.0"
118.169.128.44 - - [17/Aug/2026:18:01:23 +0800] "GET /wp-content/themes/oceanwp/assets/fonts/fontawesome/webfonts/fa-solid-900.woff2 HTTP/1.1" 200 156048 "https://www.fsjh.ilc.edu.tw/" "Mozilla/5.0 (iPhone; CPU iPhone OS 18_7 like Mac OS X) AppleWebKit/605.1.15 (KHTML, like Gecko) Version/26.5.2 Mobile/15E148 Safari/604.1"
2001:b400:e2aa:b5c5:6442:a6ff:fe81:9b5f - - [17/Aug/2026:18:01:23 +0800] "GET /wp-content/uploads/sites/1482/2025/02/%E5%9C%8B%E4%B8%ADScratch%E7%94%9F%E6%B4%BB%E6%87%89%E7%94%A8%E7%B5%84.png HTTP/1.1" 200 475327 "https://www.chjh.ilc.edu.tw/" "Mozilla/5.0 (Linux; Android 10; K) AppleWebKit/537.36 (KHTML, like Gecko) Chrome/151.0.0.0 Mobile Safari/537.36"
2001:b400:e2aa:b5c5:6442:a6ff:fe81:9b5f - - [17/Aug/2026:18:01:23 +0800] "GET /wp-content/uploads/sites/1482/2025/02/%E5%9C%8B%E4%B8%ADAPP%E6%95%B8%E7%90%86%E8%A7%A3%E9%A1%8C%E7%B5%84.png HTTP/1.1" 200 432973 "https://www.chjh.ilc.edu.tw/" "Mozilla/5.0 (Linux; Android 10; K) AppleWebKit/537.36 (KHTML, like Gecko) Chrome/151.0.0.0 Mobile Safari/537.36"
2001:b400:e2aa:b5c5:6442:a6ff:fe81:9b5f - - [17/Aug/2026:18:01:23 +0800] "GET /wp-content/uploads/sites/1482/2025/02/%E5%9C%8B%E4%B8%AD%E6%A9%9F%E6%A7%8B%E7%B5%90%E6%A7%8B%E7%B5%84.png HTTP/1.1" 200 412516 "https://www.chjh.ilc.edu.tw/" "Mozilla/5.0 (Linux; Android 10; K) AppleWebKit/537.36 (KHTML, like Gecko) Chrome/151.0.0.0 Mobile Safari/537.36"
2001:b400:e2aa:b5c5:6442:a6ff:fe81:9b5f - - [17/Aug/2026:18:01:23 +0800] "GET /wp-content/uploads/sites/1482/2024/12/Light-blue-playful-santas-nice-list-certificate-1024x724.png HTTP/1.1" 200 415738 "https://www.chjh.ilc.edu.tw/" "Mozilla/5.0 (Linux; Android 10; K) AppleWebKit/537.36 (KHTML, like Gecko) Chrome/151.0.0.0 Mobile Safari/537.36"
2001:b400:e2aa:b5c5:6442:a6ff:fe81:9b5f - - [17/Aug/2026:18:01:23 +0800] "GET /wp-content/uploads/sites/1482/2024/12/31-1024x647.png HTTP/1.1" 200 328814 "https://www.chjh.ilc.edu.tw/" "Mozilla/5.0 (Linux; Android 10; K) AppleWebKit/537.36 (KHTML, like Gecko) Chrome/151.0.0.0 Mobile Safari/537.36"
2001:b400:e2aa:b5c5:6442:a6ff:fe81:9b5f - - [17/Aug/2026:18:01:23 +0800] "GET /wp-content/uploads/sites/1482/2024/12/21-1024x647.png HTTP/1.1" 200 347177 "https://www.chjh.ilc.edu.tw/" "Mozilla/5.0 (Linux; Android 10; K) AppleWebKit/537.36 (KHTML, like Gecko) Chrome/151.0.0.0 Mobile Safari/537.36"
2001:b400:e2aa:b5c5:6442:a6ff:fe81:9b5f - - [17/Aug/2026:18:01:23 +0800] "GET /wp-content/uploads/sites/1482/2024/12/11-1024x647.png HTTP/1.1" 200 352051 "https://www.chjh.ilc.edu.tw/" "Mozilla/5.0 (Linux; Android 10; K) AppleWebKit/537.36 (KHTML, like Gecko) Chrome/151.0.0.0 Mobile Safari/537.36"
2001:b400:e2aa:b5c5:6442:a6ff:fe81:9b5f - - [17/Aug/2026:18:01:23 +0800] "GET /wp-content/uploads/sites/1482/2024/12/4_1-1024x647.png HTTP/1.1" 200 309706 "https://www.chjh.ilc.edu.tw/" "Mozilla/5.0 (Linux; Android 10; K) AppleWebKit/537.36 (KHTML, like Gecko) Chrome/151.0.0.0 Mobile Safari/537.36"
2001:b400:e2aa:b5c5:6442:a6ff:fe81:9b5f - - [17/Aug/2026:18:01:23 +0800] "GET /wp-content/uploads/sites/1482/2024/11/messageImage_1732610199011-1024x576.jpg HTTP/1.1" 200 160539 "https://www.chjh.ilc.edu.tw/" "Mozilla/5.0 (Linux; Android 10; K) AppleWebKit/537.36 (KHTML, like Gecko) Chrome/151.0.0.0 Mobile Safari/537.36"
2001:b400:e2aa:b5c5:6442:a6ff:fe81:9b5f - - [17/Aug/2026:18:01:23 +0800] "GET /wp-content/uploads/sites/1482/2024/11/messageImage_1732607904017-1024x578.jpg HTTP/1.1" 200 107824 "https://www.chjh.ilc.edu.tw/" "Mozilla/5.0 (Linux; Android 10; K) AppleWebKit/537.36 (KHTML, like Gecko) Chrome/151.0.0.0 Mobile Safari/537.36"
2001:b400:e2aa:b5c5:6442:a6ff:fe81:9b5f - - [17/Aug/2026:18:01:23 +0800] "GET /wp-content/uploads/sites/1482/2024/11/113%E5%AD%B8%E5%B9%B4%E5%BA%A6%E5%AE%9C%E8%98%AD%E7%B8%A3%E9%9F%B3%E6%A8%82%E6%AF%94%E8%B3%BD%E6%A6%9C%E5%96%AE-1024x576.jpg HTTP/1.1" 200 139607 "https://www.chjh.ilc.edu.tw/" "Mozilla/5.0 (Linux; Android 10; K) AppleWebKit/537.36 (KHTML, like Gecko) Chrome/151.0.0.0 Mobile Safari/537.36"
2001:b400:e2aa:b5c5:6442:a6ff:fe81:9b5f - - [17/Aug/2026:18:01:23 +0800] "GET /wp-content/uploads/sites/1482/2024/11/113%E5%AD%B8%E5%B9%B4%E5%BA%A6%E5%AE%9C%E8%98%AD%E7%B8%A3%E9%9F%B3%E6%A8%82%E6%AF%94%E8%B3%BD%E5%80%8B%E4%BA%BA%E8%B3%BD%E6%A6%9C%E5%96%AE-1024x576.png HTTP/1.1" 200 680770 "https://www.chjh.ilc.edu.tw/" "Mozilla/5.0 (Linux; Android 10; K) AppleWebKit/537.36 (KHTML, like Gecko) Chrome/151.0.0.0 Mobile Safari/537.36"
2001:b400:e2aa:b5c5:6442:a6ff:fe81:9b5f - - [17/Aug/2026:18:01:23 +0800] "GET /wp-content/uploads/sites/1482/2024/11/22-1024x576.jpg HTTP/1.1" 200 87947 "https://www.chjh.ilc.edu.tw/" "Mozilla/5.0 (Linux; Android 10; K) AppleWebKit/537.36 (KHTML, like Gecko) Chrome/151.0.0.0 Mobile Safari/537.36"
2001:b400:e2aa:b5c5:6442:a6ff:fe81:9b5f - - [17/Aug/2026:18:01:24 +0800] "GET /wp-content/uploads/sites/1482/2024/11/12-1024x576.jpg HTTP/1.1" 200 88002 "https://www.chjh.ilc.edu.tw/" "Mozilla/5.0 (Linux; Android 10; K) AppleWebKit/537.36 (KHTML, like Gecko) Chrome/151.0.0.0 Mobile Safari/537.36"
2001:b400:e2aa:b5c5:6442:a6ff:fe81:9b5f - - [17/Aug/2026:18:01:24 +0800] "GET /wp-content/uploads/sites/1482/2024/11/32-1024x576.jpg HTTP/1.1" 200 87986 "https://www.chjh.ilc.edu.tw/" "Mozilla/5.0 (Linux; Android 10; K) AppleWebKit/537.36 (KHTML, like Gecko) Chrome/151.0.0.0 Mobile Safari/537.36"
2001:b400:e2aa:b5c5:6442:a6ff:fe81:9b5f - - [17/Aug/2026:18:01:24 +0800] "GET /wp-content/uploads/sites/1482/2024/11/4-1024x576.jpg HTTP/1.1" 200 88028 "https://www.chjh.ilc.edu.tw/" "Mozilla/5.0 (Linux; Android 10; K) AppleWebKit/537.36 (KHTML, like Gecko) Chrome/151.0.0.0 Mobile Safari/537.36"
2001:b400:e2aa:b5c5:6442:a6ff:fe81:9b5f - - [17/Aug/2026:18:01:24 +0800] "GET /wp-content/uploads/sites/1482/2024/10/113%E7%B8%A3%E9%95%B7%E7%9B%83%E6%88%90%E7%B8%BE.jpg HTTP/1.1" 200 132560 "https://www.chjh.ilc.edu.tw/" "Mozilla/5.0 (Linux; Android 10; K) AppleWebKit/537.36 (KHTML, like Gecko) Chrome/151.0.0.0 Mobile Safari/537.36"
2001:b400:e2aa:b5c5:6442:a6ff:fe81:9b5f - - [17/Aug/2026:18:01:24 +0800] "GET /wp-content/uploads/sites/1482/2024/10/113%E5%AD%B8%E5%B9%B4%E5%BA%A6%E5%AE%9C%E8%98%AD%E7%B8%A3%E5%AD%B8%E7%94%9F%E7%BE%8E%E8%A1%93%E6%AF%94%E8%B3%BD%E5%BE%97%E7%8D%8E%E5%90%8D%E5%96%AE-1-1024x576.jpg HTTP/1.1" 200 118326 "https://www.chjh.ilc.edu.tw/" "Mozilla/5.0 (Linux; Android 10; K) AppleWebKit/537.36 (KHTML, like Gecko) Chrome/151.0.0.0 Mobile Safari/537.36"
2001:b400:e2aa:b5c5:6442:a6ff:fe81:9b5f - - [17/Aug/2026:18:01:24 +0800] "GET /wp-content/uploads/sites/1482/2024/10/19F91BED-BADA-4B34-952C-7B19F9B13D83_0.jpg HTTP/1.1" 200 155029 "https://www.chjh.ilc.edu.tw/" "Mozilla/5.0 (Linux; Android 10; K) AppleWebKit/537.36 (KHTML, like Gecko) Chrome/151.0.0.0 Mobile Safari/537.36"
2001:b400:e2aa:b5c5:6442:a6ff:fe81:9b5f - - [17/Aug/2026:18:01:24 +0800] "GET /wp-content/uploads/sites/1482/2024/10/6B7BC776-21DF-4913-A28E-9B3F623A6260_0.jpg HTTP/1.1" 200 169132 "https://www.chjh.ilc.edu.tw/" "Mozilla/5.0 (Linux; Android 10; K) AppleWebKit/537.36 (KHTML, like Gecko) Chrome/151.0.0.0 Mobile Safari/537.36"
2001:b400:e2aa:b5c5:6442:a6ff:fe81:9b5f - - [17/Aug/2026:18:01:24 +0800] "GET /wp-content/uploads/sites/1482/2024/10/4A3AFCFD-4705-4649-A6BD-0E07373961C8_0.jpg HTTP/1.1" 200 147173 "https://www.chjh.ilc.edu.tw/" "Mozilla/5.0 (Linux; Android 10; K) AppleWebKit/537.36 (KHTML, like Gecko) Chrome/151.0.0.0 Mobile Safari/537.36"
2001:b400:e2aa:b5c5:6442:a6ff:fe81:9b5f - - [17/Aug/2026:18:01:24 +0800] "GET /wp-content/uploads/sites/1482/2024/10/C0CC2755-4AFC-4F12-947D-FF0EDD733123_0.jpg HTTP/1.1" 200 174535 "https://www.chjh.ilc.edu.tw/" "Mozilla/5.0 (Linux; Android 10; K) AppleWebKit/537.36 (KHTML, like Gecko) Chrome/151.0.0.0 Mobile Safari/537.36"
2001:b400:e2aa:b5c5:6442:a6ff:fe81:9b5f - - [17/Aug/2026:18:01:24 +0800] "GET /wp-content/uploads/sites/1482/2024/09/112%E5%AD%B8%E5%B9%B4%E5%BA%A6%E7%B8%BE%E5%84%AA%E5%AE%B6%E9%95%B7%E6%9C%83-1024x576.jpg HTTP/1.1" 200 92294 "https://www.chjh.ilc.edu.tw/" "Mozilla/5.0 (Linux; Android 10; K) AppleWebKit/537.36 (KHTML, like Gecko) Chrome/151.0.0.0 Mobile Safari/537.36"
2001:b400:e2aa:b5c5:6442:a6ff:fe81:9b5f - - [17/Aug/2026:18:01:23 +0800] "GET /wp-content/uploads/sites/1482/2024/11/special-offer-1-1024x819.png HTTP/1.1" 200 1303147 "https://www.chjh.ilc.edu.tw/" "Mozilla/5.0 (Linux; Android 10; K) AppleWebKit/537.36 (KHTML, like Gecko) Chrome/151.0.0.0 Mobile Safari/537.36"
66.249.71.64 - - [17/Aug/2026:18:01:24 +0800] "GET /wp-content/uploads/gallery/1313/1313-1143245.xls HTTP/1.1" 200 19422 "-" "Mozilla/5.0 (Linux; Android 6.0.1; Nexus 5X Build/MMB29P) AppleWebKit/537.36 (KHTML, like Gecko) Chrome/150.0.7871.186 Mobile Safari/537.36 (compatible; Googlebot/2.1; +http://www.google.com/bot.html)"
2001:b400:e2aa:b5c5:6442:a6ff:fe81:9b5f - - [17/Aug/2026:18:01:24 +0800] "GET /wp-content/uploads/sites/1482/2024/09/11-1024x576.jpg HTTP/1.1" 200 109667 "https://www.chjh.ilc.edu.tw/" "Mozilla/5.0 (Linux; Android 10; K) AppleWebKit/537.36 (KHTML, like Gecko) Chrome/151.0.0.0 Mobile Safari/537.36"
2001:b400:e2aa:b5c5:6442:a6ff:fe81:9b5f - - [17/Aug/2026:18:01:24 +0800] "GET /wp-content/uploads/sites/1482/2024/09/6_0-1024x576.jpg HTTP/1.1" 200 107138 "https://www.chjh.ilc.edu.tw/" "Mozilla/5.0 (Linux; Android 10; K) AppleWebKit/537.36 (KHTML, like Gecko) Chrome/151.0.0.0 Mobile Safari/537.36"
2001:b400:e2aa:b5c5:6442:a6ff:fe81:9b5f - - [17/Aug/2026:18:01:24 +0800] "GET /wp-content/uploads/sites/1482/2024/09/21-1024x576.jpg HTTP/1.1" 200 110653 "https://www.chjh.ilc.edu.tw/" "Mozilla/5.0 (Linux; Android 10; K) AppleWebKit/537.36 (KHTML, like Gecko) Chrome/151.0.0.0 Mobile Safari/537.36"
2001:b400:e2aa:b5c5:6442:a6ff:fe81:9b5f - - [17/Aug/2026:18:01:24 +0800] "GET /wp-content/uploads/sites/1482/2024/09/5_0-1024x576.jpg HTTP/1.1" 200 112387 "https://www.chjh.ilc.edu.tw/" "Mozilla/5.0 (Linux; Android 10; K) AppleWebKit/537.36 (KHTML, like Gecko) Chrome/151.0.0.0 Mobile Safari/537.36"
140.111.67.10 - - [17/Aug/2026:18:01:25 +0800] "GET /" 301 273 "-" "-"
2001:b400:e2aa:b5c5:6442:a6ff:fe81:9b5f - - [17/Aug/2026:18:01:24 +0800] "GET /wp-content/uploads/sites/1482/2024/09/%E4%B8%AD%E8%8F%AF%E5%9C%8B%E4%B8%AD113%E5%B9%B4%E7%89%B9%E6%AE%8A%E5%84%AA%E8%89%AF%E6%95%99%E5%B8%AB%E6%A9%AB1-1024x576.jpg HTTP/1.1" 200 119919 "https://www.chjh.ilc.edu.tw/" "Mozilla/5.0 (Linux; Android 10; K) AppleWebKit/537.36 (KHTML, like Gecko) Chrome/151.0.0.0 Mobile Safari/537.36"
2001:b400:e2aa:b5c5:6442:a6ff:fe81:9b5f - - [17/Aug/2026:18:01:24 +0800] "GET /wp-content/uploads/sites/1482/2024/09/7_0-1024x576.jpg HTTP/1.1" 200 112262 "https://www.chjh.ilc.edu.tw/" "Mozilla/5.0 (Linux; Android 10; K) AppleWebKit/537.36 (KHTML, like Gecko) Chrome/151.0.0.0 Mobile Safari/537.36"
2001:b400:e2aa:b5c5:6442:a6ff:fe81:9b5f - - [17/Aug/2026:18:01:24 +0800] "GET /wp-content/uploads/sites/1482/2024/09/4_0-1024x576.jpg HTTP/1.1" 200 107126 "https://www.chjh.ilc.edu.tw/" "Mozilla/5.0 (Linux; Android 10; K) AppleWebKit/537.36 (KHTML, like Gecko) Chrome/151.0.0.0 Mobile Safari/537.36"
2001:b400:e2aa:b5c5:6442:a6ff:fe81:9b5f - - [17/Aug/2026:18:01:24 +0800] "GET /wp-content/uploads/sites/1482/2024/09/%E5%85%A8%E5%9C%8B%E7%A7%91%E5%B1%95%E6%81%AD%E8%B3%80%E6%B5%B7%E5%A0%B1-1024x724.jpg HTTP/1.1" 200 121729 "https://www.chjh.ilc.edu.tw/" "Mozilla/5.0 (Linux; Android 10; K) AppleWebKit/537.36 (KHTML, like Gecko) Chrome/151.0.0.0 Mobile Safari/537.36"
2001:b400:e2aa:b5c5:6442:a6ff:fe81:9b5f - - [17/Aug/2026:18:01:24 +0800] "GET /wp-content/uploads/sites/1482/2024/09/31-1024x576.jpg HTTP/1.1" 200 105049 "https://www.chjh.ilc.edu.tw/" "Mozilla/5.0 (Linux; Android 10; K) AppleWebKit/537.36 (KHTML, like Gecko) Chrome/151.0.0.0 Mobile Safari/537.36"
2001:b400:e2aa:b5c5:6442:a6ff:fe81:9b5f - - [17/Aug/2026:18:01:24 +0800] "GET /wp-content/uploads/sites/1482/2024/09/%E6%84%9B%E5%BF%83%E5%BF%97%E5%B7%A5%E7%8D%B2%E7%8D%8E-1024x576.jpg HTTP/1.1" 200 107730 "https://www.chjh.ilc.edu.tw/" "Mozilla/5.0 (Linux; Android 10; K) AppleWebKit/537.36 (KHTML, like Gecko) Chrome/151.0.0.0 Mobile Safari/537.36"
2001:288:a201::66:125 - - [17/Aug/2026:18:01:25 +0800] "GET /blog/active.php HTTP/1.1" 404 1084 "-" "-"
2001:288:a201::66:125 - - [17/Aug/2026:18:01:25 +0800] "GET /blog/active.php HTTP/1.1" 301 1026 "-" "-"
2001:b400:e2aa:b5c5:6442:a6ff:fe81:9b5f - - [17/Aug/2026:18:01:25 +0800] "GET /wp-content/uploads/sites/1482/2024/08/42-1-1024x724.png HTTP/1.1" 200 224086 "https://www.chjh.ilc.edu.tw/" "Mozilla/5.0 (Linux; Android 10; K) AppleWebKit/537.36 (KHTML, like Gecko) Chrome/151.0.0.0 Mobile Safari/537.36"
2001:b400:e2aa:b5c5:6442:a6ff:fe81:9b5f - - [17/Aug/2026:18:01:25 +0800] "GET /wp-content/uploads/sites/1482/2024/08/51-1024x724.png HTTP/1.1" 200 262375 "https://www.chjh.ilc.edu.tw/" "Mozilla/5.0 (Linux; Android 10; K) AppleWebKit/537.36 (KHTML, like Gecko) Chrome/151.0.0.0 Mobile Safari/537.36"
2001:b400:e2aa:b5c5:6442:a6ff:fe81:9b5f - - [17/Aug/2026:18:01:25 +0800] "GET /wp-content/uploads/sites/1482/2024/08/113-%E5%AF%A6%E9%A9%97%E7%8F%AD%E6%A6%9C%E5%96%AE_0-1-1024x724.png HTTP/1.1" 200 259428 "https://www.chjh.ilc.edu.tw/" "Mozilla/5.0 (Linux; Android 10; K) AppleWebKit/537.36 (KHTML, like Gecko) Chrome/151.0.0.0 Mobile Safari/537.36"
2001:b400:e2aa:b5c5:6442:a6ff:fe81:9b5f - - [17/Aug/2026:18:01:25 +0800] "GET /wp-content/uploads/sites/1482/2024/07/U13.%E6%9D%8E%E5%B0%9A%E6%BE%A4-%E5%AE%89%E6%9B%BC.%E9%98%BF%E6%8B%89%E6%9C%A8%E5%9C%96.jpg HTTP/1.1" 200 127219 "https://www.chjh.ilc.edu.tw/" "Mozilla/5.0 (Linux; Android 10; K) AppleWebKit/537.36 (KHTML, like Gecko) Chrome/151.0.0.0 Mobile Safari/537.36"
2001:b400:e2aa:b5c5:6442:a6ff:fe81:9b5f - - [17/Aug/2026:18:01:25 +0800] "GET /wp-content/uploads/sites/1482/2024/07/messageImage_1720946569567.jpg HTTP/1.1" 200 114602 "https://www.chjh.ilc.edu.tw/" "Mozilla/5.0 (Linux; Android 10; K) AppleWebKit/537.36 (KHTML, like Gecko) Chrome/151.0.0.0 Mobile Safari/537.36"
2001:b400:e2aa:b5c5:6442:a6ff:fe81:9b5f - - [17/Aug/2026:18:01:26 +0800] "GET /wp-content/uploads/sites/1482/2024/05/113%E5%9C%8B%E4%B8%AD%E7%B1%83%E7%90%83%E8%81%AF%E8%B3%BD%E6%88%90%E7%B8%BE.jpg HTTP/1.1" 200 109947 "https://www.chjh.ilc.edu.tw/" "Mozilla/5.0 (Linux; Android 10; K) AppleWebKit/537.36 (KHTML, like Gecko) Chrome/151.0.0.0 Mobile Safari/537.36"
2001:b400:e2aa:b5c5:6442:a6ff:fe81:9b5f - - [17/Aug/2026:18:01:26 +0800] "GET /wp-content/uploads/sites/1482/2024/05/U13.%E6%9D%8E%E5%B0%9A%E6%BE%A4.jpg HTTP/1.1" 200 112617 "https://www.chjh.ilc.edu.tw/" "Mozilla/5.0 (Linux; Android 10; K) AppleWebKit/537.36 (KHTML, like Gecko) Chrome/151.0.0.0 Mobile Safari/537.36"
2001:b400:e2aa:b5c5:6442:a6ff:fe81:9b5f - - [17/Aug/2026:18:01:26 +0800] "GET /wp-content/uploads/sites/1482/2024/05/113%E5%85%A8%E4%B8%AD%E9%81%8B%E6%88%90%E7%B8%BE.jpg HTTP/1.1" 200 112138 "https://www.chjh.ilc.edu.tw/" "Mozilla/5.0 (Linux; Android 10; K) AppleWebKit/537.36 (KHTML, like Gecko) Chrome/151.0.0.0 Mobile Safari/537.36"
2001:b400:e2aa:b5c5:6442:a6ff:fe81:9b5f - - [17/Aug/2026:18:01:26 +0800] "GET /wp-content/uploads/sites/1482/2024/04/%E7%B0%A1%E5%A0%B1%E9%81%94%E4%BA%BA%E7%AB%B6%E8%B3%BD%E6%A6%9C%E5%96%AE-1024x724.png HTTP/1.1" 200 213207 "https://www.chjh.ilc.edu.tw/" "Mozilla/5.0 (Linux; Android 10; K) AppleWebKit/537.36 (KHTML, like Gecko) Chrome/151.0.0.0 Mobile Safari/537.36"
::1 - - [17/Aug/2026:18:01:26 +0800] "OPTIONS * HTTP/1.0" 200 110 "-" "Apache/2.4.68 (Ubuntu) OpenSSL/3.0.19 (internal dummy connection)"
2001:b400:e2aa:b5c5:6442:a6ff:fe81:9b5f - - [17/Aug/2026:18:01:26 +0800] "GET /wp-content/uploads/sites/1482/2024/04/2-1024x576.png HTTP/1.1" 200 336649 "https://www.chjh.ilc.edu.tw/" "Mozilla/5.0 (Linux; Android 10; K) AppleWebKit/537.36 (KHTML, like Gecko) Chrome/151.0.0.0 Mobile Safari/537.36"
2001:b400:e2aa:b5c5:6442:a6ff:fe81:9b5f - - [17/Aug/2026:18:01:26 +0800] "GET /wp-content/uploads/sites/1482/2024/04/%E6%A6%9C%E5%96%AE1-1024x724.png HTTP/1.1" 200 206501 "https://www.chjh.ilc.edu.tw/" "Mozilla/5.0 (Linux; Android 10; K) AppleWebKit/537.36 (KHTML, like Gecko) Chrome/151.0.0.0 Mobile Safari/537.36"
2001:b400:e2aa:b5c5:6442:a6ff:fe81:9b5f - - [17/Aug/2026:18:01:26 +0800] "GET /wp-content/uploads/sites/1482/2024/04/1-1024x724.jpg HTTP/1.1" 200 153314 "https://www.chjh.ilc.edu.tw/" "Mozilla/5.0 (Linux; Android 10; K) AppleWebKit/537.36 (KHTML, like Gecko) Chrome/151.0.0.0 Mobile Safari/537.36"
2001:b400:e2aa:b5c5:6442:a6ff:fe81:9b5f - - [17/Aug/2026:18:01:26 +0800] "GET /wp-content/uploads/sites/1482/2024/04/%E5%96%AE%E5%AD%97%E7%8E%8B-1024x724.jpg HTTP/1.1" 200 154840 "https://www.chjh.ilc.edu.tw/" "Mozilla/5.0 (Linux; Android 10; K) AppleWebKit/537.36 (KHTML, like Gecko) Chrome/151.0.0.0 Mobile Safari/537.36"
2001:b400:e2aa:b5c5:6442:a6ff:fe81:9b5f - - [17/Aug/2026:18:01:26 +0800] "GET /wp-content/uploads/sites/1482/2024/04/2-1024x724.jpg HTTP/1.1" 200 153494 "https://www.chjh.ilc.edu.tw/" "Mozilla/5.0 (Linux; Android 10; K) AppleWebKit/537.36 (KHTML, like Gecko) Chrome/151.0.0.0 Mobile Safari/537.36"
2001:b400:e2aa:b5c5:6442:a6ff:fe81:9b5f - - [17/Aug/2026:18:01:26 +0800] "GET /wp-content/uploads/sites/1482/2024/04/1-1024x576.png HTTP/1.1" 200 357511 "https://www.chjh.ilc.edu.tw/" "Mozilla/5.0 (Linux; Android 10; K) AppleWebKit/537.36 (KHTML, like Gecko) Chrome/151.0.0.0 Mobile Safari/537.36"
2001:b400:e2aa:b5c5:6442:a6ff:fe81:9b5f - - [17/Aug/2026:18:01:26 +0800] "GET /wp-content/uploads/sites/1482/2024/03/%E9%99%B3%E6%98%B1%E7%91%8B%E5%85%A8%E5%9C%8B-%E9%AB%98%E8%83%A1-1024x576.jpg HTTP/1.1" 200 102800 "https://www.chjh.ilc.edu.tw/" "Mozilla/5.0 (Linux; Android 10; K) AppleWebKit/537.36 (KHTML, like Gecko) Chrome/151.0.0.0 Mobile Safari/537.36"
2001:b400:e2aa:b5c5:6442:a6ff:fe81:9b5f - - [17/Aug/2026:18:01:26 +0800] "GET /wp-content/uploads/sites/1482/2024/03/%E7%8F%BE%E4%BB%A3%E8%88%9E-1024x576.jpg HTTP/1.1" 200 79157 "https://www.chjh.ilc.edu.tw/" "Mozilla/5.0 (Linux; Android 10; K) AppleWebKit/537.36 (KHTML, like Gecko) Chrome/151.0.0.0 Mobile Safari/537.36"
2001:b400:e2aa:b5c5:6442:a6ff:fe81:9b5f - - [17/Aug/2026:18:01:26 +0800] "GET /wp-content/uploads/sites/1482/2024/03/%E7%B5%B2%E7%AB%B9%E7%89%B9%E5%84%AA-1024x576.jpg HTTP/1.1" 200 89021 "https://www.chjh.ilc.edu.tw/" "Mozilla/5.0 (Linux; Android 10; K) AppleWebKit/537.36 (KHTML, like Gecko) Chrome/151.0.0.0 Mobile Safari/537.36"
2001:b400:e2aa:b5c5:6442:a6ff:fe81:9b5f - - [17/Aug/2026:18:01:26 +0800] "GET /wp-content/uploads/sites/1482/2024/01/1706524861030-1024x579.jpg HTTP/1.1" 200 96830 "https://www.chjh.ilc.edu.tw/" "Mozilla/5.0 (Linux; Android 10; K) AppleWebKit/537.36 (KHTML, like Gecko) Chrome/151.0.0.0 Mobile Safari/537.36"
2001:b400:e2aa:b5c5:6442:a6ff:fe81:9b5f - - [17/Aug/2026:18:01:26 +0800] "GET /wp-content/uploads/sites/1482/2024/01/1706524854228-1024x574.jpg HTTP/1.1" 200 91046 "https://www.chjh.ilc.edu.tw/" "Mozilla/5.0 (Linux; Android 10; K) AppleWebKit/537.36 (KHTML, like Gecko) Chrome/151.0.0.0 Mobile Safari/537.36"
2001:b400:e2aa:b5c5:6442:a6ff:fe81:9b5f - - [17/Aug/2026:18:01:26 +0800] "GET /wp-content/uploads/sites/1482/2024/01/U15.%E6%9E%97%E5%AD%9F%E5%B8%86.jpg HTTP/1.1" 200 106388 "https://www.chjh.ilc.edu.tw/" "Mozilla/5.0 (Linux; Android 10; K) AppleWebKit/537.36 (KHTML, like Gecko) Chrome/151.0.0.0 Mobile Safari/537.36"
2001:b400:e2aa:b5c5:6442:a6ff:fe81:9b5f - - [17/Aug/2026:18:01:26 +0800] "GET /wp-content/uploads/sites/1482/2024/01/112%E5%AD%B8%E5%B9%B4%E5%BA%A6%E7%A7%91%E6%8A%80%E7%AB%B6%E8%B3%BD-1024x576.jpg HTTP/1.1" 200 139408 "https://www.chjh.ilc.edu.tw/" "Mozilla/5.0 (Linux; Android 10; K) AppleWebKit/537.36 (KHTML, like Gecko) Chrome/151.0.0.0 Mobile Safari/537.36"
2001:b400:e2aa:b5c5:6442:a6ff:fe81:9b5f - - [17/Aug/2026:18:01:26 +0800] "GET /wp-content/uploads/sites/1482/2023/12/112%E5%AE%9C%E8%98%AD%E5%8D%80%E9%A0%90%E8%B3%BD%E6%88%90%E7%B8%BE.jpg HTTP/1.1" 200 124410 "https://www.chjh.ilc.edu.tw/" "Mozilla/5.0 (Linux; Android 10; K) AppleWebKit/537.36 (KHTML, like Gecko) Chrome/151.0.0.0 Mobile Safari/537.36"
2001:b400:e2aa:b5c5:6442:a6ff:fe81:9b5f - - [17/Aug/2026:18:01:26 +0800] "GET /wp-content/uploads/sites/1482/2023/12/112%E7%94%B0%E5%BE%91%E6%88%90%E7%B8%BE.jpg HTTP/1.1" 200 146710 "https://www.chjh.ilc.edu.tw/" "Mozilla/5.0 (Linux; Android 10; K) AppleWebKit/537.36 (KHTML, like Gecko) Chrome/151.0.0.0 Mobile Safari/537.36"
2001:b400:e2aa:b5c5:6442:a6ff:fe81:9b5f - - [17/Aug/2026:18:01:26 +0800] "GET /wp-content/uploads/sites/1482/2023/12/112%E4%B8%AD%E5%B0%8F%E5%AD%B8%E8%B7%86%E6%8B%B3%E9%81%93%E6%88%90%E7%B8%BE.jpg HTTP/1.1" 200 124638 "https://www.chjh.ilc.edu.tw/" "Mozilla/5.0 (Linux; Android 10; K) AppleWebKit/537.36 (KHTML, like Gecko) Chrome/151.0.0.0 Mobile Safari/537.36"
2001:b400:e2aa:b5c5:6442:a6ff:fe81:9b5f - - [17/Aug/2026:18:01:26 +0800] "GET /wp-content/uploads/sites/1482/2023/12/112%E4%B8%AD%E5%B0%8F%E5%AD%B8%E6%A1%8C%E7%90%83%E6%88%90%E7%B8%BE.jpg HTTP/1.1" 200 168319 "https://www.chjh.ilc.edu.tw/" "Mozilla/5.0 (Linux; Android 10; K) AppleWebKit/537.36 (KHTML, like Gecko) Chrome/151.0.0.0 Mobile Safari/537.36"
2001:b400:e2aa:b5c5:6442:a6ff:fe81:9b5f - - [17/Aug/2026:18:01:26 +0800] "GET /wp-content/uploads/sites/1482/2023/12/112%E4%B8%AD%E5%B0%8F%E5%AD%B8%E7%BE%BD%E7%90%83%E6%88%90%E7%B8%BE.jpg HTTP/1.1" 200 149114 "https://www.chjh.ilc.edu.tw/" "Mozilla/5.0 (Linux; Android 10; K) AppleWebKit/537.36 (KHTML, like Gecko) Chrome/151.0.0.0 Mobile Safari/537.36"
2001:b400:e2aa:b5c5:6442:a6ff:fe81:9b5f - - [17/Aug/2026:18:01:26 +0800] "GET /wp-content/uploads/sites/1482/2022/07/%E6%96%B0%E7%94%9F%E6%AD%A3%E5%BC%8F%E7%B7%A8%E7%8F%AD%E5%90%8D%E5%96%AE.jpg HTTP/1.1" 200 25321 "https://www.chjh.ilc.edu.tw/" "Mozilla/5.0 (Linux; Android 10; K) AppleWebKit/537.36 (KHTML, like Gecko) Chrome/151.0.0.0 Mobile Safari/537.36"
2001:b400:e2aa:b5c5:6442:a6ff:fe81:9b5f - - [17/Aug/2026:18:01:26 +0800] "GET /wp-content/plugins/elementor/assets/lib/dialog/dialog.min.js?ver=4.9.0 HTTP/1.1" 200 4368 "https://www.chjh.ilc.edu.tw/" "Mozilla/5.0 (Linux; Android 10; K) AppleWebKit/537.36 (KHTML, like Gecko) Chrome/151.0.0.0 Mobile Safari/537.36"
2001:b400:e2aa:b5c5:6442:a6ff:fe81:9b5f - - [17/Aug/2026:18:01:26 +0800] "GET /wp-content/plugins/elementor/assets/js/lightbox.94b920846d1e37cafb78.bundle.min.js HTTP/1.1" 200 10857 "https://www.chjh.ilc.edu.tw/" "Mozilla/5.0 (Linux; Android 10; K) AppleWebKit/537.36 (KHTML, like Gecko) Chrome/151.0.0.0 Mobile Safari/537.36"
2001:b400:e2aa:b5c5:6442:a6ff:fe81:9b5f - - [17/Aug/2026:18:01:26 +0800] "GET /wp-content/plugins/elementor/assets/lib/share-link/share-link.min.js?ver=3.22.3 HTTP/1.1" 200 2049 "https://www.chjh.ilc.edu.tw/" "Mozilla/5.0 (Linux; Android 10; K) AppleWebKit/537.36 (KHTML, like Gecko) Chrome/151.0.0.0 Mobile Safari/537.36"
2001:b400:e2aa:b5c5:6442:a6ff:fe81:9b5f - - [17/Aug/2026:18:01:26 +0800] "GET /wp-content/plugins/elementor/assets/js/image-carousel.4455c6362492d9067512.bundle.min.js HTTP/1.1" 200 1176 "https://www.chjh.ilc.edu.tw/" "Mozilla/5.0 (Linux; Android 10; K) AppleWebKit/537.36 (KHTML, like Gecko) Chrome/151.0.0.0 Mobile Safari/537.36"
2001:b400:e2aa:b5c5:6442:a6ff:fe81:9b5f - - [17/Aug/2026:18:01:26 +0800] "GET /wp-content/plugins/elementor/assets/lib/swiper/v8/swiper.min.js?ver=8.4.5 HTTP/1.1" 200 40708 "https://www.chjh.ilc.edu.tw/" "Mozilla/5.0 (Linux; Android 10; K) AppleWebKit/537.36 (KHTML, like Gecko) Chrome/151.0.0.0 Mobile Safari/537.36"
2001:b400:e2aa:b5c5:6442:a6ff:fe81:9b5f - - [17/Aug/2026:18:01:26 +0800] "GET /favicon.ico HTTP/1.1" 302 1036 "https://www.chjh.ilc.edu.tw/" "Mozilla/5.0 (Linux; Android 10; K) AppleWebKit/537.36 (KHTML, like Gecko) Chrome/151.0.0.0 Mobile Safari/537.36"
2001:b400:e2aa:b5c5:6442:a6ff:fe81:9b5f - - [17/Aug/2026:18:01:27 +0800] "GET /wp-includes/images/w-logo-blue-white-bg.png HTTP/1.1" 200 4946 "https://www.chjh.ilc.edu.tw/" "Mozilla/5.0 (Linux; Android 10; K) AppleWebKit/537.36 (KHTML, like Gecko) Chrome/151.0.0.0 Mobile Safari/537.36"
::1 - - [17/Aug/2026:18:01:27 +0800] "OPTIONS * HTTP/1.0" 200 110 "-" "Apache/2.4.68 (Ubuntu) OpenSSL/3.0.19 (internal dummy connection)"
66.249.71.64 - - [17/Aug/2026:18:01:27 +0800] "GET /yleerc/2025/03/14/%E3%80%90%E8%BD%89%E7%9F%A5%E3%80%91%E5%9C%8B%E5%8C%97%E6%95%99%E5%A4%A7%E9%9B%99%E8%AA%9E%E6%95%99%E5%AD%B8%E7%A0%94%E7%A9%B6%E4%B8%AD%E5%BF%83%E5%87%BA%E7%89%88%E9%9B%99%E8%AA%9E%E6%95%99%E5%AD%B8/ HTTP/1.1" 200 18677 "-" "Mozilla/5.0 (Linux; Android 6.0.1; Nexus 5X Build/MMB29P) AppleWebKit/537.36 (KHTML, like Gecko) Chrome/150.0.7871.186 Mobile Safari/537.36 (compatible; Googlebot/2.1; +http://www.google.com/bot.html)"
::1 - - [17/Aug/2026:18:01:28 +0800] "OPTIONS * HTTP/1.0" 200 110 "-" "Apache/2.4.68 (Ubuntu) OpenSSL/3.0.19 (internal dummy connection)"
66.249.68.201 - - [17/Aug/2026:18:01:28 +0800] "GET /17160/2022/12/06/%E3%80%90%E5%85%AD%E5%B9%B4%E7%B4%9A%E3%80%91%E8%A8%AD%E8%A8%88%E6%80%9D%E8%80%83-%E5%B7%A1%E7%B7%9A%E5%B0%8F%E8%BB%8A/ HTTP/1.1" 200 19792 "-" "Mozilla/5.0 (Linux; Android 6.0.1; Nexus 5X Build/MMB29P) AppleWebKit/537.36 (KHTML, like Gecko) Chrome/150.0.7871.186 Mobile Safari/537.36 (compatible; Googlebot/2.1; +http://www.google.com/bot.html)"
::1 - - [17/Aug/2026:18:01:29 +0800] "OPTIONS * HTTP/1.0" 200 110 "-" "Apache/2.4.68 (Ubuntu) OpenSSL/3.0.19 (internal dummy connection)"
66.249.71.65 - - [17/Aug/2026:18:01:29 +0800] "POST /1909/wp-json/ilc-summary/v1/popular-posts HTTP/1.1" 201 6052 "https://2blog.ilc.edu.tw/1909/2025/03/08/%E9%9B%BB%E8%A7%A3%E6%B0%B4/" "Mozilla/5.0 (Linux; Android 6.0.1; Nexus 5X Build/MMB29P) AppleWebKit/537.36 (KHTML, like Gecko) Chrome/150.0.7871.186 Mobile Safari/537.36 (compatible; Googlebot/2.1; +http://www.google.com/bot.html)"
140.111.67.10 - - [17/Aug/2026:18:01:30 +0800] "GET /" 301 273 "-" "-"
2001:288:a201::66:125 - - [17/Aug/2026:18:01:30 +0800] "GET /blog/active.php HTTP/1.1" 301 1026 "-" "-"
2001:288:a201::66:125 - - [17/Aug/2026:18:01:30 +0800] "GET /blog/active.php HTTP/1.1" 404 1084 "-" "-"
66.249.71.65 - - [17/Aug/2026:18:01:30 +0800] "GET /yleerc/wp-content/cache/2blog.ilc.edu.tw/wpfc-minified/5fx30qx/5xdlv.css HTTP/1.1" 200 11972 "https://2blog.ilc.edu.tw/yleerc/english-reading-book-lists/" "Mozilla/5.0 (Linux; Android 6.0.1; Nexus 5X Build/MMB29P) AppleWebKit/537.36 (KHTML, like Gecko) Chrome/150.0.7871.186 Mobile Safari/537.36 (compatible; Googlebot/2.1; +http://www.google.com/bot.html)"
34.234.206.30 - - [17/Aug/2026:18:01:31 +0800] "GET /englishvillage/wp-content/uploads/sites/3106/2025/09/IMG_4140-768x576.jpeg HTTP/1.1" 200 79012 "-" "Mozilla/5.0 AppleWebKit/537.36 (KHTML, like Gecko; compatible; Amazonbot/0.1; +https://developer.amazon.com/support/amazonbot) Chrome/119.0.6045.214 Safari/537.36"
2001:b011:e003:275:97f0:fb88:9aac:398b - - [17/Aug/2026:18:01:33 +0800] "GET / HTTP/1.1" 200 54573 "-" "Mozilla/5.0 (Windows NT 10.0; Win64; x64) AppleWebKit/537.36 (KHTML, like Gecko) Chrome/69.0.3497.81 Safari/537.36"
66.249.71.163 - - [17/Aug/2026:18:01:32 +0800] "GET /wp-login.php?action=ilc_logout&_wpnonce=43754d0aad&redirect_to=http://insideform.ru/job/62320/ HTTP/1.1" 302 8247 "-" "Mozilla/5.0 (Linux; Android 6.0.1; Nexus 5X Build/MMB29P) AppleWebKit/537.36 (KHTML, like Gecko) Chrome/150.0.7871.186 Mobile Safari/537.36 (compatible; GoogleOther)"
::1 - - [17/Aug/2026:18:01:34 +0800] "OPTIONS * HTTP/1.0" 200 110 "-" "Apache/2.4.68 (Ubuntu) OpenSSL/3.0.19 (internal dummy connection)"
140.111.67.10 - - [17/Aug/2026:18:01:35 +0800] "GET /" 301 273 "-" "-"
::1 - - [17/Aug/2026:18:01:35 +0800] "OPTIONS * HTTP/1.0" 200 110 "-" "Apache/2.4.68 (Ubuntu) OpenSSL/3.0.19 (internal dummy connection)"
2001:b400:e489:b583:1554:a5c5:48be:683 - - [17/Aug/2026:18:01:35 +0800] "-" 408 4796 "-" "-"
2001:288:a201::66:125 - - [17/Aug/2026:18:01:35 +0800] "GET /blog/active.php HTTP/1.1" 301 1026 "-" "-"
2001:288:a201::66:125 - - [17/Aug/2026:18:01:35 +0800] "GET /blog/active.php HTTP/1.1" 404 1084 "-" "-"
::1 - - [17/Aug/2026:18:01:36 +0800] "OPTIONS * HTTP/1.0" 200 110 "-" "Apache/2.4.68 (Ubuntu) OpenSSL/3.0.19 (internal dummy connection)"
::1 - - [17/Aug/2026:18:01:37 +0800] "OPTIONS * HTTP/1.0" 200 110 "-" "Apache/2.4.68 (Ubuntu) OpenSSL/3.0.19 (internal dummy connection)"
66.249.71.64 - - [17/Aug/2026:18:01:37 +0800] "POST /yleerc/wp-json/ilc-summary/v1/popular-posts HTTP/1.1" 201 6055 "https://2blog.ilc.edu.tw/yleerc/2025/03/14/%E3%80%90%E8%BD%89%E7%9F%A5%E3%80%91%E5%9C%8B%E5%8C%97%E6%95%99%E5%A4%A7%E9%9B%99%E8%AA%9E%E6%95%99%E5%AD%B8%E7%A0%94%E7%A9%B6%E4%B8%AD%E5%BF%83%E5%87%BA%E7%89%88%E9%9B%99%E8%AA%9E%E6%95%99%E5%AD%B8/" "Mozilla/5.0 (Linux; Android 6.0.1; Nexus 5X Build/MMB29P) AppleWebKit/537.36 (KHTML, like Gecko) Chrome/150.0.7871.186 Mobile Safari/537.36 (compatible; Googlebot/2.1; +http://www.google.com/bot.html)"
2407:4b00:4c05:8567:2509:fb16:c5d0:70f9 - - [17/Aug/2026:18:01:37 +0800] "GET /favicon.ico HTTP/1.1" 302 5864 "-" "NetworkingExtension/8624.2.5.10.4 Network/5812.122.1 iOS/26.5.1"
2407:4b00:4c05:8567:2509:fb16:c5d0:70f9 - - [17/Aug/2026:18:01:37 +0800] "GET /apple-touch-icon-precomposed.png HTTP/1.1" 404 41462 "-" "NetworkingExtension/8624.2.5.10.4 Network/5812.122.1 iOS/26.5.1"
2407:4b00:4c05:8567:2509:fb16:c5d0:70f9 - - [17/Aug/2026:18:01:37 +0800] "GET /wp-includes/images/w-logo-blue-white-bg.png HTTP/1.1" 200 4946 "-" "NetworkingExtension/8624.2.5.10.4 Network/5812.122.1 iOS/26.5.1"
2407:4b00:4c05:8567:2509:fb16:c5d0:70f9 - - [17/Aug/2026:18:01:37 +0800] "GET /wp-content/uploads/sites/1361/2025/09/%E5%B9%BC%E5%85%92%E5%9C%92%E7%9A%84%E5%B0%88%E6%A5%AD%E5%9C%98%E9%9A%8A.pdf HTTP/1.1" 200 257888 "-" "Mozilla/5.0 (Macintosh; Intel Mac OS X 10_11_1) AppleWebKit/601.2.4 (KHTML, like Gecko) Version/9.0.1 Safari/601.2.4 facebookexternalhit/1.1 Facebot Twitterbot/1.0"
2407:4b00:4c05:8567:2509:fb16:c5d0:70f9 - - [17/Aug/2026:18:01:37 +0800] "GET /apple-touch-icon.png HTTP/1.1" 404 41462 "-" "NetworkingExtension/8624.2.5.10.4 Network/5812.122.1 iOS/26.5.1"
::1 - - [17/Aug/2026:18:01:39 +0800] "OPTIONS * HTTP/1.0" 200 110 "-" "Apache/2.4.68 (Ubuntu) OpenSSL/3.0.19 (internal dummy connection)"
140.111.67.10 - - [17/Aug/2026:18:01:40 +0800] "GET /" 301 273 "-" "-"
::1 - - [17/Aug/2026:18:01:40 +0800] "OPTIONS * HTTP/1.0" 200 110 "-" "Apache/2.4.68 (Ubuntu) OpenSSL/3.0.19 (internal dummy connection)"
66.249.68.136 - - [17/Aug/2026:18:01:38 +0800] "GET /wp-login.php?action=ilc_logout&_wpnonce=43754d0aad&redirect_to=//siperhafeban.ml/113wwwjwesilcedutwkyv651 HTTP/1.1" 302 8258 "-" "Mozilla/5.0 (Linux; Android 6.0.1; Nexus 5X Build/MMB29P) AppleWebKit/537.36 (KHTML, like Gecko) Chrome/150.0.7871.186 Mobile Safari/537.36 (compatible; Googlebot/2.1; +http://www.google.com/bot.html)"
2001:288:a201::66:125 - - [17/Aug/2026:18:01:40 +0800] "GET /blog/active.php HTTP/1.1" 301 1026 "-" "-"
2001:288:a201::66:125 - - [17/Aug/2026:18:01:40 +0800] "GET /blog/active.php HTTP/1.1" 404 1084 "-" "-"
66.249.71.68 - - [17/Aug/2026:18:01:41 +0800] "GET /wp-content/uploads/sites/1493/868/868-3469507.sb2 HTTP/1.1" 301 1131 "-" "Mozilla/5.0 (Linux; Android 6.0.1; Nexus 5X Build/MMB29P) AppleWebKit/537.36 (KHTML, like Gecko) Chrome/150.0.7871.186 Mobile Safari/537.36 (compatible; Googlebot/2.1; +http://www.google.com/bot.html)"
66.249.71.64 - - [17/Aug/2026:18:01:41 +0800] "GET /526/2020/02/27/%E8%A1%8C%E4%BA%8B%E6%9B%86/ HTTP/1.1" 200 31244 "-" "Mozilla/5.0 (Linux; Android 6.0.1; Nexus 5X Build/MMB29P) AppleWebKit/537.36 (KHTML, like Gecko) Chrome/150.0.7871.186 Mobile Safari/537.36 (compatible; Googlebot/2.1; +http://www.google.com/bot.html)"
66.249.71.64 - - [17/Aug/2026:18:01:42 +0800] "GET /wp-content/uploads/sites/1493/868/868-3469507.sb2 HTTP/1.1" 500 1283 "-" "Mozilla/5.0 (Linux; Android 6.0.1; Nexus 5X Build/MMB29P) AppleWebKit/537.36 (KHTML, like Gecko) Chrome/150.0.7871.186 Mobile Safari/537.36 (compatible; Googlebot/2.1; +http://www.google.com/bot.html)"
::1 - - [17/Aug/2026:18:01:43 +0800] "OPTIONS * HTTP/1.0" 200 110 "-" "Apache/2.4.68 (Ubuntu) OpenSSL/3.0.19 (internal dummy connection)"
140.111.67.10 - - [17/Aug/2026:18:01:45 +0800] "GET /" 301 273 "-" "-"
66.249.68.136 - - [17/Aug/2026:18:01:43 +0800] "GET /wp-login.php?action=ilc_logout&_wpnonce=43754d0aad&redirect_to=http://kaspiyskinvest.ru/creator/86130/ HTTP/1.1" 302 3468 "-" "Mozilla/5.0 (Linux; Android 6.0.1; Nexus 5X Build/MMB29P) AppleWebKit/537.36 (KHTML, like Gecko) Chrome/150.0.7871.186 Mobile Safari/537.36 (compatible; GoogleOther)"
2001:288:a201::66:125 - - [17/Aug/2026:18:01:45 +0800] "GET /blog/active.php HTTP/1.1" 404 1084 "-" "-"
2001:288:a201::66:125 - - [17/Aug/2026:18:01:45 +0800] "GET /blog/active.php HTTP/1.1" 301 1026 "-" "-"
2001:b400:e45f:dd5a:95da:36b4:70b2:1f69 - - [17/Aug/2026:18:01:45 +0800] "GET / HTTP/1.1" 200 32482 "https://www.google.com/" "Mozilla/5.0 (iPhone; CPU iPhone OS 18_7 like Mac OS X) AppleWebKit/605.1.15 (KHTML, like Gecko) Version/26.4 Mobile/15E148 Safari/604.1"
52.167.144.16 - - [17/Aug/2026:18:01:45 +0800] "GET /?s=%E5%8D%97%E6%96%B9%E5%A4%A7%E5%AD%B8%E5%AD%B8%E9%99%A2%E6%A0%A1%E9%95%B7 HTTP/1.1" 200 20495 "-" "Mozilla/5.0 AppleWebKit/537.36 (KHTML, like Gecko; compatible; bingbot/2.0; +http://www.bing.com/bingbot.htm) Chrome/116.0.1938.76 Safari/537.36"
2001:b400:e45f:dd5a:95da:36b4:70b2:1f69 - - [17/Aug/2026:18:01:46 +0800] "GET /wp-content/cache/www.chjh.ilc.edu.tw/wpfc-minified/78jy2wn7/6vy4.css HTTP/1.1" 200 1157 "https://www.chjh.ilc.edu.tw/" "Mozilla/5.0 (iPhone; CPU iPhone OS 18_7 like Mac OS X) AppleWebKit/605.1.15 (KHTML, like Gecko) Version/26.4 Mobile/15E148 Safari/604.1"
2001:b400:e45f:dd5a:95da:36b4:70b2:1f69 - - [17/Aug/2026:18:01:46 +0800] "GET /wp-content/cache/www.chjh.ilc.edu.tw/wpfc-minified/ee8a0dvs/6vy4.css HTTP/1.1" 200 45683 "https://www.chjh.ilc.edu.tw/" "Mozilla/5.0 (iPhone; CPU iPhone OS 18_7 like Mac OS X) AppleWebKit/605.1.15 (KHTML, like Gecko) Version/26.4 Mobile/15E148 Safari/604.1"
2001:b400:e45f:dd5a:95da:36b4:70b2:1f69 - - [17/Aug/2026:18:01:46 +0800] "GET /wp-content/uploads/sites/1482/elementor/css/post-2.css HTTP/1.1" 200 1150 "https://www.chjh.ilc.edu.tw/" "Mozilla/5.0 (iPhone; CPU iPhone OS 18_7 like Mac OS X) AppleWebKit/605.1.15 (KHTML, like Gecko) Version/26.4 Mobile/15E148 Safari/604.1"
2001:b400:e45f:dd5a:95da:36b4:70b2:1f69 - - [17/Aug/2026:18:01:46 +0800] "GET /wp-content/uploads/sites/1482/elementor/css/post-309.css HTTP/1.1" 200 6091 "https://www.chjh.ilc.edu.tw/" "Mozilla/5.0 (iPhone; CPU iPhone OS 18_7 like Mac OS X) AppleWebKit/605.1.15 (KHTML, like Gecko) Version/26.4 Mobile/15E148 Safari/604.1"
2001:b400:e45f:dd5a:95da:36b4:70b2:1f69 - - [17/Aug/2026:18:01:46 +0800] "GET /wp-content/cache/www.chjh.ilc.edu.tw/wpfc-minified/4uxh7t9/6vy4.css HTTP/1.1" 200 6510 "https://www.chjh.ilc.edu.tw/" "Mozilla/5.0 (iPhone; CPU iPhone OS 18_7 like Mac OS X) AppleWebKit/605.1.15 (KHTML, like Gecko) Version/26.4 Mobile/15E148 Safari/604.1"
2001:b400:e45f:dd5a:95da:36b4:70b2:1f69 - - [17/Aug/2026:18:01:46 +0800] "GET /wp-content/cache/www.chjh.ilc.edu.tw/wpfc-minified/9iyqo13s/6vy4.css HTTP/1.1" 200 23338 "https://www.chjh.ilc.edu.tw/" "Mozilla/5.0 (iPhone; CPU iPhone OS 18_7 like Mac OS X) AppleWebKit/605.1.15 (KHTML, like Gecko) Version/26.4 Mobile/15E148 Safari/604.1"
2001:b400:e45f:dd5a:95da:36b4:70b2:1f69 - - [17/Aug/2026:18:01:46 +0800] "GET /wp-content/cache/www.chjh.ilc.edu.tw/wpfc-minified/mc2crcdt/6vy4.js HTTP/1.1" 200 35559 "https://www.chjh.ilc.edu.tw/" "Mozilla/5.0 (iPhone; CPU iPhone OS 18_7 like Mac OS X) AppleWebKit/605.1.15 (KHTML, like Gecko) Version/26.4 Mobile/15E148 Safari/604.1"
2001:b400:e45f:dd5a:95da:36b4:70b2:1f69 - - [17/Aug/2026:18:01:46 +0800] "GET /wp-includes/js/hoverintent-js.min.js HTTP/1.1" 200 1597 "https://www.chjh.ilc.edu.tw/" "Mozilla/5.0 (iPhone; CPU iPhone OS 18_7 like Mac OS X) AppleWebKit/605.1.15 (KHTML, like Gecko) Version/26.4 Mobile/15E148 Safari/604.1"
2001:b400:e45f:dd5a:95da:36b4:70b2:1f69 - - [17/Aug/2026:18:01:46 +0800] "GET /wp-content/cache/www.chjh.ilc.edu.tw/wpfc-minified/e1voqedy/6vy4.css HTTP/1.1" 200 50092 "https://www.chjh.ilc.edu.tw/" "Mozilla/5.0 (iPhone; CPU iPhone OS 18_7 like Mac OS X) AppleWebKit/605.1.15 (KHTML, like Gecko) Version/26.4 Mobile/15E148 Safari/604.1"
2001:b400:e45f:dd5a:95da:36b4:70b2:1f69 - - [17/Aug/2026:18:01:46 +0800] "GET /wp-includes/js/admin-bar.min.js HTTP/1.1" 200 2237 "https://www.chjh.ilc.edu.tw/" "Mozilla/5.0 (iPhone; CPU iPhone OS 18_7 like Mac OS X) AppleWebKit/605.1.15 (KHTML, like Gecko) Version/26.4 Mobile/15E148 Safari/604.1"
2001:b400:e45f:dd5a:95da:36b4:70b2:1f69 - - [17/Aug/2026:18:01:46 +0800] "GET /wp-includes/js/underscore.min.js HTTP/1.1" 200 8191 "https://www.chjh.ilc.edu.tw/" "Mozilla/5.0 (iPhone; CPU iPhone OS 18_7 like Mac OS X) AppleWebKit/605.1.15 (KHTML, like Gecko) Version/26.4 Mobile/15E148 Safari/604.1"
2001:b400:e45f:dd5a:95da:36b4:70b2:1f69 - - [17/Aug/2026:18:01:46 +0800] "GET /wp-content/plugins/elementor/assets/js/webpack.runtime.min.js HTTP/1.1" 200 3095 "https://www.chjh.ilc.edu.tw/" "Mozilla/5.0 (iPhone; CPU iPhone OS 18_7 like Mac OS X) AppleWebKit/605.1.15 (KHTML, like Gecko) Version/26.4 Mobile/15E148 Safari/604.1"
2001:b400:e45f:dd5a:95da:36b4:70b2:1f69 - - [17/Aug/2026:18:01:46 +0800] "GET /wp-content/themes/huemanilc/assets/front/js/scripts.min.js HTTP/1.1" 200 27001 "https://www.chjh.ilc.edu.tw/" "Mozilla/5.0 (iPhone; CPU iPhone OS 18_7 like Mac OS X) AppleWebKit/605.1.15 (KHTML, like Gecko) Version/26.4 Mobile/15E148 Safari/604.1"
2001:b400:e45f:dd5a:95da:36b4:70b2:1f69 - - [17/Aug/2026:18:01:46 +0800] "GET /wp-content/plugins/elementor/assets/lib/waypoints/waypoints.min.js HTTP/1.1" 200 3873 "https://www.chjh.ilc.edu.tw/" "Mozilla/5.0 (iPhone; CPU iPhone OS 18_7 like Mac OS X) AppleWebKit/605.1.15 (KHTML, like Gecko) Version/26.4 Mobile/15E148 Safari/604.1"
2001:b400:e45f:dd5a:95da:36b4:70b2:1f69 - - [17/Aug/2026:18:01:46 +0800] "GET /wp-includes/js/jquery/ui/core.min.js HTTP/1.1" 200 7986 "https://www.chjh.ilc.edu.tw/" "Mozilla/5.0 (iPhone; CPU iPhone OS 18_7 like Mac OS X) AppleWebKit/605.1.15 (KHTML, like Gecko) Version/26.4 Mobile/15E148 Safari/604.1"
2001:b400:e45f:dd5a:95da:36b4:70b2:1f69 - - [17/Aug/2026:18:01:46 +0800] "GET /wp-content/plugins/elementor/assets/js/frontend-modules.min.js HTTP/1.1" 200 19416 "https://www.chjh.ilc.edu.tw/" "Mozilla/5.0 (iPhone; CPU iPhone OS 18_7 like Mac OS X) AppleWebKit/605.1.15 (KHTML, like Gecko) Version/26.4 Mobile/15E148 Safari/604.1"
2001:b400:e45f:dd5a:95da:36b4:70b2:1f69 - - [17/Aug/2026:18:01:46 +0800] "GET /wp-content/plugins/elementor/assets/js/frontend.min.js HTTP/1.1" 200 13169 "https://www.chjh.ilc.edu.tw/" "Mozilla/5.0 (iPhone; CPU iPhone OS 18_7 like Mac OS X) AppleWebKit/605.1.15 (KHTML, like Gecko) Version/26.4 Mobile/15E148 Safari/604.1"
2001:b400:e45f:dd5a:95da:36b4:70b2:1f69 - - [17/Aug/2026:18:01:46 +0800] "GET /wp-content/uploads/sites/1482/2026/06/115%E6%9C%83%E8%80%83.jpg HTTP/1.1" 200 103282 "https://www.chjh.ilc.edu.tw/" "Mozilla/5.0 (iPhone; CPU iPhone OS 18_7 like Mac OS X) AppleWebKit/605.1.15 (KHTML, like Gecko) Version/26.4 Mobile/15E148 Safari/604.1"
2001:b400:e45f:dd5a:95da:36b4:70b2:1f69 - - [17/Aug/2026:18:01:46 +0800] "GET /wp-content/uploads/sites/1482/2024/12/White-Minimalist-Library-Open-Hours-Instagram-Story-576x1024.png HTTP/1.1" 200 493801 "https://www.chjh.ilc.edu.tw/" "Mozilla/5.0 (iPhone; CPU iPhone OS 18_7 like Mac OS X) AppleWebKit/605.1.15 (KHTML, like Gecko) Version/26.4 Mobile/15E148 Safari/604.1"
2001:b400:e45f:dd5a:95da:36b4:70b2:1f69 - - [17/Aug/2026:18:01:46 +0800] "GET /wp-content/uploads/sites/1482/2023/07/%E8%B3%87%E5%AE%89%E7%A0%94%E7%BF%92.png HTTP/1.1" 200 7369 "https://www.chjh.ilc.edu.tw/" "Mozilla/5.0 (iPhone; CPU iPhone OS 18_7 like Mac OS X) AppleWebKit/605.1.15 (KHTML, like Gecko) Version/26.4 Mobile/15E148 Safari/604.1"
2001:b400:e45f:dd5a:95da:36b4:70b2:1f69 - - [17/Aug/2026:18:01:46 +0800] "GET /wp-content/uploads/sites/1482/2026/05/114%E5%AD%B8%E5%B9%B4%E5%BA%A6%E8%81%AF%E8%B3%BD%E6%88%90%E7%B8%BE.jpg HTTP/1.1" 200 123683 "https://www.chjh.ilc.edu.tw/" "Mozilla/5.0 (iPhone; CPU iPhone OS 18_7 like Mac OS X) AppleWebKit/605.1.15 (KHTML, like Gecko) Version/26.4 Mobile/15E148 Safari/604.1"
2001:b400:e45f:dd5a:95da:36b4:70b2:1f69 - - [17/Aug/2026:18:01:46 +0800] "GET /wp-content/uploads/sites/1482/2026/05/115%E5%85%A8%E4%B8%AD%E9%81%8B%E6%88%90%E7%B8%BE.jpg HTTP/1.1" 200 125380 "https://www.chjh.ilc.edu.tw/" "Mozilla/5.0 (iPhone; CPU iPhone OS 18_7 like Mac OS X) AppleWebKit/605.1.15 (KHTML, like Gecko) Version/26.4 Mobile/15E148 Safari/604.1"
2001:b400:e45f:dd5a:95da:36b4:70b2:1f69 - - [17/Aug/2026:18:01:46 +0800] "GET /chjh2/wp-content/uploads/sites/1482/2020/02/cropped-Image2.png HTTP/1.1" 200 346219 "https://www.chjh.ilc.edu.tw/" "Mozilla/5.0 (iPhone; CPU iPhone OS 18_7 like Mac OS X) AppleWebKit/605.1.15 (KHTML, like Gecko) Version/26.4 Mobile/15E148 Safari/604.1"
2001:b400:e45f:dd5a:95da:36b4:70b2:1f69 - - [17/Aug/2026:18:01:46 +0800] "GET /wp-content/uploads/sites/1482/2026/04/%E6%AD%8C%E5%94%B1%E6%AF%94%E8%B3%BD%E7%A5%9D%E8%B3%80%E6%B5%B7%E5%A0%B1_page-0001_0-1024x576.jpg HTTP/1.1" 200 88311 "https://www.chjh.ilc.edu.tw/" "Mozilla/5.0 (iPhone; CPU iPhone OS 18_7 like Mac OS X) AppleWebKit/605.1.15 (KHTML, like Gecko) Version/26.4 Mobile/15E148 Safari/604.1"
2001:b400:e45f:dd5a:95da:36b4:70b2:1f69 - - [17/Aug/2026:18:01:46 +0800] "GET /wp-content/uploads/sites/1482/2026/04/%E7%A7%91%E5%B1%95%E7%AB%B6%E8%B3%BD%E6%B5%B7%E5%A0%B1-1024x572.png HTTP/1.1" 200 727375 "https://www.chjh.ilc.edu.tw/" "Mozilla/5.0 (iPhone; CPU iPhone OS 18_7 like Mac OS X) AppleWebKit/605.1.15 (KHTML, like Gecko) Version/26.4 Mobile/15E148 Safari/604.1"
2001:b400:e45f:dd5a:95da:36b4:70b2:1f69 - - [17/Aug/2026:18:01:46 +0800] "GET /wp-content/uploads/sites/1482/2026/04/%E8%AE%80%E8%80%85%E5%8A%87%E5%A0%B4%E7%A5%9D%E8%B3%80%E6%B5%B7%E5%A0%B1_page-0001_0-1024x576.jpg HTTP/1.1" 200 87594 "https://www.chjh.ilc.edu.tw/" "Mozilla/5.0 (iPhone; CPU iPhone OS 18_7 like Mac OS X) AppleWebKit/605.1.15 (KHTML, like Gecko) Version/26.4 Mobile/15E148 Safari/604.1"
2001:b400:e45f:dd5a:95da:36b4:70b2:1f69 - - [17/Aug/2026:18:01:47 +0800] "GET /wp-content/uploads/sites/1482/2026/04/%E5%96%AE%E5%AD%97%E7%8E%8B%E7%A5%9D%E8%B3%80%E6%B5%B7%E5%A0%B1_page-0001_0-1024x576.jpg HTTP/1.1" 200 105740 "https://www.chjh.ilc.edu.tw/" "Mozilla/5.0 (iPhone; CPU iPhone OS 18_7 like Mac OS X) AppleWebKit/605.1.15 (KHTML, like Gecko) Version/26.4 Mobile/15E148 Safari/604.1"
2001:b400:e45f:dd5a:95da:36b4:70b2:1f69 - - [17/Aug/2026:18:01:47 +0800] "GET /wp-content/uploads/sites/1482/2026/03/%E3%80%8C114%E5%AD%B8%E5%B9%B4%E5%BA%A6%E5%85%A8%E5%9C%8B%E5%AD%B8%E7%94%9F%E9%9F%B3%E6%A8%82%E6%AF%94%E8%B3%BD%E3%80%8D%E5%80%8B%E4%BA%BA%E9%A0%85%E7%9B%AE%E5%85%A8%E5%8D%80%E6%B1%BA%E8%B3%BD-%E6%88%90%E7%B8%BE%E5%85%AC%E5%91%8A-%E5%80%8B%E4%BA%BA-1024x576.jpg HTTP/1.1" 200 105028 "https://www.chjh.ilc.edu.tw/" "Mozilla/5.0 (iPhone; CPU iPhone OS 18_7 like Mac OS X) AppleWebKit/605.1.15 (KHTML, like Gecko) Version/26.4 Mobile/15E148 Safari/604.1"
