::1 - - [17/Aug/2026:18:00:02 +0800] "OPTIONS * HTTP/1.0" 200 110 "-" "Apache/2.4.68 (Ubuntu) OpenSSL/3.0.19 (internal dummy connection)"
211.167.35.55 - - [17/Aug/2026:18:00:04 +0800] "GET / HTTP/1.1" 200 18901 "-" "Mozilla/5.0 (Windows NT 10.0; Win64; x64) AppleWebKit/537.36 (KHTML, like Gecko) Chrome/149.0.0.0 Safari/537.36 Edg/149.0.0.0"
66.249.71.164 - - [17/Aug/2026:18:00:01 +0800] "GET /wp-login.php?action=ilc_logout&_wpnonce=43754d0aad&redirect_to=http://cafepuerto.ru/job/70066/ HTTP/1.1" 302 8247 "-" "Mozilla/5.0 (Linux; Android 6.0.1; Nexus 5X Build/MMB29P) AppleWebKit/537.36 (KHTML, like Gecko) Chrome/150.0.7871.186 Mobile Safari/537.36 (compatible; GoogleOther)"
::1 - - [17/Aug/2026:18:00:04 +0800] "OPTIONS * HTTP/1.0" 200 110 "-" "Apache/2.4.68 (Ubuntu) OpenSSL/3.0.19 (internal dummy connection)"
140.111.67.10 - - [17/Aug/2026:18:00:05 +0800] "GET /" 301 273 "-" "-"
2001:288:a201::66:125 - - [17/Aug/2026:18:00:05 +0800] "GET /blog/active.php HTTP/1.1" 404 1084 "-" "-"
2001:288:a201::66:125 - - [17/Aug/2026:18:00:05 +0800] "GET /blog/active.php HTTP/1.1" 301 1026 "-" "-"
::1 - - [17/Aug/2026:18:00:05 +0800] "OPTIONS * HTTP/1.0" 200 110 "-" "Apache/2.4.68 (Ubuntu) OpenSSL/3.0.19 (internal dummy connection)"
2001:b011:2008:561e:e081:87e3:7d4:d0b6 - - [17/Aug/2026:18:00:06 +0800] "-" 408 4802 "-" "-"
::1 - - [17/Aug/2026:18:00:06 +0800] "OPTIONS * HTTP/1.0" 200 110 "-" "Apache/2.4.68 (Ubuntu) OpenSSL/3.0.19 (internal dummy connection)"
2001:288:a223:1:843b:fe8e:b2b0:47c8 - - [17/Aug/2026:18:00:07 +0800] "-" 408 4791 "-" "-"
::1 - - [17/Aug/2026:18:00:07 +0800] "OPTIONS * HTTP/1.0" 200 110 "-" "Apache/2.4.68 (Ubuntu) OpenSSL/3.0.19 (internal dummy connection)"
::1 - - [17/Aug/2026:18:00:08 +0800] "OPTIONS * HTTP/1.0" 200 110 "-" "Apache/2.4.68 (Ubuntu) OpenSSL/3.0.19 (internal dummy connection)"
::1 - - [17/Aug/2026:18:00:09 +0800] "OPTIONS * HTTP/1.0" 200 110 "-" "Apache/2.4.68 (Ubuntu) OpenSSL/3.0.19 (internal dummy connection)"
140.111.67.10 - - [17/Aug/2026:18:00:10 +0800] "GET /" 301 273 "-" "-"
2001:4860:7:810::fb - - [17/Aug/2026:18:00:10 +0800] "GET / HTTP/1.1" 200 20465 "https://www.google.com/" "Mozilla/5.0 (Linux; Android 10; K) AppleWebKit/537.36 (KHTML, like Gecko) Chrome/151.0.0.0 Mobile Safari/537.36"
2001:288:a201::66:125 - - [17/Aug/2026:18:00:10 +0800] "GET /blog/active.php HTTP/1.1" 404 1084 "-" "-"
2001:288:a201::66:125 - - [17/Aug/2026:18:00:10 +0800] "GET /blog/active.php HTTP/1.1" 301 1026 "-" "-"
::1 - - [17/Aug/2026:18:00:10 +0800] "OPTIONS * HTTP/1.0" 200 110 "-" "Apache/2.4.68 (Ubuntu) OpenSSL/3.0.19 (internal dummy connection)"
2001:b400:e2aa:5970:f0fe:66c7:ef36:2fd6 - - [17/Aug/2026:18:00:12 +0800] "GET / HTTP/1.1" 200 17083 "https://www.google.com/url?q=https://www.ghjh.ilc.edu.tw/&sa=U&sqi=2&ved=2ahUKEwjr-ODis6eWAxVLb_UHHeQ3F50QFnoECCUQAQ&usg=AOvVaw0p4KY2MGW3i0B_RD1VRkcp" "Mozilla/5.0 (iPhone; CPU iPhone OS 26_5_2 like Mac OS X) AppleWebKit/605.1.15 (KHTML, like Gecko) GSA/433.5.957829776 Mobile/15E148 Safari/604.1"
2001:b400:e2aa:5970:f0fe:66c7:ef36:2fd6 - - [17/Aug/2026:18:00:12 +0800] "GET /wp-content/cache/www.ghjh.ilc.edu.tw/wpfc-minified/9a7r7kpk/6vxl.css HTTP/1.1" 200 40894 "https://www.ghjh.ilc.edu.tw/" "Mozilla/5.0 (iPhone; CPU iPhone OS 26_5_2 like Mac OS X) AppleWebKit/605.1.15 (KHTML, like Gecko) GSA/433.5.957829776 Mobile/15E148 Safari/604.1"
2001:b400:e2aa:5970:f0fe:66c7:ef36:2fd6 - - [17/Aug/2026:18:00:12 +0800] "GET /wp-includes/js/hoverintent-js.min.js HTTP/1.1" 200 1597 "https://www.ghjh.ilc.edu.tw/" "Mozilla/5.0 (iPhone; CPU iPhone OS 26_5_2 like Mac OS X) AppleWebKit/605.1.15 (KHTML, like Gecko) GSA/433.5.957829776 Mobile/15E148 Safari/604.1"
2001:b400:e2aa:5970:f0fe:66c7:ef36:2fd6 - - [17/Aug/2026:18:00:12 +0800] "GET /wp-includes/js/admin-bar.min.js HTTP/1.1" 200 2237 "https://www.ghjh.ilc.edu.tw/" "Mozilla/5.0 (iPhone; CPU iPhone OS 26_5_2 like Mac OS X) AppleWebKit/605.1.15 (KHTML, like Gecko) GSA/433.5.957829776 Mobile/15E148 Safari/604.1"
2001:b400:e2aa:5970:f0fe:66c7:ef36:2fd6 - - [17/Aug/2026:18:00:12 +0800] "GET /wp-includes/js/imagesloaded.min.js HTTP/1.1" 200 2683 "https://www.ghjh.ilc.edu.tw/" "Mozilla/5.0 (iPhone; CPU iPhone OS 26_5_2 like Mac OS X) AppleWebKit/605.1.15 (KHTML, like Gecko) GSA/433.5.957829776 Mobile/15E148 Safari/604.1"
2001:b400:e2aa:5970:f0fe:66c7:ef36:2fd6 - - [17/Aug/2026:18:00:12 +0800] "GET /wp-content/themes/oceanwp/assets/js/theme.min.js HTTP/1.1" 200 5130 "https://www.ghjh.ilc.edu.tw/" "Mozilla/5.0 (iPhone; CPU iPhone OS 26_5_2 like Mac OS X) AppleWebKit/605.1.15 (KHTML, like Gecko) GSA/433.5.957829776 Mobile/15E148 Safari/604.1"
2001:b400:e2aa:5970:f0fe:66c7:ef36:2fd6 - - [17/Aug/2026:18:00:13 +0800] "GET /wp-content/themes/oceanwp/assets/js/full-screen-menu.min.js HTTP/1.1" 200 4064 "https://www.ghjh.ilc.edu.tw/" "Mozilla/5.0 (iPhone; CPU iPhone OS 26_5_2 like Mac OS X) AppleWebKit/605.1.15 (KHTML, like Gecko) GSA/433.5.957829776 Mobile/15E148 Safari/604.1"
2001:b400:e2aa:5970:f0fe:66c7:ef36:2fd6 - - [17/Aug/2026:18:00:13 +0800] "GET /wp-content/themes/oceanwp/assets/js/drop-down-mobile-menu.min.js HTTP/1.1" 200 4663 "https://www.ghjh.ilc.edu.tw/" "Mozilla/5.0 (iPhone; CPU iPhone OS 26_5_2 like Mac OS X) AppleWebKit/605.1.15 (KHTML, like Gecko) GSA/433.5.957829776 Mobile/15E148 Safari/604.1"
2001:b400:e2aa:5970:f0fe:66c7:ef36:2fd6 - - [17/Aug/2026:18:00:13 +0800] "GET /wp-content/themes/oceanwp/assets/js/drop-down-search.min.js HTTP/1.1" 200 2968 "https://www.ghjh.ilc.edu.tw/" "Mozilla/5.0 (iPhone; CPU iPhone OS 26_5_2 like Mac OS X) AppleWebKit/605.1.15 (KHTML, like Gecko) GSA/433.5.957829776 Mobile/15E148 Safari/604.1"
2001:b400:e2aa:5970:f0fe:66c7:ef36:2fd6 - - [17/Aug/2026:18:00:13 +0800] "GET /wp-content/themes/oceanwp/assets/js/vendors/magnific-popup.min.js HTTP/1.1" 200 8270 "https://www.ghjh.ilc.edu.tw/" "Mozilla/5.0 (iPhone; CPU iPhone OS 26_5_2 like Mac OS X) AppleWebKit/605.1.15 (KHTML, like Gecko) GSA/433.5.957829776 Mobile/15E148 Safari/604.1"
2001:b400:e2aa:5970:f0fe:66c7:ef36:2fd6 - - [17/Aug/2026:18:00:13 +0800] "GET /wp-content/themes/oceanwp/assets/js/ow-lightbox.min.js HTTP/1.1" 200 2321 "https://www.ghjh.ilc.edu.tw/" "Mozilla/5.0 (iPhone; CPU iPhone OS 26_5_2 like Mac OS X) AppleWebKit/605.1.15 (KHTML, like Gecko) GSA/433.5.957829776 Mobile/15E148 Safari/604.1"
2001:b400:e2aa:5970:f0fe:66c7:ef36:2fd6 - - [17/Aug/2026:18:00:13 +0800] "GET /wp-content/themes/oceanwp/assets/js/vendors/flickity.pkgd.min.js HTTP/1.1" 200 15048 "https://www.ghjh.ilc.edu.tw/" "Mozilla/5.0 (iPhone; CPU iPhone OS 26_5_2 like Mac OS X) AppleWebKit/605.1.15 (KHTML, like Gecko) GSA/433.5.957829776 Mobile/15E148 Safari/604.1"
2001:b400:e2aa:5970:f0fe:66c7:ef36:2fd6 - - [17/Aug/2026:18:00:13 +0800] "GET /wp-content/themes/oceanwp/assets/js/ow-slider.min.js HTTP/1.1" 200 1761 "https://www.ghjh.ilc.edu.tw/" "Mozilla/5.0 (iPhone; CPU iPhone OS 26_5_2 like Mac OS X) AppleWebKit/605.1.15 (KHTML, like Gecko) GSA/433.5.957829776 Mobile/15E148 Safari/604.1"
2001:b400:e2aa:5970:f0fe:66c7:ef36:2fd6 - - [17/Aug/2026:18:00:13 +0800] "GET /wp-content/themes/oceanwp/assets/js/scroll-effect.min.js HTTP/1.1" 200 4127 "https://www.ghjh.ilc.edu.tw/" "Mozilla/5.0 (iPhone; CPU iPhone OS 26_5_2 like Mac OS X) AppleWebKit/605.1.15 (KHTML, like Gecko) GSA/433.5.957829776 Mobile/15E148 Safari/604.1"
2001:b400:e2aa:5970:f0fe:66c7:ef36:2fd6 - - [17/Aug/2026:18:00:13 +0800] "GET /wp-content/themes/oceanwp/assets/js/scroll-top.min.js HTTP/1.1" 200 3202 "https://www.ghjh.ilc.edu.tw/" "Mozilla/5.0 (iPhone; CPU iPhone OS 26_5_2 like Mac OS X) AppleWebKit/605.1.15 (KHTML, like Gecko) GSA/433.5.957829776 Mobile/15E148 Safari/604.1"
2001:b400:e2aa:5970:f0fe:66c7:ef36:2fd6 - - [17/Aug/2026:18:00:13 +0800] "GET /wp-content/themes/oceanwp/assets/js/select.min.js HTTP/1.1" 200 2408 "https://www.ghjh.ilc.edu.tw/" "Mozilla/5.0 (iPhone; CPU iPhone OS 26_5_2 like Mac OS X) AppleWebKit/605.1.15 (KHTML, like Gecko) GSA/433.5.957829776 Mobile/15E148 Safari/604.1"
2001:b400:e2aa:5970:f0fe:66c7:ef36:2fd6 - - [17/Aug/2026:18:00:13 +0800] "GET /wp-content/plugins/ocean-extra/includes/widgets/js/flickr.min.js HTTP/1.1" 200 1319 "https://www.ghjh.ilc.edu.tw/" "Mozilla/5.0 (iPhone; CPU iPhone OS 26_5_2 like Mac OS X) AppleWebKit/605.1.15 (KHTML, like Gecko) GSA/433.5.957829776 Mobile/15E148 Safari/604.1"
118.163.44.186 - - [17/Aug/2026:18:00:13 +0800] "GET /wp-content/uploads/sites/890/2026/07/2026718%E5%9C%8B%E6%A8%82%E5%9C%98%E9%87%91%E6%A8%BD%E6%BC%94%E5%87%BA%E7%B8%AE%E5%9C%96.jpg HTTP/1.1" 200 84556 "https://www.yeses.ilc.edu.tw/" "Mozilla/5.0 (Windows NT 10.0; Win64; x64) AppleWebKit/537.36 (KHTML, like Gecko) Chrome/151.0.0.0 Safari/537.36"
118.163.44.186 - - [17/Aug/2026:18:00:13 +0800] "GET /wp-content/uploads/sites/890/2021/03/3.png HTTP/1.1" 200 15137 "https://www.yeses.ilc.edu.tw/" "Mozilla/5.0 (Windows NT 10.0; Win64; x64) AppleWebKit/537.36 (KHTML, like Gecko) Chrome/151.0.0.0 Safari/537.36"
2001:b400:e2aa:5970:f0fe:66c7:ef36:2fd6 - - [17/Aug/2026:18:00:12 +0800] "GET /wp-content/cache/www.ghjh.ilc.edu.tw/wpfc-minified/7z1v8m27/6vxl.js HTTP/1.1" 200 8254 "https://www.ghjh.ilc.edu.tw/" "Mozilla/5.0 (iPhone; CPU iPhone OS 26_5_2 like Mac OS X) AppleWebKit/605.1.15 (KHTML, like Gecko) GSA/433.5.957829776 Mobile/15E148 Safari/604.1"
118.163.44.186 - - [17/Aug/2026:18:00:13 +0800] "GET /wp-content/uploads/sites/890/2026/07/LINE_ALBUM_20260709%E9%84%89%E8%AA%9E%E6%96%87%E7%AB%B6%E8%B3%BD_260710_6.jpg HTTP/1.1" 200 45104 "https://www.yeses.ilc.edu.tw/" "Mozilla/5.0 (Windows NT 10.0; Win64; x64) AppleWebKit/537.36 (KHTML, like Gecko) Chrome/151.0.0.0 Safari/537.36"
118.163.44.186 - - [17/Aug/2026:18:00:13 +0800] "GET /wp-content/uploads/sites/890/2021/03/menulisticon.gif HTTP/1.1" 200 6593 "https://www.yeses.ilc.edu.tw/" "Mozilla/5.0 (Windows NT 10.0; Win64; x64) AppleWebKit/537.36 (KHTML, like Gecko) Chrome/151.0.0.0 Safari/537.36"
2001:b400:e2aa:5970:f0fe:66c7:ef36:2fd6 - - [17/Aug/2026:18:00:12 +0800] "GET /wp-content/cache/www.ghjh.ilc.edu.tw/wpfc-minified/qgo2hbb/6vxl.css HTTP/1.1" 200 5962 "https://www.ghjh.ilc.edu.tw/" "Mozilla/5.0 (iPhone; CPU iPhone OS 26_5_2 like Mac OS X) AppleWebKit/605.1.15 (KHTML, like Gecko) GSA/433.5.957829776 Mobile/15E148 Safari/604.1"
118.163.44.186 - - [17/Aug/2026:18:00:13 +0800] "GET /wp-content/uploads/sites/890/2021/01/computer_icon.jpeg HTTP/1.1" 200 33567 "https://www.yeses.ilc.edu.tw/" "Mozilla/5.0 (Windows NT 10.0; Win64; x64) AppleWebKit/537.36 (KHTML, like Gecko) Chrome/151.0.0.0 Safari/537.36"
2001:b400:e2aa:5970:f0fe:66c7:ef36:2fd6 - - [17/Aug/2026:18:00:12 +0800] "GET /wp-content/cache/www.ghjh.ilc.edu.tw/wpfc-minified/eenfdh94/6vxl.css HTTP/1.1" 200 20587 "https://www.ghjh.ilc.edu.tw/" "Mozilla/5.0 (iPhone; CPU iPhone OS 26_5_2 like Mac OS X) AppleWebKit/605.1.15 (KHTML, like Gecko) GSA/433.5.957829776 Mobile/15E148 Safari/604.1"
2001:b400:e2aa:5970:f0fe:66c7:ef36:2fd6 - - [17/Aug/2026:18:00:12 +0800] "GET /wp-content/cache/www.ghjh.ilc.edu.tw/wpfc-minified/d6oxvho1/6vxl.js HTTP/1.1" 200 40360 "https://www.ghjh.ilc.edu.tw/" "Mozilla/5.0 (iPhone; CPU iPhone OS 26_5_2 like Mac OS X) AppleWebKit/605.1.15 (KHTML, like Gecko) GSA/433.5.957829776 Mobile/15E148 Safari/604.1"
2001:b400:e2aa:5970:f0fe:66c7:ef36:2fd6 - - [17/Aug/2026:18:00:12 +0800] "GET /wp-content/cache/www.ghjh.ilc.edu.tw/wpfc-minified/fqg4yllu/6vxl.css HTTP/1.1" 200 67589 "https://www.ghjh.ilc.edu.tw/" "Mozilla/5.0 (iPhone; CPU iPhone OS 26_5_2 like Mac OS X) AppleWebKit/605.1.15 (KHTML, like Gecko) GSA/433.5.957829776 Mobile/15E148 Safari/604.1"
66.249.68.137 - - [17/Aug/2026:18:00:09 +0800] "GET /wp-login.php?action=ilc_logout&_wpnonce=43754d0aad&redirect_to=http://elpis-photo.ru/gallery/42477/ HTTP/1.1" 302 8252 "-" "Mozilla/5.0 (Linux; Android 6.0.1; Nexus 5X Build/MMB29P) AppleWebKit/537.36 (KHTML, like Gecko) Chrome/150.0.7871.186 Mobile Safari/537.36 (compatible; Googlebot/2.1; +http://www.google.com/bot.html)"
2001:b400:e2aa:5970:f0fe:66c7:ef36:2fd6 - - [17/Aug/2026:18:00:14 +0800] "GET /wp-content/uploads/sites/3157/2021/04/m1_01t01.png HTTP/1.1" 200 12702 "https://www.ghjh.ilc.edu.tw/" "Mozilla/5.0 (iPhone; CPU iPhone OS 26_5_2 like Mac OS X) AppleWebKit/605.1.15 (KHTML, like Gecko) GSA/433.5.957829776 Mobile/15E148 Safari/604.1"
2001:b400:e2aa:5970:f0fe:66c7:ef36:2fd6 - - [17/Aug/2026:18:00:14 +0800] "GET /wp-content/uploads/sites/3157/2021/04/m1_01t02.png HTTP/1.1" 200 11116 "https://www.ghjh.ilc.edu.tw/" "Mozilla/5.0 (iPhone; CPU iPhone OS 26_5_2 like Mac OS X) AppleWebKit/605.1.15 (KHTML, like Gecko) GSA/433.5.957829776 Mobile/15E148 Safari/604.1"
2001:b400:e2aa:5970:f0fe:66c7:ef36:2fd6 - - [17/Aug/2026:18:00:14 +0800] "GET /wp-content/themes/oceanwp/assets/fonts/simple-line-icons/Simple-Line-Icons.woff2?v=2.4.0 HTTP/1.1" 200 30959 "https://www.ghjh.ilc.edu.tw/" "Mozilla/5.0 (iPhone; CPU iPhone OS 26_5_2 like Mac OS X) AppleWebKit/605.1.15 (KHTML, like Gecko) GSA/433.5.957829776 Mobile/15E148 Safari/604.1"
2001:b400:e2aa:5970:f0fe:66c7:ef36:2fd6 - - [17/Aug/2026:18:00:14 +0800] "GET /wp-content/themes/oceanwp/assets/fonts/fontawesome/webfonts/fa-solid-900.woff2 HTTP/1.1" 200 151246 "https://www.ghjh.ilc.edu.tw/" "Mozilla/5.0 (iPhone; CPU iPhone OS 26_5_2 like Mac OS X) AppleWebKit/605.1.15 (KHTML, like Gecko) GSA/433.5.957829776 Mobile/15E148 Safari/604.1"
2001:b400:e2aa:5970:f0fe:66c7:ef36:2fd6 - - [17/Aug/2026:18:00:14 +0800] "GET /wp-content/uploads/sites/3157/2021/04/cropped-ghjh01.jpg HTTP/1.1" 200 93335 "https://www.ghjh.ilc.edu.tw/" "Mozilla/5.0 (iPhone; CPU iPhone OS 26_5_2 like Mac OS X) AppleWebKit/605.1.15 (KHTML, like Gecko) GSA/433.5.957829776 Mobile/15E148 Safari/604.1"
140.111.67.10 - - [17/Aug/2026:18:00:15 +0800] "GET /" 301 273 "-" "-"
2001:288:a201::66:125 - - [17/Aug/2026:18:00:15 +0800] "GET /blog/active.php HTTP/1.1" 301 1026 "-" "-"
2001:288:a201::66:125 - - [17/Aug/2026:18:00:15 +0800] "GET /blog/active.php HTTP/1.1" 404 1084 "-" "-"
66.249.68.201 - - [17/Aug/2026:18:00:15 +0800] "GET /6538/2017/11/ HTTP/1.1" 200 14711 "-" "Mozilla/5.0 (Linux; Android 6.0.1; Nexus 5X Build/MMB29P) AppleWebKit/537.36 (KHTML, like Gecko) Chrome/150.0.7871.186 Mobile Safari/537.36 (compatible; Googlebot/2.1; +http://www.google.com/bot.html)"
36.229.239.230 - - [17/Aug/2026:18:00:18 +0800] "GET /19356/2019/05/08/%E6%81%AD%E8%B3%80%EF%BC%81%E6%9C%AC%E6%A0%A1%E5%8F%83%E5%8A%A0%E5%AE%9C%E8%98%AD%E7%B8%A3108%E5%B9%B4%E5%BA%A6%E7%A7%91%E5%B1%95%E6%88%90%E7%B8%BE%E5%84%AA%E7%95%B0/ HTTP/1.1" 200 18414 "https://www.google.com/" "Mozilla/5.0 (iPhone; CPU iPhone OS 18_7 like Mac OS X) AppleWebKit/605.1.15 (KHTML, like Gecko) Version/26.5.2 Mobile/15E148 Safari/604.1"
36.229.239.230 - - [17/Aug/2026:18:00:19 +0800] "GET /19356/wp-content/cache/2blog.ilc.edu.tw/wpfc-minified/kqf30kbo/60fe1.css HTTP/1.1" 200 45684 "https://2blog.ilc.edu.tw/19356/2019/05/08/%E6%81%AD%E8%B3%80%EF%BC%81%E6%9C%AC%E6%A0%A1%E5%8F%83%E5%8A%A0%E5%AE%9C%E8%98%AD%E7%B8%A3108%E5%B9%B4%E5%BA%A6%E7%A7%91%E5%B1%95%E6%88%90%E7%B8%BE%E5%84%AA%E7%95%B0/" "Mozilla/5.0 (iPhone; CPU iPhone OS 18_7 like Mac OS X) AppleWebKit/605.1.15 (KHTML, like Gecko) Version/26.5.2 Mobile/15E148 Safari/604.1"
36.229.239.230 - - [17/Aug/2026:18:00:19 +0800] "GET /19356/wp-content/cache/2blog.ilc.edu.tw/wpfc-minified/lyxiirrj/60fe1.css HTTP/1.1" 200 15782 "https://2blog.ilc.edu.tw/19356/2019/05/08/%E6%81%AD%E8%B3%80%EF%BC%81%E6%9C%AC%E6%A0%A1%E5%8F%83%E5%8A%A0%E5%AE%9C%E8%98%AD%E7%B8%A3108%E5%B9%B4%E5%BA%A6%E7%A7%91%E5%B1%95%E6%88%90%E7%B8%BE%E5%84%AA%E7%95%B0/" "Mozilla/5.0 (iPhone; CPU iPhone OS 18_7 like Mac OS X) AppleWebKit/605.1.15 (KHTML, like Gecko) Version/26.5.2 Mobile/15E148 Safari/604.1"
36.229.239.230 - - [17/Aug/2026:18:00:19 +0800] "GET /19356/wp-content/uploads/sites/1101/2023/09/math-1-1536x614.jpg HTTP/1.1" 200 108132 "https://2blog.ilc.edu.tw/19356/2019/05/08/%E6%81%AD%E8%B3%80%EF%BC%81%E6%9C%AC%E6%A0%A1%E5%8F%83%E5%8A%A0%E5%AE%9C%E8%98%AD%E7%B8%A3108%E5%B9%B4%E5%BA%A6%E7%A7%91%E5%B1%95%E6%88%90%E7%B8%BE%E5%84%AA%E7%95%B0/" "Mozilla/5.0 (iPhone; CPU iPhone OS 18_7 like Mac OS X) AppleWebKit/605.1.15 (KHTML, like Gecko) Version/26.5.2 Mobile/15E148 Safari/604.1"
36.229.239.230 - - [17/Aug/2026:18:00:19 +0800] "GET /19356/wp-includes/js/hoverintent-js.min.js HTTP/1.1" 200 1597 "https://2blog.ilc.edu.tw/19356/2019/05/08/%E6%81%AD%E8%B3%80%EF%BC%81%E6%9C%AC%E6%A0%A1%E5%8F%83%E5%8A%A0%E5%AE%9C%E8%98%AD%E7%B8%A3108%E5%B9%B4%E5%BA%A6%E7%A7%91%E5%B1%95%E6%88%90%E7%B8%BE%E5%84%AA%E7%95%B0/" "Mozilla/5.0 (iPhone; CPU iPhone OS 18_7 like Mac OS X) AppleWebKit/605.1.15 (KHTML, like Gecko) Version/26.5.2 Mobile/15E148 Safari/604.1"
36.229.239.230 - - [17/Aug/2026:18:00:19 +0800] "GET /19356/wp-content/cache/2blog.ilc.edu.tw/wpfc-minified/jqjrybdl/60fe1.css HTTP/1.1" 200 5953 "https://2blog.ilc.edu.tw/19356/2019/05/08/%E6%81%AD%E8%B3%80%EF%BC%81%E6%9C%AC%E6%A0%A1%E5%8F%83%E5%8A%A0%E5%AE%9C%E8%98%AD%E7%B8%A3108%E5%B9%B4%E5%BA%A6%E7%A7%91%E5%B1%95%E6%88%90%E7%B8%BE%E5%84%AA%E7%95%B0/" "Mozilla/5.0 (iPhone; CPU iPhone OS 18_7 like Mac OS X) AppleWebKit/605.1.15 (KHTML, like Gecko) Version/26.5.2 Mobile/15E148 Safari/604.1"
36.229.239.230 - - [17/Aug/2026:18:00:19 +0800] "GET /19356/wp-includes/js/admin-bar.min.js HTTP/1.1" 200 2237 "https://2blog.ilc.edu.tw/19356/2019/05/08/%E6%81%AD%E8%B3%80%EF%BC%81%E6%9C%AC%E6%A0%A1%E5%8F%83%E5%8A%A0%E5%AE%9C%E8%98%AD%E7%B8%A3108%E5%B9%B4%E5%BA%A6%E7%A7%91%E5%B1%95%E6%88%90%E7%B8%BE%E5%84%AA%E7%95%B0/" "Mozilla/5.0 (iPhone; CPU iPhone OS 18_7 like Mac OS X) AppleWebKit/605.1.15 (KHTML, like Gecko) Version/26.5.2 Mobile/15E148 Safari/604.1"
36.229.239.230 - - [17/Aug/2026:18:00:19 +0800] "GET /19356/wp-content/cache/2blog.ilc.edu.tw/wpfc-minified/l24aavea/60yic.js HTTP/1.1" 200 6440 "https://2blog.ilc.edu.tw/19356/2019/05/08/%E6%81%AD%E8%B3%80%EF%BC%81%E6%9C%AC%E6%A0%A1%E5%8F%83%E5%8A%A0%E5%AE%9C%E8%98%AD%E7%B8%A3108%E5%B9%B4%E5%BA%A6%E7%A7%91%E5%B1%95%E6%88%90%E7%B8%BE%E5%84%AA%E7%95%B0/" "Mozilla/5.0 (iPhone; CPU iPhone OS 18_7 like Mac OS X) AppleWebKit/605.1.15 (KHTML, like Gecko) Version/26.5.2 Mobile/15E148 Safari/604.1"
36.229.239.230 - - [17/Aug/2026:18:00:19 +0800] "GET /19356/wp-includes/js/imagesloaded.min.js HTTP/1.1" 200 2683 "https://2blog.ilc.edu.tw/19356/2019/05/08/%E6%81%AD%E8%B3%80%EF%BC%81%E6%9C%AC%E6%A0%A1%E5%8F%83%E5%8A%A0%E5%AE%9C%E8%98%AD%E7%B8%A3108%E5%B9%B4%E5%BA%A6%E7%A7%91%E5%B1%95%E6%88%90%E7%B8%BE%E5%84%AA%E7%95%B0/" "Mozilla/5.0 (iPhone; CPU iPhone OS 18_7 like Mac OS X) AppleWebKit/605.1.15 (KHTML, like Gecko) Version/26.5.2 Mobile/15E148 Safari/604.1"
36.229.239.230 - - [17/Aug/2026:18:00:19 +0800] "GET /19356/wp-content/cache/2blog.ilc.edu.tw/wpfc-minified/31j0ympl/60fe1.js HTTP/1.1" 200 40362 "https://2blog.ilc.edu.tw/19356/2019/05/08/%E6%81%AD%E8%B3%80%EF%BC%81%E6%9C%AC%E6%A0%A1%E5%8F%83%E5%8A%A0%E5%AE%9C%E8%98%AD%E7%B8%A3108%E5%B9%B4%E5%BA%A6%E7%A7%91%E5%B1%95%E6%88%90%E7%B8%BE%E5%84%AA%E7%95%B0/" "Mozilla/5.0 (iPhone; CPU iPhone OS 18_7 like Mac OS X) AppleWebKit/605.1.15 (KHTML, like Gecko) Version/26.5.2 Mobile/15E148 Safari/604.1"
36.229.239.230 - - [17/Aug/2026:18:00:19 +0800] "GET /19356/wp-content/cache/2blog.ilc.edu.tw/wpfc-minified/8idgrm3a/60fe1.css HTTP/1.1" 200 59087 "https://2blog.ilc.edu.tw/19356/2019/05/08/%E6%81%AD%E8%B3%80%EF%BC%81%E6%9C%AC%E6%A0%A1%E5%8F%83%E5%8A%A0%E5%AE%9C%E8%98%AD%E7%B8%A3108%E5%B9%B4%E5%BA%A6%E7%A7%91%E5%B1%95%E6%88%90%E7%B8%BE%E5%84%AA%E7%95%B0/" "Mozilla/5.0 (iPhone; CPU iPhone OS 18_7 like Mac OS X) AppleWebKit/605.1.15 (KHTML, like Gecko) Version/26.5.2 Mobile/15E148 Safari/604.1"
36.229.239.230 - - [17/Aug/2026:18:00:19 +0800] "GET /19356/wp-content/themes/oceanwp/assets/js/theme.min.js HTTP/1.1" 200 5130 "https://2blog.ilc.edu.tw/19356/2019/05/08/%E6%81%AD%E8%B3%80%EF%BC%81%E6%9C%AC%E6%A0%A1%E5%8F%83%E5%8A%A0%E5%AE%9C%E8%98%AD%E7%B8%A3108%E5%B9%B4%E5%BA%A6%E7%A7%91%E5%B1%95%E6%88%90%E7%B8%BE%E5%84%AA%E7%95%B0/" "Mozilla/5.0 (iPhone; CPU iPhone OS 18_7 like Mac OS X) AppleWebKit/605.1.15 (KHTML, like Gecko) Version/26.5.2 Mobile/15E148 Safari/604.1"
36.229.239.230 - - [17/Aug/2026:18:00:19 +0800] "GET /19356/wp-content/themes/oceanwp/assets/js/drop-down-mobile-menu.min.js HTTP/1.1" 200 4663 "https://2blog.ilc.edu.tw/19356/2019/05/08/%E6%81%AD%E8%B3%80%EF%BC%81%E6%9C%AC%E6%A0%A1%E5%8F%83%E5%8A%A0%E5%AE%9C%E8%98%AD%E7%B8%A3108%E5%B9%B4%E5%BA%A6%E7%A7%91%E5%B1%95%E6%88%90%E7%B8%BE%E5%84%AA%E7%95%B0/" "Mozilla/5.0 (iPhone; CPU iPhone OS 18_7 like Mac OS X) AppleWebKit/605.1.15 (KHTML, like Gecko) Version/26.5.2 Mobile/15E148 Safari/604.1"
36.229.239.230 - - [17/Aug/2026:18:00:19 +0800] "GET /19356/wp-content/themes/oceanwp/assets/js/drop-down-search.min.js HTTP/1.1" 200 2968 "https://2blog.ilc.edu.tw/19356/2019/05/08/%E6%81%AD%E8%B3%80%EF%BC%81%E6%9C%AC%E6%A0%A1%E5%8F%83%E5%8A%A0%E5%AE%9C%E8%98%AD%E7%B8%A3108%E5%B9%B4%E5%BA%A6%E7%A7%91%E5%B1%95%E6%88%90%E7%B8%BE%E5%84%AA%E7%95%B0/" "Mozilla/5.0 (iPhone; CPU iPhone OS 18_7 like Mac OS X) AppleWebKit/605.1.15 (KHTML, like Gecko) Version/26.5.2 Mobile/15E148 Safari/604.1"
36.229.239.230 - - [17/Aug/2026:18:00:19 +0800] "GET /19356/wp-content/themes/oceanwp/assets/js/vendors/magnific-popup.min.js HTTP/1.1" 200 8270 "https://2blog.ilc.edu.tw/19356/2019/05/08/%E6%81%AD%E8%B3%80%EF%BC%81%E6%9C%AC%E6%A0%A1%E5%8F%83%E5%8A%A0%E5%AE%9C%E8%98%AD%E7%B8%A3108%E5%B9%B4%E5%BA%A6%E7%A7%91%E5%B1%95%E6%88%90%E7%B8%BE%E5%84%AA%E7%95%B0/" "Mozilla/5.0 (iPhone; CPU iPhone OS 18_7 like Mac OS X) AppleWebKit/605.1.15 (KHTML, like Gecko) Version/26.5.2 Mobile/15E148 Safari/604.1"
36.229.239.230 - - [17/Aug/2026:18:00:19 +0800] "GET /19356/wp-content/themes/oceanwp/assets/js/ow-lightbox.min.js HTTP/1.1" 200 2321 "https://2blog.ilc.edu.tw/19356/2019/05/08/%E6%81%AD%E8%B3%80%EF%BC%81%E6%9C%AC%E6%A0%A1%E5%8F%83%E5%8A%A0%E5%AE%9C%E8%98%AD%E7%B8%A3108%E5%B9%B4%E5%BA%A6%E7%A7%91%E5%B1%95%E6%88%90%E7%B8%BE%E5%84%AA%E7%95%B0/" "Mozilla/5.0 (iPhone; CPU iPhone OS 18_7 like Mac OS X) AppleWebKit/605.1.15 (KHTML, like Gecko) Version/26.5.2 Mobile/15E148 Safari/604.1"
36.229.239.230 - - [17/Aug/2026:18:00:19 +0800] "GET /19356/wp-content/themes/oceanwp/assets/js/ow-slider.min.js HTTP/1.1" 200 1761 "https://2blog.ilc.edu.tw/19356/2019/05/08/%E6%81%AD%E8%B3%80%EF%BC%81%E6%9C%AC%E6%A0%A1%E5%8F%83%E5%8A%A0%E5%AE%9C%E8%98%AD%E7%B8%A3108%E5%B9%B4%E5%BA%A6%E7%A7%91%E5%B1%95%E6%88%90%E7%B8%BE%E5%84%AA%E7%95%B0/" "Mozilla/5.0 (iPhone; CPU iPhone OS 18_7 like Mac OS X) AppleWebKit/605.1.15 (KHTML, like Gecko) Version/26.5.2 Mobile/15E148 Safari/604.1"
36.229.239.230 - - [17/Aug/2026:18:00:19 +0800] "GET /19356/wp-content/themes/oceanwp/assets/js/scroll-top.min.js HTTP/1.1" 200 3202 "https://2blog.ilc.edu.tw/19356/2019/05/08/%E6%81%AD%E8%B3%80%EF%BC%81%E6%9C%AC%E6%A0%A1%E5%8F%83%E5%8A%A0%E5%AE%9C%E8%98%AD%E7%B8%A3108%E5%B9%B4%E5%BA%A6%E7%A7%91%E5%B1%95%E6%88%90%E7%B8%BE%E5%84%AA%E7%95%B0/" "Mozilla/5.0 (iPhone; CPU iPhone OS 18_7 like Mac OS X) AppleWebKit/605.1.15 (KHTML, like Gecko) Version/26.5.2 Mobile/15E148 Safari/604.1"
36.229.239.230 - - [17/Aug/2026:18:00:19 +0800] "GET /19356/wp-content/themes/oceanwp/assets/js/scroll-effect.min.js HTTP/1.1" 200 4127 "https://2blog.ilc.edu.tw/19356/2019/05/08/%E6%81%AD%E8%B3%80%EF%BC%81%E6%9C%AC%E6%A0%A1%E5%8F%83%E5%8A%A0%E5%AE%9C%E8%98%AD%E7%B8%A3108%E5%B9%B4%E5%BA%A6%E7%A7%91%E5%B1%95%E6%88%90%E7%B8%BE%E5%84%AA%E7%95%B0/" "Mozilla/5.0 (iPhone; CPU iPhone OS 18_7 like Mac OS X) AppleWebKit/605.1.15 (KHTML, like Gecko) Version/26.5.2 Mobile/15E148 Safari/604.1"
36.229.239.230 - - [17/Aug/2026:18:00:19 +0800] "GET /19356/wp-content/themes/oceanwp/assets/js/vendors/flickity.pkgd.min.js HTTP/1.1" 200 15048 "https://2blog.ilc.edu.tw/19356/2019/05/08/%E6%81%AD%E8%B3%80%EF%BC%81%E6%9C%AC%E6%A0%A1%E5%8F%83%E5%8A%A0%E5%AE%9C%E8%98%AD%E7%B8%A3108%E5%B9%B4%E5%BA%A6%E7%A7%91%E5%B1%95%E6%88%90%E7%B8%BE%E5%84%AA%E7%95%B0/" "Mozilla/5.0 (iPhone; CPU iPhone OS 18_7 like Mac OS X) AppleWebKit/605.1.15 (KHTML, like Gecko) Version/26.5.2 Mobile/15E148 Safari/604.1"
36.229.239.230 - - [17/Aug/2026:18:00:19 +0800] "GET /19356/wp-content/themes/oceanwp/assets/js/select.min.js HTTP/1.1" 200 2408 "https://2blog.ilc.edu.tw/19356/2019/05/08/%E6%81%AD%E8%B3%80%EF%BC%81%E6%9C%AC%E6%A0%A1%E5%8F%83%E5%8A%A0%E5%AE%9C%E8%98%AD%E7%B8%A3108%E5%B9%B4%E5%BA%A6%E7%A7%91%E5%B1%95%E6%88%90%E7%B8%BE%E5%84%AA%E7%95%B0/" "Mozilla/5.0 (iPhone; CPU iPhone OS 18_7 like Mac OS X) AppleWebKit/605.1.15 (KHTML, like Gecko) Version/26.5.2 Mobile/15E148 Safari/604.1"
36.229.239.230 - - [17/Aug/2026:18:00:19 +0800] "GET /19356/wp-content/uploads/sites/1101/2023/09/95%E5%AD%B8%E5%B9%B4%E6%AD%A1%E9%80%81%E6%A2%85%E6%96%87%E5%8F%B0-1.jpg HTTP/1.1" 200 17660 "https://2blog.ilc.edu.tw/19356/2019/05/08/%E6%81%AD%E8%B3%80%EF%BC%81%E6%9C%AC%E6%A0%A1%E5%8F%83%E5%8A%A0%E5%AE%9C%E8%98%AD%E7%B8%A3108%E5%B9%B4%E5%BA%A6%E7%A7%91%E5%B1%95%E6%88%90%E7%B8%BE%E5%84%AA%E7%95%B0/" "Mozilla/5.0 (iPhone; CPU iPhone OS 18_7 like Mac OS X) AppleWebKit/605.1.15 (KHTML, like Gecko) Version/26.5.2 Mobile/15E148 Safari/604.1"
36.229.239.230 - - [17/Aug/2026:18:00:19 +0800] "GET /19356/wp-content/uploads/sites/1101/2023/09/20170117%E5%AF%86%E5%AE%A4%E9%80%83%E8%84%AB.jpg HTTP/1.1" 200 38468 "https://2blog.ilc.edu.tw/19356/2019/05/08/%E6%81%AD%E8%B3%80%EF%BC%81%E6%9C%AC%E6%A0%A1%E5%8F%83%E5%8A%A0%E5%AE%9C%E8%98%AD%E7%B8%A3108%E5%B9%B4%E5%BA%A6%E7%A7%91%E5%B1%95%E6%88%90%E7%B8%BE%E5%84%AA%E7%95%B0/" "Mozilla/5.0 (iPhone; CPU iPhone OS 18_7 like Mac OS X) AppleWebKit/605.1.15 (KHTML, like Gecko) Version/26.5.2 Mobile/15E148 Safari/604.1"
36.229.239.230 - - [17/Aug/2026:18:00:19 +0800] "GET /19356/wp-content/themes/oceanwp/assets/fonts/fontawesome/webfonts/fa-solid-900.woff2 HTTP/1.1" 200 151246 "https://2blog.ilc.edu.tw/19356/2019/05/08/%E6%81%AD%E8%B3%80%EF%BC%81%E6%9C%AC%E6%A0%A1%E5%8F%83%E5%8A%A0%E5%AE%9C%E8%98%AD%E7%B8%A3108%E5%B9%B4%E5%BA%A6%E7%A7%91%E5%B1%95%E6%88%90%E7%B8%BE%E5%84%AA%E7%95%B0/" "Mozilla/5.0 (iPhone; CPU iPhone OS 18_7 like Mac OS X) AppleWebKit/605.1.15 (KHTML, like Gecko) Version/26.5.2 Mobile/15E148 Safari/604.1"
36.229.239.230 - - [17/Aug/2026:18:00:19 +0800] "GET /19356/wp-content/themes/oceanwp/assets/fonts/simple-line-icons/Simple-Line-Icons.woff2?v=2.4.0 HTTP/1.1" 200 30959 "https://2blog.ilc.edu.tw/19356/2019/05/08/%E6%81%AD%E8%B3%80%EF%BC%81%E6%9C%AC%E6%A0%A1%E5%8F%83%E5%8A%A0%E5%AE%9C%E8%98%AD%E7%B8%A3108%E5%B9%B4%E5%BA%A6%E7%A7%91%E5%B1%95%E6%88%90%E7%B8%BE%E5%84%AA%E7%95%B0/" "Mozilla/5.0 (iPhone; CPU iPhone OS 18_7 like Mac OS X) AppleWebKit/605.1.15 (KHTML, like Gecko) Version/26.5.2 Mobile/15E148 Safari/604.1"
36.229.239.230 - - [17/Aug/2026:18:00:19 +0800] "GET /favicon.ico HTTP/1.1" 302 901 "https://2blog.ilc.edu.tw/19356/2019/05/08/%E6%81%AD%E8%B3%80%EF%BC%81%E6%9C%AC%E6%A0%A1%E5%8F%83%E5%8A%A0%E5%AE%9C%E8%98%AD%E7%B8%A3108%E5%B9%B4%E5%BA%A6%E7%A7%91%E5%B1%95%E6%88%90%E7%B8%BE%E5%84%AA%E7%95%B0/" "Mozilla/5.0 (iPhone; CPU iPhone OS 18_7 like Mac OS X) AppleWebKit/605.1.15 (KHTML, like Gecko) Version/26.5.2 Mobile/15E148 Safari/604.1"
36.229.239.230 - - [17/Aug/2026:18:00:19 +0800] "GET /wp-includes/images/w-logo-blue-white-bg.png HTTP/1.1" 200 4946 "https://2blog.ilc.edu.tw/19356/2019/05/08/%E6%81%AD%E8%B3%80%EF%BC%81%E6%9C%AC%E6%A0%A1%E5%8F%83%E5%8A%A0%E5%AE%9C%E8%98%AD%E7%B8%A3108%E5%B9%B4%E5%BA%A6%E7%A7%91%E5%B1%95%E6%88%90%E7%B8%BE%E5%84%AA%E7%95%B0/" "Mozilla/5.0 (iPhone; CPU iPhone OS 18_7 like Mac OS X) AppleWebKit/605.1.15 (KHTML, like Gecko) Version/26.5.2 Mobile/15E148 Safari/604.1"
36.229.239.230 - - [17/Aug/2026:18:00:19 +0800] "POST /19356/wp-json/ilc-summary/v1/popular-posts HTTP/1.1" 201 1272 "https://2blog.ilc.edu.tw/19356/2019/05/08/%E6%81%AD%E8%B3%80%EF%BC%81%E6%9C%AC%E6%A0%A1%E5%8F%83%E5%8A%A0%E5%AE%9C%E8%98%AD%E7%B8%A3108%E5%B9%B4%E5%BA%A6%E7%A7%91%E5%B1%95%E6%88%90%E7%B8%BE%E5%84%AA%E7%95%B0/" "Mozilla/5.0 (iPhone; CPU iPhone OS 18_7 like Mac OS X) AppleWebKit/605.1.15 (KHTML, like Gecko) Version/26.5.2 Mobile/15E148 Safari/604.1"
140.111.67.10 - - [17/Aug/2026:18:00:20 +0800] "GET /" 301 273 "-" "-"
35.168.238.50 - - [17/Aug/2026:18:00:20 +0800] "GET /wp-content/uploads/sites/1016/2022/11/?C=S;O%3DA HTTP/1.1" 200 1263 "-" "Mozilla/5.0 AppleWebKit/537.36 (KHTML, like Gecko; compatible; Amazonbot/0.1; +https://developer.amazon.com/support/amazonbot) Chrome/119.0.6045.214 Safari/537.36"
2001:288:a201::66:125 - - [17/Aug/2026:18:00:20 +0800] "GET /blog/active.php HTTP/1.1" 301 1026 "-" "-"
2001:288:a201::66:125 - - [17/Aug/2026:18:00:20 +0800] "GET /blog/active.php HTTP/1.1" 404 1084 "-" "-"
66.249.68.136 - - [17/Aug/2026:18:00:19 +0800] "GET /wp-login.php?action=ilc_logout&_wpnonce=43754d0aad&redirect_to=http://krismebrand.ru/creator/40433/ HTTP/1.1" 302 8252 "-" "Mozilla/5.0 (Linux; Android 6.0.1; Nexus 5X Build/MMB29P) AppleWebKit/537.36 (KHTML, like Gecko) Chrome/150.0.7871.186 Mobile Safari/537.36 (compatible; GoogleOther)"
2001:288:a21a:1:e0c0:505b:7d7b:4dab - - [17/Aug/2026:18:00:23 +0800] "-" 408 4802 "-" "-"
2001:288:a21a:1:e0c0:505b:7d7b:4dab - - [17/Aug/2026:18:00:23 +0800] "-" 408 339 "-" "-"
::1 - - [17/Aug/2026:18:00:24 +0800] "OPTIONS * HTTP/1.0" 200 110 "-" "Apache/2.4.68 (Ubuntu) OpenSSL/3.0.19 (internal dummy connection)"
66.249.71.64 - - [17/Aug/2026:18:00:21 +0800] "GET /yleerc/english-reading-book-lists/ HTTP/1.1" 200 22331 "-" "Mozilla/5.0 (Linux; Android 6.0.1; Nexus 5X Build/MMB29P) AppleWebKit/537.36 (KHTML, like Gecko) Chrome/150.0.7871.186 Mobile Safari/537.36 (compatible; Googlebot/2.1; +http://www.google.com/bot.html)"
::1 - - [17/Aug/2026:18:00:25 +0800] "OPTIONS * HTTP/1.0" 200 110 "-" "Apache/2.4.68 (Ubuntu) OpenSSL/3.0.19 (internal dummy connection)"
140.111.67.10 - - [17/Aug/2026:18:00:25 +0800] "GET /" 301 273 "-" "-"
2001:288:a201::66:125 - - [17/Aug/2026:18:00:25 +0800] "GET /blog/active.php HTTP/1.1" 301 1026 "-" "-"
2001:288:a201::66:125 - - [17/Aug/2026:18:00:25 +0800] "GET /blog/active.php HTTP/1.1" 404 1084 "-" "-"
::1 - - [17/Aug/2026:18:00:26 +0800] "OPTIONS * HTTP/1.0" 200 110 "-" "Apache/2.4.68 (Ubuntu) OpenSSL/3.0.19 (internal dummy connection)"
66.249.68.136 - - [17/Aug/2026:18:00:24 +0800] "GET /wp-login.php?action=ilc_logout&_wpnonce=43754d0aad&redirect_to=//tiselbe.ml/113wwwjwesilcedutwUrX651 HTTP/1.1" 302 3466 "-" "Mozilla/5.0 (Linux; Android 6.0.1; Nexus 5X Build/MMB29P) AppleWebKit/537.36 (KHTML, like Gecko) Chrome/150.0.7871.186 Mobile Safari/537.36 (compatible; Googlebot/2.1; +http://www.google.com/bot.html)"
52.167.144.229 - - [17/Aug/2026:18:00:28 +0800] "GET /wp-content/uploads/sites/1493/2234/2234-621500.jpg HTTP/1.1" 301 1077 "-" "Mozilla/5.0 AppleWebKit/537.36 (KHTML, like Gecko; compatible; bingbot/2.0; +http://www.bing.com/bingbot.htm) Chrome/116.0.1938.76 Safari/537.36"
140.111.67.10 - - [17/Aug/2026:18:00:30 +0800] "GET /" 301 273 "-" "-"
2001:288:a201::66:125 - - [17/Aug/2026:18:00:30 +0800] "GET /blog/active.php HTTP/1.1" 301 1026 "-" "-"
2001:288:a201::66:125 - - [17/Aug/2026:18:00:30 +0800] "GET /blog/active.php HTTP/1.1" 404 5513 "-" "-"
36.229.202.44 - - [17/Aug/2026:18:00:31 +0800] "GET / HTTP/1.1" 200 31593 "-" "Mozilla/5.0 (Windows NT 10.0; Win64; x64) AppleWebKit/537.36 (KHTML, like Gecko) Chrome/151.0.0.0 Safari/537.36"
66.249.71.163 - - [17/Aug/2026:18:00:29 +0800] "GET /wp-login.php?action=ilc_logout&_wpnonce=43754d0aad&redirect_to=//promgamanmady.tk/113wwwjwesilcedutwgWZ651 HTTP/1.1" 302 8259 "-" "Mozilla/5.0 (Linux; Android 6.0.1; Nexus 5X Build/MMB29P) AppleWebKit/537.36 (KHTML, like Gecko) Chrome/150.0.7871.186 Mobile Safari/537.36 (compatible; Googlebot/2.1; +http://www.google.com/bot.html)"
118.163.44.186 - - [17/Aug/2026:18:00:33 +0800] "-" 408 339 "-" "-"
118.163.44.186 - - [17/Aug/2026:18:00:33 +0800] "-" 408 4802 "-" "-"
36.229.202.44 - - [17/Aug/2026:18:00:34 +0800] "GET /wp-content/uploads/sites/3846/elementor/css/post-19.css HTTP/1.1" 304 790 "https://www.ilc.edu.tw/" "Mozilla/5.0 (Windows NT 10.0; Win64; x64) AppleWebKit/537.36 (KHTML, like Gecko) Chrome/151.0.0.0 Safari/537.36"
66.249.68.136 - - [17/Aug/2026:18:00:32 +0800] "GET /wp-login.php?action=ilc_logout&_wpnonce=43754d0aad&redirect_to=http://elpis-photo.ru/job/38889/ HTTP/1.1" 302 8248 "-" "Mozilla/5.0 (Linux; Android 6.0.1; Nexus 5X Build/MMB29P) AppleWebKit/537.36 (KHTML, like Gecko) Chrome/150.0.7871.186 Mobile Safari/537.36 (compatible; GoogleOther)"
140.111.67.10 - - [17/Aug/2026:18:00:35 +0800] "GET /" 301 273 "-" "-"
2407:4d00:5c05:9405:dcb0:1478:48a1:13fa - - [17/Aug/2026:18:00:35 +0800] "GET /2226/archives/769 HTTP/1.1" 200 17551 "https://www.google.com/" "Mozilla/5.0 (iPhone; CPU iPhone OS 26_6_0 like Mac OS X) AppleWebKit/605.1.15 (KHTML, like Gecko) CriOS/151.0.7922.112 Mobile/15E148 Safari/604.1"
2407:4d00:5c05:9405:dcb0:1478:48a1:13fa - - [17/Aug/2026:18:00:35 +0800] "GET /2226/wp-content/cache/2blog.ilc.edu.tw/wpfc-minified/6nlilr83/5wsjp.css HTTP/1.1" 200 40886 "https://2blog.ilc.edu.tw/2226/archives/769" "Mozilla/5.0 (iPhone; CPU iPhone OS 26_6_0 like Mac OS X) AppleWebKit/605.1.15 (KHTML, like Gecko) CriOS/151.0.7922.112 Mobile/15E148 Safari/604.1"
2407:4d00:5c05:9405:dcb0:1478:48a1:13fa - - [17/Aug/2026:18:00:35 +0800] "GET /2226/wp-includes/js/admin-bar.min.js HTTP/1.1" 200 2237 "https://2blog.ilc.edu.tw/2226/archives/769" "Mozilla/5.0 (iPhone; CPU iPhone OS 26_6_0 like Mac OS X) AppleWebKit/605.1.15 (KHTML, like Gecko) CriOS/151.0.7922.112 Mobile/15E148 Safari/604.1"
2407:4d00:5c05:9405:dcb0:1478:48a1:13fa - - [17/Aug/2026:18:00:35 +0800] "GET /2226/wp-content/themes/textbook/assets/js/jquery.flexslider.js HTTP/1.1" 200 12801 "https://2blog.ilc.edu.tw/2226/archives/769" "Mozilla/5.0 (iPhone; CPU iPhone OS 26_6_0 like Mac OS X) AppleWebKit/605.1.15 (KHTML, like Gecko) CriOS/151.0.7922.112 Mobile/15E148 Safari/604.1"
2407:4d00:5c05:9405:dcb0:1478:48a1:13fa - - [17/Aug/2026:18:00:35 +0800] "GET /2226/wp-content/cache/2blog.ilc.edu.tw/wpfc-minified/9a5l3gig/5wsjp.css HTTP/1.1" 200 20776 "https://2blog.ilc.edu.tw/2226/archives/769" "Mozilla/5.0 (iPhone; CPU iPhone OS 26_6_0 like Mac OS X) AppleWebKit/605.1.15 (KHTML, like Gecko) CriOS/151.0.7922.112 Mobile/15E148 Safari/604.1"
2407:4d00:5c05:9405:dcb0:1478:48a1:13fa - - [17/Aug/2026:18:00:35 +0800] "GET /2226/wp-content/themes/textbook/assets/js/functions.js HTTP/1.1" 200 1934 "https://2blog.ilc.edu.tw/2226/archives/769" "Mozilla/5.0 (iPhone; CPU iPhone OS 26_6_0 like Mac OS X) AppleWebKit/605.1.15 (KHTML, like Gecko) CriOS/151.0.7922.112 Mobile/15E148 Safari/604.1"
2407:4d00:5c05:9405:dcb0:1478:48a1:13fa - - [17/Aug/2026:18:00:35 +0800] "GET /2226/wp-content/themes/textbook/assets/js/navigation.js HTTP/1.1" 200 2931 "https://2blog.ilc.edu.tw/2226/archives/769" "Mozilla/5.0 (iPhone; CPU iPhone OS 26_6_0 like Mac OS X) AppleWebKit/605.1.15 (KHTML, like Gecko) CriOS/151.0.7922.112 Mobile/15E148 Safari/604.1"
2407:4d00:5c05:9405:dcb0:1478:48a1:13fa - - [17/Aug/2026:18:00:35 +0800] "GET /2226/wp-content/themes/textbook/assets/js/skip-link-focus-fix.js HTTP/1.1" 200 1351 "https://2blog.ilc.edu.tw/2226/archives/769" "Mozilla/5.0 (iPhone; CPU iPhone OS 26_6_0 like Mac OS X) AppleWebKit/605.1.15 (KHTML, like Gecko) CriOS/151.0.7922.112 Mobile/15E148 Safari/604.1"
2407:4d00:5c05:9405:dcb0:1478:48a1:13fa - - [17/Aug/2026:18:00:35 +0800] "GET /2226/wp-includes/js/hoverintent-js.min.js HTTP/1.1" 200 6393 "https://2blog.ilc.edu.tw/2226/archives/769" "Mozilla/5.0 (iPhone; CPU iPhone OS 26_6_0 like Mac OS X) AppleWebKit/605.1.15 (KHTML, like Gecko) CriOS/151.0.7922.112 Mobile/15E148 Safari/604.1"
2001:288:a201::66:125 - - [17/Aug/2026:18:00:35 +0800] "GET /blog/active.php HTTP/1.1" 301 1026 "-" "-"
2001:288:a201::66:125 - - [17/Aug/2026:18:00:35 +0800] "GET /blog/active.php HTTP/1.1" 404 1084 "-" "-"
2407:4d00:5c05:9405:dcb0:1478:48a1:13fa - - [17/Aug/2026:18:00:35 +0800] "GET /2226/wp-content/cache/2blog.ilc.edu.tw/wpfc-minified/8vd0sswp/5wsjp.js HTTP/1.1" 200 6438 "https://2blog.ilc.edu.tw/2226/archives/769" "Mozilla/5.0 (iPhone; CPU iPhone OS 26_6_0 like Mac OS X) AppleWebKit/605.1.15 (KHTML, like Gecko) CriOS/151.0.7922.112 Mobile/15E148 Safari/604.1"
2407:4d00:5c05:9405:dcb0:1478:48a1:13fa - - [17/Aug/2026:18:00:35 +0800] "GET /2226/wp-content/cache/2blog.ilc.edu.tw/wpfc-minified/1zs3oro9/5wsjp.css HTTP/1.1" 200 22912 "https://2blog.ilc.edu.tw/2226/archives/769" "Mozilla/5.0 (iPhone; CPU iPhone OS 26_6_0 like Mac OS X) AppleWebKit/605.1.15 (KHTML, like Gecko) CriOS/151.0.7922.112 Mobile/15E148 Safari/604.1"
2001:4860:7:804::fc - - [17/Aug/2026:18:00:35 +0800] "GET / HTTP/1.1" 200 25121 "https://www.google.com/" "Mozilla/5.0 (Windows NT 10.0; Win64; x64) AppleWebKit/537.36 (KHTML, like Gecko) Chrome/150.0.0.0 Safari/537.36"
2407:4d00:5c05:9405:dcb0:1478:48a1:13fa - - [17/Aug/2026:18:00:35 +0800] "GET /2226/wp-content/cache/2blog.ilc.edu.tw/wpfc-minified/6mrwhmup/5wsjp.js HTTP/1.1" 200 40360 "https://2blog.ilc.edu.tw/2226/archives/769" "Mozilla/5.0 (iPhone; CPU iPhone OS 26_6_0 like Mac OS X) AppleWebKit/605.1.15 (KHTML, like Gecko) CriOS/151.0.7922.112 Mobile/15E148 Safari/604.1"
66.249.68.131 - - [17/Aug/2026:18:00:35 +0800] "GET /2013/08/08/102%E5%AD%B8%E5%B9%B4%E5%BA%A6%E5%90%84%E9%A0%98%E5%9F%9F%E6%95%99%E5%B8%AB/ HTTP/1.1" 200 31533 "-" "Mozilla/5.0 (Linux; Android 6.0.1; Nexus 5X Build/MMB29P) AppleWebKit/537.36 (KHTML, like Gecko) Chrome/150.0.7871.186 Mobile Safari/537.36 (compatible; Googlebot/2.1; +http://www.google.com/bot.html)"
2407:4d00:5c05:9405:dcb0:1478:48a1:13fa - - [17/Aug/2026:18:00:37 +0800] "GET /2226/wp-content/uploads/sites/2332/2226/2226-309431.jpg HTTP/1.1" 200 107337 "https://2blog.ilc.edu.tw/2226/archives/769" "Mozilla/5.0 (iPhone; CPU iPhone OS 26_6_0 like Mac OS X) AppleWebKit/605.1.15 (KHTML, like Gecko) CriOS/151.0.7922.112 Mobile/15E148 Safari/604.1"
2407:4d00:5c05:9405:dcb0:1478:48a1:13fa - - [17/Aug/2026:18:00:37 +0800] "GET /2226/wp-content/uploads/sites/2332/2226/2226-250307.jpg HTTP/1.1" 200 464862 "https://2blog.ilc.edu.tw/2226/archives/769" "Mozilla/5.0 (iPhone; CPU iPhone OS 26_6_0 like Mac OS X) AppleWebKit/605.1.15 (KHTML, like Gecko) CriOS/151.0.7922.112 Mobile/15E148 Safari/604.1"
2407:4d00:5c05:9405:dcb0:1478:48a1:13fa - - [17/Aug/2026:18:00:37 +0800] "GET /2226/wp-content/uploads/sites/2332/2020/08/cropped-212221-192x192.jpg HTTP/1.1" 200 13409 "-" "Mozilla/5.0 (iPhone; CPU iPhone OS 26_6_0 like Mac OS X) AppleWebKit/605.1.15 (KHTML, like Gecko) CriOS/151.0.7922.112 Mobile/15E148 Safari/604.1"
2407:4d00:5c05:9405:dcb0:1478:48a1:13fa - - [17/Aug/2026:18:00:37 +0800] "GET /2226/wp-content/uploads/sites/2332/2020/08/cropped-212221-180x180.jpg HTTP/1.1" 200 12754 "-" "Mozilla/5.0 (iPhone; CPU iPhone OS 26_6_0 like Mac OS X) AppleWebKit/605.1.15 (KHTML, like Gecko) CriOS/151.0.7922.112 Mobile/15E148 Safari/604.1"
2001:4860:7:810::ff - - [17/Aug/2026:18:00:35 +0800] "GET /2015/12/10/%E7%8F%AD%E7%B4%9A%E7%B6%B2%E9%A0%81/ HTTP/1.1" 200 25315 "https://www.google.com/" "Mozilla/5.0 (Windows NT 10.0; Win64; x64) AppleWebKit/537.36 (KHTML, like Gecko) Chrome/150.0.0.0 Safari/537.36"
2407:4d00:5c05:9405:dcb0:1478:48a1:13fa - - [17/Aug/2026:18:00:37 +0800] "POST /2226/wp-json/ilc-summary/v1/popular-posts HTTP/1.1" 201 1271 "https://2blog.ilc.edu.tw/2226/archives/769" "Mozilla/5.0 (iPhone; CPU iPhone OS 26_6_0 like Mac OS X) AppleWebKit/605.1.15 (KHTML, like Gecko) CriOS/151.0.7922.112 Mobile/15E148 Safari/604.1"
2407:4d00:5c05:9405:dcb0:1478:48a1:13fa - - [17/Aug/2026:18:00:38 +0800] "GET /2226/wp-content/uploads/sites/2332/2226/2226-221299.jpg HTTP/1.1" 200 53840 "https://2blog.ilc.edu.tw/2226/archives/769" "Mozilla/5.0 (iPhone; CPU iPhone OS 26_6_0 like Mac OS X) AppleWebKit/605.1.15 (KHTML, like Gecko) CriOS/151.0.7922.112 Mobile/15E148 Safari/604.1"
66.249.71.64 - - [17/Aug/2026:18:00:38 +0800] "GET /6418/2016/09/01/105_105%E5%AD%B8%E5%B9%B4%E5%BA%A6%E5%85%AC%E5%85%B1%E5%8D%80%E5%9F%9F%E6%8E%83%E5%8D%80%E5%88%86%E9%85%8D%E5%9C%96/ HTTP/1.1" 200 15534 "-" "Mozilla/5.0 (Linux; Android 6.0.1; Nexus 5X Build/MMB29P) AppleWebKit/537.36 (KHTML, like Gecko) Chrome/150.0.7871.186 Mobile Safari/537.36 (compatible; Googlebot/2.1; +http://www.google.com/bot.html)"
52.167.144.229 - - [17/Aug/2026:18:00:39 +0800] "GET /amy6998/2026/07/03/115%E5%B9%B46%E6%9C%8822%E6%97%A5%E5%A4%96%E5%B8%AB%E5%8D%94%E5%90%8C%E8%AA%AA%E6%95%85%E4%BA%8B%EF%BC%88duck-and-croc-meet-collector-alligator%EF%BC%89/ HTTP/1.1" 200 18000 "-" "Mozilla/5.0 AppleWebKit/537.36 (KHTML, like Gecko; compatible; bingbot/2.0; +http://www.bing.com/bingbot.htm) Chrome/116.0.1938.76 Safari/537.36"
140.111.67.10 - - [17/Aug/2026:18:00:40 +0800] "GET /" 301 273 "-" "-"
36.229.202.44 - - [17/Aug/2026:18:00:40 +0800] "GET /wp-content/uploads/sites/3846/2026/08/%E8%BE%B2%E6%A5%AD%E9%83%A8%E5%BB%A3%E5%91%8A.jpg HTTP/1.1" 304 1129 "https://www.ilc.edu.tw/" "Mozilla/5.0 (Windows NT 10.0; Win64; x64) AppleWebKit/537.36 (KHTML, like Gecko) Chrome/151.0.0.0 Safari/537.36"
36.229.202.44 - - [17/Aug/2026:18:00:40 +0800] "GET /wp-content/uploads/sites/3846/2026/06/2026%E5%AE%9C%E8%98%AD%E7%98%8B%E5%AD%B8%E7%BF%92-%E6%9A%91%E5%81%87_%E6%95%99%E8%82%B2%E8%99%95%E9%A6%96%E9%A0%81-1440-x-1080-%E5%83%8F%E7%B4%A0.png HTTP/1.1" 304 1129 "https://www.ilc.edu.tw/" "Mozilla/5.0 (Windows NT 10.0; Win64; x64) AppleWebKit/537.36 (KHTML, like Gecko) Chrome/151.0.0.0 Safari/537.36"
2001:288:a201::66:125 - - [17/Aug/2026:18:00:40 +0800] "GET /blog/active.php HTTP/1.1" 301 1026 "-" "-"
2001:288:a201::66:125 - - [17/Aug/2026:18:00:40 +0800] "GET /blog/active.php HTTP/1.1" 404 1084 "-" "-"
66.249.71.163 - - [17/Aug/2026:18:00:40 +0800] "GET /wp-login.php?action=ilc_logout&_wpnonce=43754d0aad&redirect_to=//master-service-chel.ru/job/10040/ HTTP/1.1" 302 8251 "-" "Mozilla/5.0 (compatible; Googlebot/2.1; +http://www.google.com/bot.html)"
::1 - - [17/Aug/2026:18:00:43 +0800] "OPTIONS * HTTP/1.0" 200 110 "-" "Apache/2.4.68 (Ubuntu) OpenSSL/3.0.19 (internal dummy connection)"
66.249.68.133 - - [17/Aug/2026:18:00:42 +0800] "GET /wp-login.php?action=ilc_logout&_wpnonce=43754d0aad&redirect_to=http://legal9.ru/gallery/73768/ HTTP/1.1" 302 3438 "-" "Mozilla/5.0 (compatible; Googlebot/2.1; +http://www.google.com/bot.html)"
::1 - - [17/Aug/2026:18:00:44 +0800] "OPTIONS * HTTP/1.0" 200 110 "-" "Apache/2.4.68 (Ubuntu) OpenSSL/3.0.19 (internal dummy connection)"
140.111.67.10 - - [17/Aug/2026:18:00:45 +0800] "GET /" 301 273 "-" "-"
::1 - - [17/Aug/2026:18:00:45 +0800] "OPTIONS * HTTP/1.0" 200 110 "-" "Apache/2.4.68 (Ubuntu) OpenSSL/3.0.19 (internal dummy connection)"
2001:288:a201::66:125 - - [17/Aug/2026:18:00:45 +0800] "GET /blog/active.php HTTP/1.1" 301 1026 "-" "-"
2001:288:a201::66:125 - - [17/Aug/2026:18:00:45 +0800] "GET /blog/active.php HTTP/1.1" 404 1084 "-" "-"
::1 - - [17/Aug/2026:18:00:46 +0800] "OPTIONS * HTTP/1.0" 200 110 "-" "Apache/2.4.68 (Ubuntu) OpenSSL/3.0.19 (internal dummy connection)"
::1 - - [17/Aug/2026:18:00:47 +0800] "OPTIONS * HTTP/1.0" 200 110 "-" "Apache/2.4.68 (Ubuntu) OpenSSL/3.0.19 (internal dummy connection)"
66.249.71.163 - - [17/Aug/2026:18:00:46 +0800] "GET /wp-login.php?action=ilc_logout&_wpnonce=43754d0aad&redirect_to=//somnorpfitoudoni.ga/113wwwjwesilcedutwFSR651 HTTP/1.1" 302 8262 "-" "Mozilla/5.0 (Linux; Android 6.0.1; Nexus 5X Build/MMB29P) AppleWebKit/537.36 (KHTML, like Gecko) Chrome/150.0.7871.186 Mobile Safari/537.36 (compatible; Googlebot/2.1; +http://www.google.com/bot.html)"
::1 - - [17/Aug/2026:18:00:48 +0800] "OPTIONS * HTTP/1.0" 200 110 "-" "Apache/2.4.68 (Ubuntu) OpenSSL/3.0.19 (internal dummy connection)"
::1 - - [17/Aug/2026:18:00:49 +0800] "OPTIONS * HTTP/1.0" 200 110 "-" "Apache/2.4.68 (Ubuntu) OpenSSL/3.0.19 (internal dummy connection)"
66.249.68.133 - - [17/Aug/2026:18:00:47 +0800] "GET /wp-login.php?action=ilc_logout&_wpnonce=43754d0aad&redirect_to=http://katkovavideo.ru/gallery/66357/ HTTP/1.1" 302 3444 "-" "Mozilla/5.0 (compatible; Googlebot/2.1; +http://www.google.com/bot.html)"
140.111.67.10 - - [17/Aug/2026:18:00:50 +0800] "GET /" 301 273 "-" "-"
2001:b011:7807:5976:d38d:606a:19f9:7b73 - - [17/Aug/2026:18:00:50 +0800] "GET / HTTP/1.1" 200 19318 "https://www.google.com/" "Mozilla/5.0 (Linux; Android 10; K) AppleWebKit/537.36 (KHTML, like Gecko) Chrome/151.0.0.0 Mobile Safari/537.36"
2001:b011:7807:5976:d38d:606a:19f9:7b73 - - [17/Aug/2026:18:00:50 +0800] "GET /wp-content/cache/www.sses.ilc.edu.tw/wpfc-minified/fp4lml7q/6xgk.css HTTP/1.1" 200 40884 "https://www.sses.ilc.edu.tw/" "Mozilla/5.0 (Linux; Android 10; K) AppleWebKit/537.36 (KHTML, like Gecko) Chrome/151.0.0.0 Mobile Safari/537.36"
2001:b011:7807:5976:d38d:606a:19f9:7b73 - - [17/Aug/2026:18:00:50 +0800] "GET /wp-content/cache/www.sses.ilc.edu.tw/wpfc-minified/20ybd8yw/6xgk.css HTTP/1.1" 200 20583 "https://www.sses.ilc.edu.tw/" "Mozilla/5.0 (Linux; Android 10; K) AppleWebKit/537.36 (KHTML, like Gecko) Chrome/151.0.0.0 Mobile Safari/537.36"
2001:288:a201::66:125 - - [17/Aug/2026:18:00:50 +0800] "GET /blog/active.php HTTP/1.1" 301 1026 "-" "-"
2001:288:a201::66:125 - - [17/Aug/2026:18:00:50 +0800] "GET /blog/active.php HTTP/1.1" 404 1084 "-" "-"
2001:b011:7807:5976:d38d:606a:19f9:7b73 - - [17/Aug/2026:18:00:50 +0800] "GET /wp-content/cache/www.sses.ilc.edu.tw/wpfc-minified/6z9tolid/6xgk.css HTTP/1.1" 200 1496 "https://www.sses.ilc.edu.tw/" "Mozilla/5.0 (Linux; Android 10; K) AppleWebKit/537.36 (KHTML, like Gecko) Chrome/151.0.0.0 Mobile Safari/537.36"
2001:b011:7807:5976:d38d:606a:19f9:7b73 - - [17/Aug/2026:18:00:50 +0800] "GET /wp-content/cache/www.sses.ilc.edu.tw/wpfc-minified/g2uoqcmc/6xgk.css HTTP/1.1" 200 12787 "https://www.sses.ilc.edu.tw/" "Mozilla/5.0 (Linux; Android 10; K) AppleWebKit/537.36 (KHTML, like Gecko) Chrome/151.0.0.0 Mobile Safari/537.36"
2001:b011:7807:5976:d38d:606a:19f9:7b73 - - [17/Aug/2026:18:00:50 +0800] "GET /wp-content/cache/www.sses.ilc.edu.tw/wpfc-minified/6zskse0b/6xgk.css HTTP/1.1" 200 54628 "https://www.sses.ilc.edu.tw/" "Mozilla/5.0 (Linux; Android 10; K) AppleWebKit/537.36 (KHTML, like Gecko) Chrome/151.0.0.0 Mobile Safari/537.36"
2001:b011:7807:5976:d38d:606a:19f9:7b73 - - [17/Aug/2026:18:00:50 +0800] "GET /wp-content/cache/www.sses.ilc.edu.tw/wpfc-minified/2f246c3i/6xgk.js HTTP/1.1" 200 40358 "https://www.sses.ilc.edu.tw/" "Mozilla/5.0 (Linux; Android 10; K) AppleWebKit/537.36 (KHTML, like Gecko) Chrome/151.0.0.0 Mobile Safari/537.36"
2001:b011:7807:5976:d38d:606a:19f9:7b73 - - [17/Aug/2026:18:00:50 +0800] "GET /wp-content/uploads/sites/1336/2021/09/ehomework-1024x311.jpg HTTP/1.1" 200 47959 "https://www.sses.ilc.edu.tw/" "Mozilla/5.0 (Linux; Android 10; K) AppleWebKit/537.36 (KHTML, like Gecko) Chrome/151.0.0.0 Mobile Safari/537.36"
2001:b011:7807:5976:d38d:606a:19f9:7b73 - - [17/Aug/2026:18:00:50 +0800] "GET /wp-content/uploads/sites/1336/2021/09/ssesbanner.jpg HTTP/1.1" 200 36673 "https://www.sses.ilc.edu.tw/" "Mozilla/5.0 (Linux; Android 10; K) AppleWebKit/537.36 (KHTML, like Gecko) Chrome/151.0.0.0 Mobile Safari/537.36"
2001:b011:7807:5976:d38d:606a:19f9:7b73 - - [17/Aug/2026:18:00:51 +0800] "GET /wp-content/uploads/sites/1336/2021/09/eschool.jpg HTTP/1.1" 200 19470 "https://www.sses.ilc.edu.tw/" "Mozilla/5.0 (Linux; Android 10; K) AppleWebKit/537.36 (KHTML, like Gecko) Chrome/151.0.0.0 Mobile Safari/537.36"
2001:b011:7807:5976:d38d:606a:19f9:7b73 - - [17/Aug/2026:18:00:51 +0800] "GET /wp-content/uploads/sites/1336/2021/09/banner50.jpg HTTP/1.1" 200 121058 "https://www.sses.ilc.edu.tw/" "Mozilla/5.0 (Linux; Android 10; K) AppleWebKit/537.36 (KHTML, like Gecko) Chrome/151.0.0.0 Mobile Safari/537.36"
2001:b011:7807:5976:d38d:606a:19f9:7b73 - - [17/Aug/2026:18:00:51 +0800] "GET /wp-content/uploads/sites/1336/2021/09/fb.jpg HTTP/1.1" 200 9603 "https://www.sses.ilc.edu.tw/" "Mozilla/5.0 (Linux; Android 10; K) AppleWebKit/537.36 (KHTML, like Gecko) Chrome/151.0.0.0 Mobile Safari/537.36"
2001:b011:7807:5976:d38d:606a:19f9:7b73 - - [17/Aug/2026:18:00:51 +0800] "GET /wp-includes/js/hoverintent-js.min.js HTTP/1.1" 200 1597 "https://www.sses.ilc.edu.tw/" "Mozilla/5.0 (Linux; Android 10; K) AppleWebKit/537.36 (KHTML, like Gecko) Chrome/151.0.0.0 Mobile Safari/537.36"
2001:b011:7807:5976:d38d:606a:19f9:7b73 - - [17/Aug/2026:18:00:51 +0800] "GET /wp-includes/js/admin-bar.min.js HTTP/1.1" 200 2237 "https://www.sses.ilc.edu.tw/" "Mozilla/5.0 (Linux; Android 10; K) AppleWebKit/537.36 (KHTML, like Gecko) Chrome/151.0.0.0 Mobile Safari/537.36"
2001:b011:7807:5976:d38d:606a:19f9:7b73 - - [17/Aug/2026:18:00:51 +0800] "GET /wp-includes/js/imagesloaded.min.js HTTP/1.1" 200 2683 "https://www.sses.ilc.edu.tw/" "Mozilla/5.0 (Linux; Android 10; K) AppleWebKit/537.36 (KHTML, like Gecko) Chrome/151.0.0.0 Mobile Safari/537.36"
66.249.68.136 - - [17/Aug/2026:18:00:49 +0800] "GET /wp-login.php?action=ilc_logout&_wpnonce=43754d0aad&redirect_to=http://insideform.ru/creator/54626/ HTTP/1.1" 302 8251 "-" "Mozilla/5.0 (compatible; Googlebot/2.1; +http://www.google.com/bot.html)"
2001:b011:7807:5976:d38d:606a:19f9:7b73 - - [17/Aug/2026:18:00:51 +0800] "GET /wp-content/themes/oceanwp/assets/js/theme.min.js HTTP/1.1" 200 5130 "https://www.sses.ilc.edu.tw/" "Mozilla/5.0 (Linux; Android 10; K) AppleWebKit/537.36 (KHTML, like Gecko) Chrome/151.0.0.0 Mobile Safari/537.36"
2001:b011:7807:5976:d38d:606a:19f9:7b73 - - [17/Aug/2026:18:00:51 +0800] "GET /wp-content/themes/oceanwp/assets/js/drop-down-mobile-menu.min.js HTTP/1.1" 200 4663 "https://www.sses.ilc.edu.tw/" "Mozilla/5.0 (Linux; Android 10; K) AppleWebKit/537.36 (KHTML, like Gecko) Chrome/151.0.0.0 Mobile Safari/537.36"
2001:b011:7807:5976:d38d:606a:19f9:7b73 - - [17/Aug/2026:18:00:51 +0800] "GET /wp-content/themes/oceanwp/assets/js/drop-down-search.min.js HTTP/1.1" 200 2968 "https://www.sses.ilc.edu.tw/" "Mozilla/5.0 (Linux; Android 10; K) AppleWebKit/537.36 (KHTML, like Gecko) Chrome/151.0.0.0 Mobile Safari/537.36"
2001:b011:7807:5976:d38d:606a:19f9:7b73 - - [17/Aug/2026:18:00:51 +0800] "GET /wp-content/themes/oceanwp/assets/js/vendors/magnific-popup.min.js HTTP/1.1" 200 8270 "https://www.sses.ilc.edu.tw/" "Mozilla/5.0 (Linux; Android 10; K) AppleWebKit/537.36 (KHTML, like Gecko) Chrome/151.0.0.0 Mobile Safari/537.36"
