2407:4b00:4c06:8d06:b914:ac7e:c177:c556 - - [17/Aug/2026:15:37:47 +0800] "GET /wp-content/uploads/sites/3846/2026/02/%E9%81%BF%E5%85%8D%E8%AA%A4%E5%85%A5%E8%A9%90%E9%A8%99%E7%B6%B2%E7%AB%99APP%E5%B0%8F%E5%B8%B8%E8%AD%98.jpg HTTP/1.1" 200 459624 "https://it.ilc.edu.tw/" "Mozilla/5.0 (Windows NT 10.0; Win64; x64) AppleWebKit/537.36 (KHTML, like Gecko) Chrome/151.0.0.0 Safari/537.36"
140.111.175.97 - - [17/Aug/2026:15:37:48 +0800] "GET / HTTP/1.1" 200 31593 "-" "Mozilla/5.0 (Windows NT 10.0; Win64; x64) AppleWebKit/537.36 (KHTML, like Gecko) Chrome/151.0.0.0 Safari/537.36"
140.111.175.97 - - [17/Aug/2026:15:37:48 +0800] "GET /wp-content/cache/www.ilc.edu.tw/wpfc-minified/sz1rpuo/8141l.css HTTP/1.1" 200 40885 "https://www.ilc.edu.tw/" "Mozilla/5.0 (Windows NT 10.0; Win64; x64) AppleWebKit/537.36 (KHTML, like Gecko) Chrome/151.0.0.0 Safari/537.36"
140.111.175.97 - - [17/Aug/2026:15:37:48 +0800] "GET /wp-content/cache/www.ilc.edu.tw/wpfc-minified/7ihu9bns/8141l.css HTTP/1.1" 200 1161 "https://www.ilc.edu.tw/" "Mozilla/5.0 (Windows NT 10.0; Win64; x64) AppleWebKit/537.36 (KHTML, like Gecko) Chrome/151.0.0.0 Safari/537.36"
140.111.175.97 - - [17/Aug/2026:15:37:48 +0800] "GET /wp-content/cache/www.ilc.edu.tw/wpfc-minified/fdlul8k0/8141l.css HTTP/1.1" 200 80097 "https://www.ilc.edu.tw/" "Mozilla/5.0 (Windows NT 10.0; Win64; x64) AppleWebKit/537.36 (KHTML, like Gecko) Chrome/151.0.0.0 Safari/537.36"
140.111.175.97 - - [17/Aug/2026:15:37:48 +0800] "GET /wp-content/uploads/sites/3846/elementor/css/post-3.css HTTP/1.1" 200 1299 "https://www.ilc.edu.tw/" "Mozilla/5.0 (Windows NT 10.0; Win64; x64) AppleWebKit/537.36 (KHTML, like Gecko) Chrome/151.0.0.0 Safari/537.36"
140.111.175.97 - - [17/Aug/2026:15:37:48 +0800] "GET /wp-content/cache/www.ilc.edu.tw/wpfc-minified/2encr51g/8141l.css HTTP/1.1" 200 6032 "https://www.ilc.edu.tw/" "Mozilla/5.0 (Windows NT 10.0; Win64; x64) AppleWebKit/537.36 (KHTML, like Gecko) Chrome/151.0.0.0 Safari/537.36"
140.111.175.97 - - [17/Aug/2026:15:37:48 +0800] "GET /wp-content/uploads/sites/3846/elementor/css/post-19.css HTTP/1.1" 200 1672 "https://www.ilc.edu.tw/" "Mozilla/5.0 (Windows NT 10.0; Win64; x64) AppleWebKit/537.36 (KHTML, like Gecko) Chrome/151.0.0.0 Safari/537.36"
140.111.175.97 - - [17/Aug/2026:15:37:48 +0800] "GET /wp-content/cache/www.ilc.edu.tw/wpfc-minified/difb1vbs/8141l.js HTTP/1.1" 200 35549 "https://www.ilc.edu.tw/" "Mozilla/5.0 (Windows NT 10.0; Win64; x64) AppleWebKit/537.36 (KHTML, like Gecko) Chrome/151.0.0.0 Safari/537.36"
140.111.175.97 - - [17/Aug/2026:15:37:48 +0800] "GET /wp-content/cache/www.ilc.edu.tw/wpfc-minified/21kp93v9/8141l.css HTTP/1.1" 200 4167 "https://www.ilc.edu.tw/" "Mozilla/5.0 (Windows NT 10.0; Win64; x64) AppleWebKit/537.36 (KHTML, like Gecko) Chrome/151.0.0.0 Safari/537.36"
140.111.175.97 - - [17/Aug/2026:15:37:48 +0800] "GET /wp-content/uploads/sites/3846/2026/05/05bfd164-030e-448f-b83b-37c7dcb01eec.png HTTP/1.1" 200 3476 "https://www.ilc.edu.tw/" "Mozilla/5.0 (Windows NT 10.0; Win64; x64) AppleWebKit/537.36 (KHTML, like Gecko) Chrome/151.0.0.0 Safari/537.36"
140.111.175.97 - - [17/Aug/2026:15:37:48 +0800] "GET /wp-includes/js/hoverintent-js.min.js HTTP/1.1" 200 1597 "https://www.ilc.edu.tw/" "Mozilla/5.0 (Windows NT 10.0; Win64; x64) AppleWebKit/537.36 (KHTML, like Gecko) Chrome/151.0.0.0 Safari/537.36"
140.111.175.97 - - [17/Aug/2026:15:37:48 +0800] "GET /wp-includes/js/admin-bar.min.js HTTP/1.1" 200 2237 "https://www.ilc.edu.tw/" "Mozilla/5.0 (Windows NT 10.0; Win64; x64) AppleWebKit/537.36 (KHTML, like Gecko) Chrome/151.0.0.0 Safari/537.36"
140.111.175.97 - - [17/Aug/2026:15:37:48 +0800] "GET /wp-includes/js/imagesloaded.min.js HTTP/1.1" 200 2683 "https://www.ilc.edu.tw/" "Mozilla/5.0 (Windows NT 10.0; Win64; x64) AppleWebKit/537.36 (KHTML, like Gecko) Chrome/151.0.0.0 Safari/537.36"
140.111.175.97 - - [17/Aug/2026:15:37:48 +0800] "GET /wp-content/themes/oceanwp/assets/js/theme.min.js HTTP/1.1" 200 5130 "https://www.ilc.edu.tw/" "Mozilla/5.0 (Windows NT 10.0; Win64; x64) AppleWebKit/537.36 (KHTML, like Gecko) Chrome/151.0.0.0 Safari/537.36"
140.111.175.97 - - [17/Aug/2026:15:37:48 +0800] "GET /wp-content/themes/oceanwp/assets/js/drop-down-mobile-menu.min.js HTTP/1.1" 200 4663 "https://www.ilc.edu.tw/" "Mozilla/5.0 (Windows NT 10.0; Win64; x64) AppleWebKit/537.36 (KHTML, like Gecko) Chrome/151.0.0.0 Safari/537.36"
140.111.175.97 - - [17/Aug/2026:15:37:48 +0800] "GET /wp-content/themes/oceanwp/assets/js/vendors/magnific-popup.min.js HTTP/1.1" 200 8270 "https://www.ilc.edu.tw/" "Mozilla/5.0 (Windows NT 10.0; Win64; x64) AppleWebKit/537.36 (KHTML, like Gecko) Chrome/151.0.0.0 Safari/537.36"
140.111.175.97 - - [17/Aug/2026:15:37:48 +0800] "GET /wp-content/themes/oceanwp/assets/js/ow-lightbox.min.js HTTP/1.1" 200 2321 "https://www.ilc.edu.tw/" "Mozilla/5.0 (Windows NT 10.0; Win64; x64) AppleWebKit/537.36 (KHTML, like Gecko) Chrome/151.0.0.0 Safari/537.36"
140.111.175.97 - - [17/Aug/2026:15:37:48 +0800] "GET /wp-content/themes/oceanwp/assets/js/vendors/flickity.pkgd.min.js HTTP/1.1" 200 15048 "https://www.ilc.edu.tw/" "Mozilla/5.0 (Windows NT 10.0; Win64; x64) AppleWebKit/537.36 (KHTML, like Gecko) Chrome/151.0.0.0 Safari/537.36"
140.111.175.97 - - [17/Aug/2026:15:37:48 +0800] "GET /wp-content/themes/oceanwp/assets/js/ow-slider.min.js HTTP/1.1" 200 1761 "https://www.ilc.edu.tw/" "Mozilla/5.0 (Windows NT 10.0; Win64; x64) AppleWebKit/537.36 (KHTML, like Gecko) Chrome/151.0.0.0 Safari/537.36"
140.111.175.97 - - [17/Aug/2026:15:37:48 +0800] "GET /wp-content/themes/oceanwp/assets/js/scroll-effect.min.js HTTP/1.1" 200 4127 "https://www.ilc.edu.tw/" "Mozilla/5.0 (Windows NT 10.0; Win64; x64) AppleWebKit/537.36 (KHTML, like Gecko) Chrome/151.0.0.0 Safari/537.36"
140.111.175.97 - - [17/Aug/2026:15:37:48 +0800] "GET /wp-content/themes/oceanwp/assets/js/scroll-top.min.js HTTP/1.1" 200 3202 "https://www.ilc.edu.tw/" "Mozilla/5.0 (Windows NT 10.0; Win64; x64) AppleWebKit/537.36 (KHTML, like Gecko) Chrome/151.0.0.0 Safari/537.36"
140.111.175.97 - - [17/Aug/2026:15:37:48 +0800] "GET /wp-content/themes/oceanwp/assets/js/select.min.js HTTP/1.1" 200 2408 "https://www.ilc.edu.tw/" "Mozilla/5.0 (Windows NT 10.0; Win64; x64) AppleWebKit/537.36 (KHTML, like Gecko) Chrome/151.0.0.0 Safari/537.36"
140.111.175.97 - - [17/Aug/2026:15:37:48 +0800] "GET /wp-content/plugins/elementor-pro/assets/js/webpack-pro.runtime.min.js HTTP/1.1" 200 3562 "https://www.ilc.edu.tw/" "Mozilla/5.0 (Windows NT 10.0; Win64; x64) AppleWebKit/537.36 (KHTML, like Gecko) Chrome/151.0.0.0 Safari/537.36"
140.111.175.97 - - [17/Aug/2026:15:37:48 +0800] "GET /wp-content/plugins/elementor/assets/js/webpack.runtime.min.js HTTP/1.1" 200 3095 "https://www.ilc.edu.tw/" "Mozilla/5.0 (Windows NT 10.0; Win64; x64) AppleWebKit/537.36 (KHTML, like Gecko) Chrome/151.0.0.0 Safari/537.36"
140.111.175.97 - - [17/Aug/2026:15:37:48 +0800] "GET /wp-content/plugins/elementor/assets/js/frontend-modules.min.js HTTP/1.1" 200 19416 "https://www.ilc.edu.tw/" "Mozilla/5.0 (Windows NT 10.0; Win64; x64) AppleWebKit/537.36 (KHTML, like Gecko) Chrome/151.0.0.0 Safari/537.36"
140.111.175.97 - - [17/Aug/2026:15:37:48 +0800] "GET /wp-includes/js/dist/hooks.min.js HTTP/1.1" 200 2421 "https://www.ilc.edu.tw/" "Mozilla/5.0 (Windows NT 10.0; Win64; x64) AppleWebKit/537.36 (KHTML, like Gecko) Chrome/151.0.0.0 Safari/537.36"
140.111.175.97 - - [17/Aug/2026:15:37:48 +0800] "GET /wp-includes/js/dist/i18n.min.js HTTP/1.1" 200 4547 "https://www.ilc.edu.tw/" "Mozilla/5.0 (Windows NT 10.0; Win64; x64) AppleWebKit/537.36 (KHTML, like Gecko) Chrome/151.0.0.0 Safari/537.36"
140.111.175.97 - - [17/Aug/2026:15:37:48 +0800] "GET /wp-content/plugins/elementor-pro/assets/js/frontend.min.js HTTP/1.1" 200 7574 "https://www.ilc.edu.tw/" "Mozilla/5.0 (Windows NT 10.0; Win64; x64) AppleWebKit/537.36 (KHTML, like Gecko) Chrome/151.0.0.0 Safari/537.36"
140.111.175.97 - - [17/Aug/2026:15:37:48 +0800] "GET /wp-content/plugins/elementor/assets/lib/waypoints/waypoints.min.js HTTP/1.1" 200 3873 "https://www.ilc.edu.tw/" "Mozilla/5.0 (Windows NT 10.0; Win64; x64) AppleWebKit/537.36 (KHTML, like Gecko) Chrome/151.0.0.0 Safari/537.36"
140.111.175.97 - - [17/Aug/2026:15:37:48 +0800] "GET /wp-includes/js/jquery/ui/core.min.js HTTP/1.1" 200 7986 "https://www.ilc.edu.tw/" "Mozilla/5.0 (Windows NT 10.0; Win64; x64) AppleWebKit/537.36 (KHTML, like Gecko) Chrome/151.0.0.0 Safari/537.36"
140.111.175.97 - - [17/Aug/2026:15:37:48 +0800] "GET /wp-content/plugins/elementor/assets/js/frontend.min.js HTTP/1.1" 200 13169 "https://www.ilc.edu.tw/" "Mozilla/5.0 (Windows NT 10.0; Win64; x64) AppleWebKit/537.36 (KHTML, like Gecko) Chrome/151.0.0.0 Safari/537.36"
140.111.175.97 - - [17/Aug/2026:15:37:48 +0800] "GET /wp-content/plugins/elementor-pro/assets/js/elements-handlers.min.js HTTP/1.1" 200 10882 "https://www.ilc.edu.tw/" "Mozilla/5.0 (Windows NT 10.0; Win64; x64) AppleWebKit/537.36 (KHTML, like Gecko) Chrome/151.0.0.0 Safari/537.36"
2001:b011:7806:3bbf:c13:2bb1:e428:8bf5 - - [17/Aug/2026:15:37:49 +0800] "-" 408 4791 "-" "-"
140.111.175.97 - - [17/Aug/2026:15:37:49 +0800] "GET /wp-content/uploads/sites/3846/2023/05/%E5%85%AC%E5%91%8A%E6%90%9C%E5%B0%8B.png HTTP/1.1" 200 3888 "https://www.ilc.edu.tw/" "Mozilla/5.0 (Windows NT 10.0; Win64; x64) AppleWebKit/537.36 (KHTML, like Gecko) Chrome/151.0.0.0 Safari/537.36"
140.111.175.97 - - [17/Aug/2026:15:37:49 +0800] "GET /wp-content/uploads/sites/3846/2023/05/%E9%A6%96%E9%A0%81%E5%B0%8F%E6%A8%99_%E6%9C%80%E6%96%B0%E6%B6%88%E6%81%AF.png HTTP/1.1" 200 2876 "https://www.ilc.edu.tw/" "Mozilla/5.0 (Windows NT 10.0; Win64; x64) AppleWebKit/537.36 (KHTML, like Gecko) Chrome/151.0.0.0 Safari/537.36"
140.111.175.97 - - [17/Aug/2026:15:37:48 +0800] "GET /wp-content/uploads/sites/3846/2023/05/%E5%AE%9C%E8%98%AD%E7%B8%A3%E6%94%BF%E5%BA%9C%E6%95%99%E8%82%B2%E8%99%95logo.png HTTP/1.1" 200 16335 "https://www.ilc.edu.tw/" "Mozilla/5.0 (Windows NT 10.0; Win64; x64) AppleWebKit/537.36 (KHTML, like Gecko) Chrome/151.0.0.0 Safari/537.36"
140.111.175.97 - - [17/Aug/2026:15:37:49 +0800] "GET /wp-content/uploads/sites/3846/2025/11/%E8%9E%A2%E5%B9%95%E6%93%B7%E5%8F%96%E7%95%AB%E9%9D%A2-2025-11-27-141357.png HTTP/1.1" 200 220948 "https://www.ilc.edu.tw/" "Mozilla/5.0 (Windows NT 10.0; Win64; x64) AppleWebKit/537.36 (KHTML, like Gecko) Chrome/151.0.0.0 Safari/537.36"
140.111.175.97 - - [17/Aug/2026:15:37:49 +0800] "GET /wp-content/uploads/sites/3846/2023/05/%E9%A6%96%E9%A0%81%E5%B0%8F%E6%A8%99_%E5%BD%B1%E9%9F%B3.png HTTP/1.1" 200 2462 "https://www.ilc.edu.tw/" "Mozilla/5.0 (Windows NT 10.0; Win64; x64) AppleWebKit/537.36 (KHTML, like Gecko) Chrome/151.0.0.0 Safari/537.36"
140.111.175.97 - - [17/Aug/2026:15:37:49 +0800] "GET /wp-content/plugins/elementor/assets/lib/eicons/fonts/eicons.woff2?5.30.0 HTTP/1.1" 200 98225 "https://www.ilc.edu.tw/wp-content/cache/www.ilc.edu.tw/wpfc-minified/fdlul8k0/8141l.css" "Mozilla/5.0 (Windows NT 10.0; Win64; x64) AppleWebKit/537.36 (KHTML, like Gecko) Chrome/151.0.0.0 Safari/537.36"
140.111.175.97 - - [17/Aug/2026:15:37:49 +0800] "GET /wp-content/themes/oceanwp/assets/fonts/fontawesome/webfonts/fa-solid-900.woff2 HTTP/1.1" 200 151246 "https://www.ilc.edu.tw/wp-content/cache/www.ilc.edu.tw/wpfc-minified/fdlul8k0/8141l.css" "Mozilla/5.0 (Windows NT 10.0; Win64; x64) AppleWebKit/537.36 (KHTML, like Gecko) Chrome/151.0.0.0 Safari/537.36"
140.111.175.97 - - [17/Aug/2026:15:37:49 +0800] "GET /wp-content/uploads/sites/3846/2026/05/%E8%9E%A2%E5%B9%95%E6%93%B7%E5%8F%96%E7%95%AB%E9%9D%A2-2026-05-07-100749.png HTTP/1.1" 200 1349878 "https://www.ilc.edu.tw/" "Mozilla/5.0 (Windows NT 10.0; Win64; x64) AppleWebKit/537.36 (KHTML, like Gecko) Chrome/151.0.0.0 Safari/537.36"
140.111.175.97 - - [17/Aug/2026:15:37:49 +0800] "GET /wp-content/uploads/sites/3846/2026/02/%E8%9E%A2%E5%B9%95%E6%93%B7%E5%8F%96%E7%95%AB%E9%9D%A2-2026-02-24-081359.png HTTP/1.1" 200 1577519 "https://www.ilc.edu.tw/" "Mozilla/5.0 (Windows NT 10.0; Win64; x64) AppleWebKit/537.36 (KHTML, like Gecko) Chrome/151.0.0.0 Safari/537.36"
140.111.175.97 - - [17/Aug/2026:15:37:49 +0800] "GET /wp-content/uploads/sites/3846/2025/04/%E7%AB%A5%E5%BF%83%E7%AB%A5%E9%81%8A-%E6%AD%A1%E6%A8%82%E8%98%AD%E9%99%BD-%E5%85%92%E7%AB%A5%E7%AF%80%E5%BF%AB%E6%A8%82.jpg HTTP/1.1" 200 126952 "https://www.ilc.edu.tw/" "Mozilla/5.0 (Windows NT 10.0; Win64; x64) AppleWebKit/537.36 (KHTML, like Gecko) Chrome/151.0.0.0 Safari/537.36"
140.111.175.97 - - [17/Aug/2026:15:37:49 +0800] "GET /wp-content/uploads/sites/3846/2024/09/%E6%95%99%E5%B8%AB%E7%AF%80%E5%BD%B1%E7%89%87.jpg HTTP/1.1" 200 72504 "https://www.ilc.edu.tw/" "Mozilla/5.0 (Windows NT 10.0; Win64; x64) AppleWebKit/537.36 (KHTML, like Gecko) Chrome/151.0.0.0 Safari/537.36"
140.111.175.97 - - [17/Aug/2026:15:37:49 +0800] "GET /wp-content/uploads/sites/3846/2023/10/C1.png HTTP/1.1" 200 342209 "https://www.ilc.edu.tw/" "Mozilla/5.0 (Windows NT 10.0; Win64; x64) AppleWebKit/537.36 (KHTML, like Gecko) Chrome/151.0.0.0 Safari/537.36"
140.111.175.97 - - [17/Aug/2026:15:37:49 +0800] "GET /wp-content/uploads/sites/3846/2023/10/C2.png HTTP/1.1" 200 259646 "https://www.ilc.edu.tw/" "Mozilla/5.0 (Windows NT 10.0; Win64; x64) AppleWebKit/537.36 (KHTML, like Gecko) Chrome/151.0.0.0 Safari/537.36"
140.111.175.97 - - [17/Aug/2026:15:37:49 +0800] "GET /wp-content/uploads/sites/3846/2023/10/C3.png HTTP/1.1" 200 192155 "https://www.ilc.edu.tw/" "Mozilla/5.0 (Windows NT 10.0; Win64; x64) AppleWebKit/537.36 (KHTML, like Gecko) Chrome/151.0.0.0 Safari/537.36"
140.111.175.97 - - [17/Aug/2026:15:37:49 +0800] "GET /wp-content/uploads/sites/3846/2023/10/C4.png HTTP/1.1" 200 139328 "https://www.ilc.edu.tw/" "Mozilla/5.0 (Windows NT 10.0; Win64; x64) AppleWebKit/537.36 (KHTML, like Gecko) Chrome/151.0.0.0 Safari/537.36"
140.111.175.97 - - [17/Aug/2026:15:37:49 +0800] "GET /wp-content/uploads/sites/3846/2023/10/C5.png HTTP/1.1" 200 267535 "https://www.ilc.edu.tw/" "Mozilla/5.0 (Windows NT 10.0; Win64; x64) AppleWebKit/537.36 (KHTML, like Gecko) Chrome/151.0.0.0 Safari/537.36"
140.111.175.97 - - [17/Aug/2026:15:37:49 +0800] "GET /wp-content/uploads/sites/3846/2024/08/%E8%9E%A2%E5%B9%95%E6%93%B7%E5%8F%96%E7%95%AB%E9%9D%A2-2024-08-07-151319.png HTTP/1.1" 200 2714068 "https://www.ilc.edu.tw/" "Mozilla/5.0 (Windows NT 10.0; Win64; x64) AppleWebKit/537.36 (KHTML, like Gecko) Chrome/151.0.0.0 Safari/537.36"
140.111.175.97 - - [17/Aug/2026:15:37:49 +0800] "GET /wp-content/uploads/sites/3846/2023/05/%E8%B7%A8%E9%96%B1%E5%88%9D%E8%A1%B7YT.jpg HTTP/1.1" 200 579849 "https://www.ilc.edu.tw/" "Mozilla/5.0 (Windows NT 10.0; Win64; x64) AppleWebKit/537.36 (KHTML, like Gecko) Chrome/151.0.0.0 Safari/537.36"
140.111.175.97 - - [17/Aug/2026:15:37:49 +0800] "GET /wp-content/uploads/sites/3846/2023/05/%E5%8E%9F%E6%B0%91%E6%95%99%E8%82%B2%E5%9C%A8%E5%AE%9C%E8%98%ADYT.jpg HTTP/1.1" 200 607016 "https://www.ilc.edu.tw/" "Mozilla/5.0 (Windows NT 10.0; Win64; x64) AppleWebKit/537.36 (KHTML, like Gecko) Chrome/151.0.0.0 Safari/537.36"
140.111.175.97 - - [17/Aug/2026:15:37:49 +0800] "GET /wp-content/uploads/sites/3846/2023/05/%E5%B9%BC%E8%A6%8B%E5%B9%B8%E7%A6%8FYT.jpg HTTP/1.1" 200 664803 "https://www.ilc.edu.tw/" "Mozilla/5.0 (Windows NT 10.0; Win64; x64) AppleWebKit/537.36 (KHTML, like Gecko) Chrome/151.0.0.0 Safari/537.36"
140.111.175.97 - - [17/Aug/2026:15:37:49 +0800] "GET /wp-content/uploads/sites/3846/2023/05/%E6%84%9BEnglishYT.jpg HTTP/1.1" 200 245320 "https://www.ilc.edu.tw/" "Mozilla/5.0 (Windows NT 10.0; Win64; x64) AppleWebKit/537.36 (KHTML, like Gecko) Chrome/151.0.0.0 Safari/537.36"
140.111.175.97 - - [17/Aug/2026:15:37:49 +0800] "GET /wp-content/uploads/sites/3846/2023/05/%E6%B0%B4%E5%9F%9F%E5%AE%89%E5%85%A8%E5%AE%A3%E5%B0%8EYT.jpg HTTP/1.1" 200 809930 "https://www.ilc.edu.tw/" "Mozilla/5.0 (Windows NT 10.0; Win64; x64) AppleWebKit/537.36 (KHTML, like Gecko) Chrome/151.0.0.0 Safari/537.36"
140.111.175.97 - - [17/Aug/2026:15:37:49 +0800] "GET /wp-content/uploads/sites/3846/2023/05/%E5%A6%82%E6%9E%9C%E9%9B%A8%E7%9F%A5%E9%81%93YT.jpg HTTP/1.1" 200 529331 "https://www.ilc.edu.tw/" "Mozilla/5.0 (Windows NT 10.0; Win64; x64) AppleWebKit/537.36 (KHTML, like Gecko) Chrome/151.0.0.0 Safari/537.36"
140.111.175.97 - - [17/Aug/2026:15:37:49 +0800] "GET /wp-content/uploads/sites/3846/2025/11/%E8%9E%A2%E5%B9%95%E6%93%B7%E5%8F%96%E7%95%AB%E9%9D%A2-2025-11-10-141501.png HTTP/1.1" 200 2445011 "https://www.ilc.edu.tw/" "Mozilla/5.0 (Windows NT 10.0; Win64; x64) AppleWebKit/537.36 (KHTML, like Gecko) Chrome/151.0.0.0 Safari/537.36"
140.111.175.97 - - [17/Aug/2026:15:37:49 +0800] "GET /wp-content/uploads/sites/3846/2025/09/YT%E5%B0%81%E9%9D%A2-1.jpg HTTP/1.1" 200 173035 "https://www.ilc.edu.tw/" "Mozilla/5.0 (Windows NT 10.0; Win64; x64) AppleWebKit/537.36 (KHTML, like Gecko) Chrome/151.0.0.0 Safari/537.36"
140.111.175.97 - - [17/Aug/2026:15:37:49 +0800] "GET /wp-content/uploads/sites/3846/2023/05/%E9%A6%96%E9%A0%81%E5%B0%8F%E6%A8%99_%E6%B4%BB%E5%8B%95%E5%B0%88%E5%8D%80.png HTTP/1.1" 200 2545 "https://www.ilc.edu.tw/" "Mozilla/5.0 (Windows NT 10.0; Win64; x64) AppleWebKit/537.36 (KHTML, like Gecko) Chrome/151.0.0.0 Safari/537.36"
140.111.175.97 - - [17/Aug/2026:15:37:49 +0800] "GET /wp-content/uploads/sites/3846/2023/05/%E6%95%B8%E4%BD%8D%E5%AD%B8%E7%BF%92%E6%94%AF%E6%8C%81%E5%B9%B3%E5%8F%B0-Banner.png HTTP/1.1" 200 16589 "https://www.ilc.edu.tw/" "Mozilla/5.0 (Windows NT 10.0; Win64; x64) AppleWebKit/537.36 (KHTML, like Gecko) Chrome/151.0.0.0 Safari/537.36"
140.111.175.97 - - [17/Aug/2026:15:37:49 +0800] "GET /wp-content/uploads/sites/3846/2024/01/%E7%A7%91%E6%8A%80%E9%A0%98%E5%9F%9F%E6%87%89%E7%94%A8%E7%AB%B6%E8%B3%BD.png HTTP/1.1" 200 20326 "https://www.ilc.edu.tw/" "Mozilla/5.0 (Windows NT 10.0; Win64; x64) AppleWebKit/537.36 (KHTML, like Gecko) Chrome/151.0.0.0 Safari/537.36"
140.111.175.97 - - [17/Aug/2026:15:37:49 +0800] "GET /wp-content/uploads/sites/3846/2023/05/%E6%94%BF%E7%AD%96%E6%A5%AD%E5%8B%99%E5%AE%A3%E5%B0%8E-banner.png HTTP/1.1" 200 19385 "https://www.ilc.edu.tw/" "Mozilla/5.0 (Windows NT 10.0; Win64; x64) AppleWebKit/537.36 (KHTML, like Gecko) Chrome/151.0.0.0 Safari/537.36"
140.111.175.97 - - [17/Aug/2026:15:37:49 +0800] "GET /wp-content/uploads/sites/3846/2024/04/%E5%AD%B8%E6%A0%A1%E7%94%A8%E5%9C%B0.png HTTP/1.1" 200 19801 "https://www.ilc.edu.tw/" "Mozilla/5.0 (Windows NT 10.0; Win64; x64) AppleWebKit/537.36 (KHTML, like Gecko) Chrome/151.0.0.0 Safari/537.36"
140.111.175.97 - - [17/Aug/2026:15:37:49 +0800] "GET /wp-content/uploads/sites/3846/2025/05/%E8%BC%AA%E6%92%AD%E5%9C%96%E8%AA%BF%E5%A4%A7%E5%B0%8F_%E6%95%99%E8%82%B2%E8%99%95%E5%B0%8Fbanner.png HTTP/1.1" 200 6660 "https://www.ilc.edu.tw/" "Mozilla/5.0 (Windows NT 10.0; Win64; x64) AppleWebKit/537.36 (KHTML, like Gecko) Chrome/151.0.0.0 Safari/537.36"
140.111.175.97 - - [17/Aug/2026:15:37:49 +0800] "GET /wp-content/uploads/sites/3846/2025/05/%E8%AA%9E%E6%96%87%E7%AB%B6%E8%B3%BD180X50.png HTTP/1.1" 200 10112 "https://www.ilc.edu.tw/" "Mozilla/5.0 (Windows NT 10.0; Win64; x64) AppleWebKit/537.36 (KHTML, like Gecko) Chrome/151.0.0.0 Safari/537.36"
140.111.175.97 - - [17/Aug/2026:15:37:49 +0800] "GET /wp-content/uploads/sites/3846/2023/05/%E8%88%9E%E8%B9%88%E6%AF%94%E8%B3%BD-banner.jpg HTTP/1.1" 200 9565 "https://www.ilc.edu.tw/" "Mozilla/5.0 (Windows NT 10.0; Win64; x64) AppleWebKit/537.36 (KHTML, like Gecko) Chrome/151.0.0.0 Safari/537.36"
140.111.175.97 - - [17/Aug/2026:15:37:49 +0800] "GET /wp-content/uploads/sites/3846/2025/09/%E6%95%99%E8%82%B2%E8%99%95%E6%B4%BB%E5%8B%95%E5%B0%88%E5%8D%80%E5%B0%8F%E5%9C%96-4-2.png HTTP/1.1" 200 21768 "https://www.ilc.edu.tw/" "Mozilla/5.0 (Windows NT 10.0; Win64; x64) AppleWebKit/537.36 (KHTML, like Gecko) Chrome/151.0.0.0 Safari/537.36"
140.111.175.97 - - [17/Aug/2026:15:37:49 +0800] "GET /wp-content/uploads/sites/3846/2025/09/%E6%95%99%E8%82%B2%E8%99%95%E6%B4%BB%E5%8B%95%E5%B0%88%E5%8D%80%E5%B0%8F%E5%9C%96-3.png HTTP/1.1" 200 12380 "https://www.ilc.edu.tw/" "Mozilla/5.0 (Windows NT 10.0; Win64; x64) AppleWebKit/537.36 (KHTML, like Gecko) Chrome/151.0.0.0 Safari/537.36"
140.111.175.97 - - [17/Aug/2026:15:37:49 +0800] "GET /wp-content/uploads/sites/3846/2025/07/%E6%95%99%E8%82%B2%E8%99%95%E9%A6%96%E9%A0%81_%E5%B0%8Fbanner_%E5%AE%9C%E8%98%AD%E7%B8%A3%E6%94%BF%E5%BA%9C%E5%9C%8B%E4%B8%AD%E5%B0%8F%E6%AD%A3%E5%B8%B8%E6%95%99%E5%AD%B8%E8%A6%96%E5%B0%8E-1.png HTTP/1.1" 200 8670 "https://www.ilc.edu.tw/" "Mozilla/5.0 (Windows NT 10.0; Win64; x64) AppleWebKit/537.36 (KHTML, like Gecko) Chrome/151.0.0.0 Safari/537.36"
140.111.175.97 - - [17/Aug/2026:15:37:49 +0800] "GET /wp-content/uploads/sites/3846/2025/09/%E6%95%99%E8%82%B2%E8%99%95%E6%B4%BB%E5%8B%95%E5%B0%88%E5%8D%80%E5%B0%8F%E5%9C%96-2-3.png HTTP/1.1" 200 9664 "https://www.ilc.edu.tw/" "Mozilla/5.0 (Windows NT 10.0; Win64; x64) AppleWebKit/537.36 (KHTML, like Gecko) Chrome/151.0.0.0 Safari/537.36"
140.111.175.97 - - [17/Aug/2026:15:37:49 +0800] "GET /wp-content/uploads/sites/3846/2024/05/%E8%9E%A2%E5%B9%95%E6%93%B7%E5%8F%96%E7%95%AB%E9%9D%A2-2024-05-16-103456.png HTTP/1.1" 200 2702922 "https://www.ilc.edu.tw/" "Mozilla/5.0 (Windows NT 10.0; Win64; x64) AppleWebKit/537.36 (KHTML, like Gecko) Chrome/151.0.0.0 Safari/537.36"
2407:4b00:4c06:8d06:b914:ac7e:c177:c556 - - [17/Aug/2026:15:37:49 +0800] "GET /wp-content/uploads/sites/3846/2026/02/%E9%81%BF%E5%85%8D%E8%AA%A4%E5%85%A5%E8%A9%90%E9%A8%99%E7%B6%B2%E7%AB%99APP%E5%B0%8F%E5%B8%B8%E8%AD%98.jpg HTTP/1.1" 200 455172 "https://it.ilc.edu.tw/" "Mozilla/5.0 (Windows NT 10.0; Win64; x64) AppleWebKit/537.36 (KHTML, like Gecko) Chrome/151.0.0.0 Safari/537.36"
140.111.67.10 - - [17/Aug/2026:15:37:50 +0800] "GET /" 301 273 "-" "-"
191.102.186.96 - - [17/Aug/2026:15:37:47 +0800] "GET /web/ HTTP/1.1" 200 22741 "-" "Mozilla/5.0 (Windows NT 10.0; Win64; x64) AppleWebKit/537.36 (KHTML, like Gecko) Chrome/149.0.0.0 Safari/537.36 Edg/149.0.0.0"
140.111.175.97 - - [17/Aug/2026:15:37:49 +0800] "GET /wp-content/uploads/sites/3846/2025/11/%E8%9E%A2%E5%B9%95%E6%93%B7%E5%8F%96%E7%95%AB%E9%9D%A2-2025-11-13-131522.png HTTP/1.1" 200 3761926 "https://www.ilc.edu.tw/" "Mozilla/5.0 (Windows NT 10.0; Win64; x64) AppleWebKit/537.36 (KHTML, like Gecko) Chrome/151.0.0.0 Safari/537.36"
140.111.175.97 - - [17/Aug/2026:15:37:50 +0800] "GET /wp-content/plugins/elementor-pro/assets/js/media-carousel.aca2224ef13e6f999011.bundle.min.js HTTP/1.1" 200 2948 "https://www.ilc.edu.tw/" "Mozilla/5.0 (Windows NT 10.0; Win64; x64) AppleWebKit/537.36 (KHTML, like Gecko) Chrome/151.0.0.0 Safari/537.36"
140.111.175.97 - - [17/Aug/2026:15:37:50 +0800] "GET /wp-content/plugins/elementor/assets/lib/swiper/v8/swiper.min.js?ver=8.4.5 HTTP/1.1" 200 40708 "https://www.ilc.edu.tw/" "Mozilla/5.0 (Windows NT 10.0; Win64; x64) AppleWebKit/537.36 (KHTML, like Gecko) Chrome/151.0.0.0 Safari/537.36"
66.249.82.100 - - [17/Aug/2026:15:37:50 +0800] "GET /.well-known/traffic-advice HTTP/1.1" 404 53450 "-" "Chrome Privacy Preserving Prefetch Proxy"
2001:288:a201::66:125 - - [17/Aug/2026:15:37:50 +0800] "GET /blog/active.php HTTP/1.1" 301 1026 "-" "-"
2001:288:a201::66:125 - - [17/Aug/2026:15:37:50 +0800] "GET /blog/active.php HTTP/1.1" 404 1084 "-" "-"
2001:b011:7806:3bbf:c13:2bb1:e428:8bf5 - - [17/Aug/2026:15:37:51 +0800] "-" 408 339 "-" "-"
140.111.175.97 - - [17/Aug/2026:15:37:52 +0800] "GET /wp-content/uploads/sites/3846/2023/05/cropped-%E6%95%99%E8%82%B2%E8%99%95logo-32x32.jpg HTTP/1.1" 200 1571 "https://www.ilc.edu.tw/" "Mozilla/5.0 (Windows NT 10.0; Win64; x64) AppleWebKit/537.36 (KHTML, like Gecko) Chrome/151.0.0.0 Safari/537.36"
66.249.68.200 - - [17/Aug/2026:15:37:52 +0800] "GET /12/2010/10/28/ HTTP/1.1" 200 14582 "-" "Mozilla/5.0 (Linux; Android 6.0.1; Nexus 5X Build/MMB29P) AppleWebKit/537.36 (KHTML, like Gecko) Chrome/150.0.7871.186 Mobile Safari/537.36 (compatible; Googlebot/2.1; +http://www.google.com/bot.html)"
66.249.71.64 - - [17/Aug/2026:15:37:54 +0800] "GET /12/2011/03/30/ HTTP/1.1" 200 14527 "-" "Mozilla/5.0 (Linux; Android 6.0.1; Nexus 5X Build/MMB29P) AppleWebKit/537.36 (KHTML, like Gecko) Chrome/150.0.7871.186 Mobile Safari/537.36 (compatible; Googlebot/2.1; +http://www.google.com/bot.html)"
2001:4860:7:510::ed - - [17/Aug/2026:15:37:54 +0800] "GET /2341/2023/09/10/%E5%9C%8B%E5%AE%B6%E6%95%99%E8%82%B2%E7%A0%94%E7%A9%B6%E9%99%A2%E5%8F%B0%E4%B8%AD%E8%B1%90%E5%8E%9F%E9%99%A2%E5%8D%80%E4%BD%8F%E5%AE%BF%E7%92%B0%E5%A2%83%E5%88%9D%E9%AB%94%E9%A9%97/ HTTP/1.1" 200 18173 "https://www.google.com/" "Mozilla/5.0 (Windows NT 10.0; Win64; x64) AppleWebKit/537.36 (KHTML, like Gecko) Chrome/151.0.0.0 Safari/537.36"
2001:288:a242:2:9803:628c:63c3:c070 - - [17/Aug/2026:15:37:54 +0800] "-" 408 4804 "-" "-"
2001:288:a242:2:9803:628c:63c3:c070 - - [17/Aug/2026:15:37:54 +0800] "-" 408 4804 "-" "-"
::1 - - [17/Aug/2026:15:37:54 +0800] "OPTIONS * HTTP/1.0" 200 110 "-" "Apache/2.4.68 (Ubuntu) OpenSSL/3.0.19 (internal dummy connection)"
140.111.67.10 - - [17/Aug/2026:15:37:55 +0800] "GET /" 301 273 "-" "-"
2001:288:a201::66:125 - - [17/Aug/2026:15:37:55 +0800] "GET /blog/active.php HTTP/1.1" 301 1026 "-" "-"
2001:288:a201::66:125 - - [17/Aug/2026:15:37:55 +0800] "GET /blog/active.php HTTP/1.1" 404 1084 "-" "-"
2001:288:a242:2:9803:628c:63c3:c070 - - [17/Aug/2026:15:37:55 +0800] "-" 408 4804 "-" "-"
::1 - - [17/Aug/2026:15:37:55 +0800] "OPTIONS * HTTP/1.0" 200 110 "-" "Apache/2.4.68 (Ubuntu) OpenSSL/3.0.19 (internal dummy connection)"
::1 - - [17/Aug/2026:15:37:56 +0800] "OPTIONS * HTTP/1.0" 200 110 "-" "Apache/2.4.68 (Ubuntu) OpenSSL/3.0.19 (internal dummy connection)"
::1 - - [17/Aug/2026:15:37:57 +0800] "OPTIONS * HTTP/1.0" 200 110 "-" "Apache/2.4.68 (Ubuntu) OpenSSL/3.0.19 (internal dummy connection)"
2001:288:a257:1:a477:619e:fe74:1a39 - - [17/Aug/2026:15:37:58 +0800] "-" 408 4791 "-" "-"
2001:288:a257:1:a477:619e:fe74:1a39 - - [17/Aug/2026:15:37:58 +0800] "-" 408 4791 "-" "-"
2001:288:a257:1:a477:619e:fe74:1a39 - - [17/Aug/2026:15:37:58 +0800] "-" 408 4791 "-" "-"
::1 - - [17/Aug/2026:15:37:58 +0800] "OPTIONS * HTTP/1.0" 200 110 "-" "Apache/2.4.68 (Ubuntu) OpenSSL/3.0.19 (internal dummy connection)"
2001:288:a240:1:58dd:508b:fa77:75be - - [17/Aug/2026:15:37:59 +0800] "GET / HTTP/1.1" 200 28989 "-" "Mozilla/5.0 (Windows NT 10.0; Win64; x64) AppleWebKit/537.36 (KHTML, like Gecko) Chrome/151.0.0.0 Safari/537.36"
66.249.82.163 - - [17/Aug/2026:15:37:59 +0800] "GET /.well-known/traffic-advice HTTP/1.1" 404 66560 "-" "Chrome Privacy Preserving Prefetch Proxy"
2001:288:a240:1:58dd:508b:fa77:75be - - [17/Aug/2026:15:37:59 +0800] "GET /wp-content/uploads/sites/1664/elementor/css/post-2.css HTTP/1.1" 304 790 "https://www.gjes.ilc.edu.tw/" "Mozilla/5.0 (Windows NT 10.0; Win64; x64) AppleWebKit/537.36 (KHTML, like Gecko) Chrome/151.0.0.0 Safari/537.36"
::1 - - [17/Aug/2026:15:37:59 +0800] "OPTIONS * HTTP/1.0" 200 110 "-" "Apache/2.4.68 (Ubuntu) OpenSSL/3.0.19 (internal dummy connection)"
2001:288:a240:1:58dd:508b:fa77:75be - - [17/Aug/2026:15:38:00 +0800] "GET /wp-content/uploads/sites/1664/2026/08/e839b8fe-e080-49d7-9778-41f032fc7a3c-768x254.jpg HTTP/1.1" 304 790 "https://www.gjes.ilc.edu.tw/" "Mozilla/5.0 (Windows NT 10.0; Win64; x64) AppleWebKit/537.36 (KHTML, like Gecko) Chrome/151.0.0.0 Safari/537.36"
140.111.67.10 - - [17/Aug/2026:15:38:00 +0800] "GET /" 301 273 "-" "-"
2001:288:a240:1:58dd:508b:fa77:75be - - [17/Aug/2026:15:38:00 +0800] "POST /wp-json/wp-statistics/v2/hit HTTP/1.1" 200 1083 "https://www.gjes.ilc.edu.tw/" "Mozilla/5.0 (Windows NT 10.0; Win64; x64) AppleWebKit/537.36 (KHTML, like Gecko) Chrome/151.0.0.0 Safari/537.36"
2001:288:a201::66:125 - - [17/Aug/2026:15:38:00 +0800] "GET /blog/active.php HTTP/1.1" 404 1084 "-" "-"
2001:288:a201::66:125 - - [17/Aug/2026:15:38:00 +0800] "GET /blog/active.php HTTP/1.1" 301 1026 "-" "-"
::1 - - [17/Aug/2026:15:38:00 +0800] "OPTIONS * HTTP/1.0" 200 110 "-" "Apache/2.4.68 (Ubuntu) OpenSSL/3.0.19 (internal dummy connection)"
2001:288:a201::67:81 - - [17/Aug/2026:15:38:01 +0800] "GET / HTTP/1.1" 200 56293 "-" "curl/7.81.0"
::1 - - [17/Aug/2026:15:38:01 +0800] "OPTIONS * HTTP/1.0" 200 110 "-" "Apache/2.4.68 (Ubuntu) OpenSSL/3.0.19 (internal dummy connection)"
::1 - - [17/Aug/2026:15:38:02 +0800] "OPTIONS * HTTP/1.0" 200 110 "-" "Apache/2.4.68 (Ubuntu) OpenSSL/3.0.19 (internal dummy connection)"
140.111.67.86 - - [17/Aug/2026:15:38:01 +0800] "GET / HTTP/1.1" 200 56293 "-" "curl/7.81.0"
52.167.144.230 - - [17/Aug/2026:15:38:02 +0800] "GET /868/49631/ HTTP/1.1" 200 20856 "-" "Mozilla/5.0 AppleWebKit/537.36 (KHTML, like Gecko; compatible; bingbot/2.0; +http://www.bing.com/bingbot.htm) Chrome/116.0.1938.76 Safari/537.36"
::1 - - [17/Aug/2026:15:38:03 +0800] "OPTIONS * HTTP/1.0" 200 110 "-" "Apache/2.4.68 (Ubuntu) OpenSSL/3.0.19 (internal dummy connection)"
::1 - - [17/Aug/2026:15:38:04 +0800] "OPTIONS * HTTP/1.0" 200 110 "-" "Apache/2.4.68 (Ubuntu) OpenSSL/3.0.19 (internal dummy connection)"
140.111.67.10 - - [17/Aug/2026:15:38:05 +0800] "GET /" 301 273 "-" "-"
36.229.229.182 - - [17/Aug/2026:15:38:05 +0800] "-" 408 4796 "-" "-"
2001:288:a201::66:125 - - [17/Aug/2026:15:38:05 +0800] "GET /blog/active.php HTTP/1.1" 404 1084 "-" "-"
2001:4860:7:b10::ef - - [17/Aug/2026:15:38:05 +0800] "GET / HTTP/1.1" 200 31593 "https://www.google.com/" "Mozilla/5.0 (Windows NT 10.0; Win64; x64) AppleWebKit/537.36 (KHTML, like Gecko) Chrome/151.0.0.0 Safari/537.36"
2001:288:a201::66:125 - - [17/Aug/2026:15:38:05 +0800] "GET /blog/active.php HTTP/1.1" 301 1026 "-" "-"
::1 - - [17/Aug/2026:15:38:05 +0800] "OPTIONS * HTTP/1.0" 200 110 "-" "Apache/2.4.68 (Ubuntu) OpenSSL/3.0.19 (internal dummy connection)"
::1 - - [17/Aug/2026:15:38:06 +0800] "OPTIONS * HTTP/1.0" 200 110 "-" "Apache/2.4.68 (Ubuntu) OpenSSL/3.0.19 (internal dummy connection)"
2001:b011:7803:358d:4615:2018:2c6e:649 - - [17/Aug/2026:15:38:07 +0800] "GET / HTTP/1.1" 200 23394 "https://www.google.com/" "Mozilla/5.0 (X11; Linux x86_64) AppleWebKit/537.36 (KHTML, like Gecko) Chrome/151.0.0.0 Safari/537.36"
2001:b011:7803:358d:4615:2018:2c6e:649 - - [17/Aug/2026:15:38:07 +0800] "GET /wp-content/cache/www.cges.ilc.edu.tw/wpfc-minified/79o5jyxt/6vvf.css HTTP/1.1" 200 40884 "https://www.cges.ilc.edu.tw/" "Mozilla/5.0 (X11; Linux x86_64) AppleWebKit/537.36 (KHTML, like Gecko) Chrome/151.0.0.0 Safari/537.36"
2001:b011:7803:358d:4615:2018:2c6e:649 - - [17/Aug/2026:15:38:07 +0800] "GET /wp-content/cache/www.cges.ilc.edu.tw/wpfc-minified/2fm5zxwl/6vvf.css HTTP/1.1" 200 92215 "https://www.cges.ilc.edu.tw/" "Mozilla/5.0 (X11; Linux x86_64) AppleWebKit/537.36 (KHTML, like Gecko) Chrome/151.0.0.0 Safari/537.36"
2001:b011:7803:358d:4615:2018:2c6e:649 - - [17/Aug/2026:15:38:07 +0800] "GET /wp-content/cache/www.cges.ilc.edu.tw/wpfc-minified/7nsmgxv0/6vvf.css HTTP/1.1" 200 54062 "https://www.cges.ilc.edu.tw/" "Mozilla/5.0 (X11; Linux x86_64) AppleWebKit/537.36 (KHTML, like Gecko) Chrome/151.0.0.0 Safari/537.36"
2001:b011:7803:358d:4615:2018:2c6e:649 - - [17/Aug/2026:15:38:07 +0800] "GET /wp-content/cache/www.cges.ilc.edu.tw/wpfc-minified/2qfowuv3/6vvf.css HTTP/1.1" 200 7154 "https://www.cges.ilc.edu.tw/" "Mozilla/5.0 (X11; Linux x86_64) AppleWebKit/537.36 (KHTML, like Gecko) Chrome/151.0.0.0 Safari/537.36"
2001:b011:7803:358d:4615:2018:2c6e:649 - - [17/Aug/2026:15:38:07 +0800] "GET /wp-content/cache/www.cges.ilc.edu.tw/wpfc-minified/d5inqde/6vvf.css HTTP/1.1" 304 1129 "https://www.cges.ilc.edu.tw/" "Mozilla/5.0 (X11; Linux x86_64) AppleWebKit/537.36 (KHTML, like Gecko) Chrome/151.0.0.0 Safari/537.36"
2001:b011:7803:358d:4615:2018:2c6e:649 - - [17/Aug/2026:15:38:07 +0800] "GET /wp-content/uploads/sites/1393/elementor/css/post-189.css HTTP/1.1" 304 5594 "https://www.cges.ilc.edu.tw/" "Mozilla/5.0 (X11; Linux x86_64) AppleWebKit/537.36 (KHTML, like Gecko) Chrome/151.0.0.0 Safari/537.36"
2001:b011:7803:358d:4615:2018:2c6e:649 - - [17/Aug/2026:15:38:07 +0800] "GET /wp-content/cache/www.cges.ilc.edu.tw/wpfc-minified/89psruds/6vvf.js HTTP/1.1" 200 40361 "https://www.cges.ilc.edu.tw/" "Mozilla/5.0 (X11; Linux x86_64) AppleWebKit/537.36 (KHTML, like Gecko) Chrome/151.0.0.0 Safari/537.36"
2001:b011:7803:358d:4615:2018:2c6e:649 - - [17/Aug/2026:15:38:07 +0800] "GET /wp-content/themes/oceanwp/assets/js/theme.min.js HTTP/1.1" 200 5130 "https://www.cges.ilc.edu.tw/" "Mozilla/5.0 (X11; Linux x86_64) AppleWebKit/537.36 (KHTML, like Gecko) Chrome/151.0.0.0 Safari/537.36"
2001:b011:7803:358d:4615:2018:2c6e:649 - - [17/Aug/2026:15:38:07 +0800] "GET /wp-content/themes/oceanwp/assets/js/drop-down-mobile-menu.min.js HTTP/1.1" 200 4663 "https://www.cges.ilc.edu.tw/" "Mozilla/5.0 (X11; Linux x86_64) AppleWebKit/537.36 (KHTML, like Gecko) Chrome/151.0.0.0 Safari/537.36"
2001:b011:7803:358d:4615:2018:2c6e:649 - - [17/Aug/2026:15:38:07 +0800] "GET /wp-content/themes/oceanwp/assets/js/scroll-effect.min.js HTTP/1.1" 200 4127 "https://www.cges.ilc.edu.tw/" "Mozilla/5.0 (X11; Linux x86_64) AppleWebKit/537.36 (KHTML, like Gecko) Chrome/151.0.0.0 Safari/537.36"
2001:b011:7803:358d:4615:2018:2c6e:649 - - [17/Aug/2026:15:38:07 +0800] "GET /wp-content/plugins/elementor-pro/assets/js/webpack-pro.runtime.min.js HTTP/1.1" 200 3562 "https://www.cges.ilc.edu.tw/" "Mozilla/5.0 (X11; Linux x86_64) AppleWebKit/537.36 (KHTML, like Gecko) Chrome/151.0.0.0 Safari/537.36"
2001:b011:7803:358d:4615:2018:2c6e:649 - - [17/Aug/2026:15:38:07 +0800] "GET /wp-includes/js/mediaelement/mediaelement-and-player.min.js HTTP/1.1" 200 39802 "https://www.cges.ilc.edu.tw/" "Mozilla/5.0 (X11; Linux x86_64) AppleWebKit/537.36 (KHTML, like Gecko) Chrome/151.0.0.0 Safari/537.36"
2001:b011:7803:358d:4615:2018:2c6e:649 - - [17/Aug/2026:15:38:07 +0800] "GET /wp-includes/js/mediaelement/wp-mediaelement.min.js HTTP/1.1" 304 790 "https://www.cges.ilc.edu.tw/" "Mozilla/5.0 (X11; Linux x86_64) AppleWebKit/537.36 (KHTML, like Gecko) Chrome/151.0.0.0 Safari/537.36"
2001:b011:7803:358d:4615:2018:2c6e:649 - - [17/Aug/2026:15:38:07 +0800] "GET /wp-content/uploads/sites/1393/2019/11/cges003.jpg HTTP/1.1" 200 205533 "https://www.cges.ilc.edu.tw/" "Mozilla/5.0 (X11; Linux x86_64) AppleWebKit/537.36 (KHTML, like Gecko) Chrome/151.0.0.0 Safari/537.36"
2001:b011:7803:358d:4615:2018:2c6e:649 - - [17/Aug/2026:15:38:07 +0800] "GET /wp-content/plugins/elementor/assets/lib/eicons/fonts/eicons.woff2?5.30.0 HTTP/1.1" 200 98225 "https://www.cges.ilc.edu.tw/wp-content/cache/www.cges.ilc.edu.tw/wpfc-minified/2fm5zxwl/6vvf.css" "Mozilla/5.0 (X11; Linux x86_64) AppleWebKit/537.36 (KHTML, like Gecko) Chrome/151.0.0.0 Safari/537.36"
2001:b011:7803:358d:4615:2018:2c6e:649 - - [17/Aug/2026:15:38:08 +0800] "GET /wp-content/themes/oceanwp/assets/fonts/simple-line-icons/Simple-Line-Icons.woff2?v=2.4.0 HTTP/1.1" 200 30959 "https://www.cges.ilc.edu.tw/wp-content/cache/www.cges.ilc.edu.tw/wpfc-minified/2fm5zxwl/6vvf.css" "Mozilla/5.0 (X11; Linux x86_64) AppleWebKit/537.36 (KHTML, like Gecko) Chrome/151.0.0.0 Safari/537.36"
2001:b011:7803:358d:4615:2018:2c6e:649 - - [17/Aug/2026:15:38:08 +0800] "GET /wp-content/uploads/sites/1393/2019/11/S__127606795-e1778030969253.jpg HTTP/1.1" 200 37359 "https://www.cges.ilc.edu.tw/wp-content/uploads/sites/1393/elementor/css/post-189.css" "Mozilla/5.0 (X11; Linux x86_64) AppleWebKit/537.36 (KHTML, like Gecko) Chrome/151.0.0.0 Safari/537.36"
2001:b011:7803:358d:4615:2018:2c6e:649 - - [17/Aug/2026:15:38:08 +0800] "GET /wp-content/uploads/sites/1393/2019/11/S__127606795-1-e1778031003598.jpg HTTP/1.1" 200 47933 "https://www.cges.ilc.edu.tw/wp-content/uploads/sites/1393/elementor/css/post-189.css" "Mozilla/5.0 (X11; Linux x86_64) AppleWebKit/537.36 (KHTML, like Gecko) Chrome/151.0.0.0 Safari/537.36"
2001:b011:7803:358d:4615:2018:2c6e:649 - - [17/Aug/2026:15:38:07 +0800] "GET /wp-content/uploads/sites/1393/2019/11/%E6%96%B0%E8%81%9E_115%E6%8B%9B%E7%94%9F%E5%AE%A3%E5%82%B3%E5%9C%96_OK-scaled.jpg HTTP/1.1" 200 698761 "https://www.cges.ilc.edu.tw/wp-content/uploads/sites/1393/elementor/css/post-189.css" "Mozilla/5.0 (X11; Linux x86_64) AppleWebKit/537.36 (KHTML, like Gecko) Chrome/151.0.0.0 Safari/537.36"
2001:b011:7803:358d:4615:2018:2c6e:649 - - [17/Aug/2026:15:38:07 +0800] "GET /wp-content/uploads/sites/1393/2019/11/2026-05-09-12-39-46.jpg HTTP/1.1" 200 584227 "https://www.cges.ilc.edu.tw/wp-content/uploads/sites/1393/elementor/css/post-189.css" "Mozilla/5.0 (X11; Linux x86_64) AppleWebKit/537.36 (KHTML, like Gecko) Chrome/151.0.0.0 Safari/537.36"
2001:b011:7803:358d:4615:2018:2c6e:649 - - [17/Aug/2026:15:38:08 +0800] "GET /wp-content/uploads/sites/1393/2019/11/2026-04-28-08-53-38.jpg HTTP/1.1" 200 847062 "https://www.cges.ilc.edu.tw/wp-content/uploads/sites/1393/elementor/css/post-189.css" "Mozilla/5.0 (X11; Linux x86_64) AppleWebKit/537.36 (KHTML, like Gecko) Chrome/151.0.0.0 Safari/537.36"
2001:b011:7803:358d:4615:2018:2c6e:649 - - [17/Aug/2026:15:38:08 +0800] "GET /wp-content/uploads/sites/1393/2019/11/2026-04-28-08-50-07.jpg HTTP/1.1" 200 654041 "https://www.cges.ilc.edu.tw/wp-content/uploads/sites/1393/elementor/css/post-189.css" "Mozilla/5.0 (X11; Linux x86_64) AppleWebKit/537.36 (KHTML, like Gecko) Chrome/151.0.0.0 Safari/537.36"
2001:b011:7803:358d:4615:2018:2c6e:649 - - [17/Aug/2026:15:38:07 +0800] "GET /wp-content/uploads/sites/1393/2019/11/2026-06-15-16-53-16.jpg HTTP/1.1" 200 814288 "https://www.cges.ilc.edu.tw/wp-content/uploads/sites/1393/elementor/css/post-189.css" "Mozilla/5.0 (X11; Linux x86_64) AppleWebKit/537.36 (KHTML, like Gecko) Chrome/151.0.0.0 Safari/537.36"
114.34.64.166 - - [17/Aug/2026:15:38:09 +0800] "-" 408 4799 "-" "-"
114.34.64.166 - - [17/Aug/2026:15:38:09 +0800] "-" 408 4799 "-" "-"
2001:b011:7803:358d:4615:2018:2c6e:649 - - [17/Aug/2026:15:38:09 +0800] "GET /wp-content/uploads/sites/1393/2019/11/%E6%A0%A1%E5%8F%B2.jpg HTTP/1.1" 200 361352 "https://www.cges.ilc.edu.tw/wp-content/uploads/sites/1393/elementor/css/post-189.css" "Mozilla/5.0 (X11; Linux x86_64) AppleWebKit/537.36 (KHTML, like Gecko) Chrome/151.0.0.0 Safari/537.36"
2001:b011:7803:358d:4615:2018:2c6e:649 - - [17/Aug/2026:15:38:08 +0800] "GET /wp-content/uploads/sites/1393/2019/11/1141205-%E6%88%90%E5%8A%9F%E6%9D%B1%E5%85%89%E7%95%A2%E6%A5%AD%E7%BE%8E%E5%B1%95-%E6%96%B0%E8%81%9E%E7%A8%BF%E5%AE%A3%E5%82%B3%E7%94%A8-scaled.jpg HTTP/1.1" 200 697510 "https://www.cges.ilc.edu.tw/wp-content/uploads/sites/1393/elementor/css/post-189.css" "Mozilla/5.0 (X11; Linux x86_64) AppleWebKit/537.36 (KHTML, like Gecko) Chrome/151.0.0.0 Safari/537.36"
2001:b011:7803:358d:4615:2018:2c6e:649 - - [17/Aug/2026:15:38:09 +0800] "GET /wp-content/uploads/sites/1393/2019/11/2025-06-17-09-01-51.png HTTP/1.1" 200 76500 "https://www.cges.ilc.edu.tw/wp-content/uploads/sites/1393/elementor/css/post-189.css" "Mozilla/5.0 (X11; Linux x86_64) AppleWebKit/537.36 (KHTML, like Gecko) Chrome/151.0.0.0 Safari/537.36"
140.111.67.10 - - [17/Aug/2026:15:38:10 +0800] "GET /" 301 273 "-" "-"
2001:b011:7803:358d:4615:2018:2c6e:649 - - [17/Aug/2026:15:38:09 +0800] "GET /wp-content/uploads/sites/1393/2019/11/114%E6%88%90%E5%8A%9F%E5%9C%8B%E5%B0%8FMSSR_%E5%AE%A3%E5%82%B3%E5%9C%96%E5%8D%A1.jpg HTTP/1.1" 200 558878 "https://www.cges.ilc.edu.tw/wp-content/uploads/sites/1393/elementor/css/post-189.css" "Mozilla/5.0 (X11; Linux x86_64) AppleWebKit/537.36 (KHTML, like Gecko) Chrome/151.0.0.0 Safari/537.36"
2001:288:a201::66:125 - - [17/Aug/2026:15:38:10 +0800] "GET /blog/active.php HTTP/1.1" 404 1084 "-" "-"
2001:288:a201::66:125 - - [17/Aug/2026:15:38:10 +0800] "GET /blog/active.php HTTP/1.1" 301 1026 "-" "-"
2001:b011:7803:358d:4615:2018:2c6e:649 - - [17/Aug/2026:15:38:09 +0800] "GET /wp-content/uploads/sites/1393/2019/11/%E6%A0%A1%E8%A8%82%E8%AA%B2%E7%A8%8B%E7%99%BC%E5%B1%95%E6%9E%B6%E6%A7%8B%E5%9C%961019-scaled.jpg HTTP/1.1" 200 520740 "https://www.cges.ilc.edu.tw/wp-content/uploads/sites/1393/elementor/css/post-189.css" "Mozilla/5.0 (X11; Linux x86_64) AppleWebKit/537.36 (KHTML, like Gecko) Chrome/151.0.0.0 Safari/537.36"
66.249.79.7 - - [17/Aug/2026:15:38:10 +0800] "GET /wp-content/uploads/sites/890/2021/08/110%E5%B9%B4%E6%9A%91%E5%81%87%E6%9C%9F%E9%96%93%E5%9B%A0%E6%87%89%E5%9A%B4%E9%87%8D%E7%89%B9%E6%AE%8A%E5%82%B3%E6%9F%93%E6%80%A7%E8%82%BA%E7%82%8E%E7%96%AB%E6%83%85%E8%BE%A6%E7%90%86%E6%95%99%E5%AD%B8%E6%B4%BB%E5%8B%95%E6%8C%87%E5%BC%95_page-0015-724x1024.jpg HTTP/1.1" 304 768 "-" "Googlebot-Image/1.0"
2001:b011:7803:358d:4615:2018:2c6e:649 - - [17/Aug/2026:15:38:11 +0800] "GET /wp-content/uploads/sites/1393/2019/11/409395.jpg HTTP/1.1" 200 115171 "https://www.cges.ilc.edu.tw/wp-content/uploads/sites/1393/elementor/css/post-189.css" "Mozilla/5.0 (X11; Linux x86_64) AppleWebKit/537.36 (KHTML, like Gecko) Chrome/151.0.0.0 Safari/537.36"
2001:b011:7803:358d:4615:2018:2c6e:649 - - [17/Aug/2026:15:38:07 +0800] "GET /wp-content/uploads/sites/1393/2019/11/2026-06-15-16-37-19.jpg HTTP/1.1" 200 752073 "https://www.cges.ilc.edu.tw/wp-content/uploads/sites/1393/elementor/css/post-189.css" "Mozilla/5.0 (X11; Linux x86_64) AppleWebKit/537.36 (KHTML, like Gecko) Chrome/151.0.0.0 Safari/537.36"
2001:b011:7803:358d:4615:2018:2c6e:649 - - [17/Aug/2026:15:38:11 +0800] "GET /wp-content/plugins/elementor/assets/lib/swiper/v8/swiper.min.js?ver=8.4.5 HTTP/1.1" 200 40708 "https://www.cges.ilc.edu.tw/" "Mozilla/5.0 (X11; Linux x86_64) AppleWebKit/537.36 (KHTML, like Gecko) Chrome/151.0.0.0 Safari/537.36"
2001:b011:7803:358d:4615:2018:2c6e:649 - - [17/Aug/2026:15:38:10 +0800] "GET /wp-content/uploads/sites/1393/2019/11/IMG_6003-scaled.jpg HTTP/1.1" 200 1175108 "https://www.cges.ilc.edu.tw/wp-content/uploads/sites/1393/elementor/css/post-189.css" "Mozilla/5.0 (X11; Linux x86_64) AppleWebKit/537.36 (KHTML, like Gecko) Chrome/151.0.0.0 Safari/537.36"
2001:b011:7803:358d:4615:2018:2c6e:649 - - [17/Aug/2026:15:38:11 +0800] "GET /wp-content/uploads/sites/1393/2019/11/376420000A_1120168031_ATTACH2-1.png HTTP/1.1" 200 1176126 "https://www.cges.ilc.edu.tw/wp-content/uploads/sites/1393/elementor/css/post-189.css" "Mozilla/5.0 (X11; Linux x86_64) AppleWebKit/537.36 (KHTML, like Gecko) Chrome/151.0.0.0 Safari/537.36"
66.249.71.64 - - [17/Aug/2026:15:38:12 +0800] "GET /wp-content/uploads/sites/1321/12/12-711710.doc HTTP/1.1" 200 40986 "-" "Mozilla/5.0 (Linux; Android 6.0.1; Nexus 5X Build/MMB29P) AppleWebKit/537.36 (KHTML, like Gecko) Chrome/150.0.7871.186 Mobile Safari/537.36 (compatible; Googlebot/2.1; +http://www.google.com/bot.html)"
2001:4860:7:807::d6 - - [17/Aug/2026:15:38:13 +0800] "GET / HTTP/1.1" 200 26048 "https://www.google.com/" "Mozilla/5.0 (Windows NT 10.0; Win64; x64) AppleWebKit/537.36 (KHTML, like Gecko) Chrome/151.0.0.0 Safari/537.36"
140.111.67.10 - - [17/Aug/2026:15:38:15 +0800] "GET /" 301 273 "-" "-"
2001:288:a201::66:125 - - [17/Aug/2026:15:38:15 +0800] "GET /blog/active.php HTTP/1.1" 404 1084 "-" "-"
2001:288:a201::66:125 - - [17/Aug/2026:15:38:15 +0800] "GET /blog/active.php HTTP/1.1" 301 1026 "-" "-"
66.249.71.64 - - [17/Aug/2026:15:38:15 +0800] "GET /12/2010/10/21/%E5%87%B1%E6%97%8B%E5%9C%8B%E4%B8%AD%E5%88%B0%E6%A0%A1%E6%9C%8D%E5%8B%99991018/ HTTP/1.1" 200 15674 "-" "Mozilla/5.0 (Linux; Android 6.0.1; Nexus 5X Build/MMB29P) AppleWebKit/537.36 (KHTML, like Gecko) Chrome/150.0.7871.186 Mobile Safari/537.36 (compatible; GoogleOther)"
52.167.144.230 - - [17/Aug/2026:15:38:16 +0800] "GET /?s=%E6%80%A7%E5%B9%B3+%E4%B8%80%E5%AE%9A%E8%A6%818%E5%B0%8F%E6%99%82%E8%AA%B2%E7%A8%8B HTTP/1.1" 200 20517 "-" "Mozilla/5.0 AppleWebKit/537.36 (KHTML, like Gecko; compatible; bingbot/2.0; +http://www.bing.com/bingbot.htm) Chrome/116.0.1938.76 Safari/537.36"
52.167.144.230 - - [17/Aug/2026:15:38:17 +0800] "GET /?s=%E5%AD%B8%E6%A0%A1%E9%A2%A8%E9%9B%B2+(1988) HTTP/1.1" 200 15597 "-" "Mozilla/5.0 AppleWebKit/537.36 (KHTML, like Gecko; compatible; bingbot/2.0; +http://www.bing.com/bingbot.htm) Chrome/116.0.1938.76 Safari/537.36"
34.224.132.215 - - [17/Aug/2026:15:38:17 +0800] "GET /wp-content/uploads/sites/3348/?C=D;O%3DA HTTP/1.1" 200 1240 "-" "Mozilla/5.0 AppleWebKit/537.36 (KHTML, like Gecko; compatible; Amazonbot/0.1; +https://developer.amazon.com/support/amazonbot) Chrome/119.0.6045.214 Safari/537.36"
2001:b011:7803:358d:4615:2018:2c6e:649 - - [17/Aug/2026:15:38:17 +0800] "GET /favicon.ico HTTP/1.1" 302 1401 "https://www.cges.ilc.edu.tw/" "Mozilla/5.0 (X11; Linux x86_64) AppleWebKit/537.36 (KHTML, like Gecko) Chrome/151.0.0.0 Safari/537.36"
2001:288:a240:1:58dd:508b:fa77:75be - - [17/Aug/2026:15:38:19 +0800] "POST /wp-json/wp-statistics/v2/hit HTTP/1.1" 200 1422 "https://www.gjes.ilc.edu.tw/" "Mozilla/5.0 (Windows NT 10.0; Win64; x64) AppleWebKit/537.36 (KHTML, like Gecko) Chrome/151.0.0.0 Safari/537.36"
66.249.68.200 - - [17/Aug/2026:15:38:19 +0800] "POST /12/wp-json/ilc-summary/v1/popular-posts HTTP/1.1" 201 6050 "https://2blog.ilc.edu.tw/12/2010/10/21/%E5%87%B1%E6%97%8B%E5%9C%8B%E4%B8%AD%E5%88%B0%E6%A0%A1%E6%9C%8D%E5%8B%99991018/" "Mozilla/5.0 (Linux; Android 6.0.1; Nexus 5X Build/MMB29P) AppleWebKit/537.36 (KHTML, like Gecko) Chrome/150.0.7871.186 Mobile Safari/537.36 (compatible; GoogleOther)"
140.111.67.10 - - [17/Aug/2026:15:38:20 +0800] "GET /" 301 273 "-" "-"
2001:288:a201::66:125 - - [17/Aug/2026:15:38:20 +0800] "GET /blog/active.php HTTP/1.1" 404 1084 "-" "-"
2001:288:a201::66:125 - - [17/Aug/2026:15:38:20 +0800] "GET /blog/active.php HTTP/1.1" 301 1026 "-" "-"
2001:288:a258:1:310e:6c7f:b93d:72de - - [17/Aug/2026:15:38:21 +0800] "-" 408 4791 "-" "-"
::1 - - [17/Aug/2026:15:38:23 +0800] "OPTIONS * HTTP/1.0" 200 110 "-" "Apache/2.4.68 (Ubuntu) OpenSSL/3.0.19 (internal dummy connection)"
34.81.99.245 - - [17/Aug/2026:15:38:24 +0800] "GET /blog/gallery/24/24-538435.doc%20 HTTP/1.1" 301 1041 "-" "Python/3.11 aiohttp/3.13.4"
140.111.67.10 - - [17/Aug/2026:15:38:25 +0800] "GET /" 301 273 "-" "-"
34.81.99.245 - - [17/Aug/2026:15:38:25 +0800] "GET /blog/gallery/24/24-538440.doc%20 HTTP/1.1" 301 1041 "-" "Python/3.11 aiohttp/3.13.4"
34.81.99.245 - - [17/Aug/2026:15:38:25 +0800] "GET /blog/gallery/24/24-538435.doc%20 HTTP/1.1" 301 1041 "-" "Python/3.11 aiohttp/3.13.4"
34.81.99.245 - - [17/Aug/2026:15:38:25 +0800] "GET /blog/gallery/24/24-593905.doc%20 HTTP/1.1" 301 1041 "-" "Python/3.11 aiohttp/3.13.4"
2001:288:a201::66:125 - - [17/Aug/2026:15:38:25 +0800] "GET /blog/active.php HTTP/1.1" 301 1026 "-" "-"
2001:288:a201::66:125 - - [17/Aug/2026:15:38:25 +0800] "GET /blog/active.php HTTP/1.1" 404 1084 "-" "-"
::1 - - [17/Aug/2026:15:38:25 +0800] "OPTIONS * HTTP/1.0" 200 110 "-" "Apache/2.4.68 (Ubuntu) OpenSSL/3.0.19 (internal dummy connection)"
34.81.99.245 - - [17/Aug/2026:15:38:26 +0800] "GET /blog/gallery/24/24-538435.doc%20 HTTP/1.1" 301 1041 "-" "Python/3.11 aiohttp/3.13.4"
34.81.99.245 - - [17/Aug/2026:15:38:26 +0800] "GET /blog/gallery/24/24-538440.doc%20 HTTP/1.1" 301 1041 "-" "Python/3.11 aiohttp/3.13.4"
34.81.99.245 - - [17/Aug/2026:15:38:26 +0800] "GET /blog/gallery/24/24-593905.doc%20 HTTP/1.1" 301 1041 "-" "Python/3.11 aiohttp/3.13.4"
::1 - - [17/Aug/2026:15:38:26 +0800] "OPTIONS * HTTP/1.0" 200 110 "-" "Apache/2.4.68 (Ubuntu) OpenSSL/3.0.19 (internal dummy connection)"
::1 - - [17/Aug/2026:15:38:27 +0800] "OPTIONS * HTTP/1.0" 200 110 "-" "Apache/2.4.68 (Ubuntu) OpenSSL/3.0.19 (internal dummy connection)"
2001:4860:7:810::f2 - - [17/Aug/2026:15:38:29 +0800] "GET / HTTP/1.1" 200 24111 "https://www.google.com/" "Mozilla/5.0 (Windows NT 10.0; Win64; x64) AppleWebKit/537.36 (KHTML, like Gecko) Chrome/151.0.0.0 Safari/537.36"
140.111.67.10 - - [17/Aug/2026:15:38:30 +0800] "GET /" 301 273 "-" "-"
2001:288:a22c:1:d810:4db7:f1fc:9eb9 - - [17/Aug/2026:15:38:30 +0800] "GET /wp-content/cache/www.dfes.ilc.edu.tw/wpfc-minified/d3t3lvix/8281.css HTTP/1.1" 200 5960 "https://www.dfes.ilc.edu.tw/" "Mozilla/5.0 (Windows NT 10.0; Win64; x64) AppleWebKit/537.36 (KHTML, like Gecko) Chrome/151.0.0.0 Safari/537.36"
2001:288:a22c:1:d810:4db7:f1fc:9eb9 - - [17/Aug/2026:15:38:30 +0800] "GET /wp-content/cache/www.dfes.ilc.edu.tw/wpfc-minified/1dlysqfw/8281.css HTTP/1.1" 200 45687 "https://www.dfes.ilc.edu.tw/" "Mozilla/5.0 (Windows NT 10.0; Win64; x64) AppleWebKit/537.36 (KHTML, like Gecko) Chrome/151.0.0.0 Safari/537.36"
2001:288:a22c:1:d810:4db7:f1fc:9eb9 - - [17/Aug/2026:15:38:30 +0800] "GET /wp-content/uploads/sites/1604/elementor/css/post-100.css HTTP/1.1" 200 6071 "https://www.dfes.ilc.edu.tw/" "Mozilla/5.0 (Windows NT 10.0; Win64; x64) AppleWebKit/537.36 (KHTML, like Gecko) Chrome/151.0.0.0 Safari/537.36"
2001:288:a22c:1:d810:4db7:f1fc:9eb9 - - [17/Aug/2026:15:38:30 +0800] "GET /wp-content/cache/www.dfes.ilc.edu.tw/wpfc-minified/1b4sxov9/8281.css HTTP/1.1" 200 8504 "https://www.dfes.ilc.edu.tw/" "Mozilla/5.0 (Windows NT 10.0; Win64; x64) AppleWebKit/537.36 (KHTML, like Gecko) Chrome/151.0.0.0 Safari/537.36"
2001:288:a22c:1:d810:4db7:f1fc:9eb9 - - [17/Aug/2026:15:38:30 +0800] "GET /wp-content/uploads/sites/1604/elementor/css/post-328.css HTTP/1.1" 200 1158 "https://www.dfes.ilc.edu.tw/" "Mozilla/5.0 (Windows NT 10.0; Win64; x64) AppleWebKit/537.36 (KHTML, like Gecko) Chrome/151.0.0.0 Safari/537.36"
2001:288:a22c:1:d810:4db7:f1fc:9eb9 - - [17/Aug/2026:15:38:30 +0800] "GET /wp-content/cache/www.dfes.ilc.edu.tw/wpfc-minified/qgmtnsoy/hbst.css HTTP/1.1" 200 34143 "https://www.dfes.ilc.edu.tw/" "Mozilla/5.0 (Windows NT 10.0; Win64; x64) AppleWebKit/537.36 (KHTML, like Gecko) Chrome/151.0.0.0 Safari/537.36"
2001:288:a22c:1:d810:4db7:f1fc:9eb9 - - [17/Aug/2026:15:38:30 +0800] "GET /wp-content/cache/www.dfes.ilc.edu.tw/wpfc-minified/8wogfgk4/8281.css HTTP/1.1" 200 13904 "https://www.dfes.ilc.edu.tw/" "Mozilla/5.0 (Windows NT 10.0; Win64; x64) AppleWebKit/537.36 (KHTML, like Gecko) Chrome/151.0.0.0 Safari/537.36"
2001:288:a22c:1:d810:4db7:f1fc:9eb9 - - [17/Aug/2026:15:38:30 +0800] "GET /wp-content/cache/www.dfes.ilc.edu.tw/wpfc-minified/32o9d639/8281.css HTTP/1.1" 200 53973 "https://www.dfes.ilc.edu.tw/" "Mozilla/5.0 (Windows NT 10.0; Win64; x64) AppleWebKit/537.36 (KHTML, like Gecko) Chrome/151.0.0.0 Safari/537.36"
2001:288:a22c:1:d810:4db7:f1fc:9eb9 - - [17/Aug/2026:15:38:30 +0800] "GET /wp-content/cache/www.dfes.ilc.edu.tw/wpfc-minified/qaa1nwjw/8281.js HTTP/1.1" 200 35557 "https://www.dfes.ilc.edu.tw/" "Mozilla/5.0 (Windows NT 10.0; Win64; x64) AppleWebKit/537.36 (KHTML, like Gecko) Chrome/151.0.0.0 Safari/537.36"
