2001:288:a25f:1:3d26:b2f:aed7:a7b1 - - [17/Aug/2026:15:30:41 +0800] "GET /wp-content/themes/oceanwp/assets/fonts/fontawesome/webfonts/fa-solid-900.woff2 HTTP/1.1" 200 151246 "https://isupport.ilc.edu.tw/wp-content/cache/isupport.ilc.edu.tw/wpfc-minified/8jq1rsi9/ks8w.css" "Mozilla/5.0 (Windows NT 10.0; Win64; x64) AppleWebKit/537.36 (KHTML, like Gecko) Chrome/151.0.0.0 Safari/537.36"
2001:288:a25f:1:3d26:b2f:aed7:a7b1 - - [17/Aug/2026:15:30:41 +0800] "GET /wp-content/uploads/sites/3591/2022/06/%E5%BF%AB%E9%80%9F%E8%A8%BB%E5%86%8A.png HTTP/1.1" 200 22095 "https://isupport.ilc.edu.tw/1235/" "Mozilla/5.0 (Windows NT 10.0; Win64; x64) AppleWebKit/537.36 (KHTML, like Gecko) Chrome/151.0.0.0 Safari/537.36"
2001:288:a25f:1:3d26:b2f:aed7:a7b1 - - [17/Aug/2026:15:30:41 +0800] "GET /wp-content/themes/oceanwp/assets/fonts/simple-line-icons/Simple-Line-Icons.woff2?v=2.4.0 HTTP/1.1" 200 30959 "https://isupport.ilc.edu.tw/wp-content/cache/isupport.ilc.edu.tw/wpfc-minified/8jq1rsi9/ks8w.css" "Mozilla/5.0 (Windows NT 10.0; Win64; x64) AppleWebKit/537.36 (KHTML, like Gecko) Chrome/151.0.0.0 Safari/537.36"
2001:288:a25f:1:3d26:b2f:aed7:a7b1 - - [17/Aug/2026:15:30:41 +0800] "GET /wp-content/uploads/sites/3591/2022/06/EIP%E5%BF%AB%E9%80%9F%E8%A8%BB%E5%86%8A05.png HTTP/1.1" 200 8156 "https://isupport.ilc.edu.tw/1235/" "Mozilla/5.0 (Windows NT 10.0; Win64; x64) AppleWebKit/537.36 (KHTML, like Gecko) Chrome/151.0.0.0 Safari/537.36"
2001:288:a25f:1:3d26:b2f:aed7:a7b1 - - [17/Aug/2026:15:30:41 +0800] "GET /wp-content/uploads/sites/3591/2022/06/EIP%E5%BF%AB%E9%80%9F%E8%A8%BB%E5%86%8A06.png HTTP/1.1" 200 71610 "https://isupport.ilc.edu.tw/1235/" "Mozilla/5.0 (Windows NT 10.0; Win64; x64) AppleWebKit/537.36 (KHTML, like Gecko) Chrome/151.0.0.0 Safari/537.36"
2001:288:a25f:1:3d26:b2f:aed7:a7b1 - - [17/Aug/2026:15:30:41 +0800] "GET /wp-content/themes/oceanwp/assets/fonts/fontawesome/webfonts/fa-regular-400.woff2 HTTP/1.1" 200 25383 "https://isupport.ilc.edu.tw/wp-content/cache/isupport.ilc.edu.tw/wpfc-minified/8jq1rsi9/ks8w.css" "Mozilla/5.0 (Windows NT 10.0; Win64; x64) AppleWebKit/537.36 (KHTML, like Gecko) Chrome/151.0.0.0 Safari/537.36"
2001:288:a25f:1:3d26:b2f:aed7:a7b1 - - [17/Aug/2026:15:30:41 +0800] "GET /wp-content/plugins/elementor/assets/js/text-editor.2c35aafbe5bf0e127950.bundle.min.js HTTP/1.1" 200 1545 "https://isupport.ilc.edu.tw/1235/" "Mozilla/5.0 (Windows NT 10.0; Win64; x64) AppleWebKit/537.36 (KHTML, like Gecko) Chrome/151.0.0.0 Safari/537.36"
2402:7500:5fb:ca19:8ca0:3b7e:8384:71ab - - [17/Aug/2026:15:30:42 +0800] "POST /wp-json/wp-statistics/v2/hit HTTP/1.1" 200 5885 "https://www.gjes.ilc.edu.tw/" "Mozilla/5.0 (iPhone; CPU iPhone OS 26_2_1 like Mac OS X) AppleWebKit/605.1.15 (KHTML, like Gecko) CriOS/152.0.7977.40 Mobile/15E148 Safari/604.1"
2402:7500:5fb:ca19:8ca0:3b7e:8384:71ab - - [17/Aug/2026:15:30:44 +0800] "GET /wp-content/uploads/sites/1664/elementor/thumbs/logo-qmj6qijzcuofcrsjb0f4q989lzx67uv05jkmsvr25s.png HTTP/1.1" 200 11041 "https://www.gjes.ilc.edu.tw/" "Mozilla/5.0 (iPhone; CPU iPhone OS 26_2_1 like Mac OS X) AppleWebKit/605.1.15 (KHTML, like Gecko) CriOS/152.0.7977.40 Mobile/15E148 Safari/604.1"
2402:7500:5fb:ca19:8ca0:3b7e:8384:71ab - - [17/Aug/2026:15:30:44 +0800] "GET /wp-content/uploads/sites/1664/elementor/thumbs/-47-pb8utc3vyg7flb5dfrouehi20fambtpjkk8nupvvlc.png HTTP/1.1" 200 22625 "https://www.gjes.ilc.edu.tw/" "Mozilla/5.0 (iPhone; CPU iPhone OS 26_2_1 like Mac OS X) AppleWebKit/605.1.15 (KHTML, like Gecko) CriOS/152.0.7977.40 Mobile/15E148 Safari/604.1"
2402:7500:5fb:ca19:8ca0:3b7e:8384:71ab - - [17/Aug/2026:15:30:44 +0800] "GET /wp-content/uploads/sites/1664/elementor/thumbs/-51-pb8vc6rd0u0gfrrlcx1heq8uwmdmpajqtv98chxmsw.png HTTP/1.1" 200 11408 "https://www.gjes.ilc.edu.tw/" "Mozilla/5.0 (iPhone; CPU iPhone OS 26_2_1 like Mac OS X) AppleWebKit/605.1.15 (KHTML, like Gecko) CriOS/152.0.7977.40 Mobile/15E148 Safari/604.1"
140.111.67.10 - - [17/Aug/2026:15:30:45 +0800] "GET /" 301 273 "-" "-"
2001:4860:7:810::f0 - - [17/Aug/2026:15:30:45 +0800] "GET /868/49213/ HTTP/1.1" 200 20320 "https://www.google.com/" "Mozilla/5.0 (Windows NT 10.0; Win64; x64) AppleWebKit/537.36 (KHTML, like Gecko) Chrome/151.0.0.0 Safari/537.36"
2001:288:a25f:1:3d26:b2f:aed7:a7b1 - - [17/Aug/2026:15:30:45 +0800] "GET /?s=365 HTTP/1.1" 200 13527 "https://isupport.ilc.edu.tw/1235/" "Mozilla/5.0 (Windows NT 10.0; Win64; x64) AppleWebKit/537.36 (KHTML, like Gecko) Chrome/151.0.0.0 Safari/537.36"
2001:288:a201::66:125 - - [17/Aug/2026:15:30:45 +0800] "GET /blog/active.php HTTP/1.1" 301 1026 "-" "-"
2001:288:a201::66:125 - - [17/Aug/2026:15:30:45 +0800] "GET /blog/active.php HTTP/1.1" 404 1084 "-" "-"
2001:288:a25f:1:3d26:b2f:aed7:a7b1 - - [17/Aug/2026:15:30:45 +0800] "GET /wp-content/plugins/google-drive-embedder/css/gdm-blocks.css HTTP/1.1" 200 1160 "https://isupport.ilc.edu.tw/?s=365" "Mozilla/5.0 (Windows NT 10.0; Win64; x64) AppleWebKit/537.36 (KHTML, like Gecko) Chrome/151.0.0.0 Safari/537.36"
2001:288:a25f:1:3d26:b2f:aed7:a7b1 - - [17/Aug/2026:15:30:45 +0800] "GET /wp-includes/css/admin-bar.min.css HTTP/1.1" 200 4685 "https://isupport.ilc.edu.tw/?s=365" "Mozilla/5.0 (Windows NT 10.0; Win64; x64) AppleWebKit/537.36 (KHTML, like Gecko) Chrome/151.0.0.0 Safari/537.36"
2001:288:a25f:1:3d26:b2f:aed7:a7b1 - - [17/Aug/2026:15:30:45 +0800] "GET /wp-content/plugins/steps-search-mark/assets/css/search-mark.css HTTP/1.1" 200 982 "https://isupport.ilc.edu.tw/?s=365" "Mozilla/5.0 (Windows NT 10.0; Win64; x64) AppleWebKit/537.36 (KHTML, like Gecko) Chrome/151.0.0.0 Safari/537.36"
2001:288:a25f:1:3d26:b2f:aed7:a7b1 - - [17/Aug/2026:15:30:45 +0800] "GET /wp-content/themes/oceanwp/assets/css/third/simple-line-icons.min.css HTTP/1.1" 200 3321 "https://isupport.ilc.edu.tw/?s=365" "Mozilla/5.0 (Windows NT 10.0; Win64; x64) AppleWebKit/537.36 (KHTML, like Gecko) Chrome/151.0.0.0 Safari/537.36"
2001:288:a25f:1:3d26:b2f:aed7:a7b1 - - [17/Aug/2026:15:30:45 +0800] "GET /wp-includes/css/dashicons.min.css HTTP/1.1" 200 36736 "https://isupport.ilc.edu.tw/?s=365" "Mozilla/5.0 (Windows NT 10.0; Win64; x64) AppleWebKit/537.36 (KHTML, like Gecko) Chrome/151.0.0.0 Safari/537.36"
2001:288:a25f:1:3d26:b2f:aed7:a7b1 - - [17/Aug/2026:15:30:45 +0800] "GET /wp-content/themes/oceanwp/assets/fonts/fontawesome/css/all.min.css HTTP/1.1" 200 23385 "https://isupport.ilc.edu.tw/?s=365" "Mozilla/5.0 (Windows NT 10.0; Win64; x64) AppleWebKit/537.36 (KHTML, like Gecko) Chrome/151.0.0.0 Safari/537.36"
2001:288:a25f:1:3d26:b2f:aed7:a7b1 - - [17/Aug/2026:15:30:45 +0800] "GET /wp-content/plugins/ocean-extra/includes/admin-bar/assets/css/admin-bar.css HTTP/1.1" 200 1278 "https://isupport.ilc.edu.tw/?s=365" "Mozilla/5.0 (Windows NT 10.0; Win64; x64) AppleWebKit/537.36 (KHTML, like Gecko) Chrome/151.0.0.0 Safari/537.36"
2001:288:a25f:1:3d26:b2f:aed7:a7b1 - - [17/Aug/2026:15:30:45 +0800] "GET /wp-content/plugins/ocean-extra/assets/css/widgets.css HTTP/1.1" 200 7670 "https://isupport.ilc.edu.tw/?s=365" "Mozilla/5.0 (Windows NT 10.0; Win64; x64) AppleWebKit/537.36 (KHTML, like Gecko) Chrome/151.0.0.0 Safari/537.36"
2001:288:a25f:1:3d26:b2f:aed7:a7b1 - - [17/Aug/2026:15:30:45 +0800] "GET /wp-content/themes/oceanwp/assets/css/style.min.css HTTP/1.1" 200 28200 "https://isupport.ilc.edu.tw/?s=365" "Mozilla/5.0 (Windows NT 10.0; Win64; x64) AppleWebKit/537.36 (KHTML, like Gecko) Chrome/151.0.0.0 Safari/537.36"
2001:288:a25f:1:3d26:b2f:aed7:a7b1 - - [17/Aug/2026:15:30:45 +0800] "GET /wp-includes/js/jquery/jquery-migrate.min.js HTTP/1.1" 200 5752 "https://isupport.ilc.edu.tw/?s=365" "Mozilla/5.0 (Windows NT 10.0; Win64; x64) AppleWebKit/537.36 (KHTML, like Gecko) Chrome/151.0.0.0 Safari/537.36"
2001:288:a25f:1:3d26:b2f:aed7:a7b1 - - [17/Aug/2026:15:30:45 +0800] "GET /wp-includes/js/jquery/jquery.min.js HTTP/1.1" 200 31359 "https://isupport.ilc.edu.tw/?s=365" "Mozilla/5.0 (Windows NT 10.0; Win64; x64) AppleWebKit/537.36 (KHTML, like Gecko) Chrome/151.0.0.0 Safari/537.36"
2001:288:a25f:1:3d26:b2f:aed7:a7b1 - - [17/Aug/2026:15:30:45 +0800] "GET /wp-content/plugins/steps-search-mark/assets/js/search-mark.js?v=002&ver=6.6.7 HTTP/1.1" 200 1092 "https://isupport.ilc.edu.tw/?s=365" "Mozilla/5.0 (Windows NT 10.0; Win64; x64) AppleWebKit/537.36 (KHTML, like Gecko) Chrome/151.0.0.0 Safari/537.36"
2402:7500:5fb:ca19:8ca0:3b7e:8384:71ab - - [17/Aug/2026:15:30:46 +0800] "GET /wp-content/uploads/sites/1664/elementor/thumbs/-53-pb8vmsdu3kivdgd9gi00j1y0324niemrmc4d6u7smo.png HTTP/1.1" 200 15029 "https://www.gjes.ilc.edu.tw/" "Mozilla/5.0 (iPhone; CPU iPhone OS 26_2_1 like Mac OS X) AppleWebKit/605.1.15 (KHTML, like Gecko) CriOS/152.0.7977.40 Mobile/15E148 Safari/604.1"
2402:7500:5fb:ca19:8ca0:3b7e:8384:71ab - - [17/Aug/2026:15:30:46 +0800] "GET /wp-content/uploads/sites/1664/elementor/thumbs/-55-pb8vsotd04lo9bsp01tp6kc6c51lu023rjk3ndgtkg.png HTTP/1.1" 200 17582 "https://www.gjes.ilc.edu.tw/" "Mozilla/5.0 (iPhone; CPU iPhone OS 26_2_1 like Mac OS X) AppleWebKit/605.1.15 (KHTML, like Gecko) CriOS/152.0.7977.40 Mobile/15E148 Safari/604.1"
2402:7500:5fb:ca19:8ca0:3b7e:8384:71ab - - [17/Aug/2026:15:30:46 +0800] "GET /wp-content/uploads/sites/1664/elementor/thumbs/-2-qud1fqwvql5bbcf7gu0rvt5huz80py16bs38wtmldc.png HTTP/1.1" 200 22504 "https://www.gjes.ilc.edu.tw/" "Mozilla/5.0 (iPhone; CPU iPhone OS 26_2_1 like Mac OS X) AppleWebKit/605.1.15 (KHTML, like Gecko) CriOS/152.0.7977.40 Mobile/15E148 Safari/604.1"
34.197.28.78 - - [17/Aug/2026:15:30:48 +0800] "GET /wp-content/uploads/sites/2625/2021/?C=M;O%3DA HTTP/1.1" 200 1169 "-" "Mozilla/5.0 AppleWebKit/537.36 (KHTML, like Gecko; compatible; Amazonbot/0.1; +https://developer.amazon.com/support/amazonbot) Chrome/119.0.6045.214 Safari/537.36"
140.111.67.10 - - [17/Aug/2026:15:30:50 +0800] "GET /" 301 273 "-" "-"
2001:288:a201::66:125 - - [17/Aug/2026:15:30:50 +0800] "GET /blog/active.php HTTP/1.1" 301 1026 "-" "-"
2001:288:a201::66:125 - - [17/Aug/2026:15:30:50 +0800] "GET /blog/active.php HTTP/1.1" 404 1084 "-" "-"
2001:4860:7:810::dc - - [17/Aug/2026:15:30:51 +0800] "GET / HTTP/1.1" 200 20094 "https://www.google.com/" "Mozilla/5.0 (Windows NT 10.0; Win64; x64) AppleWebKit/537.36 (KHTML, like Gecko) Chrome/151.0.0.0 Safari/537.36"
2402:7500:5fb:ca19:8ca0:3b7e:8384:71ab - - [17/Aug/2026:15:30:51 +0800] "GET /wp-content/uploads/sites/1664/elementor/thumbs/-52-pb8vgjqeq5zcanfkwaw6h4mu3yvxequx3g7bhpgvxs.png HTTP/1.1" 200 17622 "https://www.gjes.ilc.edu.tw/" "Mozilla/5.0 (iPhone; CPU iPhone OS 26_2_1 like Mac OS X) AppleWebKit/605.1.15 (KHTML, like Gecko) CriOS/152.0.7977.40 Mobile/15E148 Safari/604.1"
2402:7500:5fb:ca19:8ca0:3b7e:8384:71ab - - [17/Aug/2026:15:30:51 +0800] "GET /wp-content/uploads/sites/1664/elementor/thumbs/-50-pb8v8dixb0slcpaxm9pyaovk6d61hhexn00ca3l41c.png HTTP/1.1" 200 19337 "https://www.gjes.ilc.edu.tw/" "Mozilla/5.0 (iPhone; CPU iPhone OS 26_2_1 like Mac OS X) AppleWebKit/605.1.15 (KHTML, like Gecko) CriOS/152.0.7977.40 Mobile/15E148 Safari/604.1"
2402:7500:5fb:ca19:8ca0:3b7e:8384:71ab - - [17/Aug/2026:15:30:51 +0800] "GET /wp-content/uploads/sites/1664/elementor/thumbs/-54-pb8vpz259cvupvqouvkhz908k2fflha0q3plqlhrjk.png HTTP/1.1" 200 18704 "https://www.gjes.ilc.edu.tw/" "Mozilla/5.0 (iPhone; CPU iPhone OS 26_2_1 like Mac OS X) AppleWebKit/605.1.15 (KHTML, like Gecko) CriOS/152.0.7977.40 Mobile/15E148 Safari/604.1"
66.249.68.200 - - [17/Aug/2026:15:30:51 +0800] "POST /12/wp-json/ilc-summary/v1/popular-posts HTTP/1.1" 201 6050 "https://2blog.ilc.edu.tw/12/2009/07/07/7%E6%9C%881%E3%80%812%E8%99%9Fgps%E8%9E%8D%E5%85%A5%E6%95%99%E5%AD%B8%E7%A0%94%E7%BF%92%E5%A4%A7%E6%88%90%E5%8A%9F/" "Mozilla/5.0 (Linux; Android 6.0.1; Nexus 5X Build/MMB29P) AppleWebKit/537.36 (KHTML, like Gecko) Chrome/150.0.7871.186 Mobile Safari/537.36 (compatible; Googlebot/2.1; +http://www.google.com/bot.html)"
120.101.197.140 - - [17/Aug/2026:15:30:52 +0800] "-" 408 339 "-" "-"
120.101.197.140 - - [17/Aug/2026:15:30:52 +0800] "-" 408 4796 "-" "-"
2402:7500:5fb:ca19:8ca0:3b7e:8384:71ab - - [17/Aug/2026:15:30:53 +0800] "GET /wp-content/uploads/sites/1664/elementor/thumbs/-56-pb8vvtlzs8w2yj8upekxhrvhmdlnhohw71ud8ktkts.png HTTP/1.1" 200 15384 "https://www.gjes.ilc.edu.tw/" "Mozilla/5.0 (iPhone; CPU iPhone OS 26_2_1 like Mac OS X) AppleWebKit/605.1.15 (KHTML, like Gecko) CriOS/152.0.7977.40 Mobile/15E148 Safari/604.1"
2402:7500:5fb:ca19:8ca0:3b7e:8384:71ab - - [17/Aug/2026:15:30:53 +0800] "GET /wp-content/uploads/sites/1664/elementor/thumbs/-1-qud1azu96qn4mbbp7s2oa0blqun7t16109cvkgo8ts.png HTTP/1.1" 200 9783 "https://www.gjes.ilc.edu.tw/" "Mozilla/5.0 (iPhone; CPU iPhone OS 26_2_1 like Mac OS X) AppleWebKit/605.1.15 (KHTML, like Gecko) CriOS/152.0.7977.40 Mobile/15E148 Safari/604.1"
2001:288:a245:1:4e07:72d:de5c:8a18 - - [17/Aug/2026:15:30:54 +0800] "GET /wp-login.php?redirect_to=https://www.ilc.edu.tw/wp-admin&ilc_multi=Y&ilc_blog_id=3846 HTTP/1.1" 200 11081 "https://www.ilc.edu.tw/" "Mozilla/5.0 (Windows NT 10.0; Win64; x64) AppleWebKit/537.36 (KHTML, like Gecko) Chrome/150.0.0.0 Safari/537.36"
2001:288:a245:1:4e07:72d:de5c:8a18 - - [17/Aug/2026:15:30:54 +0800] "GET /wp-includes/css/dashicons.min.css HTTP/1.1" 200 41532 "https://2blog.ilc.edu.tw/wp-login.php?redirect_to=https://www.ilc.edu.tw/wp-admin&ilc_multi=Y&ilc_blog_id=3846" "Mozilla/5.0 (Windows NT 10.0; Win64; x64) AppleWebKit/537.36 (KHTML, like Gecko) Chrome/150.0.0.0 Safari/537.36"
2001:288:a245:1:4e07:72d:de5c:8a18 - - [17/Aug/2026:15:30:54 +0800] "GET /wp-includes/js/jquery/jquery.min.js HTTP/1.1" 200 31359 "https://2blog.ilc.edu.tw/wp-login.php?redirect_to=https://www.ilc.edu.tw/wp-admin&ilc_multi=Y&ilc_blog_id=3846" "Mozilla/5.0 (Windows NT 10.0; Win64; x64) AppleWebKit/537.36 (KHTML, like Gecko) Chrome/150.0.0.0 Safari/537.36"
2001:288:a245:1:4e07:72d:de5c:8a18 - - [17/Aug/2026:15:30:54 +0800] "GET /wp-content/plugins/ilc-custom-url-login/asset/js/backtoblog.js?0003&ver=6.6.7 HTTP/1.1" 200 1065 "https://2blog.ilc.edu.tw/wp-login.php?redirect_to=https://www.ilc.edu.tw/wp-admin&ilc_multi=Y&ilc_blog_id=3846" "Mozilla/5.0 (Windows NT 10.0; Win64; x64) AppleWebKit/537.36 (KHTML, like Gecko) Chrome/150.0.0.0 Safari/537.36"
2001:288:a245:1:4e07:72d:de5c:8a18 - - [17/Aug/2026:15:30:54 +0800] "GET /wp-includes/js/wp-util.min.js HTTP/1.1" 304 1129 "https://2blog.ilc.edu.tw/wp-login.php?redirect_to=https://www.ilc.edu.tw/wp-admin&ilc_multi=Y&ilc_blog_id=3846" "Mozilla/5.0 (Windows NT 10.0; Win64; x64) AppleWebKit/537.36 (KHTML, like Gecko) Chrome/150.0.0.0 Safari/537.36"
2001:288:a245:1:4e07:72d:de5c:8a18 - - [17/Aug/2026:15:30:54 +0800] "GET /wp-content/plugins/eip-login/images/cropped-logo.png HTTP/1.1" 200 16284 "https://2blog.ilc.edu.tw/wp-login.php?redirect_to=https://www.ilc.edu.tw/wp-admin&ilc_multi=Y&ilc_blog_id=3846" "Mozilla/5.0 (Windows NT 10.0; Win64; x64) AppleWebKit/537.36 (KHTML, like Gecko) Chrome/150.0.0.0 Safari/537.36"
2001:288:a245:1:4e07:72d:de5c:8a18 - - [17/Aug/2026:15:30:54 +0800] "GET /wp-includes/js/zxcvbn.min.js HTTP/1.1" 200 402600 "https://2blog.ilc.edu.tw/wp-login.php?redirect_to=https://www.ilc.edu.tw/wp-admin&ilc_multi=Y&ilc_blog_id=3846" "Mozilla/5.0 (Windows NT 10.0; Win64; x64) AppleWebKit/537.36 (KHTML, like Gecko) Chrome/150.0.0.0 Safari/537.36"
140.111.67.10 - - [17/Aug/2026:15:30:55 +0800] "GET /" 301 273 "-" "-"
2402:7500:5fb:ca19:8ca0:3b7e:8384:71ab - - [17/Aug/2026:15:30:54 +0800] "GET /wp-content/uploads/sites/1664/elementor/thumbs/-2-qud1byma7lyqjvx6kp3vc9jnq3vspu03h1hubp8ofk.png HTTP/1.1" 200 13269 "https://www.gjes.ilc.edu.tw/" "Mozilla/5.0 (iPhone; CPU iPhone OS 26_2_1 like Mac OS X) AppleWebKit/605.1.15 (KHTML, like Gecko) CriOS/152.0.7977.40 Mobile/15E148 Safari/604.1"
2402:7500:5fb:ca19:8ca0:3b7e:8384:71ab - - [17/Aug/2026:15:30:55 +0800] "GET /wp-content/uploads/sites/1664/elementor/thumbs/12-qmx86vx8ly509mjq9zrb9yr86mbmxg6zl7wv8tt6eo.jpg HTTP/1.1" 200 10691 "https://www.gjes.ilc.edu.tw/" "Mozilla/5.0 (iPhone; CPU iPhone OS 26_2_1 like Mac OS X) AppleWebKit/605.1.15 (KHTML, like Gecko) CriOS/152.0.7977.40 Mobile/15E148 Safari/604.1"
2001:288:a271:1:f857:c9b4:1197:5c44 - - [17/Aug/2026:15:30:55 +0800] "-" 408 4791 "-" "-"
2001:288:a245:1:4e07:72d:de5c:8a18 - - [17/Aug/2026:15:30:54 +0800] "GET /favicon.ico HTTP/1.1" 302 901 "https://2blog.ilc.edu.tw/wp-login.php?redirect_to=https://www.ilc.edu.tw/wp-admin&ilc_multi=Y&ilc_blog_id=3846" "Mozilla/5.0 (Windows NT 10.0; Win64; x64) AppleWebKit/537.36 (KHTML, like Gecko) Chrome/150.0.0.0 Safari/537.36"
66.249.68.200 - - [17/Aug/2026:15:30:55 +0800] "GET /6517/wp-content/cache/2blog.ilc.edu.tw/wpfc-minified/30uukey8/7uhhq.css HTTP/1.1" 200 4323 "https://2blog.ilc.edu.tw/6517/category/c-22013/page/43/" "Mozilla/5.0 (Linux; Android 6.0.1; Nexus 5X Build/MMB29P) AppleWebKit/537.36 (KHTML, like Gecko) Chrome/150.0.7871.186 Mobile Safari/537.36 (compatible; Googlebot/2.1; +http://www.google.com/bot.html)"
2402:7500:5fb:ca19:8ca0:3b7e:8384:71ab - - [17/Aug/2026:15:30:55 +0800] "GET /wp-content/uploads/sites/1664/elementor/thumbs/-1-r3k07sgq76s0rup4lkhxeswey5s1elieoa3medt7zk.png HTTP/1.1" 200 16831 "https://www.gjes.ilc.edu.tw/" "Mozilla/5.0 (iPhone; CPU iPhone OS 26_2_1 like Mac OS X) AppleWebKit/605.1.15 (KHTML, like Gecko) CriOS/152.0.7977.40 Mobile/15E148 Safari/604.1"
2402:7500:5fb:ca19:8ca0:3b7e:8384:71ab - - [17/Aug/2026:15:30:54 +0800] "GET /wp-content/uploads/sites/1664/2025/03/1-1-1024x256.png HTTP/1.1" 200 107464 "https://www.gjes.ilc.edu.tw/" "Mozilla/5.0 (iPhone; CPU iPhone OS 26_2_1 like Mac OS X) AppleWebKit/605.1.15 (KHTML, like Gecko) CriOS/152.0.7977.40 Mobile/15E148 Safari/604.1"
2001:288:a201::66:125 - - [17/Aug/2026:15:30:55 +0800] "GET /blog/active.php HTTP/1.1" 404 1084 "-" "-"
2001:288:a201::66:125 - - [17/Aug/2026:15:30:55 +0800] "GET /blog/active.php HTTP/1.1" 301 1026 "-" "-"
2402:7500:5fb:ca19:8ca0:3b7e:8384:71ab - - [17/Aug/2026:15:30:55 +0800] "GET /wp-content/uploads/sites/1664/2021/08/%E6%88%AA%E5%9C%96-2021-08-14-%E4%B8%8A%E5%8D%889.48.48-1024x224.png HTTP/1.1" 200 87492 "https://www.gjes.ilc.edu.tw/" "Mozilla/5.0 (iPhone; CPU iPhone OS 26_2_1 like Mac OS X) AppleWebKit/605.1.15 (KHTML, like Gecko) CriOS/152.0.7977.40 Mobile/15E148 Safari/604.1"
34.236.41.241 - - [17/Aug/2026:15:30:55 +0800] "GET /wp-content/uploads/sites/2710/2022/07/ HTTP/1.1" 200 1113 "-" "Mozilla/5.0 AppleWebKit/537.36 (KHTML, like Gecko; compatible; Amazonbot/0.1; +https://developer.amazon.com/support/amazonbot) Chrome/119.0.6045.214 Safari/537.36"
2001:288:a25f:1:3d26:b2f:aed7:a7b1 - - [17/Aug/2026:15:30:56 +0800] "GET /?s=office HTTP/1.1" 200 17803 "https://isupport.ilc.edu.tw/?s=365" "Mozilla/5.0 (Windows NT 10.0; Win64; x64) AppleWebKit/537.36 (KHTML, like Gecko) Chrome/151.0.0.0 Safari/537.36"
2001:4860:7:810::db - - [17/Aug/2026:15:30:57 +0800] "GET /%E5%9C%B0%E7%90%86%E4%BD%8D%E7%BD%AE/ HTTP/1.1" 200 24258 "https://www.google.com/" "Mozilla/5.0 (Windows NT 10.0; Win64; x64) AppleWebKit/537.36 (KHTML, like Gecko) Chrome/151.0.0.0 Safari/537.36"
66.249.82.165 - - [17/Aug/2026:15:30:57 +0800] "GET /.well-known/traffic-advice HTTP/1.1" 404 64458 "-" "Chrome Privacy Preserving Prefetch Proxy"
66.249.68.200 - - [17/Aug/2026:15:30:57 +0800] "GET /2027/wp-content/uploads/sites/2985/2025/06/1140612%E6%9C%83%E8%AD%B0%E7%B4%80%E9%8C%84%E6%8E%83%E6%8F%8F.pdf HTTP/1.1" 200 9559990 "-" "Mozilla/5.0 (Linux; Android 6.0.1; Nexus 5X Build/MMB29P) AppleWebKit/537.36 (KHTML, like Gecko) Chrome/150.0.7871.186 Mobile Safari/537.36 (compatible; Googlebot/2.1; +http://www.google.com/bot.html)"
2001:288:a245:1:4e07:72d:de5c:8a18 - - [17/Aug/2026:15:30:58 +0800] "POST /wp-login.php HTTP/1.1" 200 6259 "https://2blog.ilc.edu.tw/wp-login.php?redirect_to=https://www.ilc.edu.tw/wp-admin&ilc_multi=Y&ilc_blog_id=3846" "Mozilla/5.0 (Windows NT 10.0; Win64; x64) AppleWebKit/537.36 (KHTML, like Gecko) Chrome/150.0.0.0 Safari/537.36"
2001:288:a245:1:4e07:72d:de5c:8a18 - - [17/Aug/2026:15:30:59 +0800] "POST /wp-admin/admin-ajax.php HTTP/1.1" 200 1167 "https://2blog.ilc.edu.tw/wp-login.php" "Mozilla/5.0 (Windows NT 10.0; Win64; x64) AppleWebKit/537.36 (KHTML, like Gecko) Chrome/150.0.0.0 Safari/537.36"
66.249.68.200 - - [17/Aug/2026:15:30:59 +0800] "GET /12/2018/10/13/ HTTP/1.1" 200 9917 "-" "Mozilla/5.0 (Linux; Android 6.0.1; Nexus 5X Build/MMB29P) AppleWebKit/537.36 (KHTML, like Gecko) Chrome/150.0.7871.186 Mobile Safari/537.36 (compatible; Googlebot/2.1; +http://www.google.com/bot.html)"
140.111.67.10 - - [17/Aug/2026:15:31:00 +0800] "GET /" 301 273 "-" "-"
2407:4b00:4c0d:8f86:ad09:1a04:8efc:d5fa - - [17/Aug/2026:15:31:00 +0800] "GET / HTTP/1.1" 200 20465 "-" "Mozilla/5.0 (Windows NT 10.0; Win64; x64) AppleWebKit/537.36 (KHTML, like Gecko) Chrome/151.0.0.0 Safari/537.36"
2407:4b00:4c0d:8f86:ad09:1a04:8efc:d5fa - - [17/Aug/2026:15:31:00 +0800] "GET /wp-content/uploads/sites/411/elementor/css/post-182.css HTTP/1.1" 304 790 "https://www.ltjh.ilc.edu.tw/" "Mozilla/5.0 (Windows NT 10.0; Win64; x64) AppleWebKit/537.36 (KHTML, like Gecko) Chrome/151.0.0.0 Safari/537.36"
2407:4b00:4c0d:8f86:ad09:1a04:8efc:d5fa - - [17/Aug/2026:15:31:00 +0800] "GET /wp-content/uploads/sites/411/2026/08/1150729_%E9%BB%9B%E8%90%8C%E4%B8%8D%E5%91%86-1-768x576.png HTTP/1.1" 304 790 "https://www.ltjh.ilc.edu.tw/" "Mozilla/5.0 (Windows NT 10.0; Win64; x64) AppleWebKit/537.36 (KHTML, like Gecko) Chrome/151.0.0.0 Safari/537.36"
2407:4b00:4c0d:8f86:ad09:1a04:8efc:d5fa - - [17/Aug/2026:15:31:00 +0800] "GET /wp-content/uploads/sites/411/2026/08/1150729_science-2-768x432.png HTTP/1.1" 304 790 "https://www.ltjh.ilc.edu.tw/" "Mozilla/5.0 (Windows NT 10.0; Win64; x64) AppleWebKit/537.36 (KHTML, like Gecko) Chrome/151.0.0.0 Safari/537.36"
2407:4b00:4c0d:8f86:ad09:1a04:8efc:d5fa - - [17/Aug/2026:15:31:00 +0800] "GET /wp-content/uploads/sites/411/2026/08/1150729_%E6%97%85%E9%81%8A%E8%B6%A3-1-768x432.png HTTP/1.1" 304 790 "https://www.ltjh.ilc.edu.tw/" "Mozilla/5.0 (Windows NT 10.0; Win64; x64) AppleWebKit/537.36 (KHTML, like Gecko) Chrome/151.0.0.0 Safari/537.36"
2001:288:a201::66:125 - - [17/Aug/2026:15:31:01 +0800] "GET /blog/active.php HTTP/1.1" 404 1084 "-" "-"
2001:288:a201::66:125 - - [17/Aug/2026:15:31:01 +0800] "GET /blog/active.php HTTP/1.1" 301 1026 "-" "-"
2402:7500:5fb:ca19:8ca0:3b7e:8384:71ab - - [17/Aug/2026:15:31:00 +0800] "GET /wp-content/uploads/sites/3846/2026/08/%E8%BE%B2%E6%A5%AD%E9%83%A8%E5%BB%A3%E5%91%8A.jpg HTTP/1.1" 200 240914 "https://it.ilc.edu.tw/" "Mozilla/5.0 (iPhone; CPU iPhone OS 26_2_1 like Mac OS X) AppleWebKit/605.1.15 (KHTML, like Gecko) CriOS/152.0.7977.40 Mobile/15E148 Safari/604.1"
2402:7500:5fb:ca19:8ca0:3b7e:8384:71ab - - [17/Aug/2026:15:31:00 +0800] "GET /wp-content/uploads/sites/3846/2026/02/%E9%81%BF%E5%85%8D%E8%AA%A4%E5%85%A5%E8%A9%90%E9%A8%99%E7%B6%B2%E7%AB%99APP%E5%B0%8F%E5%B8%B8%E8%AD%98.jpg HTTP/1.1" 200 459624 "https://it.ilc.edu.tw/" "Mozilla/5.0 (iPhone; CPU iPhone OS 26_2_1 like Mac OS X) AppleWebKit/605.1.15 (KHTML, like Gecko) CriOS/152.0.7977.40 Mobile/15E148 Safari/604.1"
2402:7500:5fb:ca19:8ca0:3b7e:8384:71ab - - [17/Aug/2026:15:31:00 +0800] "GET /wp-content/uploads/sites/3846/2026/06/%E5%AE%A3%E5%82%B3%E5%9C%96%E7%89%87.png HTTP/1.1" 200 1053112 "https://it.ilc.edu.tw/" "Mozilla/5.0 (iPhone; CPU iPhone OS 26_2_1 like Mac OS X) AppleWebKit/605.1.15 (KHTML, like Gecko) CriOS/152.0.7977.40 Mobile/15E148 Safari/604.1"
2402:7500:5fb:ca19:8ca0:3b7e:8384:71ab - - [17/Aug/2026:15:31:00 +0800] "GET /wp-content/uploads/sites/3846/2026/06/2026%E5%AE%9C%E8%98%AD%E7%98%8B%E5%AD%B8%E7%BF%92-%E6%9A%91%E5%81%87_%E6%95%99%E8%82%B2%E8%99%95%E9%A6%96%E9%A0%81-1440-x-1080-%E5%83%8F%E7%B4%A0.png HTTP/1.1" 200 2050723 "https://it.ilc.edu.tw/" "Mozilla/5.0 (iPhone; CPU iPhone OS 26_2_1 like Mac OS X) AppleWebKit/605.1.15 (KHTML, like Gecko) CriOS/152.0.7977.40 Mobile/15E148 Safari/604.1"
66.249.71.65 - - [17/Aug/2026:15:31:01 +0800] "GET /6517/wp-includes/js/mediaelement/mediaelement-and-player.min.js HTTP/1.1" 200 44583 "https://2blog.ilc.edu.tw/6517/category/c-22013/page/43/" "Mozilla/5.0 (Linux; Android 6.0.1; Nexus 5X Build/MMB29P) AppleWebKit/537.36 (KHTML, like Gecko) Chrome/150.0.7871.186 Mobile Safari/537.36 (compatible; Googlebot/2.1; +http://www.google.com/bot.html)"
66.249.71.64 - - [17/Aug/2026:15:31:02 +0800] "GET /6517/wp-includes/js/admin-bar.min.js HTTP/1.1" 200 7018 "https://2blog.ilc.edu.tw/6517/category/c-22013/page/43/" "Mozilla/5.0 (Linux; Android 6.0.1; Nexus 5X Build/MMB29P) AppleWebKit/537.36 (KHTML, like Gecko) Chrome/150.0.7871.186 Mobile Safari/537.36 (compatible; Googlebot/2.1; +http://www.google.com/bot.html)"
2001:4860:7:510::ef - - [17/Aug/2026:15:31:02 +0800] "GET /2024/10/16/113%E5%AD%B8%E5%B9%B4%E5%BA%A6%E5%A3%AF%E5%9C%8D%E5%9C%8B%E4%B8%AD%E5%90%84%E9%A0%98%E5%9F%9F%E6%95%99%E5%B8%AB%E5%90%8D%E5%96%AE/ HTTP/1.1" 200 29156 "https://www.google.com/" "Mozilla/5.0 (Windows NT 10.0; Win64; x64) AppleWebKit/537.36 (KHTML, like Gecko) Chrome/151.0.0.0 Safari/537.36"
2001:4860:7:810::f8 - - [17/Aug/2026:15:31:02 +0800] "GET / HTTP/1.1" 200 30944 "https://www.google.com/" "Mozilla/5.0 (Windows NT 10.0; Win64; x64) AppleWebKit/537.36 (KHTML, like Gecko) Chrome/151.0.0.0 Safari/537.36"
2001:4860:7:b10::fd - - [17/Aug/2026:15:31:02 +0800] "GET / HTTP/1.1" 200 30953 "https://www.google.com/" "Mozilla/5.0 (Windows NT 10.0; Win64; x64) AppleWebKit/537.36 (KHTML, like Gecko) Chrome/151.0.0.0 Safari/537.36"
2402:7500:5fb:ca19:8ca0:3b7e:8384:71ab - - [17/Aug/2026:15:31:03 +0800] "GET /wp-content/uploads/sites/1664/elementor/thumbs/-61-pb8w9z2iog9hr6ou2isq17bbl7uldmoet3fjcju75c.png HTTP/1.1" 200 18450 "https://www.gjes.ilc.edu.tw/" "Mozilla/5.0 (iPhone; CPU iPhone OS 26_2_1 like Mac OS X) AppleWebKit/605.1.15 (KHTML, like Gecko) CriOS/152.0.7977.40 Mobile/15E148 Safari/604.1"
2402:7500:5fb:ca19:8ca0:3b7e:8384:71ab - - [17/Aug/2026:15:31:03 +0800] "GET /wp-content/uploads/sites/1664/elementor/thumbs/-63-pb8weholisg3jq4moz36ika2cvl3d9lz3gajdf538w.png HTTP/1.1" 200 20603 "https://www.gjes.ilc.edu.tw/" "Mozilla/5.0 (iPhone; CPU iPhone OS 26_2_1 like Mac OS X) AppleWebKit/605.1.15 (KHTML, like Gecko) CriOS/152.0.7977.40 Mobile/15E148 Safari/604.1"
66.249.71.66 - - [17/Aug/2026:15:31:03 +0800] "GET /6517/wp-includes/js/mediaelement/mejs-controls.svg HTTP/1.1" 200 10210 "https://2blog.ilc.edu.tw/6517/wp-content/cache/2blog.ilc.edu.tw/wpfc-minified/30uukey8/7uhhq.css" "Mozilla/5.0 (Linux; Android 6.0.1; Nexus 5X Build/MMB29P) AppleWebKit/537.36 (KHTML, like Gecko) Chrome/150.0.7871.186 Mobile Safari/537.36 (compatible; Googlebot/2.1; +http://www.google.com/bot.html)"
2402:7500:5fb:ca19:8ca0:3b7e:8384:71ab - - [17/Aug/2026:15:31:03 +0800] "GET /wp-content/uploads/sites/1664/elementor/thumbs/-62-pb8wc534fp8aitjieyira5mkw7624ia4rtku6imisw.png HTTP/1.1" 200 20080 "https://www.gjes.ilc.edu.tw/" "Mozilla/5.0 (iPhone; CPU iPhone OS 26_2_1 like Mac OS X) AppleWebKit/605.1.15 (KHTML, like Gecko) CriOS/152.0.7977.40 Mobile/15E148 Safari/604.1"
2402:7500:5fb:ca19:8ca0:3b7e:8384:71ab - - [17/Aug/2026:15:31:03 +0800] "GET /wp-content/uploads/sites/1664/elementor/thumbs/-63-1-pb8widqjt3rtlmh6z5mlc2xqvaes861zaphvvndfhs.png HTTP/1.1" 200 21334 "https://www.gjes.ilc.edu.tw/" "Mozilla/5.0 (iPhone; CPU iPhone OS 26_2_1 like Mac OS X) AppleWebKit/605.1.15 (KHTML, like Gecko) CriOS/152.0.7977.40 Mobile/15E148 Safari/604.1"
2402:7500:5fb:ca19:8ca0:3b7e:8384:71ab - - [17/Aug/2026:15:31:03 +0800] "GET /wp-content/uploads/sites/1664/2021/08/%E6%88%AA%E5%9C%96-2021-08-14-%E4%B8%8A%E5%8D%889.37.42-1024x220.png HTTP/1.1" 200 82646 "https://www.gjes.ilc.edu.tw/" "Mozilla/5.0 (iPhone; CPU iPhone OS 26_2_1 like Mac OS X) AppleWebKit/605.1.15 (KHTML, like Gecko) CriOS/152.0.7977.40 Mobile/15E148 Safari/604.1"
2402:7500:5fb:ca19:8ca0:3b7e:8384:71ab - - [17/Aug/2026:15:31:03 +0800] "GET /wp-content/uploads/sites/1664/2020/08/logo70.png HTTP/1.1" 200 108603 "https://www.gjes.ilc.edu.tw/" "Mozilla/5.0 (iPhone; CPU iPhone OS 26_2_1 like Mac OS X) AppleWebKit/605.1.15 (KHTML, like Gecko) CriOS/152.0.7977.40 Mobile/15E148 Safari/604.1"
192.178.11.33 - - [17/Aug/2026:15:31:03 +0800] "GET /blog/gallery/11078/11078-945237.jpg HTTP/1.1" 404 25465 "-" "Mozilla/5.0 (Windows NT 5.1; rv:11.0) Gecko Firefox/11.0 (via ggpht.com GoogleImageProxy)"
66.249.68.200 - - [17/Aug/2026:15:31:04 +0800] "GET /babybaby/wp-content/uploads/sites/3902/2024/06/IMG_5894-300x225.jpg HTTP/1.1" 200 21230 "-" "GoogleOther-Image/1.0"
140.111.67.10 - - [17/Aug/2026:15:31:05 +0800] "GET /" 301 273 "-" "-"
2001:288:a245:1:4e07:72d:de5c:8a18 - - [17/Aug/2026:15:31:05 +0800] "GET / HTTP/1.1" 200 31593 "-" "Mozilla/5.0 (Windows NT 10.0; Win64; x64) AppleWebKit/537.36 (KHTML, like Gecko) Chrome/150.0.0.0 Safari/537.36"
2001:288:a245:1:4e07:72d:de5c:8a18 - - [17/Aug/2026:15:31:05 +0800] "GET /wp-content/uploads/sites/3846/elementor/css/post-19.css HTTP/1.1" 304 790 "https://www.ilc.edu.tw/" "Mozilla/5.0 (Windows NT 10.0; Win64; x64) AppleWebKit/537.36 (KHTML, like Gecko) Chrome/150.0.0.0 Safari/537.36"
2001:288:a245:1:4e07:72d:de5c:8a18 - - [17/Aug/2026:15:31:05 +0800] "GET /wp-content/uploads/sites/3846/2023/07/%E6%95%99%E8%82%B2%E8%99%95%E5%85%AB%E5%A4%A7%E6%96%B9%E9%87%9D.png HTTP/1.1" 200 195536 "https://www.ilc.edu.tw/" "Mozilla/5.0 (Windows NT 10.0; Win64; x64) AppleWebKit/537.36 (KHTML, like Gecko) Chrome/150.0.0.0 Safari/537.36"
2001:288:a245:1:4e07:72d:de5c:8a18 - - [17/Aug/2026:15:31:05 +0800] "GET /wp-content/uploads/sites/3846/2026/02/%E9%81%BF%E5%85%8D%E8%AA%A4%E5%85%A5%E8%A9%90%E9%A8%99%E7%B6%B2%E7%AB%99APP%E5%B0%8F%E5%B8%B8%E8%AD%98.jpg HTTP/1.1" 200 459624 "https://www.ilc.edu.tw/" "Mozilla/5.0 (Windows NT 10.0; Win64; x64) AppleWebKit/537.36 (KHTML, like Gecko) Chrome/150.0.0.0 Safari/537.36"
2001:288:a245:1:4e07:72d:de5c:8a18 - - [17/Aug/2026:15:31:05 +0800] "GET /wp-content/uploads/sites/3846/2026/08/%E8%BE%B2%E6%A5%AD%E9%83%A8%E5%BB%A3%E5%91%8A.jpg HTTP/1.1" 200 236462 "https://www.ilc.edu.tw/" "Mozilla/5.0 (Windows NT 10.0; Win64; x64) AppleWebKit/537.36 (KHTML, like Gecko) Chrome/150.0.0.0 Safari/537.36"
2001:288:a245:1:4e07:72d:de5c:8a18 - - [17/Aug/2026:15:31:05 +0800] "GET /wp-content/themes/oceanwp/assets/fonts/fontawesome/webfonts/fa-solid-900.woff2 HTTP/1.1" 200 151246 "https://www.ilc.edu.tw/wp-content/cache/www.ilc.edu.tw/wpfc-minified/fdlul8k0/8141l.css" "Mozilla/5.0 (Windows NT 10.0; Win64; x64) AppleWebKit/537.36 (KHTML, like Gecko) Chrome/150.0.0.0 Safari/537.36"
2001:288:a245:1:4e07:72d:de5c:8a18 - - [17/Aug/2026:15:31:05 +0800] "GET /wp-content/uploads/sites/3846/2025/11/%E8%9E%A2%E5%B9%95%E6%93%B7%E5%8F%96%E7%95%AB%E9%9D%A2-2025-11-27-141357.png HTTP/1.1" 200 216157 "https://www.ilc.edu.tw/" "Mozilla/5.0 (Windows NT 10.0; Win64; x64) AppleWebKit/537.36 (KHTML, like Gecko) Chrome/150.0.0.0 Safari/537.36"
2001:288:a201::66:125 - - [17/Aug/2026:15:31:05 +0800] "GET /blog/active.php HTTP/1.1" 301 1026 "-" "-"
2001:288:a201::66:125 - - [17/Aug/2026:15:31:05 +0800] "GET /blog/active.php HTTP/1.1" 404 1084 "-" "-"
210.69.149.252 - - [17/Aug/2026:15:31:05 +0800] "-" 408 4796 "-" "-"
::1 - - [17/Aug/2026:15:31:06 +0800] "OPTIONS * HTTP/1.0" 200 110 "-" "Apache/2.4.68 (Ubuntu) OpenSSL/3.0.19 (internal dummy connection)"
2001:288:a245:1:4e07:72d:de5c:8a18 - - [17/Aug/2026:15:31:05 +0800] "GET /wp-content/uploads/sites/3846/2026/06/2026%E5%AE%9C%E8%98%AD%E7%98%8B%E5%AD%B8%E7%BF%92-%E6%9A%91%E5%81%87_%E6%95%99%E8%82%B2%E8%99%95%E9%A6%96%E9%A0%81-1440-x-1080-%E5%83%8F%E7%B4%A0.png HTTP/1.1" 200 2046271 "https://www.ilc.edu.tw/" "Mozilla/5.0 (Windows NT 10.0; Win64; x64) AppleWebKit/537.36 (KHTML, like Gecko) Chrome/150.0.0.0 Safari/537.36"
2001:288:a245:1:4e07:72d:de5c:8a18 - - [17/Aug/2026:15:31:05 +0800] "GET /wp-content/uploads/sites/3846/2026/06/%E5%AE%A3%E5%82%B3%E5%9C%96%E7%89%87.png HTTP/1.1" 200 1053112 "https://www.ilc.edu.tw/" "Mozilla/5.0 (Windows NT 10.0; Win64; x64) AppleWebKit/537.36 (KHTML, like Gecko) Chrome/150.0.0.0 Safari/537.36"
2001:288:a245:1:4e07:72d:de5c:8a18 - - [17/Aug/2026:15:31:06 +0800] "GET /wp-content/uploads/sites/3846/2025/04/%E7%AB%A5%E5%BF%83%E7%AB%A5%E9%81%8A-%E6%AD%A1%E6%A8%82%E8%98%AD%E9%99%BD-%E5%85%92%E7%AB%A5%E7%AF%80%E5%BF%AB%E6%A8%82.jpg HTTP/1.1" 200 126952 "https://www.ilc.edu.tw/" "Mozilla/5.0 (Windows NT 10.0; Win64; x64) AppleWebKit/537.36 (KHTML, like Gecko) Chrome/150.0.0.0 Safari/537.36"
2001:288:a245:1:4e07:72d:de5c:8a18 - - [17/Aug/2026:15:31:06 +0800] "GET /wp-content/uploads/sites/3846/2025/11/%E8%9E%A2%E5%B9%95%E6%93%B7%E5%8F%96%E7%95%AB%E9%9D%A2-2025-11-10-141501.png HTTP/1.1" 200 2445011 "https://www.ilc.edu.tw/" "Mozilla/5.0 (Windows NT 10.0; Win64; x64) AppleWebKit/537.36 (KHTML, like Gecko) Chrome/150.0.0.0 Safari/537.36"
2001:288:a245:1:4e07:72d:de5c:8a18 - - [17/Aug/2026:15:31:05 +0800] "GET /wp-content/uploads/sites/3846/2026/05/%E8%9E%A2%E5%B9%95%E6%93%B7%E5%8F%96%E7%95%AB%E9%9D%A2-2026-05-07-100749.png HTTP/1.1" 200 1354330 "https://www.ilc.edu.tw/" "Mozilla/5.0 (Windows NT 10.0; Win64; x64) AppleWebKit/537.36 (KHTML, like Gecko) Chrome/150.0.0.0 Safari/537.36"
::1 - - [17/Aug/2026:15:31:07 +0800] "OPTIONS * HTTP/1.0" 200 110 "-" "Apache/2.4.68 (Ubuntu) OpenSSL/3.0.19 (internal dummy connection)"
2001:288:a245:1:4e07:72d:de5c:8a18 - - [17/Aug/2026:15:31:05 +0800] "GET /wp-content/uploads/sites/3846/2025/11/%E8%9E%A2%E5%B9%95%E6%93%B7%E5%8F%96%E7%95%AB%E9%9D%A2-2025-11-13-131522.png HTTP/1.1" 200 3761926 "https://www.ilc.edu.tw/" "Mozilla/5.0 (Windows NT 10.0; Win64; x64) AppleWebKit/537.36 (KHTML, like Gecko) Chrome/150.0.0.0 Safari/537.36"
2001:288:a245:1:4e07:72d:de5c:8a18 - - [17/Aug/2026:15:31:05 +0800] "GET /wp-content/uploads/sites/3846/2026/02/%E8%9E%A2%E5%B9%95%E6%93%B7%E5%8F%96%E7%95%AB%E9%9D%A2-2026-02-24-081359.png HTTP/1.1" 200 1572728 "https://www.ilc.edu.tw/" "Mozilla/5.0 (Windows NT 10.0; Win64; x64) AppleWebKit/537.36 (KHTML, like Gecko) Chrome/150.0.0.0 Safari/537.36"
2001:288:a245:1:4e07:72d:de5c:8a18 - - [17/Aug/2026:15:31:07 +0800] "GET /wp-content/uploads/sites/3846/2023/10/C2.png HTTP/1.1" 200 259646 "https://www.ilc.edu.tw/" "Mozilla/5.0 (Windows NT 10.0; Win64; x64) AppleWebKit/537.36 (KHTML, like Gecko) Chrome/150.0.0.0 Safari/537.36"
2001:288:a245:1:4e07:72d:de5c:8a18 - - [17/Aug/2026:15:31:08 +0800] "GET /wp-content/uploads/sites/3846/2023/10/C4.png HTTP/1.1" 200 139328 "https://www.ilc.edu.tw/" "Mozilla/5.0 (Windows NT 10.0; Win64; x64) AppleWebKit/537.36 (KHTML, like Gecko) Chrome/150.0.0.0 Safari/537.36"
2001:288:a245:1:4e07:72d:de5c:8a18 - - [17/Aug/2026:15:31:07 +0800] "GET /wp-content/uploads/sites/3846/2023/10/C3.png HTTP/1.1" 200 192155 "https://www.ilc.edu.tw/" "Mozilla/5.0 (Windows NT 10.0; Win64; x64) AppleWebKit/537.36 (KHTML, like Gecko) Chrome/150.0.0.0 Safari/537.36"
2001:288:a245:1:4e07:72d:de5c:8a18 - - [17/Aug/2026:15:31:07 +0800] "GET /wp-content/uploads/sites/3846/2023/10/C1.png HTTP/1.1" 200 342209 "https://www.ilc.edu.tw/" "Mozilla/5.0 (Windows NT 10.0; Win64; x64) AppleWebKit/537.36 (KHTML, like Gecko) Chrome/150.0.0.0 Safari/537.36"
2001:288:a245:1:4e07:72d:de5c:8a18 - - [17/Aug/2026:15:31:08 +0800] "GET /wp-content/uploads/sites/3846/2023/10/C5.png HTTP/1.1" 200 267535 "https://www.ilc.edu.tw/" "Mozilla/5.0 (Windows NT 10.0; Win64; x64) AppleWebKit/537.36 (KHTML, like Gecko) Chrome/150.0.0.0 Safari/537.36"
::1 - - [17/Aug/2026:15:31:08 +0800] "OPTIONS * HTTP/1.0" 200 110 "-" "Apache/2.4.68 (Ubuntu) OpenSSL/3.0.19 (internal dummy connection)"
2001:288:a245:1:4e07:72d:de5c:8a18 - - [17/Aug/2026:15:31:08 +0800] "GET /wp-content/uploads/sites/3846/2023/05/%E6%84%9BEnglishYT.jpg HTTP/1.1" 200 245320 "https://www.ilc.edu.tw/" "Mozilla/5.0 (Windows NT 10.0; Win64; x64) AppleWebKit/537.36 (KHTML, like Gecko) Chrome/150.0.0.0 Safari/537.36"
2001:288:a245:1:4e07:72d:de5c:8a18 - - [17/Aug/2026:15:31:08 +0800] "GET /wp-content/uploads/sites/3846/2023/05/%E5%B9%BC%E8%A6%8B%E5%B9%B8%E7%A6%8FYT.jpg HTTP/1.1" 200 664803 "https://www.ilc.edu.tw/" "Mozilla/5.0 (Windows NT 10.0; Win64; x64) AppleWebKit/537.36 (KHTML, like Gecko) Chrome/150.0.0.0 Safari/537.36"
2001:288:a245:1:4e07:72d:de5c:8a18 - - [17/Aug/2026:15:31:08 +0800] "GET /wp-content/uploads/sites/3846/2023/05/%E5%A6%82%E6%9E%9C%E9%9B%A8%E7%9F%A5%E9%81%93YT.jpg HTTP/1.1" 200 529331 "https://www.ilc.edu.tw/" "Mozilla/5.0 (Windows NT 10.0; Win64; x64) AppleWebKit/537.36 (KHTML, like Gecko) Chrome/150.0.0.0 Safari/537.36"
2001:288:a245:1:4e07:72d:de5c:8a18 - - [17/Aug/2026:15:31:06 +0800] "GET /wp-content/uploads/sites/3846/2024/08/%E8%9E%A2%E5%B9%95%E6%93%B7%E5%8F%96%E7%95%AB%E9%9D%A2-2024-08-07-151319.png HTTP/1.1" 200 2714068 "https://www.ilc.edu.tw/" "Mozilla/5.0 (Windows NT 10.0; Win64; x64) AppleWebKit/537.36 (KHTML, like Gecko) Chrome/150.0.0.0 Safari/537.36"
2001:288:a245:1:4e07:72d:de5c:8a18 - - [17/Aug/2026:15:31:08 +0800] "GET /wp-content/uploads/sites/3846/2023/05/%E5%8E%9F%E6%B0%91%E6%95%99%E8%82%B2%E5%9C%A8%E5%AE%9C%E8%98%ADYT.jpg HTTP/1.1" 200 607016 "https://www.ilc.edu.tw/" "Mozilla/5.0 (Windows NT 10.0; Win64; x64) AppleWebKit/537.36 (KHTML, like Gecko) Chrome/150.0.0.0 Safari/537.36"
2001:288:a245:1:4e07:72d:de5c:8a18 - - [17/Aug/2026:15:31:08 +0800] "GET /wp-content/uploads/sites/3846/2023/05/%E8%B7%A8%E9%96%B1%E5%88%9D%E8%A1%B7YT.jpg HTTP/1.1" 200 579849 "https://www.ilc.edu.tw/" "Mozilla/5.0 (Windows NT 10.0; Win64; x64) AppleWebKit/537.36 (KHTML, like Gecko) Chrome/150.0.0.0 Safari/537.36"
2001:288:a245:1:4e07:72d:de5c:8a18 - - [17/Aug/2026:15:31:08 +0800] "GET /wp-content/uploads/sites/3846/2023/05/%E6%B0%B4%E5%9F%9F%E5%AE%89%E5%85%A8%E5%AE%A3%E5%B0%8EYT.jpg HTTP/1.1" 200 809930 "https://www.ilc.edu.tw/" "Mozilla/5.0 (Windows NT 10.0; Win64; x64) AppleWebKit/537.36 (KHTML, like Gecko) Chrome/150.0.0.0 Safari/537.36"
2001:288:a245:1:4e07:72d:de5c:8a18 - - [17/Aug/2026:15:31:08 +0800] "GET /wp-content/uploads/sites/3846/2024/05/%E8%9E%A2%E5%B9%95%E6%93%B7%E5%8F%96%E7%95%AB%E9%9D%A2-2024-05-16-103456.png HTTP/1.1" 200 2702922 "https://www.ilc.edu.tw/" "Mozilla/5.0 (Windows NT 10.0; Win64; x64) AppleWebKit/537.36 (KHTML, like Gecko) Chrome/150.0.0.0 Safari/537.36"
2001:288:a245:1:4e07:72d:de5c:8a18 - - [17/Aug/2026:15:31:08 +0800] "GET /wp-content/uploads/sites/3846/2025/09/YT%E5%B0%81%E9%9D%A2-1.jpg HTTP/1.1" 200 173035 "https://www.ilc.edu.tw/" "Mozilla/5.0 (Windows NT 10.0; Win64; x64) AppleWebKit/537.36 (KHTML, like Gecko) Chrome/150.0.0.0 Safari/537.36"
::1 - - [17/Aug/2026:15:31:09 +0800] "OPTIONS * HTTP/1.0" 200 110 "-" "Apache/2.4.68 (Ubuntu) OpenSSL/3.0.19 (internal dummy connection)"
140.111.67.10 - - [17/Aug/2026:15:31:10 +0800] "GET /" 301 273 "-" "-"
59.124.167.226 - - [17/Aug/2026:15:31:10 +0800] "GET / HTTP/1.1" 301 911 "-" "python-requests/2.32.4"
::1 - - [17/Aug/2026:15:31:10 +0800] "OPTIONS * HTTP/1.0" 200 110 "-" "Apache/2.4.68 (Ubuntu) OpenSSL/3.0.19 (internal dummy connection)"
59.124.167.226 - - [17/Aug/2026:15:31:10 +0800] "GET / HTTP/1.1" 200 23316 "-" "python-requests/2.32.4"
2001:288:a201::66:125 - - [17/Aug/2026:15:31:10 +0800] "GET /blog/active.php HTTP/1.1" 301 1026 "-" "-"
2001:288:a201::66:125 - - [17/Aug/2026:15:31:10 +0800] "GET /blog/active.php HTTP/1.1" 404 1084 "-" "-"
140.111.181.49 - - [17/Aug/2026:15:31:10 +0800] "-" 408 4801 "-" "-"
::1 - - [17/Aug/2026:15:31:11 +0800] "OPTIONS * HTTP/1.0" 200 110 "-" "Apache/2.4.68 (Ubuntu) OpenSSL/3.0.19 (internal dummy connection)"
34.227.246.244 - - [17/Aug/2026:15:31:11 +0800] "GET /wp-content/uploads/sites/1340/2024/ HTTP/1.1" 200 1316 "-" "Mozilla/5.0 (Macintosh; Intel Mac OS X 10_15_7) AppleWebKit/605.1.15 (KHTML, like Gecko) Chrome/139.0.0.0 Safari/605.1.15"
::1 - - [17/Aug/2026:15:31:12 +0800] "OPTIONS * HTTP/1.0" 200 110 "-" "Apache/2.4.68 (Ubuntu) OpenSSL/3.0.19 (internal dummy connection)"
::1 - - [17/Aug/2026:15:31:13 +0800] "OPTIONS * HTTP/1.0" 200 110 "-" "Apache/2.4.68 (Ubuntu) OpenSSL/3.0.19 (internal dummy connection)"
::1 - - [17/Aug/2026:15:31:14 +0800] "OPTIONS * HTTP/1.0" 200 110 "-" "Apache/2.4.68 (Ubuntu) OpenSSL/3.0.19 (internal dummy connection)"
120.101.212.97 - - [17/Aug/2026:15:31:14 +0800] "-" 408 339 "-" "-"
140.111.67.10 - - [17/Aug/2026:15:31:15 +0800] "GET /" 301 273 "-" "-"
::1 - - [17/Aug/2026:15:31:15 +0800] "OPTIONS * HTTP/1.0" 200 110 "-" "Apache/2.4.68 (Ubuntu) OpenSSL/3.0.19 (internal dummy connection)"
2001:288:a201::66:125 - - [17/Aug/2026:15:31:15 +0800] "GET /blog/active.php HTTP/1.1" 301 1026 "-" "-"
2001:288:a201::66:125 - - [17/Aug/2026:15:31:15 +0800] "GET /blog/active.php HTTP/1.1" 404 1084 "-" "-"
66.249.68.200 - - [17/Aug/2026:15:31:15 +0800] "GET /blog/blog/5440/resource/104847/1466774 HTTP/1.1" 404 25472 "-" "Mozilla/5.0 (Linux; Android 6.0.1; Nexus 5X Build/MMB29P) AppleWebKit/537.36 (KHTML, like Gecko) Chrome/99.0.4844.84 Mobile Safari/537.36 (compatible; Googlebot/2.1; +http://www.google.com/bot.html)"
2001:4860:7:510::fd - - [17/Aug/2026:15:31:15 +0800] "GET /tcesinfo/2020/08/09/%E8%A8%AD%E5%AE%9A%E9%97%9C%E9%96%89%E7%80%8F%E8%A6%BD%E5%99%A8%E5%8D%B3%E8%87%AA%E5%8B%95%E6%B8%85%E9%99%A4%E7%80%8F%E8%A6%BD%E8%A8%98%E9%8C%84/ HTTP/1.1" 200 16157 "https://www.google.com/" "Mozilla/5.0 (Windows NT 10.0; Win64; x64) AppleWebKit/537.36 (KHTML, like Gecko) Chrome/151.0.0.0 Safari/537.36"
::1 - - [17/Aug/2026:15:31:16 +0800] "OPTIONS * HTTP/1.0" 200 110 "-" "Apache/2.4.68 (Ubuntu) OpenSSL/3.0.19 (internal dummy connection)"
52.167.144.179 - - [17/Aug/2026:15:31:16 +0800] "GET /?s=%E5%89%B5%E4%BD%9C%E8%80%85%E9%9B%BB%E8%85%A6 HTTP/1.1" 200 20478 "-" "Mozilla/5.0 AppleWebKit/537.36 (KHTML, like Gecko; compatible; bingbot/2.0; +http://www.bing.com/bingbot.htm) Chrome/116.0.1938.76 Safari/537.36"
2001:288:a240:1:b1c6:8ed7:5242:110b - - [17/Aug/2026:15:31:16 +0800] "-" 408 4802 "-" "-"
66.249.68.200 - - [17/Aug/2026:15:31:16 +0800] "GET /26064/wp-content/uploads/sites/1066/2025/10/115%E5%9C%8B%E5%B0%8F%E7%9B%B8%E9%97%9C%E8%A1%A8%E5%96%AE-.odt HTTP/1.1" 200 56185 "-" "Mozilla/5.0 (Linux; Android 6.0.1; Nexus 5X Build/MMB29P) AppleWebKit/537.36 (KHTML, like Gecko) Chrome/150.0.7871.186 Mobile Safari/537.36 (compatible; Googlebot/2.1; +http://www.google.com/bot.html)"
52.167.144.179 - - [17/Aug/2026:15:31:16 +0800] "GET /?s=115%E5%AD%B8%E5%B9%B4%E5%BA%A6%E5%A4%A7%E5%AD%B8%E5%85%A5%E5%AD%B8%E5%88%86%E7%99%BC%E6%94%BE%E6%A6%9C%2C+%E5%B7%A5%E7%A7%91%E6%8E%92%E5%90%8D HTTP/1.1" 200 15679 "-" "Mozilla/5.0 AppleWebKit/537.36 (KHTML, like Gecko; compatible; bingbot/2.0; +http://www.bing.com/bingbot.htm) Chrome/116.0.1938.76 Safari/537.36"
2001:288:a25f:1:3d26:b2f:aed7:a7b1 - - [17/Aug/2026:15:31:16 +0800] "-" 408 4804 "-" "-"
::1 - - [17/Aug/2026:15:31:17 +0800] "OPTIONS * HTTP/1.0" 200 110 "-" "Apache/2.4.68 (Ubuntu) OpenSSL/3.0.19 (internal dummy connection)"
2001:b400:e287:6aea:fce8:f7bb:f426:708 - - [17/Aug/2026:15:31:17 +0800] "-" 408 339 "-" "-"
2001:b400:e287:6aea:fce8:f7bb:f426:708 - - [17/Aug/2026:15:31:17 +0800] "-" 408 339 "-" "-"
140.111.131.172 - - [17/Aug/2026:15:31:17 +0800] "GET / HTTP/1.1" 200 29844 "-" "Mozilla/5.0 (Windows NT 10.0; Win64; x64) AppleWebKit/537.36 (KHTML, like Gecko) Chrome/138.0.0.0 Safari/537.36"
66.249.68.200 - - [17/Aug/2026:15:31:17 +0800] "GET /blog/blog/5440/resource/104847/1466774 HTTP/1.1" 404 20684 "-" "Mozilla/5.0 (compatible; Googlebot/2.1; +http://www.google.com/bot.html)"
140.111.131.172 - - [17/Aug/2026:15:31:18 +0800] "GET /wp-content/cache/www.yeses.ilc.edu.tw/wpfc-minified/4qskn9o/bflo8.css HTTP/1.1" 304 790 "https://www.yeses.ilc.edu.tw/" "Mozilla/5.0 (Windows NT 10.0; Win64; x64) AppleWebKit/537.36 (KHTML, like Gecko) Chrome/138.0.0.0 Safari/537.36"
140.111.131.172 - - [17/Aug/2026:15:31:18 +0800] "GET /wp-content/cache/www.yeses.ilc.edu.tw/wpfc-minified/qtr4ae6o/bfpbu.css HTTP/1.1" 304 790 "https://www.yeses.ilc.edu.tw/" "Mozilla/5.0 (Windows NT 10.0; Win64; x64) AppleWebKit/537.36 (KHTML, like Gecko) Chrome/138.0.0.0 Safari/537.36"
140.111.131.172 - - [17/Aug/2026:15:31:18 +0800] "GET /wp-content/cache/www.yeses.ilc.edu.tw/wpfc-minified/kentcdjr/bflo8.css HTTP/1.1" 304 790 "https://www.yeses.ilc.edu.tw/" "Mozilla/5.0 (Windows NT 10.0; Win64; x64) AppleWebKit/537.36 (KHTML, like Gecko) Chrome/138.0.0.0 Safari/537.36"
140.111.131.172 - - [17/Aug/2026:15:31:18 +0800] "GET /wp-content/cache/www.yeses.ilc.edu.tw/wpfc-minified/mo6k5vl0/bflo8.css HTTP/1.1" 304 5592 "https://www.yeses.ilc.edu.tw/" "Mozilla/5.0 (Windows NT 10.0; Win64; x64) AppleWebKit/537.36 (KHTML, like Gecko) Chrome/138.0.0.0 Safari/537.36"
140.111.131.172 - - [17/Aug/2026:15:31:18 +0800] "GET /wp-content/cache/www.yeses.ilc.edu.tw/wpfc-minified/mas60gdk/bflo8.js HTTP/1.1" 304 790 "https://www.yeses.ilc.edu.tw/" "Mozilla/5.0 (Windows NT 10.0; Win64; x64) AppleWebKit/537.36 (KHTML, like Gecko) Chrome/138.0.0.0 Safari/537.36"
140.111.131.172 - - [17/Aug/2026:15:31:18 +0800] "GET /wp-content/uploads/sites/890/2026/08/%E5%9C%8B%E5%AE%B6%E5%9C%98%E7%B5%90%E6%9C%88%E8%88%87%E5%9F%8E%E9%8E%AE%E9%9F%8C%E6%80%A7%E8%BC%AA%E6%92%AD.gif HTTP/1.1" 304 5592 "https://www.yeses.ilc.edu.tw/" "Mozilla/5.0 (Windows NT 10.0; Win64; x64) AppleWebKit/537.36 (KHTML, like Gecko) Chrome/138.0.0.0 Safari/537.36"
66.249.68.200 - - [17/Aug/2026:15:31:18 +0800] "GET /27417/2024/11/27/ HTTP/1.1" 200 11167 "-" "Mozilla/5.0 (Linux; Android 6.0.1; Nexus 5X Build/MMB29P) AppleWebKit/537.36 (KHTML, like Gecko) Chrome/150.0.7871.186 Mobile Safari/537.36 (compatible; Googlebot/2.1; +http://www.google.com/bot.html)"
140.111.131.172 - - [17/Aug/2026:15:31:18 +0800] "GET /wp-content/uploads/sites/890/2026/07/2026718%E5%9C%8B%E6%A8%82%E5%9C%98%E9%87%91%E6%A8%BD%E6%BC%94%E5%87%BA%E7%B8%AE%E5%9C%96.jpg HTTP/1.1" 304 790 "https://www.yeses.ilc.edu.tw/" "Mozilla/5.0 (Windows NT 10.0; Win64; x64) AppleWebKit/537.36 (KHTML, like Gecko) Chrome/138.0.0.0 Safari/537.36"
140.111.131.172 - - [17/Aug/2026:15:31:18 +0800] "GET /wp-content/uploads/sites/890/2026/07/LINE_ALBUM_20260709%E9%84%89%E8%AA%9E%E6%96%87%E7%AB%B6%E8%B3%BD_260710_6.jpg HTTP/1.1" 304 790 "https://www.yeses.ilc.edu.tw/" "Mozilla/5.0 (Windows NT 10.0; Win64; x64) AppleWebKit/537.36 (KHTML, like Gecko) Chrome/138.0.0.0 Safari/537.36"
140.111.67.10 - - [17/Aug/2026:15:31:20 +0800] "GET /" 301 273 "-" "-"
2407:4b00:4c0d:8f86:ad09:1a04:8efc:d5fa - - [17/Aug/2026:15:31:20 +0800] "-" 408 4803 "-" "-"
2407:4b00:4c0d:8f86:ad09:1a04:8efc:d5fa - - [17/Aug/2026:15:31:20 +0800] "-" 408 4803 "-" "-"
2001:288:a201::66:125 - - [17/Aug/2026:15:31:20 +0800] "GET /blog/active.php HTTP/1.1" 301 1026 "-" "-"
140.111.131.172 - - [17/Aug/2026:15:31:20 +0800] "GET /wp-content/uploads/sites/890/2019/07/cropped--32x32.jpg HTTP/1.1" 200 2227 "https://www.yeses.ilc.edu.tw/" "Mozilla/5.0 (Windows NT 10.0; Win64; x64) AppleWebKit/537.36 (KHTML, like Gecko) Chrome/138.0.0.0 Safari/537.36"
2001:288:a201::66:125 - - [17/Aug/2026:15:31:20 +0800] "GET /blog/active.php HTTP/1.1" 404 1084 "-" "-"
2407:4b00:4c0d:8f86:ad09:1a04:8efc:d5fa - - [17/Aug/2026:15:31:21 +0800] "-" 408 339 "-" "-"
2407:4b00:4c0d:8f86:ad09:1a04:8efc:d5fa - - [17/Aug/2026:15:31:21 +0800] "-" 408 339 "-" "-"
2407:4b00:4c0d:8f86:ad09:1a04:8efc:d5fa - - [17/Aug/2026:15:31:21 +0800] "-" 408 4803 "-" "-"
140.111.131.172 - - [17/Aug/2026:15:31:21 +0800] "GET /wp-content/uploads/sites/890/2026/06/20260603_%E5%85%AD%E6%9C%88%E4%BB%BD%E5%AD%B8%E7%94%9F%E9%9B%86%E6%9C%83%E7%B8%AE%E5%9C%96-1.jpg HTTP/1.1" 304 790 "https://www.yeses.ilc.edu.tw/" "Mozilla/5.0 (Windows NT 10.0; Win64; x64) AppleWebKit/537.36 (KHTML, like Gecko) Chrome/138.0.0.0 Safari/537.36"
140.111.131.172 - - [17/Aug/2026:15:31:21 +0800] "GET /wp-content/uploads/sites/890/2026/05/IMG_20260526_140626-scaled.jpg HTTP/1.1" 304 790 "https://www.yeses.ilc.edu.tw/" "Mozilla/5.0 (Windows NT 10.0; Win64; x64) AppleWebKit/537.36 (KHTML, like Gecko) Chrome/138.0.0.0 Safari/537.36"
::1 - - [17/Aug/2026:15:31:22 +0800] "OPTIONS * HTTP/1.0" 200 110 "-" "Apache/2.4.68 (Ubuntu) OpenSSL/3.0.19 (internal dummy connection)"
140.111.67.195 - - [17/Aug/2026:15:31:22 +0800] "GET /wp-admin/admin-post.php?action=steps_ad HTTP/1.1" 200 6425 "-" "node-fetch/1.0 (+https://github.com/bitinn/node-fetch)"
2402:7500:5fb:ca19:8ca0:3b7e:8384:71ab - - [17/Aug/2026:15:31:22 +0800] "GET /wp-content/uploads/sites/1664/2021/08/%E6%88%AA%E5%9C%96-2021-08-14-%E4%B8%8A%E5%8D%889.36.40-1024x221.png HTTP/1.1" 200 69831 "https://www.gjes.ilc.edu.tw/" "Mozilla/5.0 (iPhone; CPU iPhone OS 26_2_1 like Mac OS X) AppleWebKit/605.1.15 (KHTML, like Gecko) CriOS/152.0.7977.40 Mobile/15E148 Safari/604.1"
2402:7500:5fb:ca19:8ca0:3b7e:8384:71ab - - [17/Aug/2026:15:31:23 +0800] "GET /wp-content/uploads/sites/1664/2021/08/%E6%88%AA%E5%9C%96-2021-08-14-%E4%B8%8A%E5%8D%8810.04.26-1024x226.png HTTP/1.1" 200 87910 "https://www.gjes.ilc.edu.tw/" "Mozilla/5.0 (iPhone; CPU iPhone OS 26_2_1 like Mac OS X) AppleWebKit/605.1.15 (KHTML, like Gecko) CriOS/152.0.7977.40 Mobile/15E148 Safari/604.1"
2402:7500:5fb:ca19:8ca0:3b7e:8384:71ab - - [17/Aug/2026:15:31:24 +0800] "GET /wp-content/uploads/sites/1664/elementor/thumbs/-64-pb8wlxklmkmtglbi8ovur6ofnowpb05h4a7x5a3vzk.png HTTP/1.1" 200 13773 "https://www.gjes.ilc.edu.tw/" "Mozilla/5.0 (iPhone; CPU iPhone OS 26_2_1 like Mac OS X) AppleWebKit/605.1.15 (KHTML, like Gecko) CriOS/152.0.7977.40 Mobile/15E148 Safari/604.1"
2402:7500:5fb:ca19:8ca0:3b7e:8384:71ab - - [17/Aug/2026:15:31:24 +0800] "GET /wp-content/uploads/sites/1664/elementor/thumbs/-64-1-pb8wpm3ue7o8xlyzqs690r8ff0rggbrmmi7dtandm8.png HTTP/1.1" 200 16905 "https://www.gjes.ilc.edu.tw/" "Mozilla/5.0 (iPhone; CPU iPhone OS 26_2_1 like Mac OS X) AppleWebKit/605.1.15 (KHTML, like Gecko) CriOS/152.0.7977.40 Mobile/15E148 Safari/604.1"
140.111.67.195 - - [17/Aug/2026:15:31:23 +0800] "GET /wp-admin/admin-post.php?action=steps_ad HTTP/1.1" 200 1649 "-" "node-fetch/1.0 (+https://github.com/bitinn/node-fetch)"
2402:7500:5fb:ca19:8ca0:3b7e:8384:71ab - - [17/Aug/2026:15:31:24 +0800] "GET /wp-content/uploads/sites/1664/2021/08/%E6%88%AA%E5%9C%96-2021-08-14-%E4%B8%8A%E5%8D%8810.14.52-1024x237.png HTTP/1.1" 200 78669 "https://www.gjes.ilc.edu.tw/" "Mozilla/5.0 (iPhone; CPU iPhone OS 26_2_1 like Mac OS X) AppleWebKit/605.1.15 (KHTML, like Gecko) CriOS/152.0.7977.40 Mobile/15E148 Safari/604.1"
