2407:4b00:4c01:9916:7c68:bad5:79b3:19cd - - [17/Aug/2026:15:34:21 +0800] "GET /apple-touch-icon.png HTTP/1.1" 404 56737 "-" "NetworkingExtension/8624.4.5.10.5 Network/5812.160.9 iOS/26.6"
2001:288:a21e:1:140e:3b8e:a3f2:d3df - - [17/Aug/2026:15:34:21 +0800] "GET /wp-content/cache/www.tkjh.ilc.edu.tw/wpfc-minified/lxbefab0/6vyr.css HTTP/1.1" 200 40884 "https://www.tkjh.ilc.edu.tw/" "Mozilla/5.0 (Windows NT 10.0; Win64; x64) AppleWebKit/537.36 (KHTML, like Gecko) Chrome/151.0.0.0 Safari/537.36"
2407:4b00:4c01:9916:7c68:bad5:79b3:19cd - - [17/Aug/2026:15:34:21 +0800] "GET / HTTP/1.1" 200 21946 "-" "Mozilla/5.0 (Macintosh; Intel Mac OS X 10_11_1) AppleWebKit/601.2.4 (KHTML, like Gecko) Version/9.0.1 Safari/601.2.4 facebookexternalhit/1.1 Facebot Twitterbot/1.0"
2001:288:a21e:1:140e:3b8e:a3f2:d3df - - [17/Aug/2026:15:34:21 +0800] "GET /wp-content/cache/www.tkjh.ilc.edu.tw/wpfc-minified/mbw4bt68/6vyr.css HTTP/1.1" 200 1496 "https://www.tkjh.ilc.edu.tw/" "Mozilla/5.0 (Windows NT 10.0; Win64; x64) AppleWebKit/537.36 (KHTML, like Gecko) Chrome/151.0.0.0 Safari/537.36"
2001:288:a21e:1:140e:3b8e:a3f2:d3df - - [17/Aug/2026:15:34:21 +0800] "GET /wp-content/cache/www.tkjh.ilc.edu.tw/wpfc-minified/e5cup82p/6vyr.css HTTP/1.1" 200 18878 "https://www.tkjh.ilc.edu.tw/" "Mozilla/5.0 (Windows NT 10.0; Win64; x64) AppleWebKit/537.36 (KHTML, like Gecko) Chrome/151.0.0.0 Safari/537.36"
2001:288:a21e:1:140e:3b8e:a3f2:d3df - - [17/Aug/2026:15:34:21 +0800] "GET /wp-content/cache/www.tkjh.ilc.edu.tw/wpfc-minified/8wjksvk0/6vyr.css HTTP/1.1" 200 50095 "https://www.tkjh.ilc.edu.tw/" "Mozilla/5.0 (Windows NT 10.0; Win64; x64) AppleWebKit/537.36 (KHTML, like Gecko) Chrome/151.0.0.0 Safari/537.36"
2001:288:a21e:1:140e:3b8e:a3f2:d3df - - [17/Aug/2026:15:34:21 +0800] "GET /wp-content/uploads/sites/888/elementor/css/post-552.css HTTP/1.1" 200 6070 "https://www.tkjh.ilc.edu.tw/" "Mozilla/5.0 (Windows NT 10.0; Win64; x64) AppleWebKit/537.36 (KHTML, like Gecko) Chrome/151.0.0.0 Safari/537.36"
2001:288:a21e:1:140e:3b8e:a3f2:d3df - - [17/Aug/2026:15:34:21 +0800] "GET /wp-content/uploads/sites/888/elementor/css/post-64.css HTTP/1.1" 200 1690 "https://www.tkjh.ilc.edu.tw/" "Mozilla/5.0 (Windows NT 10.0; Win64; x64) AppleWebKit/537.36 (KHTML, like Gecko) Chrome/151.0.0.0 Safari/537.36"
2001:288:a21e:1:140e:3b8e:a3f2:d3df - - [17/Aug/2026:15:34:21 +0800] "GET /wp-content/cache/www.tkjh.ilc.edu.tw/wpfc-minified/2dakbp7l/6vyr.css HTTP/1.1" 200 54569 "https://www.tkjh.ilc.edu.tw/" "Mozilla/5.0 (Windows NT 10.0; Win64; x64) AppleWebKit/537.36 (KHTML, like Gecko) Chrome/151.0.0.0 Safari/537.36"
2001:288:a21e:1:140e:3b8e:a3f2:d3df - - [17/Aug/2026:15:34:21 +0800] "GET /wp-content/uploads/sites/888/2026/01/%E5%AE%9C%E8%98%AD%E5%8D%80%E6%A9%9F%E9%97%9C%E7%8E%8B%E5%A4%A7%E8%B3%BD.png HTTP/1.1" 200 410703 "https://www.tkjh.ilc.edu.tw/" "Mozilla/5.0 (Windows NT 10.0; Win64; x64) AppleWebKit/537.36 (KHTML, like Gecko) Chrome/151.0.0.0 Safari/537.36"
2001:288:a21e:1:140e:3b8e:a3f2:d3df - - [17/Aug/2026:15:34:21 +0800] "GET /wp-content/uploads/sites/888/2023/03/1111104-60-LOGO-1024x626.jpg HTTP/1.1" 200 119194 "https://www.tkjh.ilc.edu.tw/" "Mozilla/5.0 (Windows NT 10.0; Win64; x64) AppleWebKit/537.36 (KHTML, like Gecko) Chrome/151.0.0.0 Safari/537.36"
2001:288:a21e:1:140e:3b8e:a3f2:d3df - - [17/Aug/2026:15:34:21 +0800] "GET /wp-content/cache/www.tkjh.ilc.edu.tw/wpfc-minified/k24nck6h/6vyr.js HTTP/1.1" 200 35559 "https://www.tkjh.ilc.edu.tw/" "Mozilla/5.0 (Windows NT 10.0; Win64; x64) AppleWebKit/537.36 (KHTML, like Gecko) Chrome/151.0.0.0 Safari/537.36"
2001:288:a21e:1:140e:3b8e:a3f2:d3df - - [17/Aug/2026:15:34:21 +0800] "GET /wp-content/uploads/sites/888/2019/07/108.7.30-banner.jpg HTTP/1.1" 200 478174 "https://www.tkjh.ilc.edu.tw/" "Mozilla/5.0 (Windows NT 10.0; Win64; x64) AppleWebKit/537.36 (KHTML, like Gecko) Chrome/151.0.0.0 Safari/537.36"
2001:288:a21e:1:140e:3b8e:a3f2:d3df - - [17/Aug/2026:15:34:21 +0800] "GET /wp-content/cache/www.tkjh.ilc.edu.tw/wpfc-minified/6wws96go/6vyr.css HTTP/1.1" 200 3465 "https://www.tkjh.ilc.edu.tw/" "Mozilla/5.0 (Windows NT 10.0; Win64; x64) AppleWebKit/537.36 (KHTML, like Gecko) Chrome/151.0.0.0 Safari/537.36"
2001:288:a21e:1:140e:3b8e:a3f2:d3df - - [17/Aug/2026:15:34:21 +0800] "GET /wp-content/uploads/sites/888/elementor/css/post-441.css HTTP/1.1" 200 1085 "https://www.tkjh.ilc.edu.tw/" "Mozilla/5.0 (Windows NT 10.0; Win64; x64) AppleWebKit/537.36 (KHTML, like Gecko) Chrome/151.0.0.0 Safari/537.36"
2001:288:a21e:1:140e:3b8e:a3f2:d3df - - [17/Aug/2026:15:34:21 +0800] "GET /wp-includes/js/hoverintent-js.min.js HTTP/1.1" 200 1597 "https://www.tkjh.ilc.edu.tw/" "Mozilla/5.0 (Windows NT 10.0; Win64; x64) AppleWebKit/537.36 (KHTML, like Gecko) Chrome/151.0.0.0 Safari/537.36"
2001:288:a21e:1:140e:3b8e:a3f2:d3df - - [17/Aug/2026:15:34:21 +0800] "GET /wp-includes/js/admin-bar.min.js HTTP/1.1" 200 2237 "https://www.tkjh.ilc.edu.tw/" "Mozilla/5.0 (Windows NT 10.0; Win64; x64) AppleWebKit/537.36 (KHTML, like Gecko) Chrome/151.0.0.0 Safari/537.36"
2001:288:a21e:1:140e:3b8e:a3f2:d3df - - [17/Aug/2026:15:34:21 +0800] "GET /wp-includes/js/underscore.min.js HTTP/1.1" 200 8191 "https://www.tkjh.ilc.edu.tw/" "Mozilla/5.0 (Windows NT 10.0; Win64; x64) AppleWebKit/537.36 (KHTML, like Gecko) Chrome/151.0.0.0 Safari/537.36"
2001:288:a21e:1:140e:3b8e:a3f2:d3df - - [17/Aug/2026:15:34:21 +0800] "GET /wp-content/themes/huemanilc/assets/front/js/scripts.min.js HTTP/1.1" 200 27001 "https://www.tkjh.ilc.edu.tw/" "Mozilla/5.0 (Windows NT 10.0; Win64; x64) AppleWebKit/537.36 (KHTML, like Gecko) Chrome/151.0.0.0 Safari/537.36"
2001:288:a21e:1:140e:3b8e:a3f2:d3df - - [17/Aug/2026:15:34:21 +0800] "GET /wp-includes/js/imagesloaded.min.js HTTP/1.1" 200 2683 "https://www.tkjh.ilc.edu.tw/" "Mozilla/5.0 (Windows NT 10.0; Win64; x64) AppleWebKit/537.36 (KHTML, like Gecko) Chrome/151.0.0.0 Safari/537.36"
2001:288:a21e:1:140e:3b8e:a3f2:d3df - - [17/Aug/2026:15:34:21 +0800] "GET /wp-content/plugins/elementor-pro/assets/js/webpack-pro.runtime.min.js HTTP/1.1" 200 3562 "https://www.tkjh.ilc.edu.tw/" "Mozilla/5.0 (Windows NT 10.0; Win64; x64) AppleWebKit/537.36 (KHTML, like Gecko) Chrome/151.0.0.0 Safari/537.36"
2001:288:a21e:1:140e:3b8e:a3f2:d3df - - [17/Aug/2026:15:34:21 +0800] "GET /wp-content/plugins/elementor/assets/js/webpack.runtime.min.js HTTP/1.1" 200 3095 "https://www.tkjh.ilc.edu.tw/" "Mozilla/5.0 (Windows NT 10.0; Win64; x64) AppleWebKit/537.36 (KHTML, like Gecko) Chrome/151.0.0.0 Safari/537.36"
2001:288:a21e:1:140e:3b8e:a3f2:d3df - - [17/Aug/2026:15:34:21 +0800] "GET /wp-includes/js/dist/hooks.min.js HTTP/1.1" 200 2421 "https://www.tkjh.ilc.edu.tw/" "Mozilla/5.0 (Windows NT 10.0; Win64; x64) AppleWebKit/537.36 (KHTML, like Gecko) Chrome/151.0.0.0 Safari/537.36"
2001:288:a21e:1:140e:3b8e:a3f2:d3df - - [17/Aug/2026:15:34:21 +0800] "GET /wp-content/plugins/elementor/assets/js/frontend-modules.min.js HTTP/1.1" 200 19416 "https://www.tkjh.ilc.edu.tw/" "Mozilla/5.0 (Windows NT 10.0; Win64; x64) AppleWebKit/537.36 (KHTML, like Gecko) Chrome/151.0.0.0 Safari/537.36"
2001:288:a21e:1:140e:3b8e:a3f2:d3df - - [17/Aug/2026:15:34:21 +0800] "GET /wp-includes/js/dist/i18n.min.js HTTP/1.1" 200 4547 "https://www.tkjh.ilc.edu.tw/" "Mozilla/5.0 (Windows NT 10.0; Win64; x64) AppleWebKit/537.36 (KHTML, like Gecko) Chrome/151.0.0.0 Safari/537.36"
2001:288:a21e:1:140e:3b8e:a3f2:d3df - - [17/Aug/2026:15:34:21 +0800] "GET /wp-content/plugins/elementor-pro/assets/js/frontend.min.js HTTP/1.1" 200 7574 "https://www.tkjh.ilc.edu.tw/" "Mozilla/5.0 (Windows NT 10.0; Win64; x64) AppleWebKit/537.36 (KHTML, like Gecko) Chrome/151.0.0.0 Safari/537.36"
2001:288:a21e:1:140e:3b8e:a3f2:d3df - - [17/Aug/2026:15:34:21 +0800] "GET /wp-content/plugins/elementor/assets/lib/waypoints/waypoints.min.js HTTP/1.1" 200 3873 "https://www.tkjh.ilc.edu.tw/" "Mozilla/5.0 (Windows NT 10.0; Win64; x64) AppleWebKit/537.36 (KHTML, like Gecko) Chrome/151.0.0.0 Safari/537.36"
2001:288:a21e:1:140e:3b8e:a3f2:d3df - - [17/Aug/2026:15:34:21 +0800] "GET /wp-includes/js/jquery/ui/core.min.js HTTP/1.1" 200 7986 "https://www.tkjh.ilc.edu.tw/" "Mozilla/5.0 (Windows NT 10.0; Win64; x64) AppleWebKit/537.36 (KHTML, like Gecko) Chrome/151.0.0.0 Safari/537.36"
2001:288:a21e:1:140e:3b8e:a3f2:d3df - - [17/Aug/2026:15:34:21 +0800] "GET /wp-content/plugins/elementor/assets/js/frontend.min.js HTTP/1.1" 200 13169 "https://www.tkjh.ilc.edu.tw/" "Mozilla/5.0 (Windows NT 10.0; Win64; x64) AppleWebKit/537.36 (KHTML, like Gecko) Chrome/151.0.0.0 Safari/537.36"
2001:288:a21e:1:140e:3b8e:a3f2:d3df - - [17/Aug/2026:15:34:21 +0800] "GET /wp-content/plugins/elementor-pro/assets/js/elements-handlers.min.js HTTP/1.1" 200 10882 "https://www.tkjh.ilc.edu.tw/" "Mozilla/5.0 (Windows NT 10.0; Win64; x64) AppleWebKit/537.36 (KHTML, like Gecko) Chrome/151.0.0.0 Safari/537.36"
2407:4b00:4c01:9916:7c68:bad5:79b3:19cd - - [17/Aug/2026:15:34:21 +0800] "GET /wp-content/uploads/sites/944/2019/10/cropped-%E6%96%87%E4%B8%AD%E7%B6%B2%E9%A0%81logo-192x192.jpg HTTP/1.1" 200 12283 "-" "NetworkingExtension/8624.4.5.10.5 Network/5812.160.9 iOS/26.6"
2407:4b00:4c01:9916:7c68:bad5:79b3:19cd - - [17/Aug/2026:15:34:21 +0800] "GET /wp-content/uploads/sites/944/2019/10/cropped-%E6%96%87%E4%B8%AD%E7%B6%B2%E9%A0%81logo-32x32.jpg HTTP/1.1" 200 6891 "-" "NetworkingExtension/8624.4.5.10.5 Network/5812.160.9 iOS/26.6"
2001:288:a21e:1:140e:3b8e:a3f2:d3df - - [17/Aug/2026:15:34:21 +0800] "GET /wp-content/uploads/sites/888/2026/07/115%E7%89%B9%E6%AE%8A%E5%84%AA%E8%89%AF%E6%95%99%E5%B8%AB.png HTTP/1.1" 200 1164955 "https://www.tkjh.ilc.edu.tw/wp-content/uploads/sites/888/elementor/css/post-64.css" "Mozilla/5.0 (Windows NT 10.0; Win64; x64) AppleWebKit/537.36 (KHTML, like Gecko) Chrome/151.0.0.0 Safari/537.36"
2001:288:a21e:1:140e:3b8e:a3f2:d3df - - [17/Aug/2026:15:34:21 +0800] "GET /wp-content/uploads/sites/888/2026/04/115%E7%A7%91%E5%B1%95%E7%8D%B2%E7%8D%8E.png HTTP/1.1" 200 2036911 "https://www.tkjh.ilc.edu.tw/wp-content/uploads/sites/888/elementor/css/post-64.css" "Mozilla/5.0 (Windows NT 10.0; Win64; x64) AppleWebKit/537.36 (KHTML, like Gecko) Chrome/151.0.0.0 Safari/537.36"
2001:288:a21e:1:140e:3b8e:a3f2:d3df - - [17/Aug/2026:15:34:21 +0800] "GET /wp-content/uploads/sites/888/2026/08/115%E6%A6%AE%E8%AD%BD%E6%A6%9C%E6%A8%A1%E6%9D%BF-%E7%99%BC%E6%98%8E%E5%B1%95.png HTTP/1.1" 200 1582164 "https://www.tkjh.ilc.edu.tw/wp-content/uploads/sites/888/elementor/css/post-64.css" "Mozilla/5.0 (Windows NT 10.0; Win64; x64) AppleWebKit/537.36 (KHTML, like Gecko) Chrome/151.0.0.0 Safari/537.36"
2001:288:a21e:1:140e:3b8e:a3f2:d3df - - [17/Aug/2026:15:34:21 +0800] "GET /wp-content/uploads/sites/888/2026/07/115%E7%B7%9A%E4%B8%8A%E9%96%B1%E8%AE%80%E7%89%B9%E5%84%AA.png HTTP/1.1" 200 1605494 "https://www.tkjh.ilc.edu.tw/wp-content/uploads/sites/888/elementor/css/post-64.css" "Mozilla/5.0 (Windows NT 10.0; Win64; x64) AppleWebKit/537.36 (KHTML, like Gecko) Chrome/151.0.0.0 Safari/537.36"
2001:288:a21e:1:140e:3b8e:a3f2:d3df - - [17/Aug/2026:15:34:21 +0800] "GET /wp-content/uploads/sites/888/2026/05/114%E9%96%B1%E8%AE%80%E7%8D%8E.png HTTP/1.1" 200 1601192 "https://www.tkjh.ilc.edu.tw/wp-content/uploads/sites/888/elementor/css/post-64.css" "Mozilla/5.0 (Windows NT 10.0; Win64; x64) AppleWebKit/537.36 (KHTML, like Gecko) Chrome/151.0.0.0 Safari/537.36"
2001:288:a21e:1:140e:3b8e:a3f2:d3df - - [17/Aug/2026:15:34:21 +0800] "GET /wp-content/uploads/sites/888/2026/04/114%E8%AE%80%E8%80%85%E5%8A%87%E5%A0%B4.png HTTP/1.1" 200 1713150 "https://www.tkjh.ilc.edu.tw/wp-content/uploads/sites/888/elementor/css/post-64.css" "Mozilla/5.0 (Windows NT 10.0; Win64; x64) AppleWebKit/537.36 (KHTML, like Gecko) Chrome/151.0.0.0 Safari/537.36"
2001:288:a21e:1:140e:3b8e:a3f2:d3df - - [17/Aug/2026:15:34:21 +0800] "GET /wp-content/uploads/sites/888/2026/03/114%E5%8F%A3%E7%90%B4%E5%90%88%E5%A5%8F%E5%85%A8%E5%9C%8B%E7%89%B9%E5%84%AA.png HTTP/1.1" 200 1566535 "https://www.tkjh.ilc.edu.tw/wp-content/uploads/sites/888/elementor/css/post-64.css" "Mozilla/5.0 (Windows NT 10.0; Win64; x64) AppleWebKit/537.36 (KHTML, like Gecko) Chrome/151.0.0.0 Safari/537.36"
2001:288:a21e:1:140e:3b8e:a3f2:d3df - - [17/Aug/2026:15:34:21 +0800] "GET /wp-content/uploads/sites/888/2026/03/114%E5%8F%A3%E7%90%B4%E5%9B%9B%E9%87%8D%E5%A5%8F%E5%85%A8%E5%9C%8B%E7%89%B9%E5%84%AA.png HTTP/1.1" 200 1107473 "https://www.tkjh.ilc.edu.tw/wp-content/uploads/sites/888/elementor/css/post-64.css" "Mozilla/5.0 (Windows NT 10.0; Win64; x64) AppleWebKit/537.36 (KHTML, like Gecko) Chrome/151.0.0.0 Safari/537.36"
2001:288:a21e:1:140e:3b8e:a3f2:d3df - - [17/Aug/2026:15:34:21 +0800] "GET /wp-content/uploads/sites/888/2026/03/114%E8%88%9E%E8%B9%88%E5%85%A8%E5%9C%8B%E8%B3%BD.jpg HTTP/1.1" 200 883781 "https://www.tkjh.ilc.edu.tw/wp-content/uploads/sites/888/elementor/css/post-64.css" "Mozilla/5.0 (Windows NT 10.0; Win64; x64) AppleWebKit/537.36 (KHTML, like Gecko) Chrome/151.0.0.0 Safari/537.36"
2001:288:a21e:1:140e:3b8e:a3f2:d3df - - [17/Aug/2026:15:34:21 +0800] "GET /wp-content/uploads/sites/888/2026/01/115%E7%99%BC%E6%98%8E%E5%B1%95%E7%8D%B2%E7%8D%8E.png HTTP/1.1" 200 1949026 "https://www.tkjh.ilc.edu.tw/wp-content/uploads/sites/888/elementor/css/post-64.css" "Mozilla/5.0 (Windows NT 10.0; Win64; x64) AppleWebKit/537.36 (KHTML, like Gecko) Chrome/151.0.0.0 Safari/537.36"
2001:288:a21e:1:140e:3b8e:a3f2:d3df - - [17/Aug/2026:15:34:21 +0800] "GET /wp-content/uploads/sites/888/2026/03/114%E7%A7%91%E6%8A%80%E7%AB%B6%E8%B3%BD.png HTTP/1.1" 200 1443585 "https://www.tkjh.ilc.edu.tw/wp-content/uploads/sites/888/elementor/css/post-64.css" "Mozilla/5.0 (Windows NT 10.0; Win64; x64) AppleWebKit/537.36 (KHTML, like Gecko) Chrome/151.0.0.0 Safari/537.36"
2001:288:a21e:1:140e:3b8e:a3f2:d3df - - [17/Aug/2026:15:34:21 +0800] "GET /wp-content/plugins/elementor/assets/lib/eicons/fonts/eicons.woff2?5.30.0 HTTP/1.1" 200 98225 "https://www.tkjh.ilc.edu.tw/wp-content/cache/www.tkjh.ilc.edu.tw/wpfc-minified/8wjksvk0/6vyr.css" "Mozilla/5.0 (Windows NT 10.0; Win64; x64) AppleWebKit/537.36 (KHTML, like Gecko) Chrome/151.0.0.0 Safari/537.36"
2001:288:a21e:1:140e:3b8e:a3f2:d3df - - [17/Aug/2026:15:34:21 +0800] "GET /wp-content/themes/huemanilc/assets/front/webfonts/fa-solid-900.woff2?v=5.5.0 HTTP/1.1" 200 74879 "https://www.tkjh.ilc.edu.tw/wp-content/cache/www.tkjh.ilc.edu.tw/wpfc-minified/8wjksvk0/6vyr.css" "Mozilla/5.0 (Windows NT 10.0; Win64; x64) AppleWebKit/537.36 (KHTML, like Gecko) Chrome/151.0.0.0 Safari/537.36"
2001:288:a21e:1:140e:3b8e:a3f2:d3df - - [17/Aug/2026:15:34:21 +0800] "GET /wp-content/uploads/sites/888/2025/11/S__4079630_0.jpg HTTP/1.1" 200 415835 "https://www.tkjh.ilc.edu.tw/wp-content/uploads/sites/888/elementor/css/post-64.css" "Mozilla/5.0 (Windows NT 10.0; Win64; x64) AppleWebKit/537.36 (KHTML, like Gecko) Chrome/151.0.0.0 Safari/537.36"
2001:288:a21e:1:140e:3b8e:a3f2:d3df - - [17/Aug/2026:15:34:21 +0800] "GET /wp-content/uploads/sites/888/2025/11/S__4079629_0.jpg HTTP/1.1" 200 339900 "https://www.tkjh.ilc.edu.tw/wp-content/uploads/sites/888/elementor/css/post-64.css" "Mozilla/5.0 (Windows NT 10.0; Win64; x64) AppleWebKit/537.36 (KHTML, like Gecko) Chrome/151.0.0.0 Safari/537.36"
2001:288:a21e:1:140e:3b8e:a3f2:d3df - - [17/Aug/2026:15:34:21 +0800] "GET /wp-content/uploads/sites/888/2025/11/114%E5%85%AC%E7%9B%8A%E8%A1%8C%E5%8B%95.png HTTP/1.1" 200 1087798 "https://www.tkjh.ilc.edu.tw/wp-content/uploads/sites/888/elementor/css/post-64.css" "Mozilla/5.0 (Windows NT 10.0; Win64; x64) AppleWebKit/537.36 (KHTML, like Gecko) Chrome/151.0.0.0 Safari/537.36"
2001:288:a21e:1:140e:3b8e:a3f2:d3df - - [17/Aug/2026:15:34:21 +0800] "GET /wp-content/uploads/sites/888/2025/11/114%E5%8E%9F%E4%BD%8F%E6%B0%91%E6%96%87%E5%8C%96%E7%A4%BE%E5%9C%98.png HTTP/1.1" 200 2999353 "https://www.tkjh.ilc.edu.tw/wp-content/uploads/sites/888/elementor/css/post-64.css" "Mozilla/5.0 (Windows NT 10.0; Win64; x64) AppleWebKit/537.36 (KHTML, like Gecko) Chrome/151.0.0.0 Safari/537.36"
2001:288:a21e:1:140e:3b8e:a3f2:d3df - - [17/Aug/2026:15:34:21 +0800] "GET /wp-content/uploads/sites/888/2025/11/114%E5%9C%8B%E6%A8%82%E5%84%AA%E8%89%AF.png HTTP/1.1" 200 2621059 "https://www.tkjh.ilc.edu.tw/wp-content/uploads/sites/888/elementor/css/post-64.css" "Mozilla/5.0 (Windows NT 10.0; Win64; x64) AppleWebKit/537.36 (KHTML, like Gecko) Chrome/151.0.0.0 Safari/537.36"
2001:288:a21e:1:140e:3b8e:a3f2:d3df - - [17/Aug/2026:15:34:21 +0800] "GET /wp-content/uploads/sites/888/2025/11/114%E7%B5%B2%E7%AB%B9%E5%84%AA%E8%89%AF.png HTTP/1.1" 200 2404954 "https://www.tkjh.ilc.edu.tw/wp-content/uploads/sites/888/elementor/css/post-64.css" "Mozilla/5.0 (Windows NT 10.0; Win64; x64) AppleWebKit/537.36 (KHTML, like Gecko) Chrome/151.0.0.0 Safari/537.36"
2001:288:a21e:1:140e:3b8e:a3f2:d3df - - [17/Aug/2026:15:34:21 +0800] "GET /wp-content/uploads/sites/888/2025/11/114%E7%99%BC%E6%98%8E%E5%B1%95.png HTTP/1.1" 200 2408247 "https://www.tkjh.ilc.edu.tw/wp-content/uploads/sites/888/elementor/css/post-64.css" "Mozilla/5.0 (Windows NT 10.0; Win64; x64) AppleWebKit/537.36 (KHTML, like Gecko) Chrome/151.0.0.0 Safari/537.36"
2001:288:a21e:1:140e:3b8e:a3f2:d3df - - [17/Aug/2026:15:34:21 +0800] "GET /wp-content/uploads/sites/888/2025/11/114%E5%AE%9C%E8%98%AD%E7%B8%A3%E8%88%9E%E8%B9%88%E6%AF%94%E8%B3%BD.png HTTP/1.1" 200 2317899 "https://www.tkjh.ilc.edu.tw/wp-content/uploads/sites/888/elementor/css/post-64.css" "Mozilla/5.0 (Windows NT 10.0; Win64; x64) AppleWebKit/537.36 (KHTML, like Gecko) Chrome/151.0.0.0 Safari/537.36"
66.249.71.64 - - [17/Aug/2026:15:34:21 +0800] "GET /blog/gallery/19977/19977-2899339.jpg HTTP/1.1" 404 20684 "-" "Googlebot-Image/1.0"
2001:288:a21e:1:140e:3b8e:a3f2:d3df - - [17/Aug/2026:15:34:22 +0800] "GET /wp-content/themes/huemanilc/assets/front/webfonts/fa-brands-400.woff2?v=5.5.0 HTTP/1.1" 200 70613 "https://www.tkjh.ilc.edu.tw/wp-content/cache/www.tkjh.ilc.edu.tw/wpfc-minified/8wjksvk0/6vyr.css" "Mozilla/5.0 (Windows NT 10.0; Win64; x64) AppleWebKit/537.36 (KHTML, like Gecko) Chrome/151.0.0.0 Safari/537.36"
2001:288:a201::67:81 - - [17/Aug/2026:15:34:19 +0800] "POST /26150/2021/09/24/%E5%85%A7%E6%94%BF%E9%83%A8%E7%A7%BB%E6%B0%91%E7%BD%B2%E8%BE%A6%E7%90%86110%E5%B9%B4%E3%80%8C%E6%96%B0%E4%BD%8F%E6%B0%91%E6%95%B8%E4%BD%8D%E6%87%89%E7%94%A8%E8%B3%87%E8%A8%8A%E8%A8%88%E7%95%AB-2/?fsm_edd_37394=3fb5d92150e1d31e11c28be5355fabed HTTP/1.1" 200 13010 "-" "WordPress/6.6.7; https://2blog.ilc.edu.tw/26150"
2001:288:a21e:1:140e:3b8e:a3f2:d3df - - [17/Aug/2026:15:34:23 +0800] "GET /wp-content/plugins/elementor-pro/assets/js/slides.fb6b9afd278bb9c5e75b.bundle.min.js HTTP/1.1" 200 2348 "https://www.tkjh.ilc.edu.tw/" "Mozilla/5.0 (Windows NT 10.0; Win64; x64) AppleWebKit/537.36 (KHTML, like Gecko) Chrome/151.0.0.0 Safari/537.36"
2001:288:a21e:1:140e:3b8e:a3f2:d3df - - [17/Aug/2026:15:34:23 +0800] "GET /wp-content/plugins/elementor/assets/lib/swiper/v8/swiper.min.js?ver=8.4.5 HTTP/1.1" 200 40708 "https://www.tkjh.ilc.edu.tw/" "Mozilla/5.0 (Windows NT 10.0; Win64; x64) AppleWebKit/537.36 (KHTML, like Gecko) Chrome/151.0.0.0 Safari/537.36"
2001:288:a21e:1:140e:3b8e:a3f2:d3df - - [17/Aug/2026:15:34:23 +0800] "GET /wp-content/themes/huemanilc/assets/front/img/opacity-10.png HTTP/1.1" 200 902 "https://www.tkjh.ilc.edu.tw/wp-content/cache/www.tkjh.ilc.edu.tw/wpfc-minified/e5cup82p/6vyr.css" "Mozilla/5.0 (Windows NT 10.0; Win64; x64) AppleWebKit/537.36 (KHTML, like Gecko) Chrome/151.0.0.0 Safari/537.36"
2407:4b00:4c01:9916:7c68:bad5:79b3:19cd - - [17/Aug/2026:15:34:22 +0800] "GET /wp-content/uploads/sites/944/2019/10/cropped-%E6%96%87%E4%B8%AD%E7%B6%B2%E9%A0%81logo-180x180.jpg HTTP/1.1" 200 16117 "-" "NetworkingExtension/8624.4.5.10.5 Network/5812.160.9 iOS/26.6"
2001:288:a21e:1:140e:3b8e:a3f2:d3df - - [17/Aug/2026:15:34:23 +0800] "GET /wp-content/uploads/sites/888/2021/07/cropped-logo-2-32x32.jpg HTTP/1.1" 200 11817 "https://www.tkjh.ilc.edu.tw/" "Mozilla/5.0 (Windows NT 10.0; Win64; x64) AppleWebKit/537.36 (KHTML, like Gecko) Chrome/151.0.0.0 Safari/537.36"
140.111.67.10 - - [17/Aug/2026:15:34:25 +0800] "GET /" 301 273 "-" "-"
2407:4b00:4c0c:8456:50f7:25f7:266e:3feb - - [17/Aug/2026:15:34:25 +0800] "GET /wp-content/themes/oceanwp/assets/fonts/fontawesome/webfonts/fa-solid-900.woff2 HTTP/1.1" 200 156037 "https://www.ilc.edu.tw/wp-content/cache/www.ilc.edu.tw/wpfc-minified/fdlul8k0/8141l.css" "Mozilla/5.0 (Windows NT 10.0; Win64; x64) AppleWebKit/537.36 (KHTML, like Gecko) Chrome/150.0.0.0 Safari/537.36 Edg/150.0.0.0"
2001:288:a201::66:125 - - [17/Aug/2026:15:34:25 +0800] "GET /blog/active.php HTTP/1.1" 404 1084 "-" "-"
2001:288:a201::66:125 - - [17/Aug/2026:15:34:25 +0800] "GET /blog/active.php HTTP/1.1" 301 1026 "-" "-"
2407:4b00:4c0c:8456:50f7:25f7:266e:3feb - - [17/Aug/2026:15:34:25 +0800] "-" 408 4791 "-" "-"
2001:288:a21e:1:140e:3b8e:a3f2:d3df - - [17/Aug/2026:15:34:26 +0800] "GET / HTTP/1.1" 200 20319 "https://www.tkjh.ilc.edu.tw/" "Mozilla/5.0 (Windows NT 10.0; Win64; x64) AppleWebKit/537.36 (KHTML, like Gecko) Chrome/151.0.0.0 Safari/537.36"
66.249.79.200 - - [17/Aug/2026:15:34:26 +0800] "GET / HTTP/1.1" 301 937 "-" "Mozilla/5.0 (compatible; Googlebot/2.1; +http://www.google.com/bot.html)"
211.22.184.58 - - [17/Aug/2026:15:34:27 +0800] "HEAD /1003/feed/ HTTP/1.1" 200 5453 "-" "Mozilla/5.0 (Windows NT 6.1) AppleWebKit/538.1 (KHTML, like Gecko) QuiteRSS/0.18.12 Safari/538.1"
66.249.71.64 - - [17/Aug/2026:15:34:27 +0800] "GET /12/author/rainlan/feed/ HTTP/1.1" 200 6820 "-" "Mozilla/5.0 (Linux; Android 6.0.1; Nexus 5X Build/MMB29P) AppleWebKit/537.36 (KHTML, like Gecko) Chrome/150.0.7871.186 Mobile Safari/537.36 (compatible; Googlebot/2.1; +http://www.google.com/bot.html)"
117.56.213.48 - - [17/Aug/2026:15:34:28 +0800] "-" 408 4802 "-" "-"
66.249.71.64 - - [17/Aug/2026:15:34:29 +0800] "GET /57/2010/09/21/0920%E7%A0%94%E7%BF%92%E8%AC%9B%E7%BE%A9_97%E8%AA%B2%E7%B6%B1%E5%BE%AE%E8%AA%BF/ HTTP/1.1" 200 10704 "-" "Mozilla/5.0 (Linux; Android 6.0.1; Nexus 5X Build/MMB29P) AppleWebKit/537.36 (KHTML, like Gecko) Chrome/150.0.7871.186 Mobile Safari/537.36 (compatible; Googlebot/2.1; +http://www.google.com/bot.html)"
::1 - - [17/Aug/2026:15:34:29 +0800] "OPTIONS * HTTP/1.0" 200 110 "-" "Apache/2.4.68 (Ubuntu) OpenSSL/3.0.19 (internal dummy connection)"
140.111.67.10 - - [17/Aug/2026:15:34:30 +0800] "GET /" 301 273 "-" "-"
66.249.68.200 - - [17/Aug/2026:15:34:30 +0800] "GET /12/2010/09/21/%E5%AE%89%E9%81%94%E9%AD%AF%E8%A5%BF%E4%BA%9E%E8%99%9F-%E5%AE%9C%E8%98%AD%E8%A1%8C/ HTTP/1.1" 200 15577 "-" "Mozilla/5.0 (Linux; Android 6.0.1; Nexus 5X Build/MMB29P) AppleWebKit/537.36 (KHTML, like Gecko) Chrome/150.0.7871.186 Mobile Safari/537.36 (compatible; GoogleOther)"
2001:288:a201::66:125 - - [17/Aug/2026:15:34:30 +0800] "GET /blog/active.php HTTP/1.1" 301 1026 "-" "-"
2001:288:a201::66:125 - - [17/Aug/2026:15:34:30 +0800] "GET /blog/active.php HTTP/1.1" 404 1084 "-" "-"
66.249.71.168 - - [17/Aug/2026:15:34:31 +0800] "GET / HTTP/1.1" 301 937 "-" "Mozilla/5.0 (Linux; Android 6.0.1; Nexus 5X Build/MMB29P) AppleWebKit/537.36 (KHTML, like Gecko) Chrome/99.0.4844.84 Mobile Safari/537.36 (compatible; Googlebot/2.1; +http://www.google.com/bot.html)"
66.249.79.198 - - [17/Aug/2026:15:34:32 +0800] "GET / HTTP/1.1" 200 23379 "-" "Mozilla/5.0 (compatible; Googlebot/2.1; +http://www.google.com/bot.html)"
::1 - - [17/Aug/2026:15:34:32 +0800] "OPTIONS * HTTP/1.0" 200 110 "-" "Apache/2.4.68 (Ubuntu) OpenSSL/3.0.19 (internal dummy connection)"
66.249.71.64 - - [17/Aug/2026:15:34:33 +0800] "POST /12/wp-json/ilc-summary/v1/popular-posts HTTP/1.1" 201 6050 "https://2blog.ilc.edu.tw/12/2010/09/21/%E5%AE%89%E9%81%94%E9%AD%AF%E8%A5%BF%E4%BA%9E%E8%99%9F-%E5%AE%9C%E8%98%AD%E8%A1%8C/" "Mozilla/5.0 (Linux; Android 6.0.1; Nexus 5X Build/MMB29P) AppleWebKit/537.36 (KHTML, like Gecko) Chrome/150.0.7871.186 Mobile Safari/537.36 (compatible; GoogleOther)"
::1 - - [17/Aug/2026:15:34:33 +0800] "OPTIONS * HTTP/1.0" 200 110 "-" "Apache/2.4.68 (Ubuntu) OpenSSL/3.0.19 (internal dummy connection)"
66.249.71.166 - - [17/Aug/2026:15:34:34 +0800] "GET / HTTP/1.1" 200 23379 "-" "Mozilla/5.0 (Linux; Android 6.0.1; Nexus 5X Build/MMB29P) AppleWebKit/537.36 (KHTML, like Gecko) Chrome/99.0.4844.84 Mobile Safari/537.36 (compatible; Googlebot/2.1; +http://www.google.com/bot.html)"
2001:4860:7:b10::f8 - - [17/Aug/2026:15:34:33 +0800] "GET /1003/2014/08/28/%E5%B0%8F%E4%B8%80%E9%96%8B%E5%AD%B8%E5%80%92%E6%95%B8%E7%AC%AC%E5%9B%9B%E5%A4%A9%E9%96%8B%E5%AD%B8%E7%AC%AC%E4%B8%80%E5%A4%A9%E6%B5%81%E7%A8%8B/ HTTP/1.1" 200 21770 "https://www.google.com/" "Mozilla/5.0 (Windows NT 10.0; Win64; x64) AppleWebKit/537.36 (KHTML, like Gecko) Chrome/151.0.0.0 Safari/537.36"
140.111.67.10 - - [17/Aug/2026:15:34:35 +0800] "GET /" 301 273 "-" "-"
66.249.79.198 - - [17/Aug/2026:15:34:35 +0800] "GET /wp-includes/js/jquery/ui/core.min.js HTTP/1.1" 200 12775 "https://www.cges.ilc.edu.tw/" "Mozilla/5.0 AppleWebKit/537.36 (KHTML, like Gecko; compatible; Googlebot/2.1; +http://www.google.com/bot.html) Chrome/151.0.7922.108 Safari/537.36"
2001:288:a201::66:125 - - [17/Aug/2026:15:34:35 +0800] "GET /blog/active.php HTTP/1.1" 301 1026 "-" "-"
2001:288:a201::66:125 - - [17/Aug/2026:15:34:35 +0800] "GET /blog/active.php HTTP/1.1" 404 1084 "-" "-"
66.249.79.198 - - [17/Aug/2026:15:34:36 +0800] "GET /wp-content/plugins/elementor-pro/assets/js/elements-handlers.min.js HTTP/1.1" 200 10882 "https://www.cges.ilc.edu.tw/" "Mozilla/5.0 (Linux; Android 6.0.1; Nexus 5X Build/MMB29P) AppleWebKit/537.36 (KHTML, like Gecko) Chrome/151.0.7922.108 Mobile Safari/537.36 (compatible; Googlebot/2.1; +http://www.google.com/bot.html)"
::1 - - [17/Aug/2026:15:34:36 +0800] "OPTIONS * HTTP/1.0" 200 110 "-" "Apache/2.4.68 (Ubuntu) OpenSSL/3.0.19 (internal dummy connection)"
2001:288:a221:1:51c0:6417:c4fe:92fa - - [17/Aug/2026:15:34:37 +0800] "GET / HTTP/1.1" 200 21194 "-" "Mozilla/5.0 (Windows NT 10.0; Win64; x64) AppleWebKit/537.36 (KHTML, like Gecko) Chrome/150.0.0.0 Safari/537.36"
2001:288:a221:1:51c0:6417:c4fe:92fa - - [17/Aug/2026:15:34:37 +0800] "GET /wp-content/uploads/sites/1983/2026/03/648290433_1480268493886085_2973398921430553808_n_0-700x400.jpg HTTP/1.1" 304 790 "https://www.ltes.ilc.edu.tw/" "Mozilla/5.0 (Windows NT 10.0; Win64; x64) AppleWebKit/537.36 (KHTML, like Gecko) Chrome/150.0.0.0 Safari/537.36"
2001:288:a221:1:51c0:6417:c4fe:92fa - - [17/Aug/2026:15:34:37 +0800] "GET /wp-content/uploads/sites/1983/2026/03/%E8%8F%B8%E5%AE%B3%E5%AE%A3%E5%B0%8E04-700x400.png HTTP/1.1" 304 790 "https://www.ltes.ilc.edu.tw/" "Mozilla/5.0 (Windows NT 10.0; Win64; x64) AppleWebKit/537.36 (KHTML, like Gecko) Chrome/150.0.0.0 Safari/537.36"
2001:288:a221:1:51c0:6417:c4fe:92fa - - [17/Aug/2026:15:34:37 +0800] "GET /wp-content/uploads/sites/1983/2026/03/%E8%8F%B8%E5%AE%B3%E5%AE%A3%E5%B0%8E05-700x400.png HTTP/1.1" 304 790 "https://www.ltes.ilc.edu.tw/" "Mozilla/5.0 (Windows NT 10.0; Win64; x64) AppleWebKit/537.36 (KHTML, like Gecko) Chrome/150.0.0.0 Safari/537.36"
2001:288:a221:1:51c0:6417:c4fe:92fa - - [17/Aug/2026:15:34:37 +0800] "GET /wp-content/cache/www.ltes.ilc.edu.tw/wpfc-minified/1dmocsc8/5py9h.css HTTP/1.1" 304 790 "https://www.ltes.ilc.edu.tw/" "Mozilla/5.0 (Windows NT 10.0; Win64; x64) AppleWebKit/537.36 (KHTML, like Gecko) Chrome/150.0.0.0 Safari/537.36"
2001:288:a221:1:51c0:6417:c4fe:92fa - - [17/Aug/2026:15:34:37 +0800] "GET /wp-content/uploads/sites/1983/2025/11/%E5%B0%8F%E7%B4%85%E6%9B%B8%E5%B0%88%E5%8D%80-300-x-100-%E5%83%8F%E7%B4%A0.png HTTP/1.1" 304 790 "https://www.ltes.ilc.edu.tw/" "Mozilla/5.0 (Windows NT 10.0; Win64; x64) AppleWebKit/537.36 (KHTML, like Gecko) Chrome/150.0.0.0 Safari/537.36"
2001:288:a221:1:51c0:6417:c4fe:92fa - - [17/Aug/2026:15:34:38 +0800] "GET /wp-content/uploads/sites/1983/2026/05/%E5%AE%9C%E8%98%AD%E7%B8%A3%E9%BE%8D%E6%BD%AD%E5%9C%8B%E5%B0%8F%E6%9A%91%E6%9C%9F%E8%8B%B1%E8%AA%9E%E7%87%9F%E6%B5%B7%E5%A0%B103-700x400.png HTTP/1.1" 304 790 "https://www.ltes.ilc.edu.tw/" "Mozilla/5.0 (Windows NT 10.0; Win64; x64) AppleWebKit/537.36 (KHTML, like Gecko) Chrome/150.0.0.0 Safari/537.36"
140.111.67.10 - - [17/Aug/2026:15:34:40 +0800] "GET /" 301 273 "-" "-"
2001:288:a201::66:125 - - [17/Aug/2026:15:34:40 +0800] "GET /blog/active.php HTTP/1.1" 301 1026 "-" "-"
2001:288:a201::66:125 - - [17/Aug/2026:15:34:40 +0800] "GET /blog/active.php HTTP/1.1" 404 1084 "-" "-"
2001:288:a221:1:51c0:6417:c4fe:92fa - - [17/Aug/2026:15:34:41 +0800] "GET /wp-content/uploads/sites/1983/2020/08/cropped-%E9%BE%8D%E6%BD%ADLOGO-%E7%BE%A4-%E8%BD%89%E6%8F%9B-32x32.png HTTP/1.1" 200 2037 "https://www.ltes.ilc.edu.tw/" "Mozilla/5.0 (Windows NT 10.0; Win64; x64) AppleWebKit/537.36 (KHTML, like Gecko) Chrome/150.0.0.0 Safari/537.36"
66.249.71.64 - - [17/Aug/2026:15:34:44 +0800] "POST /12/wp-json/ilc-summary/v1/popular-posts HTTP/1.1" 201 6050 "https://2blog.ilc.edu.tw/12/2010/04/26/4-26%E7%A4%BE%E6%9C%83%E7%A7%91%E9%A0%98%E5%9F%9F%E5%AD%B8%E7%BF%92%E5%B0%8F%E7%B5%84%E9%A0%AD%E5%9F%8E%E5%9C%8B%E4%B8%AD%E8%A8%AA%E8%A6%96/" "Mozilla/5.0 (Linux; Android 6.0.1; Nexus 5X Build/MMB29P) AppleWebKit/537.36 (KHTML, like Gecko) Chrome/150.0.7871.186 Mobile Safari/537.36 (compatible; Googlebot/2.1; +http://www.google.com/bot.html)"
2001:288:a221:1:51c0:6417:c4fe:92fa - - [17/Aug/2026:15:34:44 +0800] "GET /wp-content/uploads/sites/1983/2026/03/%E4%B8%BB%E8%A8%880324.2-700x400.png HTTP/1.1" 304 790 "https://www.ltes.ilc.edu.tw/" "Mozilla/5.0 (Windows NT 10.0; Win64; x64) AppleWebKit/537.36 (KHTML, like Gecko) Chrome/150.0.0.0 Safari/537.36"
2401:e180:8d50:fa8a:b1f9:da15:e2b4:4dd0 - - [17/Aug/2026:15:34:44 +0800] "GET / HTTP/1.1" 200 17083 "https://tw.search.yahoo.com/" "Mozilla/5.0 (iPhone; CPU iPhone OS 18_7 like Mac OS X) AppleWebKit/605.1.15 (KHTML, like Gecko) Version/26.5 Mobile/15E148 Safari/604.1"
2401:e180:8d50:fa8a:b1f9:da15:e2b4:4dd0 - - [17/Aug/2026:15:34:44 +0800] "GET /wp-content/cache/www.ghjh.ilc.edu.tw/wpfc-minified/9a7r7kpk/6vxl.css HTTP/1.1" 200 40894 "https://www.ghjh.ilc.edu.tw/" "Mozilla/5.0 (iPhone; CPU iPhone OS 18_7 like Mac OS X) AppleWebKit/605.1.15 (KHTML, like Gecko) Version/26.5 Mobile/15E148 Safari/604.1"
2401:e180:8d50:fa8a:b1f9:da15:e2b4:4dd0 - - [17/Aug/2026:15:34:44 +0800] "GET /wp-content/cache/www.ghjh.ilc.edu.tw/wpfc-minified/qgo2hbb/6vxl.css HTTP/1.1" 200 5962 "https://www.ghjh.ilc.edu.tw/" "Mozilla/5.0 (iPhone; CPU iPhone OS 18_7 like Mac OS X) AppleWebKit/605.1.15 (KHTML, like Gecko) Version/26.5 Mobile/15E148 Safari/604.1"
2401:e180:8d50:fa8a:b1f9:da15:e2b4:4dd0 - - [17/Aug/2026:15:34:44 +0800] "GET /wp-content/cache/www.ghjh.ilc.edu.tw/wpfc-minified/eenfdh94/6vxl.css HTTP/1.1" 200 20587 "https://www.ghjh.ilc.edu.tw/" "Mozilla/5.0 (iPhone; CPU iPhone OS 18_7 like Mac OS X) AppleWebKit/605.1.15 (KHTML, like Gecko) Version/26.5 Mobile/15E148 Safari/604.1"
2401:e180:8d50:fa8a:b1f9:da15:e2b4:4dd0 - - [17/Aug/2026:15:34:44 +0800] "GET /wp-content/cache/www.ghjh.ilc.edu.tw/wpfc-minified/7z1v8m27/6vxl.js HTTP/1.1" 200 8254 "https://www.ghjh.ilc.edu.tw/" "Mozilla/5.0 (iPhone; CPU iPhone OS 18_7 like Mac OS X) AppleWebKit/605.1.15 (KHTML, like Gecko) Version/26.5 Mobile/15E148 Safari/604.1"
2401:e180:8d50:fa8a:b1f9:da15:e2b4:4dd0 - - [17/Aug/2026:15:34:44 +0800] "GET /wp-content/cache/www.ghjh.ilc.edu.tw/wpfc-minified/d6oxvho1/6vxl.js HTTP/1.1" 200 40360 "https://www.ghjh.ilc.edu.tw/" "Mozilla/5.0 (iPhone; CPU iPhone OS 18_7 like Mac OS X) AppleWebKit/605.1.15 (KHTML, like Gecko) Version/26.5 Mobile/15E148 Safari/604.1"
2401:e180:8d50:fa8a:b1f9:da15:e2b4:4dd0 - - [17/Aug/2026:15:34:44 +0800] "GET /wp-content/cache/www.ghjh.ilc.edu.tw/wpfc-minified/fqg4yllu/6vxl.css HTTP/1.1" 200 67589 "https://www.ghjh.ilc.edu.tw/" "Mozilla/5.0 (iPhone; CPU iPhone OS 18_7 like Mac OS X) AppleWebKit/605.1.15 (KHTML, like Gecko) Version/26.5 Mobile/15E148 Safari/604.1"
2401:e180:8d50:fa8a:b1f9:da15:e2b4:4dd0 - - [17/Aug/2026:15:34:44 +0800] "GET /wp-includes/js/hoverintent-js.min.js HTTP/1.1" 200 1597 "https://www.ghjh.ilc.edu.tw/" "Mozilla/5.0 (iPhone; CPU iPhone OS 18_7 like Mac OS X) AppleWebKit/605.1.15 (KHTML, like Gecko) Version/26.5 Mobile/15E148 Safari/604.1"
2401:e180:8d50:fa8a:b1f9:da15:e2b4:4dd0 - - [17/Aug/2026:15:34:44 +0800] "GET /wp-includes/js/admin-bar.min.js HTTP/1.1" 200 2237 "https://www.ghjh.ilc.edu.tw/" "Mozilla/5.0 (iPhone; CPU iPhone OS 18_7 like Mac OS X) AppleWebKit/605.1.15 (KHTML, like Gecko) Version/26.5 Mobile/15E148 Safari/604.1"
2401:e180:8d50:fa8a:b1f9:da15:e2b4:4dd0 - - [17/Aug/2026:15:34:44 +0800] "GET /wp-includes/js/imagesloaded.min.js HTTP/1.1" 200 2683 "https://www.ghjh.ilc.edu.tw/" "Mozilla/5.0 (iPhone; CPU iPhone OS 18_7 like Mac OS X) AppleWebKit/605.1.15 (KHTML, like Gecko) Version/26.5 Mobile/15E148 Safari/604.1"
2401:e180:8d50:fa8a:b1f9:da15:e2b4:4dd0 - - [17/Aug/2026:15:34:44 +0800] "GET /wp-content/themes/oceanwp/assets/js/theme.min.js HTTP/1.1" 200 5130 "https://www.ghjh.ilc.edu.tw/" "Mozilla/5.0 (iPhone; CPU iPhone OS 18_7 like Mac OS X) AppleWebKit/605.1.15 (KHTML, like Gecko) Version/26.5 Mobile/15E148 Safari/604.1"
2401:e180:8d50:fa8a:b1f9:da15:e2b4:4dd0 - - [17/Aug/2026:15:34:45 +0800] "GET /wp-content/themes/oceanwp/assets/js/full-screen-menu.min.js HTTP/1.1" 200 4064 "https://www.ghjh.ilc.edu.tw/" "Mozilla/5.0 (iPhone; CPU iPhone OS 18_7 like Mac OS X) AppleWebKit/605.1.15 (KHTML, like Gecko) Version/26.5 Mobile/15E148 Safari/604.1"
2401:e180:8d50:fa8a:b1f9:da15:e2b4:4dd0 - - [17/Aug/2026:15:34:45 +0800] "GET /wp-content/themes/oceanwp/assets/js/drop-down-mobile-menu.min.js HTTP/1.1" 200 4663 "https://www.ghjh.ilc.edu.tw/" "Mozilla/5.0 (iPhone; CPU iPhone OS 18_7 like Mac OS X) AppleWebKit/605.1.15 (KHTML, like Gecko) Version/26.5 Mobile/15E148 Safari/604.1"
2401:e180:8d50:fa8a:b1f9:da15:e2b4:4dd0 - - [17/Aug/2026:15:34:45 +0800] "GET /wp-content/themes/oceanwp/assets/js/drop-down-search.min.js HTTP/1.1" 200 2968 "https://www.ghjh.ilc.edu.tw/" "Mozilla/5.0 (iPhone; CPU iPhone OS 18_7 like Mac OS X) AppleWebKit/605.1.15 (KHTML, like Gecko) Version/26.5 Mobile/15E148 Safari/604.1"
2401:e180:8d50:fa8a:b1f9:da15:e2b4:4dd0 - - [17/Aug/2026:15:34:45 +0800] "GET /wp-content/themes/oceanwp/assets/js/vendors/magnific-popup.min.js HTTP/1.1" 200 8270 "https://www.ghjh.ilc.edu.tw/" "Mozilla/5.0 (iPhone; CPU iPhone OS 18_7 like Mac OS X) AppleWebKit/605.1.15 (KHTML, like Gecko) Version/26.5 Mobile/15E148 Safari/604.1"
2401:e180:8d50:fa8a:b1f9:da15:e2b4:4dd0 - - [17/Aug/2026:15:34:45 +0800] "GET /wp-content/themes/oceanwp/assets/js/ow-lightbox.min.js HTTP/1.1" 200 2321 "https://www.ghjh.ilc.edu.tw/" "Mozilla/5.0 (iPhone; CPU iPhone OS 18_7 like Mac OS X) AppleWebKit/605.1.15 (KHTML, like Gecko) Version/26.5 Mobile/15E148 Safari/604.1"
2401:e180:8d50:fa8a:b1f9:da15:e2b4:4dd0 - - [17/Aug/2026:15:34:45 +0800] "GET /wp-content/themes/oceanwp/assets/js/vendors/flickity.pkgd.min.js HTTP/1.1" 200 15048 "https://www.ghjh.ilc.edu.tw/" "Mozilla/5.0 (iPhone; CPU iPhone OS 18_7 like Mac OS X) AppleWebKit/605.1.15 (KHTML, like Gecko) Version/26.5 Mobile/15E148 Safari/604.1"
2401:e180:8d50:fa8a:b1f9:da15:e2b4:4dd0 - - [17/Aug/2026:15:34:45 +0800] "GET /wp-content/themes/oceanwp/assets/js/ow-slider.min.js HTTP/1.1" 200 1761 "https://www.ghjh.ilc.edu.tw/" "Mozilla/5.0 (iPhone; CPU iPhone OS 18_7 like Mac OS X) AppleWebKit/605.1.15 (KHTML, like Gecko) Version/26.5 Mobile/15E148 Safari/604.1"
2401:e180:8d50:fa8a:b1f9:da15:e2b4:4dd0 - - [17/Aug/2026:15:34:45 +0800] "GET /wp-content/themes/oceanwp/assets/js/scroll-effect.min.js HTTP/1.1" 200 4127 "https://www.ghjh.ilc.edu.tw/" "Mozilla/5.0 (iPhone; CPU iPhone OS 18_7 like Mac OS X) AppleWebKit/605.1.15 (KHTML, like Gecko) Version/26.5 Mobile/15E148 Safari/604.1"
2401:e180:8d50:fa8a:b1f9:da15:e2b4:4dd0 - - [17/Aug/2026:15:34:45 +0800] "GET /wp-content/themes/oceanwp/assets/js/scroll-top.min.js HTTP/1.1" 200 3202 "https://www.ghjh.ilc.edu.tw/" "Mozilla/5.0 (iPhone; CPU iPhone OS 18_7 like Mac OS X) AppleWebKit/605.1.15 (KHTML, like Gecko) Version/26.5 Mobile/15E148 Safari/604.1"
2401:e180:8d50:fa8a:b1f9:da15:e2b4:4dd0 - - [17/Aug/2026:15:34:45 +0800] "GET /wp-content/themes/oceanwp/assets/js/select.min.js HTTP/1.1" 200 2408 "https://www.ghjh.ilc.edu.tw/" "Mozilla/5.0 (iPhone; CPU iPhone OS 18_7 like Mac OS X) AppleWebKit/605.1.15 (KHTML, like Gecko) Version/26.5 Mobile/15E148 Safari/604.1"
2401:e180:8d50:fa8a:b1f9:da15:e2b4:4dd0 - - [17/Aug/2026:15:34:45 +0800] "GET /wp-content/plugins/ocean-extra/includes/widgets/js/flickr.min.js HTTP/1.1" 200 1319 "https://www.ghjh.ilc.edu.tw/" "Mozilla/5.0 (iPhone; CPU iPhone OS 18_7 like Mac OS X) AppleWebKit/605.1.15 (KHTML, like Gecko) Version/26.5 Mobile/15E148 Safari/604.1"
2401:e180:8d50:fa8a:b1f9:da15:e2b4:4dd0 - - [17/Aug/2026:15:34:45 +0800] "GET /wp-content/uploads/sites/3157/2021/04/m1_01t02.png HTTP/1.1" 200 11116 "https://www.ghjh.ilc.edu.tw/" "Mozilla/5.0 (iPhone; CPU iPhone OS 18_7 like Mac OS X) AppleWebKit/605.1.15 (KHTML, like Gecko) Version/26.5 Mobile/15E148 Safari/604.1"
2401:e180:8d50:fa8a:b1f9:da15:e2b4:4dd0 - - [17/Aug/2026:15:34:45 +0800] "GET /wp-content/uploads/sites/3157/2021/04/m1_01t01.png HTTP/1.1" 200 12702 "https://www.ghjh.ilc.edu.tw/" "Mozilla/5.0 (iPhone; CPU iPhone OS 18_7 like Mac OS X) AppleWebKit/605.1.15 (KHTML, like Gecko) Version/26.5 Mobile/15E148 Safari/604.1"
2401:e180:8d50:fa8a:b1f9:da15:e2b4:4dd0 - - [17/Aug/2026:15:34:45 +0800] "GET /wp-content/themes/oceanwp/assets/fonts/simple-line-icons/Simple-Line-Icons.woff2?v=2.4.0 HTTP/1.1" 200 30959 "https://www.ghjh.ilc.edu.tw/" "Mozilla/5.0 (iPhone; CPU iPhone OS 18_7 like Mac OS X) AppleWebKit/605.1.15 (KHTML, like Gecko) Version/26.5 Mobile/15E148 Safari/604.1"
2401:e180:8d50:fa8a:b1f9:da15:e2b4:4dd0 - - [17/Aug/2026:15:34:45 +0800] "GET /wp-content/uploads/sites/3157/2021/04/cropped-ghjh01.jpg HTTP/1.1" 200 93335 "https://www.ghjh.ilc.edu.tw/" "Mozilla/5.0 (iPhone; CPU iPhone OS 18_7 like Mac OS X) AppleWebKit/605.1.15 (KHTML, like Gecko) Version/26.5 Mobile/15E148 Safari/604.1"
2401:e180:8d50:fa8a:b1f9:da15:e2b4:4dd0 - - [17/Aug/2026:15:34:45 +0800] "GET /wp-content/themes/oceanwp/assets/fonts/fontawesome/webfonts/fa-solid-900.woff2 HTTP/1.1" 200 151246 "https://www.ghjh.ilc.edu.tw/" "Mozilla/5.0 (iPhone; CPU iPhone OS 18_7 like Mac OS X) AppleWebKit/605.1.15 (KHTML, like Gecko) Version/26.5 Mobile/15E148 Safari/604.1"
60.250.88.181 - - [17/Aug/2026:15:34:45 +0800] "-" 408 4796 "-" "-"
140.111.67.10 - - [17/Aug/2026:15:34:45 +0800] "GET /" 301 273 "-" "-"
2001:288:a201::66:125 - - [17/Aug/2026:15:34:45 +0800] "GET /blog/active.php HTTP/1.1" 404 1084 "-" "-"
2001:288:a201::66:125 - - [17/Aug/2026:15:34:45 +0800] "GET /blog/active.php HTTP/1.1" 301 1026 "-" "-"
2001:b400:e2dc:4608:cc44:ec05:cd9e:7db4 - - [17/Aug/2026:15:34:46 +0800] "-" 408 4796 "-" "-"
2001:288:a221:1:51c0:6417:c4fe:92fa - - [17/Aug/2026:15:34:47 +0800] "GET /wp-content/uploads/sites/1983/2026/05/%E5%8F%8D%E6%AF%92%E6%A9%AB%E5%BC%8F-700x400.png HTTP/1.1" 304 790 "https://www.ltes.ilc.edu.tw/" "Mozilla/5.0 (Windows NT 10.0; Win64; x64) AppleWebKit/537.36 (KHTML, like Gecko) Chrome/150.0.0.0 Safari/537.36"
2401:e180:8d50:fa8a:b1f9:da15:e2b4:4dd0 - - [17/Aug/2026:15:34:47 +0800] "GET /wp-content/uploads/sites/3157/2021/04/cropped-ghjhnew02-32x32.png HTTP/1.1" 200 8214 "https://www.ghjh.ilc.edu.tw/" "Mozilla/5.0 (iPhone; CPU iPhone OS 18_7 like Mac OS X) AppleWebKit/605.1.15 (KHTML, like Gecko) Version/26.5 Mobile/15E148 Safari/604.1"
2401:e180:8d50:fa8a:b1f9:da15:e2b4:4dd0 - - [17/Aug/2026:15:34:47 +0800] "GET /wp-content/uploads/sites/3157/2021/04/cropped-ghjhnew02-192x192.png HTTP/1.1" 200 55200 "https://www.ghjh.ilc.edu.tw/" "Mozilla/5.0 (iPhone; CPU iPhone OS 18_7 like Mac OS X) AppleWebKit/605.1.15 (KHTML, like Gecko) Version/26.5 Mobile/15E148 Safari/604.1"
2001:b011:7800:fdd0:11b8:1bb9:c7fb:f4bf - - [17/Aug/2026:15:34:48 +0800] "-" 408 4801 "-" "-"
140.111.67.10 - - [17/Aug/2026:15:34:50 +0800] "GET /" 301 273 "-" "-"
2001:288:a221:1:51c0:6417:c4fe:92fa - - [17/Aug/2026:15:34:50 +0800] "GET /wp-content/uploads/sites/1983/2026/05/%E5%8F%8D%E6%AF%92%E6%A9%AB%E5%BC%8F02-700x400.png HTTP/1.1" 304 790 "https://www.ltes.ilc.edu.tw/" "Mozilla/5.0 (Windows NT 10.0; Win64; x64) AppleWebKit/537.36 (KHTML, like Gecko) Chrome/150.0.0.0 Safari/537.36"
::1 - - [17/Aug/2026:15:34:50 +0800] "OPTIONS * HTTP/1.0" 200 110 "-" "Apache/2.4.68 (Ubuntu) OpenSSL/3.0.19 (internal dummy connection)"
2001:288:a201::66:125 - - [17/Aug/2026:15:34:50 +0800] "GET /blog/active.php HTTP/1.1" 301 1026 "-" "-"
2001:288:a201::66:125 - - [17/Aug/2026:15:34:50 +0800] "GET /blog/active.php HTTP/1.1" 404 1084 "-" "-"
2402:7500:5fb:ca19:8ca0:3b7e:8384:71ab - - [17/Aug/2026:15:34:51 +0800] "GET /wp-content/uploads/sites/3846/2026/02/%E9%81%BF%E5%85%8D%E8%AA%A4%E5%85%A5%E8%A9%90%E9%A8%99%E7%B6%B2%E7%AB%99APP%E5%B0%8F%E5%B8%B8%E8%AD%98.jpg HTTP/1.1" 200 459624 "https://it.ilc.edu.tw/" "Mozilla/5.0 (iPhone; CPU iPhone OS 26_2_1 like Mac OS X) AppleWebKit/605.1.15 (KHTML, like Gecko) CriOS/152.0.7977.40 Mobile/15E148 Safari/604.1"
2402:7500:5fb:ca19:8ca0:3b7e:8384:71ab - - [17/Aug/2026:15:34:51 +0800] "GET /wp-content/uploads/sites/3846/2026/06/%E5%AE%A3%E5%82%B3%E5%9C%96%E7%89%87.png HTTP/1.1" 200 1053112 "https://it.ilc.edu.tw/" "Mozilla/5.0 (iPhone; CPU iPhone OS 26_2_1 like Mac OS X) AppleWebKit/605.1.15 (KHTML, like Gecko) CriOS/152.0.7977.40 Mobile/15E148 Safari/604.1"
2402:7500:5fb:ca19:8ca0:3b7e:8384:71ab - - [17/Aug/2026:15:34:51 +0800] "GET /wp-content/uploads/sites/3846/2026/06/2026%E5%AE%9C%E8%98%AD%E7%98%8B%E5%AD%B8%E7%BF%92-%E6%9A%91%E5%81%87_%E6%95%99%E8%82%B2%E8%99%95%E9%A6%96%E9%A0%81-1440-x-1080-%E5%83%8F%E7%B4%A0.png HTTP/1.1" 200 2050723 "https://it.ilc.edu.tw/" "Mozilla/5.0 (iPhone; CPU iPhone OS 26_2_1 like Mac OS X) AppleWebKit/605.1.15 (KHTML, like Gecko) CriOS/152.0.7977.40 Mobile/15E148 Safari/604.1"
1.169.63.89 - - [17/Aug/2026:15:34:52 +0800] "GET / HTTP/1.1" 200 22308 "-" "Mozilla/5.0 (iPhone; CPU iPhone OS 18_7 like Mac OS X) AppleWebKit/605.1.15 (KHTML, like Gecko) Mobile/15E148 Safari Line/26.12.1"
1.169.63.89 - - [17/Aug/2026:15:34:52 +0800] "GET /wp-content/cache/www.lmes.ilc.edu.tw/wpfc-minified/7ntj1xq1/6vyc.css HTTP/1.1" 304 5591 "https://www.lmes.ilc.edu.tw/" "Mozilla/5.0 (iPhone; CPU iPhone OS 18_7 like Mac OS X) AppleWebKit/605.1.15 (KHTML, like Gecko) Mobile/15E148 Safari Line/26.12.1"
1.169.63.89 - - [17/Aug/2026:15:34:52 +0800] "GET /wp-content/uploads/sites/1155/elementor/css/post-216.css HTTP/1.1" 304 5591 "https://www.lmes.ilc.edu.tw/" "Mozilla/5.0 (iPhone; CPU iPhone OS 18_7 like Mac OS X) AppleWebKit/605.1.15 (KHTML, like Gecko) Mobile/15E148 Safari Line/26.12.1"
1.169.63.89 - - [17/Aug/2026:15:34:52 +0800] "GET /wp-content/cache/www.lmes.ilc.edu.tw/wpfc-minified/k9uw7qko/6vyd.js HTTP/1.1" 304 790 "https://www.lmes.ilc.edu.tw/" "Mozilla/5.0 (iPhone; CPU iPhone OS 18_7 like Mac OS X) AppleWebKit/605.1.15 (KHTML, like Gecko) Mobile/15E148 Safari Line/26.12.1"
1.169.63.89 - - [17/Aug/2026:15:34:52 +0800] "GET /wp-content/cache/www.lmes.ilc.edu.tw/wpfc-minified/dscr9o8c/6vyc.css HTTP/1.1" 304 790 "https://www.lmes.ilc.edu.tw/" "Mozilla/5.0 (iPhone; CPU iPhone OS 18_7 like Mac OS X) AppleWebKit/605.1.15 (KHTML, like Gecko) Mobile/15E148 Safari Line/26.12.1"
1.169.63.89 - - [17/Aug/2026:15:34:52 +0800] "GET /wp-content/themes/oceanwp/assets/js/theme.min.js HTTP/1.1" 304 790 "https://www.lmes.ilc.edu.tw/" "Mozilla/5.0 (iPhone; CPU iPhone OS 18_7 like Mac OS X) AppleWebKit/605.1.15 (KHTML, like Gecko) Mobile/15E148 Safari Line/26.12.1"
1.169.63.89 - - [17/Aug/2026:15:34:52 +0800] "GET /wp-content/themes/oceanwp/assets/js/drop-down-mobile-menu.min.js HTTP/1.1" 304 790 "https://www.lmes.ilc.edu.tw/" "Mozilla/5.0 (iPhone; CPU iPhone OS 18_7 like Mac OS X) AppleWebKit/605.1.15 (KHTML, like Gecko) Mobile/15E148 Safari Line/26.12.1"
1.169.63.89 - - [17/Aug/2026:15:34:52 +0800] "GET /wp-content/themes/oceanwp/assets/js/drop-down-search.min.js HTTP/1.1" 304 790 "https://www.lmes.ilc.edu.tw/" "Mozilla/5.0 (iPhone; CPU iPhone OS 18_7 like Mac OS X) AppleWebKit/605.1.15 (KHTML, like Gecko) Mobile/15E148 Safari Line/26.12.1"
1.169.63.89 - - [17/Aug/2026:15:34:52 +0800] "GET /wp-content/cache/www.lmes.ilc.edu.tw/wpfc-minified/eivubsp8/6vyc.css HTTP/1.1" 304 790 "https://www.lmes.ilc.edu.tw/" "Mozilla/5.0 (iPhone; CPU iPhone OS 18_7 like Mac OS X) AppleWebKit/605.1.15 (KHTML, like Gecko) Mobile/15E148 Safari Line/26.12.1"
1.169.63.89 - - [17/Aug/2026:15:34:52 +0800] "GET /wp-content/cache/www.lmes.ilc.edu.tw/wpfc-minified/d4c2i71s/6vyc.css HTTP/1.1" 304 5591 "https://www.lmes.ilc.edu.tw/" "Mozilla/5.0 (iPhone; CPU iPhone OS 18_7 like Mac OS X) AppleWebKit/605.1.15 (KHTML, like Gecko) Mobile/15E148 Safari Line/26.12.1"
1.169.63.89 - - [17/Aug/2026:15:34:52 +0800] "GET /wp-content/themes/oceanwp/assets/js/ow-slider.min.js HTTP/1.1" 304 790 "https://www.lmes.ilc.edu.tw/" "Mozilla/5.0 (iPhone; CPU iPhone OS 18_7 like Mac OS X) AppleWebKit/605.1.15 (KHTML, like Gecko) Mobile/15E148 Safari Line/26.12.1"
1.169.63.89 - - [17/Aug/2026:15:34:52 +0800] "GET /wp-content/themes/oceanwp/assets/js/ow-lightbox.min.js HTTP/1.1" 304 790 "https://www.lmes.ilc.edu.tw/" "Mozilla/5.0 (iPhone; CPU iPhone OS 18_7 like Mac OS X) AppleWebKit/605.1.15 (KHTML, like Gecko) Mobile/15E148 Safari Line/26.12.1"
1.169.63.89 - - [17/Aug/2026:15:34:52 +0800] "GET /wp-content/themes/oceanwp/assets/js/vendors/magnific-popup.min.js HTTP/1.1" 304 790 "https://www.lmes.ilc.edu.tw/" "Mozilla/5.0 (iPhone; CPU iPhone OS 18_7 like Mac OS X) AppleWebKit/605.1.15 (KHTML, like Gecko) Mobile/15E148 Safari Line/26.12.1"
1.169.63.89 - - [17/Aug/2026:15:34:52 +0800] "GET /wp-content/themes/oceanwp/assets/js/scroll-top.min.js HTTP/1.1" 304 790 "https://www.lmes.ilc.edu.tw/" "Mozilla/5.0 (iPhone; CPU iPhone OS 18_7 like Mac OS X) AppleWebKit/605.1.15 (KHTML, like Gecko) Mobile/15E148 Safari Line/26.12.1"
1.169.63.89 - - [17/Aug/2026:15:34:52 +0800] "GET /wp-content/themes/oceanwp/assets/js/scroll-effect.min.js HTTP/1.1" 304 790 "https://www.lmes.ilc.edu.tw/" "Mozilla/5.0 (iPhone; CPU iPhone OS 18_7 like Mac OS X) AppleWebKit/605.1.15 (KHTML, like Gecko) Mobile/15E148 Safari Line/26.12.1"
1.169.63.89 - - [17/Aug/2026:15:34:52 +0800] "GET /wp-content/themes/oceanwp/assets/js/select.min.js HTTP/1.1" 304 790 "https://www.lmes.ilc.edu.tw/" "Mozilla/5.0 (iPhone; CPU iPhone OS 18_7 like Mac OS X) AppleWebKit/605.1.15 (KHTML, like Gecko) Mobile/15E148 Safari Line/26.12.1"
1.169.63.89 - - [17/Aug/2026:15:34:52 +0800] "GET /wp-content/themes/oceanwp/assets/js/vendors/flickity.pkgd.min.js HTTP/1.1" 304 790 "https://www.lmes.ilc.edu.tw/" "Mozilla/5.0 (iPhone; CPU iPhone OS 18_7 like Mac OS X) AppleWebKit/605.1.15 (KHTML, like Gecko) Mobile/15E148 Safari Line/26.12.1"
1.169.63.89 - - [17/Aug/2026:15:34:52 +0800] "GET /wp-content/plugins/ocean-extra/includes/widgets/js/flickr.min.js HTTP/1.1" 304 790 "https://www.lmes.ilc.edu.tw/" "Mozilla/5.0 (iPhone; CPU iPhone OS 18_7 like Mac OS X) AppleWebKit/605.1.15 (KHTML, like Gecko) Mobile/15E148 Safari Line/26.12.1"
1.169.63.89 - - [17/Aug/2026:15:34:52 +0800] "GET /wp-content/themes/oceanwp/assets/fonts/fontawesome/webfonts/fa-solid-900.woff2 HTTP/1.1" 304 790 "https://www.lmes.ilc.edu.tw/" "Mozilla/5.0 (iPhone; CPU iPhone OS 18_7 like Mac OS X) AppleWebKit/605.1.15 (KHTML, like Gecko) Mobile/15E148 Safari Line/26.12.1"
1.169.63.89 - - [17/Aug/2026:15:34:52 +0800] "GET /css/tab-view.css HTTP/1.1" 404 46671 "https://www.lmes.ilc.edu.tw/" "Mozilla/5.0 (iPhone; CPU iPhone OS 18_7 like Mac OS X) AppleWebKit/605.1.15 (KHTML, like Gecko) Mobile/15E148 Safari Line/26.12.1"
1.169.63.89 - - [17/Aug/2026:15:34:52 +0800] "GET /wp-content/uploads/sites/1155/2024/10/cropped-%E9%BB%8E%E6%98%8E%E9%A6%96%E9%A0%81OK.png HTTP/1.1" 304 790 "https://www.lmes.ilc.edu.tw/" "Mozilla/5.0 (iPhone; CPU iPhone OS 18_7 like Mac OS X) AppleWebKit/605.1.15 (KHTML, like Gecko) Mobile/15E148 Safari Line/26.12.1"
1.169.63.89 - - [17/Aug/2026:15:34:52 +0800] "GET /js/ajax.js HTTP/1.1" 404 41870 "https://www.lmes.ilc.edu.tw/" "Mozilla/5.0 (iPhone; CPU iPhone OS 18_7 like Mac OS X) AppleWebKit/605.1.15 (KHTML, like Gecko) Mobile/15E148 Safari Line/26.12.1"
52.167.144.230 - - [17/Aug/2026:15:34:52 +0800] "GET /?s=%E5%8D%B0%E8%BE%A6%E8%AA%8D%E8%AD%89%E7%B3%BB%E7%B5%B1 HTTP/1.1" 200 20478 "-" "Mozilla/5.0 AppleWebKit/537.36 (KHTML, like Gecko; compatible; bingbot/2.0; +http://www.bing.com/bingbot.htm) Chrome/116.0.1938.76 Safari/537.36"
1.169.63.89 - - [17/Aug/2026:15:34:52 +0800] "GET /js/tab-view.js HTTP/1.1" 404 46671 "https://www.lmes.ilc.edu.tw/" "Mozilla/5.0 (iPhone; CPU iPhone OS 18_7 like Mac OS X) AppleWebKit/605.1.15 (KHTML, like Gecko) Mobile/15E148 Safari Line/26.12.1"
52.167.144.230 - - [17/Aug/2026:15:34:53 +0800] "GET /?s=%E6%97%A5%E6%9C%AC%E8%AA%9E%E6%95%99%E5%B8%AB%E3%80%80%E6%95%99%E5%8B%99%E4%B8%BB%E4%BB%BB HTTP/1.1" 200 15628 "-" "Mozilla/5.0 AppleWebKit/537.36 (KHTML, like Gecko; compatible; bingbot/2.0; +http://www.bing.com/bingbot.htm) Chrome/116.0.1938.76 Safari/537.36"
2001:288:a221:1:51c0:6417:c4fe:92fa - - [17/Aug/2026:15:34:53 +0800] "GET /wp-content/uploads/sites/1983/2026/05/%E9%BE%8D%E6%BD%AD%E5%9C%8B%E5%B0%8F%E6%9A%A8%E5%B9%BC%E5%85%92%E5%9C%92%E7%95%A2%E6%A5%AD%E5%85%B8%E7%A6%AE03-700x400.png HTTP/1.1" 304 790 "https://www.ltes.ilc.edu.tw/" "Mozilla/5.0 (Windows NT 10.0; Win64; x64) AppleWebKit/537.36 (KHTML, like Gecko) Chrome/150.0.0.0 Safari/537.36"
66.249.68.200 - - [17/Aug/2026:15:34:51 +0800] "POST /26150/wp-json/ilc-summary/v1/popular-posts HTTP/1.1" 201 6052 "https://2blog.ilc.edu.tw/26150/2021/09/24/%E5%85%A7%E6%94%BF%E9%83%A8%E7%A7%BB%E6%B0%91%E7%BD%B2%E8%BE%A6%E7%90%86110%E5%B9%B4%E3%80%8C%E6%96%B0%E4%BD%8F%E6%B0%91%E6%95%B8%E4%BD%8D%E6%87%89%E7%94%A8%E8%B3%87%E8%A8%8A%E8%A8%88%E7%95%AB-2/" "Mozilla/5.0 (Linux; Android 6.0.1; Nexus 5X Build/MMB29P) AppleWebKit/537.36 (KHTML, like Gecko) Chrome/150.0.7871.186 Mobile Safari/537.36 (compatible; Googlebot/2.1; +http://www.google.com/bot.html)"
52.167.144.230 - - [17/Aug/2026:15:34:53 +0800] "GET /?s=%E5%AE%9C%E8%98%AD%E5%A4%A7%E5%AD%B8 HTTP/1.1" 200 15575 "-" "Mozilla/5.0 AppleWebKit/537.36 (KHTML, like Gecko; compatible; bingbot/2.0; +http://www.bing.com/bingbot.htm) Chrome/116.0.1938.76 Safari/537.36"
