61.220.209.114 - - [17/Aug/2026:15:32:51 +0800] "GET /wp-content/uploads/sites/3846/2023/05/%E5%A6%82%E6%9E%9C%E9%9B%A8%E7%9F%A5%E9%81%93YT.jpg HTTP/1.1" 200 529331 "https://www.ilc.edu.tw/" "Mozilla/5.0 (Windows NT 10.0; Win64; x64) AppleWebKit/537.36 (KHTML, like Gecko) Chrome/151.0.0.0 Safari/537.36"
61.220.209.114 - - [17/Aug/2026:15:32:51 +0800] "GET /wp-content/uploads/sites/3846/2025/09/YT%E5%B0%81%E9%9D%A2-1.jpg HTTP/1.1" 200 173035 "https://www.ilc.edu.tw/" "Mozilla/5.0 (Windows NT 10.0; Win64; x64) AppleWebKit/537.36 (KHTML, like Gecko) Chrome/151.0.0.0 Safari/537.36"
140.111.131.172 - - [17/Aug/2026:15:32:51 +0800] "GET /wp-content/uploads/sites/890/2021/08/04_%E7%A2%BA%E8%AA%8D%E8%B3%87%E6%96%99.jpg HTTP/1.1" 200 128358 "https://www.yeses.ilc.edu.tw/2021/08/25/%e8%a8%bb%e5%86%8a%e5%bf%ab%e6%a8%82e%e5%ad%b8%e9%99%a2%e5%ae%9c%e8%98%ad%e7%b8%a3%e5%ad%b8%e7%94%9f%e6%ad%a5%e9%a9%9f%e8%aa%aa%e6%98%8e/" "Mozilla/5.0 (Windows NT 10.0; Win64; x64) AppleWebKit/537.36 (KHTML, like Gecko) Chrome/138.0.0.0 Safari/537.36"
61.220.209.114 - - [17/Aug/2026:15:32:51 +0800] "GET /wp-content/uploads/sites/3846/2023/05/%E9%A6%96%E9%A0%81%E5%B0%8F%E6%A8%99_%E6%B4%BB%E5%8B%95%E5%B0%88%E5%8D%80.png HTTP/1.1" 200 2545 "https://www.ilc.edu.tw/" "Mozilla/5.0 (Windows NT 10.0; Win64; x64) AppleWebKit/537.36 (KHTML, like Gecko) Chrome/151.0.0.0 Safari/537.36"
61.220.209.114 - - [17/Aug/2026:15:32:51 +0800] "GET /wp-content/uploads/sites/3846/2024/05/%E8%9E%A2%E5%B9%95%E6%93%B7%E5%8F%96%E7%95%AB%E9%9D%A2-2024-05-16-103456.png HTTP/1.1" 200 2702922 "https://www.ilc.edu.tw/" "Mozilla/5.0 (Windows NT 10.0; Win64; x64) AppleWebKit/537.36 (KHTML, like Gecko) Chrome/151.0.0.0 Safari/537.36"
61.220.209.114 - - [17/Aug/2026:15:32:51 +0800] "GET /wp-content/uploads/sites/3846/2023/05/%E6%95%B8%E4%BD%8D%E5%AD%B8%E7%BF%92%E6%94%AF%E6%8C%81%E5%B9%B3%E5%8F%B0-Banner.png HTTP/1.1" 200 16589 "https://www.ilc.edu.tw/" "Mozilla/5.0 (Windows NT 10.0; Win64; x64) AppleWebKit/537.36 (KHTML, like Gecko) Chrome/151.0.0.0 Safari/537.36"
61.220.209.114 - - [17/Aug/2026:15:32:51 +0800] "GET /wp-content/uploads/sites/3846/2024/01/%E7%A7%91%E6%8A%80%E9%A0%98%E5%9F%9F%E6%87%89%E7%94%A8%E7%AB%B6%E8%B3%BD.png HTTP/1.1" 200 20326 "https://www.ilc.edu.tw/" "Mozilla/5.0 (Windows NT 10.0; Win64; x64) AppleWebKit/537.36 (KHTML, like Gecko) Chrome/151.0.0.0 Safari/537.36"
61.220.209.114 - - [17/Aug/2026:15:32:51 +0800] "GET /wp-content/uploads/sites/3846/2023/05/%E6%94%BF%E7%AD%96%E6%A5%AD%E5%8B%99%E5%AE%A3%E5%B0%8E-banner.png HTTP/1.1" 200 19385 "https://www.ilc.edu.tw/" "Mozilla/5.0 (Windows NT 10.0; Win64; x64) AppleWebKit/537.36 (KHTML, like Gecko) Chrome/151.0.0.0 Safari/537.36"
61.220.209.114 - - [17/Aug/2026:15:32:51 +0800] "GET /wp-content/uploads/sites/3846/2024/04/%E5%AD%B8%E6%A0%A1%E7%94%A8%E5%9C%B0.png HTTP/1.1" 200 19801 "https://www.ilc.edu.tw/" "Mozilla/5.0 (Windows NT 10.0; Win64; x64) AppleWebKit/537.36 (KHTML, like Gecko) Chrome/151.0.0.0 Safari/537.36"
61.220.209.114 - - [17/Aug/2026:15:32:51 +0800] "GET /wp-content/uploads/sites/3846/2025/05/%E8%BC%AA%E6%92%AD%E5%9C%96%E8%AA%BF%E5%A4%A7%E5%B0%8F_%E6%95%99%E8%82%B2%E8%99%95%E5%B0%8Fbanner.png HTTP/1.1" 200 6660 "https://www.ilc.edu.tw/" "Mozilla/5.0 (Windows NT 10.0; Win64; x64) AppleWebKit/537.36 (KHTML, like Gecko) Chrome/151.0.0.0 Safari/537.36"
61.220.209.114 - - [17/Aug/2026:15:32:51 +0800] "GET /wp-content/uploads/sites/3846/2025/05/%E8%AA%9E%E6%96%87%E7%AB%B6%E8%B3%BD180X50.png HTTP/1.1" 200 10112 "https://www.ilc.edu.tw/" "Mozilla/5.0 (Windows NT 10.0; Win64; x64) AppleWebKit/537.36 (KHTML, like Gecko) Chrome/151.0.0.0 Safari/537.36"
61.220.209.114 - - [17/Aug/2026:15:32:51 +0800] "GET /wp-content/uploads/sites/3846/2023/05/%E8%88%9E%E8%B9%88%E6%AF%94%E8%B3%BD-banner.jpg HTTP/1.1" 200 9565 "https://www.ilc.edu.tw/" "Mozilla/5.0 (Windows NT 10.0; Win64; x64) AppleWebKit/537.36 (KHTML, like Gecko) Chrome/151.0.0.0 Safari/537.36"
61.220.209.114 - - [17/Aug/2026:15:32:51 +0800] "GET /wp-content/uploads/sites/3846/2025/09/%E6%95%99%E8%82%B2%E8%99%95%E6%B4%BB%E5%8B%95%E5%B0%88%E5%8D%80%E5%B0%8F%E5%9C%96-4-2.png HTTP/1.1" 200 21768 "https://www.ilc.edu.tw/" "Mozilla/5.0 (Windows NT 10.0; Win64; x64) AppleWebKit/537.36 (KHTML, like Gecko) Chrome/151.0.0.0 Safari/537.36"
61.220.209.114 - - [17/Aug/2026:15:32:51 +0800] "GET /wp-content/uploads/sites/3846/2025/09/%E6%95%99%E8%82%B2%E8%99%95%E6%B4%BB%E5%8B%95%E5%B0%88%E5%8D%80%E5%B0%8F%E5%9C%96-3.png HTTP/1.1" 200 12380 "https://www.ilc.edu.tw/" "Mozilla/5.0 (Windows NT 10.0; Win64; x64) AppleWebKit/537.36 (KHTML, like Gecko) Chrome/151.0.0.0 Safari/537.36"
61.220.209.114 - - [17/Aug/2026:15:32:51 +0800] "GET /wp-content/uploads/sites/3846/2025/07/%E6%95%99%E8%82%B2%E8%99%95%E9%A6%96%E9%A0%81_%E5%B0%8Fbanner_%E5%AE%9C%E8%98%AD%E7%B8%A3%E6%94%BF%E5%BA%9C%E5%9C%8B%E4%B8%AD%E5%B0%8F%E6%AD%A3%E5%B8%B8%E6%95%99%E5%AD%B8%E8%A6%96%E5%B0%8E-1.png HTTP/1.1" 200 8670 "https://www.ilc.edu.tw/" "Mozilla/5.0 (Windows NT 10.0; Win64; x64) AppleWebKit/537.36 (KHTML, like Gecko) Chrome/151.0.0.0 Safari/537.36"
61.220.209.114 - - [17/Aug/2026:15:32:51 +0800] "GET /wp-content/uploads/sites/3846/2025/09/%E6%95%99%E8%82%B2%E8%99%95%E6%B4%BB%E5%8B%95%E5%B0%88%E5%8D%80%E5%B0%8F%E5%9C%96-2-3.png HTTP/1.1" 200 9664 "https://www.ilc.edu.tw/" "Mozilla/5.0 (Windows NT 10.0; Win64; x64) AppleWebKit/537.36 (KHTML, like Gecko) Chrome/151.0.0.0 Safari/537.36"
61.220.209.114 - - [17/Aug/2026:15:32:52 +0800] "GET /wp-content/plugins/elementor-pro/assets/js/media-carousel.aca2224ef13e6f999011.bundle.min.js HTTP/1.1" 200 2948 "https://www.ilc.edu.tw/" "Mozilla/5.0 (Windows NT 10.0; Win64; x64) AppleWebKit/537.36 (KHTML, like Gecko) Chrome/151.0.0.0 Safari/537.36"
2407:4b00:4c0c:2ff:95de:43c0:c4bf:3206 - - [17/Aug/2026:15:32:52 +0800] "GET /wp-content/uploads/sites/3846/2026/08/%E8%BE%B2%E6%A5%AD%E9%83%A8%E5%BB%A3%E5%91%8A.jpg HTTP/1.1" 304 5581 "https://it.ilc.edu.tw/" "Mozilla/5.0 (Windows NT 10.0; Win64; x64) AppleWebKit/537.36 (KHTML, like Gecko) Chrome/151.0.0.0 Safari/537.36"
2407:4b00:4c0c:2ff:95de:43c0:c4bf:3206 - - [17/Aug/2026:15:32:52 +0800] "GET /wp-content/uploads/sites/3846/2026/06/%E5%AE%A3%E5%82%B3%E5%9C%96%E7%89%87.png HTTP/1.1" 304 5581 "https://it.ilc.edu.tw/" "Mozilla/5.0 (Windows NT 10.0; Win64; x64) AppleWebKit/537.36 (KHTML, like Gecko) Chrome/151.0.0.0 Safari/537.36"
2407:4b00:4c0c:2ff:95de:43c0:c4bf:3206 - - [17/Aug/2026:15:32:52 +0800] "GET /wp-content/uploads/sites/3846/2026/06/2026%E5%AE%9C%E8%98%AD%E7%98%8B%E5%AD%B8%E7%BF%92-%E6%9A%91%E5%81%87_%E6%95%99%E8%82%B2%E8%99%95%E9%A6%96%E9%A0%81-1440-x-1080-%E5%83%8F%E7%B4%A0.png HTTP/1.1" 304 5581 "https://it.ilc.edu.tw/" "Mozilla/5.0 (Windows NT 10.0; Win64; x64) AppleWebKit/537.36 (KHTML, like Gecko) Chrome/151.0.0.0 Safari/537.36"
61.220.209.114 - - [17/Aug/2026:15:32:48 +0800] "GET /wp-content/uploads/sites/3846/2025/11/%E8%9E%A2%E5%B9%95%E6%93%B7%E5%8F%96%E7%95%AB%E9%9D%A2-2025-11-13-131522.png HTTP/1.1" 200 3761926 "https://www.ilc.edu.tw/" "Mozilla/5.0 (Windows NT 10.0; Win64; x64) AppleWebKit/537.36 (KHTML, like Gecko) Chrome/151.0.0.0 Safari/537.36"
61.220.209.114 - - [17/Aug/2026:15:32:52 +0800] "GET /wp-content/plugins/elementor/assets/lib/swiper/v8/swiper.min.js?ver=8.4.5 HTTP/1.1" 200 40708 "https://www.ilc.edu.tw/" "Mozilla/5.0 (Windows NT 10.0; Win64; x64) AppleWebKit/537.36 (KHTML, like Gecko) Chrome/151.0.0.0 Safari/537.36"
61.220.209.114 - - [17/Aug/2026:15:32:53 +0800] "GET /wp-content/uploads/sites/3846/2023/05/cropped-%E6%95%99%E8%82%B2%E8%99%95logo-32x32.jpg HTTP/1.1" 200 1571 "https://www.ilc.edu.tw/" "Mozilla/5.0 (Windows NT 10.0; Win64; x64) AppleWebKit/537.36 (KHTML, like Gecko) Chrome/151.0.0.0 Safari/537.36"
140.111.67.195 - - [17/Aug/2026:15:32:53 +0800] "GET /wp-admin/admin-post.php?action=steps_ad HTTP/1.1" 200 1649 "-" "node-fetch/1.0 (+https://github.com/bitinn/node-fetch)"
140.111.131.172 - - [17/Aug/2026:15:32:53 +0800] "GET /21744/2014/08/13/%e5%ad%b8%e6%a0%a1%e7%99%bc%e5%b1%95%e9%a1%98%e6%99%af/ HTTP/1.1" 301 964 "-" "Mozilla/5.0 (Windows NT 10.0; Win64; x64) AppleWebKit/537.36 (KHTML, like Gecko) Chrome/138.0.0.0 Safari/537.36"
140.111.131.172 - - [17/Aug/2026:15:32:53 +0800] "GET /2014/08/13/%e5%ad%b8%e6%a0%a1%e7%99%bc%e5%b1%95%e9%a1%98%e6%99%af/ HTTP/1.1" 200 25601 "-" "Mozilla/5.0 (Windows NT 10.0; Win64; x64) AppleWebKit/537.36 (KHTML, like Gecko) Chrome/138.0.0.0 Safari/537.36"
140.111.131.172 - - [17/Aug/2026:15:32:53 +0800] "GET /wp-content/uploads/sites/890/2014/08/%E6%9E%B6%E6%A7%8B%E8%A1%A8-3-715x1024.jpg HTTP/1.1" 200 154256 "https://www.yeses.ilc.edu.tw/2014/08/13/%e5%ad%b8%e6%a0%a1%e7%99%bc%e5%b1%95%e9%a1%98%e6%99%af/" "Mozilla/5.0 (Windows NT 10.0; Win64; x64) AppleWebKit/537.36 (KHTML, like Gecko) Chrome/138.0.0.0 Safari/537.36"
140.111.131.172 - - [17/Aug/2026:15:32:53 +0800] "GET /wp-content/uploads/sites/890/2014/08/%E9%A1%98%E6%99%AF%E5%9C%96-1024x1024.jpg HTTP/1.1" 200 169438 "https://www.yeses.ilc.edu.tw/2014/08/13/%e5%ad%b8%e6%a0%a1%e7%99%bc%e5%b1%95%e9%a1%98%e6%99%af/" "Mozilla/5.0 (Windows NT 10.0; Win64; x64) AppleWebKit/537.36 (KHTML, like Gecko) Chrome/138.0.0.0 Safari/537.36"
34.194.14.255 - - [17/Aug/2026:15:32:53 +0800] "GET /6486/2010/10/ HTTP/1.1" 200 15273 "-" "Mozilla/5.0 AppleWebKit/537.36 (KHTML, like Gecko; compatible; Amazonbot/0.1; +https://developer.amazon.com/support/amazonbot) Chrome/119.0.6045.214 Safari/537.36"
140.111.131.172 - - [17/Aug/2026:15:32:53 +0800] "POST /wp-json/ilc-summary/v1/popular-posts HTTP/1.1" 201 1270 "https://www.yeses.ilc.edu.tw/2014/08/13/%e5%ad%b8%e6%a0%a1%e7%99%bc%e5%b1%95%e9%a1%98%e6%99%af/" "Mozilla/5.0 (Windows NT 10.0; Win64; x64) AppleWebKit/537.36 (KHTML, like Gecko) Chrome/138.0.0.0 Safari/537.36"
2407:4b00:4c0c:2ff:95de:43c0:c4bf:3206 - - [17/Aug/2026:15:32:54 +0800] "GET /wp-content/uploads/sites/3846/2026/08/%E8%BE%B2%E6%A5%AD%E9%83%A8%E5%BB%A3%E5%91%8A.jpg HTTP/1.1" 200 240914 "https://it.ilc.edu.tw/" "Mozilla/5.0 (Windows NT 10.0; Win64; x64) AppleWebKit/537.36 (KHTML, like Gecko) Chrome/151.0.0.0 Safari/537.36"
2407:4b00:4c0c:2ff:95de:43c0:c4bf:3206 - - [17/Aug/2026:15:32:54 +0800] "GET /wp-content/uploads/sites/3846/2026/06/%E5%AE%A3%E5%82%B3%E5%9C%96%E7%89%87.png HTTP/1.1" 200 1053112 "https://it.ilc.edu.tw/" "Mozilla/5.0 (Windows NT 10.0; Win64; x64) AppleWebKit/537.36 (KHTML, like Gecko) Chrome/151.0.0.0 Safari/537.36"
2407:4b00:4c0c:2ff:95de:43c0:c4bf:3206 - - [17/Aug/2026:15:32:54 +0800] "GET /wp-content/uploads/sites/3846/2026/06/2026%E5%AE%9C%E8%98%AD%E7%98%8B%E5%AD%B8%E7%BF%92-%E6%9A%91%E5%81%87_%E6%95%99%E8%82%B2%E8%99%95%E9%A6%96%E9%A0%81-1440-x-1080-%E5%83%8F%E7%B4%A0.png HTTP/1.1" 200 2050723 "https://it.ilc.edu.tw/" "Mozilla/5.0 (Windows NT 10.0; Win64; x64) AppleWebKit/537.36 (KHTML, like Gecko) Chrome/151.0.0.0 Safari/537.36"
140.111.67.10 - - [17/Aug/2026:15:32:55 +0800] "GET /" 301 273 "-" "-"
140.111.67.195 - - [17/Aug/2026:15:32:55 +0800] "GET /wp-admin/admin-post.php?action=steps_ad HTTP/1.1" 200 1649 "-" "node-fetch/1.0 (+https://github.com/bitinn/node-fetch)"
2001:288:a201::66:125 - - [17/Aug/2026:15:32:55 +0800] "GET /blog/active.php HTTP/1.1" 404 1084 "-" "-"
2001:288:a201::66:125 - - [17/Aug/2026:15:32:55 +0800] "GET /blog/active.php HTTP/1.1" 301 1026 "-" "-"
::1 - - [17/Aug/2026:15:32:57 +0800] "OPTIONS * HTTP/1.0" 200 110 "-" "Apache/2.4.68 (Ubuntu) OpenSSL/3.0.19 (internal dummy connection)"
2401:e180:8c70:3ef:59ac:7bfd:d276:b48d - - [17/Aug/2026:15:32:58 +0800] "GET / HTTP/1.1" 200 30833 "https://www.google.com/" "Mozilla/5.0 (Linux; Android 10; K) AppleWebKit/537.36 (KHTML, like Gecko) Chrome/151.0.0.0 Mobile Safari/537.36"
2401:e180:8c70:3ef:59ac:7bfd:d276:b48d - - [17/Aug/2026:15:32:58 +0800] "GET /wp-content/uploads/sites/1364/2026/07/ChatGPT-Image-2026%E5%B9%B47%E6%9C%882%E6%97%A5-%E4%B8%8A%E5%8D%8811_24_32-1024x576.png HTTP/1.1" 304 790 "https://www.cwjh.ilc.edu.tw/" "Mozilla/5.0 (Linux; Android 10; K) AppleWebKit/537.36 (KHTML, like Gecko) Chrome/151.0.0.0 Mobile Safari/537.36"
::1 - - [17/Aug/2026:15:32:58 +0800] "OPTIONS * HTTP/1.0" 200 110 "-" "Apache/2.4.68 (Ubuntu) OpenSSL/3.0.19 (internal dummy connection)"
140.111.67.195 - - [17/Aug/2026:15:32:58 +0800] "GET /wp-admin/admin-post.php?action=steps_ad HTTP/1.1" 200 1649 "-" "node-fetch/1.0 (+https://github.com/bitinn/node-fetch)"
::1 - - [17/Aug/2026:15:32:59 +0800] "OPTIONS * HTTP/1.0" 200 110 "-" "Apache/2.4.68 (Ubuntu) OpenSSL/3.0.19 (internal dummy connection)"
140.111.67.10 - - [17/Aug/2026:15:33:00 +0800] "GET /" 301 273 "-" "-"
::1 - - [17/Aug/2026:15:33:00 +0800] "OPTIONS * HTTP/1.0" 200 110 "-" "Apache/2.4.68 (Ubuntu) OpenSSL/3.0.19 (internal dummy connection)"
2001:288:a201::66:125 - - [17/Aug/2026:15:33:00 +0800] "GET /blog/active.php HTTP/1.1" 404 1084 "-" "-"
2001:288:a201::66:125 - - [17/Aug/2026:15:33:00 +0800] "GET /blog/active.php HTTP/1.1" 301 1026 "-" "-"
::1 - - [17/Aug/2026:15:33:01 +0800] "OPTIONS * HTTP/1.0" 200 110 "-" "Apache/2.4.68 (Ubuntu) OpenSSL/3.0.19 (internal dummy connection)"
140.111.67.195 - - [17/Aug/2026:15:33:01 +0800] "GET /wp-admin/admin-post.php?action=steps_ad HTTP/1.1" 200 1649 "-" "node-fetch/1.0 (+https://github.com/bitinn/node-fetch)"
::1 - - [17/Aug/2026:15:33:02 +0800] "OPTIONS * HTTP/1.0" 200 110 "-" "Apache/2.4.68 (Ubuntu) OpenSSL/3.0.19 (internal dummy connection)"
66.249.68.192 - - [17/Aug/2026:15:33:02 +0800] "GET /12/2015/01/17/2015-1-16%E4%BA%94%E8%AB%87%E6%88%91%E6%9C%80%E5%96%9C%E6%AD%A1%E6%95%99%E7%9A%84%E7%A4%BE%E6%9C%83%E5%96%AE%E5%85%83/ HTTP/1.1" 200 16810 "-" "Mozilla/5.0 (Linux; Android 6.0.1; Nexus 5X Build/MMB29P) AppleWebKit/537.36 (KHTML, like Gecko) Chrome/150.0.7871.186 Mobile Safari/537.36 (compatible; GoogleOther)"
140.111.67.195 - - [17/Aug/2026:15:33:02 +0800] "GET /wp-admin/admin-post.php?action=steps_ad HTTP/1.1" 200 1649 "-" "node-fetch/1.0 (+https://github.com/bitinn/node-fetch)"
140.111.67.195 - - [17/Aug/2026:15:33:02 +0800] "GET /wp-admin/admin-post.php?action=steps_ad HTTP/1.1" 200 1973 "-" "node-fetch/1.0 (+https://github.com/bitinn/node-fetch)"
::1 - - [17/Aug/2026:15:33:03 +0800] "OPTIONS * HTTP/1.0" 200 110 "-" "Apache/2.4.68 (Ubuntu) OpenSSL/3.0.19 (internal dummy connection)"
::1 - - [17/Aug/2026:15:33:04 +0800] "OPTIONS * HTTP/1.0" 200 110 "-" "Apache/2.4.68 (Ubuntu) OpenSSL/3.0.19 (internal dummy connection)"
2001:4860:7:410::f4 - - [17/Aug/2026:15:33:04 +0800] "GET /gifted/%F0%9F%8E%89-%E6%9C%AC%E6%A0%A1%E6%95%B8%E8%B3%87%E7%94%9F%E3%80%8C%E6%B8%B8%E7%B4%AB%E7%90%B3%E3%80%8D%E9%8C%84%E5%8F%96%E9%99%84%E4%B8%AD%E7%A7%91%E5%AD%B8%E7%8F%AD/ HTTP/1.1" 200 16585 "https://www.google.com/" "Mozilla/5.0 (Windows NT 10.0; Win64; x64) AppleWebKit/537.36 (KHTML, like Gecko) Chrome/151.0.0.0 Safari/537.36"
140.111.67.10 - - [17/Aug/2026:15:33:05 +0800] "GET /" 301 273 "-" "-"
2001:b011:e003:275:97f0:fb88:9aac:398b - - [17/Aug/2026:15:33:05 +0800] "GET / HTTP/1.1" 200 71374 "-" "Mozilla/5.0 (Windows NT 10.0; Win64; x64) AppleWebKit/537.36 (KHTML, like Gecko) Chrome/69.0.3497.81 Safari/537.36"
2001:288:a201::66:125 - - [17/Aug/2026:15:33:05 +0800] "GET /blog/active.php HTTP/1.1" 404 1084 "-" "-"
2001:288:a201::66:125 - - [17/Aug/2026:15:33:05 +0800] "GET /blog/active.php HTTP/1.1" 301 1026 "-" "-"
140.111.131.172 - - [17/Aug/2026:15:33:06 +0800] "GET /868/wp-content/uploads/sites/268/2021/05/01.png HTTP/1.1" 200 165147 "https://www.yeses.ilc.edu.tw/2021/08/25/%e8%a8%bb%e5%86%8a%e5%bf%ab%e6%a8%82e%e5%ad%b8%e9%99%a2%e5%ae%9c%e8%98%ad%e7%b8%a3%e5%ad%b8%e7%94%9f%e6%ad%a5%e9%a9%9f%e8%aa%aa%e6%98%8e/" "Mozilla/5.0 (Windows NT 10.0; Win64; x64) AppleWebKit/537.36 (KHTML, like Gecko) Chrome/138.0.0.0 Safari/537.36"
140.111.67.195 - - [17/Aug/2026:15:33:06 +0800] "GET /wp-admin/admin-post.php?action=steps_ad HTTP/1.1" 200 1649 "-" "node-fetch/1.0 (+https://github.com/bitinn/node-fetch)"
1.169.7.168 - - [17/Aug/2026:15:33:06 +0800] "GET /wp-content/uploads/sites/3846/2026/08/%E8%BE%B2%E6%A5%AD%E9%83%A8%E5%BB%A3%E5%91%8A.jpg HTTP/1.1" 200 240914 "https://it.ilc.edu.tw/" "Mozilla/5.0 (Windows NT 10.0; Win64; x64) AppleWebKit/537.36 (KHTML, like Gecko) Chrome/151.0.0.0 Safari/537.36"
66.249.71.64 - - [17/Aug/2026:15:33:06 +0800] "POST /12/wp-json/ilc-summary/v1/popular-posts HTTP/1.1" 201 6050 "https://2blog.ilc.edu.tw/12/2015/01/17/2015-1-16%E4%BA%94%E8%AB%87%E6%88%91%E6%9C%80%E5%96%9C%E6%AD%A1%E6%95%99%E7%9A%84%E7%A4%BE%E6%9C%83%E5%96%AE%E5%85%83/" "Mozilla/5.0 (Linux; Android 6.0.1; Nexus 5X Build/MMB29P) AppleWebKit/537.36 (KHTML, like Gecko) Chrome/150.0.7871.186 Mobile Safari/537.36 (compatible; GoogleOther)"
2401:e180:8c70:3ef:59ac:7bfd:d276:b48d - - [17/Aug/2026:15:33:07 +0800] "GET / HTTP/1.1" 200 26369 "https://www.google.com/" "Mozilla/5.0 (Linux; Android 10; K) AppleWebKit/537.36 (KHTML, like Gecko) Chrome/151.0.0.0 Mobile Safari/537.36"
2402:7500:5e5:c803:4ca1:deff:fefc:1cfd - - [17/Aug/2026:15:33:08 +0800] "-" 408 4804 "-" "-"
140.111.67.195 - - [17/Aug/2026:15:33:08 +0800] "GET /wp-admin/admin-post.php?action=steps_ad HTTP/1.1" 200 1649 "-" "node-fetch/1.0 (+https://github.com/bitinn/node-fetch)"
2407:4b00:4c0a:8aaf:c5ec:c5df:104:8e8c - - [17/Aug/2026:15:33:08 +0800] "-" 408 4801 "-" "-"
2407:4b00:4c0a:8aaf:c5ec:c5df:104:8e8c - - [17/Aug/2026:15:33:08 +0800] "-" 408 4801 "-" "-"
66.249.68.200 - - [17/Aug/2026:15:33:09 +0800] "GET /12/2009/03/12/ HTTP/1.1" 200 14499 "-" "Mozilla/5.0 (Linux; Android 6.0.1; Nexus 5X Build/MMB29P) AppleWebKit/537.36 (KHTML, like Gecko) Chrome/150.0.7871.186 Mobile Safari/537.36 (compatible; Googlebot/2.1; +http://www.google.com/bot.html)"
2001:4860:7:b10::fe - - [17/Aug/2026:15:33:09 +0800] "GET /2019/03/15/c/ HTTP/1.1" 200 16251 "https://www.google.com/" "Mozilla/5.0 (Windows NT 10.0; Win64; x64) AppleWebKit/537.36 (KHTML, like Gecko) Chrome/151.0.0.0 Safari/537.36"
140.111.67.195 - - [17/Aug/2026:15:33:09 +0800] "GET /wp-admin/admin-post.php?action=steps_ad HTTP/1.1" 200 1649 "-" "node-fetch/1.0 (+https://github.com/bitinn/node-fetch)"
140.111.67.10 - - [17/Aug/2026:15:33:10 +0800] "GET /" 301 273 "-" "-"
66.249.68.200 - - [17/Aug/2026:15:33:10 +0800] "GET /wp-content/uploads/sites/1321/12/12-711709.doc HTTP/1.1" 200 54169 "-" "Mozilla/5.0 (Linux; Android 6.0.1; Nexus 5X Build/MMB29P) AppleWebKit/537.36 (KHTML, like Gecko) Chrome/150.0.7871.186 Mobile Safari/537.36 (compatible; Googlebot/2.1; +http://www.google.com/bot.html)"
124.219.109.111 - - [17/Aug/2026:15:33:10 +0800] "GET /wp-content/cache/www.saps.ilc.edu.tw/wpfc-minified/e4wv91cg/7feo.css HTTP/1.1" 200 45677 "https://www.saps.ilc.edu.tw/2019/03/15/c/" "Mozilla/5.0 (Windows NT 10.0; Win64; x64) AppleWebKit/537.36 (KHTML, like Gecko) Chrome/151.0.0.0 Safari/537.36"
124.219.109.111 - - [17/Aug/2026:15:33:10 +0800] "GET /wp-content/cache/www.saps.ilc.edu.tw/wpfc-minified/2xvtragf/aven.css HTTP/1.1" 200 20572 "https://www.saps.ilc.edu.tw/2019/03/15/c/" "Mozilla/5.0 (Windows NT 10.0; Win64; x64) AppleWebKit/537.36 (KHTML, like Gecko) Chrome/151.0.0.0 Safari/537.36"
124.219.109.111 - - [17/Aug/2026:15:33:10 +0800] "GET /wp-content/cache/www.saps.ilc.edu.tw/wpfc-minified/1nhcyqjz/7fed.css HTTP/1.1" 200 5950 "https://www.saps.ilc.edu.tw/2019/03/15/c/" "Mozilla/5.0 (Windows NT 10.0; Win64; x64) AppleWebKit/537.36 (KHTML, like Gecko) Chrome/151.0.0.0 Safari/537.36"
124.219.109.111 - - [17/Aug/2026:15:33:10 +0800] "GET /wp-content/cache/www.saps.ilc.edu.tw/wpfc-minified/2qvlks8r/9tlxt.css HTTP/1.1" 200 60716 "https://www.saps.ilc.edu.tw/2019/03/15/c/" "Mozilla/5.0 (Windows NT 10.0; Win64; x64) AppleWebKit/537.36 (KHTML, like Gecko) Chrome/151.0.0.0 Safari/537.36"
124.219.109.111 - - [17/Aug/2026:15:33:10 +0800] "GET /wp-content/cache/www.saps.ilc.edu.tw/wpfc-minified/6ype9tyx/7feo.js HTTP/1.1" 200 35557 "https://www.saps.ilc.edu.tw/2019/03/15/c/" "Mozilla/5.0 (Windows NT 10.0; Win64; x64) AppleWebKit/537.36 (KHTML, like Gecko) Chrome/151.0.0.0 Safari/537.36"
124.219.109.111 - - [17/Aug/2026:15:33:10 +0800] "GET /wp-content/cache/www.saps.ilc.edu.tw/wpfc-minified/1s9vbqjp/aven.js HTTP/1.1" 200 1638 "https://www.saps.ilc.edu.tw/2019/03/15/c/" "Mozilla/5.0 (Windows NT 10.0; Win64; x64) AppleWebKit/537.36 (KHTML, like Gecko) Chrome/151.0.0.0 Safari/537.36"
124.219.109.111 - - [17/Aug/2026:15:33:10 +0800] "GET /wp-includes/js/hoverintent-js.min.js HTTP/1.1" 200 1597 "https://www.saps.ilc.edu.tw/2019/03/15/c/" "Mozilla/5.0 (Windows NT 10.0; Win64; x64) AppleWebKit/537.36 (KHTML, like Gecko) Chrome/151.0.0.0 Safari/537.36"
124.219.109.111 - - [17/Aug/2026:15:33:10 +0800] "GET /wp-includes/js/admin-bar.min.js HTTP/1.1" 200 2237 "https://www.saps.ilc.edu.tw/2019/03/15/c/" "Mozilla/5.0 (Windows NT 10.0; Win64; x64) AppleWebKit/537.36 (KHTML, like Gecko) Chrome/151.0.0.0 Safari/537.36"
124.219.109.111 - - [17/Aug/2026:15:33:10 +0800] "GET /wp-includes/js/imagesloaded.min.js HTTP/1.1" 200 2683 "https://www.saps.ilc.edu.tw/2019/03/15/c/" "Mozilla/5.0 (Windows NT 10.0; Win64; x64) AppleWebKit/537.36 (KHTML, like Gecko) Chrome/151.0.0.0 Safari/537.36"
124.219.109.111 - - [17/Aug/2026:15:33:10 +0800] "GET /wp-content/themes/oceanwp/assets/js/drop-down-mobile-menu.min.js HTTP/1.1" 200 4663 "https://www.saps.ilc.edu.tw/2019/03/15/c/" "Mozilla/5.0 (Windows NT 10.0; Win64; x64) AppleWebKit/537.36 (KHTML, like Gecko) Chrome/151.0.0.0 Safari/537.36"
124.219.109.111 - - [17/Aug/2026:15:33:10 +0800] "GET /wp-content/themes/oceanwp/assets/js/theme.min.js HTTP/1.1" 200 5130 "https://www.saps.ilc.edu.tw/2019/03/15/c/" "Mozilla/5.0 (Windows NT 10.0; Win64; x64) AppleWebKit/537.36 (KHTML, like Gecko) Chrome/151.0.0.0 Safari/537.36"
124.219.109.111 - - [17/Aug/2026:15:33:10 +0800] "GET /wp-content/themes/oceanwp/assets/js/drop-down-search.min.js HTTP/1.1" 200 2968 "https://www.saps.ilc.edu.tw/2019/03/15/c/" "Mozilla/5.0 (Windows NT 10.0; Win64; x64) AppleWebKit/537.36 (KHTML, like Gecko) Chrome/151.0.0.0 Safari/537.36"
124.219.109.111 - - [17/Aug/2026:15:33:10 +0800] "GET /wp-content/themes/oceanwp/assets/js/vendors/magnific-popup.min.js HTTP/1.1" 200 8270 "https://www.saps.ilc.edu.tw/2019/03/15/c/" "Mozilla/5.0 (Windows NT 10.0; Win64; x64) AppleWebKit/537.36 (KHTML, like Gecko) Chrome/151.0.0.0 Safari/537.36"
124.219.109.111 - - [17/Aug/2026:15:33:10 +0800] "GET /wp-content/themes/oceanwp/assets/js/ow-lightbox.min.js HTTP/1.1" 200 2321 "https://www.saps.ilc.edu.tw/2019/03/15/c/" "Mozilla/5.0 (Windows NT 10.0; Win64; x64) AppleWebKit/537.36 (KHTML, like Gecko) Chrome/151.0.0.0 Safari/537.36"
124.219.109.111 - - [17/Aug/2026:15:33:10 +0800] "GET /wp-content/themes/oceanwp/assets/js/vendors/flickity.pkgd.min.js HTTP/1.1" 200 15387 "https://www.saps.ilc.edu.tw/2019/03/15/c/" "Mozilla/5.0 (Windows NT 10.0; Win64; x64) AppleWebKit/537.36 (KHTML, like Gecko) Chrome/151.0.0.0 Safari/537.36"
124.219.109.111 - - [17/Aug/2026:15:33:10 +0800] "GET /wp-content/themes/oceanwp/assets/js/scroll-effect.min.js HTTP/1.1" 200 4127 "https://www.saps.ilc.edu.tw/2019/03/15/c/" "Mozilla/5.0 (Windows NT 10.0; Win64; x64) AppleWebKit/537.36 (KHTML, like Gecko) Chrome/151.0.0.0 Safari/537.36"
124.219.109.111 - - [17/Aug/2026:15:33:10 +0800] "GET /wp-content/themes/oceanwp/assets/js/ow-slider.min.js HTTP/1.1" 200 1761 "https://www.saps.ilc.edu.tw/2019/03/15/c/" "Mozilla/5.0 (Windows NT 10.0; Win64; x64) AppleWebKit/537.36 (KHTML, like Gecko) Chrome/151.0.0.0 Safari/537.36"
124.219.109.111 - - [17/Aug/2026:15:33:10 +0800] "GET /wp-content/themes/oceanwp/assets/js/scroll-top.min.js HTTP/1.1" 200 3202 "https://www.saps.ilc.edu.tw/2019/03/15/c/" "Mozilla/5.0 (Windows NT 10.0; Win64; x64) AppleWebKit/537.36 (KHTML, like Gecko) Chrome/151.0.0.0 Safari/537.36"
124.219.109.111 - - [17/Aug/2026:15:33:10 +0800] "GET /wp-content/plugins/ocean-extra/includes/widgets/js/flickr.min.js HTTP/1.1" 200 1319 "https://www.saps.ilc.edu.tw/2019/03/15/c/" "Mozilla/5.0 (Windows NT 10.0; Win64; x64) AppleWebKit/537.36 (KHTML, like Gecko) Chrome/151.0.0.0 Safari/537.36"
124.219.109.111 - - [17/Aug/2026:15:33:10 +0800] "GET /wp-content/themes/oceanwp/assets/js/select.min.js HTTP/1.1" 200 2408 "https://www.saps.ilc.edu.tw/2019/03/15/c/" "Mozilla/5.0 (Windows NT 10.0; Win64; x64) AppleWebKit/537.36 (KHTML, like Gecko) Chrome/151.0.0.0 Safari/537.36"
124.219.109.111 - - [17/Aug/2026:15:33:10 +0800] "GET /wp-content/themes/oceanwp/assets/fonts/simple-line-icons/Simple-Line-Icons.woff2?v=2.4.0 HTTP/1.1" 200 30959 "https://www.saps.ilc.edu.tw/wp-content/cache/www.saps.ilc.edu.tw/wpfc-minified/2qvlks8r/9tlxt.css" "Mozilla/5.0 (Windows NT 10.0; Win64; x64) AppleWebKit/537.36 (KHTML, like Gecko) Chrome/151.0.0.0 Safari/537.36"
124.219.109.111 - - [17/Aug/2026:15:33:10 +0800] "POST /wp-json/ilc-summary/v1/popular-posts HTTP/1.1" 201 1267 "https://www.saps.ilc.edu.tw/2019/03/15/c/" "Mozilla/5.0 (Windows NT 10.0; Win64; x64) AppleWebKit/537.36 (KHTML, like Gecko) Chrome/151.0.0.0 Safari/537.36"
124.219.109.111 - - [17/Aug/2026:15:33:10 +0800] "GET /favicon.ico HTTP/1.1" 302 933 "https://www.saps.ilc.edu.tw/2019/03/15/c/" "Mozilla/5.0 (Windows NT 10.0; Win64; x64) AppleWebKit/537.36 (KHTML, like Gecko) Chrome/151.0.0.0 Safari/537.36"
124.219.109.111 - - [17/Aug/2026:15:33:10 +0800] "GET /wp-includes/images/w-logo-blue-white-bg.png HTTP/1.1" 200 4946 "https://www.saps.ilc.edu.tw/2019/03/15/c/" "Mozilla/5.0 (Windows NT 10.0; Win64; x64) AppleWebKit/537.36 (KHTML, like Gecko) Chrome/151.0.0.0 Safari/537.36"
2001:288:a201::66:125 - - [17/Aug/2026:15:33:10 +0800] "GET /blog/active.php HTTP/1.1" 404 1084 "-" "-"
2001:288:a201::66:125 - - [17/Aug/2026:15:33:10 +0800] "GET /blog/active.php HTTP/1.1" 301 1026 "-" "-"
49.159.181.26 - - [17/Aug/2026:15:33:08 +0800] "POST /index.php?rest_route=/wp-statistics/v2/hit HTTP/1.1" 200 1565 "https://www.jwes.ilc.edu.tw/" "Mozilla/5.0 (Windows NT 10.0; Win64; x64) AppleWebKit/537.36 (KHTML, like Gecko) Chrome/151.0.0.0 Safari/537.36"
66.249.68.200 - - [17/Aug/2026:15:33:10 +0800] "GET /12/2009/01/16/ HTTP/1.1" 200 10016 "-" "Mozilla/5.0 (Linux; Android 6.0.1; Nexus 5X Build/MMB29P) AppleWebKit/537.36 (KHTML, like Gecko) Chrome/150.0.7871.186 Mobile Safari/537.36 (compatible; Googlebot/2.1; +http://www.google.com/bot.html)"
140.111.67.195 - - [17/Aug/2026:15:33:11 +0800] "GET /wp-admin/admin-post.php?action=steps_ad HTTP/1.1" 200 1649 "-" "node-fetch/1.0 (+https://github.com/bitinn/node-fetch)"
163.21.169.203 - - [17/Aug/2026:15:33:12 +0800] "-" 408 4802 "-" "-"
140.111.131.172 - - [17/Aug/2026:15:33:13 +0800] "-" 408 4802 "-" "-"
140.111.131.172 - - [17/Aug/2026:15:33:13 +0800] "-" 408 4802 "-" "-"
140.111.67.195 - - [17/Aug/2026:15:33:13 +0800] "GET /wp-admin/admin-post.php?action=steps_ad HTTP/1.1" 200 1649 "-" "node-fetch/1.0 (+https://github.com/bitinn/node-fetch)"
140.111.67.10 - - [17/Aug/2026:15:33:15 +0800] "GET /" 301 273 "-" "-"
2001:4860:7:b10::f6 - - [17/Aug/2026:15:33:15 +0800] "GET / HTTP/1.1" 200 32482 "https://www.google.com/" "Mozilla/5.0 (Windows NT 10.0; Win64; x64) AppleWebKit/537.36 (KHTML, like Gecko) Chrome/151.0.0.0 Safari/537.36"
147.92.179.112 - - [17/Aug/2026:15:33:15 +0800] "GET /wp-content/uploads/sites/286/28/28-2992903.docx HTTP/1.1" 200 100362 "-" "facebookexternalhit/1.1;line-poker/1.0"
::1 - - [17/Aug/2026:15:33:15 +0800] "OPTIONS * HTTP/1.0" 200 110 "-" "Apache/2.4.68 (Ubuntu) OpenSSL/3.0.19 (internal dummy connection)"
2001:288:a201::66:125 - - [17/Aug/2026:15:33:15 +0800] "GET /blog/active.php HTTP/1.1" 404 1084 "-" "-"
2001:288:a201::66:125 - - [17/Aug/2026:15:33:15 +0800] "GET /blog/active.php HTTP/1.1" 301 1026 "-" "-"
::1 - - [17/Aug/2026:15:33:16 +0800] "OPTIONS * HTTP/1.0" 200 110 "-" "Apache/2.4.68 (Ubuntu) OpenSSL/3.0.19 (internal dummy connection)"
61.220.208.120 - - [17/Aug/2026:15:33:16 +0800] "GET /wp-content/cache/www.chjh.ilc.edu.tw/wpfc-minified/4uxh7t9/6vy4.css HTTP/1.1" 200 6510 "https://www.chjh.ilc.edu.tw/" "Mozilla/5.0 (Windows NT 10.0; Win64; x64) AppleWebKit/537.36 (KHTML, like Gecko) Chrome/151.0.0.0 Safari/537.36"
61.220.208.120 - - [17/Aug/2026:15:33:16 +0800] "GET /wp-content/uploads/sites/1482/elementor/css/post-309.css HTTP/1.1" 200 6091 "https://www.chjh.ilc.edu.tw/" "Mozilla/5.0 (Windows NT 10.0; Win64; x64) AppleWebKit/537.36 (KHTML, like Gecko) Chrome/151.0.0.0 Safari/537.36"
61.220.208.120 - - [17/Aug/2026:15:33:16 +0800] "GET /wp-content/cache/www.chjh.ilc.edu.tw/wpfc-minified/78jy2wn7/6vy4.css HTTP/1.1" 200 5956 "https://www.chjh.ilc.edu.tw/" "Mozilla/5.0 (Windows NT 10.0; Win64; x64) AppleWebKit/537.36 (KHTML, like Gecko) Chrome/151.0.0.0 Safari/537.36"
61.220.208.120 - - [17/Aug/2026:15:33:16 +0800] "GET /wp-content/cache/www.chjh.ilc.edu.tw/wpfc-minified/9iyqo13s/6vy4.css HTTP/1.1" 200 23338 "https://www.chjh.ilc.edu.tw/" "Mozilla/5.0 (Windows NT 10.0; Win64; x64) AppleWebKit/537.36 (KHTML, like Gecko) Chrome/151.0.0.0 Safari/537.36"
61.220.208.120 - - [17/Aug/2026:15:33:16 +0800] "GET /wp-content/cache/www.chjh.ilc.edu.tw/wpfc-minified/ee8a0dvs/6vy4.css HTTP/1.1" 200 45683 "https://www.chjh.ilc.edu.tw/" "Mozilla/5.0 (Windows NT 10.0; Win64; x64) AppleWebKit/537.36 (KHTML, like Gecko) Chrome/151.0.0.0 Safari/537.36"
61.220.208.120 - - [17/Aug/2026:15:33:16 +0800] "GET /wp-content/cache/www.chjh.ilc.edu.tw/wpfc-minified/e1voqedy/6vy4.css HTTP/1.1" 200 50092 "https://www.chjh.ilc.edu.tw/" "Mozilla/5.0 (Windows NT 10.0; Win64; x64) AppleWebKit/537.36 (KHTML, like Gecko) Chrome/151.0.0.0 Safari/537.36"
61.220.208.120 - - [17/Aug/2026:15:33:16 +0800] "GET /wp-content/uploads/sites/1482/2026/06/115%E6%9C%83%E8%80%83.jpg HTTP/1.1" 200 103282 "https://www.chjh.ilc.edu.tw/" "Mozilla/5.0 (Windows NT 10.0; Win64; x64) AppleWebKit/537.36 (KHTML, like Gecko) Chrome/151.0.0.0 Safari/537.36"
61.220.208.120 - - [17/Aug/2026:15:33:16 +0800] "GET /wp-content/uploads/sites/1482/elementor/css/post-2.css HTTP/1.1" 200 1150 "https://www.chjh.ilc.edu.tw/" "Mozilla/5.0 (Windows NT 10.0; Win64; x64) AppleWebKit/537.36 (KHTML, like Gecko) Chrome/151.0.0.0 Safari/537.36"
61.220.208.120 - - [17/Aug/2026:15:33:16 +0800] "GET /wp-content/cache/www.chjh.ilc.edu.tw/wpfc-minified/mc2crcdt/6vy4.js HTTP/1.1" 200 35559 "https://www.chjh.ilc.edu.tw/" "Mozilla/5.0 (Windows NT 10.0; Win64; x64) AppleWebKit/537.36 (KHTML, like Gecko) Chrome/151.0.0.0 Safari/537.36"
61.220.208.120 - - [17/Aug/2026:15:33:17 +0800] "GET /wp-content/uploads/sites/1482/2024/12/White-Minimalist-Library-Open-Hours-Instagram-Story-576x1024.png HTTP/1.1" 200 493801 "https://www.chjh.ilc.edu.tw/" "Mozilla/5.0 (Windows NT 10.0; Win64; x64) AppleWebKit/537.36 (KHTML, like Gecko) Chrome/151.0.0.0 Safari/537.36"
61.220.208.120 - - [17/Aug/2026:15:33:17 +0800] "GET /wp-content/uploads/sites/1482/2023/07/%E8%B3%87%E5%AE%89%E7%A0%94%E7%BF%92.png HTTP/1.1" 200 7369 "https://www.chjh.ilc.edu.tw/" "Mozilla/5.0 (Windows NT 10.0; Win64; x64) AppleWebKit/537.36 (KHTML, like Gecko) Chrome/151.0.0.0 Safari/537.36"
61.220.208.120 - - [17/Aug/2026:15:33:17 +0800] "GET /wp-includes/js/hoverintent-js.min.js HTTP/1.1" 200 1597 "https://www.chjh.ilc.edu.tw/" "Mozilla/5.0 (Windows NT 10.0; Win64; x64) AppleWebKit/537.36 (KHTML, like Gecko) Chrome/151.0.0.0 Safari/537.36"
61.220.208.120 - - [17/Aug/2026:15:33:17 +0800] "GET /wp-includes/js/admin-bar.min.js HTTP/1.1" 200 2237 "https://www.chjh.ilc.edu.tw/" "Mozilla/5.0 (Windows NT 10.0; Win64; x64) AppleWebKit/537.36 (KHTML, like Gecko) Chrome/151.0.0.0 Safari/537.36"
61.220.208.120 - - [17/Aug/2026:15:33:17 +0800] "GET /wp-includes/js/underscore.min.js HTTP/1.1" 200 8191 "https://www.chjh.ilc.edu.tw/" "Mozilla/5.0 (Windows NT 10.0; Win64; x64) AppleWebKit/537.36 (KHTML, like Gecko) Chrome/151.0.0.0 Safari/537.36"
61.220.208.120 - - [17/Aug/2026:15:33:17 +0800] "GET /wp-content/uploads/sites/1482/2026/05/114%E5%AD%B8%E5%B9%B4%E5%BA%A6%E8%81%AF%E8%B3%BD%E6%88%90%E7%B8%BE.jpg HTTP/1.1" 200 123683 "https://www.chjh.ilc.edu.tw/" "Mozilla/5.0 (Windows NT 10.0; Win64; x64) AppleWebKit/537.36 (KHTML, like Gecko) Chrome/151.0.0.0 Safari/537.36"
61.220.208.120 - - [17/Aug/2026:15:33:17 +0800] "GET /wp-content/plugins/elementor/assets/js/webpack.runtime.min.js HTTP/1.1" 200 3095 "https://www.chjh.ilc.edu.tw/" "Mozilla/5.0 (Windows NT 10.0; Win64; x64) AppleWebKit/537.36 (KHTML, like Gecko) Chrome/151.0.0.0 Safari/537.36"
61.220.208.120 - - [17/Aug/2026:15:33:17 +0800] "GET /wp-content/themes/huemanilc/assets/front/js/scripts.min.js HTTP/1.1" 200 27001 "https://www.chjh.ilc.edu.tw/" "Mozilla/5.0 (Windows NT 10.0; Win64; x64) AppleWebKit/537.36 (KHTML, like Gecko) Chrome/151.0.0.0 Safari/537.36"
61.220.208.120 - - [17/Aug/2026:15:33:17 +0800] "GET /wp-content/plugins/elementor/assets/lib/waypoints/waypoints.min.js HTTP/1.1" 200 3873 "https://www.chjh.ilc.edu.tw/" "Mozilla/5.0 (Windows NT 10.0; Win64; x64) AppleWebKit/537.36 (KHTML, like Gecko) Chrome/151.0.0.0 Safari/537.36"
61.220.208.120 - - [17/Aug/2026:15:33:17 +0800] "GET /wp-content/plugins/elementor/assets/js/frontend-modules.min.js HTTP/1.1" 200 19416 "https://www.chjh.ilc.edu.tw/" "Mozilla/5.0 (Windows NT 10.0; Win64; x64) AppleWebKit/537.36 (KHTML, like Gecko) Chrome/151.0.0.0 Safari/537.36"
61.220.208.120 - - [17/Aug/2026:15:33:17 +0800] "GET /wp-includes/js/jquery/ui/core.min.js HTTP/1.1" 200 7986 "https://www.chjh.ilc.edu.tw/" "Mozilla/5.0 (Windows NT 10.0; Win64; x64) AppleWebKit/537.36 (KHTML, like Gecko) Chrome/151.0.0.0 Safari/537.36"
61.220.208.120 - - [17/Aug/2026:15:33:17 +0800] "GET /wp-content/plugins/elementor/assets/js/frontend.min.js HTTP/1.1" 200 13169 "https://www.chjh.ilc.edu.tw/" "Mozilla/5.0 (Windows NT 10.0; Win64; x64) AppleWebKit/537.36 (KHTML, like Gecko) Chrome/151.0.0.0 Safari/537.36"
61.220.208.120 - - [17/Aug/2026:15:33:17 +0800] "GET /wp-content/uploads/sites/1482/2026/05/115%E5%85%A8%E4%B8%AD%E9%81%8B%E6%88%90%E7%B8%BE.jpg HTTP/1.1" 200 125380 "https://www.chjh.ilc.edu.tw/" "Mozilla/5.0 (Windows NT 10.0; Win64; x64) AppleWebKit/537.36 (KHTML, like Gecko) Chrome/151.0.0.0 Safari/537.36"
61.220.208.120 - - [17/Aug/2026:15:33:17 +0800] "GET /wp-content/uploads/sites/1482/2026/04/%E6%AD%8C%E5%94%B1%E6%AF%94%E8%B3%BD%E7%A5%9D%E8%B3%80%E6%B5%B7%E5%A0%B1_page-0001_0-1024x576.jpg HTTP/1.1" 200 88311 "https://www.chjh.ilc.edu.tw/" "Mozilla/5.0 (Windows NT 10.0; Win64; x64) AppleWebKit/537.36 (KHTML, like Gecko) Chrome/151.0.0.0 Safari/537.36"
61.220.208.120 - - [17/Aug/2026:15:33:17 +0800] "GET /wp-content/uploads/sites/1482/2026/04/%E8%AE%80%E8%80%85%E5%8A%87%E5%A0%B4%E7%A5%9D%E8%B3%80%E6%B5%B7%E5%A0%B1_page-0001_0-1024x576.jpg HTTP/1.1" 200 87594 "https://www.chjh.ilc.edu.tw/" "Mozilla/5.0 (Windows NT 10.0; Win64; x64) AppleWebKit/537.36 (KHTML, like Gecko) Chrome/151.0.0.0 Safari/537.36"
61.220.208.120 - - [17/Aug/2026:15:33:17 +0800] "GET /wp-content/uploads/sites/1482/2026/04/%E7%A7%91%E5%B1%95%E7%AB%B6%E8%B3%BD%E6%B5%B7%E5%A0%B1-1024x572.png HTTP/1.1" 200 727375 "https://www.chjh.ilc.edu.tw/" "Mozilla/5.0 (Windows NT 10.0; Win64; x64) AppleWebKit/537.36 (KHTML, like Gecko) Chrome/151.0.0.0 Safari/537.36"
61.220.208.120 - - [17/Aug/2026:15:33:17 +0800] "GET /wp-content/themes/huemanilc/assets/front/webfonts/fa-solid-900.woff2?v=5.5.0 HTTP/1.1" 200 74879 "https://www.chjh.ilc.edu.tw/wp-content/cache/www.chjh.ilc.edu.tw/wpfc-minified/e1voqedy/6vy4.css" "Mozilla/5.0 (Windows NT 10.0; Win64; x64) AppleWebKit/537.36 (KHTML, like Gecko) Chrome/151.0.0.0 Safari/537.36"
61.220.208.120 - - [17/Aug/2026:15:33:17 +0800] "GET /wp-content/plugins/elementor/assets/lib/eicons/fonts/eicons.woff2?5.30.0 HTTP/1.1" 200 98225 "https://www.chjh.ilc.edu.tw/wp-content/cache/www.chjh.ilc.edu.tw/wpfc-minified/e1voqedy/6vy4.css" "Mozilla/5.0 (Windows NT 10.0; Win64; x64) AppleWebKit/537.36 (KHTML, like Gecko) Chrome/151.0.0.0 Safari/537.36"
61.220.208.120 - - [17/Aug/2026:15:33:17 +0800] "GET /wp-content/uploads/sites/1482/2022/07/%E6%96%B0%E7%94%9F%E6%AD%A3%E5%BC%8F%E7%B7%A8%E7%8F%AD%E5%90%8D%E5%96%AE.jpg HTTP/1.1" 200 25321 "https://www.chjh.ilc.edu.tw/" "Mozilla/5.0 (Windows NT 10.0; Win64; x64) AppleWebKit/537.36 (KHTML, like Gecko) Chrome/151.0.0.0 Safari/537.36"
61.220.208.120 - - [17/Aug/2026:15:33:17 +0800] "GET /wp-content/uploads/sites/1482/2026/04/%E5%96%AE%E5%AD%97%E7%8E%8B%E7%A5%9D%E8%B3%80%E6%B5%B7%E5%A0%B1_page-0001_0-1024x576.jpg HTTP/1.1" 200 105740 "https://www.chjh.ilc.edu.tw/" "Mozilla/5.0 (Windows NT 10.0; Win64; x64) AppleWebKit/537.36 (KHTML, like Gecko) Chrome/151.0.0.0 Safari/537.36"
61.220.208.120 - - [17/Aug/2026:15:33:17 +0800] "GET /wp-content/uploads/sites/1482/2026/03/%E9%87%91%E9%A0%AD%E8%85%A6-1024x571.png HTTP/1.1" 200 925785 "https://www.chjh.ilc.edu.tw/" "Mozilla/5.0 (Windows NT 10.0; Win64; x64) AppleWebKit/537.36 (KHTML, like Gecko) Chrome/151.0.0.0 Safari/537.36"
61.220.208.120 - - [17/Aug/2026:15:33:17 +0800] "GET /wp-content/uploads/sites/1482/2026/03/%E3%80%8C114%E5%AD%B8%E5%B9%B4%E5%BA%A6%E5%85%A8%E5%9C%8B%E5%AD%B8%E7%94%9F%E9%9F%B3%E6%A8%82%E6%AF%94%E8%B3%BD%E3%80%8D%E5%80%8B%E4%BA%BA%E9%A0%85%E7%9B%AE%E5%85%A8%E5%8D%80%E6%B1%BA%E8%B3%BD-%E6%88%90%E7%B8%BE%E5%85%AC%E5%91%8A-%E5%80%8B%E4%BA%BA-1024x576.jpg HTTP/1.1" 200 105028 "https://www.chjh.ilc.edu.tw/" "Mozilla/5.0 (Windows NT 10.0; Win64; x64) AppleWebKit/537.36 (KHTML, like Gecko) Chrome/151.0.0.0 Safari/537.36"
61.220.208.120 - - [17/Aug/2026:15:33:17 +0800] "GET /wp-content/uploads/sites/1482/2026/01/%E7%A7%91%E6%8A%80%E7%AB%B6%E8%B3%BD%E6%B5%B7%E5%A0%B1.png HTTP/1.1" 200 872970 "https://www.chjh.ilc.edu.tw/" "Mozilla/5.0 (Windows NT 10.0; Win64; x64) AppleWebKit/537.36 (KHTML, like Gecko) Chrome/151.0.0.0 Safari/537.36"
61.220.208.120 - - [17/Aug/2026:15:33:17 +0800] "GET /wp-content/uploads/sites/1482/2025/12/114%E5%AD%B8%E5%B9%B4%E7%B0%A1%E5%A0%B1%E9%81%94%E4%BA%BA%E5%85%AC%E5%91%8A.jpg HTTP/1.1" 200 104018 "https://www.chjh.ilc.edu.tw/" "Mozilla/5.0 (Windows NT 10.0; Win64; x64) AppleWebKit/537.36 (KHTML, like Gecko) Chrome/151.0.0.0 Safari/537.36"
61.220.208.120 - - [17/Aug/2026:15:33:17 +0800] "GET /wp-content/uploads/sites/1482/2025/11/114%E5%AD%B8%E5%B9%B4%E5%BA%A6%E5%AE%9C%E8%98%AD%E7%B8%A3%E5%AD%B8%E7%94%9F%E9%9F%B3%E6%A8%82%E6%9A%A8%E5%B8%AB%E7%94%9F%E9%84%89%E5%9C%9F%E6%AD%8C%E8%AC%A0%E6%AF%94%E8%B3%BD-%E6%88%90%E7%B8%BE%E5%85%AC%E5%91%8A%E5%9C%98%E9%AB%94_0-1024x576.jpg HTTP/1.1" 200 92532 "https://www.chjh.ilc.edu.tw/" "Mozilla/5.0 (Windows NT 10.0; Win64; x64) AppleWebKit/537.36 (KHTML, like Gecko) Chrome/151.0.0.0 Safari/537.36"
61.220.208.120 - - [17/Aug/2026:15:33:17 +0800] "GET /wp-content/uploads/sites/1482/2025/11/114%E5%AD%B8%E5%B9%B4%E5%BA%A6%E5%AE%9C%E8%98%AD%E7%B8%A3%E5%AD%B8%E7%94%9F%E9%9F%B3%E6%A8%82%E6%9A%A8%E5%B8%AB%E7%94%9F%E9%84%89%E5%9C%9F%E6%AD%8C%E8%AC%A0%E6%AF%94%E8%B3%BD-%E6%88%90%E7%B8%BE%E5%85%AC%E5%91%8A-%E5%80%8B%E4%BA%BA_0-1024x576.jpg HTTP/1.1" 200 128004 "https://www.chjh.ilc.edu.tw/" "Mozilla/5.0 (Windows NT 10.0; Win64; x64) AppleWebKit/537.36 (KHTML, like Gecko) Chrome/151.0.0.0 Safari/537.36"
2001:b400:e24b:cc5d:20c0:d45a:be98:e4a8 - - [17/Aug/2026:15:33:17 +0800] "GET /28/2005/04/06/%E6%88%90%E5%8A%9F%EF%BC%8C%E4%B8%8D%E5%BF%85%E9%81%8E%E5%8B%9E%E6%AD%BB-%E6%96%87-%E6%9D%8E%E9%87%87%E6%B4%AA%E7%8E%8B%E5%BF%97%E9%88%9E/ HTTP/1.1" 200 23332 "https://www.google.com/" "Mozilla/5.0 (iPhone; CPU iPhone OS 18_7 like Mac OS X) AppleWebKit/605.1.15 (KHTML, like Gecko) Version/26.6 Mobile/15E148 Safari/604.1"
61.220.208.120 - - [17/Aug/2026:15:33:17 +0800] "GET /wp-content/uploads/sites/1482/2025/11/%E7%A5%9D%E8%B3%80%E6%B5%B7%E5%A0%B1_712%E8%91%89%E5%AE%87%E7%BF%94-1024x576.jpg HTTP/1.1" 200 77480 "https://www.chjh.ilc.edu.tw/" "Mozilla/5.0 (Windows NT 10.0; Win64; x64) AppleWebKit/537.36 (KHTML, like Gecko) Chrome/151.0.0.0 Safari/537.36"
61.220.208.120 - - [17/Aug/2026:15:33:17 +0800] "GET /wp-content/uploads/sites/1482/2025/11/Hanover-and-Tyke-High-School-Present-724x1024.png HTTP/1.1" 200 267038 "https://www.chjh.ilc.edu.tw/" "Mozilla/5.0 (Windows NT 10.0; Win64; x64) AppleWebKit/537.36 (KHTML, like Gecko) Chrome/151.0.0.0 Safari/537.36"
2001:b400:e24b:cc5d:20c0:d45a:be98:e4a8 - - [17/Aug/2026:15:33:17 +0800] "GET /28/wp-content/cache/2blog.ilc.edu.tw/wpfc-minified/2lf2j8d/5wsks.css HTTP/1.1" 200 45679 "https://2blog.ilc.edu.tw/28/2005/04/06/%E6%88%90%E5%8A%9F%EF%BC%8C%E4%B8%8D%E5%BF%85%E9%81%8E%E5%8B%9E%E6%AD%BB-%E6%96%87-%E6%9D%8E%E9%87%87%E6%B4%AA%E7%8E%8B%E5%BF%97%E9%88%9E/" "Mozilla/5.0 (iPhone; CPU iPhone OS 18_7 like Mac OS X) AppleWebKit/605.1.15 (KHTML, like Gecko) Version/26.6 Mobile/15E148 Safari/604.1"
2001:b400:e24b:cc5d:20c0:d45a:be98:e4a8 - - [17/Aug/2026:15:33:17 +0800] "GET /28/wp-content/cache/2blog.ilc.edu.tw/wpfc-minified/mmkjhztj/5wsks.css HTTP/1.1" 200 20776 "https://2blog.ilc.edu.tw/28/2005/04/06/%E6%88%90%E5%8A%9F%EF%BC%8C%E4%B8%8D%E5%BF%85%E9%81%8E%E5%8B%9E%E6%AD%BB-%E6%96%87-%E6%9D%8E%E9%87%87%E6%B4%AA%E7%8E%8B%E5%BF%97%E9%88%9E/" "Mozilla/5.0 (iPhone; CPU iPhone OS 18_7 like Mac OS X) AppleWebKit/605.1.15 (KHTML, like Gecko) Version/26.6 Mobile/15E148 Safari/604.1"
2001:b400:e24b:cc5d:20c0:d45a:be98:e4a8 - - [17/Aug/2026:15:33:17 +0800] "GET /28/wp-content/cache/2blog.ilc.edu.tw/wpfc-minified/240an0zo/5wsks.css HTTP/1.1" 200 10328 "https://2blog.ilc.edu.tw/28/2005/04/06/%E6%88%90%E5%8A%9F%EF%BC%8C%E4%B8%8D%E5%BF%85%E9%81%8E%E5%8B%9E%E6%AD%BB-%E6%96%87-%E6%9D%8E%E9%87%87%E6%B4%AA%E7%8E%8B%E5%BF%97%E9%88%9E/" "Mozilla/5.0 (iPhone; CPU iPhone OS 18_7 like Mac OS X) AppleWebKit/605.1.15 (KHTML, like Gecko) Version/26.6 Mobile/15E148 Safari/604.1"
2001:b400:e24b:cc5d:20c0:d45a:be98:e4a8 - - [17/Aug/2026:15:33:17 +0800] "GET /28/wp-includes/js/hoverintent-js.min.js HTTP/1.1" 200 1597 "https://2blog.ilc.edu.tw/28/2005/04/06/%E6%88%90%E5%8A%9F%EF%BC%8C%E4%B8%8D%E5%BF%85%E9%81%8E%E5%8B%9E%E6%AD%BB-%E6%96%87-%E6%9D%8E%E9%87%87%E6%B4%AA%E7%8E%8B%E5%BF%97%E9%88%9E/" "Mozilla/5.0 (iPhone; CPU iPhone OS 18_7 like Mac OS X) AppleWebKit/605.1.15 (KHTML, like Gecko) Version/26.6 Mobile/15E148 Safari/604.1"
2001:b400:e24b:cc5d:20c0:d45a:be98:e4a8 - - [17/Aug/2026:15:33:17 +0800] "GET /28/wp-includes/js/admin-bar.min.js HTTP/1.1" 200 2237 "https://2blog.ilc.edu.tw/28/2005/04/06/%E6%88%90%E5%8A%9F%EF%BC%8C%E4%B8%8D%E5%BF%85%E9%81%8E%E5%8B%9E%E6%AD%BB-%E6%96%87-%E6%9D%8E%E9%87%87%E6%B4%AA%E7%8E%8B%E5%BF%97%E9%88%9E/" "Mozilla/5.0 (iPhone; CPU iPhone OS 18_7 like Mac OS X) AppleWebKit/605.1.15 (KHTML, like Gecko) Version/26.6 Mobile/15E148 Safari/604.1"
2001:b400:e24b:cc5d:20c0:d45a:be98:e4a8 - - [17/Aug/2026:15:33:18 +0800] "GET /28/wp-content/themes/sketch/js/navigation.js HTTP/1.1" 200 1602 "https://2blog.ilc.edu.tw/28/2005/04/06/%E6%88%90%E5%8A%9F%EF%BC%8C%E4%B8%8D%E5%BF%85%E9%81%8E%E5%8B%9E%E6%AD%BB-%E6%96%87-%E6%9D%8E%E9%87%87%E6%B4%AA%E7%8E%8B%E5%BF%97%E9%88%9E/" "Mozilla/5.0 (iPhone; CPU iPhone OS 18_7 like Mac OS X) AppleWebKit/605.1.15 (KHTML, like Gecko) Version/26.6 Mobile/15E148 Safari/604.1"
2001:b400:e24b:cc5d:20c0:d45a:be98:e4a8 - - [17/Aug/2026:15:33:18 +0800] "GET /28/wp-content/themes/sketch/js/skip-link-focus-fix.js HTTP/1.1" 200 1215 "https://2blog.ilc.edu.tw/28/2005/04/06/%E6%88%90%E5%8A%9F%EF%BC%8C%E4%B8%8D%E5%BF%85%E9%81%8E%E5%8B%9E%E6%AD%BB-%E6%96%87-%E6%9D%8E%E9%87%87%E6%B4%AA%E7%8E%8B%E5%BF%97%E9%88%9E/" "Mozilla/5.0 (iPhone; CPU iPhone OS 18_7 like Mac OS X) AppleWebKit/605.1.15 (KHTML, like Gecko) Version/26.6 Mobile/15E148 Safari/604.1"
203.66.30.252 - - [17/Aug/2026:15:33:18 +0800] "-" 408 4801 "-" "-"
2001:b400:e24b:cc5d:20c0:d45a:be98:e4a8 - - [17/Aug/2026:15:33:18 +0800] "GET /28/wp-content/cache/2blog.ilc.edu.tw/wpfc-minified/kp7qs84w/5wu5u.js HTTP/1.1" 200 6436 "https://2blog.ilc.edu.tw/28/2005/04/06/%E6%88%90%E5%8A%9F%EF%BC%8C%E4%B8%8D%E5%BF%85%E9%81%8E%E5%8B%9E%E6%AD%BB-%E6%96%87-%E6%9D%8E%E9%87%87%E6%B4%AA%E7%8E%8B%E5%BF%97%E9%88%9E/" "Mozilla/5.0 (iPhone; CPU iPhone OS 18_7 like Mac OS X) AppleWebKit/605.1.15 (KHTML, like Gecko) Version/26.6 Mobile/15E148 Safari/604.1"
61.220.208.120 - - [17/Aug/2026:15:33:17 +0800] "GET /wp-content/uploads/sites/1482/2025/09/33-1024x576.jpg HTTP/1.1" 200 87435 "https://www.chjh.ilc.edu.tw/" "Mozilla/5.0 (Windows NT 10.0; Win64; x64) AppleWebKit/537.36 (KHTML, like Gecko) Chrome/151.0.0.0 Safari/537.36"
61.220.208.120 - - [17/Aug/2026:15:33:18 +0800] "GET /wp-content/uploads/sites/1482/2025/09/23-1024x576.jpg HTTP/1.1" 200 96415 "https://www.chjh.ilc.edu.tw/" "Mozilla/5.0 (Windows NT 10.0; Win64; x64) AppleWebKit/537.36 (KHTML, like Gecko) Chrome/151.0.0.0 Safari/537.36"
2001:b400:e24b:cc5d:20c0:d45a:be98:e4a8 - - [17/Aug/2026:15:33:18 +0800] "GET /28/wp-content/cache/2blog.ilc.edu.tw/wpfc-minified/8a71v9up/5wsks.css HTTP/1.1" 200 22315 "https://2blog.ilc.edu.tw/28/2005/04/06/%E6%88%90%E5%8A%9F%EF%BC%8C%E4%B8%8D%E5%BF%85%E9%81%8E%E5%8B%9E%E6%AD%BB-%E6%96%87-%E6%9D%8E%E9%87%87%E6%B4%AA%E7%8E%8B%E5%BF%97%E9%88%9E/" "Mozilla/5.0 (iPhone; CPU iPhone OS 18_7 like Mac OS X) AppleWebKit/605.1.15 (KHTML, like Gecko) Version/26.6 Mobile/15E148 Safari/604.1"
61.220.208.120 - - [17/Aug/2026:15:33:17 +0800] "GET /wp-content/uploads/sites/1482/2025/10/%E7%8D%B2%E7%8D%8E%E5%85%AC%E5%91%8A114%E7%BE%8E%E8%A1%93%E6%AF%94%E8%B3%BD.jpg HTTP/1.1" 200 178023 "https://www.chjh.ilc.edu.tw/" "Mozilla/5.0 (Windows NT 10.0; Win64; x64) AppleWebKit/537.36 (KHTML, like Gecko) Chrome/151.0.0.0 Safari/537.36"
61.220.208.120 - - [17/Aug/2026:15:33:18 +0800] "GET /wp-content/uploads/sites/1482/2025/08/26-1024x724.png HTTP/1.1" 200 164697 "https://www.chjh.ilc.edu.tw/" "Mozilla/5.0 (Windows NT 10.0; Win64; x64) AppleWebKit/537.36 (KHTML, like Gecko) Chrome/151.0.0.0 Safari/537.36"
61.220.208.120 - - [17/Aug/2026:15:33:18 +0800] "GET /wp-content/uploads/sites/1482/2025/08/36-1024x724.png HTTP/1.1" 200 171953 "https://www.chjh.ilc.edu.tw/" "Mozilla/5.0 (Windows NT 10.0; Win64; x64) AppleWebKit/537.36 (KHTML, like Gecko) Chrome/151.0.0.0 Safari/537.36"
61.220.208.120 - - [17/Aug/2026:15:33:18 +0800] "GET /wp-content/uploads/sites/1482/2025/09/13-1024x576.jpg HTTP/1.1" 200 89010 "https://www.chjh.ilc.edu.tw/" "Mozilla/5.0 (Windows NT 10.0; Win64; x64) AppleWebKit/537.36 (KHTML, like Gecko) Chrome/151.0.0.0 Safari/537.36"
2001:b400:e24b:cc5d:20c0:d45a:be98:e4a8 - - [17/Aug/2026:15:33:18 +0800] "GET /28/wp-content/cache/2blog.ilc.edu.tw/wpfc-minified/lkwkr2sr/5wsks.js HTTP/1.1" 200 40354 "https://2blog.ilc.edu.tw/28/2005/04/06/%E6%88%90%E5%8A%9F%EF%BC%8C%E4%B8%8D%E5%BF%85%E9%81%8E%E5%8B%9E%E6%AD%BB-%E6%96%87-%E6%9D%8E%E9%87%87%E6%B4%AA%E7%8E%8B%E5%BF%97%E9%88%9E/" "Mozilla/5.0 (iPhone; CPU iPhone OS 18_7 like Mac OS X) AppleWebKit/605.1.15 (KHTML, like Gecko) Version/26.6 Mobile/15E148 Safari/604.1"
2001:b400:e24b:cc5d:20c0:d45a:be98:e4a8 - - [17/Aug/2026:15:33:17 +0800] "GET /28/wp-content/uploads/sites/286/2022/10/bee-2.png HTTP/1.1" 200 137921 "https://2blog.ilc.edu.tw/28/2005/04/06/%E6%88%90%E5%8A%9F%EF%BC%8C%E4%B8%8D%E5%BF%85%E9%81%8E%E5%8B%9E%E6%AD%BB-%E6%96%87-%E6%9D%8E%E9%87%87%E6%B4%AA%E7%8E%8B%E5%BF%97%E9%88%9E/" "Mozilla/5.0 (iPhone; CPU iPhone OS 18_7 like Mac OS X) AppleWebKit/605.1.15 (KHTML, like Gecko) Version/26.6 Mobile/15E148 Safari/604.1"
61.220.208.120 - - [17/Aug/2026:15:33:19 +0800] "GET /wp-content/uploads/sites/1482/2025/08/14-1024x724.png HTTP/1.1" 200 163205 "https://www.chjh.ilc.edu.tw/" "Mozilla/5.0 (Windows NT 10.0; Win64; x64) AppleWebKit/537.36 (KHTML, like Gecko) Chrome/151.0.0.0 Safari/537.36"
61.220.208.120 - - [17/Aug/2026:15:33:19 +0800] "GET /wp-content/uploads/sites/1482/2025/08/7-1024x724.png HTTP/1.1" 200 274608 "https://www.chjh.ilc.edu.tw/" "Mozilla/5.0 (Windows NT 10.0; Win64; x64) AppleWebKit/537.36 (KHTML, like Gecko) Chrome/151.0.0.0 Safari/537.36"
61.220.208.120 - - [17/Aug/2026:15:33:19 +0800] "GET /wp-content/uploads/sites/1482/2025/08/6-1024x724.png HTTP/1.1" 200 283705 "https://www.chjh.ilc.edu.tw/" "Mozilla/5.0 (Windows NT 10.0; Win64; x64) AppleWebKit/537.36 (KHTML, like Gecko) Chrome/151.0.0.0 Safari/537.36"
61.220.208.120 - - [17/Aug/2026:15:33:19 +0800] "GET /wp-content/uploads/sites/1482/2025/08/5-1024x724.png HTTP/1.1" 200 276868 "https://www.chjh.ilc.edu.tw/" "Mozilla/5.0 (Windows NT 10.0; Win64; x64) AppleWebKit/537.36 (KHTML, like Gecko) Chrome/151.0.0.0 Safari/537.36"
61.220.208.120 - - [17/Aug/2026:15:33:19 +0800] "GET /wp-content/uploads/sites/1482/2025/08/4-1024x724.png HTTP/1.1" 200 273492 "https://www.chjh.ilc.edu.tw/" "Mozilla/5.0 (Windows NT 10.0; Win64; x64) AppleWebKit/537.36 (KHTML, like Gecko) Chrome/151.0.0.0 Safari/537.36"
61.220.208.120 - - [17/Aug/2026:15:33:19 +0800] "GET /wp-content/uploads/sites/1482/2025/05/4_3-1024x724.png HTTP/1.1" 200 396610 "https://www.chjh.ilc.edu.tw/" "Mozilla/5.0 (Windows NT 10.0; Win64; x64) AppleWebKit/537.36 (KHTML, like Gecko) Chrome/151.0.0.0 Safari/537.36"
61.220.208.120 - - [17/Aug/2026:15:33:19 +0800] "GET /wp-content/uploads/sites/1482/2025/05/35-1-1024x724.png HTTP/1.1" 200 395898 "https://www.chjh.ilc.edu.tw/" "Mozilla/5.0 (Windows NT 10.0; Win64; x64) AppleWebKit/537.36 (KHTML, like Gecko) Chrome/151.0.0.0 Safari/537.36"
140.111.67.10 - - [17/Aug/2026:15:33:20 +0800] "GET /" 301 273 "-" "-"
61.220.208.120 - - [17/Aug/2026:15:33:19 +0800] "GET /wp-content/uploads/sites/1482/2025/04/13-1024x724.png HTTP/1.1" 200 586132 "https://www.chjh.ilc.edu.tw/" "Mozilla/5.0 (Windows NT 10.0; Win64; x64) AppleWebKit/537.36 (KHTML, like Gecko) Chrome/151.0.0.0 Safari/537.36"
61.220.208.120 - - [17/Aug/2026:15:33:19 +0800] "GET /wp-content/uploads/sites/1482/2025/04/4_2-1024x724.png HTTP/1.1" 200 622434 "https://www.chjh.ilc.edu.tw/" "Mozilla/5.0 (Windows NT 10.0; Win64; x64) AppleWebKit/537.36 (KHTML, like Gecko) Chrome/151.0.0.0 Safari/537.36"
61.220.208.120 - - [17/Aug/2026:15:33:19 +0800] "GET /wp-content/uploads/sites/1482/2025/05/25-1024x724.png HTTP/1.1" 200 399654 "https://www.chjh.ilc.edu.tw/" "Mozilla/5.0 (Windows NT 10.0; Win64; x64) AppleWebKit/537.36 (KHTML, like Gecko) Chrome/151.0.0.0 Safari/537.36"
61.220.208.120 - - [17/Aug/2026:15:33:19 +0800] "GET /wp-content/uploads/sites/1482/2025/04/24-1024x724.png HTTP/1.1" 200 635836 "https://www.chjh.ilc.edu.tw/" "Mozilla/5.0 (Windows NT 10.0; Win64; x64) AppleWebKit/537.36 (KHTML, like Gecko) Chrome/151.0.0.0 Safari/537.36"
