61.220.208.120 - - [17/Aug/2026:15:33:19 +0800] "GET /wp-content/uploads/sites/1482/2025/04/34-1024x724.png HTTP/1.1" 200 626196 "https://www.chjh.ilc.edu.tw/" "Mozilla/5.0 (Windows NT 10.0; Win64; x64) AppleWebKit/537.36 (KHTML, like Gecko) Chrome/151.0.0.0 Safari/537.36"
61.220.208.120 - - [17/Aug/2026:15:33:19 +0800] "GET /wp-content/uploads/sites/1482/2025/04/113%E5%AD%B8%E5%B9%B4%E7%B0%A1%E5%A0%B1%E9%81%94%E4%BA%BA%E5%85%AC%E5%91%8A.png HTTP/1.1" 200 255245 "https://www.chjh.ilc.edu.tw/" "Mozilla/5.0 (Windows NT 10.0; Win64; x64) AppleWebKit/537.36 (KHTML, like Gecko) Chrome/151.0.0.0 Safari/537.36"
::1 - - [17/Aug/2026:15:33:20 +0800] "OPTIONS * HTTP/1.0" 200 110 "-" "Apache/2.4.68 (Ubuntu) OpenSSL/3.0.19 (internal dummy connection)"
2001:288:a201::66:125 - - [17/Aug/2026:15:33:20 +0800] "GET /blog/active.php HTTP/1.1" 301 1026 "-" "-"
2001:288:a201::66:125 - - [17/Aug/2026:15:33:20 +0800] "GET /blog/active.php HTTP/1.1" 404 1084 "-" "-"
66.249.68.200 - - [17/Aug/2026:15:33:20 +0800] "GET /shjes111/wp-content/uploads/sites/3727/2023/01/%E5%85%AD%E4%B8%8A%E7%BF%B0%E6%9E%97%E7%B6%9C%E5%90%88-%E6%99%82%E9%96%93%E7%AE%A1%E7%90%86%E5%B8%AB.docx HTTP/1.1" 200 30633 "-" "Mozilla/5.0 (Linux; Android 6.0.1; Nexus 5X Build/MMB29P) AppleWebKit/537.36 (KHTML, like Gecko) Chrome/150.0.7871.186 Mobile Safari/537.36 (compatible; Googlebot/2.1; +http://www.google.com/bot.html)"
61.220.208.120 - - [17/Aug/2026:15:33:20 +0800] "GET /wp-content/uploads/sites/1482/2025/04/911%E4%BD%B3%E4%BD%9C-1024x724.jpg HTTP/1.1" 200 134650 "https://www.chjh.ilc.edu.tw/" "Mozilla/5.0 (Windows NT 10.0; Win64; x64) AppleWebKit/537.36 (KHTML, like Gecko) Chrome/151.0.0.0 Safari/537.36"
61.220.208.120 - - [17/Aug/2026:15:33:21 +0800] "GET /wp-content/uploads/sites/1482/2025/04/Yellow-Black-and-White-Modern-Congratulations-A4-1024x724.png HTTP/1.1" 200 313832 "https://www.chjh.ilc.edu.tw/" "Mozilla/5.0 (Windows NT 10.0; Win64; x64) AppleWebKit/537.36 (KHTML, like Gecko) Chrome/151.0.0.0 Safari/537.36"
61.220.208.120 - - [17/Aug/2026:15:33:21 +0800] "GET /wp-content/uploads/sites/1482/2025/03/12-1024x724.png HTTP/1.1" 200 569352 "https://www.chjh.ilc.edu.tw/" "Mozilla/5.0 (Windows NT 10.0; Win64; x64) AppleWebKit/537.36 (KHTML, like Gecko) Chrome/151.0.0.0 Safari/537.36"
61.220.208.120 - - [17/Aug/2026:15:33:21 +0800] "GET /wp-content/uploads/sites/1482/2025/03/33-1024x724.png HTTP/1.1" 200 549165 "https://www.chjh.ilc.edu.tw/" "Mozilla/5.0 (Windows NT 10.0; Win64; x64) AppleWebKit/537.36 (KHTML, like Gecko) Chrome/151.0.0.0 Safari/537.36"
61.220.208.120 - - [17/Aug/2026:15:33:21 +0800] "GET /wp-content/uploads/sites/1482/2025/03/23-1024x724.png HTTP/1.1" 200 548809 "https://www.chjh.ilc.edu.tw/" "Mozilla/5.0 (Windows NT 10.0; Win64; x64) AppleWebKit/537.36 (KHTML, like Gecko) Chrome/151.0.0.0 Safari/537.36"
61.220.208.120 - - [17/Aug/2026:15:33:21 +0800] "GET /wp-content/uploads/sites/1482/2025/02/%E6%9E%97%E7%87%88%E7%9B%83%E7%A7%91%E5%AD%B8%E7%AB%B6%E8%B3%BD-1024x683.png HTTP/1.1" 200 323756 "https://www.chjh.ilc.edu.tw/" "Mozilla/5.0 (Windows NT 10.0; Win64; x64) AppleWebKit/537.36 (KHTML, like Gecko) Chrome/151.0.0.0 Safari/537.36"
61.220.208.120 - - [17/Aug/2026:15:33:21 +0800] "GET /wp-content/uploads/sites/1482/2024/12/Blue-and-Gold-Simple-Congratulations-Instagram-Post-1.png HTTP/1.1" 200 445623 "https://www.chjh.ilc.edu.tw/" "Mozilla/5.0 (Windows NT 10.0; Win64; x64) AppleWebKit/537.36 (KHTML, like Gecko) Chrome/151.0.0.0 Safari/537.36"
61.220.208.120 - - [17/Aug/2026:15:33:21 +0800] "GET /wp-content/uploads/sites/1482/2025/02/Blue-and-White-Simple-Congratulations-Card-3-1024x683.png HTTP/1.1" 200 281534 "https://www.chjh.ilc.edu.tw/" "Mozilla/5.0 (Windows NT 10.0; Win64; x64) AppleWebKit/537.36 (KHTML, like Gecko) Chrome/151.0.0.0 Safari/537.36"
61.220.208.120 - - [17/Aug/2026:15:33:21 +0800] "GET /wp-content/uploads/sites/1482/2025/02/%E5%9C%8B%E4%B8%ADScratch%E7%94%9F%E6%B4%BB%E6%87%89%E7%94%A8%E7%B5%84.png HTTP/1.1" 200 475327 "https://www.chjh.ilc.edu.tw/" "Mozilla/5.0 (Windows NT 10.0; Win64; x64) AppleWebKit/537.36 (KHTML, like Gecko) Chrome/151.0.0.0 Safari/537.36"
61.220.208.120 - - [17/Aug/2026:15:33:21 +0800] "GET /wp-content/uploads/sites/1482/2025/02/%E5%9C%8B%E4%B8%ADAPP%E6%95%B8%E7%90%86%E8%A7%A3%E9%A1%8C%E7%B5%84.png HTTP/1.1" 200 432973 "https://www.chjh.ilc.edu.tw/" "Mozilla/5.0 (Windows NT 10.0; Win64; x64) AppleWebKit/537.36 (KHTML, like Gecko) Chrome/151.0.0.0 Safari/537.36"
61.220.208.120 - - [17/Aug/2026:15:33:21 +0800] "GET /wp-content/uploads/sites/1482/2025/02/%E5%9C%8B%E4%B8%AD%E6%A9%9F%E6%A7%8B%E7%B5%90%E6%A7%8B%E7%B5%84.png HTTP/1.1" 200 412516 "https://www.chjh.ilc.edu.tw/" "Mozilla/5.0 (Windows NT 10.0; Win64; x64) AppleWebKit/537.36 (KHTML, like Gecko) Chrome/151.0.0.0 Safari/537.36"
61.220.208.120 - - [17/Aug/2026:15:33:21 +0800] "GET /wp-content/uploads/sites/1482/2024/12/Light-blue-playful-santas-nice-list-certificate-1024x724.png HTTP/1.1" 200 415738 "https://www.chjh.ilc.edu.tw/" "Mozilla/5.0 (Windows NT 10.0; Win64; x64) AppleWebKit/537.36 (KHTML, like Gecko) Chrome/151.0.0.0 Safari/537.36"
61.220.208.120 - - [17/Aug/2026:15:33:21 +0800] "GET /wp-content/uploads/sites/1482/2024/12/31-1024x647.png HTTP/1.1" 200 328814 "https://www.chjh.ilc.edu.tw/" "Mozilla/5.0 (Windows NT 10.0; Win64; x64) AppleWebKit/537.36 (KHTML, like Gecko) Chrome/151.0.0.0 Safari/537.36"
61.220.208.120 - - [17/Aug/2026:15:33:21 +0800] "GET /wp-content/uploads/sites/1482/2024/12/21-1024x647.png HTTP/1.1" 200 347177 "https://www.chjh.ilc.edu.tw/" "Mozilla/5.0 (Windows NT 10.0; Win64; x64) AppleWebKit/537.36 (KHTML, like Gecko) Chrome/151.0.0.0 Safari/537.36"
61.220.208.120 - - [17/Aug/2026:15:33:21 +0800] "GET /wp-content/uploads/sites/1482/2024/12/11-1024x647.png HTTP/1.1" 200 352051 "https://www.chjh.ilc.edu.tw/" "Mozilla/5.0 (Windows NT 10.0; Win64; x64) AppleWebKit/537.36 (KHTML, like Gecko) Chrome/151.0.0.0 Safari/537.36"
61.220.208.120 - - [17/Aug/2026:15:33:21 +0800] "GET /wp-content/uploads/sites/1482/2024/12/4_1-1024x647.png HTTP/1.1" 200 309706 "https://www.chjh.ilc.edu.tw/" "Mozilla/5.0 (Windows NT 10.0; Win64; x64) AppleWebKit/537.36 (KHTML, like Gecko) Chrome/151.0.0.0 Safari/537.36"
61.220.208.120 - - [17/Aug/2026:15:33:22 +0800] "GET /wp-content/uploads/sites/1482/2024/11/messageImage_1732610199011-1024x576.jpg HTTP/1.1" 200 160539 "https://www.chjh.ilc.edu.tw/" "Mozilla/5.0 (Windows NT 10.0; Win64; x64) AppleWebKit/537.36 (KHTML, like Gecko) Chrome/151.0.0.0 Safari/537.36"
61.220.208.120 - - [17/Aug/2026:15:33:22 +0800] "GET /wp-content/uploads/sites/1482/2024/11/22-1024x576.jpg HTTP/1.1" 200 87947 "https://www.chjh.ilc.edu.tw/" "Mozilla/5.0 (Windows NT 10.0; Win64; x64) AppleWebKit/537.36 (KHTML, like Gecko) Chrome/151.0.0.0 Safari/537.36"
61.220.208.120 - - [17/Aug/2026:15:33:22 +0800] "GET /wp-content/uploads/sites/1482/2024/11/113%E5%AD%B8%E5%B9%B4%E5%BA%A6%E5%AE%9C%E8%98%AD%E7%B8%A3%E9%9F%B3%E6%A8%82%E6%AF%94%E8%B3%BD%E6%A6%9C%E5%96%AE-1024x576.jpg HTTP/1.1" 200 139607 "https://www.chjh.ilc.edu.tw/" "Mozilla/5.0 (Windows NT 10.0; Win64; x64) AppleWebKit/537.36 (KHTML, like Gecko) Chrome/151.0.0.0 Safari/537.36"
61.220.208.120 - - [17/Aug/2026:15:33:22 +0800] "GET /wp-content/uploads/sites/1482/2024/11/12-1024x576.jpg HTTP/1.1" 200 88002 "https://www.chjh.ilc.edu.tw/" "Mozilla/5.0 (Windows NT 10.0; Win64; x64) AppleWebKit/537.36 (KHTML, like Gecko) Chrome/151.0.0.0 Safari/537.36"
61.220.208.120 - - [17/Aug/2026:15:33:22 +0800] "GET /wp-content/uploads/sites/1482/2024/11/113%E5%AD%B8%E5%B9%B4%E5%BA%A6%E5%AE%9C%E8%98%AD%E7%B8%A3%E9%9F%B3%E6%A8%82%E6%AF%94%E8%B3%BD%E5%80%8B%E4%BA%BA%E8%B3%BD%E6%A6%9C%E5%96%AE-1024x576.png HTTP/1.1" 200 680770 "https://www.chjh.ilc.edu.tw/" "Mozilla/5.0 (Windows NT 10.0; Win64; x64) AppleWebKit/537.36 (KHTML, like Gecko) Chrome/151.0.0.0 Safari/537.36"
61.220.208.120 - - [17/Aug/2026:15:33:22 +0800] "GET /wp-content/uploads/sites/1482/2024/11/messageImage_1732607904017-1024x578.jpg HTTP/1.1" 200 107824 "https://www.chjh.ilc.edu.tw/" "Mozilla/5.0 (Windows NT 10.0; Win64; x64) AppleWebKit/537.36 (KHTML, like Gecko) Chrome/151.0.0.0 Safari/537.36"
61.220.208.120 - - [17/Aug/2026:15:33:22 +0800] "GET /wp-content/uploads/sites/1482/2024/11/special-offer-1-1024x819.png HTTP/1.1" 200 1303147 "https://www.chjh.ilc.edu.tw/" "Mozilla/5.0 (Windows NT 10.0; Win64; x64) AppleWebKit/537.36 (KHTML, like Gecko) Chrome/151.0.0.0 Safari/537.36"
61.220.208.120 - - [17/Aug/2026:15:33:23 +0800] "GET /wp-content/uploads/sites/1482/2024/11/4-1024x576.jpg HTTP/1.1" 200 88028 "https://www.chjh.ilc.edu.tw/" "Mozilla/5.0 (Windows NT 10.0; Win64; x64) AppleWebKit/537.36 (KHTML, like Gecko) Chrome/151.0.0.0 Safari/537.36"
61.220.208.120 - - [17/Aug/2026:15:33:23 +0800] "GET /wp-content/uploads/sites/1482/2024/11/32-1024x576.jpg HTTP/1.1" 200 87986 "https://www.chjh.ilc.edu.tw/" "Mozilla/5.0 (Windows NT 10.0; Win64; x64) AppleWebKit/537.36 (KHTML, like Gecko) Chrome/151.0.0.0 Safari/537.36"
61.220.208.120 - - [17/Aug/2026:15:33:23 +0800] "GET /wp-content/uploads/sites/1482/2024/10/113%E7%B8%A3%E9%95%B7%E7%9B%83%E6%88%90%E7%B8%BE.jpg HTTP/1.1" 200 132560 "https://www.chjh.ilc.edu.tw/" "Mozilla/5.0 (Windows NT 10.0; Win64; x64) AppleWebKit/537.36 (KHTML, like Gecko) Chrome/151.0.0.0 Safari/537.36"
61.220.208.120 - - [17/Aug/2026:15:33:23 +0800] "GET /wp-content/uploads/sites/1482/2024/10/113%E5%AD%B8%E5%B9%B4%E5%BA%A6%E5%AE%9C%E8%98%AD%E7%B8%A3%E5%AD%B8%E7%94%9F%E7%BE%8E%E8%A1%93%E6%AF%94%E8%B3%BD%E5%BE%97%E7%8D%8E%E5%90%8D%E5%96%AE-1-1024x576.jpg HTTP/1.1" 200 118326 "https://www.chjh.ilc.edu.tw/" "Mozilla/5.0 (Windows NT 10.0; Win64; x64) AppleWebKit/537.36 (KHTML, like Gecko) Chrome/151.0.0.0 Safari/537.36"
61.220.208.120 - - [17/Aug/2026:15:33:23 +0800] "GET /wp-content/uploads/sites/1482/2024/10/19F91BED-BADA-4B34-952C-7B19F9B13D83_0.jpg HTTP/1.1" 200 155029 "https://www.chjh.ilc.edu.tw/" "Mozilla/5.0 (Windows NT 10.0; Win64; x64) AppleWebKit/537.36 (KHTML, like Gecko) Chrome/151.0.0.0 Safari/537.36"
61.220.208.120 - - [17/Aug/2026:15:33:23 +0800] "GET /wp-content/uploads/sites/1482/2024/10/6B7BC776-21DF-4913-A28E-9B3F623A6260_0.jpg HTTP/1.1" 200 169132 "https://www.chjh.ilc.edu.tw/" "Mozilla/5.0 (Windows NT 10.0; Win64; x64) AppleWebKit/537.36 (KHTML, like Gecko) Chrome/151.0.0.0 Safari/537.36"
61.220.208.120 - - [17/Aug/2026:15:33:23 +0800] "GET /wp-content/uploads/sites/1482/2024/10/4A3AFCFD-4705-4649-A6BD-0E07373961C8_0.jpg HTTP/1.1" 200 147173 "https://www.chjh.ilc.edu.tw/" "Mozilla/5.0 (Windows NT 10.0; Win64; x64) AppleWebKit/537.36 (KHTML, like Gecko) Chrome/151.0.0.0 Safari/537.36"
61.220.208.120 - - [17/Aug/2026:15:33:23 +0800] "GET /wp-content/uploads/sites/1482/2024/10/C0CC2755-4AFC-4F12-947D-FF0EDD733123_0.jpg HTTP/1.1" 200 174535 "https://www.chjh.ilc.edu.tw/" "Mozilla/5.0 (Windows NT 10.0; Win64; x64) AppleWebKit/537.36 (KHTML, like Gecko) Chrome/151.0.0.0 Safari/537.36"
61.220.208.120 - - [17/Aug/2026:15:33:23 +0800] "GET /wp-content/uploads/sites/1482/2024/09/112%E5%AD%B8%E5%B9%B4%E5%BA%A6%E7%B8%BE%E5%84%AA%E5%AE%B6%E9%95%B7%E6%9C%83-1024x576.jpg HTTP/1.1" 200 92294 "https://www.chjh.ilc.edu.tw/" "Mozilla/5.0 (Windows NT 10.0; Win64; x64) AppleWebKit/537.36 (KHTML, like Gecko) Chrome/151.0.0.0 Safari/537.36"
61.220.208.120 - - [17/Aug/2026:15:33:23 +0800] "GET /wp-content/uploads/sites/1482/2024/09/11-1024x576.jpg HTTP/1.1" 200 109667 "https://www.chjh.ilc.edu.tw/" "Mozilla/5.0 (Windows NT 10.0; Win64; x64) AppleWebKit/537.36 (KHTML, like Gecko) Chrome/151.0.0.0 Safari/537.36"
61.220.208.120 - - [17/Aug/2026:15:33:23 +0800] "GET /wp-content/uploads/sites/1482/2024/09/21-1024x576.jpg HTTP/1.1" 200 110653 "https://www.chjh.ilc.edu.tw/" "Mozilla/5.0 (Windows NT 10.0; Win64; x64) AppleWebKit/537.36 (KHTML, like Gecko) Chrome/151.0.0.0 Safari/537.36"
61.220.208.120 - - [17/Aug/2026:15:33:23 +0800] "GET /wp-content/uploads/sites/1482/2024/09/6_0-1024x576.jpg HTTP/1.1" 200 107138 "https://www.chjh.ilc.edu.tw/" "Mozilla/5.0 (Windows NT 10.0; Win64; x64) AppleWebKit/537.36 (KHTML, like Gecko) Chrome/151.0.0.0 Safari/537.36"
140.111.67.195 - - [17/Aug/2026:15:33:23 +0800] "GET /wp-admin/admin-post.php?action=steps_ad HTTP/1.1" 200 1973 "-" "node-fetch/1.0 (+https://github.com/bitinn/node-fetch)"
61.220.208.120 - - [17/Aug/2026:15:33:23 +0800] "GET /wp-content/uploads/sites/1482/2024/09/5_0-1024x576.jpg HTTP/1.1" 200 112387 "https://www.chjh.ilc.edu.tw/" "Mozilla/5.0 (Windows NT 10.0; Win64; x64) AppleWebKit/537.36 (KHTML, like Gecko) Chrome/151.0.0.0 Safari/537.36"
61.220.208.120 - - [17/Aug/2026:15:33:23 +0800] "GET /wp-content/uploads/sites/1482/2024/09/4_0-1024x576.jpg HTTP/1.1" 200 107126 "https://www.chjh.ilc.edu.tw/" "Mozilla/5.0 (Windows NT 10.0; Win64; x64) AppleWebKit/537.36 (KHTML, like Gecko) Chrome/151.0.0.0 Safari/537.36"
61.220.208.120 - - [17/Aug/2026:15:33:23 +0800] "GET /wp-content/uploads/sites/1482/2024/09/31-1024x576.jpg HTTP/1.1" 200 105049 "https://www.chjh.ilc.edu.tw/" "Mozilla/5.0 (Windows NT 10.0; Win64; x64) AppleWebKit/537.36 (KHTML, like Gecko) Chrome/151.0.0.0 Safari/537.36"
61.220.208.120 - - [17/Aug/2026:15:33:23 +0800] "GET /wp-content/uploads/sites/1482/2024/09/7_0-1024x576.jpg HTTP/1.1" 200 112262 "https://www.chjh.ilc.edu.tw/" "Mozilla/5.0 (Windows NT 10.0; Win64; x64) AppleWebKit/537.36 (KHTML, like Gecko) Chrome/151.0.0.0 Safari/537.36"
61.220.208.120 - - [17/Aug/2026:15:33:23 +0800] "GET /wp-content/uploads/sites/1482/2024/09/%E5%85%A8%E5%9C%8B%E7%A7%91%E5%B1%95%E6%81%AD%E8%B3%80%E6%B5%B7%E5%A0%B1-1024x724.jpg HTTP/1.1" 200 121729 "https://www.chjh.ilc.edu.tw/" "Mozilla/5.0 (Windows NT 10.0; Win64; x64) AppleWebKit/537.36 (KHTML, like Gecko) Chrome/151.0.0.0 Safari/537.36"
61.220.208.120 - - [17/Aug/2026:15:33:23 +0800] "GET /wp-content/uploads/sites/1482/2024/09/%E4%B8%AD%E8%8F%AF%E5%9C%8B%E4%B8%AD113%E5%B9%B4%E7%89%B9%E6%AE%8A%E5%84%AA%E8%89%AF%E6%95%99%E5%B8%AB%E6%A9%AB1-1024x576.jpg HTTP/1.1" 200 119919 "https://www.chjh.ilc.edu.tw/" "Mozilla/5.0 (Windows NT 10.0; Win64; x64) AppleWebKit/537.36 (KHTML, like Gecko) Chrome/151.0.0.0 Safari/537.36"
61.220.208.120 - - [17/Aug/2026:15:33:23 +0800] "GET /wp-content/uploads/sites/1482/2024/09/%E6%84%9B%E5%BF%83%E5%BF%97%E5%B7%A5%E7%8D%B2%E7%8D%8E-1024x576.jpg HTTP/1.1" 200 107730 "https://www.chjh.ilc.edu.tw/" "Mozilla/5.0 (Windows NT 10.0; Win64; x64) AppleWebKit/537.36 (KHTML, like Gecko) Chrome/151.0.0.0 Safari/537.36"
61.220.208.120 - - [17/Aug/2026:15:33:23 +0800] "GET /wp-content/uploads/sites/1482/2024/08/42-1-1024x724.png HTTP/1.1" 200 224086 "https://www.chjh.ilc.edu.tw/" "Mozilla/5.0 (Windows NT 10.0; Win64; x64) AppleWebKit/537.36 (KHTML, like Gecko) Chrome/151.0.0.0 Safari/537.36"
61.220.208.120 - - [17/Aug/2026:15:33:23 +0800] "GET /wp-content/uploads/sites/1482/2024/08/51-1024x724.png HTTP/1.1" 200 262375 "https://www.chjh.ilc.edu.tw/" "Mozilla/5.0 (Windows NT 10.0; Win64; x64) AppleWebKit/537.36 (KHTML, like Gecko) Chrome/151.0.0.0 Safari/537.36"
61.220.208.120 - - [17/Aug/2026:15:33:23 +0800] "GET /wp-content/uploads/sites/1482/2024/08/113-%E5%AF%A6%E9%A9%97%E7%8F%AD%E6%A6%9C%E5%96%AE_0-1-1024x724.png HTTP/1.1" 200 259428 "https://www.chjh.ilc.edu.tw/" "Mozilla/5.0 (Windows NT 10.0; Win64; x64) AppleWebKit/537.36 (KHTML, like Gecko) Chrome/151.0.0.0 Safari/537.36"
61.220.208.120 - - [17/Aug/2026:15:33:23 +0800] "GET /wp-content/uploads/sites/1482/2024/07/U13.%E6%9D%8E%E5%B0%9A%E6%BE%A4-%E5%AE%89%E6%9B%BC.%E9%98%BF%E6%8B%89%E6%9C%A8%E5%9C%96.jpg HTTP/1.1" 200 127219 "https://www.chjh.ilc.edu.tw/" "Mozilla/5.0 (Windows NT 10.0; Win64; x64) AppleWebKit/537.36 (KHTML, like Gecko) Chrome/151.0.0.0 Safari/537.36"
136.114.178.12 - - [17/Aug/2026:15:33:23 +0800] "GET /2013/09/17/%E7%8F%AD%E7%B4%9A%E7%B6%B2%E9%A0%81%E5%88%97%E8%A1%A8/ HTTP/1.1" 200 23747 "-" "Mozilla/5.0 (Macintosh; Intel Mac OS X 10_15_7) AppleWebKit/537.36 (KHTML, like Gecko) Chrome/120.0.0.0 Safari/537.36"
61.220.208.120 - - [17/Aug/2026:15:33:23 +0800] "GET /wp-content/uploads/sites/1482/2024/07/messageImage_1720946569567.jpg HTTP/1.1" 200 114602 "https://www.chjh.ilc.edu.tw/" "Mozilla/5.0 (Windows NT 10.0; Win64; x64) AppleWebKit/537.36 (KHTML, like Gecko) Chrome/151.0.0.0 Safari/537.36"
61.220.208.120 - - [17/Aug/2026:15:33:24 +0800] "GET /wp-content/uploads/sites/1482/2024/05/U13.%E6%9D%8E%E5%B0%9A%E6%BE%A4.jpg HTTP/1.1" 200 112278 "https://www.chjh.ilc.edu.tw/" "Mozilla/5.0 (Windows NT 10.0; Win64; x64) AppleWebKit/537.36 (KHTML, like Gecko) Chrome/151.0.0.0 Safari/537.36"
61.220.208.120 - - [17/Aug/2026:15:33:24 +0800] "GET /wp-content/uploads/sites/1482/2024/05/113%E5%9C%8B%E4%B8%AD%E7%B1%83%E7%90%83%E8%81%AF%E8%B3%BD%E6%88%90%E7%B8%BE.jpg HTTP/1.1" 200 109608 "https://www.chjh.ilc.edu.tw/" "Mozilla/5.0 (Windows NT 10.0; Win64; x64) AppleWebKit/537.36 (KHTML, like Gecko) Chrome/151.0.0.0 Safari/537.36"
61.220.208.120 - - [17/Aug/2026:15:33:24 +0800] "GET /wp-content/uploads/sites/1482/2024/05/113%E5%85%A8%E4%B8%AD%E9%81%8B%E6%88%90%E7%B8%BE.jpg HTTP/1.1" 200 107339 "https://www.chjh.ilc.edu.tw/" "Mozilla/5.0 (Windows NT 10.0; Win64; x64) AppleWebKit/537.36 (KHTML, like Gecko) Chrome/151.0.0.0 Safari/537.36"
61.220.208.120 - - [17/Aug/2026:15:33:24 +0800] "GET /wp-content/uploads/sites/1482/2024/04/%E7%B0%A1%E5%A0%B1%E9%81%94%E4%BA%BA%E7%AB%B6%E8%B3%BD%E6%A6%9C%E5%96%AE-1024x724.png HTTP/1.1" 200 208408 "https://www.chjh.ilc.edu.tw/" "Mozilla/5.0 (Windows NT 10.0; Win64; x64) AppleWebKit/537.36 (KHTML, like Gecko) Chrome/151.0.0.0 Safari/537.36"
61.220.208.120 - - [17/Aug/2026:15:33:24 +0800] "GET /wp-content/uploads/sites/1482/2024/04/1-1024x576.png HTTP/1.1" 200 352712 "https://www.chjh.ilc.edu.tw/" "Mozilla/5.0 (Windows NT 10.0; Win64; x64) AppleWebKit/537.36 (KHTML, like Gecko) Chrome/151.0.0.0 Safari/537.36"
61.220.208.120 - - [17/Aug/2026:15:33:24 +0800] "GET /wp-content/uploads/sites/1482/2024/04/2-1024x576.png HTTP/1.1" 200 331850 "https://www.chjh.ilc.edu.tw/" "Mozilla/5.0 (Windows NT 10.0; Win64; x64) AppleWebKit/537.36 (KHTML, like Gecko) Chrome/151.0.0.0 Safari/537.36"
61.220.208.120 - - [17/Aug/2026:15:33:24 +0800] "GET /wp-content/uploads/sites/1482/2024/04/%E6%A6%9C%E5%96%AE1-1024x724.png HTTP/1.1" 200 206501 "https://www.chjh.ilc.edu.tw/" "Mozilla/5.0 (Windows NT 10.0; Win64; x64) AppleWebKit/537.36 (KHTML, like Gecko) Chrome/151.0.0.0 Safari/537.36"
61.220.208.120 - - [17/Aug/2026:15:33:24 +0800] "GET /wp-content/uploads/sites/1482/2024/04/1-1024x724.jpg HTTP/1.1" 200 153314 "https://www.chjh.ilc.edu.tw/" "Mozilla/5.0 (Windows NT 10.0; Win64; x64) AppleWebKit/537.36 (KHTML, like Gecko) Chrome/151.0.0.0 Safari/537.36"
61.220.208.120 - - [17/Aug/2026:15:33:24 +0800] "GET /wp-content/uploads/sites/1482/2024/04/%E5%96%AE%E5%AD%97%E7%8E%8B-1024x724.jpg HTTP/1.1" 200 154840 "https://www.chjh.ilc.edu.tw/" "Mozilla/5.0 (Windows NT 10.0; Win64; x64) AppleWebKit/537.36 (KHTML, like Gecko) Chrome/151.0.0.0 Safari/537.36"
61.220.208.120 - - [17/Aug/2026:15:33:24 +0800] "GET /wp-content/uploads/sites/1482/2024/03/%E9%99%B3%E6%98%B1%E7%91%8B%E5%85%A8%E5%9C%8B-%E9%AB%98%E8%83%A1-1024x576.jpg HTTP/1.1" 200 102800 "https://www.chjh.ilc.edu.tw/" "Mozilla/5.0 (Windows NT 10.0; Win64; x64) AppleWebKit/537.36 (KHTML, like Gecko) Chrome/151.0.0.0 Safari/537.36"
61.220.208.120 - - [17/Aug/2026:15:33:24 +0800] "GET /wp-content/uploads/sites/1482/2024/04/2-1024x724.jpg HTTP/1.1" 200 153494 "https://www.chjh.ilc.edu.tw/" "Mozilla/5.0 (Windows NT 10.0; Win64; x64) AppleWebKit/537.36 (KHTML, like Gecko) Chrome/151.0.0.0 Safari/537.36"
61.220.208.120 - - [17/Aug/2026:15:33:24 +0800] "GET /wp-content/uploads/sites/1482/2024/03/%E7%8F%BE%E4%BB%A3%E8%88%9E-1024x576.jpg HTTP/1.1" 200 79157 "https://www.chjh.ilc.edu.tw/" "Mozilla/5.0 (Windows NT 10.0; Win64; x64) AppleWebKit/537.36 (KHTML, like Gecko) Chrome/151.0.0.0 Safari/537.36"
61.220.208.120 - - [17/Aug/2026:15:33:24 +0800] "GET /wp-content/uploads/sites/1482/2024/03/%E7%B5%B2%E7%AB%B9%E7%89%B9%E5%84%AA-1024x576.jpg HTTP/1.1" 200 89021 "https://www.chjh.ilc.edu.tw/" "Mozilla/5.0 (Windows NT 10.0; Win64; x64) AppleWebKit/537.36 (KHTML, like Gecko) Chrome/151.0.0.0 Safari/537.36"
61.220.208.120 - - [17/Aug/2026:15:33:24 +0800] "GET /wp-content/uploads/sites/1482/2024/01/1706524861030-1024x579.jpg HTTP/1.1" 200 96830 "https://www.chjh.ilc.edu.tw/" "Mozilla/5.0 (Windows NT 10.0; Win64; x64) AppleWebKit/537.36 (KHTML, like Gecko) Chrome/151.0.0.0 Safari/537.36"
61.220.208.120 - - [17/Aug/2026:15:33:24 +0800] "GET /wp-content/uploads/sites/1482/2024/01/1706524854228-1024x574.jpg HTTP/1.1" 200 91046 "https://www.chjh.ilc.edu.tw/" "Mozilla/5.0 (Windows NT 10.0; Win64; x64) AppleWebKit/537.36 (KHTML, like Gecko) Chrome/151.0.0.0 Safari/537.36"
61.220.208.120 - - [17/Aug/2026:15:33:24 +0800] "GET /wp-content/uploads/sites/1482/2024/01/U15.%E6%9E%97%E5%AD%9F%E5%B8%86.jpg HTTP/1.1" 200 106388 "https://www.chjh.ilc.edu.tw/" "Mozilla/5.0 (Windows NT 10.0; Win64; x64) AppleWebKit/537.36 (KHTML, like Gecko) Chrome/151.0.0.0 Safari/537.36"
61.220.208.120 - - [17/Aug/2026:15:33:24 +0800] "GET /wp-content/uploads/sites/1482/2024/01/112%E5%AD%B8%E5%B9%B4%E5%BA%A6%E7%A7%91%E6%8A%80%E7%AB%B6%E8%B3%BD-1024x576.jpg HTTP/1.1" 200 139408 "https://www.chjh.ilc.edu.tw/" "Mozilla/5.0 (Windows NT 10.0; Win64; x64) AppleWebKit/537.36 (KHTML, like Gecko) Chrome/151.0.0.0 Safari/537.36"
61.220.208.120 - - [17/Aug/2026:15:33:24 +0800] "GET /wp-content/uploads/sites/1482/2023/12/112%E5%AE%9C%E8%98%AD%E5%8D%80%E9%A0%90%E8%B3%BD%E6%88%90%E7%B8%BE.jpg HTTP/1.1" 200 124410 "https://www.chjh.ilc.edu.tw/" "Mozilla/5.0 (Windows NT 10.0; Win64; x64) AppleWebKit/537.36 (KHTML, like Gecko) Chrome/151.0.0.0 Safari/537.36"
61.220.208.120 - - [17/Aug/2026:15:33:24 +0800] "GET /wp-content/uploads/sites/1482/2023/12/112%E7%94%B0%E5%BE%91%E6%88%90%E7%B8%BE.jpg HTTP/1.1" 200 146710 "https://www.chjh.ilc.edu.tw/" "Mozilla/5.0 (Windows NT 10.0; Win64; x64) AppleWebKit/537.36 (KHTML, like Gecko) Chrome/151.0.0.0 Safari/537.36"
61.220.208.120 - - [17/Aug/2026:15:33:24 +0800] "GET /wp-content/uploads/sites/1482/2023/12/112%E4%B8%AD%E5%B0%8F%E5%AD%B8%E8%B7%86%E6%8B%B3%E9%81%93%E6%88%90%E7%B8%BE.jpg HTTP/1.1" 200 124638 "https://www.chjh.ilc.edu.tw/" "Mozilla/5.0 (Windows NT 10.0; Win64; x64) AppleWebKit/537.36 (KHTML, like Gecko) Chrome/151.0.0.0 Safari/537.36"
61.220.208.120 - - [17/Aug/2026:15:33:24 +0800] "GET /wp-content/uploads/sites/1482/2023/12/112%E4%B8%AD%E5%B0%8F%E5%AD%B8%E6%A1%8C%E7%90%83%E6%88%90%E7%B8%BE.jpg HTTP/1.1" 200 168319 "https://www.chjh.ilc.edu.tw/" "Mozilla/5.0 (Windows NT 10.0; Win64; x64) AppleWebKit/537.36 (KHTML, like Gecko) Chrome/151.0.0.0 Safari/537.36"
61.220.208.120 - - [17/Aug/2026:15:33:24 +0800] "GET /wp-content/uploads/sites/1482/2023/12/112%E4%B8%AD%E5%B0%8F%E5%AD%B8%E7%BE%BD%E7%90%83%E6%88%90%E7%B8%BE.jpg HTTP/1.1" 200 149114 "https://www.chjh.ilc.edu.tw/" "Mozilla/5.0 (Windows NT 10.0; Win64; x64) AppleWebKit/537.36 (KHTML, like Gecko) Chrome/151.0.0.0 Safari/537.36"
61.220.208.120 - - [17/Aug/2026:15:33:24 +0800] "GET /wp-content/plugins/elementor/assets/js/lightbox.94b920846d1e37cafb78.bundle.min.js HTTP/1.1" 200 10857 "https://www.chjh.ilc.edu.tw/" "Mozilla/5.0 (Windows NT 10.0; Win64; x64) AppleWebKit/537.36 (KHTML, like Gecko) Chrome/151.0.0.0 Safari/537.36"
61.220.208.120 - - [17/Aug/2026:15:33:24 +0800] "GET /wp-content/plugins/elementor/assets/lib/dialog/dialog.min.js?ver=4.9.0 HTTP/1.1" 200 4368 "https://www.chjh.ilc.edu.tw/" "Mozilla/5.0 (Windows NT 10.0; Win64; x64) AppleWebKit/537.36 (KHTML, like Gecko) Chrome/151.0.0.0 Safari/537.36"
61.220.208.120 - - [17/Aug/2026:15:33:24 +0800] "GET /wp-content/plugins/elementor/assets/lib/share-link/share-link.min.js?ver=3.22.3 HTTP/1.1" 200 2049 "https://www.chjh.ilc.edu.tw/" "Mozilla/5.0 (Windows NT 10.0; Win64; x64) AppleWebKit/537.36 (KHTML, like Gecko) Chrome/151.0.0.0 Safari/537.36"
61.220.208.120 - - [17/Aug/2026:15:33:24 +0800] "GET /wp-content/plugins/elementor/assets/js/image-carousel.4455c6362492d9067512.bundle.min.js HTTP/1.1" 200 1176 "https://www.chjh.ilc.edu.tw/" "Mozilla/5.0 (Windows NT 10.0; Win64; x64) AppleWebKit/537.36 (KHTML, like Gecko) Chrome/151.0.0.0 Safari/537.36"
61.220.208.120 - - [17/Aug/2026:15:33:24 +0800] "GET /wp-content/plugins/elementor/assets/lib/swiper/v8/swiper.min.js?ver=8.4.5 HTTP/1.1" 200 40708 "https://www.chjh.ilc.edu.tw/" "Mozilla/5.0 (Windows NT 10.0; Win64; x64) AppleWebKit/537.36 (KHTML, like Gecko) Chrome/151.0.0.0 Safari/537.36"
61.220.208.120 - - [17/Aug/2026:15:33:24 +0800] "GET /favicon.ico HTTP/1.1" 302 1036 "https://www.chjh.ilc.edu.tw/" "Mozilla/5.0 (Windows NT 10.0; Win64; x64) AppleWebKit/537.36 (KHTML, like Gecko) Chrome/151.0.0.0 Safari/537.36"
61.220.208.120 - - [17/Aug/2026:15:33:24 +0800] "GET /wp-includes/images/w-logo-blue-white-bg.png HTTP/1.1" 200 4946 "https://www.chjh.ilc.edu.tw/" "Mozilla/5.0 (Windows NT 10.0; Win64; x64) AppleWebKit/537.36 (KHTML, like Gecko) Chrome/151.0.0.0 Safari/537.36"
140.111.67.10 - - [17/Aug/2026:15:33:25 +0800] "GET /" 301 273 "-" "-"
136.114.178.12 - - [17/Aug/2026:15:33:22 +0800] "GET /2014/10/09/ HTTP/1.1" 200 18816 "-" "Mozilla/5.0 (Macintosh; Intel Mac OS X 10_15_7) AppleWebKit/537.36 (KHTML, like Gecko) Chrome/120.0.0.0 Safari/537.36"
140.111.67.195 - - [17/Aug/2026:15:33:25 +0800] "GET /wp-admin/admin-post.php?action=steps_ad HTTP/1.1" 200 1649 "-" "node-fetch/1.0 (+https://github.com/bitinn/node-fetch)"
66.249.71.64 - - [17/Aug/2026:15:33:25 +0800] "GET /12/2005/11/09/ HTTP/1.1" 200 14519 "-" "Mozilla/5.0 (Linux; Android 6.0.1; Nexus 5X Build/MMB29P) AppleWebKit/537.36 (KHTML, like Gecko) Chrome/150.0.7871.186 Mobile Safari/537.36 (compatible; Googlebot/2.1; +http://www.google.com/bot.html)"
2001:288:a201::66:125 - - [17/Aug/2026:15:33:25 +0800] "GET /blog/active.php HTTP/1.1" 301 1026 "-" "-"
2001:288:a201::66:125 - - [17/Aug/2026:15:33:25 +0800] "GET /blog/active.php HTTP/1.1" 404 1084 "-" "-"
35.170.49.60 - - [17/Aug/2026:15:33:25 +0800] "GET /blog/rss.php?blogId=6362&profile=rss20 HTTP/1.1" 404 5698 "-" "Mozilla/5.0 (compatible; FlipboardRSS/1.2; +http://flipboard.com/browserproxy)"
2001:4860:7:410::ee - - [17/Aug/2026:15:33:27 +0800] "GET / HTTP/1.1" 200 25721 "https://www.google.com/" "Mozilla/5.0 (Linux; Android 10; K) AppleWebKit/537.36 (KHTML, like Gecko) Chrome/151.0.0.0 Mobile Safari/537.36"
163.21.169.203 - - [17/Aug/2026:15:33:29 +0800] "-" 408 4802 "-" "-"
66.249.68.200 - - [17/Aug/2026:15:33:29 +0800] "GET /12/2008/12/ HTTP/1.1" 200 15224 "-" "Mozilla/5.0 (Linux; Android 6.0.1; Nexus 5X Build/MMB29P) AppleWebKit/537.36 (KHTML, like Gecko) Chrome/150.0.7871.186 Mobile Safari/537.36 (compatible; Googlebot/2.1; +http://www.google.com/bot.html)"
140.111.67.10 - - [17/Aug/2026:15:33:30 +0800] "GET /" 301 273 "-" "-"
124.219.109.111 - - [17/Aug/2026:15:33:30 +0800] "-" 408 339 "-" "-"
124.219.109.111 - - [17/Aug/2026:15:33:30 +0800] "-" 408 4793 "-" "-"
::1 - - [17/Aug/2026:15:33:30 +0800] "OPTIONS * HTTP/1.0" 200 110 "-" "Apache/2.4.68 (Ubuntu) OpenSSL/3.0.19 (internal dummy connection)"
52.167.144.174 - - [17/Aug/2026:15:33:30 +0800] "GET /?s=%E4%B8%AD%E8%88%88%E8%B2%A1%E9%87%91 HTTP/1.1" 200 20465 "-" "Mozilla/5.0 AppleWebKit/537.36 (KHTML, like Gecko; compatible; bingbot/2.0; +http://www.bing.com/bingbot.htm) Chrome/116.0.1938.76 Safari/537.36"
2001:288:a201::66:125 - - [17/Aug/2026:15:33:30 +0800] "GET /blog/active.php HTTP/1.1" 301 1026 "-" "-"
2001:288:a201::66:125 - - [17/Aug/2026:15:33:30 +0800] "GET /blog/active.php HTTP/1.1" 404 1084 "-" "-"
140.111.67.195 - - [17/Aug/2026:15:33:30 +0800] "GET /wp-admin/admin-post.php?action=steps_ad HTTP/1.1" 200 1973 "-" "node-fetch/1.0 (+https://github.com/bitinn/node-fetch)"
::1 - - [17/Aug/2026:15:33:31 +0800] "OPTIONS * HTTP/1.0" 200 110 "-" "Apache/2.4.68 (Ubuntu) OpenSSL/3.0.19 (internal dummy connection)"
140.111.67.195 - - [17/Aug/2026:15:33:32 +0800] "GET /wp-admin/admin-post.php?action=steps_ad HTTP/1.1" 200 1649 "-" "node-fetch/1.0 (+https://github.com/bitinn/node-fetch)"
::1 - - [17/Aug/2026:15:33:32 +0800] "OPTIONS * HTTP/1.0" 200 110 "-" "Apache/2.4.68 (Ubuntu) OpenSSL/3.0.19 (internal dummy connection)"
66.249.68.200 - - [17/Aug/2026:15:33:32 +0800] "GET /12/2006/06/15/%E5%AE%9C%E8%98%AD%E7%B8%A3%E6%B7%B1%E8%80%95%E8%BC%94%E5%B0%8E%E8%A8%AA%E8%A6%96-%E5%90%84%E6%A0%A1%E5%88%86%E5%90%88%E7%A7%91%E5%8F%8A%E5%95%8F%E9%A1%8C%E7%B8%BD%E5%BD%99%E6%95%B4/ HTTP/1.1" 200 11046 "-" "Mozilla/5.0 (Linux; Android 6.0.1; Nexus 5X Build/MMB29P) AppleWebKit/537.36 (KHTML, like Gecko) Chrome/150.0.7871.186 Mobile Safari/537.36 (compatible; Googlebot/2.1; +http://www.google.com/bot.html)"
::1 - - [17/Aug/2026:15:33:33 +0800] "OPTIONS * HTTP/1.0" 200 110 "-" "Apache/2.4.68 (Ubuntu) OpenSSL/3.0.19 (internal dummy connection)"
::1 - - [17/Aug/2026:15:33:34 +0800] "OPTIONS * HTTP/1.0" 200 110 "-" "Apache/2.4.68 (Ubuntu) OpenSSL/3.0.19 (internal dummy connection)"
140.111.67.10 - - [17/Aug/2026:15:33:35 +0800] "GET /" 301 273 "-" "-"
::1 - - [17/Aug/2026:15:33:35 +0800] "OPTIONS * HTTP/1.0" 200 110 "-" "Apache/2.4.68 (Ubuntu) OpenSSL/3.0.19 (internal dummy connection)"
2001:288:a23b:1:490f:c9fa:9c8e:f7c8 - - [17/Aug/2026:15:33:35 +0800] "-" 408 4799 "-" "-"
2001:288:a201::66:125 - - [17/Aug/2026:15:33:35 +0800] "GET /blog/active.php HTTP/1.1" 301 1026 "-" "-"
::1 - - [17/Aug/2026:15:33:36 +0800] "OPTIONS * HTTP/1.0" 200 110 "-" "Apache/2.4.68 (Ubuntu) OpenSSL/3.0.19 (internal dummy connection)"
2001:288:a201::66:125 - - [17/Aug/2026:15:33:35 +0800] "GET /blog/active.php HTTP/1.1" 404 1084 "-" "-"
::1 - - [17/Aug/2026:15:33:37 +0800] "OPTIONS * HTTP/1.0" 200 110 "-" "Apache/2.4.68 (Ubuntu) OpenSSL/3.0.19 (internal dummy connection)"
::1 - - [17/Aug/2026:15:33:38 +0800] "OPTIONS * HTTP/1.0" 200 110 "-" "Apache/2.4.68 (Ubuntu) OpenSSL/3.0.19 (internal dummy connection)"
124.219.109.111 - - [17/Aug/2026:15:33:38 +0800] "GET /wp-content/themes/oceanwp/assets/fonts/fontawesome/webfonts/fa-solid-900.woff2 HTTP/1.1" 200 151585 "https://www.saps.ilc.edu.tw/wp-content/cache/www.saps.ilc.edu.tw/wpfc-minified/2qvlks8r/9tlxt.css" "Mozilla/5.0 (Windows NT 10.0; Win64; x64) AppleWebKit/537.36 (KHTML, like Gecko) Chrome/151.0.0.0 Safari/537.36"
140.111.67.195 - - [17/Aug/2026:15:33:39 +0800] "GET /wp-admin/admin-post.php?action=steps_ad HTTP/1.1" 200 1973 "-" "node-fetch/1.0 (+https://github.com/bitinn/node-fetch)"
::1 - - [17/Aug/2026:15:33:39 +0800] "OPTIONS * HTTP/1.0" 200 110 "-" "Apache/2.4.68 (Ubuntu) OpenSSL/3.0.19 (internal dummy connection)"
140.111.67.195 - - [17/Aug/2026:15:33:39 +0800] "GET /wp-admin/admin-post.php?action=steps_ad HTTP/1.1" 200 1649 "-" "node-fetch/1.0 (+https://github.com/bitinn/node-fetch)"
140.111.67.10 - - [17/Aug/2026:15:33:40 +0800] "GET /" 301 273 "-" "-"
::1 - - [17/Aug/2026:15:33:40 +0800] "OPTIONS * HTTP/1.0" 200 110 "-" "Apache/2.4.68 (Ubuntu) OpenSSL/3.0.19 (internal dummy connection)"
2001:288:a201::66:125 - - [17/Aug/2026:15:33:40 +0800] "GET /blog/active.php HTTP/1.1" 301 1026 "-" "-"
2001:288:a201::66:125 - - [17/Aug/2026:15:33:40 +0800] "GET /blog/active.php HTTP/1.1" 404 1084 "-" "-"
2001:4860:7:810::fc - - [17/Aug/2026:15:33:41 +0800] "GET /868/44180/ HTTP/1.1" 200 20979 "https://www.google.com/" "Mozilla/5.0 (Windows NT 10.0; Win64; x64) AppleWebKit/537.36 (KHTML, like Gecko) Chrome/151.0.0.0 Safari/537.36"
140.111.67.195 - - [17/Aug/2026:15:33:41 +0800] "GET /wp-admin/admin-post.php?action=steps_ad HTTP/1.1" 200 1649 "-" "node-fetch/1.0 (+https://github.com/bitinn/node-fetch)"
66.249.79.202 - - [17/Aug/2026:15:33:42 +0800] "GET / HTTP/1.1" 301 937 "-" "Mozilla/5.0 (Linux; Android 6.0.1; Nexus 5X Build/MMB29P) AppleWebKit/537.36 (KHTML, like Gecko) Chrome/150.0.7871.186 Mobile Safari/537.36 (compatible; Googlebot/2.1; +http://www.google.com/bot.html)"
2001:4860:7:810::f2 - - [17/Aug/2026:15:33:43 +0800] "GET / HTTP/1.1" 200 31593 "https://www.google.com/" "Mozilla/5.0 (Linux; Android 10; K) AppleWebKit/537.36 (KHTML, like Gecko) Chrome/150.0.0.0 Mobile Safari/537.36"
140.111.67.10 - - [17/Aug/2026:15:33:45 +0800] "GET /" 301 273 "-" "-"
2001:288:a201::66:125 - - [17/Aug/2026:15:33:45 +0800] "GET /blog/active.php HTTP/1.1" 301 1026 "-" "-"
2001:288:a201::66:125 - - [17/Aug/2026:15:33:45 +0800] "GET /blog/active.php HTTP/1.1" 404 1084 "-" "-"
66.249.68.200 - - [17/Aug/2026:15:33:46 +0800] "POST /12/wp-json/ilc-summary/v1/popular-posts HTTP/1.1" 201 6049 "https://2blog.ilc.edu.tw/12/2006/06/15/%E5%AE%9C%E8%98%AD%E7%B8%A3%E6%B7%B1%E8%80%95%E8%BC%94%E5%B0%8E%E8%A8%AA%E8%A6%96-%E5%90%84%E6%A0%A1%E5%88%86%E5%90%88%E7%A7%91%E5%8F%8A%E5%95%8F%E9%A1%8C%E7%B8%BD%E5%BD%99%E6%95%B4/" "Mozilla/5.0 (Linux; Android 6.0.1; Nexus 5X Build/MMB29P) AppleWebKit/537.36 (KHTML, like Gecko) Chrome/150.0.7871.186 Mobile Safari/537.36 (compatible; Googlebot/2.1; +http://www.google.com/bot.html)"
52.167.144.230 - - [17/Aug/2026:15:33:46 +0800] "GET /?s=%E5%AE%9C%E8%98%AD%E7%B8%A3%E7%AB%8B%E6%AE%AF%E8%91%AC%E8%A8%AD%E6%96%BD%E7%AE%A1%E7%90%86%E8%87%AA%E6%B2%BB%E6%A2%9D%E4%BE%8B HTTP/1.1" 200 20541 "-" "Mozilla/5.0 AppleWebKit/537.36 (KHTML, like Gecko; compatible; bingbot/2.0; +http://www.bing.com/bingbot.htm) Chrome/116.0.1938.76 Safari/537.36"
2001:4860:7:510::ef - - [17/Aug/2026:15:33:48 +0800] "GET /1003/2013/07/29/%E7%8F%AD%E7%B4%9A%E7%B6%93%E7%87%9F%E5%B0%8F%E4%B8%80%E9%96%8B%E5%AD%B8%E7%9A%84%E7%9C%89%E7%9C%89%E8%A7%92%E8%A7%92/ HTTP/1.1" 200 23124 "https://www.google.com/" "Mozilla/5.0 (Windows NT 10.0; Win64; x64) AppleWebKit/537.36 (KHTML, like Gecko) Chrome/151.0.0.0 Safari/537.36"
140.111.67.10 - - [17/Aug/2026:15:33:50 +0800] "GET /" 301 273 "-" "-"
2001:288:a201::66:125 - - [17/Aug/2026:15:33:50 +0800] "GET /blog/active.php HTTP/1.1" 404 1084 "-" "-"
2001:288:a201::66:125 - - [17/Aug/2026:15:33:50 +0800] "GET /blog/active.php HTTP/1.1" 301 1026 "-" "-"
::1 - - [17/Aug/2026:15:33:51 +0800] "OPTIONS * HTTP/1.0" 200 110 "-" "Apache/2.4.68 (Ubuntu) OpenSSL/3.0.19 (internal dummy connection)"
140.111.67.195 - - [17/Aug/2026:15:33:51 +0800] "GET /wp-admin/admin-post.php?action=steps_ad HTTP/1.1" 200 1973 "-" "node-fetch/1.0 (+https://github.com/bitinn/node-fetch)"
140.111.67.195 - - [17/Aug/2026:15:33:52 +0800] "GET /wp-admin/admin-post.php?action=steps_ad HTTP/1.1" 200 1649 "-" "node-fetch/1.0 (+https://github.com/bitinn/node-fetch)"
140.111.67.10 - - [17/Aug/2026:15:33:55 +0800] "GET /" 301 273 "-" "-"
66.249.71.64 - - [17/Aug/2026:15:33:55 +0800] "GET /wp-content/uploads/sites/2793/6555/6555-564664.doc HTTP/1.1" 200 3379164 "-" "Mozilla/5.0 (Linux; Android 6.0.1; Nexus 5X Build/MMB29P) AppleWebKit/537.36 (KHTML, like Gecko) Chrome/150.0.7871.186 Mobile Safari/537.36 (compatible; Googlebot/2.1; +http://www.google.com/bot.html)"
2001:288:a201::66:125 - - [17/Aug/2026:15:33:55 +0800] "GET /blog/active.php HTTP/1.1" 404 1084 "-" "-"
2001:288:a201::66:125 - - [17/Aug/2026:15:33:55 +0800] "GET /blog/active.php HTTP/1.1" 301 1026 "-" "-"
::1 - - [17/Aug/2026:15:33:57 +0800] "OPTIONS * HTTP/1.0" 200 110 "-" "Apache/2.4.68 (Ubuntu) OpenSSL/3.0.19 (internal dummy connection)"
140.111.67.195 - - [17/Aug/2026:15:33:57 +0800] "GET /wp-admin/admin-post.php?action=steps_ad HTTP/1.1" 200 1973 "-" "node-fetch/1.0 (+https://github.com/bitinn/node-fetch)"
140.111.67.195 - - [17/Aug/2026:15:33:58 +0800] "GET /wp-admin/admin-post.php?action=steps_ad HTTP/1.1" 200 1649 "-" "node-fetch/1.0 (+https://github.com/bitinn/node-fetch)"
140.111.67.10 - - [17/Aug/2026:15:34:00 +0800] "GET /" 301 273 "-" "-"
2001:288:a201::66:125 - - [17/Aug/2026:15:34:00 +0800] "GET /blog/active.php HTTP/1.1" 404 1084 "-" "-"
2001:288:a201::66:125 - - [17/Aug/2026:15:34:00 +0800] "GET /blog/active.php HTTP/1.1" 301 1026 "-" "-"
2001:288:a201::67:81 - - [17/Aug/2026:15:34:01 +0800] "GET / HTTP/1.1" 200 56293 "-" "curl/7.81.0"
2001:288:a201::67:84 - - [17/Aug/2026:15:34:01 +0800] "GET / HTTP/1.1" 200 56293 "-" "curl/7.81.0"
111.82.202.24 - - [17/Aug/2026:15:34:02 +0800] "GET /wp-content/uploads/sites/1962/4719/4719-3363434.pdf HTTP/1.1" 200 404758 "https://www.google.com/" "Mozilla/5.0 (Linux; Android 10; K) AppleWebKit/537.36 (KHTML, like Gecko) Chrome/150.0.0.0 Mobile Safari/537.36"
66.249.79.200 - - [17/Aug/2026:15:34:03 +0800] "GET /wp-content/themes/oceanwp/assets/js/ow-slider.min.js HTTP/1.1" 200 6550 "https://www.cges.ilc.edu.tw/" "Mozilla/5.0 (Linux; Android 6.0.1; Nexus 5X Build/MMB29P) AppleWebKit/537.36 (KHTML, like Gecko) Chrome/150.0.7871.186 Mobile Safari/537.36 (compatible; Googlebot/2.1; +http://www.google.com/bot.html)"
2001:4860:7:810::f0 - - [17/Aug/2026:15:34:04 +0800] "GET /2226/archives/769 HTTP/1.1" 200 17548 "https://www.google.com/" "Mozilla/5.0 (Windows NT 10.0; Win64; x64) AppleWebKit/537.36 (KHTML, like Gecko) Chrome/151.0.0.0 Safari/537.36"
140.111.67.10 - - [17/Aug/2026:15:34:05 +0800] "GET /" 301 273 "-" "-"
39.14.25.27 - - [17/Aug/2026:15:34:05 +0800] "GET /2226/wp-content/cache/2blog.ilc.edu.tw/wpfc-minified/9a5l3gig/5wsjp.css HTTP/1.1" 200 20776 "https://2blog.ilc.edu.tw/2226/archives/769" "Mozilla/5.0 (Windows NT 10.0; Win64; x64) AppleWebKit/537.36 (KHTML, like Gecko) Chrome/151.0.0.0 Safari/537.36"
39.14.25.27 - - [17/Aug/2026:15:34:05 +0800] "GET /2226/wp-content/cache/2blog.ilc.edu.tw/wpfc-minified/6nlilr83/5wsjp.css HTTP/1.1" 200 45682 "https://2blog.ilc.edu.tw/2226/archives/769" "Mozilla/5.0 (Windows NT 10.0; Win64; x64) AppleWebKit/537.36 (KHTML, like Gecko) Chrome/151.0.0.0 Safari/537.36"
39.14.25.27 - - [17/Aug/2026:15:34:05 +0800] "GET /2226/wp-content/cache/2blog.ilc.edu.tw/wpfc-minified/1zs3oro9/5wsjp.css HTTP/1.1" 200 22912 "https://2blog.ilc.edu.tw/2226/archives/769" "Mozilla/5.0 (Windows NT 10.0; Win64; x64) AppleWebKit/537.36 (KHTML, like Gecko) Chrome/151.0.0.0 Safari/537.36"
39.14.25.27 - - [17/Aug/2026:15:34:05 +0800] "GET /2226/wp-content/cache/2blog.ilc.edu.tw/wpfc-minified/8vd0sswp/5wsjp.js HTTP/1.1" 200 6438 "https://2blog.ilc.edu.tw/2226/archives/769" "Mozilla/5.0 (Windows NT 10.0; Win64; x64) AppleWebKit/537.36 (KHTML, like Gecko) Chrome/151.0.0.0 Safari/537.36"
39.14.25.27 - - [17/Aug/2026:15:34:05 +0800] "GET /2226/wp-content/uploads/sites/2332/2226/2226-250307.jpg HTTP/1.1" 200 469658 "https://2blog.ilc.edu.tw/2226/archives/769" "Mozilla/5.0 (Windows NT 10.0; Win64; x64) AppleWebKit/537.36 (KHTML, like Gecko) Chrome/151.0.0.0 Safari/537.36"
39.14.25.27 - - [17/Aug/2026:15:34:05 +0800] "GET /2226/wp-content/cache/2blog.ilc.edu.tw/wpfc-minified/6mrwhmup/5wsjp.js HTTP/1.1" 200 40360 "https://2blog.ilc.edu.tw/2226/archives/769" "Mozilla/5.0 (Windows NT 10.0; Win64; x64) AppleWebKit/537.36 (KHTML, like Gecko) Chrome/151.0.0.0 Safari/537.36"
39.14.25.27 - - [17/Aug/2026:15:34:05 +0800] "GET /2226/wp-content/uploads/sites/2332/2226/2226-309431.jpg HTTP/1.1" 200 107337 "https://2blog.ilc.edu.tw/2226/archives/769" "Mozilla/5.0 (Windows NT 10.0; Win64; x64) AppleWebKit/537.36 (KHTML, like Gecko) Chrome/151.0.0.0 Safari/537.36"
2001:288:a201::66:125 - - [17/Aug/2026:15:34:05 +0800] "GET /blog/active.php HTTP/1.1" 404 1084 "-" "-"
2001:288:a201::66:125 - - [17/Aug/2026:15:34:05 +0800] "GET /blog/active.php HTTP/1.1" 301 1026 "-" "-"
39.14.25.27 - - [17/Aug/2026:15:34:05 +0800] "GET /2226/wp-content/uploads/sites/2332/2226/2226-221299.jpg HTTP/1.1" 200 53840 "https://2blog.ilc.edu.tw/2226/archives/769" "Mozilla/5.0 (Windows NT 10.0; Win64; x64) AppleWebKit/537.36 (KHTML, like Gecko) Chrome/151.0.0.0 Safari/537.36"
39.14.25.27 - - [17/Aug/2026:15:34:05 +0800] "GET /2226/wp-includes/js/hoverintent-js.min.js HTTP/1.1" 200 1597 "https://2blog.ilc.edu.tw/2226/archives/769" "Mozilla/5.0 (Windows NT 10.0; Win64; x64) AppleWebKit/537.36 (KHTML, like Gecko) Chrome/151.0.0.0 Safari/537.36"
2001:4860:7:810::ef - - [17/Aug/2026:15:34:05 +0800] "GET /868/44251/ HTTP/1.1" 200 20939 "https://www.google.com/" "Mozilla/5.0 (Windows NT 10.0; Win64; x64) AppleWebKit/537.36 (KHTML, like Gecko) Chrome/151.0.0.0 Safari/537.36"
39.14.25.27 - - [17/Aug/2026:15:34:05 +0800] "GET /2226/wp-includes/js/admin-bar.min.js HTTP/1.1" 200 2237 "https://2blog.ilc.edu.tw/2226/archives/769" "Mozilla/5.0 (Windows NT 10.0; Win64; x64) AppleWebKit/537.36 (KHTML, like Gecko) Chrome/151.0.0.0 Safari/537.36"
39.14.25.27 - - [17/Aug/2026:15:34:06 +0800] "GET /2226/wp-content/themes/textbook/assets/js/jquery.flexslider.js HTTP/1.1" 200 12801 "https://2blog.ilc.edu.tw/2226/archives/769" "Mozilla/5.0 (Windows NT 10.0; Win64; x64) AppleWebKit/537.36 (KHTML, like Gecko) Chrome/151.0.0.0 Safari/537.36"
39.14.25.27 - - [17/Aug/2026:15:34:06 +0800] "GET /2226/wp-content/themes/textbook/assets/js/functions.js HTTP/1.1" 200 1934 "https://2blog.ilc.edu.tw/2226/archives/769" "Mozilla/5.0 (Windows NT 10.0; Win64; x64) AppleWebKit/537.36 (KHTML, like Gecko) Chrome/151.0.0.0 Safari/537.36"
39.14.25.27 - - [17/Aug/2026:15:34:06 +0800] "GET /2226/wp-content/themes/textbook/assets/js/navigation.js HTTP/1.1" 200 2931 "https://2blog.ilc.edu.tw/2226/archives/769" "Mozilla/5.0 (Windows NT 10.0; Win64; x64) AppleWebKit/537.36 (KHTML, like Gecko) Chrome/151.0.0.0 Safari/537.36"
39.14.25.27 - - [17/Aug/2026:15:34:06 +0800] "GET /2226/wp-content/themes/textbook/assets/js/skip-link-focus-fix.js HTTP/1.1" 200 1351 "https://2blog.ilc.edu.tw/2226/archives/769" "Mozilla/5.0 (Windows NT 10.0; Win64; x64) AppleWebKit/537.36 (KHTML, like Gecko) Chrome/151.0.0.0 Safari/537.36"
61.61.219.114 - - [17/Aug/2026:15:34:06 +0800] "GET / HTTP/1.1" 200 31593 "https://www.google.com/" "Mozilla/5.0 (Windows NT 10.0; Win64; x64) AppleWebKit/537.36 (KHTML, like Gecko) Chrome/150.0.0.0 Safari/537.36 Edg/150.0.0.0"
61.61.219.114 - - [17/Aug/2026:15:34:06 +0800] "GET /wp-content/uploads/sites/3846/elementor/css/post-19.css HTTP/1.1" 304 5581 "https://www.ilc.edu.tw/" "Mozilla/5.0 (Windows NT 10.0; Win64; x64) AppleWebKit/537.36 (KHTML, like Gecko) Chrome/150.0.0.0 Safari/537.36 Edg/150.0.0.0"
39.14.25.27 - - [17/Aug/2026:15:34:06 +0800] "GET /2226/wp-content/uploads/sites/2332/2020/08/cropped-%E6%9D%9C%E9%B5%91.jpg HTTP/1.1" 200 291520 "https://2blog.ilc.edu.tw/2226/archives/769" "Mozilla/5.0 (Windows NT 10.0; Win64; x64) AppleWebKit/537.36 (KHTML, like Gecko) Chrome/151.0.0.0 Safari/537.36"
39.14.25.27 - - [17/Aug/2026:15:34:06 +0800] "POST /2226/wp-json/ilc-summary/v1/popular-posts HTTP/1.1" 201 1271 "https://2blog.ilc.edu.tw/2226/archives/769" "Mozilla/5.0 (Windows NT 10.0; Win64; x64) AppleWebKit/537.36 (KHTML, like Gecko) Chrome/151.0.0.0 Safari/537.36"
140.111.67.195 - - [17/Aug/2026:15:34:06 +0800] "GET /wp-admin/admin-post.php?action=steps_ad HTTP/1.1" 200 1973 "-" "node-fetch/1.0 (+https://github.com/bitinn/node-fetch)"
140.111.67.195 - - [17/Aug/2026:15:34:07 +0800] "GET /wp-admin/admin-post.php?action=steps_ad HTTP/1.1" 200 1973 "-" "node-fetch/1.0 (+https://github.com/bitinn/node-fetch)"
39.14.25.27 - - [17/Aug/2026:15:34:07 +0800] "GET /2226/wp-content/uploads/sites/2332/2020/08/cropped-212221-32x32.jpg HTTP/1.1" 200 1483 "https://2blog.ilc.edu.tw/2226/archives/769" "Mozilla/5.0 (Windows NT 10.0; Win64; x64) AppleWebKit/537.36 (KHTML, like Gecko) Chrome/151.0.0.0 Safari/537.36"
2001:4860:7:510::f4 - - [17/Aug/2026:15:34:08 +0800] "GET /11524/ HTTP/1.1" 200 22534 "https://www.google.com/" "Mozilla/5.0 (X11; CrOS x86_64 14541.0.0) AppleWebKit/537.36 (KHTML, like Gecko) Chrome/150.0.0.0 Safari/537.36"
140.111.67.195 - - [17/Aug/2026:15:34:08 +0800] "GET /wp-admin/admin-post.php?action=steps_ad HTTP/1.1" 200 1649 "-" "node-fetch/1.0 (+https://github.com/bitinn/node-fetch)"
140.111.67.10 - - [17/Aug/2026:15:34:10 +0800] "GET /" 301 273 "-" "-"
66.249.68.192 - - [17/Aug/2026:15:34:10 +0800] "GET /12/page/22/ HTTP/1.1" 200 16190 "-" "Mozilla/5.0 (Linux; Android 6.0.1; Nexus 5X Build/MMB29P) AppleWebKit/537.36 (KHTML, like Gecko) Chrome/150.0.7871.186 Mobile Safari/537.36 (compatible; Googlebot/2.1; +http://www.google.com/bot.html)"
2001:288:a201::66:125 - - [17/Aug/2026:15:34:10 +0800] "GET /blog/active.php HTTP/1.1" 404 1084 "-" "-"
2001:288:a201::66:125 - - [17/Aug/2026:15:34:10 +0800] "GET /blog/active.php HTTP/1.1" 301 1026 "-" "-"
66.249.68.201 - - [17/Aug/2026:15:34:11 +0800] "GET /hwalingwang/wp-content/uploads/sites/1656/2020/04/09-%E6%9A%AB%E5%81%9C%E6%8B%9B%E7%94%9F%E7%94%B3%E8%AB%8B%E6%9B%B8%E5%8F%8A%E5%88%87%E7%B5%90%E6%9B%B8-1081122.doc HTTP/1.1" 200 36868 "-" "Mozilla/5.0 (Linux; Android 6.0.1; Nexus 5X Build/MMB29P) AppleWebKit/537.36 (KHTML, like Gecko) Chrome/150.0.7871.186 Mobile Safari/537.36 (compatible; Googlebot/2.1; +http://www.google.com/bot.html)"
49.159.181.26 - - [17/Aug/2026:15:34:09 +0800] "POST /index.php?rest_route=/wp-statistics/v2/online HTTP/1.1" 200 1436 "https://www.jwes.ilc.edu.tw/" "Mozilla/5.0 (Windows NT 10.0; Win64; x64) AppleWebKit/537.36 (KHTML, like Gecko) Chrome/151.0.0.0 Safari/537.36"
2001:288:a217:1:a1a6:e226:579e:ddcc - - [17/Aug/2026:15:34:12 +0800] "GET /wp-content/uploads/sites/3846/2023/07/%E6%95%99%E8%82%B2%E8%99%95%E5%85%AB%E5%A4%A7%E6%96%B9%E9%87%9D.png HTTP/1.1" 200 200327 "https://it.ilc.edu.tw/" "Mozilla/5.0 (Windows NT 10.0; Win64; x64) AppleWebKit/537.36 (KHTML, like Gecko) Chrome/151.0.0.0 Safari/537.36"
140.111.67.195 - - [17/Aug/2026:15:34:12 +0800] "GET /wp-admin/admin-post.php?action=steps_ad HTTP/1.1" 200 1649 "-" "node-fetch/1.0 (+https://github.com/bitinn/node-fetch)"
2001:288:a217:1:a1a6:e226:579e:ddcc - - [17/Aug/2026:15:34:13 +0800] "GET /wp-content/uploads/sites/3846/2026/02/%E9%81%BF%E5%85%8D%E8%AA%A4%E5%85%A5%E8%A9%90%E9%A8%99%E7%B6%B2%E7%AB%99APP%E5%B0%8F%E5%B8%B8%E8%AD%98.jpg HTTP/1.1" 200 454833 "https://it.ilc.edu.tw/" "Mozilla/5.0 (Windows NT 10.0; Win64; x64) AppleWebKit/537.36 (KHTML, like Gecko) Chrome/151.0.0.0 Safari/537.36"
2001:288:a217:1:a1a6:e226:579e:ddcc - - [17/Aug/2026:15:34:13 +0800] "GET /wp-content/uploads/sites/3846/2026/08/%E8%BE%B2%E6%A5%AD%E9%83%A8%E5%BB%A3%E5%91%8A.jpg HTTP/1.1" 200 236462 "https://it.ilc.edu.tw/" "Mozilla/5.0 (Windows NT 10.0; Win64; x64) AppleWebKit/537.36 (KHTML, like Gecko) Chrome/151.0.0.0 Safari/537.36"
2001:288:a217:1:a1a6:e226:579e:ddcc - - [17/Aug/2026:15:34:13 +0800] "GET /wp-content/uploads/sites/3846/2026/06/%E5%AE%A3%E5%82%B3%E5%9C%96%E7%89%87.png HTTP/1.1" 200 1053112 "https://it.ilc.edu.tw/" "Mozilla/5.0 (Windows NT 10.0; Win64; x64) AppleWebKit/537.36 (KHTML, like Gecko) Chrome/151.0.0.0 Safari/537.36"
2001:288:a217:1:a1a6:e226:579e:ddcc - - [17/Aug/2026:15:34:13 +0800] "GET /wp-content/uploads/sites/3846/2026/06/2026%E5%AE%9C%E8%98%AD%E7%98%8B%E5%AD%B8%E7%BF%92-%E6%9A%91%E5%81%87_%E6%95%99%E8%82%B2%E8%99%95%E9%A6%96%E9%A0%81-1440-x-1080-%E5%83%8F%E7%B4%A0.png HTTP/1.1" 200 2046271 "https://it.ilc.edu.tw/" "Mozilla/5.0 (Windows NT 10.0; Win64; x64) AppleWebKit/537.36 (KHTML, like Gecko) Chrome/151.0.0.0 Safari/537.36"
140.111.67.10 - - [17/Aug/2026:15:34:15 +0800] "GET /" 301 273 "-" "-"
2001:288:a201::66:125 - - [17/Aug/2026:15:34:15 +0800] "GET /blog/active.php HTTP/1.1" 404 1084 "-" "-"
2001:288:a201::66:125 - - [17/Aug/2026:15:34:15 +0800] "GET /blog/active.php HTTP/1.1" 301 1026 "-" "-"
66.249.71.64 - - [17/Aug/2026:15:34:16 +0800] "GET /12/2010/04/26/4-26%E7%A4%BE%E6%9C%83%E7%A7%91%E9%A0%98%E5%9F%9F%E5%AD%B8%E7%BF%92%E5%B0%8F%E7%B5%84%E9%A0%AD%E5%9F%8E%E5%9C%8B%E4%B8%AD%E8%A8%AA%E8%A6%96/ HTTP/1.1" 200 15996 "-" "Mozilla/5.0 (Linux; Android 6.0.1; Nexus 5X Build/MMB29P) AppleWebKit/537.36 (KHTML, like Gecko) Chrome/150.0.7871.186 Mobile Safari/537.36 (compatible; Googlebot/2.1; +http://www.google.com/bot.html)"
2001:288:a245:1:6227:d82a:bd60:6a41 - - [17/Aug/2026:15:34:18 +0800] "GET /wp-content/themes/hueman/assets/front/img/opacity-10.png HTTP/1.1" 200 5709 "https://www.waldorf.ilc.edu.tw/wp-content/cache/www.waldorf.ilc.edu.tw/wpfc-minified/lwt2mv0t/6xg3.css" "Mozilla/5.0 (Windows NT 10.0; Win64; x64) AppleWebKit/537.36 (KHTML, like Gecko) Chrome/151.0.0.0 Safari/537.36"
2402:7500:578:1ba1:85de:cb89:6557:4afb - - [17/Aug/2026:15:34:19 +0800] "GET /wp-content/uploads/sites/3846/2023/05/cropped-%E6%95%99%E8%82%B2%E8%99%95logo-180x180.jpg HTTP/1.1" 200 11933 "-" "Mozilla/5.0 (iPhone; CPU iPhone OS 26_6_0 like Mac OS X) AppleWebKit/605.1.15 (KHTML, like Gecko) CriOS/151.0.7922.112 Mobile/15E148 Safari/604.1"
140.111.67.10 - - [17/Aug/2026:15:34:20 +0800] "GET /" 301 273 "-" "-"
2402:7500:578:1ba1:85de:cb89:6557:4afb - - [17/Aug/2026:15:34:20 +0800] "GET /wp-content/uploads/sites/3846/2023/05/cropped-%E6%95%99%E8%82%B2%E8%99%95logo-192x192.jpg HTTP/1.1" 200 12475 "-" "Mozilla/5.0 (iPhone; CPU iPhone OS 26_6_0 like Mac OS X) AppleWebKit/605.1.15 (KHTML, like Gecko) CriOS/151.0.7922.112 Mobile/15E148 Safari/604.1"
66.249.71.64 - - [17/Aug/2026:15:34:17 +0800] "GET /26150/2021/09/24/%E5%85%A7%E6%94%BF%E9%83%A8%E7%A7%BB%E6%B0%91%E7%BD%B2%E8%BE%A6%E7%90%86110%E5%B9%B4%E3%80%8C%E6%96%B0%E4%BD%8F%E6%B0%91%E6%95%B8%E4%BD%8D%E6%87%89%E7%94%A8%E8%B3%87%E8%A8%8A%E8%A8%88%E7%95%AB-2/ HTTP/1.1" 200 19280 "-" "Mozilla/5.0 (Linux; Android 6.0.1; Nexus 5X Build/MMB29P) AppleWebKit/537.36 (KHTML, like Gecko) Chrome/150.0.7871.186 Mobile Safari/537.36 (compatible; Googlebot/2.1; +http://www.google.com/bot.html)"
2001:288:a201::66:125 - - [17/Aug/2026:15:34:20 +0800] "GET /blog/active.php HTTP/1.1" 404 1084 "-" "-"
2001:288:a201::66:125 - - [17/Aug/2026:15:34:20 +0800] "GET /blog/active.php HTTP/1.1" 301 1026 "-" "-"
2407:4b00:4c01:9916:7c68:bad5:79b3:19cd - - [17/Aug/2026:15:34:20 +0800] "GET /apple-touch-icon-precomposed.png HTTP/1.1" 404 56737 "-" "NetworkingExtension/8624.4.5.10.5 Network/5812.160.9 iOS/26.6"
2407:4b00:4c01:9916:7c68:bad5:79b3:19cd - - [17/Aug/2026:15:34:21 +0800] "GET /favicon.ico HTTP/1.1" 302 5887 "-" "NetworkingExtension/8624.4.5.10.5 Network/5812.160.9 iOS/26.6"
2407:4b00:4c01:9916:7c68:bad5:79b3:19cd - - [17/Aug/2026:15:34:21 +0800] "GET /wp-content/uploads/sites/944/2019/10/cropped-%E6%96%87%E4%B8%AD%E7%B6%B2%E9%A0%81logo-32x32.jpg HTTP/1.1" 200 2092 "-" "NetworkingExtension/8624.4.5.10.5 Network/5812.160.9 iOS/26.6"
2001:288:a21e:1:140e:3b8e:a3f2:d3df - - [17/Aug/2026:15:34:21 +0800] "GET / HTTP/1.1" 200 25121 "https://www.google.com/" "Mozilla/5.0 (Windows NT 10.0; Win64; x64) AppleWebKit/537.36 (KHTML, like Gecko) Chrome/151.0.0.0 Safari/537.36"
