::1 - - [17/Aug/2026:15:30:05 +0800] "OPTIONS * HTTP/1.0" 200 110 "-" "Apache/2.4.68 (Ubuntu) OpenSSL/3.0.19 (internal dummy connection)"
140.111.67.10 - - [17/Aug/2026:15:30:05 +0800] "GET /" 301 273 "-" "-"
122.100.113.247 - - [17/Aug/2026:15:30:05 +0800] "-" 408 339 "-" "-"
2001:288:a201::66:125 - - [17/Aug/2026:15:30:05 +0800] "GET /blog/active.php HTTP/1.1" 404 1084 "-" "-"
2001:288:a201::66:125 - - [17/Aug/2026:15:30:05 +0800] "GET /blog/active.php HTTP/1.1" 301 1026 "-" "-"
::1 - - [17/Aug/2026:15:30:06 +0800] "OPTIONS * HTTP/1.0" 200 110 "-" "Apache/2.4.68 (Ubuntu) OpenSSL/3.0.19 (internal dummy connection)"
::1 - - [17/Aug/2026:15:30:07 +0800] "OPTIONS * HTTP/1.0" 200 110 "-" "Apache/2.4.68 (Ubuntu) OpenSSL/3.0.19 (internal dummy connection)"
::1 - - [17/Aug/2026:15:30:08 +0800] "OPTIONS * HTTP/1.0" 200 110 "-" "Apache/2.4.68 (Ubuntu) OpenSSL/3.0.19 (internal dummy connection)"
::1 - - [17/Aug/2026:15:30:09 +0800] "OPTIONS * HTTP/1.0" 200 110 "-" "Apache/2.4.68 (Ubuntu) OpenSSL/3.0.19 (internal dummy connection)"
210.69.149.252 - - [17/Aug/2026:15:30:09 +0800] "-" 408 4791 "-" "-"
140.111.67.10 - - [17/Aug/2026:15:30:10 +0800] "GET /" 301 273 "-" "-"
2001:288:a201::66:125 - - [17/Aug/2026:15:30:10 +0800] "GET /blog/active.php HTTP/1.1" 404 1084 "-" "-"
2001:288:a201::66:125 - - [17/Aug/2026:15:30:10 +0800] "GET /blog/active.php HTTP/1.1" 301 1026 "-" "-"
34.10.212.52 - - [17/Aug/2026:15:30:11 +0800] "GET / HTTP/1.1" 200 28212 "-" "Mozilla/5.0 (Windows NT 10.0; Win64; x64) AppleWebKit/537.36 (KHTML, like Gecko) Chrome/120.0.0.0 Safari/537.36"
::1 - - [17/Aug/2026:15:30:12 +0800] "OPTIONS * HTTP/1.0" 200 110 "-" "Apache/2.4.68 (Ubuntu) OpenSSL/3.0.19 (internal dummy connection)"
2402:7500:506:90a6:48f5:b3c3:e314:f81d - - [17/Aug/2026:15:30:14 +0800] "-" 408 339 "-" "-"
2402:7500:506:90a6:48f5:b3c3:e314:f81d - - [17/Aug/2026:15:30:14 +0800] "-" 408 339 "-" "-"
140.111.67.10 - - [17/Aug/2026:15:30:15 +0800] "GET /" 301 273 "-" "-"
2001:288:a201::66:125 - - [17/Aug/2026:15:30:15 +0800] "GET /blog/active.php HTTP/1.1" 404 1084 "-" "-"
2001:288:a201::66:125 - - [17/Aug/2026:15:30:15 +0800] "GET /blog/active.php HTTP/1.1" 301 1026 "-" "-"
2001:4860:7:810::e8 - - [17/Aug/2026:15:30:14 +0800] "GET / HTTP/1.1" 200 25657 "https://www.google.com/" "Mozilla/5.0 (Windows NT 10.0; Win64; x64) AppleWebKit/537.36 (KHTML, like Gecko) Chrome/151.0.0.0 Safari/537.36"
140.111.67.195 - - [17/Aug/2026:15:30:14 +0800] "GET /wp-admin/admin-post.php?action=steps_ad HTTP/1.1" 200 1973 "-" "node-fetch/1.0 (+https://github.com/bitinn/node-fetch)"
140.111.67.195 - - [17/Aug/2026:15:30:15 +0800] "GET /wp-admin/admin-post.php?action=steps_ad HTTP/1.1" 200 1973 "-" "node-fetch/1.0 (+https://github.com/bitinn/node-fetch)"
66.249.68.192 - - [17/Aug/2026:15:30:14 +0800] "GET /1003/author/tmy1127/page/7/ HTTP/1.1" 200 20284 "-" "Mozilla/5.0 (compatible; Googlebot/2.1; +http://www.google.com/bot.html)"
66.249.71.64 - - [17/Aug/2026:15:30:16 +0800] "GET /12/2010/12/ HTTP/1.1" 200 15415 "-" "Mozilla/5.0 (Linux; Android 6.0.1; Nexus 5X Build/MMB29P) AppleWebKit/537.36 (KHTML, like Gecko) Chrome/150.0.7871.186 Mobile Safari/537.36 (compatible; Googlebot/2.1; +http://www.google.com/bot.html)"
60.250.60.147 - - [17/Aug/2026:15:30:17 +0800] "-" 408 4791 "-" "-"
2001:b400:e287:6aea:fce8:f7bb:f426:708 - - [17/Aug/2026:15:30:17 +0800] "-" 408 339 "-" "-"
2001:b400:e287:6aea:fce8:f7bb:f426:708 - - [17/Aug/2026:15:30:17 +0800] "-" 408 339 "-" "-"
66.249.68.200 - - [17/Aug/2026:15:30:18 +0800] "GET /dashen/category/%E8%A6%AA%E5%AD%90/ HTTP/1.1" 200 15273 "-" "Mozilla/5.0 (Linux; Android 6.0.1; Nexus 5X Build/MMB29P) AppleWebKit/537.36 (KHTML, like Gecko) Chrome/150.0.7871.186 Mobile Safari/537.36 (compatible; Googlebot/2.1; +http://www.google.com/bot.html)"
140.111.67.10 - - [17/Aug/2026:15:30:20 +0800] "GET /" 301 273 "-" "-"
2001:288:a201::66:125 - - [17/Aug/2026:15:30:20 +0800] "GET /blog/active.php HTTP/1.1" 404 1084 "-" "-"
2001:288:a201::66:125 - - [17/Aug/2026:15:30:20 +0800] "GET /blog/active.php HTTP/1.1" 301 1026 "-" "-"
66.249.71.64 - - [17/Aug/2026:15:30:19 +0800] "GET /1003/wp-content/cache/2blog.ilc.edu.tw/wpfc-minified/mknpejql/5woub.css HTTP/1.1" 200 40886 "https://2blog.ilc.edu.tw/1003/author/tmy1127/page/7/" "Mozilla/5.0 AppleWebKit/537.36 (KHTML, like Gecko; compatible; Googlebot/2.1; +http://www.google.com/bot.html) Chrome/151.0.7922.108 Safari/537.36"
2001:4860:7:810::f0 - - [17/Aug/2026:15:30:20 +0800] "GET / HTTP/1.1" 200 22438 "https://www.google.com/" "Mozilla/5.0 (Windows NT 10.0; Win64; x64) AppleWebKit/537.36 (KHTML, like Gecko) Chrome/151.0.0.0 Safari/537.36"
52.167.144.174 - - [17/Aug/2026:15:30:20 +0800] "GET /?s=%E6%96%87%E5%8C%96%E9%83%A8%E7%B8%BE%E5%84%AA%E5%BF%97%E5%B7%A5%E4%B8%89%E5%8D%81%E4%B8%89%E5%B1%86 HTTP/1.1" 200 20526 "-" "Mozilla/5.0 AppleWebKit/537.36 (KHTML, like Gecko; compatible; bingbot/2.0; +http://www.bing.com/bingbot.htm) Chrome/116.0.1938.76 Safari/537.36"
66.249.71.65 - - [17/Aug/2026:15:30:21 +0800] "GET /12/2009/07/07/7%E6%9C%881%E3%80%812%E8%99%9Fgps%E8%9E%8D%E5%85%A5%E6%95%99%E5%AD%B8%E7%A0%94%E7%BF%92%E5%A4%A7%E6%88%90%E5%8A%9F/ HTTP/1.1" 200 16246 "-" "Mozilla/5.0 (Linux; Android 6.0.1; Nexus 5X Build/MMB29P) AppleWebKit/537.36 (KHTML, like Gecko) Chrome/150.0.7871.186 Mobile Safari/537.36 (compatible; Googlebot/2.1; +http://www.google.com/bot.html)"
1.169.5.23 - - [17/Aug/2026:15:30:22 +0800] "GET /wp-content/cache/www.waldorf.ilc.edu.tw/wpfc-minified/jpr50rx6/6xg3.css HTTP/1.1" 200 5964 "https://www.waldorf.ilc.edu.tw/" "Mozilla/5.0 (Windows NT 10.0; Win64; x64) AppleWebKit/537.36 (KHTML, like Gecko) Chrome/151.0.0.0 Safari/537.36"
1.169.5.23 - - [17/Aug/2026:15:30:22 +0800] "GET /wp-content/cache/www.waldorf.ilc.edu.tw/wpfc-minified/ff80h2zh/6xg3.css HTTP/1.1" 200 45696 "https://www.waldorf.ilc.edu.tw/" "Mozilla/5.0 (Windows NT 10.0; Win64; x64) AppleWebKit/537.36 (KHTML, like Gecko) Chrome/151.0.0.0 Safari/537.36"
1.169.5.23 - - [17/Aug/2026:15:30:23 +0800] "GET /wp-content/cache/www.waldorf.ilc.edu.tw/wpfc-minified/lwt2mv0t/6xg3.css HTTP/1.1" 200 19350 "https://www.waldorf.ilc.edu.tw/" "Mozilla/5.0 (Windows NT 10.0; Win64; x64) AppleWebKit/537.36 (KHTML, like Gecko) Chrome/151.0.0.0 Safari/537.36"
1.169.5.23 - - [17/Aug/2026:15:30:23 +0800] "GET /wp-content/cache/www.waldorf.ilc.edu.tw/wpfc-minified/g1ne7hpx/6xg3.css HTTP/1.1" 200 48359 "https://www.waldorf.ilc.edu.tw/" "Mozilla/5.0 (Windows NT 10.0; Win64; x64) AppleWebKit/537.36 (KHTML, like Gecko) Chrome/151.0.0.0 Safari/537.36"
1.169.5.23 - - [17/Aug/2026:15:30:23 +0800] "GET /wp-content/uploads/sites/1517/elementor/css/post-3740.css HTTP/1.1" 200 1307 "https://www.waldorf.ilc.edu.tw/" "Mozilla/5.0 (Windows NT 10.0; Win64; x64) AppleWebKit/537.36 (KHTML, like Gecko) Chrome/151.0.0.0 Safari/537.36"
1.169.5.23 - - [17/Aug/2026:15:30:23 +0800] "GET /wp-content/cache/www.waldorf.ilc.edu.tw/wpfc-minified/s9du8dd/6xg3.css HTTP/1.1" 200 47287 "https://www.waldorf.ilc.edu.tw/" "Mozilla/5.0 (Windows NT 10.0; Win64; x64) AppleWebKit/537.36 (KHTML, like Gecko) Chrome/151.0.0.0 Safari/537.36"
1.169.5.23 - - [17/Aug/2026:15:30:23 +0800] "GET /wp-content/uploads/sites/1517/elementor/css/post-1413.css HTTP/1.1" 200 2011 "https://www.waldorf.ilc.edu.tw/" "Mozilla/5.0 (Windows NT 10.0; Win64; x64) AppleWebKit/537.36 (KHTML, like Gecko) Chrome/151.0.0.0 Safari/537.36"
1.169.5.23 - - [17/Aug/2026:15:30:23 +0800] "GET /wp-content/cache/www.waldorf.ilc.edu.tw/wpfc-minified/3pjp17l/6xg3.css HTTP/1.1" 200 13906 "https://www.waldorf.ilc.edu.tw/" "Mozilla/5.0 (Windows NT 10.0; Win64; x64) AppleWebKit/537.36 (KHTML, like Gecko) Chrome/151.0.0.0 Safari/537.36"
1.169.5.23 - - [17/Aug/2026:15:30:23 +0800] "GET /wp-content/cache/www.waldorf.ilc.edu.tw/wpfc-minified/kl1hde1y/6xg3.js HTTP/1.1" 200 35563 "https://www.waldorf.ilc.edu.tw/" "Mozilla/5.0 (Windows NT 10.0; Win64; x64) AppleWebKit/537.36 (KHTML, like Gecko) Chrome/151.0.0.0 Safari/537.36"
1.169.5.23 - - [17/Aug/2026:15:30:23 +0800] "GET /wp-content/themes/hueman/assets/front/webfonts/fa-brands-400.woff2?v=5.15.2 HTTP/1.1" 200 79499 "https://www.waldorf.ilc.edu.tw/" "Mozilla/5.0 (Windows NT 10.0; Win64; x64) AppleWebKit/537.36 (KHTML, like Gecko) Chrome/151.0.0.0 Safari/537.36"
1.169.5.23 - - [17/Aug/2026:15:30:23 +0800] "GET /wp-content/themes/hueman/assets/front/webfonts/fa-regular-400.woff2?v=5.15.2 HTTP/1.1" 200 14439 "https://www.waldorf.ilc.edu.tw/" "Mozilla/5.0 (Windows NT 10.0; Win64; x64) AppleWebKit/537.36 (KHTML, like Gecko) Chrome/151.0.0.0 Safari/537.36"
1.169.5.23 - - [17/Aug/2026:15:30:23 +0800] "GET /wp-content/themes/hueman/assets/front/webfonts/fa-solid-900.woff2?v=5.15.2 HTTP/1.1" 200 81301 "https://www.waldorf.ilc.edu.tw/" "Mozilla/5.0 (Windows NT 10.0; Win64; x64) AppleWebKit/537.36 (KHTML, like Gecko) Chrome/151.0.0.0 Safari/537.36"
1.169.5.23 - - [17/Aug/2026:15:30:23 +0800] "GET /wp-content/themes/hueman/assets/front/fonts/titillium-light-webfont.woff HTTP/1.1" 200 25606 "https://www.waldorf.ilc.edu.tw/" "Mozilla/5.0 (Windows NT 10.0; Win64; x64) AppleWebKit/537.36 (KHTML, like Gecko) Chrome/151.0.0.0 Safari/537.36"
66.249.68.200 - - [17/Aug/2026:15:30:22 +0800] "GET /12/2012/11/12/ HTTP/1.1" 200 15083 "-" "Mozilla/5.0 (Linux; Android 6.0.1; Nexus 5X Build/MMB29P) AppleWebKit/537.36 (KHTML, like Gecko) Chrome/150.0.7871.186 Mobile Safari/537.36 (compatible; Googlebot/2.1; +http://www.google.com/bot.html)"
1.169.5.23 - - [17/Aug/2026:15:30:23 +0800] "GET /wp-content/themes/hueman/assets/front/fonts/titillium-lightitalic-webfont.woff HTTP/1.1" 200 27654 "https://www.waldorf.ilc.edu.tw/" "Mozilla/5.0 (Windows NT 10.0; Win64; x64) AppleWebKit/537.36 (KHTML, like Gecko) Chrome/151.0.0.0 Safari/537.36"
1.169.5.23 - - [17/Aug/2026:15:30:23 +0800] "GET /wp-content/themes/hueman/assets/front/fonts/titillium-regular-webfont.woff HTTP/1.1" 200 25590 "https://www.waldorf.ilc.edu.tw/" "Mozilla/5.0 (Windows NT 10.0; Win64; x64) AppleWebKit/537.36 (KHTML, like Gecko) Chrome/151.0.0.0 Safari/537.36"
1.169.5.23 - - [17/Aug/2026:15:30:23 +0800] "GET /wp-content/themes/hueman/assets/front/fonts/titillium-regularitalic-webfont.woff HTTP/1.1" 200 27482 "https://www.waldorf.ilc.edu.tw/" "Mozilla/5.0 (Windows NT 10.0; Win64; x64) AppleWebKit/537.36 (KHTML, like Gecko) Chrome/151.0.0.0 Safari/537.36"
1.169.5.23 - - [17/Aug/2026:15:30:23 +0800] "GET /wp-content/themes/hueman/assets/front/fonts/titillium-semibold-webfont.woff HTTP/1.1" 200 25626 "https://www.waldorf.ilc.edu.tw/" "Mozilla/5.0 (Windows NT 10.0; Win64; x64) AppleWebKit/537.36 (KHTML, like Gecko) Chrome/151.0.0.0 Safari/537.36"
1.169.5.23 - - [17/Aug/2026:15:30:23 +0800] "GET /wp-content/uploads/sites/1517/2024/07/%E6%A0%A1%E8%88%8D%E5%8B%B8%E5%8B%9F%E5%B0%88%E5%8D%80.png HTTP/1.1" 200 11216 "https://www.waldorf.ilc.edu.tw/" "Mozilla/5.0 (Windows NT 10.0; Win64; x64) AppleWebKit/537.36 (KHTML, like Gecko) Chrome/151.0.0.0 Safari/537.36"
1.169.5.23 - - [17/Aug/2026:15:30:23 +0800] "GET /wp-content/uploads/sites/1517/2024/08/%E5%B9%B4%E5%BA%A6%E8%AA%B2%E7%A8%8B%E8%A8%88%E7%95%AB.png HTTP/1.1" 200 10087 "https://www.waldorf.ilc.edu.tw/" "Mozilla/5.0 (Windows NT 10.0; Win64; x64) AppleWebKit/537.36 (KHTML, like Gecko) Chrome/151.0.0.0 Safari/537.36"
1.169.5.23 - - [17/Aug/2026:15:30:23 +0800] "GET /wp-includes/js/hoverintent-js.min.js HTTP/1.1" 200 1597 "https://www.waldorf.ilc.edu.tw/" "Mozilla/5.0 (Windows NT 10.0; Win64; x64) AppleWebKit/537.36 (KHTML, like Gecko) Chrome/151.0.0.0 Safari/537.36"
1.169.5.23 - - [17/Aug/2026:15:30:23 +0800] "GET /wp-content/uploads/sites/1517/2024/03/%E5%8F%8B%E5%96%84%E6%A0%A1%E5%9C%92%E5%B0%88%E5%8D%80.png HTTP/1.1" 200 10591 "https://www.waldorf.ilc.edu.tw/" "Mozilla/5.0 (Windows NT 10.0; Win64; x64) AppleWebKit/537.36 (KHTML, like Gecko) Chrome/151.0.0.0 Safari/537.36"
1.169.5.23 - - [17/Aug/2026:15:30:23 +0800] "GET /wp-content/cache/www.waldorf.ilc.edu.tw/wpfc-minified/l0srqxzl/6xg3.css HTTP/1.1" 200 3465 "https://www.waldorf.ilc.edu.tw/" "Mozilla/5.0 (Windows NT 10.0; Win64; x64) AppleWebKit/537.36 (KHTML, like Gecko) Chrome/151.0.0.0 Safari/537.36"
1.169.5.23 - - [17/Aug/2026:15:30:23 +0800] "GET /wp-includes/js/admin-bar.min.js HTTP/1.1" 200 2237 "https://www.waldorf.ilc.edu.tw/" "Mozilla/5.0 (Windows NT 10.0; Win64; x64) AppleWebKit/537.36 (KHTML, like Gecko) Chrome/151.0.0.0 Safari/537.36"
1.169.5.23 - - [17/Aug/2026:15:30:23 +0800] "GET /wp-includes/js/underscore.min.js HTTP/1.1" 200 8191 "https://www.waldorf.ilc.edu.tw/" "Mozilla/5.0 (Windows NT 10.0; Win64; x64) AppleWebKit/537.36 (KHTML, like Gecko) Chrome/151.0.0.0 Safari/537.36"
1.169.5.23 - - [17/Aug/2026:15:30:23 +0800] "GET /wp-content/plugins/elementor-pro/assets/js/webpack-pro.runtime.min.js HTTP/1.1" 200 3562 "https://www.waldorf.ilc.edu.tw/" "Mozilla/5.0 (Windows NT 10.0; Win64; x64) AppleWebKit/537.36 (KHTML, like Gecko) Chrome/151.0.0.0 Safari/537.36"
1.169.5.23 - - [17/Aug/2026:15:30:23 +0800] "GET /wp-content/plugins/elementor/assets/js/webpack.runtime.min.js HTTP/1.1" 200 3095 "https://www.waldorf.ilc.edu.tw/" "Mozilla/5.0 (Windows NT 10.0; Win64; x64) AppleWebKit/537.36 (KHTML, like Gecko) Chrome/151.0.0.0 Safari/537.36"
1.169.5.23 - - [17/Aug/2026:15:30:23 +0800] "GET /wp-content/plugins/elementor/assets/js/frontend-modules.min.js HTTP/1.1" 200 19416 "https://www.waldorf.ilc.edu.tw/" "Mozilla/5.0 (Windows NT 10.0; Win64; x64) AppleWebKit/537.36 (KHTML, like Gecko) Chrome/151.0.0.0 Safari/537.36"
1.169.5.23 - - [17/Aug/2026:15:30:23 +0800] "GET /wp-includes/js/dist/hooks.min.js HTTP/1.1" 200 2421 "https://www.waldorf.ilc.edu.tw/" "Mozilla/5.0 (Windows NT 10.0; Win64; x64) AppleWebKit/537.36 (KHTML, like Gecko) Chrome/151.0.0.0 Safari/537.36"
1.169.5.23 - - [17/Aug/2026:15:30:23 +0800] "GET /wp-includes/js/dist/i18n.min.js HTTP/1.1" 200 4547 "https://www.waldorf.ilc.edu.tw/" "Mozilla/5.0 (Windows NT 10.0; Win64; x64) AppleWebKit/537.36 (KHTML, like Gecko) Chrome/151.0.0.0 Safari/537.36"
1.169.5.23 - - [17/Aug/2026:15:30:23 +0800] "GET /wp-content/plugins/elementor-pro/assets/js/frontend.min.js HTTP/1.1" 200 7574 "https://www.waldorf.ilc.edu.tw/" "Mozilla/5.0 (Windows NT 10.0; Win64; x64) AppleWebKit/537.36 (KHTML, like Gecko) Chrome/151.0.0.0 Safari/537.36"
1.169.5.23 - - [17/Aug/2026:15:30:23 +0800] "GET /wp-content/plugins/elementor/assets/lib/waypoints/waypoints.min.js HTTP/1.1" 200 3873 "https://www.waldorf.ilc.edu.tw/" "Mozilla/5.0 (Windows NT 10.0; Win64; x64) AppleWebKit/537.36 (KHTML, like Gecko) Chrome/151.0.0.0 Safari/537.36"
1.169.5.23 - - [17/Aug/2026:15:30:23 +0800] "GET /wp-includes/js/jquery/ui/core.min.js HTTP/1.1" 200 7986 "https://www.waldorf.ilc.edu.tw/" "Mozilla/5.0 (Windows NT 10.0; Win64; x64) AppleWebKit/537.36 (KHTML, like Gecko) Chrome/151.0.0.0 Safari/537.36"
1.169.5.23 - - [17/Aug/2026:15:30:23 +0800] "GET /wp-content/plugins/elementor/assets/js/frontend.min.js HTTP/1.1" 200 13169 "https://www.waldorf.ilc.edu.tw/" "Mozilla/5.0 (Windows NT 10.0; Win64; x64) AppleWebKit/537.36 (KHTML, like Gecko) Chrome/151.0.0.0 Safari/537.36"
1.169.5.23 - - [17/Aug/2026:15:30:23 +0800] "GET /wp-content/plugins/elementor-pro/assets/js/elements-handlers.min.js HTTP/1.1" 200 10882 "https://www.waldorf.ilc.edu.tw/" "Mozilla/5.0 (Windows NT 10.0; Win64; x64) AppleWebKit/537.36 (KHTML, like Gecko) Chrome/151.0.0.0 Safari/537.36"
1.169.5.23 - - [17/Aug/2026:15:30:23 +0800] "GET /wp-content/themes/hueman/assets/front/js/scripts.min.js HTTP/1.1" 200 22643 "https://www.waldorf.ilc.edu.tw/" "Mozilla/5.0 (Windows NT 10.0; Win64; x64) AppleWebKit/537.36 (KHTML, like Gecko) Chrome/151.0.0.0 Safari/537.36"
1.169.5.23 - - [17/Aug/2026:15:30:23 +0800] "GET /wp-content/plugins/elementor/assets/lib/font-awesome/webfonts/fa-solid-900.woff2 HTTP/1.1" 200 79223 "https://www.waldorf.ilc.edu.tw/wp-content/cache/www.waldorf.ilc.edu.tw/wpfc-minified/3pjp17l/6xg3.css" "Mozilla/5.0 (Windows NT 10.0; Win64; x64) AppleWebKit/537.36 (KHTML, like Gecko) Chrome/151.0.0.0 Safari/537.36"
1.169.5.23 - - [17/Aug/2026:15:30:23 +0800] "GET /wp-content/plugins/elementor-pro/assets/js/social.2d2e44e8608690943f29.bundle.min.js HTTP/1.1" 200 1433 "https://www.waldorf.ilc.edu.tw/" "Mozilla/5.0 (Windows NT 10.0; Win64; x64) AppleWebKit/537.36 (KHTML, like Gecko) Chrome/151.0.0.0 Safari/537.36"
1.169.5.23 - - [17/Aug/2026:15:30:23 +0800] "GET /wp-content/plugins/elementor/assets/js/text-editor.2c35aafbe5bf0e127950.bundle.min.js HTTP/1.1" 200 1545 "https://www.waldorf.ilc.edu.tw/" "Mozilla/5.0 (Windows NT 10.0; Win64; x64) AppleWebKit/537.36 (KHTML, like Gecko) Chrome/151.0.0.0 Safari/537.36"
1.169.5.23 - - [17/Aug/2026:15:30:23 +0800] "GET /wp-content/plugins/elementor/assets/js/toggle.31881477c45ff5cf9d4d.bundle.min.js HTTP/1.1" 200 2281 "https://www.waldorf.ilc.edu.tw/" "Mozilla/5.0 (Windows NT 10.0; Win64; x64) AppleWebKit/537.36 (KHTML, like Gecko) Chrome/151.0.0.0 Safari/537.36"
66.249.68.200 - - [17/Aug/2026:15:30:23 +0800] "GET /1003/wp-content/cache/2blog.ilc.edu.tw/wpfc-minified/lx5sg0nx/5wohd.css HTTP/1.1" 200 18290 "https://2blog.ilc.edu.tw/1003/author/tmy1127/page/7/" "Mozilla/5.0 AppleWebKit/537.36 (KHTML, like Gecko; compatible; Googlebot/2.1; +http://www.google.com/bot.html) Chrome/151.0.7922.108 Safari/537.36"
140.111.67.10 - - [17/Aug/2026:15:30:25 +0800] "GET /" 301 273 "-" "-"
66.249.71.64 - - [17/Aug/2026:15:30:25 +0800] "GET /1003/wp-content/cache/2blog.ilc.edu.tw/wpfc-minified/q8iljgfz/5woub.js HTTP/1.1" 200 3455 "https://2blog.ilc.edu.tw/1003/author/tmy1127/page/7/" "Mozilla/5.0 AppleWebKit/537.36 (KHTML, like Gecko; compatible; Googlebot/2.1; +http://www.google.com/bot.html) Chrome/151.0.7922.108 Safari/537.36"
1.169.5.23 - - [17/Aug/2026:15:30:24 +0800] "GET /wp-content/uploads/sites/1517/2024/01/%E5%8D%88%E9%A4%90%E5%B0%88%E5%8D%80.png HTTP/1.1" 200 8269 "https://www.waldorf.ilc.edu.tw/" "Mozilla/5.0 (Windows NT 10.0; Win64; x64) AppleWebKit/537.36 (KHTML, like Gecko) Chrome/151.0.0.0 Safari/537.36"
1.169.5.23 - - [17/Aug/2026:15:30:24 +0800] "GET /wp-content/uploads/sites/1517/2024/07/%E5%9C%8B%E4%B8%AD%E5%8D%87%E5%AD%B8%E5%B0%88%E5%8D%80.png HTTP/1.1" 200 9911 "https://www.waldorf.ilc.edu.tw/" "Mozilla/5.0 (Windows NT 10.0; Win64; x64) AppleWebKit/537.36 (KHTML, like Gecko) Chrome/151.0.0.0 Safari/537.36"
1.169.5.23 - - [17/Aug/2026:15:30:24 +0800] "GET /wp-content/uploads/sites/1517/2024/12/%E7%89%B9%E6%95%99%E8%BC%94%E5%B0%8E%E5%B0%88%E5%8D%80.png HTTP/1.1" 200 11566 "https://www.waldorf.ilc.edu.tw/" "Mozilla/5.0 (Windows NT 10.0; Win64; x64) AppleWebKit/537.36 (KHTML, like Gecko) Chrome/151.0.0.0 Safari/537.36"
1.169.5.23 - - [17/Aug/2026:15:30:24 +0800] "GET /wp-content/uploads/sites/1517/2020/11/asfc.png HTTP/1.1" 200 48596 "https://www.waldorf.ilc.edu.tw/" "Mozilla/5.0 (Windows NT 10.0; Win64; x64) AppleWebKit/537.36 (KHTML, like Gecko) Chrome/151.0.0.0 Safari/537.36"
1.169.5.23 - - [17/Aug/2026:15:30:24 +0800] "GET /wp-content/uploads/sites/1517/2020/11/as1.jpg HTTP/1.1" 200 25458 "https://www.waldorf.ilc.edu.tw/" "Mozilla/5.0 (Windows NT 10.0; Win64; x64) AppleWebKit/537.36 (KHTML, like Gecko) Chrome/151.0.0.0 Safari/537.36"
2001:4860:7:410::f6 - - [17/Aug/2026:15:30:25 +0800] "GET / HTTP/1.1" 200 19184 "https://www.google.com/" "Mozilla/5.0 (Windows NT 10.0; Win64; x64) AppleWebKit/537.36 (KHTML, like Gecko) Chrome/151.0.0.0 Safari/537.36"
1.169.5.23 - - [17/Aug/2026:15:30:25 +0800] "GET /wp-content/uploads/sites/1517/2020/11/asfc98.png HTTP/1.1" 200 45201 "https://www.waldorf.ilc.edu.tw/" "Mozilla/5.0 (Windows NT 10.0; Win64; x64) AppleWebKit/537.36 (KHTML, like Gecko) Chrome/151.0.0.0 Safari/537.36"
1.169.5.23 - - [17/Aug/2026:15:30:25 +0800] "GET /wp-content/uploads/sites/1517/2022/09/cropped-%E6%88%AA%E5%9C%96-2022-09-01-15_0.59.21-32x32.png HTTP/1.1" 200 1932 "https://www.waldorf.ilc.edu.tw/" "Mozilla/5.0 (Windows NT 10.0; Win64; x64) AppleWebKit/537.36 (KHTML, like Gecko) Chrome/151.0.0.0 Safari/537.36"
1.169.5.23 - - [17/Aug/2026:15:30:24 +0800] "GET /wp-content/uploads/sites/1517/2024/01/49827-2.jpg HTTP/1.1" 200 461714 "https://www.waldorf.ilc.edu.tw/" "Mozilla/5.0 (Windows NT 10.0; Win64; x64) AppleWebKit/537.36 (KHTML, like Gecko) Chrome/151.0.0.0 Safari/537.36"
1.169.5.23 - - [17/Aug/2026:15:30:25 +0800] "GET /wp-content/uploads/sites/1517/2020/11/asfc99.png HTTP/1.1" 200 49717 "https://www.waldorf.ilc.edu.tw/" "Mozilla/5.0 (Windows NT 10.0; Win64; x64) AppleWebKit/537.36 (KHTML, like Gecko) Chrome/151.0.0.0 Safari/537.36"
1.169.5.23 - - [17/Aug/2026:15:30:25 +0800] "GET /wp-content/uploads/sites/1517/2020/11/asfc95.png HTTP/1.1" 200 58205 "https://www.waldorf.ilc.edu.tw/" "Mozilla/5.0 (Windows NT 10.0; Win64; x64) AppleWebKit/537.36 (KHTML, like Gecko) Chrome/151.0.0.0 Safari/537.36"
2001:288:a201::66:125 - - [17/Aug/2026:15:30:25 +0800] "GET /blog/active.php HTTP/1.1" 404 5513 "-" "-"
2001:288:a201::66:125 - - [17/Aug/2026:15:30:25 +0800] "GET /blog/active.php HTTP/1.1" 301 1026 "-" "-"
2001:4860:7:810::e8 - - [17/Aug/2026:15:30:25 +0800] "GET /gifted/%F0%9F%8E%89-%E6%9C%AC%E6%A0%A1%E6%95%B8%E8%B3%87%E7%94%9F%E3%80%8C%E6%B8%B8%E7%B4%AB%E7%90%B3%E3%80%8D%E9%8C%84%E5%8F%96%E9%99%84%E4%B8%AD%E7%A7%91%E5%AD%B8%E7%8F%AD/ HTTP/1.1" 200 16950 "https://www.google.com/" "Mozilla/5.0 (Windows NT 10.0; Win64; x64) AppleWebKit/537.36 (KHTML, like Gecko) Chrome/151.0.0.0 Safari/537.36"
66.249.68.200 - - [17/Aug/2026:15:30:26 +0800] "GET /12/2005/10/15/%E3%80%8C%E7%A4%81%E6%BA%AA%E6%9E%97%E7%BE%8E%E7%9F%B3%E7%A3%90%E6%AD%A5%E9%81%93%E5%9C%B0%E8%B3%AA%E5%9C%B0%E5%BD%A2%E5%88%86%E6%9E%90%E5%AF%A6%E5%AF%9F%E8%AA%B2%E7%A8%8B%E3%80%8D%E8%B3%87%E6%96%99/ HTTP/1.1" 200 20247 "-" "Mozilla/5.0 (Linux; Android 6.0.1; Nexus 5X Build/MMB29P) AppleWebKit/537.36 (KHTML, like Gecko) Chrome/150.0.7871.186 Mobile Safari/537.36 (compatible; GoogleOther)"
2402:7500:5fb:ca19:8ca0:3b7e:8384:71ab - - [17/Aug/2026:15:30:26 +0800] "GET /website/ HTTP/1.1" 200 21528 "https://www.google.com/" "Mozilla/5.0 (iPhone; CPU iPhone OS 26_2_1 like Mac OS X) AppleWebKit/605.1.15 (KHTML, like Gecko) CriOS/152.0.7977.40 Mobile/15E148 Safari/604.1"
2402:7500:5fb:ca19:8ca0:3b7e:8384:71ab - - [17/Aug/2026:15:30:26 +0800] "GET /wp-content/uploads/sites/1664/elementor/css/post-2142.css HTTP/1.1" 200 6271 "https://www.gjes.ilc.edu.tw/website/" "Mozilla/5.0 (iPhone; CPU iPhone OS 26_2_1 like Mac OS X) AppleWebKit/605.1.15 (KHTML, like Gecko) CriOS/152.0.7977.40 Mobile/15E148 Safari/604.1"
66.249.68.200 - - [17/Aug/2026:15:30:26 +0800] "GET /1003/wp-content/cache/2blog.ilc.edu.tw/wpfc-minified/8x7tn0v6/5wohd.css HTTP/1.1" 200 15980 "https://2blog.ilc.edu.tw/1003/author/tmy1127/page/7/" "Mozilla/5.0 AppleWebKit/537.36 (KHTML, like Gecko; compatible; Googlebot/2.1; +http://www.google.com/bot.html) Chrome/151.0.7922.108 Safari/537.36"
2402:7500:5fb:ca19:8ca0:3b7e:8384:71ab - - [17/Aug/2026:15:30:27 +0800] "GET /wp-content/cache/www.gjes.ilc.edu.tw/wpfc-minified/g2oi6mpd/7dgu.css HTTP/1.1" 200 4322 "https://www.gjes.ilc.edu.tw/website/" "Mozilla/5.0 (iPhone; CPU iPhone OS 26_2_1 like Mac OS X) AppleWebKit/605.1.15 (KHTML, like Gecko) CriOS/152.0.7977.40 Mobile/15E148 Safari/604.1"
2402:7500:5fb:ca19:8ca0:3b7e:8384:71ab - - [17/Aug/2026:15:30:27 +0800] "GET /wp-content/cache/www.gjes.ilc.edu.tw/wpfc-minified/97tntirs/ajf5.css HTTP/1.1" 200 18706 "https://www.gjes.ilc.edu.tw/website/" "Mozilla/5.0 (iPhone; CPU iPhone OS 26_2_1 like Mac OS X) AppleWebKit/605.1.15 (KHTML, like Gecko) CriOS/152.0.7977.40 Mobile/15E148 Safari/604.1"
2402:7500:5fb:ca19:8ca0:3b7e:8384:71ab - - [17/Aug/2026:15:30:27 +0800] "GET /wp-content/themes/oceanwp/assets/fonts/simple-line-icons/Simple-Line-Icons.woff2?v=2.4.0 HTTP/1.1" 200 30959 "https://www.gjes.ilc.edu.tw/website/" "Mozilla/5.0 (iPhone; CPU iPhone OS 26_2_1 like Mac OS X) AppleWebKit/605.1.15 (KHTML, like Gecko) CriOS/152.0.7977.40 Mobile/15E148 Safari/604.1"
2402:7500:5fb:ca19:8ca0:3b7e:8384:71ab - - [17/Aug/2026:15:30:27 +0800] "GET /wp-content/plugins/elementor/assets/lib/font-awesome/webfonts/fa-solid-900.woff2 HTTP/1.1" 200 79223 "https://www.gjes.ilc.edu.tw/website/" "Mozilla/5.0 (iPhone; CPU iPhone OS 26_2_1 like Mac OS X) AppleWebKit/605.1.15 (KHTML, like Gecko) CriOS/152.0.7977.40 Mobile/15E148 Safari/604.1"
2402:7500:5fb:ca19:8ca0:3b7e:8384:71ab - - [17/Aug/2026:15:30:27 +0800] "POST /wp-json/wp-statistics/v2/hit HTTP/1.1" 200 1083 "https://www.gjes.ilc.edu.tw/website/" "Mozilla/5.0 (iPhone; CPU iPhone OS 26_2_1 like Mac OS X) AppleWebKit/605.1.15 (KHTML, like Gecko) CriOS/152.0.7977.40 Mobile/15E148 Safari/604.1"
66.249.71.64 - - [17/Aug/2026:15:30:28 +0800] "GET /1003/wp-includes/js/admin-bar.min.js HTTP/1.1" 200 2237 "https://2blog.ilc.edu.tw/1003/author/tmy1127/page/7/" "Mozilla/5.0 AppleWebKit/537.36 (KHTML, like Gecko; compatible; Googlebot/2.1; +http://www.google.com/bot.html) Chrome/151.0.7922.108 Safari/537.36"
66.249.71.64 - - [17/Aug/2026:15:30:29 +0800] "POST /12/wp-json/ilc-summary/v1/popular-posts HTTP/1.1" 201 6049 "https://2blog.ilc.edu.tw/12/2005/10/15/%E3%80%8C%E7%A4%81%E6%BA%AA%E6%9E%97%E7%BE%8E%E7%9F%B3%E7%A3%90%E6%AD%A5%E9%81%93%E5%9C%B0%E8%B3%AA%E5%9C%B0%E5%BD%A2%E5%88%86%E6%9E%90%E5%AF%A6%E5%AF%9F%E8%AA%B2%E7%A8%8B%E3%80%8D%E8%B3%87%E6%96%99/" "Mozilla/5.0 (Linux; Android 6.0.1; Nexus 5X Build/MMB29P) AppleWebKit/537.36 (KHTML, like Gecko) Chrome/150.0.7871.186 Mobile Safari/537.36 (compatible; GoogleOther)"
140.111.67.10 - - [17/Aug/2026:15:30:30 +0800] "GET /" 301 273 "-" "-"
2001:288:a201::66:125 - - [17/Aug/2026:15:30:30 +0800] "GET /blog/active.php HTTP/1.1" 301 1026 "-" "-"
2001:288:a201::66:125 - - [17/Aug/2026:15:30:30 +0800] "GET /blog/active.php HTTP/1.1" 404 1084 "-" "-"
114.25.4.222 - - [17/Aug/2026:15:30:29 +0800] "GET /gifted/%F0%9F%8E%89-%E6%9C%AC%E6%A0%A1%E6%95%B8%E8%B3%87%E7%94%9F%E3%80%8C%E6%B8%B8%E7%B4%AB%E7%90%B3%E3%80%8D%E9%8C%84%E5%8F%96%E9%99%84%E4%B8%AD%E7%A7%91%E5%AD%B8%E7%8F%AD/ HTTP/1.1" 200 16585 "https://www.google.com/" "Mozilla/5.0 (Windows NT 10.0; Win64; x64) AppleWebKit/537.36 (KHTML, like Gecko) Chrome/151.0.0.0 Safari/537.36"
114.25.4.222 - - [17/Aug/2026:15:30:30 +0800] "GET /gifted/wp-content/cache/2blog.ilc.edu.tw/wpfc-minified/7kymzyow/5wvbn.css HTTP/1.1" 200 40889 "https://2blog.ilc.edu.tw/gifted/%F0%9F%8E%89-%E6%9C%AC%E6%A0%A1%E6%95%B8%E8%B3%87%E7%94%9F%E3%80%8C%E6%B8%B8%E7%B4%AB%E7%90%B3%E3%80%8D%E9%8C%84%E5%8F%96%E9%99%84%E4%B8%AD%E7%A7%91%E5%AD%B8%E7%8F%AD/" "Mozilla/5.0 (Windows NT 10.0; Win64; x64) AppleWebKit/537.36 (KHTML, like Gecko) Chrome/151.0.0.0 Safari/537.36"
114.25.4.222 - - [17/Aug/2026:15:30:30 +0800] "GET /gifted/wp-content/cache/2blog.ilc.edu.tw/wpfc-minified/qsd267od/5wvbn.css HTTP/1.1" 200 20578 "https://2blog.ilc.edu.tw/gifted/%F0%9F%8E%89-%E6%9C%AC%E6%A0%A1%E6%95%B8%E8%B3%87%E7%94%9F%E3%80%8C%E6%B8%B8%E7%B4%AB%E7%90%B3%E3%80%8D%E9%8C%84%E5%8F%96%E9%99%84%E4%B8%AD%E7%A7%91%E5%AD%B8%E7%8F%AD/" "Mozilla/5.0 (Windows NT 10.0; Win64; x64) AppleWebKit/537.36 (KHTML, like Gecko) Chrome/151.0.0.0 Safari/537.36"
114.25.4.222 - - [17/Aug/2026:15:30:30 +0800] "GET /gifted/wp-content/cache/2blog.ilc.edu.tw/wpfc-minified/9k43dtw1/5wvbn.css HTTP/1.1" 200 1496 "https://2blog.ilc.edu.tw/gifted/%F0%9F%8E%89-%E6%9C%AC%E6%A0%A1%E6%95%B8%E8%B3%87%E7%94%9F%E3%80%8C%E6%B8%B8%E7%B4%AB%E7%90%B3%E3%80%8D%E9%8C%84%E5%8F%96%E9%99%84%E4%B8%AD%E7%A7%91%E5%AD%B8%E7%8F%AD/" "Mozilla/5.0 (Windows NT 10.0; Win64; x64) AppleWebKit/537.36 (KHTML, like Gecko) Chrome/151.0.0.0 Safari/537.36"
114.25.4.222 - - [17/Aug/2026:15:30:30 +0800] "GET /gifted/wp-content/cache/2blog.ilc.edu.tw/wpfc-minified/96h4ieis/5wvbn.css HTTP/1.1" 200 33082 "https://2blog.ilc.edu.tw/gifted/%F0%9F%8E%89-%E6%9C%AC%E6%A0%A1%E6%95%B8%E8%B3%87%E7%94%9F%E3%80%8C%E6%B8%B8%E7%B4%AB%E7%90%B3%E3%80%8D%E9%8C%84%E5%8F%96%E9%99%84%E4%B8%AD%E7%A7%91%E5%AD%B8%E7%8F%AD/" "Mozilla/5.0 (Windows NT 10.0; Win64; x64) AppleWebKit/537.36 (KHTML, like Gecko) Chrome/151.0.0.0 Safari/537.36"
52.167.144.174 - - [17/Aug/2026:15:30:30 +0800] "GET /?s=%E8%AC%9D%E5%AE%9C%E5%AE%B9+%E8%8D%92%E8%AC%AC%E8%A8%80%E8%AB%96 HTTP/1.1" 200 20487 "-" "Mozilla/5.0 AppleWebKit/537.36 (KHTML, like Gecko; compatible; bingbot/2.0; +http://www.bing.com/bingbot.htm) Chrome/116.0.1938.76 Safari/537.36"
114.25.4.222 - - [17/Aug/2026:15:30:30 +0800] "GET /gifted/wp-content/cache/2blog.ilc.edu.tw/wpfc-minified/8hvewrwp/5wvbn.js HTTP/1.1" 200 35565 "https://2blog.ilc.edu.tw/gifted/%F0%9F%8E%89-%E6%9C%AC%E6%A0%A1%E6%95%B8%E8%B3%87%E7%94%9F%E3%80%8C%E6%B8%B8%E7%B4%AB%E7%90%B3%E3%80%8D%E9%8C%84%E5%8F%96%E9%99%84%E4%B8%AD%E7%A7%91%E5%AD%B8%E7%8F%AD/" "Mozilla/5.0 (Windows NT 10.0; Win64; x64) AppleWebKit/537.36 (KHTML, like Gecko) Chrome/151.0.0.0 Safari/537.36"
114.25.4.222 - - [17/Aug/2026:15:30:31 +0800] "GET /gifted/wp-includes/js/hoverintent-js.min.js HTTP/1.1" 200 1597 "https://2blog.ilc.edu.tw/gifted/%F0%9F%8E%89-%E6%9C%AC%E6%A0%A1%E6%95%B8%E8%B3%87%E7%94%9F%E3%80%8C%E6%B8%B8%E7%B4%AB%E7%90%B3%E3%80%8D%E9%8C%84%E5%8F%96%E9%99%84%E4%B8%AD%E7%A7%91%E5%AD%B8%E7%8F%AD/" "Mozilla/5.0 (Windows NT 10.0; Win64; x64) AppleWebKit/537.36 (KHTML, like Gecko) Chrome/151.0.0.0 Safari/537.36"
114.25.4.222 - - [17/Aug/2026:15:30:31 +0800] "GET /gifted/wp-content/cache/2blog.ilc.edu.tw/wpfc-minified/6nlh2rt8/6bljf.js HTTP/1.1" 200 1641 "https://2blog.ilc.edu.tw/gifted/%F0%9F%8E%89-%E6%9C%AC%E6%A0%A1%E6%95%B8%E8%B3%87%E7%94%9F%E3%80%8C%E6%B8%B8%E7%B4%AB%E7%90%B3%E3%80%8D%E9%8C%84%E5%8F%96%E9%99%84%E4%B8%AD%E7%A7%91%E5%AD%B8%E7%8F%AD/" "Mozilla/5.0 (Windows NT 10.0; Win64; x64) AppleWebKit/537.36 (KHTML, like Gecko) Chrome/151.0.0.0 Safari/537.36"
114.25.4.222 - - [17/Aug/2026:15:30:31 +0800] "GET /gifted/wp-includes/js/admin-bar.min.js HTTP/1.1" 200 2237 "https://2blog.ilc.edu.tw/gifted/%F0%9F%8E%89-%E6%9C%AC%E6%A0%A1%E6%95%B8%E8%B3%87%E7%94%9F%E3%80%8C%E6%B8%B8%E7%B4%AB%E7%90%B3%E3%80%8D%E9%8C%84%E5%8F%96%E9%99%84%E4%B8%AD%E7%A7%91%E5%AD%B8%E7%8F%AD/" "Mozilla/5.0 (Windows NT 10.0; Win64; x64) AppleWebKit/537.36 (KHTML, like Gecko) Chrome/151.0.0.0 Safari/537.36"
::1 - - [17/Aug/2026:15:30:31 +0800] "OPTIONS * HTTP/1.0" 200 110 "-" "Apache/2.4.68 (Ubuntu) OpenSSL/3.0.19 (internal dummy connection)"
114.25.4.222 - - [17/Aug/2026:15:30:31 +0800] "GET /gifted/wp-content/themes/primer/assets/js/navigation.min.js HTTP/1.1" 200 1144 "https://2blog.ilc.edu.tw/gifted/%F0%9F%8E%89-%E6%9C%AC%E6%A0%A1%E6%95%B8%E8%B3%87%E7%94%9F%E3%80%8C%E6%B8%B8%E7%B4%AB%E7%90%B3%E3%80%8D%E9%8C%84%E5%8F%96%E9%99%84%E4%B8%AD%E7%A7%91%E5%AD%B8%E7%8F%AD/" "Mozilla/5.0 (Windows NT 10.0; Win64; x64) AppleWebKit/537.36 (KHTML, like Gecko) Chrome/151.0.0.0 Safari/537.36"
114.25.4.222 - - [17/Aug/2026:15:30:31 +0800] "GET /gifted/wp-content/uploads/sites/3593/2022/07/%E2%80%94Pngtree%E2%80%94technological-sense-geometric-line-simple_932581.jpg HTTP/1.1" 200 1424119 "https://2blog.ilc.edu.tw/gifted/%F0%9F%8E%89-%E6%9C%AC%E6%A0%A1%E6%95%B8%E8%B3%87%E7%94%9F%E3%80%8C%E6%B8%B8%E7%B4%AB%E7%90%B3%E3%80%8D%E9%8C%84%E5%8F%96%E9%99%84%E4%B8%AD%E7%A7%91%E5%AD%B8%E7%8F%AD/" "Mozilla/5.0 (Windows NT 10.0; Win64; x64) AppleWebKit/537.36 (KHTML, like Gecko) Chrome/151.0.0.0 Safari/537.36"
114.25.4.222 - - [17/Aug/2026:15:30:31 +0800] "POST /gifted/wp-json/ilc-summary/v1/popular-posts HTTP/1.1" 201 1403 "https://2blog.ilc.edu.tw/gifted/%F0%9F%8E%89-%E6%9C%AC%E6%A0%A1%E6%95%B8%E8%B3%87%E7%94%9F%E3%80%8C%E6%B8%B8%E7%B4%AB%E7%90%B3%E3%80%8D%E9%8C%84%E5%8F%96%E9%99%84%E4%B8%AD%E7%A7%91%E5%AD%B8%E7%8F%AD/" "Mozilla/5.0 (Windows NT 10.0; Win64; x64) AppleWebKit/537.36 (KHTML, like Gecko) Chrome/151.0.0.0 Safari/537.36"
114.25.4.222 - - [17/Aug/2026:15:30:31 +0800] "GET /gifted/wp-content/uploads/sites/3593/2022/07/%E2%80%94Pngtree%E2%80%94abstract-textured-polygonal-background-_983671.png HTTP/1.1" 200 1610396 "https://2blog.ilc.edu.tw/gifted/%F0%9F%8E%89-%E6%9C%AC%E6%A0%A1%E6%95%B8%E8%B3%87%E7%94%9F%E3%80%8C%E6%B8%B8%E7%B4%AB%E7%90%B3%E3%80%8D%E9%8C%84%E5%8F%96%E9%99%84%E4%B8%AD%E7%A7%91%E5%AD%B8%E7%8F%AD/" "Mozilla/5.0 (Windows NT 10.0; Win64; x64) AppleWebKit/537.36 (KHTML, like Gecko) Chrome/151.0.0.0 Safari/537.36"
114.25.4.222 - - [17/Aug/2026:15:30:31 +0800] "GET /gifted/wp-content/uploads/sites/3593/2022/07/cropped-Logo-32x32.png HTTP/1.1" 200 2974 "https://2blog.ilc.edu.tw/gifted/%F0%9F%8E%89-%E6%9C%AC%E6%A0%A1%E6%95%B8%E8%B3%87%E7%94%9F%E3%80%8C%E6%B8%B8%E7%B4%AB%E7%90%B3%E3%80%8D%E9%8C%84%E5%8F%96%E9%99%84%E4%B8%AD%E7%A7%91%E5%AD%B8%E7%8F%AD/" "Mozilla/5.0 (Windows NT 10.0; Win64; x64) AppleWebKit/537.36 (KHTML, like Gecko) Chrome/151.0.0.0 Safari/537.36"
::1 - - [17/Aug/2026:15:30:32 +0800] "OPTIONS * HTTP/1.0" 200 110 "-" "Apache/2.4.68 (Ubuntu) OpenSSL/3.0.19 (internal dummy connection)"
120.101.197.140 - - [17/Aug/2026:15:30:32 +0800] "GET / HTTP/1.1" 200 29750 "https://web.fsjh.ilc.edu.tw:10443/" "Mozilla/5.0 (Windows NT 10.0; Win64; x64) AppleWebKit/537.36 (KHTML, like Gecko) Chrome/151.0.0.0 Safari/537.36 Edg/151.0.0.0"
140.111.67.195 - - [17/Aug/2026:15:30:34 +0800] "GET /wp-admin/admin-post.php?action=steps_ad HTTP/1.1" 200 1973 "-" "node-fetch/1.0 (+https://github.com/bitinn/node-fetch)"
66.249.68.200 - - [17/Aug/2026:15:30:34 +0800] "GET /1003/wp-content/themes/textbook/assets/js/jquery.flexslider.js HTTP/1.1" 200 17582 "https://2blog.ilc.edu.tw/1003/author/tmy1127/page/7/" "Mozilla/5.0 AppleWebKit/537.36 (KHTML, like Gecko; compatible; Googlebot/2.1; +http://www.google.com/bot.html) Chrome/151.0.7922.108 Safari/537.36"
140.111.67.10 - - [17/Aug/2026:15:30:35 +0800] "GET /" 301 273 "-" "-"
66.249.68.200 - - [17/Aug/2026:15:30:35 +0800] "GET /1003/wp-content/themes/textbook/assets/js/functions.js HTTP/1.1" 200 1934 "https://2blog.ilc.edu.tw/1003/author/tmy1127/page/7/" "Mozilla/5.0 AppleWebKit/537.36 (KHTML, like Gecko; compatible; Googlebot/2.1; +http://www.google.com/bot.html) Chrome/151.0.7922.108 Safari/537.36"
2001:288:a201::66:125 - - [17/Aug/2026:15:30:35 +0800] "GET /blog/active.php HTTP/1.1" 404 1084 "-" "-"
2001:288:a201::66:125 - - [17/Aug/2026:15:30:35 +0800] "GET /blog/active.php HTTP/1.1" 301 1026 "-" "-"
140.111.67.195 - - [17/Aug/2026:15:30:35 +0800] "GET /wp-admin/admin-post.php?action=steps_ad HTTP/1.1" 200 1649 "-" "node-fetch/1.0 (+https://github.com/bitinn/node-fetch)"
2402:7500:506:90a6:48f5:b3c3:e314:f81d - - [17/Aug/2026:15:30:37 +0800] "-" 408 339 "-" "-"
2402:7500:506:90a6:48f5:b3c3:e314:f81d - - [17/Aug/2026:15:30:37 +0800] "-" 408 339 "-" "-"
::1 - - [17/Aug/2026:15:30:38 +0800] "OPTIONS * HTTP/1.0" 200 110 "-" "Apache/2.4.68 (Ubuntu) OpenSSL/3.0.19 (internal dummy connection)"
66.249.68.200 - - [17/Aug/2026:15:30:38 +0800] "GET /12/2020/04/07/2020-0326-0409-%E6%96%87%E5%8C%96%E5%9C%8B%E4%B8%AD%E8%B7%A8%E5%9F%9F%E8%AA%B2%E7%A8%8B%E5%85%B1%E5%82%99/ HTTP/1.1" 200 10847 "-" "Mozilla/5.0 (Linux; Android 6.0.1; Nexus 5X Build/MMB29P) AppleWebKit/537.36 (KHTML, like Gecko) Chrome/150.0.7871.186 Mobile Safari/537.36 (compatible; Googlebot/2.1; +http://www.google.com/bot.html)"
2001:288:54c1:172:45ee:89c8:2642:6d20 - - [17/Aug/2026:15:30:38 +0800] "-" 408 4796 "-" "-"
66.249.68.200 - - [17/Aug/2026:15:30:39 +0800] "GET /1003/wp-content/themes/textbook/assets/js/navigation.js HTTP/1.1" 200 2931 "https://2blog.ilc.edu.tw/1003/author/tmy1127/page/7/" "Mozilla/5.0 AppleWebKit/537.36 (KHTML, like Gecko; compatible; Googlebot/2.1; +http://www.google.com/bot.html) Chrome/151.0.7922.108 Safari/537.36"
66.249.71.64 - - [17/Aug/2026:15:30:39 +0800] "GET /1003/wp-content/themes/textbook/assets/js/skip-link-focus-fix.js HTTP/1.1" 200 6132 "https://2blog.ilc.edu.tw/1003/author/tmy1127/page/7/" "Mozilla/5.0 AppleWebKit/537.36 (KHTML, like Gecko; compatible; Googlebot/2.1; +http://www.google.com/bot.html) Chrome/151.0.7922.108 Safari/537.36"
140.111.67.10 - - [17/Aug/2026:15:30:40 +0800] "GET /" 301 273 "-" "-"
2001:288:a25f:1:3d26:b2f:aed7:a7b1 - - [17/Aug/2026:15:30:40 +0800] "GET /1235/ HTTP/1.1" 200 23525 "-" "Mozilla/5.0 (Windows NT 10.0; Win64; x64) AppleWebKit/537.36 (KHTML, like Gecko) Chrome/151.0.0.0 Safari/537.36"
2001:288:a201::66:125 - - [17/Aug/2026:15:30:40 +0800] "GET /blog/active.php HTTP/1.1" 404 1084 "-" "-"
2001:288:a25f:1:3d26:b2f:aed7:a7b1 - - [17/Aug/2026:15:30:40 +0800] "GET /wp-content/cache/isupport.ilc.edu.tw/wpfc-minified/jpyo1yc2/ks8w.css HTTP/1.1" 200 5961 "https://isupport.ilc.edu.tw/1235/" "Mozilla/5.0 (Windows NT 10.0; Win64; x64) AppleWebKit/537.36 (KHTML, like Gecko) Chrome/151.0.0.0 Safari/537.36"
2001:288:a25f:1:3d26:b2f:aed7:a7b1 - - [17/Aug/2026:15:30:40 +0800] "GET /wp-content/cache/isupport.ilc.edu.tw/wpfc-minified/fhgiw72a/ks8w.css HTTP/1.1" 200 40883 "https://isupport.ilc.edu.tw/1235/" "Mozilla/5.0 (Windows NT 10.0; Win64; x64) AppleWebKit/537.36 (KHTML, like Gecko) Chrome/151.0.0.0 Safari/537.36"
2001:288:a25f:1:3d26:b2f:aed7:a7b1 - - [17/Aug/2026:15:30:40 +0800] "GET /wp-content/cache/isupport.ilc.edu.tw/wpfc-minified/8jq1rsi9/ks8w.css HTTP/1.1" 200 53283 "https://isupport.ilc.edu.tw/1235/" "Mozilla/5.0 (Windows NT 10.0; Win64; x64) AppleWebKit/537.36 (KHTML, like Gecko) Chrome/151.0.0.0 Safari/537.36"
2001:288:a201::66:125 - - [17/Aug/2026:15:30:40 +0800] "GET /blog/active.php HTTP/1.1" 301 1026 "-" "-"
2001:288:a25f:1:3d26:b2f:aed7:a7b1 - - [17/Aug/2026:15:30:40 +0800] "GET /wp-content/cache/isupport.ilc.edu.tw/wpfc-minified/drup3mak/ks8w.css HTTP/1.1" 200 27560 "https://isupport.ilc.edu.tw/1235/" "Mozilla/5.0 (Windows NT 10.0; Win64; x64) AppleWebKit/537.36 (KHTML, like Gecko) Chrome/151.0.0.0 Safari/537.36"
2001:288:a25f:1:3d26:b2f:aed7:a7b1 - - [17/Aug/2026:15:30:40 +0800] "GET /wp-content/uploads/sites/3591/elementor/css/post-3.css HTTP/1.1" 200 1762 "https://isupport.ilc.edu.tw/1235/" "Mozilla/5.0 (Windows NT 10.0; Win64; x64) AppleWebKit/537.36 (KHTML, like Gecko) Chrome/151.0.0.0 Safari/537.36"
2001:288:a25f:1:3d26:b2f:aed7:a7b1 - - [17/Aug/2026:15:30:40 +0800] "GET /wp-content/cache/isupport.ilc.edu.tw/wpfc-minified/lwjo9g1t/ks8w.css HTTP/1.1" 200 6343 "https://isupport.ilc.edu.tw/1235/" "Mozilla/5.0 (Windows NT 10.0; Win64; x64) AppleWebKit/537.36 (KHTML, like Gecko) Chrome/151.0.0.0 Safari/537.36"
2001:288:a25f:1:3d26:b2f:aed7:a7b1 - - [17/Aug/2026:15:30:40 +0800] "GET /wp-content/uploads/sites/3591/elementor/css/post-1235.css HTTP/1.1" 200 1009 "https://isupport.ilc.edu.tw/1235/" "Mozilla/5.0 (Windows NT 10.0; Win64; x64) AppleWebKit/537.36 (KHTML, like Gecko) Chrome/151.0.0.0 Safari/537.36"
2001:288:a25f:1:3d26:b2f:aed7:a7b1 - - [17/Aug/2026:15:30:40 +0800] "GET /wp-content/cache/isupport.ilc.edu.tw/wpfc-minified/kxdlh8d7/ks8w.css HTTP/1.1" 200 7701 "https://isupport.ilc.edu.tw/1235/" "Mozilla/5.0 (Windows NT 10.0; Win64; x64) AppleWebKit/537.36 (KHTML, like Gecko) Chrome/151.0.0.0 Safari/537.36"
2001:288:a25f:1:3d26:b2f:aed7:a7b1 - - [17/Aug/2026:15:30:40 +0800] "GET /wp-content/cache/isupport.ilc.edu.tw/wpfc-minified/fqv0eogw/ks8w.js HTTP/1.1" 200 6439 "https://isupport.ilc.edu.tw/1235/" "Mozilla/5.0 (Windows NT 10.0; Win64; x64) AppleWebKit/537.36 (KHTML, like Gecko) Chrome/151.0.0.0 Safari/537.36"
2001:288:a25f:1:3d26:b2f:aed7:a7b1 - - [17/Aug/2026:15:30:40 +0800] "GET /wp-content/cache/isupport.ilc.edu.tw/wpfc-minified/10m74ssp/ks8x.js HTTP/1.1" 200 35551 "https://isupport.ilc.edu.tw/1235/" "Mozilla/5.0 (Windows NT 10.0; Win64; x64) AppleWebKit/537.36 (KHTML, like Gecko) Chrome/151.0.0.0 Safari/537.36"
2001:288:a25f:1:3d26:b2f:aed7:a7b1 - - [17/Aug/2026:15:30:40 +0800] "GET /wp-content/uploads/sites/3591/2023/03/EIP%E5%AD%B8%E7%94%9F%E5%B8%B3%E8%99%9F%E7%AE%A1%E7%90%86.jpg HTTP/1.1" 200 44997 "https://isupport.ilc.edu.tw/1235/" "Mozilla/5.0 (Windows NT 10.0; Win64; x64) AppleWebKit/537.36 (KHTML, like Gecko) Chrome/151.0.0.0 Safari/537.36"
2001:288:a25f:1:3d26:b2f:aed7:a7b1 - - [17/Aug/2026:15:30:40 +0800] "GET /wp-content/uploads/sites/3591/2022/06/EIP%E5%BF%AB%E9%80%9F%E8%A8%BB%E5%86%8A02.png HTTP/1.1" 200 58135 "https://isupport.ilc.edu.tw/1235/" "Mozilla/5.0 (Windows NT 10.0; Win64; x64) AppleWebKit/537.36 (KHTML, like Gecko) Chrome/151.0.0.0 Safari/537.36"
2001:288:a25f:1:3d26:b2f:aed7:a7b1 - - [17/Aug/2026:15:30:40 +0800] "GET /wp-content/uploads/sites/3591/2022/06/%E6%96%B0%E7%94%9F%E5%9C%8B%E5%B0%8F%E7%A4%BE%E6%9C%83%E6%9C%89e%E6%80%9D.png HTTP/1.1" 200 42997 "https://isupport.ilc.edu.tw/1235/" "Mozilla/5.0 (Windows NT 10.0; Win64; x64) AppleWebKit/537.36 (KHTML, like Gecko) Chrome/151.0.0.0 Safari/537.36"
2001:288:a25f:1:3d26:b2f:aed7:a7b1 - - [17/Aug/2026:15:30:40 +0800] "GET /wp-content/uploads/sites/3591/2023/03/%E5%85%BC%E8%BC%94%E5%85%A5%E6%A0%A1%E9%99%AA%E4%BC%B4.png HTTP/1.1" 200 71434 "https://isupport.ilc.edu.tw/1235/" "Mozilla/5.0 (Windows NT 10.0; Win64; x64) AppleWebKit/537.36 (KHTML, like Gecko) Chrome/151.0.0.0 Safari/537.36"
2001:288:a25f:1:3d26:b2f:aed7:a7b1 - - [17/Aug/2026:15:30:40 +0800] "GET /wp-includes/js/hoverintent-js.min.js HTTP/1.1" 200 1597 "https://isupport.ilc.edu.tw/1235/" "Mozilla/5.0 (Windows NT 10.0; Win64; x64) AppleWebKit/537.36 (KHTML, like Gecko) Chrome/151.0.0.0 Safari/537.36"
2001:288:a25f:1:3d26:b2f:aed7:a7b1 - - [17/Aug/2026:15:30:40 +0800] "GET /wp-includes/js/admin-bar.min.js HTTP/1.1" 200 2237 "https://isupport.ilc.edu.tw/1235/" "Mozilla/5.0 (Windows NT 10.0; Win64; x64) AppleWebKit/537.36 (KHTML, like Gecko) Chrome/151.0.0.0 Safari/537.36"
2001:288:a25f:1:3d26:b2f:aed7:a7b1 - - [17/Aug/2026:15:30:40 +0800] "GET /wp-includes/js/imagesloaded.min.js HTTP/1.1" 200 2683 "https://isupport.ilc.edu.tw/1235/" "Mozilla/5.0 (Windows NT 10.0; Win64; x64) AppleWebKit/537.36 (KHTML, like Gecko) Chrome/151.0.0.0 Safari/537.36"
2001:288:a25f:1:3d26:b2f:aed7:a7b1 - - [17/Aug/2026:15:30:40 +0800] "GET /wp-content/themes/oceanwp/assets/js/theme.min.js HTTP/1.1" 200 5130 "https://isupport.ilc.edu.tw/1235/" "Mozilla/5.0 (Windows NT 10.0; Win64; x64) AppleWebKit/537.36 (KHTML, like Gecko) Chrome/151.0.0.0 Safari/537.36"
2001:288:a25f:1:3d26:b2f:aed7:a7b1 - - [17/Aug/2026:15:30:40 +0800] "GET /wp-content/themes/oceanwp/assets/js/vendors/sidr.js HTTP/1.1" 200 4102 "https://isupport.ilc.edu.tw/1235/" "Mozilla/5.0 (Windows NT 10.0; Win64; x64) AppleWebKit/537.36 (KHTML, like Gecko) Chrome/151.0.0.0 Safari/537.36"
2001:288:a25f:1:3d26:b2f:aed7:a7b1 - - [17/Aug/2026:15:30:40 +0800] "GET /wp-content/themes/oceanwp/assets/js/sidebar-mobile-menu.min.js HTTP/1.1" 200 4731 "https://isupport.ilc.edu.tw/1235/" "Mozilla/5.0 (Windows NT 10.0; Win64; x64) AppleWebKit/537.36 (KHTML, like Gecko) Chrome/151.0.0.0 Safari/537.36"
2001:288:a25f:1:3d26:b2f:aed7:a7b1 - - [17/Aug/2026:15:30:40 +0800] "GET /wp-content/themes/oceanwp/assets/js/equal-height-elements.min.js HTTP/1.1" 200 2606 "https://isupport.ilc.edu.tw/1235/" "Mozilla/5.0 (Windows NT 10.0; Win64; x64) AppleWebKit/537.36 (KHTML, like Gecko) Chrome/151.0.0.0 Safari/537.36"
2001:288:a25f:1:3d26:b2f:aed7:a7b1 - - [17/Aug/2026:15:30:40 +0800] "GET /wp-content/themes/oceanwp/assets/js/drop-down-search.min.js HTTP/1.1" 200 2968 "https://isupport.ilc.edu.tw/1235/" "Mozilla/5.0 (Windows NT 10.0; Win64; x64) AppleWebKit/537.36 (KHTML, like Gecko) Chrome/151.0.0.0 Safari/537.36"
2001:288:a25f:1:3d26:b2f:aed7:a7b1 - - [17/Aug/2026:15:30:40 +0800] "GET /wp-content/themes/oceanwp/assets/js/ow-lightbox.min.js HTTP/1.1" 200 2321 "https://isupport.ilc.edu.tw/1235/" "Mozilla/5.0 (Windows NT 10.0; Win64; x64) AppleWebKit/537.36 (KHTML, like Gecko) Chrome/151.0.0.0 Safari/537.36"
2001:288:a25f:1:3d26:b2f:aed7:a7b1 - - [17/Aug/2026:15:30:40 +0800] "GET /wp-content/themes/oceanwp/assets/js/vendors/magnific-popup.min.js HTTP/1.1" 200 8270 "https://isupport.ilc.edu.tw/1235/" "Mozilla/5.0 (Windows NT 10.0; Win64; x64) AppleWebKit/537.36 (KHTML, like Gecko) Chrome/151.0.0.0 Safari/537.36"
2001:288:a25f:1:3d26:b2f:aed7:a7b1 - - [17/Aug/2026:15:30:41 +0800] "GET /wp-content/themes/oceanwp/assets/js/ow-slider.min.js HTTP/1.1" 200 1761 "https://isupport.ilc.edu.tw/1235/" "Mozilla/5.0 (Windows NT 10.0; Win64; x64) AppleWebKit/537.36 (KHTML, like Gecko) Chrome/151.0.0.0 Safari/537.36"
2001:288:a25f:1:3d26:b2f:aed7:a7b1 - - [17/Aug/2026:15:30:41 +0800] "GET /wp-content/themes/oceanwp/assets/js/vendors/flickity.pkgd.min.js HTTP/1.1" 200 15048 "https://isupport.ilc.edu.tw/1235/" "Mozilla/5.0 (Windows NT 10.0; Win64; x64) AppleWebKit/537.36 (KHTML, like Gecko) Chrome/151.0.0.0 Safari/537.36"
2001:288:a25f:1:3d26:b2f:aed7:a7b1 - - [17/Aug/2026:15:30:41 +0800] "GET /wp-content/themes/oceanwp/assets/js/scroll-effect.min.js HTTP/1.1" 200 4127 "https://isupport.ilc.edu.tw/1235/" "Mozilla/5.0 (Windows NT 10.0; Win64; x64) AppleWebKit/537.36 (KHTML, like Gecko) Chrome/151.0.0.0 Safari/537.36"
2001:288:a25f:1:3d26:b2f:aed7:a7b1 - - [17/Aug/2026:15:30:41 +0800] "GET /wp-content/themes/oceanwp/assets/js/select.min.js HTTP/1.1" 200 2408 "https://isupport.ilc.edu.tw/1235/" "Mozilla/5.0 (Windows NT 10.0; Win64; x64) AppleWebKit/537.36 (KHTML, like Gecko) Chrome/151.0.0.0 Safari/537.36"
2001:288:a25f:1:3d26:b2f:aed7:a7b1 - - [17/Aug/2026:15:30:41 +0800] "GET /wp-content/themes/oceanwp/assets/js/scroll-top.min.js HTTP/1.1" 200 3202 "https://isupport.ilc.edu.tw/1235/" "Mozilla/5.0 (Windows NT 10.0; Win64; x64) AppleWebKit/537.36 (KHTML, like Gecko) Chrome/151.0.0.0 Safari/537.36"
2001:288:a25f:1:3d26:b2f:aed7:a7b1 - - [17/Aug/2026:15:30:41 +0800] "GET /wp-content/plugins/ocean-extra/includes/widgets/js/flickr.min.js HTTP/1.1" 200 1319 "https://isupport.ilc.edu.tw/1235/" "Mozilla/5.0 (Windows NT 10.0; Win64; x64) AppleWebKit/537.36 (KHTML, like Gecko) Chrome/151.0.0.0 Safari/537.36"
2001:288:a25f:1:3d26:b2f:aed7:a7b1 - - [17/Aug/2026:15:30:41 +0800] "GET /wp-content/themes/oceanwp/assets/js/ow-infinite-scroll.min.js HTTP/1.1" 200 8588 "https://isupport.ilc.edu.tw/1235/" "Mozilla/5.0 (Windows NT 10.0; Win64; x64) AppleWebKit/537.36 (KHTML, like Gecko) Chrome/151.0.0.0 Safari/537.36"
2001:288:a25f:1:3d26:b2f:aed7:a7b1 - - [17/Aug/2026:15:30:41 +0800] "GET /wp-content/plugins/elementor-pro/assets/js/webpack-pro.runtime.min.js HTTP/1.1" 200 3562 "https://isupport.ilc.edu.tw/1235/" "Mozilla/5.0 (Windows NT 10.0; Win64; x64) AppleWebKit/537.36 (KHTML, like Gecko) Chrome/151.0.0.0 Safari/537.36"
2001:288:a25f:1:3d26:b2f:aed7:a7b1 - - [17/Aug/2026:15:30:41 +0800] "GET /wp-content/plugins/elementor/assets/js/webpack.runtime.min.js HTTP/1.1" 200 3095 "https://isupport.ilc.edu.tw/1235/" "Mozilla/5.0 (Windows NT 10.0; Win64; x64) AppleWebKit/537.36 (KHTML, like Gecko) Chrome/151.0.0.0 Safari/537.36"
2001:288:a25f:1:3d26:b2f:aed7:a7b1 - - [17/Aug/2026:15:30:41 +0800] "GET /wp-content/plugins/elementor/assets/js/frontend-modules.min.js HTTP/1.1" 200 19416 "https://isupport.ilc.edu.tw/1235/" "Mozilla/5.0 (Windows NT 10.0; Win64; x64) AppleWebKit/537.36 (KHTML, like Gecko) Chrome/151.0.0.0 Safari/537.36"
2001:288:a25f:1:3d26:b2f:aed7:a7b1 - - [17/Aug/2026:15:30:41 +0800] "GET /wp-includes/js/dist/hooks.min.js HTTP/1.1" 200 2421 "https://isupport.ilc.edu.tw/1235/" "Mozilla/5.0 (Windows NT 10.0; Win64; x64) AppleWebKit/537.36 (KHTML, like Gecko) Chrome/151.0.0.0 Safari/537.36"
2001:288:a25f:1:3d26:b2f:aed7:a7b1 - - [17/Aug/2026:15:30:41 +0800] "GET /wp-includes/js/dist/i18n.min.js HTTP/1.1" 200 4547 "https://isupport.ilc.edu.tw/1235/" "Mozilla/5.0 (Windows NT 10.0; Win64; x64) AppleWebKit/537.36 (KHTML, like Gecko) Chrome/151.0.0.0 Safari/537.36"
2001:288:a25f:1:3d26:b2f:aed7:a7b1 - - [17/Aug/2026:15:30:41 +0800] "GET /wp-content/plugins/elementor-pro/assets/js/frontend.min.js HTTP/1.1" 200 7574 "https://isupport.ilc.edu.tw/1235/" "Mozilla/5.0 (Windows NT 10.0; Win64; x64) AppleWebKit/537.36 (KHTML, like Gecko) Chrome/151.0.0.0 Safari/537.36"
2001:288:a25f:1:3d26:b2f:aed7:a7b1 - - [17/Aug/2026:15:30:41 +0800] "GET /wp-content/plugins/elementor/assets/lib/waypoints/waypoints.min.js HTTP/1.1" 200 3873 "https://isupport.ilc.edu.tw/1235/" "Mozilla/5.0 (Windows NT 10.0; Win64; x64) AppleWebKit/537.36 (KHTML, like Gecko) Chrome/151.0.0.0 Safari/537.36"
2001:288:a25f:1:3d26:b2f:aed7:a7b1 - - [17/Aug/2026:15:30:41 +0800] "GET /wp-includes/js/jquery/ui/core.min.js HTTP/1.1" 200 7986 "https://isupport.ilc.edu.tw/1235/" "Mozilla/5.0 (Windows NT 10.0; Win64; x64) AppleWebKit/537.36 (KHTML, like Gecko) Chrome/151.0.0.0 Safari/537.36"
2001:288:a25f:1:3d26:b2f:aed7:a7b1 - - [17/Aug/2026:15:30:41 +0800] "GET /wp-content/plugins/elementor/assets/js/frontend.min.js HTTP/1.1" 200 13169 "https://isupport.ilc.edu.tw/1235/" "Mozilla/5.0 (Windows NT 10.0; Win64; x64) AppleWebKit/537.36 (KHTML, like Gecko) Chrome/151.0.0.0 Safari/537.36"
2001:288:a25f:1:3d26:b2f:aed7:a7b1 - - [17/Aug/2026:15:30:41 +0800] "GET /wp-content/plugins/elementor-pro/assets/js/elements-handlers.min.js HTTP/1.1" 200 10882 "https://isupport.ilc.edu.tw/1235/" "Mozilla/5.0 (Windows NT 10.0; Win64; x64) AppleWebKit/537.36 (KHTML, like Gecko) Chrome/151.0.0.0 Safari/537.36"
2001:288:a25f:1:3d26:b2f:aed7:a7b1 - - [17/Aug/2026:15:30:41 +0800] "GET /wp-content/uploads/sites/3591/2023/04/%E6%95%B8%E4%BD%8D%E5%AD%B8%E7%BF%92%E6%94%AF%E6%8C%81%E5%B9%B3%E5%8F%B0logo_50.png HTTP/1.1" 200 3861 "https://isupport.ilc.edu.tw/1235/" "Mozilla/5.0 (Windows NT 10.0; Win64; x64) AppleWebKit/537.36 (KHTML, like Gecko) Chrome/151.0.0.0 Safari/537.36"
2001:288:a25f:1:3d26:b2f:aed7:a7b1 - - [17/Aug/2026:15:30:41 +0800] "GET /wp-content/uploads/sites/3591/2022/11/banner_%E6%96%87%E7%AB%A0%E5%85%A7%E5%AE%B9.jpg HTTP/1.1" 200 18255 "https://isupport.ilc.edu.tw/1235/" "Mozilla/5.0 (Windows NT 10.0; Win64; x64) AppleWebKit/537.36 (KHTML, like Gecko) Chrome/151.0.0.0 Safari/537.36"
2001:288:a25f:1:3d26:b2f:aed7:a7b1 - - [17/Aug/2026:15:30:41 +0800] "POST /wp-json/ilc-summary/v1/popular-posts HTTP/1.1" 201 1270 "https://isupport.ilc.edu.tw/1235/" "Mozilla/5.0 (Windows NT 10.0; Win64; x64) AppleWebKit/537.36 (KHTML, like Gecko) Chrome/151.0.0.0 Safari/537.36"
2001:288:a25f:1:3d26:b2f:aed7:a7b1 - - [17/Aug/2026:15:30:41 +0800] "GET /wp-content/uploads/sites/3591/2022/06/EIP%E5%BF%AB%E9%80%9F%E8%A8%BB%E5%86%8A03.png HTTP/1.1" 200 14933 "https://isupport.ilc.edu.tw/1235/" "Mozilla/5.0 (Windows NT 10.0; Win64; x64) AppleWebKit/537.36 (KHTML, like Gecko) Chrome/151.0.0.0 Safari/537.36"
