2001:288:a21a:1:d454:2115:4320:63d6 - - [17/Aug/2026:15:36:30 +0800] "GET /wp-content/uploads/sites/3846/2026/06/2026%E5%AE%9C%E8%98%AD%E7%98%8B%E5%AD%B8%E7%BF%92-%E6%9A%91%E5%81%87_%E6%95%99%E8%82%B2%E8%99%95%E9%A6%96%E9%A0%81-1440-x-1080-%E5%83%8F%E7%B4%A0.png HTTP/1.1" 200 2046271 "https://it.ilc.edu.tw/" "Mozilla/5.0 (Windows NT 10.0; Win64; x64) AppleWebKit/537.36 (KHTML, like Gecko) Chrome/151.0.0.0 Safari/537.36"
2401:e180:8df0:390c:3198:e94d:325b:9e48 - - [17/Aug/2026:15:36:32 +0800] "-" 408 4796 "-" "-"
140.111.67.10 - - [17/Aug/2026:15:36:35 +0800] "GET /" 301 273 "-" "-"
2001:288:a201::66:125 - - [17/Aug/2026:15:36:35 +0800] "GET /blog/active.php HTTP/1.1" 404 1084 "-" "-"
2001:288:a201::66:125 - - [17/Aug/2026:15:36:35 +0800] "GET /blog/active.php HTTP/1.1" 301 1026 "-" "-"
::1 - - [17/Aug/2026:15:36:36 +0800] "OPTIONS * HTTP/1.0" 200 110 "-" "Apache/2.4.68 (Ubuntu) OpenSSL/3.0.19 (internal dummy connection)"
::1 - - [17/Aug/2026:15:36:37 +0800] "OPTIONS * HTTP/1.0" 200 110 "-" "Apache/2.4.68 (Ubuntu) OpenSSL/3.0.19 (internal dummy connection)"
::1 - - [17/Aug/2026:15:36:38 +0800] "OPTIONS * HTTP/1.0" 200 110 "-" "Apache/2.4.68 (Ubuntu) OpenSSL/3.0.19 (internal dummy connection)"
66.249.68.200 - - [17/Aug/2026:15:36:39 +0800] "GET /wp-content/uploads/sites/2831/6421/6421-587984.doc HTTP/1.1" 200 42522 "-" "Mozilla/5.0 (Linux; Android 6.0.1; Nexus 5X Build/MMB29P) AppleWebKit/537.36 (KHTML, like Gecko) Chrome/150.0.7871.186 Mobile Safari/537.36 (compatible; Googlebot/2.1; +http://www.google.com/bot.html)"
66.249.82.166 - - [17/Aug/2026:15:36:39 +0800] "GET /blog/gallery/21570/21570-1322694.jpg HTTP/1.1" 404 25465 "-" "Mozilla/5.0 (Windows NT 5.1; rv:11.0) Gecko Firefox/11.0 (via ggpht.com GoogleImageProxy)"
140.111.67.10 - - [17/Aug/2026:15:36:40 +0800] "GET /" 301 273 "-" "-"
2001:4860:7:510::f5 - - [17/Aug/2026:15:36:40 +0800] "GET /tcesinfo/2020/08/31/%E7%A1%AC%E7%A2%9F%E4%BF%9D%E5%9B%BA%E6%9F%A5%E8%A9%A2/ HTTP/1.1" 200 15742 "https://www.google.com/" "Mozilla/5.0 (Windows NT 10.0; Win64; x64) AppleWebKit/537.36 (KHTML, like Gecko) Chrome/151.0.0.0 Safari/537.36"
2001:288:a201::66:125 - - [17/Aug/2026:15:36:40 +0800] "GET /blog/active.php HTTP/1.1" 301 1026 "-" "-"
2001:288:a201::66:125 - - [17/Aug/2026:15:36:40 +0800] "GET /blog/active.php HTTP/1.1" 404 1084 "-" "-"
2001:4860:7:510::f5 - - [17/Aug/2026:15:36:43 +0800] "GET /yleerc/english/cool-english/ HTTP/1.1" 200 24075 "https://www.google.com/" "Mozilla/5.0 (Windows NT 10.0; Win64; x64) AppleWebKit/537.36 (KHTML, like Gecko) Chrome/149.0.0.0 Safari/537.36"
140.111.67.10 - - [17/Aug/2026:15:36:45 +0800] "GET /" 301 273 "-" "-"
2001:288:a201::66:125 - - [17/Aug/2026:15:36:45 +0800] "GET /blog/active.php HTTP/1.1" 404 1084 "-" "-"
2001:288:a201::66:125 - - [17/Aug/2026:15:36:45 +0800] "GET /blog/active.php HTTP/1.1" 301 1026 "-" "-"
120.101.215.146 - - [17/Aug/2026:15:36:46 +0800] "POST /wp-admin/admin-ajax.php HTTP/1.1" 200 5926 "https://www.najh.ilc.edu.tw/wp-admin/" "Mozilla/5.0 (Windows NT 10.0; Win64; x64) AppleWebKit/537.36 (KHTML, like Gecko) Chrome/151.0.0.0 Safari/537.36"
2001:288:a229:1:111:e818:1faa:9e93 - - [17/Aug/2026:15:36:46 +0800] "GET /wp-content/uploads/sites/233/1003/1003-3905329.png HTTP/1.1" 200 277260 "https://www.google.com/" "Mozilla/5.0 (Windows NT 10.0; Win64; x64) AppleWebKit/537.36 (KHTML, like Gecko) Chrome/151.0.0.0 Safari/537.36"
2001:288:a229:1:111:e818:1faa:9e93 - - [17/Aug/2026:15:36:48 +0800] "GET /1003/2017/07/14/%E6%8E%A5%E6%96%B0%E7%8F%AD%E6%BA%96%E5%82%991%E7%AC%AC%E4%B8%80%E5%B0%81%E4%BF%A1/ HTTP/1.1" 200 19094 "https://www.google.com/" "Mozilla/5.0 (Windows NT 10.0; Win64; x64) AppleWebKit/537.36 (KHTML, like Gecko) Chrome/151.0.0.0 Safari/537.36"
2001:288:a229:1:111:e818:1faa:9e93 - - [17/Aug/2026:15:36:48 +0800] "GET /1003/wp-content/cache/2blog.ilc.edu.tw/wpfc-minified/mknpejql/5woub.css HTTP/1.1" 200 40886 "https://2blog.ilc.edu.tw/1003/2017/07/14/%E6%8E%A5%E6%96%B0%E7%8F%AD%E6%BA%96%E5%82%991%E7%AC%AC%E4%B8%80%E5%B0%81%E4%BF%A1/" "Mozilla/5.0 (Windows NT 10.0; Win64; x64) AppleWebKit/537.36 (KHTML, like Gecko) Chrome/151.0.0.0 Safari/537.36"
2001:288:a229:1:111:e818:1faa:9e93 - - [17/Aug/2026:15:36:48 +0800] "GET /1003/wp-content/cache/2blog.ilc.edu.tw/wpfc-minified/8x7tn0v6/5wohd.css HTTP/1.1" 200 15980 "https://2blog.ilc.edu.tw/1003/2017/07/14/%E6%8E%A5%E6%96%B0%E7%8F%AD%E6%BA%96%E5%82%991%E7%AC%AC%E4%B8%80%E5%B0%81%E4%BF%A1/" "Mozilla/5.0 (Windows NT 10.0; Win64; x64) AppleWebKit/537.36 (KHTML, like Gecko) Chrome/151.0.0.0 Safari/537.36"
2001:288:a229:1:111:e818:1faa:9e93 - - [17/Aug/2026:15:36:48 +0800] "GET /1003/wp-content/cache/2blog.ilc.edu.tw/wpfc-minified/lx5sg0nx/5wohd.css HTTP/1.1" 200 23086 "https://2blog.ilc.edu.tw/1003/2017/07/14/%E6%8E%A5%E6%96%B0%E7%8F%AD%E6%BA%96%E5%82%991%E7%AC%AC%E4%B8%80%E5%B0%81%E4%BF%A1/" "Mozilla/5.0 (Windows NT 10.0; Win64; x64) AppleWebKit/537.36 (KHTML, like Gecko) Chrome/151.0.0.0 Safari/537.36"
2001:288:a229:1:111:e818:1faa:9e93 - - [17/Aug/2026:15:36:48 +0800] "GET /1003/wp-content/cache/2blog.ilc.edu.tw/wpfc-minified/6jx87ldu/5wohd.js HTTP/1.1" 200 1980 "https://2blog.ilc.edu.tw/1003/2017/07/14/%E6%8E%A5%E6%96%B0%E7%8F%AD%E6%BA%96%E5%82%991%E7%AC%AC%E4%B8%80%E5%B0%81%E4%BF%A1/" "Mozilla/5.0 (Windows NT 10.0; Win64; x64) AppleWebKit/537.36 (KHTML, like Gecko) Chrome/151.0.0.0 Safari/537.36"
2001:288:a229:1:111:e818:1faa:9e93 - - [17/Aug/2026:15:36:48 +0800] "GET /1003/wp-content/cache/2blog.ilc.edu.tw/wpfc-minified/q8iljgfz/5woub.js HTTP/1.1" 200 3455 "https://2blog.ilc.edu.tw/1003/2017/07/14/%E6%8E%A5%E6%96%B0%E7%8F%AD%E6%BA%96%E5%82%991%E7%AC%AC%E4%B8%80%E5%B0%81%E4%BF%A1/" "Mozilla/5.0 (Windows NT 10.0; Win64; x64) AppleWebKit/537.36 (KHTML, like Gecko) Chrome/151.0.0.0 Safari/537.36"
2001:288:a229:1:111:e818:1faa:9e93 - - [17/Aug/2026:15:36:48 +0800] "GET /1003/wp-content/cache/2blog.ilc.edu.tw/wpfc-minified/7jci0eqx/5woub.js HTTP/1.1" 200 35901 "https://2blog.ilc.edu.tw/1003/2017/07/14/%E6%8E%A5%E6%96%B0%E7%8F%AD%E6%BA%96%E5%82%991%E7%AC%AC%E4%B8%80%E5%B0%81%E4%BF%A1/" "Mozilla/5.0 (Windows NT 10.0; Win64; x64) AppleWebKit/537.36 (KHTML, like Gecko) Chrome/151.0.0.0 Safari/537.36"
2001:288:a229:1:111:e818:1faa:9e93 - - [17/Aug/2026:15:36:48 +0800] "GET /wp-content/uploads/sites/233/1003/1003-3905329.png HTTP/1.1" 200 272464 "https://2blog.ilc.edu.tw/1003/2017/07/14/%E6%8E%A5%E6%96%B0%E7%8F%AD%E6%BA%96%E5%82%991%E7%AC%AC%E4%B8%80%E5%B0%81%E4%BF%A1/" "Mozilla/5.0 (Windows NT 10.0; Win64; x64) AppleWebKit/537.36 (KHTML, like Gecko) Chrome/151.0.0.0 Safari/537.36"
2001:288:a229:1:111:e818:1faa:9e93 - - [17/Aug/2026:15:36:48 +0800] "GET /1003/wp-content/uploads/sites/233/2023/04/338250713_886939739267121_7258247398763374813_n.jpg HTTP/1.1" 200 101893 "https://2blog.ilc.edu.tw/1003/2017/07/14/%E6%8E%A5%E6%96%B0%E7%8F%AD%E6%BA%96%E5%82%991%E7%AC%AC%E4%B8%80%E5%B0%81%E4%BF%A1/" "Mozilla/5.0 (Windows NT 10.0; Win64; x64) AppleWebKit/537.36 (KHTML, like Gecko) Chrome/151.0.0.0 Safari/537.36"
2001:288:a229:1:111:e818:1faa:9e93 - - [17/Aug/2026:15:36:48 +0800] "GET /wp-content/uploads/sites/233/1003/1003-3905330.png HTTP/1.1" 200 402465 "https://2blog.ilc.edu.tw/1003/2017/07/14/%E6%8E%A5%E6%96%B0%E7%8F%AD%E6%BA%96%E5%82%991%E7%AC%AC%E4%B8%80%E5%B0%81%E4%BF%A1/" "Mozilla/5.0 (Windows NT 10.0; Win64; x64) AppleWebKit/537.36 (KHTML, like Gecko) Chrome/151.0.0.0 Safari/537.36"
2001:288:a229:1:111:e818:1faa:9e93 - - [17/Aug/2026:15:36:48 +0800] "GET /1003/wp-content/uploads/sites/233/2023/04/sp230410_141707.png HTTP/1.1" 200 109778 "https://2blog.ilc.edu.tw/1003/2017/07/14/%E6%8E%A5%E6%96%B0%E7%8F%AD%E6%BA%96%E5%82%991%E7%AC%AC%E4%B8%80%E5%B0%81%E4%BF%A1/" "Mozilla/5.0 (Windows NT 10.0; Win64; x64) AppleWebKit/537.36 (KHTML, like Gecko) Chrome/151.0.0.0 Safari/537.36"
2001:288:a229:1:111:e818:1faa:9e93 - - [17/Aug/2026:15:36:48 +0800] "GET /1003/wp-content/uploads/sites/233/2024/03/Snipaste_2024-03-11_23-36-51-300x209.png HTTP/1.1" 200 88673 "https://2blog.ilc.edu.tw/1003/2017/07/14/%E6%8E%A5%E6%96%B0%E7%8F%AD%E6%BA%96%E5%82%991%E7%AC%AC%E4%B8%80%E5%B0%81%E4%BF%A1/" "Mozilla/5.0 (Windows NT 10.0; Win64; x64) AppleWebKit/537.36 (KHTML, like Gecko) Chrome/151.0.0.0 Safari/537.36"
2001:288:a229:1:111:e818:1faa:9e93 - - [17/Aug/2026:15:36:48 +0800] "GET /1003/wp-includes/js/hoverintent-js.min.js HTTP/1.1" 200 1597 "https://2blog.ilc.edu.tw/1003/2017/07/14/%E6%8E%A5%E6%96%B0%E7%8F%AD%E6%BA%96%E5%82%991%E7%AC%AC%E4%B8%80%E5%B0%81%E4%BF%A1/" "Mozilla/5.0 (Windows NT 10.0; Win64; x64) AppleWebKit/537.36 (KHTML, like Gecko) Chrome/151.0.0.0 Safari/537.36"
2001:288:a229:1:111:e818:1faa:9e93 - - [17/Aug/2026:15:36:48 +0800] "GET /1003/wp-includes/js/admin-bar.min.js HTTP/1.1" 200 2237 "https://2blog.ilc.edu.tw/1003/2017/07/14/%E6%8E%A5%E6%96%B0%E7%8F%AD%E6%BA%96%E5%82%991%E7%AC%AC%E4%B8%80%E5%B0%81%E4%BF%A1/" "Mozilla/5.0 (Windows NT 10.0; Win64; x64) AppleWebKit/537.36 (KHTML, like Gecko) Chrome/151.0.0.0 Safari/537.36"
2001:288:a229:1:111:e818:1faa:9e93 - - [17/Aug/2026:15:36:48 +0800] "GET /1003/wp-content/themes/textbook/assets/js/functions.js HTTP/1.1" 200 1934 "https://2blog.ilc.edu.tw/1003/2017/07/14/%E6%8E%A5%E6%96%B0%E7%8F%AD%E6%BA%96%E5%82%991%E7%AC%AC%E4%B8%80%E5%B0%81%E4%BF%A1/" "Mozilla/5.0 (Windows NT 10.0; Win64; x64) AppleWebKit/537.36 (KHTML, like Gecko) Chrome/151.0.0.0 Safari/537.36"
2001:288:a229:1:111:e818:1faa:9e93 - - [17/Aug/2026:15:36:48 +0800] "GET /1003/wp-content/themes/textbook/assets/js/jquery.flexslider.js HTTP/1.1" 200 12801 "https://2blog.ilc.edu.tw/1003/2017/07/14/%E6%8E%A5%E6%96%B0%E7%8F%AD%E6%BA%96%E5%82%991%E7%AC%AC%E4%B8%80%E5%B0%81%E4%BF%A1/" "Mozilla/5.0 (Windows NT 10.0; Win64; x64) AppleWebKit/537.36 (KHTML, like Gecko) Chrome/151.0.0.0 Safari/537.36"
2001:288:a229:1:111:e818:1faa:9e93 - - [17/Aug/2026:15:36:49 +0800] "GET /1003/wp-content/themes/textbook/assets/js/navigation.js HTTP/1.1" 200 2931 "https://2blog.ilc.edu.tw/1003/2017/07/14/%E6%8E%A5%E6%96%B0%E7%8F%AD%E6%BA%96%E5%82%991%E7%AC%AC%E4%B8%80%E5%B0%81%E4%BF%A1/" "Mozilla/5.0 (Windows NT 10.0; Win64; x64) AppleWebKit/537.36 (KHTML, like Gecko) Chrome/151.0.0.0 Safari/537.36"
2001:288:a229:1:111:e818:1faa:9e93 - - [17/Aug/2026:15:36:49 +0800] "GET /1003/wp-content/themes/textbook/assets/js/skip-link-focus-fix.js HTTP/1.1" 200 1351 "https://2blog.ilc.edu.tw/1003/2017/07/14/%E6%8E%A5%E6%96%B0%E7%8F%AD%E6%BA%96%E5%82%991%E7%AC%AC%E4%B8%80%E5%B0%81%E4%BF%A1/" "Mozilla/5.0 (Windows NT 10.0; Win64; x64) AppleWebKit/537.36 (KHTML, like Gecko) Chrome/151.0.0.0 Safari/537.36"
2001:288:a229:1:111:e818:1faa:9e93 - - [17/Aug/2026:15:36:49 +0800] "GET /1003/wp-content/uploads/sites/233/2019/05/84-300x300.png HTTP/1.1" 200 36082 "https://2blog.ilc.edu.tw/1003/2017/07/14/%E6%8E%A5%E6%96%B0%E7%8F%AD%E6%BA%96%E5%82%991%E7%AC%AC%E4%B8%80%E5%B0%81%E4%BF%A1/" "Mozilla/5.0 (Windows NT 10.0; Win64; x64) AppleWebKit/537.36 (KHTML, like Gecko) Chrome/151.0.0.0 Safari/537.36"
2001:288:a229:1:111:e818:1faa:9e93 - - [17/Aug/2026:15:36:49 +0800] "GET /1003/wp-content/uploads/sites/233/2019/08/Snipaste_2019-08-25_21-24-17-1-300x149.jpg HTTP/1.1" 200 12279 "https://2blog.ilc.edu.tw/1003/2017/07/14/%E6%8E%A5%E6%96%B0%E7%8F%AD%E6%BA%96%E5%82%991%E7%AC%AC%E4%B8%80%E5%B0%81%E4%BF%A1/" "Mozilla/5.0 (Windows NT 10.0; Win64; x64) AppleWebKit/537.36 (KHTML, like Gecko) Chrome/151.0.0.0 Safari/537.36"
2001:288:a229:1:111:e818:1faa:9e93 - - [17/Aug/2026:15:36:49 +0800] "POST /1003/wp-json/ilc-summary/v1/popular-posts HTTP/1.1" 201 1272 "https://2blog.ilc.edu.tw/1003/2017/07/14/%E6%8E%A5%E6%96%B0%E7%8F%AD%E6%BA%96%E5%82%991%E7%AC%AC%E4%B8%80%E5%B0%81%E4%BF%A1/" "Mozilla/5.0 (Windows NT 10.0; Win64; x64) AppleWebKit/537.36 (KHTML, like Gecko) Chrome/151.0.0.0 Safari/537.36"
2001:288:a229:1:111:e818:1faa:9e93 - - [17/Aug/2026:15:36:49 +0800] "GET /1003/wp-content/uploads/sites/233/2019/05/cropped-1-32x32.png HTTP/1.1" 200 2822 "https://2blog.ilc.edu.tw/1003/2017/07/14/%E6%8E%A5%E6%96%B0%E7%8F%AD%E6%BA%96%E5%82%991%E7%AC%AC%E4%B8%80%E5%B0%81%E4%BF%A1/" "Mozilla/5.0 (Windows NT 10.0; Win64; x64) AppleWebKit/537.36 (KHTML, like Gecko) Chrome/151.0.0.0 Safari/537.36"
140.111.67.10 - - [17/Aug/2026:15:36:50 +0800] "GET /" 301 273 "-" "-"
2001:288:a201::66:125 - - [17/Aug/2026:15:36:50 +0800] "GET /blog/active.php HTTP/1.1" 301 1026 "-" "-"
2001:288:a201::66:125 - - [17/Aug/2026:15:36:50 +0800] "GET /blog/active.php HTTP/1.1" 404 1084 "-" "-"
2001:288:a229:1:111:e818:1faa:9e93 - - [17/Aug/2026:15:36:50 +0800] "GET /1003/wp-content/uploads/sites/233/2022/07/Snipaste_2019-03-09_23-19-59.jpg HTTP/1.1" 200 19704 "https://2blog.ilc.edu.tw/1003/2017/07/14/%E6%8E%A5%E6%96%B0%E7%8F%AD%E6%BA%96%E5%82%991%E7%AC%AC%E4%B8%80%E5%B0%81%E4%BF%A1/" "Mozilla/5.0 (Windows NT 10.0; Win64; x64) AppleWebKit/537.36 (KHTML, like Gecko) Chrome/151.0.0.0 Safari/537.36"
2001:4860:7:810::f0 - - [17/Aug/2026:15:36:54 +0800] "GET / HTTP/1.1" 200 30953 "https://www.google.com/" "Mozilla/5.0 (Linux; Android 10; K) AppleWebKit/537.36 (KHTML, like Gecko) Chrome/151.0.0.0 Mobile Safari/537.36"
140.111.67.10 - - [17/Aug/2026:15:36:55 +0800] "GET /" 301 273 "-" "-"
2001:288:a201::66:125 - - [17/Aug/2026:15:36:55 +0800] "GET /blog/active.php HTTP/1.1" 404 1084 "-" "-"
2001:288:a201::66:125 - - [17/Aug/2026:15:36:55 +0800] "GET /blog/active.php HTTP/1.1" 301 1026 "-" "-"
52.167.144.230 - - [17/Aug/2026:15:36:56 +0800] "GET /?s=%E6%95%99%E8%82%B2%E5%BF%83%E7%90%86%E6%9C%8D%E5%8B%99%E4%B9%9D%E9%BE%8D%E4%B8%80%E7%B5%84 HTTP/1.1" 200 20518 "-" "Mozilla/5.0 AppleWebKit/537.36 (KHTML, like Gecko; compatible; bingbot/2.0; +http://www.bing.com/bingbot.htm) Chrome/116.0.1938.76 Safari/537.36"
2001:288:a221:1:4d07:bd0f:76b2:262e - - [17/Aug/2026:15:36:56 +0800] "-" 408 4800 "-" "-"
::1 - - [17/Aug/2026:15:36:56 +0800] "OPTIONS * HTTP/1.0" 200 110 "-" "Apache/2.4.68 (Ubuntu) OpenSSL/3.0.19 (internal dummy connection)"
::1 - - [17/Aug/2026:15:36:57 +0800] "OPTIONS * HTTP/1.0" 200 110 "-" "Apache/2.4.68 (Ubuntu) OpenSSL/3.0.19 (internal dummy connection)"
::1 - - [17/Aug/2026:15:36:58 +0800] "OPTIONS * HTTP/1.0" 200 110 "-" "Apache/2.4.68 (Ubuntu) OpenSSL/3.0.19 (internal dummy connection)"
::1 - - [17/Aug/2026:15:36:59 +0800] "OPTIONS * HTTP/1.0" 200 110 "-" "Apache/2.4.68 (Ubuntu) OpenSSL/3.0.19 (internal dummy connection)"
140.111.67.10 - - [17/Aug/2026:15:37:00 +0800] "GET /" 301 273 "-" "-"
2001:288:a201::66:125 - - [17/Aug/2026:15:37:00 +0800] "GET /blog/active.php HTTP/1.1" 301 1026 "-" "-"
2001:288:a201::66:125 - - [17/Aug/2026:15:37:00 +0800] "GET /blog/active.php HTTP/1.1" 404 1084 "-" "-"
2001:4860:7:810::ff - - [17/Aug/2026:15:37:00 +0800] "GET / HTTP/1.1" 200 30953 "https://www.google.com/" "Mozilla/5.0 (Windows NT 10.0; Win64; x64) AppleWebKit/537.36 (KHTML, like Gecko) Chrome/151.0.0.0 Safari/537.36"
178.171.80.45 - - [17/Aug/2026:15:37:02 +0800] "GET http://www.kases.ilc.edu.tw/robots.txt HTTP/1.1" 200 722 "-" "Mozilla/5.0 (Windows NT 10.0; Win64; x64) AppleWebKit/537.36 (KHTML, like Gecko) Chrome/151.0.0.0 Safari/537.36"
66.249.68.201 - - [17/Aug/2026:15:37:01 +0800] "GET /26150/wp-content/uploads/sites/67/2022/04/111%E5%B9%B4%E5%AE%9C%E8%98%AD%E7%B8%A3%E8%A1%A8%E6%8F%9A%E6%8E%A8%E5%B1%95%E5%AE%B6%E5%BA%AD%E6%95%99%E8%82%B2%E7%B8%BE%E5%84%AA%E5%80%8B%E4%BA%BA%E5%AF%A6%E6%96%BD%E8%A8%88%E7%95%AB.odt HTTP/1.1" 200 64134 "-" "Mozilla/5.0 (Linux; Android 6.0.1; Nexus 5X Build/MMB29P) AppleWebKit/537.36 (KHTML, like Gecko) Chrome/150.0.7871.186 Mobile Safari/537.36 (compatible; Googlebot/2.1; +http://www.google.com/bot.html)"
66.249.71.66 - - [17/Aug/2026:15:37:03 +0800] "GET /taiwanmilingual/%E3%80%8A%E8%87%BA%E7%81%A3%E9%9B%99%E8%AA%9E%E6%95%99%E6%9D%90%E3%80%8B%E8%87%BA%E7%81%A3%E9%9B%99%E8%AA%9E%E6%B3%A8%E9%9F%B3%E7%AC%A6%E8%99%9F%E8%A1%A8%E4%B9%8B140%E9%9F%B3/ HTTP/1.1" 200 19523 "-" "Mozilla/5.0 (Linux; Android 6.0.1; Nexus 5X Build/MMB29P) AppleWebKit/537.36 (KHTML, like Gecko) Chrome/150.0.7871.186 Mobile Safari/537.36 (compatible; Googlebot/2.1; +http://www.google.com/bot.html)"
140.111.67.10 - - [17/Aug/2026:15:37:05 +0800] "GET /" 301 273 "-" "-"
66.249.68.200 - - [17/Aug/2026:15:37:05 +0800] "GET /12/2009/02/ HTTP/1.1" 200 14893 "-" "Mozilla/5.0 (Linux; Android 6.0.1; Nexus 5X Build/MMB29P) AppleWebKit/537.36 (KHTML, like Gecko) Chrome/150.0.7871.186 Mobile Safari/537.36 (compatible; Googlebot/2.1; +http://www.google.com/bot.html)"
2001:288:a201::66:125 - - [17/Aug/2026:15:37:05 +0800] "GET /blog/active.php HTTP/1.1" 404 1084 "-" "-"
2001:288:a201::66:125 - - [17/Aug/2026:15:37:05 +0800] "GET /blog/active.php HTTP/1.1" 301 1026 "-" "-"
2001:b400:e241:adba:4957:7d7a:6074:f11a - - [17/Aug/2026:15:37:08 +0800] "GET /wp-content/uploads/sites/823/elementor/css/post-605.css HTTP/1.1" 304 5592 "-" "Mozilla/5.0 (Linux; Android 10; K) AppleWebKit/537.36 (KHTML, like Gecko) Chrome/151.0.0.0 Mobile Safari/537.36"
2001:288:a229:1:111:e818:1faa:9e93 - - [17/Aug/2026:15:37:08 +0800] "-" 408 339 "-" "-"
140.111.67.10 - - [17/Aug/2026:15:37:10 +0800] "GET /" 301 273 "-" "-"
66.249.68.200 - - [17/Aug/2026:15:37:10 +0800] "GET /taiwanmilingual/wp-content/cache/2blog.ilc.edu.tw/wpfc-minified/e6zr18lf/60z6b.css HTTP/1.1" 200 58080 "https://2blog.ilc.edu.tw/taiwanmilingual/%E3%80%8A%E8%87%BA%E7%81%A3%E9%9B%99%E8%AA%9E%E6%95%99%E6%9D%90%E3%80%8B%E8%87%BA%E7%81%A3%E9%9B%99%E8%AA%9E%E6%B3%A8%E9%9F%B3%E7%AC%A6%E8%99%9F%E8%A1%A8%E4%B9%8B140%E9%9F%B3/" "Mozilla/5.0 (Linux; Android 6.0.1; Nexus 5X Build/MMB29P) AppleWebKit/537.36 (KHTML, like Gecko) Chrome/150.0.7871.186 Mobile Safari/537.36 (compatible; Googlebot/2.1; +http://www.google.com/bot.html)"
2001:288:a25f:1:38b6:138:c95b:96c3 - - [17/Aug/2026:15:37:10 +0800] "-" 408 339 "-" "-"
2001:288:a201::66:125 - - [17/Aug/2026:15:37:10 +0800] "GET /blog/active.php HTTP/1.1" 404 1084 "-" "-"
2001:288:a201::66:125 - - [17/Aug/2026:15:37:10 +0800] "GET /blog/active.php HTTP/1.1" 301 1026 "-" "-"
66.249.71.65 - - [17/Aug/2026:15:37:11 +0800] "GET /taiwanmilingual/wp-content/cache/2blog.ilc.edu.tw/wpfc-minified/7w7akp5w/60z6b.css HTTP/1.1" 200 9112 "https://2blog.ilc.edu.tw/taiwanmilingual/%E3%80%8A%E8%87%BA%E7%81%A3%E9%9B%99%E8%AA%9E%E6%95%99%E6%9D%90%E3%80%8B%E8%87%BA%E7%81%A3%E9%9B%99%E8%AA%9E%E6%B3%A8%E9%9F%B3%E7%AC%A6%E8%99%9F%E8%A1%A8%E4%B9%8B140%E9%9F%B3/" "Mozilla/5.0 (Linux; Android 6.0.1; Nexus 5X Build/MMB29P) AppleWebKit/537.36 (KHTML, like Gecko) Chrome/150.0.7871.186 Mobile Safari/537.36 (compatible; Googlebot/2.1; +http://www.google.com/bot.html)"
49.159.181.26 - - [17/Aug/2026:15:37:09 +0800] "POST /index.php?rest_route=/wp-statistics/v2/online HTTP/1.1" 200 1436 "https://www.jwes.ilc.edu.tw/" "Mozilla/5.0 (Windows NT 10.0; Win64; x64) AppleWebKit/537.36 (KHTML, like Gecko) Chrome/151.0.0.0 Safari/537.36"
66.249.71.65 - - [17/Aug/2026:15:37:12 +0800] "GET /taiwanmilingual/wp-includes/js/hoverintent-js.min.js HTTP/1.1" 200 1597 "https://2blog.ilc.edu.tw/taiwanmilingual/%E3%80%8A%E8%87%BA%E7%81%A3%E9%9B%99%E8%AA%9E%E6%95%99%E6%9D%90%E3%80%8B%E8%87%BA%E7%81%A3%E9%9B%99%E8%AA%9E%E6%B3%A8%E9%9F%B3%E7%AC%A6%E8%99%9F%E8%A1%A8%E4%B9%8B140%E9%9F%B3/" "Mozilla/5.0 (Linux; Android 6.0.1; Nexus 5X Build/MMB29P) AppleWebKit/537.36 (KHTML, like Gecko) Chrome/150.0.7871.186 Mobile Safari/537.36 (compatible; Googlebot/2.1; +http://www.google.com/bot.html)"
66.249.68.201 - - [17/Aug/2026:15:37:13 +0800] "POST /taiwanmilingual/wp-json/ilc-summary/v1/popular-posts HTTP/1.1" 201 6063 "https://2blog.ilc.edu.tw/taiwanmilingual/%E3%80%8A%E8%87%BA%E7%81%A3%E9%9B%99%E8%AA%9E%E6%95%99%E6%9D%90%E3%80%8B%E8%87%BA%E7%81%A3%E9%9B%99%E8%AA%9E%E6%B3%A8%E9%9F%B3%E7%AC%A6%E8%99%9F%E8%A1%A8%E4%B9%8B140%E9%9F%B3/" "Mozilla/5.0 (Linux; Android 6.0.1; Nexus 5X Build/MMB29P) AppleWebKit/537.36 (KHTML, like Gecko) Chrome/150.0.7871.186 Mobile Safari/537.36 (compatible; Googlebot/2.1; +http://www.google.com/bot.html)"
66.249.68.200 - - [17/Aug/2026:15:37:14 +0800] "GET /12/2008/12/09/%E5%9C%A8%E5%9C%B0%E6%96%87%E5%8C%96%E7%B3%BB%E5%88%97%E6%B4%BB%E5%8B%95-%E8%8D%89%E7%B7%A8%E7%A0%94%E7%BF%92/ HTTP/1.1" 200 15872 "-" "Mozilla/5.0 (Linux; Android 6.0.1; Nexus 5X Build/MMB29P) AppleWebKit/537.36 (KHTML, like Gecko) Chrome/150.0.7871.186 Mobile Safari/537.36 (compatible; Googlebot/2.1; +http://www.google.com/bot.html)"
140.111.67.10 - - [17/Aug/2026:15:37:15 +0800] "GET /" 301 273 "-" "-"
2001:288:a201::66:125 - - [17/Aug/2026:15:37:15 +0800] "GET /blog/active.php HTTP/1.1" 404 1084 "-" "-"
2001:288:a201::66:125 - - [17/Aug/2026:15:37:15 +0800] "GET /blog/active.php HTTP/1.1" 301 1026 "-" "-"
66.249.71.130 - - [17/Aug/2026:15:37:16 +0800] "GET /wp-login.php?action=ilc_logout&_wpnonce=020ea612b9&redirect_to=//baycalresing.tk/143wwwilcedutwYFi380 HTTP/1.1" 302 8243 "-" "Mozilla/5.0 (Linux; Android 6.0.1; Nexus 5X Build/MMB29P) AppleWebKit/537.36 (KHTML, like Gecko) Chrome/150.0.7871.186 Mobile Safari/537.36 (compatible; Googlebot/2.1; +http://www.google.com/bot.html)"
66.249.68.200 - - [17/Aug/2026:15:37:17 +0800] "GET /12/2019/08/23/2019-03-14-%E5%AE%9C%E8%98%AD%E7%B8%A3108%E5%B9%B4%E5%BA%A6%E7%A4%BE%E6%9C%83%E9%A0%98%E5%9F%9F%E9%A0%98%E7%B6%B1%E5%AE%A3%E5%B0%8E%E7%AC%AC%E4%BA%8C%E5%A0%B4/ HTTP/1.1" 200 10844 "-" "Mozilla/5.0 (Linux; Android 6.0.1; Nexus 5X Build/MMB29P) AppleWebKit/537.36 (KHTML, like Gecko) Chrome/150.0.7871.186 Mobile Safari/537.36 (compatible; Googlebot/2.1; +http://www.google.com/bot.html)"
140.111.67.10 - - [17/Aug/2026:15:37:20 +0800] "GET /" 301 273 "-" "-"
2001:288:a201::66:125 - - [17/Aug/2026:15:37:20 +0800] "GET /blog/active.php HTTP/1.1" 301 1026 "-" "-"
2001:288:a201::66:125 - - [17/Aug/2026:15:37:20 +0800] "GET /blog/active.php HTTP/1.1" 404 1084 "-" "-"
156.0.92.212 - - [17/Aug/2026:15:37:20 +0800] "GET /6093/2012/09/04/ HTTP/1.1" 200 18720 "-" "Mozilla/5.0 (Windows NT 10.0; Win64; x64) AppleWebKit/537.36 (KHTML, like Gecko) Chrome/149.0.0.0 Safari/537.36 Edg/149.0.0.0"
66.249.71.64 - - [17/Aug/2026:15:37:19 +0800] "GET /26150/2024/10/08/%E5%B9%B8%E7%A6%8F%E5%AE%B6%E5%BA%AD%E7%A9%BA%E4%B8%AD%E8%AC%9B%E5%A0%821131006%E7%88%B6%E6%AF%8D%E9%9B%A2%E7%95%B0%E5%B0%B1%E6%98%AF%E5%96%AE%E8%A6%AA%E5%AE%B6%E5%BA%AD%E5%97%8E%EF%BC%9F%E9%9B%A2/ HTTP/1.1" 200 23324 "-" "Mozilla/5.0 (Linux; Android 6.0.1; Nexus 5X Build/MMB29P) AppleWebKit/537.36 (KHTML, like Gecko) Chrome/150.0.7871.186 Mobile Safari/537.36 (compatible; Googlebot/2.1; +http://www.google.com/bot.html)"
2001:288:a201::67:81 - - [17/Aug/2026:15:37:21 +0800] "POST /26150/2024/10/08/%E5%B9%B8%E7%A6%8F%E5%AE%B6%E5%BA%AD%E7%A9%BA%E4%B8%AD%E8%AC%9B%E5%A0%821131006%E7%88%B6%E6%AF%8D%E9%9B%A2%E7%95%B0%E5%B0%B1%E6%98%AF%E5%96%AE%E8%A6%AA%E5%AE%B6%E5%BA%AD%E5%97%8E%EF%BC%9F%E9%9B%A2/?fsm_edd_37394=ab7b55249247c374158f395bd5a1c4e9 HTTP/1.1" 200 13010 "-" "WordPress/6.6.7; https://2blog.ilc.edu.tw/26150"
60.251.70.203 - - [17/Aug/2026:15:37:23 +0800] "GET /wp-content/uploads/sites/1161/35/35-1802618.jpg HTTP/1.1" 200 70174 "https://www.google.com/" "Mozilla/5.0 (iPhone; CPU iPhone OS 26_6 like Mac OS X) AppleWebKit/605.1.15 (KHTML, like Gecko) GSA/433.5.957829776 Mobile/23G71 Safari/604.1"
140.111.67.10 - - [17/Aug/2026:15:37:25 +0800] "GET /" 301 273 "-" "-"
2001:288:a201::66:125 - - [17/Aug/2026:15:37:25 +0800] "GET /blog/active.php HTTP/1.1" 301 1026 "-" "-"
2001:288:a201::66:125 - - [17/Aug/2026:15:37:25 +0800] "GET /blog/active.php HTTP/1.1" 404 1084 "-" "-"
66.249.82.15 - - [17/Aug/2026:15:37:26 +0800] "GET /.well-known/traffic-advice HTTP/1.1" 404 46838 "-" "Chrome Privacy Preserving Prefetch Proxy"
2001:4860:7:410::ee - - [17/Aug/2026:15:37:27 +0800] "GET / HTTP/1.1" 200 18633 "https://www.google.com/" "Mozilla/5.0 (Windows NT 10.0; Win64; x64) AppleWebKit/537.36 (KHTML, like Gecko) Chrome/151.0.0.0 Safari/537.36"
66.249.68.200 - - [17/Aug/2026:15:37:28 +0800] "POST /57/wp-json/ilc-summary/v1/popular-posts HTTP/1.1" 201 6049 "https://2blog.ilc.edu.tw/57/2010/09/21/0920%E7%A0%94%E7%BF%92%E8%AC%9B%E7%BE%A9_97%E8%AA%B2%E7%B6%B1%E5%BE%AE%E8%AA%BF/" "Mozilla/5.0 (Linux; Android 6.0.1; Nexus 5X Build/MMB29P) AppleWebKit/537.36 (KHTML, like Gecko) Chrome/150.0.7871.186 Mobile Safari/537.36 (compatible; Googlebot/2.1; +http://www.google.com/bot.html)"
66.249.71.64 - - [17/Aug/2026:15:37:29 +0800] "POST /12/wp-json/ilc-summary/v1/popular-posts HTTP/1.1" 201 6050 "https://2blog.ilc.edu.tw/12/2019/08/23/2019-03-14-%E5%AE%9C%E8%98%AD%E7%B8%A3108%E5%B9%B4%E5%BA%A6%E7%A4%BE%E6%9C%83%E9%A0%98%E5%9F%9F%E9%A0%98%E7%B6%B1%E5%AE%A3%E5%B0%8E%E7%AC%AC%E4%BA%8C%E5%A0%B4/" "Mozilla/5.0 (Linux; Android 6.0.1; Nexus 5X Build/MMB29P) AppleWebKit/537.36 (KHTML, like Gecko) Chrome/150.0.7871.186 Mobile Safari/537.36 (compatible; Googlebot/2.1; +http://www.google.com/bot.html)"
140.111.67.10 - - [17/Aug/2026:15:37:30 +0800] "GET /" 301 273 "-" "-"
2001:288:a201::66:125 - - [17/Aug/2026:15:37:30 +0800] "GET /blog/active.php HTTP/1.1" 301 1026 "-" "-"
2001:288:a201::66:125 - - [17/Aug/2026:15:37:30 +0800] "GET /blog/active.php HTTP/1.1" 404 1084 "-" "-"
2001:b400:e241:adba:4957:7d7a:6074:f11a - - [17/Aug/2026:15:37:31 +0800] "-" 408 339 "-" "-"
2001:b400:e241:adba:4957:7d7a:6074:f11a - - [17/Aug/2026:15:37:31 +0800] "-" 408 339 "-" "-"
66.249.68.200 - - [17/Aug/2026:15:37:32 +0800] "POST /12/wp-json/ilc-summary/v1/popular-posts HTTP/1.1" 201 1269 "https://2blog.ilc.edu.tw/12/2014/04/08/%E5%8D%97%E5%AE%89%E5%9C%8B%E4%B8%AD%E8%A8%AA%E8%A6%96%EF%BC%BF%E8%A8%B1%E9%9B%85%E9%A6%A8%E8%80%81%E5%B8%AB%E6%AD%B7%E5%8F%B2%E7%A7%91%EF%BC%89/" "Mozilla/5.0 (Linux; Android 6.0.1; Nexus 5X Build/MMB29P) AppleWebKit/537.36 (KHTML, like Gecko) Chrome/150.0.7871.186 Mobile Safari/537.36 (compatible; Googlebot/2.1; +http://www.google.com/bot.html)"
2001:b011:e003:275:97f0:fb88:9aac:398b - - [17/Aug/2026:15:37:33 +0800] "GET / HTTP/1.1" 200 86268 "-" "Mozilla/5.0 (Windows NT 10.0; Win64; x64) AppleWebKit/537.36 (KHTML, like Gecko) Chrome/69.0.3497.81 Safari/537.36"
66.249.79.3 - - [17/Aug/2026:15:37:33 +0800] "GET /page/255/ HTTP/1.1" 200 16972 "-" "Mozilla/5.0 (Linux; Android 6.0.1; Nexus 5X Build/MMB29P) AppleWebKit/537.36 (KHTML, like Gecko) Chrome/150.0.7871.186 Mobile Safari/537.36 (compatible; Googlebot/2.1; +http://www.google.com/bot.html)"
2001:288:a242:2:9803:628c:63c3:c070 - - [17/Aug/2026:15:37:34 +0800] "GET / HTTP/1.1" 200 23394 "-" "Mozilla/5.0 (Windows NT 10.0; Win64; x64) AppleWebKit/537.36 (KHTML, like Gecko) Chrome/151.0.0.0 Safari/537.36"
2001:288:a242:2:9803:628c:63c3:c070 - - [17/Aug/2026:15:37:34 +0800] "GET /wp-content/cache/www.cges.ilc.edu.tw/wpfc-minified/79o5jyxt/6vvf.css HTTP/1.1" 200 40884 "https://www.cges.ilc.edu.tw/" "Mozilla/5.0 (Windows NT 10.0; Win64; x64) AppleWebKit/537.36 (KHTML, like Gecko) Chrome/151.0.0.0 Safari/537.36"
2001:288:a242:2:9803:628c:63c3:c070 - - [17/Aug/2026:15:37:34 +0800] "GET /wp-content/cache/www.cges.ilc.edu.tw/wpfc-minified/qm1lnbl3/6vvf.css HTTP/1.1" 200 17111 "https://www.cges.ilc.edu.tw/" "Mozilla/5.0 (Windows NT 10.0; Win64; x64) AppleWebKit/537.36 (KHTML, like Gecko) Chrome/151.0.0.0 Safari/537.36"
2001:288:a242:2:9803:628c:63c3:c070 - - [17/Aug/2026:15:37:34 +0800] "GET /wp-content/cache/www.cges.ilc.edu.tw/wpfc-minified/d5inqde/6vvf.css HTTP/1.1" 200 5961 "https://www.cges.ilc.edu.tw/" "Mozilla/5.0 (Windows NT 10.0; Win64; x64) AppleWebKit/537.36 (KHTML, like Gecko) Chrome/151.0.0.0 Safari/537.36"
2001:288:a242:2:9803:628c:63c3:c070 - - [17/Aug/2026:15:37:34 +0800] "GET /wp-content/uploads/sites/1393/elementor/css/post-345.css HTTP/1.1" 200 1267 "https://www.cges.ilc.edu.tw/" "Mozilla/5.0 (Windows NT 10.0; Win64; x64) AppleWebKit/537.36 (KHTML, like Gecko) Chrome/151.0.0.0 Safari/537.36"
2001:288:a242:2:9803:628c:63c3:c070 - - [17/Aug/2026:15:37:34 +0800] "GET /wp-content/uploads/sites/1393/elementor/css/post-189.css HTTP/1.1" 200 6380 "https://www.cges.ilc.edu.tw/" "Mozilla/5.0 (Windows NT 10.0; Win64; x64) AppleWebKit/537.36 (KHTML, like Gecko) Chrome/151.0.0.0 Safari/537.36"
2001:288:a242:2:9803:628c:63c3:c070 - - [17/Aug/2026:15:37:34 +0800] "GET /wp-content/cache/www.cges.ilc.edu.tw/wpfc-minified/2qfowuv3/6vvf.css HTTP/1.1" 200 6815 "https://www.cges.ilc.edu.tw/" "Mozilla/5.0 (Windows NT 10.0; Win64; x64) AppleWebKit/537.36 (KHTML, like Gecko) Chrome/151.0.0.0 Safari/537.36"
2001:288:a242:2:9803:628c:63c3:c070 - - [17/Aug/2026:15:37:34 +0800] "GET /wp-content/cache/www.cges.ilc.edu.tw/wpfc-minified/2fm5zxwl/6vvf.css HTTP/1.1" 200 87411 "https://www.cges.ilc.edu.tw/" "Mozilla/5.0 (Windows NT 10.0; Win64; x64) AppleWebKit/537.36 (KHTML, like Gecko) Chrome/151.0.0.0 Safari/537.36"
2001:288:a242:2:9803:628c:63c3:c070 - - [17/Aug/2026:15:37:34 +0800] "GET /wp-content/cache/www.cges.ilc.edu.tw/wpfc-minified/7nsmgxv0/6vvf.css HTTP/1.1" 200 54062 "https://www.cges.ilc.edu.tw/" "Mozilla/5.0 (Windows NT 10.0; Win64; x64) AppleWebKit/537.36 (KHTML, like Gecko) Chrome/151.0.0.0 Safari/537.36"
2001:288:a242:2:9803:628c:63c3:c070 - - [17/Aug/2026:15:37:34 +0800] "GET /wp-includes/js/hoverintent-js.min.js HTTP/1.1" 200 1597 "https://www.cges.ilc.edu.tw/" "Mozilla/5.0 (Windows NT 10.0; Win64; x64) AppleWebKit/537.36 (KHTML, like Gecko) Chrome/151.0.0.0 Safari/537.36"
2001:288:a242:2:9803:628c:63c3:c070 - - [17/Aug/2026:15:37:34 +0800] "GET /wp-content/cache/www.cges.ilc.edu.tw/wpfc-minified/89psruds/6vvf.js HTTP/1.1" 200 40361 "https://www.cges.ilc.edu.tw/" "Mozilla/5.0 (Windows NT 10.0; Win64; x64) AppleWebKit/537.36 (KHTML, like Gecko) Chrome/151.0.0.0 Safari/537.36"
2001:288:a242:2:9803:628c:63c3:c070 - - [17/Aug/2026:15:37:34 +0800] "GET /wp-includes/js/admin-bar.min.js HTTP/1.1" 200 2237 "https://www.cges.ilc.edu.tw/" "Mozilla/5.0 (Windows NT 10.0; Win64; x64) AppleWebKit/537.36 (KHTML, like Gecko) Chrome/151.0.0.0 Safari/537.36"
2001:288:a242:2:9803:628c:63c3:c070 - - [17/Aug/2026:15:37:34 +0800] "GET /wp-includes/js/imagesloaded.min.js HTTP/1.1" 200 2683 "https://www.cges.ilc.edu.tw/" "Mozilla/5.0 (Windows NT 10.0; Win64; x64) AppleWebKit/537.36 (KHTML, like Gecko) Chrome/151.0.0.0 Safari/537.36"
2001:288:a242:2:9803:628c:63c3:c070 - - [17/Aug/2026:15:37:34 +0800] "GET /wp-content/themes/oceanwp/assets/js/theme.min.js HTTP/1.1" 200 5130 "https://www.cges.ilc.edu.tw/" "Mozilla/5.0 (Windows NT 10.0; Win64; x64) AppleWebKit/537.36 (KHTML, like Gecko) Chrome/151.0.0.0 Safari/537.36"
2001:288:a242:2:9803:628c:63c3:c070 - - [17/Aug/2026:15:37:34 +0800] "GET /wp-content/themes/oceanwp/assets/js/drop-down-mobile-menu.min.js HTTP/1.1" 200 4663 "https://www.cges.ilc.edu.tw/" "Mozilla/5.0 (Windows NT 10.0; Win64; x64) AppleWebKit/537.36 (KHTML, like Gecko) Chrome/151.0.0.0 Safari/537.36"
2001:288:a242:2:9803:628c:63c3:c070 - - [17/Aug/2026:15:37:34 +0800] "GET /wp-content/themes/oceanwp/assets/js/drop-down-search.min.js HTTP/1.1" 200 2968 "https://www.cges.ilc.edu.tw/" "Mozilla/5.0 (Windows NT 10.0; Win64; x64) AppleWebKit/537.36 (KHTML, like Gecko) Chrome/151.0.0.0 Safari/537.36"
2001:288:a242:2:9803:628c:63c3:c070 - - [17/Aug/2026:15:37:34 +0800] "GET /wp-content/themes/oceanwp/assets/js/vendors/magnific-popup.min.js HTTP/1.1" 200 13074 "https://www.cges.ilc.edu.tw/" "Mozilla/5.0 (Windows NT 10.0; Win64; x64) AppleWebKit/537.36 (KHTML, like Gecko) Chrome/151.0.0.0 Safari/537.36"
2001:288:a242:2:9803:628c:63c3:c070 - - [17/Aug/2026:15:37:34 +0800] "GET /wp-content/themes/oceanwp/assets/js/ow-lightbox.min.js HTTP/1.1" 200 2321 "https://www.cges.ilc.edu.tw/" "Mozilla/5.0 (Windows NT 10.0; Win64; x64) AppleWebKit/537.36 (KHTML, like Gecko) Chrome/151.0.0.0 Safari/537.36"
2001:288:a242:2:9803:628c:63c3:c070 - - [17/Aug/2026:15:37:34 +0800] "GET /wp-content/themes/oceanwp/assets/js/ow-slider.min.js HTTP/1.1" 200 1761 "https://www.cges.ilc.edu.tw/" "Mozilla/5.0 (Windows NT 10.0; Win64; x64) AppleWebKit/537.36 (KHTML, like Gecko) Chrome/151.0.0.0 Safari/537.36"
2001:288:a242:2:9803:628c:63c3:c070 - - [17/Aug/2026:15:37:34 +0800] "GET /wp-content/themes/oceanwp/assets/js/scroll-top.min.js HTTP/1.1" 200 3202 "https://www.cges.ilc.edu.tw/" "Mozilla/5.0 (Windows NT 10.0; Win64; x64) AppleWebKit/537.36 (KHTML, like Gecko) Chrome/151.0.0.0 Safari/537.36"
2001:288:a242:2:9803:628c:63c3:c070 - - [17/Aug/2026:15:37:34 +0800] "GET /wp-content/themes/oceanwp/assets/js/scroll-effect.min.js HTTP/1.1" 200 4127 "https://www.cges.ilc.edu.tw/" "Mozilla/5.0 (Windows NT 10.0; Win64; x64) AppleWebKit/537.36 (KHTML, like Gecko) Chrome/151.0.0.0 Safari/537.36"
2001:288:a242:2:9803:628c:63c3:c070 - - [17/Aug/2026:15:37:34 +0800] "GET /wp-content/themes/oceanwp/assets/js/vendors/flickity.pkgd.min.js HTTP/1.1" 200 15048 "https://www.cges.ilc.edu.tw/" "Mozilla/5.0 (Windows NT 10.0; Win64; x64) AppleWebKit/537.36 (KHTML, like Gecko) Chrome/151.0.0.0 Safari/537.36"
2001:288:a242:2:9803:628c:63c3:c070 - - [17/Aug/2026:15:37:34 +0800] "GET /wp-content/themes/oceanwp/assets/js/select.min.js HTTP/1.1" 200 2408 "https://www.cges.ilc.edu.tw/" "Mozilla/5.0 (Windows NT 10.0; Win64; x64) AppleWebKit/537.36 (KHTML, like Gecko) Chrome/151.0.0.0 Safari/537.36"
2001:288:a242:2:9803:628c:63c3:c070 - - [17/Aug/2026:15:37:34 +0800] "GET /wp-content/plugins/ocean-extra/includes/widgets/js/flickr.min.js HTTP/1.1" 200 1319 "https://www.cges.ilc.edu.tw/" "Mozilla/5.0 (Windows NT 10.0; Win64; x64) AppleWebKit/537.36 (KHTML, like Gecko) Chrome/151.0.0.0 Safari/537.36"
2001:288:a242:2:9803:628c:63c3:c070 - - [17/Aug/2026:15:37:34 +0800] "GET /wp-includes/js/mediaelement/mediaelement-migrate.min.js HTTP/1.1" 200 1419 "https://www.cges.ilc.edu.tw/" "Mozilla/5.0 (Windows NT 10.0; Win64; x64) AppleWebKit/537.36 (KHTML, like Gecko) Chrome/151.0.0.0 Safari/537.36"
2001:288:a242:2:9803:628c:63c3:c070 - - [17/Aug/2026:15:37:34 +0800] "GET /wp-includes/js/mediaelement/wp-mediaelement.min.js HTTP/1.1" 200 1417 "https://www.cges.ilc.edu.tw/" "Mozilla/5.0 (Windows NT 10.0; Win64; x64) AppleWebKit/537.36 (KHTML, like Gecko) Chrome/151.0.0.0 Safari/537.36"
2001:288:a242:2:9803:628c:63c3:c070 - - [17/Aug/2026:15:37:34 +0800] "GET /wp-includes/js/mediaelement/mediaelement-and-player.min.js HTTP/1.1" 200 39802 "https://www.cges.ilc.edu.tw/" "Mozilla/5.0 (Windows NT 10.0; Win64; x64) AppleWebKit/537.36 (KHTML, like Gecko) Chrome/151.0.0.0 Safari/537.36"
2001:288:a242:2:9803:628c:63c3:c070 - - [17/Aug/2026:15:37:34 +0800] "GET /wp-content/plugins/elementor-pro/assets/js/webpack-pro.runtime.min.js HTTP/1.1" 200 3562 "https://www.cges.ilc.edu.tw/" "Mozilla/5.0 (Windows NT 10.0; Win64; x64) AppleWebKit/537.36 (KHTML, like Gecko) Chrome/151.0.0.0 Safari/537.36"
2001:288:a242:2:9803:628c:63c3:c070 - - [17/Aug/2026:15:37:34 +0800] "GET /wp-includes/js/mediaelement/renderers/vimeo.min.js HTTP/1.1" 200 3164 "https://www.cges.ilc.edu.tw/" "Mozilla/5.0 (Windows NT 10.0; Win64; x64) AppleWebKit/537.36 (KHTML, like Gecko) Chrome/151.0.0.0 Safari/537.36"
2001:288:a242:2:9803:628c:63c3:c070 - - [17/Aug/2026:15:37:34 +0800] "GET /wp-content/plugins/elementor/assets/js/webpack.runtime.min.js HTTP/1.1" 200 3095 "https://www.cges.ilc.edu.tw/" "Mozilla/5.0 (Windows NT 10.0; Win64; x64) AppleWebKit/537.36 (KHTML, like Gecko) Chrome/151.0.0.0 Safari/537.36"
2001:288:a242:2:9803:628c:63c3:c070 - - [17/Aug/2026:15:37:34 +0800] "GET /wp-content/plugins/elementor/assets/js/frontend-modules.min.js HTTP/1.1" 200 19416 "https://www.cges.ilc.edu.tw/" "Mozilla/5.0 (Windows NT 10.0; Win64; x64) AppleWebKit/537.36 (KHTML, like Gecko) Chrome/151.0.0.0 Safari/537.36"
2001:288:a242:2:9803:628c:63c3:c070 - - [17/Aug/2026:15:37:34 +0800] "GET /wp-includes/js/dist/hooks.min.js HTTP/1.1" 200 2421 "https://www.cges.ilc.edu.tw/" "Mozilla/5.0 (Windows NT 10.0; Win64; x64) AppleWebKit/537.36 (KHTML, like Gecko) Chrome/151.0.0.0 Safari/537.36"
2001:288:a242:2:9803:628c:63c3:c070 - - [17/Aug/2026:15:37:34 +0800] "GET /wp-includes/js/dist/i18n.min.js HTTP/1.1" 200 4547 "https://www.cges.ilc.edu.tw/" "Mozilla/5.0 (Windows NT 10.0; Win64; x64) AppleWebKit/537.36 (KHTML, like Gecko) Chrome/151.0.0.0 Safari/537.36"
2001:288:a242:2:9803:628c:63c3:c070 - - [17/Aug/2026:15:37:34 +0800] "GET /wp-content/plugins/elementor-pro/assets/js/frontend.min.js HTTP/1.1" 200 7574 "https://www.cges.ilc.edu.tw/" "Mozilla/5.0 (Windows NT 10.0; Win64; x64) AppleWebKit/537.36 (KHTML, like Gecko) Chrome/151.0.0.0 Safari/537.36"
2001:288:a242:2:9803:628c:63c3:c070 - - [17/Aug/2026:15:37:34 +0800] "GET /wp-content/plugins/elementor/assets/lib/waypoints/waypoints.min.js HTTP/1.1" 200 3873 "https://www.cges.ilc.edu.tw/" "Mozilla/5.0 (Windows NT 10.0; Win64; x64) AppleWebKit/537.36 (KHTML, like Gecko) Chrome/151.0.0.0 Safari/537.36"
2001:288:a242:2:9803:628c:63c3:c070 - - [17/Aug/2026:15:37:34 +0800] "GET /wp-includes/js/jquery/ui/core.min.js HTTP/1.1" 200 7986 "https://www.cges.ilc.edu.tw/" "Mozilla/5.0 (Windows NT 10.0; Win64; x64) AppleWebKit/537.36 (KHTML, like Gecko) Chrome/151.0.0.0 Safari/537.36"
2001:288:a242:2:9803:628c:63c3:c070 - - [17/Aug/2026:15:37:34 +0800] "GET /wp-content/plugins/elementor/assets/js/frontend.min.js HTTP/1.1" 200 13169 "https://www.cges.ilc.edu.tw/" "Mozilla/5.0 (Windows NT 10.0; Win64; x64) AppleWebKit/537.36 (KHTML, like Gecko) Chrome/151.0.0.0 Safari/537.36"
2001:288:a242:2:9803:628c:63c3:c070 - - [17/Aug/2026:15:37:34 +0800] "GET /wp-content/plugins/elementor-pro/assets/js/elements-handlers.min.js HTTP/1.1" 200 10882 "https://www.cges.ilc.edu.tw/" "Mozilla/5.0 (Windows NT 10.0; Win64; x64) AppleWebKit/537.36 (KHTML, like Gecko) Chrome/151.0.0.0 Safari/537.36"
2001:288:a242:2:9803:628c:63c3:c070 - - [17/Aug/2026:15:37:34 +0800] "GET /wp-content/uploads/sites/1393/2019/11/cges003.jpg HTTP/1.1" 200 205533 "https://www.cges.ilc.edu.tw/" "Mozilla/5.0 (Windows NT 10.0; Win64; x64) AppleWebKit/537.36 (KHTML, like Gecko) Chrome/151.0.0.0 Safari/537.36"
2001:288:a242:2:9803:628c:63c3:c070 - - [17/Aug/2026:15:37:35 +0800] "GET /wp-content/plugins/elementor/assets/lib/eicons/fonts/eicons.woff2?5.30.0 HTTP/1.1" 200 98225 "https://www.cges.ilc.edu.tw/wp-content/cache/www.cges.ilc.edu.tw/wpfc-minified/2fm5zxwl/6vvf.css" "Mozilla/5.0 (Windows NT 10.0; Win64; x64) AppleWebKit/537.36 (KHTML, like Gecko) Chrome/151.0.0.0 Safari/537.36"
2001:288:a242:2:9803:628c:63c3:c070 - - [17/Aug/2026:15:37:35 +0800] "GET /wp-content/uploads/sites/1393/2019/11/S__127606795-e1778030969253.jpg HTTP/1.1" 200 37359 "https://www.cges.ilc.edu.tw/wp-content/uploads/sites/1393/elementor/css/post-189.css" "Mozilla/5.0 (Windows NT 10.0; Win64; x64) AppleWebKit/537.36 (KHTML, like Gecko) Chrome/151.0.0.0 Safari/537.36"
2001:288:a242:2:9803:628c:63c3:c070 - - [17/Aug/2026:15:37:35 +0800] "GET /wp-content/uploads/sites/1393/2019/11/2026-06-15-16-37-19.jpg HTTP/1.1" 200 752073 "https://www.cges.ilc.edu.tw/wp-content/uploads/sites/1393/elementor/css/post-189.css" "Mozilla/5.0 (Windows NT 10.0; Win64; x64) AppleWebKit/537.36 (KHTML, like Gecko) Chrome/151.0.0.0 Safari/537.36"
2001:288:a242:2:9803:628c:63c3:c070 - - [17/Aug/2026:15:37:35 +0800] "GET /wp-content/uploads/sites/1393/2019/11/S__127606795-1-e1778031003598.jpg HTTP/1.1" 200 47933 "https://www.cges.ilc.edu.tw/wp-content/uploads/sites/1393/elementor/css/post-189.css" "Mozilla/5.0 (Windows NT 10.0; Win64; x64) AppleWebKit/537.36 (KHTML, like Gecko) Chrome/151.0.0.0 Safari/537.36"
2001:288:a242:2:9803:628c:63c3:c070 - - [17/Aug/2026:15:37:35 +0800] "GET /wp-content/uploads/sites/1393/2019/11/2026-04-28-08-50-07.jpg HTTP/1.1" 200 654041 "https://www.cges.ilc.edu.tw/wp-content/uploads/sites/1393/elementor/css/post-189.css" "Mozilla/5.0 (Windows NT 10.0; Win64; x64) AppleWebKit/537.36 (KHTML, like Gecko) Chrome/151.0.0.0 Safari/537.36"
2001:288:a242:2:9803:628c:63c3:c070 - - [17/Aug/2026:15:37:35 +0800] "GET /wp-content/uploads/sites/1393/2019/11/2026-05-09-12-39-46.jpg HTTP/1.1" 200 584227 "https://www.cges.ilc.edu.tw/wp-content/uploads/sites/1393/elementor/css/post-189.css" "Mozilla/5.0 (Windows NT 10.0; Win64; x64) AppleWebKit/537.36 (KHTML, like Gecko) Chrome/151.0.0.0 Safari/537.36"
2001:288:a242:2:9803:628c:63c3:c070 - - [17/Aug/2026:15:37:35 +0800] "GET /wp-content/uploads/sites/1393/2019/11/2026-04-28-08-53-38.jpg HTTP/1.1" 200 847062 "https://www.cges.ilc.edu.tw/wp-content/uploads/sites/1393/elementor/css/post-189.css" "Mozilla/5.0 (Windows NT 10.0; Win64; x64) AppleWebKit/537.36 (KHTML, like Gecko) Chrome/151.0.0.0 Safari/537.36"
2001:288:a242:2:9803:628c:63c3:c070 - - [17/Aug/2026:15:37:35 +0800] "GET /wp-content/uploads/sites/1393/2019/11/2026-06-15-16-53-16.jpg HTTP/1.1" 200 814288 "https://www.cges.ilc.edu.tw/wp-content/uploads/sites/1393/elementor/css/post-189.css" "Mozilla/5.0 (Windows NT 10.0; Win64; x64) AppleWebKit/537.36 (KHTML, like Gecko) Chrome/151.0.0.0 Safari/537.36"
2001:288:a242:2:9803:628c:63c3:c070 - - [17/Aug/2026:15:37:35 +0800] "GET /wp-content/uploads/sites/1393/2019/11/1141205-%E6%88%90%E5%8A%9F%E6%9D%B1%E5%85%89%E7%95%A2%E6%A5%AD%E7%BE%8E%E5%B1%95-%E6%96%B0%E8%81%9E%E7%A8%BF%E5%AE%A3%E5%82%B3%E7%94%A8-scaled.jpg HTTP/1.1" 200 697510 "https://www.cges.ilc.edu.tw/wp-content/uploads/sites/1393/elementor/css/post-189.css" "Mozilla/5.0 (Windows NT 10.0; Win64; x64) AppleWebKit/537.36 (KHTML, like Gecko) Chrome/151.0.0.0 Safari/537.36"
2001:288:a242:2:9803:628c:63c3:c070 - - [17/Aug/2026:15:37:35 +0800] "GET /wp-content/themes/oceanwp/assets/fonts/simple-line-icons/Simple-Line-Icons.woff2?v=2.4.0 HTTP/1.1" 200 30959 "https://www.cges.ilc.edu.tw/wp-content/cache/www.cges.ilc.edu.tw/wpfc-minified/2fm5zxwl/6vvf.css" "Mozilla/5.0 (Windows NT 10.0; Win64; x64) AppleWebKit/537.36 (KHTML, like Gecko) Chrome/151.0.0.0 Safari/537.36"
2001:288:a242:2:9803:628c:63c3:c070 - - [17/Aug/2026:15:37:35 +0800] "GET /wp-content/uploads/sites/1393/2019/11/114%E6%88%90%E5%8A%9F%E5%9C%8B%E5%B0%8FMSSR_%E5%AE%A3%E5%82%B3%E5%9C%96%E5%8D%A1.jpg HTTP/1.1" 200 558878 "https://www.cges.ilc.edu.tw/wp-content/uploads/sites/1393/elementor/css/post-189.css" "Mozilla/5.0 (Windows NT 10.0; Win64; x64) AppleWebKit/537.36 (KHTML, like Gecko) Chrome/151.0.0.0 Safari/537.36"
2001:288:a242:2:9803:628c:63c3:c070 - - [17/Aug/2026:15:37:35 +0800] "GET /wp-content/uploads/sites/1393/2019/11/%E6%A0%A1%E5%8F%B2.jpg HTTP/1.1" 200 361352 "https://www.cges.ilc.edu.tw/wp-content/uploads/sites/1393/elementor/css/post-189.css" "Mozilla/5.0 (Windows NT 10.0; Win64; x64) AppleWebKit/537.36 (KHTML, like Gecko) Chrome/151.0.0.0 Safari/537.36"
2001:288:a242:2:9803:628c:63c3:c070 - - [17/Aug/2026:15:37:35 +0800] "GET /wp-content/uploads/sites/1393/2019/11/%E6%A0%A1%E8%A8%82%E8%AA%B2%E7%A8%8B%E7%99%BC%E5%B1%95%E6%9E%B6%E6%A7%8B%E5%9C%961019-scaled.jpg HTTP/1.1" 200 520740 "https://www.cges.ilc.edu.tw/wp-content/uploads/sites/1393/elementor/css/post-189.css" "Mozilla/5.0 (Windows NT 10.0; Win64; x64) AppleWebKit/537.36 (KHTML, like Gecko) Chrome/151.0.0.0 Safari/537.36"
2001:288:a242:2:9803:628c:63c3:c070 - - [17/Aug/2026:15:37:35 +0800] "GET /wp-content/uploads/sites/1393/2019/11/2025-06-17-09-01-51.png HTTP/1.1" 200 76500 "https://www.cges.ilc.edu.tw/wp-content/uploads/sites/1393/elementor/css/post-189.css" "Mozilla/5.0 (Windows NT 10.0; Win64; x64) AppleWebKit/537.36 (KHTML, like Gecko) Chrome/151.0.0.0 Safari/537.36"
2001:288:a242:2:9803:628c:63c3:c070 - - [17/Aug/2026:15:37:35 +0800] "GET /wp-content/uploads/sites/1393/2019/11/409395.jpg HTTP/1.1" 200 115171 "https://www.cges.ilc.edu.tw/wp-content/uploads/sites/1393/elementor/css/post-189.css" "Mozilla/5.0 (Windows NT 10.0; Win64; x64) AppleWebKit/537.36 (KHTML, like Gecko) Chrome/151.0.0.0 Safari/537.36"
2001:288:a242:2:9803:628c:63c3:c070 - - [17/Aug/2026:15:37:35 +0800] "GET /wp-content/uploads/sites/1393/2019/11/%E6%96%B0%E8%81%9E_115%E6%8B%9B%E7%94%9F%E5%AE%A3%E5%82%B3%E5%9C%96_OK-scaled.jpg HTTP/1.1" 200 698761 "https://www.cges.ilc.edu.tw/wp-content/uploads/sites/1393/elementor/css/post-189.css" "Mozilla/5.0 (Windows NT 10.0; Win64; x64) AppleWebKit/537.36 (KHTML, like Gecko) Chrome/151.0.0.0 Safari/537.36"
2001:288:a242:2:9803:628c:63c3:c070 - - [17/Aug/2026:15:37:35 +0800] "GET /wp-content/uploads/sites/1393/2019/11/376420000A_1120168031_ATTACH2-1.png HTTP/1.1" 200 1176126 "https://www.cges.ilc.edu.tw/wp-content/uploads/sites/1393/elementor/css/post-189.css" "Mozilla/5.0 (Windows NT 10.0; Win64; x64) AppleWebKit/537.36 (KHTML, like Gecko) Chrome/151.0.0.0 Safari/537.36"
2001:288:a242:2:9803:628c:63c3:c070 - - [17/Aug/2026:15:37:35 +0800] "GET /wp-content/uploads/sites/1393/2019/11/IMG_6003-scaled.jpg HTTP/1.1" 200 1175108 "https://www.cges.ilc.edu.tw/wp-content/uploads/sites/1393/elementor/css/post-189.css" "Mozilla/5.0 (Windows NT 10.0; Win64; x64) AppleWebKit/537.36 (KHTML, like Gecko) Chrome/151.0.0.0 Safari/537.36"
2001:288:a242:2:9803:628c:63c3:c070 - - [17/Aug/2026:15:37:35 +0800] "GET /wp-includes/js/mediaelement/mejs-controls.svg HTTP/1.1" 200 5429 "https://www.cges.ilc.edu.tw/wp-content/cache/www.cges.ilc.edu.tw/wpfc-minified/2qfowuv3/6vvf.css" "Mozilla/5.0 (Windows NT 10.0; Win64; x64) AppleWebKit/537.36 (KHTML, like Gecko) Chrome/151.0.0.0 Safari/537.36"
2001:288:a242:2:9803:628c:63c3:c070 - - [17/Aug/2026:15:37:35 +0800] "GET /wp-content/plugins/elementor-pro/assets/js/slides.fb6b9afd278bb9c5e75b.bundle.min.js HTTP/1.1" 200 2348 "https://www.cges.ilc.edu.tw/" "Mozilla/5.0 (Windows NT 10.0; Win64; x64) AppleWebKit/537.36 (KHTML, like Gecko) Chrome/151.0.0.0 Safari/537.36"
2001:288:a242:2:9803:628c:63c3:c070 - - [17/Aug/2026:15:37:35 +0800] "GET /wp-content/plugins/elementor/assets/lib/swiper/v8/swiper.min.js?ver=8.4.5 HTTP/1.1" 200 40708 "https://www.cges.ilc.edu.tw/" "Mozilla/5.0 (Windows NT 10.0; Win64; x64) AppleWebKit/537.36 (KHTML, like Gecko) Chrome/151.0.0.0 Safari/537.36"
2001:288:a201::66:125 - - [17/Aug/2026:15:37:35 +0800] "GET /blog/active.php HTTP/1.1" 404 1084 "-" "-"
140.111.67.10 - - [17/Aug/2026:15:37:35 +0800] "GET /" 301 273 "-" "-"
2001:288:a201::66:125 - - [17/Aug/2026:15:37:35 +0800] "GET /blog/active.php HTTP/1.1" 301 1026 "-" "-"
34.225.138.57 - - [17/Aug/2026:15:37:35 +0800] "GET /wp-content/uploads/sites/678/2022/03/ HTTP/1.1" 200 1112 "-" "Mozilla/5.0 AppleWebKit/537.36 (KHTML, like Gecko; compatible; Amazonbot/0.1; +https://developer.amazon.com/support/amazonbot) Chrome/119.0.6045.214 Safari/537.36"
2001:288:a242:2:9803:628c:63c3:c070 - - [17/Aug/2026:15:37:36 +0800] "GET /wp-content/themes/oceanwp/assets/fonts/fontawesome/webfonts/fa-solid-900.woff2 HTTP/1.1" 200 151246 "https://www.cges.ilc.edu.tw/wp-content/cache/www.cges.ilc.edu.tw/wpfc-minified/2fm5zxwl/6vvf.css" "Mozilla/5.0 (Windows NT 10.0; Win64; x64) AppleWebKit/537.36 (KHTML, like Gecko) Chrome/151.0.0.0 Safari/537.36"
66.249.71.64 - - [17/Aug/2026:15:37:34 +0800] "POST /26150/wp-json/ilc-summary/v1/popular-posts HTTP/1.1" 201 6052 "https://2blog.ilc.edu.tw/26150/2024/10/08/%E5%B9%B8%E7%A6%8F%E5%AE%B6%E5%BA%AD%E7%A9%BA%E4%B8%AD%E8%AC%9B%E5%A0%821131006%E7%88%B6%E6%AF%8D%E9%9B%A2%E7%95%B0%E5%B0%B1%E6%98%AF%E5%96%AE%E8%A6%AA%E5%AE%B6%E5%BA%AD%E5%97%8E%EF%BC%9F%E9%9B%A2/" "Mozilla/5.0 (Linux; Android 6.0.1; Nexus 5X Build/MMB29P) AppleWebKit/537.36 (KHTML, like Gecko) Chrome/150.0.7871.186 Mobile Safari/537.36 (compatible; Googlebot/2.1; +http://www.google.com/bot.html)"
2001:4860:7:510::fa - - [17/Aug/2026:15:37:36 +0800] "GET /1003/ HTTP/1.1" 200 20152 "https://www.google.com/" "Mozilla/5.0 (Windows NT 10.0; Win64; x64) AppleWebKit/537.36 (KHTML, like Gecko) Chrome/151.0.0.0 Safari/537.36"
211.167.37.31 - - [17/Aug/2026:15:37:39 +0800] "GET /3860/2018/03/23/%E9%BE%8D%E6%BD%AD%E5%9C%8B%E5%B0%8F%E4%BA%8C%E5%BF%A0/ HTTP/1.1" 200 33284 "-" "Mozilla/5.0 (Windows NT 10.0; Win64; x64) AppleWebKit/537.36 (KHTML, like Gecko) Chrome/149.0.0.0 Safari/537.36 Edg/149.0.0.0"
140.111.67.10 - - [17/Aug/2026:15:37:40 +0800] "GET /" 301 273 "-" "-"
2001:288:a201::66:125 - - [17/Aug/2026:15:37:40 +0800] "GET /blog/active.php HTTP/1.1" 301 1026 "-" "-"
2001:288:a201::66:125 - - [17/Aug/2026:15:37:40 +0800] "GET /blog/active.php HTTP/1.1" 404 1084 "-" "-"
::1 - - [17/Aug/2026:15:37:41 +0800] "OPTIONS * HTTP/1.0" 200 110 "-" "Apache/2.4.68 (Ubuntu) OpenSSL/3.0.19 (internal dummy connection)"
::1 - - [17/Aug/2026:15:37:42 +0800] "OPTIONS * HTTP/1.0" 200 110 "-" "Apache/2.4.68 (Ubuntu) OpenSSL/3.0.19 (internal dummy connection)"
::1 - - [17/Aug/2026:15:37:43 +0800] "OPTIONS * HTTP/1.0" 200 110 "-" "Apache/2.4.68 (Ubuntu) OpenSSL/3.0.19 (internal dummy connection)"
140.111.67.10 - - [17/Aug/2026:15:37:45 +0800] "GET /" 301 273 "-" "-"
2001:288:a201::66:125 - - [17/Aug/2026:15:37:45 +0800] "GET /blog/active.php HTTP/1.1" 404 1084 "-" "-"
2001:288:a201::66:125 - - [17/Aug/2026:15:37:45 +0800] "GET /blog/active.php HTTP/1.1" 301 1026 "-" "-"
66.249.71.64 - - [17/Aug/2026:15:37:44 +0800] "GET /26150/2026/03/27/%E8%A1%9B%E7%94%9F%E7%A6%8F%E5%88%A9%E9%83%A8%E7%B7%A8%E6%92%B0%E3%80%8C%E5%8F%8B%E5%96%84%E9%AB%98%E9%BD%A1-%E5%BF%97%E9%A1%98%E5%90%8C%E8%A1%8C%E3%80%8D%E9%AB%98%E9%BD%A1%E5%BF%97%E5%B7%A5%E6%9C%8D/ HTTP/1.1" 200 23391 "-" "Mozilla/5.0 (Linux; Android 6.0.1; Nexus 5X Build/MMB29P) AppleWebKit/537.36 (KHTML, like Gecko) Chrome/150.0.7871.186 Mobile Safari/537.36 (compatible; Googlebot/2.1; +http://www.google.com/bot.html)"
120.101.215.146 - - [17/Aug/2026:15:37:46 +0800] "POST /wp-admin/admin-ajax.php HTTP/1.1" 200 5926 "https://www.najh.ilc.edu.tw/wp-admin/" "Mozilla/5.0 (Windows NT 10.0; Win64; x64) AppleWebKit/537.36 (KHTML, like Gecko) Chrome/151.0.0.0 Safari/537.36"
2001:288:a273:1:8d7f:46c9:2e9f:b875 - - [17/Aug/2026:15:37:46 +0800] "-" 408 4802 "-" "-"
2001:288:a273:1:8d7f:46c9:2e9f:b875 - - [17/Aug/2026:15:37:46 +0800] "-" 408 4802 "-" "-"
2001:288:a273:1:8d7f:46c9:2e9f:b875 - - [17/Aug/2026:15:37:46 +0800] "-" 408 4802 "-" "-"
120.101.207.51 - - [17/Aug/2026:15:37:47 +0800] "-" 408 4803 "-" "-"
52.167.144.230 - - [17/Aug/2026:15:37:47 +0800] "GET /?s=%E6%95%99%E8%82%B2%E5%BF%83%E7%90%86%E6%9C%8D%E5%8B%99%E4%B9%9D%E9%BE%8D%E4%B8%80%E7%B5%84+%E8%A8%88%E7%95%AB HTTP/1.1" 200 20538 "-" "Mozilla/5.0 AppleWebKit/537.36 (KHTML, like Gecko; compatible; bingbot/2.0; +http://www.bing.com/bingbot.htm) Chrome/116.0.1938.76 Safari/537.36"
