117.56.216.252 - - [17/Aug/2026:15:35:37 +0800] "GET /technology/wp-content/plugins/elementor/assets/lib/waypoints/waypoints.min.js HTTP/1.1" 200 3873 "https://2blog.ilc.edu.tw/technology/2011/11/10/%E8%B3%87%E8%A8%8A%E5%AE%89%E5%85%A8%E7%9A%84%E5%BB%BA%E8%AD%B03%E5%B0%8F%E6%99%82%E8%AA%B2%E7%A8%8B%E9%A1%8C%E7%9B%AE%E8%88%87%E8%A7%A3%E7%AD%94/" "Mozilla/5.0 (Windows NT 10.0; Win64; x64) AppleWebKit/537.36 (KHTML, like Gecko) Chrome/151.0.0.0 Safari/537.36"
117.56.216.252 - - [17/Aug/2026:15:35:37 +0800] "GET /technology/wp-includes/js/jquery/ui/core.min.js HTTP/1.1" 200 7986 "https://2blog.ilc.edu.tw/technology/2011/11/10/%E8%B3%87%E8%A8%8A%E5%AE%89%E5%85%A8%E7%9A%84%E5%BB%BA%E8%AD%B03%E5%B0%8F%E6%99%82%E8%AA%B2%E7%A8%8B%E9%A1%8C%E7%9B%AE%E8%88%87%E8%A7%A3%E7%AD%94/" "Mozilla/5.0 (Windows NT 10.0; Win64; x64) AppleWebKit/537.36 (KHTML, like Gecko) Chrome/151.0.0.0 Safari/537.36"
117.56.216.252 - - [17/Aug/2026:15:35:37 +0800] "GET /technology/wp-content/plugins/elementor/assets/js/frontend.min.js HTTP/1.1" 200 13169 "https://2blog.ilc.edu.tw/technology/2011/11/10/%E8%B3%87%E8%A8%8A%E5%AE%89%E5%85%A8%E7%9A%84%E5%BB%BA%E8%AD%B03%E5%B0%8F%E6%99%82%E8%AA%B2%E7%A8%8B%E9%A1%8C%E7%9B%AE%E8%88%87%E8%A7%A3%E7%AD%94/" "Mozilla/5.0 (Windows NT 10.0; Win64; x64) AppleWebKit/537.36 (KHTML, like Gecko) Chrome/151.0.0.0 Safari/537.36"
117.56.216.252 - - [17/Aug/2026:15:35:37 +0800] "GET /technology/wp-content/plugins/ele-custom-skin-pro/assets/js/ecspro.js HTTP/1.1" 200 4445 "https://2blog.ilc.edu.tw/technology/2011/11/10/%E8%B3%87%E8%A8%8A%E5%AE%89%E5%85%A8%E7%9A%84%E5%BB%BA%E8%AD%B03%E5%B0%8F%E6%99%82%E8%AA%B2%E7%A8%8B%E9%A1%8C%E7%9B%AE%E8%88%87%E8%A7%A3%E7%AD%94/" "Mozilla/5.0 (Windows NT 10.0; Win64; x64) AppleWebKit/537.36 (KHTML, like Gecko) Chrome/151.0.0.0 Safari/537.36"
117.56.216.252 - - [17/Aug/2026:15:35:37 +0800] "GET /technology/wp-content/plugins/elementor-pro/assets/js/webpack-pro.runtime.min.js HTTP/1.1" 200 3562 "https://2blog.ilc.edu.tw/technology/2011/11/10/%E8%B3%87%E8%A8%8A%E5%AE%89%E5%85%A8%E7%9A%84%E5%BB%BA%E8%AD%B03%E5%B0%8F%E6%99%82%E8%AA%B2%E7%A8%8B%E9%A1%8C%E7%9B%AE%E8%88%87%E8%A7%A3%E7%AD%94/" "Mozilla/5.0 (Windows NT 10.0; Win64; x64) AppleWebKit/537.36 (KHTML, like Gecko) Chrome/151.0.0.0 Safari/537.36"
117.56.216.252 - - [17/Aug/2026:15:35:37 +0800] "GET /technology/wp-includes/js/dist/hooks.min.js HTTP/1.1" 200 2421 "https://2blog.ilc.edu.tw/technology/2011/11/10/%E8%B3%87%E8%A8%8A%E5%AE%89%E5%85%A8%E7%9A%84%E5%BB%BA%E8%AD%B03%E5%B0%8F%E6%99%82%E8%AA%B2%E7%A8%8B%E9%A1%8C%E7%9B%AE%E8%88%87%E8%A7%A3%E7%AD%94/" "Mozilla/5.0 (Windows NT 10.0; Win64; x64) AppleWebKit/537.36 (KHTML, like Gecko) Chrome/151.0.0.0 Safari/537.36"
117.56.216.252 - - [17/Aug/2026:15:35:37 +0800] "GET /technology/wp-includes/js/dist/i18n.min.js HTTP/1.1" 200 4547 "https://2blog.ilc.edu.tw/technology/2011/11/10/%E8%B3%87%E8%A8%8A%E5%AE%89%E5%85%A8%E7%9A%84%E5%BB%BA%E8%AD%B03%E5%B0%8F%E6%99%82%E8%AA%B2%E7%A8%8B%E9%A1%8C%E7%9B%AE%E8%88%87%E8%A7%A3%E7%AD%94/" "Mozilla/5.0 (Windows NT 10.0; Win64; x64) AppleWebKit/537.36 (KHTML, like Gecko) Chrome/151.0.0.0 Safari/537.36"
117.56.216.252 - - [17/Aug/2026:15:35:37 +0800] "GET /technology/wp-content/plugins/elementor-pro/assets/js/frontend.min.js HTTP/1.1" 200 7574 "https://2blog.ilc.edu.tw/technology/2011/11/10/%E8%B3%87%E8%A8%8A%E5%AE%89%E5%85%A8%E7%9A%84%E5%BB%BA%E8%AD%B03%E5%B0%8F%E6%99%82%E8%AA%B2%E7%A8%8B%E9%A1%8C%E7%9B%AE%E8%88%87%E8%A7%A3%E7%AD%94/" "Mozilla/5.0 (Windows NT 10.0; Win64; x64) AppleWebKit/537.36 (KHTML, like Gecko) Chrome/151.0.0.0 Safari/537.36"
117.56.216.252 - - [17/Aug/2026:15:35:37 +0800] "GET /technology/wp-content/plugins/elementor-pro/assets/js/elements-handlers.min.js HTTP/1.1" 200 10882 "https://2blog.ilc.edu.tw/technology/2011/11/10/%E8%B3%87%E8%A8%8A%E5%AE%89%E5%85%A8%E7%9A%84%E5%BB%BA%E8%AD%B03%E5%B0%8F%E6%99%82%E8%AA%B2%E7%A8%8B%E9%A1%8C%E7%9B%AE%E8%88%87%E8%A7%A3%E7%AD%94/" "Mozilla/5.0 (Windows NT 10.0; Win64; x64) AppleWebKit/537.36 (KHTML, like Gecko) Chrome/151.0.0.0 Safari/537.36"
117.56.216.252 - - [17/Aug/2026:15:35:38 +0800] "GET /technology/wp-content/themes/oceanwp/assets/fonts/fontawesome/webfonts/fa-brands-400.woff2 HTTP/1.1" 200 110924 "https://2blog.ilc.edu.tw/technology/wp-content/cache/2blog.ilc.edu.tw/wpfc-minified/89r52xig/5wom1.css" "Mozilla/5.0 (Windows NT 10.0; Win64; x64) AppleWebKit/537.36 (KHTML, like Gecko) Chrome/151.0.0.0 Safari/537.36"
117.56.216.252 - - [17/Aug/2026:15:35:38 +0800] "GET /technology/wp-content/uploads/sites/1308/2020/02/%E7%A7%91%E6%8A%80%E6%95%99%E8%82%B2%E7%B6%B2%E7%AB%99banner-01.png HTTP/1.1" 200 16428 "https://2blog.ilc.edu.tw/technology/2011/11/10/%E8%B3%87%E8%A8%8A%E5%AE%89%E5%85%A8%E7%9A%84%E5%BB%BA%E8%AD%B03%E5%B0%8F%E6%99%82%E8%AA%B2%E7%A8%8B%E9%A1%8C%E7%9B%AE%E8%88%87%E8%A7%A3%E7%AD%94/" "Mozilla/5.0 (Windows NT 10.0; Win64; x64) AppleWebKit/537.36 (KHTML, like Gecko) Chrome/151.0.0.0 Safari/537.36"
117.56.216.252 - - [17/Aug/2026:15:35:38 +0800] "GET /technology/wp-content/themes/oceanwp/assets/fonts/fontawesome/webfonts/fa-solid-900.woff2 HTTP/1.1" 200 151246 "https://2blog.ilc.edu.tw/technology/wp-content/cache/2blog.ilc.edu.tw/wpfc-minified/89r52xig/5wom1.css" "Mozilla/5.0 (Windows NT 10.0; Win64; x64) AppleWebKit/537.36 (KHTML, like Gecko) Chrome/151.0.0.0 Safari/537.36"
120.101.207.78 - - [17/Aug/2026:15:35:38 +0800] "GET /wp-content/uploads/sites/3846/2026/08/%E8%BE%B2%E6%A5%AD%E9%83%A8%E5%BB%A3%E5%91%8A.jpg HTTP/1.1" 304 5581 "https://it.ilc.edu.tw/" "Mozilla/5.0 (Windows NT 10.0; Win64; x64) AppleWebKit/537.36 (KHTML, like Gecko) Chrome/151.0.0.0 Safari/537.36"
120.101.207.78 - - [17/Aug/2026:15:35:38 +0800] "GET /wp-content/uploads/sites/3846/2026/06/2026%E5%AE%9C%E8%98%AD%E7%98%8B%E5%AD%B8%E7%BF%92-%E6%9A%91%E5%81%87_%E6%95%99%E8%82%B2%E8%99%95%E9%A6%96%E9%A0%81-1440-x-1080-%E5%83%8F%E7%B4%A0.png HTTP/1.1" 304 5581 "https://it.ilc.edu.tw/" "Mozilla/5.0 (Windows NT 10.0; Win64; x64) AppleWebKit/537.36 (KHTML, like Gecko) Chrome/151.0.0.0 Safari/537.36"
120.101.207.78 - - [17/Aug/2026:15:35:38 +0800] "GET /wp-content/uploads/sites/3846/2026/06/%E5%AE%A3%E5%82%B3%E5%9C%96%E7%89%87.png HTTP/1.1" 304 5581 "https://it.ilc.edu.tw/" "Mozilla/5.0 (Windows NT 10.0; Win64; x64) AppleWebKit/537.36 (KHTML, like Gecko) Chrome/151.0.0.0 Safari/537.36"
66.249.68.200 - - [17/Aug/2026:15:35:38 +0800] "GET /12/2012/04/10/%E5%8D%97%E5%AE%89%E5%9C%8B%E4%B8%AD%E8%A8%AA%E8%A6%96%EF%BD%9E%E5%90%B3%E5%AE%B6%E8%B1%AA%E8%80%81%E5%B8%AB/ HTTP/1.1" 200 15637 "-" "Mozilla/5.0 (Linux; Android 6.0.1; Nexus 5X Build/MMB29P) AppleWebKit/537.36 (KHTML, like Gecko) Chrome/150.0.7871.186 Mobile Safari/537.36 (compatible; GoogleOther)"
117.56.216.252 - - [17/Aug/2026:15:35:38 +0800] "GET /technology/wp-content/plugins/elementor-pro/assets/js/nav-menu.e65811186e94a386ba7b.bundle.min.js HTTP/1.1" 200 2690 "https://2blog.ilc.edu.tw/technology/2011/11/10/%E8%B3%87%E8%A8%8A%E5%AE%89%E5%85%A8%E7%9A%84%E5%BB%BA%E8%AD%B03%E5%B0%8F%E6%99%82%E8%AA%B2%E7%A8%8B%E9%A1%8C%E7%9B%AE%E8%88%87%E8%A7%A3%E7%AD%94/" "Mozilla/5.0 (Windows NT 10.0; Win64; x64) AppleWebKit/537.36 (KHTML, like Gecko) Chrome/151.0.0.0 Safari/537.36"
117.56.216.252 - - [17/Aug/2026:15:35:38 +0800] "GET /technology/wp-content/plugins/elementor/assets/lib/eicons/fonts/eicons.woff2?5.30.0 HTTP/1.1" 200 98225 "https://2blog.ilc.edu.tw/technology/wp-content/cache/2blog.ilc.edu.tw/wpfc-minified/89r52xig/5wom1.css" "Mozilla/5.0 (Windows NT 10.0; Win64; x64) AppleWebKit/537.36 (KHTML, like Gecko) Chrome/151.0.0.0 Safari/537.36"
117.56.216.252 - - [17/Aug/2026:15:35:38 +0800] "GET /favicon.ico HTTP/1.1" 302 1030 "https://2blog.ilc.edu.tw/technology/2011/11/10/%E8%B3%87%E8%A8%8A%E5%AE%89%E5%85%A8%E7%9A%84%E5%BB%BA%E8%AD%B03%E5%B0%8F%E6%99%82%E8%AA%B2%E7%A8%8B%E9%A1%8C%E7%9B%AE%E8%88%87%E8%A7%A3%E7%AD%94/" "Mozilla/5.0 (Windows NT 10.0; Win64; x64) AppleWebKit/537.36 (KHTML, like Gecko) Chrome/151.0.0.0 Safari/537.36"
117.56.216.252 - - [17/Aug/2026:15:35:38 +0800] "GET /wp-includes/images/w-logo-blue-white-bg.png HTTP/1.1" 200 4946 "https://2blog.ilc.edu.tw/technology/2011/11/10/%E8%B3%87%E8%A8%8A%E5%AE%89%E5%85%A8%E7%9A%84%E5%BB%BA%E8%AD%B03%E5%B0%8F%E6%99%82%E8%AA%B2%E7%A8%8B%E9%A1%8C%E7%9B%AE%E8%88%87%E8%A7%A3%E7%AD%94/" "Mozilla/5.0 (Windows NT 10.0; Win64; x64) AppleWebKit/537.36 (KHTML, like Gecko) Chrome/151.0.0.0 Safari/537.36"
140.111.67.10 - - [17/Aug/2026:15:35:40 +0800] "GET /" 301 273 "-" "-"
117.56.216.252 - - [17/Aug/2026:15:35:38 +0800] "POST /technology/wp-json/ilc-summary/v1/popular-posts HTTP/1.1" 201 1407 "https://2blog.ilc.edu.tw/technology/2011/11/10/%E8%B3%87%E8%A8%8A%E5%AE%89%E5%85%A8%E7%9A%84%E5%BB%BA%E8%AD%B03%E5%B0%8F%E6%99%82%E8%AA%B2%E7%A8%8B%E9%A1%8C%E7%9B%AE%E8%88%87%E8%A7%A3%E7%AD%94/" "Mozilla/5.0 (Windows NT 10.0; Win64; x64) AppleWebKit/537.36 (KHTML, like Gecko) Chrome/151.0.0.0 Safari/537.36"
2001:288:a201::66:125 - - [17/Aug/2026:15:35:40 +0800] "GET /blog/active.php HTTP/1.1" 404 1084 "-" "-"
::1 - - [17/Aug/2026:15:35:40 +0800] "OPTIONS * HTTP/1.0" 200 110 "-" "Apache/2.4.68 (Ubuntu) OpenSSL/3.0.19 (internal dummy connection)"
2001:288:a201::66:125 - - [17/Aug/2026:15:35:40 +0800] "GET /blog/active.php HTTP/1.1" 301 1026 "-" "-"
66.249.68.200 - - [17/Aug/2026:15:35:40 +0800] "POST /12/wp-json/ilc-summary/v1/popular-posts HTTP/1.1" 201 1269 "https://2blog.ilc.edu.tw/12/2012/04/10/%E5%8D%97%E5%AE%89%E5%9C%8B%E4%B8%AD%E8%A8%AA%E8%A6%96%EF%BD%9E%E5%90%B3%E5%AE%B6%E8%B1%AA%E8%80%81%E5%B8%AB/" "Mozilla/5.0 (Linux; Android 6.0.1; Nexus 5X Build/MMB29P) AppleWebKit/537.36 (KHTML, like Gecko) Chrome/150.0.7871.186 Mobile Safari/537.36 (compatible; GoogleOther)"
::1 - - [17/Aug/2026:15:35:41 +0800] "OPTIONS * HTTP/1.0" 200 110 "-" "Apache/2.4.68 (Ubuntu) OpenSSL/3.0.19 (internal dummy connection)"
::1 - - [17/Aug/2026:15:35:42 +0800] "OPTIONS * HTTP/1.0" 200 110 "-" "Apache/2.4.68 (Ubuntu) OpenSSL/3.0.19 (internal dummy connection)"
2001:288:a21a:1:cc98:cf99:77d:ccee - - [17/Aug/2026:15:35:43 +0800] "-" 408 4802 "-" "-"
::1 - - [17/Aug/2026:15:35:43 +0800] "OPTIONS * HTTP/1.0" 200 110 "-" "Apache/2.4.68 (Ubuntu) OpenSSL/3.0.19 (internal dummy connection)"
::1 - - [17/Aug/2026:15:35:44 +0800] "OPTIONS * HTTP/1.0" 200 110 "-" "Apache/2.4.68 (Ubuntu) OpenSSL/3.0.19 (internal dummy connection)"
140.111.67.10 - - [17/Aug/2026:15:35:45 +0800] "GET /" 301 273 "-" "-"
2001:288:a201::66:125 - - [17/Aug/2026:15:35:45 +0800] "GET /blog/active.php HTTP/1.1" 301 1026 "-" "-"
2001:288:a201::66:125 - - [17/Aug/2026:15:35:45 +0800] "GET /blog/active.php HTTP/1.1" 404 1084 "-" "-"
::1 - - [17/Aug/2026:15:35:45 +0800] "OPTIONS * HTTP/1.0" 200 110 "-" "Apache/2.4.68 (Ubuntu) OpenSSL/3.0.19 (internal dummy connection)"
::1 - - [17/Aug/2026:15:35:46 +0800] "OPTIONS * HTTP/1.0" 200 110 "-" "Apache/2.4.68 (Ubuntu) OpenSSL/3.0.19 (internal dummy connection)"
120.101.215.146 - - [17/Aug/2026:15:35:45 +0800] "GET /wp-admin/ HTTP/1.1" 200 47238 "https://2blog.ilc.edu.tw/" "Mozilla/5.0 (Windows NT 10.0; Win64; x64) AppleWebKit/537.36 (KHTML, like Gecko) Chrome/151.0.0.0 Safari/537.36"
::1 - - [17/Aug/2026:15:35:47 +0800] "OPTIONS * HTTP/1.0" 200 110 "-" "Apache/2.4.68 (Ubuntu) OpenSSL/3.0.19 (internal dummy connection)"
120.101.215.146 - - [17/Aug/2026:15:35:48 +0800] "POST /wp-admin/admin-ajax.php HTTP/1.1" 200 1111 "https://www.najh.ilc.edu.tw/wp-admin/" "Mozilla/5.0 (Windows NT 10.0; Win64; x64) AppleWebKit/537.36 (KHTML, like Gecko) Chrome/151.0.0.0 Safari/537.36"
::1 - - [17/Aug/2026:15:35:48 +0800] "OPTIONS * HTTP/1.0" 200 110 "-" "Apache/2.4.68 (Ubuntu) OpenSSL/3.0.19 (internal dummy connection)"
::1 - - [17/Aug/2026:15:35:49 +0800] "OPTIONS * HTTP/1.0" 200 110 "-" "Apache/2.4.68 (Ubuntu) OpenSSL/3.0.19 (internal dummy connection)"
140.111.67.10 - - [17/Aug/2026:15:35:50 +0800] "GET /" 301 273 "-" "-"
2001:288:a201::66:125 - - [17/Aug/2026:15:35:50 +0800] "GET /blog/active.php HTTP/1.1" 404 1084 "-" "-"
2001:288:a201::66:125 - - [17/Aug/2026:15:35:50 +0800] "GET /blog/active.php HTTP/1.1" 301 1026 "-" "-"
::1 - - [17/Aug/2026:15:35:51 +0800] "OPTIONS * HTTP/1.0" 200 110 "-" "Apache/2.4.68 (Ubuntu) OpenSSL/3.0.19 (internal dummy connection)"
::1 - - [17/Aug/2026:15:35:52 +0800] "OPTIONS * HTTP/1.0" 200 110 "-" "Apache/2.4.68 (Ubuntu) OpenSSL/3.0.19 (internal dummy connection)"
140.111.181.36 - - [17/Aug/2026:15:35:53 +0800] "GET /wp-content/uploads/sites/3846/2026/06/2026%E5%AE%9C%E8%98%AD%E7%98%8B%E5%AD%B8%E7%BF%92-%E6%9A%91%E5%81%87_%E6%95%99%E8%82%B2%E8%99%95%E9%A6%96%E9%A0%81-1440-x-1080-%E5%83%8F%E7%B4%A0.png HTTP/1.1" 304 5581 "https://it.ilc.edu.tw/" "Mozilla/5.0 (Windows NT 10.0; Win64; x64) AppleWebKit/537.36 (KHTML, like Gecko) Chrome/151.0.0.0 Safari/537.36"
140.111.181.36 - - [17/Aug/2026:15:35:53 +0800] "GET /wp-content/uploads/sites/3846/2026/08/%E8%BE%B2%E6%A5%AD%E9%83%A8%E5%BB%A3%E5%91%8A.jpg HTTP/1.1" 304 5581 "https://it.ilc.edu.tw/" "Mozilla/5.0 (Windows NT 10.0; Win64; x64) AppleWebKit/537.36 (KHTML, like Gecko) Chrome/151.0.0.0 Safari/537.36"
140.111.67.10 - - [17/Aug/2026:15:35:55 +0800] "GET /" 301 273 "-" "-"
2001:4860:7:810::f1 - - [17/Aug/2026:15:35:55 +0800] "GET /1003/2013/01/03/%E7%8F%AD%E7%B4%9A%E7%B6%93%E7%87%9F%E5%B0%8F%E4%B8%80%E4%B8%8A%E5%AD%B8%E6%9C%9F%E8%AE%93%E5%AE%B6%E9%95%B7%E5%AE%89%E5%BF%83%E7%9A%84%E5%AE%B6%E9%95%B7%E5%82%99%E5%BF%98%E9%8C%84/ HTTP/1.1" 200 19785 "https://www.google.com/" "Mozilla/5.0 (Windows NT 10.0; Win64; x64) AppleWebKit/537.36 (KHTML, like Gecko) Chrome/151.0.0.0 Safari/537.36"
2001:288:a201::66:125 - - [17/Aug/2026:15:35:55 +0800] "GET /blog/active.php HTTP/1.1" 301 1026 "-" "-"
2001:288:a201::66:125 - - [17/Aug/2026:15:35:55 +0800] "GET /blog/active.php HTTP/1.1" 404 1084 "-" "-"
66.249.68.200 - - [17/Aug/2026:15:35:55 +0800] "GET /12/2010/06/04/%E6%AD%B7%E5%8F%B2%E4%BA%BA%E7%89%A9%E7%B8%BD%E8%A4%87%E7%BF%92%E5%8C%97%E5%AE%89%E5%9C%8B%E4%B8%AD%E5%8A%89%E8%8B%AA%E8%80%81%E5%B8%AB/ HTTP/1.1" 200 15505 "-" "Mozilla/5.0 (Linux; Android 6.0.1; Nexus 5X Build/MMB29P) AppleWebKit/537.36 (KHTML, like Gecko) Chrome/150.0.7871.186 Mobile Safari/537.36 (compatible; Googlebot/2.1; +http://www.google.com/bot.html)"
66.249.68.200 - - [17/Aug/2026:15:35:57 +0800] "GET /12/2016/06/19/2016-06-0306-17-%E8%A9%95%E9%87%8F%E6%A8%99%E6%BA%96%E7%B8%BD%E8%AB%96%E8%88%87%E5%AF%A6%E4%BD%9C/ HTTP/1.1" 200 11170 "-" "Mozilla/5.0 (Linux; Android 6.0.1; Nexus 5X Build/MMB29P) AppleWebKit/537.36 (KHTML, like Gecko) Chrome/150.0.7871.186 Mobile Safari/537.36 (compatible; Googlebot/2.1; +http://www.google.com/bot.html)"
66.249.68.200 - - [17/Aug/2026:15:35:59 +0800] "POST /12/wp-json/ilc-summary/v1/popular-posts HTTP/1.1" 201 1269 "https://2blog.ilc.edu.tw/12/2010/06/04/%E6%AD%B7%E5%8F%B2%E4%BA%BA%E7%89%A9%E7%B8%BD%E8%A4%87%E7%BF%92%E5%8C%97%E5%AE%89%E5%9C%8B%E4%B8%AD%E5%8A%89%E8%8B%AA%E8%80%81%E5%B8%AB/" "Mozilla/5.0 (Linux; Android 6.0.1; Nexus 5X Build/MMB29P) AppleWebKit/537.36 (KHTML, like Gecko) Chrome/150.0.7871.186 Mobile Safari/537.36 (compatible; Googlebot/2.1; +http://www.google.com/bot.html)"
140.111.67.10 - - [17/Aug/2026:15:36:00 +0800] "GET /" 301 273 "-" "-"
2001:288:a201::66:125 - - [17/Aug/2026:15:36:00 +0800] "GET /blog/active.php HTTP/1.1" 404 1084 "-" "-"
2001:288:a201::66:125 - - [17/Aug/2026:15:36:00 +0800] "GET /blog/active.php HTTP/1.1" 301 1026 "-" "-"
2001:288:a201::67:81 - - [17/Aug/2026:15:36:01 +0800] "GET / HTTP/1.1" 200 56293 "-" "curl/7.81.0"
140.111.67.10 - - [17/Aug/2026:15:36:05 +0800] "GET /" 301 273 "-" "-"
140.111.67.195 - - [17/Aug/2026:15:36:04 +0800] "GET /wp-admin/admin-post.php?action=steps_ad HTTP/1.1" 200 6425 "-" "node-fetch/1.0 (+https://github.com/bitinn/node-fetch)"
120.101.215.146 - - [17/Aug/2026:15:36:05 +0800] "-" 408 4803 "-" "-"
2001:288:a201::66:125 - - [17/Aug/2026:15:36:05 +0800] "GET /blog/active.php HTTP/1.1" 301 1026 "-" "-"
2001:288:a201::66:125 - - [17/Aug/2026:15:36:05 +0800] "GET /blog/active.php HTTP/1.1" 404 1084 "-" "-"
122.100.113.98 - - [17/Aug/2026:15:36:05 +0800] "GET / HTTP/1.1" 200 20660 "https://www.google.com/url?q=https://www.tces.ilc.edu.tw/&sa=U&sqi=2&ved=2ahUKEwiG1MXHk6eWAxVPafUHHQktJsMQFnoECCgQAQ&usg=AOvVaw0b8Nes_77ziXRLPZsRksf7" "Mozilla/5.0 (iPhone; CPU iPhone OS 26_6_0 like Mac OS X) AppleWebKit/605.1.15 (KHTML, like Gecko) GSA/432.8.954074404 Mobile/15E148 Safari/604.1"
122.100.113.98 - - [17/Aug/2026:15:36:05 +0800] "GET /wp-content/cache/www.tces.ilc.edu.tw/wpfc-minified/dq16v0m2/77oe.css HTTP/1.1" 200 45685 "https://www.tces.ilc.edu.tw/" "Mozilla/5.0 (iPhone; CPU iPhone OS 26_6_0 like Mac OS X) AppleWebKit/605.1.15 (KHTML, like Gecko) GSA/432.8.954074404 Mobile/15E148 Safari/604.1"
122.100.113.98 - - [17/Aug/2026:15:36:05 +0800] "GET /wp-content/cache/www.tces.ilc.edu.tw/wpfc-minified/k26jrcx2/77oe.js HTTP/1.1" 200 35557 "https://www.tces.ilc.edu.tw/" "Mozilla/5.0 (iPhone; CPU iPhone OS 26_6_0 like Mac OS X) AppleWebKit/605.1.15 (KHTML, like Gecko) GSA/432.8.954074404 Mobile/15E148 Safari/604.1"
122.100.113.98 - - [17/Aug/2026:15:36:06 +0800] "GET /wp-content/cache/www.tces.ilc.edu.tw/wpfc-minified/9h424c7l/77oe.css HTTP/1.1" 200 5958 "https://www.tces.ilc.edu.tw/" "Mozilla/5.0 (iPhone; CPU iPhone OS 26_6_0 like Mac OS X) AppleWebKit/605.1.15 (KHTML, like Gecko) GSA/432.8.954074404 Mobile/15E148 Safari/604.1"
122.100.113.98 - - [17/Aug/2026:15:36:06 +0800] "GET /wp-includes/js/admin-bar.min.js HTTP/1.1" 200 2237 "https://www.tces.ilc.edu.tw/" "Mozilla/5.0 (iPhone; CPU iPhone OS 26_6_0 like Mac OS X) AppleWebKit/605.1.15 (KHTML, like Gecko) GSA/432.8.954074404 Mobile/15E148 Safari/604.1"
122.100.113.98 - - [17/Aug/2026:15:36:06 +0800] "GET /wp-content/cache/www.tces.ilc.edu.tw/wpfc-minified/mcjcx99s/77oe.css HTTP/1.1" 200 91708 "https://www.tces.ilc.edu.tw/" "Mozilla/5.0 (iPhone; CPU iPhone OS 26_6_0 like Mac OS X) AppleWebKit/605.1.15 (KHTML, like Gecko) GSA/432.8.954074404 Mobile/15E148 Safari/604.1"
122.100.113.98 - - [17/Aug/2026:15:36:06 +0800] "GET /wp-content/uploads/sites/449/elementor/css/post-617.css HTTP/1.1" 200 6069 "https://www.tces.ilc.edu.tw/" "Mozilla/5.0 (iPhone; CPU iPhone OS 26_6_0 like Mac OS X) AppleWebKit/605.1.15 (KHTML, like Gecko) GSA/432.8.954074404 Mobile/15E148 Safari/604.1"
122.100.113.98 - - [17/Aug/2026:15:36:06 +0800] "GET /wp-includes/js/imagesloaded.min.js HTTP/1.1" 200 2683 "https://www.tces.ilc.edu.tw/" "Mozilla/5.0 (iPhone; CPU iPhone OS 26_6_0 like Mac OS X) AppleWebKit/605.1.15 (KHTML, like Gecko) GSA/432.8.954074404 Mobile/15E148 Safari/604.1"
122.100.113.98 - - [17/Aug/2026:15:36:06 +0800] "GET /wp-content/cache/www.tces.ilc.edu.tw/wpfc-minified/8uavxyn0/77oe.css HTTP/1.1" 200 58863 "https://www.tces.ilc.edu.tw/" "Mozilla/5.0 (iPhone; CPU iPhone OS 26_6_0 like Mac OS X) AppleWebKit/605.1.15 (KHTML, like Gecko) GSA/432.8.954074404 Mobile/15E148 Safari/604.1"
122.100.113.98 - - [17/Aug/2026:15:36:06 +0800] "GET /wp-content/themes/oceanwp/assets/js/theme.min.js HTTP/1.1" 200 5130 "https://www.tces.ilc.edu.tw/" "Mozilla/5.0 (iPhone; CPU iPhone OS 26_6_0 like Mac OS X) AppleWebKit/605.1.15 (KHTML, like Gecko) GSA/432.8.954074404 Mobile/15E148 Safari/604.1"
122.100.113.98 - - [17/Aug/2026:15:36:06 +0800] "GET /21820/wp-content/uploads/sites/449/2020/05/21820-4239927.jpg HTTP/1.1" 200 9023 "https://www.tces.ilc.edu.tw/" "Mozilla/5.0 (iPhone; CPU iPhone OS 26_6_0 like Mac OS X) AppleWebKit/605.1.15 (KHTML, like Gecko) GSA/432.8.954074404 Mobile/15E148 Safari/604.1"
122.100.113.98 - - [17/Aug/2026:15:36:06 +0800] "GET /wp-content/themes/oceanwp/assets/js/drop-down-mobile-menu.min.js HTTP/1.1" 200 4663 "https://www.tces.ilc.edu.tw/" "Mozilla/5.0 (iPhone; CPU iPhone OS 26_6_0 like Mac OS X) AppleWebKit/605.1.15 (KHTML, like Gecko) GSA/432.8.954074404 Mobile/15E148 Safari/604.1"
122.100.113.98 - - [17/Aug/2026:15:36:06 +0800] "GET /wp-includes/js/hoverintent-js.min.js HTTP/1.1" 200 1597 "https://www.tces.ilc.edu.tw/" "Mozilla/5.0 (iPhone; CPU iPhone OS 26_6_0 like Mac OS X) AppleWebKit/605.1.15 (KHTML, like Gecko) GSA/432.8.954074404 Mobile/15E148 Safari/604.1"
122.100.113.98 - - [17/Aug/2026:15:36:06 +0800] "GET /wp-content/themes/oceanwp/assets/js/ow-lightbox.min.js HTTP/1.1" 200 2321 "https://www.tces.ilc.edu.tw/" "Mozilla/5.0 (iPhone; CPU iPhone OS 26_6_0 like Mac OS X) AppleWebKit/605.1.15 (KHTML, like Gecko) GSA/432.8.954074404 Mobile/15E148 Safari/604.1"
122.100.113.98 - - [17/Aug/2026:15:36:06 +0800] "GET /wp-content/themes/oceanwp/assets/js/vendors/magnific-popup.min.js HTTP/1.1" 200 8270 "https://www.tces.ilc.edu.tw/" "Mozilla/5.0 (iPhone; CPU iPhone OS 26_6_0 like Mac OS X) AppleWebKit/605.1.15 (KHTML, like Gecko) GSA/432.8.954074404 Mobile/15E148 Safari/604.1"
122.100.113.98 - - [17/Aug/2026:15:36:06 +0800] "GET /wp-content/themes/oceanwp/assets/js/vendors/flickity.pkgd.min.js HTTP/1.1" 200 15048 "https://www.tces.ilc.edu.tw/" "Mozilla/5.0 (iPhone; CPU iPhone OS 26_6_0 like Mac OS X) AppleWebKit/605.1.15 (KHTML, like Gecko) GSA/432.8.954074404 Mobile/15E148 Safari/604.1"
122.100.113.98 - - [17/Aug/2026:15:36:06 +0800] "GET /wp-content/themes/oceanwp/assets/js/ow-slider.min.js HTTP/1.1" 200 1761 "https://www.tces.ilc.edu.tw/" "Mozilla/5.0 (iPhone; CPU iPhone OS 26_6_0 like Mac OS X) AppleWebKit/605.1.15 (KHTML, like Gecko) GSA/432.8.954074404 Mobile/15E148 Safari/604.1"
122.100.113.98 - - [17/Aug/2026:15:36:06 +0800] "GET /wp-content/themes/oceanwp/assets/js/drop-down-search.min.js HTTP/1.1" 200 2968 "https://www.tces.ilc.edu.tw/" "Mozilla/5.0 (iPhone; CPU iPhone OS 26_6_0 like Mac OS X) AppleWebKit/605.1.15 (KHTML, like Gecko) GSA/432.8.954074404 Mobile/15E148 Safari/604.1"
122.100.113.98 - - [17/Aug/2026:15:36:06 +0800] "GET /wp-content/themes/oceanwp/assets/js/scroll-effect.min.js HTTP/1.1" 200 4127 "https://www.tces.ilc.edu.tw/" "Mozilla/5.0 (iPhone; CPU iPhone OS 26_6_0 like Mac OS X) AppleWebKit/605.1.15 (KHTML, like Gecko) GSA/432.8.954074404 Mobile/15E148 Safari/604.1"
122.100.113.98 - - [17/Aug/2026:15:36:06 +0800] "GET /21820/wp-content/uploads/sites/449/2019/08/googlemaps.png HTTP/1.1" 200 48839 "https://www.tces.ilc.edu.tw/" "Mozilla/5.0 (iPhone; CPU iPhone OS 26_6_0 like Mac OS X) AppleWebKit/605.1.15 (KHTML, like Gecko) GSA/432.8.954074404 Mobile/15E148 Safari/604.1"
122.100.113.98 - - [17/Aug/2026:15:36:06 +0800] "GET /wp-content/themes/oceanwp/assets/js/scroll-top.min.js HTTP/1.1" 200 3202 "https://www.tces.ilc.edu.tw/" "Mozilla/5.0 (iPhone; CPU iPhone OS 26_6_0 like Mac OS X) AppleWebKit/605.1.15 (KHTML, like Gecko) GSA/432.8.954074404 Mobile/15E148 Safari/604.1"
122.100.113.98 - - [17/Aug/2026:15:36:06 +0800] "GET /wp-content/themes/oceanwp/assets/js/select.min.js HTTP/1.1" 200 2408 "https://www.tces.ilc.edu.tw/" "Mozilla/5.0 (iPhone; CPU iPhone OS 26_6_0 like Mac OS X) AppleWebKit/605.1.15 (KHTML, like Gecko) GSA/432.8.954074404 Mobile/15E148 Safari/604.1"
122.100.113.98 - - [17/Aug/2026:15:36:06 +0800] "GET /wp-content/plugins/ocean-extra/includes/widgets/js/flickr.min.js HTTP/1.1" 200 1319 "https://www.tces.ilc.edu.tw/" "Mozilla/5.0 (iPhone; CPU iPhone OS 26_6_0 like Mac OS X) AppleWebKit/605.1.15 (KHTML, like Gecko) GSA/432.8.954074404 Mobile/15E148 Safari/604.1"
122.100.113.98 - - [17/Aug/2026:15:36:06 +0800] "GET /21820/wp-content/uploads/sites/449/2020/05/21820-4240962.png HTTP/1.1" 200 15789 "https://www.tces.ilc.edu.tw/" "Mozilla/5.0 (iPhone; CPU iPhone OS 26_6_0 like Mac OS X) AppleWebKit/605.1.15 (KHTML, like Gecko) GSA/432.8.954074404 Mobile/15E148 Safari/604.1"
122.100.113.98 - - [17/Aug/2026:15:36:06 +0800] "GET /wp-content/uploads/sites/449/21820/21820-1360230.jpg HTTP/1.1" 200 9647 "https://www.tces.ilc.edu.tw/" "Mozilla/5.0 (iPhone; CPU iPhone OS 26_6_0 like Mac OS X) AppleWebKit/605.1.15 (KHTML, like Gecko) GSA/432.8.954074404 Mobile/15E148 Safari/604.1"
122.100.113.98 - - [17/Aug/2026:15:36:06 +0800] "GET /wp-content/uploads/sites/449/21820/21820-3606001.jpg HTTP/1.1" 200 573252 "https://www.tces.ilc.edu.tw/" "Mozilla/5.0 (iPhone; CPU iPhone OS 26_6_0 like Mac OS X) AppleWebKit/605.1.15 (KHTML, like Gecko) GSA/432.8.954074404 Mobile/15E148 Safari/604.1"
122.100.113.98 - - [17/Aug/2026:15:36:06 +0800] "GET /wp-content/uploads/sites/449/21820/21820-2261462.jpg HTTP/1.1" 200 8980 "https://www.tces.ilc.edu.tw/" "Mozilla/5.0 (iPhone; CPU iPhone OS 26_6_0 like Mac OS X) AppleWebKit/605.1.15 (KHTML, like Gecko) GSA/432.8.954074404 Mobile/15E148 Safari/604.1"
122.100.113.98 - - [17/Aug/2026:15:36:06 +0800] "GET /wp-content/themes/oceanwp/assets/fonts/fontawesome/webfonts/fa-solid-900.woff2 HTTP/1.1" 200 151246 "https://www.tces.ilc.edu.tw/" "Mozilla/5.0 (iPhone; CPU iPhone OS 26_6_0 like Mac OS X) AppleWebKit/605.1.15 (KHTML, like Gecko) GSA/432.8.954074404 Mobile/15E148 Safari/604.1"
122.100.113.98 - - [17/Aug/2026:15:36:06 +0800] "GET /wp-content/uploads/sites/449/21820/21820-1839283.jpg HTTP/1.1" 200 6591 "https://www.tces.ilc.edu.tw/" "Mozilla/5.0 (iPhone; CPU iPhone OS 26_6_0 like Mac OS X) AppleWebKit/605.1.15 (KHTML, like Gecko) GSA/432.8.954074404 Mobile/15E148 Safari/604.1"
122.100.113.98 - - [17/Aug/2026:15:36:06 +0800] "GET /wp-content/uploads/sites/449/21820/21820-1360234.jpg HTTP/1.1" 200 6013 "https://www.tces.ilc.edu.tw/" "Mozilla/5.0 (iPhone; CPU iPhone OS 26_6_0 like Mac OS X) AppleWebKit/605.1.15 (KHTML, like Gecko) GSA/432.8.954074404 Mobile/15E148 Safari/604.1"
122.100.113.98 - - [17/Aug/2026:15:36:06 +0800] "GET /wp-content/uploads/sites/449/2024/04/County.png HTTP/1.1" 200 686382 "https://www.tces.ilc.edu.tw/" "Mozilla/5.0 (iPhone; CPU iPhone OS 26_6_0 like Mac OS X) AppleWebKit/605.1.15 (KHTML, like Gecko) GSA/432.8.954074404 Mobile/15E148 Safari/604.1"
122.100.113.98 - - [17/Aug/2026:15:36:06 +0800] "GET /wp-content/uploads/sites/449/21820/21820-1360226.gif HTTP/1.1" 200 11727 "https://www.tces.ilc.edu.tw/" "Mozilla/5.0 (iPhone; CPU iPhone OS 26_6_0 like Mac OS X) AppleWebKit/605.1.15 (KHTML, like Gecko) GSA/432.8.954074404 Mobile/15E148 Safari/604.1"
122.100.113.98 - - [17/Aug/2026:15:36:06 +0800] "GET /wp-content/uploads/sites/449/21820/21820-1360233.jpg HTTP/1.1" 200 6545 "https://www.tces.ilc.edu.tw/" "Mozilla/5.0 (iPhone; CPU iPhone OS 26_6_0 like Mac OS X) AppleWebKit/605.1.15 (KHTML, like Gecko) GSA/432.8.954074404 Mobile/15E148 Safari/604.1"
122.100.113.98 - - [17/Aug/2026:15:36:06 +0800] "GET /wp-content/uploads/sites/449/21820/21820-1976399.png HTTP/1.1" 200 12496 "https://www.tces.ilc.edu.tw/" "Mozilla/5.0 (iPhone; CPU iPhone OS 26_6_0 like Mac OS X) AppleWebKit/605.1.15 (KHTML, like Gecko) GSA/432.8.954074404 Mobile/15E148 Safari/604.1"
122.100.113.98 - - [17/Aug/2026:15:36:06 +0800] "GET /wp-content/uploads/sites/449/21820/21820-2957968.jpg HTTP/1.1" 200 5473 "https://www.tces.ilc.edu.tw/" "Mozilla/5.0 (iPhone; CPU iPhone OS 26_6_0 like Mac OS X) AppleWebKit/605.1.15 (KHTML, like Gecko) GSA/432.8.954074404 Mobile/15E148 Safari/604.1"
122.100.113.98 - - [17/Aug/2026:15:36:06 +0800] "GET /wp-content/uploads/sites/449/21820/21820-2616451.gif HTTP/1.1" 200 141008 "https://www.tces.ilc.edu.tw/" "Mozilla/5.0 (iPhone; CPU iPhone OS 26_6_0 like Mac OS X) AppleWebKit/605.1.15 (KHTML, like Gecko) GSA/432.8.954074404 Mobile/15E148 Safari/604.1"
122.100.113.98 - - [17/Aug/2026:15:36:06 +0800] "GET /wp-content/uploads/sites/449/21820/21820-1725956.jpg HTTP/1.1" 200 26379 "https://www.tces.ilc.edu.tw/" "Mozilla/5.0 (iPhone; CPU iPhone OS 26_6_0 like Mac OS X) AppleWebKit/605.1.15 (KHTML, like Gecko) GSA/432.8.954074404 Mobile/15E148 Safari/604.1"
122.100.113.98 - - [17/Aug/2026:15:36:07 +0800] "GET /wp-content/uploads/sites/449/21820/21820-1360229.jpg HTTP/1.1" 200 10265 "https://www.tces.ilc.edu.tw/" "Mozilla/5.0 (iPhone; CPU iPhone OS 26_6_0 like Mac OS X) AppleWebKit/605.1.15 (KHTML, like Gecko) GSA/432.8.954074404 Mobile/15E148 Safari/604.1"
122.100.113.98 - - [17/Aug/2026:15:36:07 +0800] "GET /wp-content/uploads/sites/449/21820/21820-2386308.png HTTP/1.1" 200 18042 "https://www.tces.ilc.edu.tw/" "Mozilla/5.0 (iPhone; CPU iPhone OS 26_6_0 like Mac OS X) AppleWebKit/605.1.15 (KHTML, like Gecko) GSA/432.8.954074404 Mobile/15E148 Safari/604.1"
122.100.113.98 - - [17/Aug/2026:15:36:07 +0800] "GET /wp-content/uploads/sites/449/21820/21820-1360244.png HTTP/1.1" 200 19035 "https://www.tces.ilc.edu.tw/" "Mozilla/5.0 (iPhone; CPU iPhone OS 26_6_0 like Mac OS X) AppleWebKit/605.1.15 (KHTML, like Gecko) GSA/432.8.954074404 Mobile/15E148 Safari/604.1"
122.100.113.98 - - [17/Aug/2026:15:36:07 +0800] "GET /wp-content/uploads/sites/449/21820/21820-2667705.png HTTP/1.1" 200 30834 "https://www.tces.ilc.edu.tw/" "Mozilla/5.0 (iPhone; CPU iPhone OS 26_6_0 like Mac OS X) AppleWebKit/605.1.15 (KHTML, like Gecko) GSA/432.8.954074404 Mobile/15E148 Safari/604.1"
122.100.113.98 - - [17/Aug/2026:15:36:07 +0800] "GET /wp-content/uploads/sites/449/21820/21820-1369983.jpg HTTP/1.1" 200 11467 "https://www.tces.ilc.edu.tw/" "Mozilla/5.0 (iPhone; CPU iPhone OS 26_6_0 like Mac OS X) AppleWebKit/605.1.15 (KHTML, like Gecko) GSA/432.8.954074404 Mobile/15E148 Safari/604.1"
122.100.113.98 - - [17/Aug/2026:15:36:07 +0800] "GET /wp-content/uploads/sites/449/21820/21820-1725955.jpg HTTP/1.1" 200 26463 "https://www.tces.ilc.edu.tw/" "Mozilla/5.0 (iPhone; CPU iPhone OS 26_6_0 like Mac OS X) AppleWebKit/605.1.15 (KHTML, like Gecko) GSA/432.8.954074404 Mobile/15E148 Safari/604.1"
122.100.113.98 - - [17/Aug/2026:15:36:07 +0800] "GET /wp-content/uploads/sites/449/21820/21820-1360235.jpg HTTP/1.1" 200 17074 "https://www.tces.ilc.edu.tw/" "Mozilla/5.0 (iPhone; CPU iPhone OS 26_6_0 like Mac OS X) AppleWebKit/605.1.15 (KHTML, like Gecko) GSA/432.8.954074404 Mobile/15E148 Safari/604.1"
122.100.113.98 - - [17/Aug/2026:15:36:07 +0800] "GET /wp-content/uploads/sites/449/21820/21820-1461398.png HTTP/1.1" 200 3912 "https://www.tces.ilc.edu.tw/" "Mozilla/5.0 (iPhone; CPU iPhone OS 26_6_0 like Mac OS X) AppleWebKit/605.1.15 (KHTML, like Gecko) GSA/432.8.954074404 Mobile/15E148 Safari/604.1"
122.100.113.98 - - [17/Aug/2026:15:36:07 +0800] "GET /wp-content/uploads/sites/449/21820/21820-2389949.jpg HTTP/1.1" 200 6134 "https://www.tces.ilc.edu.tw/" "Mozilla/5.0 (iPhone; CPU iPhone OS 26_6_0 like Mac OS X) AppleWebKit/605.1.15 (KHTML, like Gecko) GSA/432.8.954074404 Mobile/15E148 Safari/604.1"
122.100.113.98 - - [17/Aug/2026:15:36:07 +0800] "GET /wp-content/uploads/sites/449/21820/21820-1641079.jpg HTTP/1.1" 200 20509 "https://www.tces.ilc.edu.tw/" "Mozilla/5.0 (iPhone; CPU iPhone OS 26_6_0 like Mac OS X) AppleWebKit/605.1.15 (KHTML, like Gecko) GSA/432.8.954074404 Mobile/15E148 Safari/604.1"
122.100.113.98 - - [17/Aug/2026:15:36:07 +0800] "GET /wp-content/uploads/sites/449/21820/21820-1637435.jpg HTTP/1.1" 200 13766 "https://www.tces.ilc.edu.tw/" "Mozilla/5.0 (iPhone; CPU iPhone OS 26_6_0 like Mac OS X) AppleWebKit/605.1.15 (KHTML, like Gecko) GSA/432.8.954074404 Mobile/15E148 Safari/604.1"
122.100.113.98 - - [17/Aug/2026:15:36:07 +0800] "GET /wp-content/uploads/sites/449/21820/21820-1988914.jpg HTTP/1.1" 200 32989 "https://www.tces.ilc.edu.tw/" "Mozilla/5.0 (iPhone; CPU iPhone OS 26_6_0 like Mac OS X) AppleWebKit/605.1.15 (KHTML, like Gecko) GSA/432.8.954074404 Mobile/15E148 Safari/604.1"
122.100.113.98 - - [17/Aug/2026:15:36:07 +0800] "GET /wp-content/uploads/sites/449/21820/21820-1360241.png HTTP/1.1" 200 12553 "https://www.tces.ilc.edu.tw/" "Mozilla/5.0 (iPhone; CPU iPhone OS 26_6_0 like Mac OS X) AppleWebKit/605.1.15 (KHTML, like Gecko) GSA/432.8.954074404 Mobile/15E148 Safari/604.1"
122.100.113.98 - - [17/Aug/2026:15:36:07 +0800] "GET /wp-content/uploads/sites/449/21820/21820-1411881.png HTTP/1.1" 200 20763 "https://www.tces.ilc.edu.tw/" "Mozilla/5.0 (iPhone; CPU iPhone OS 26_6_0 like Mac OS X) AppleWebKit/605.1.15 (KHTML, like Gecko) GSA/432.8.954074404 Mobile/15E148 Safari/604.1"
122.100.113.98 - - [17/Aug/2026:15:36:07 +0800] "GET /wp-content/uploads/sites/449/2021/08/%E5%9A%B4%E9%87%8D%E7%89%B9%E6%AE%8A%E5%82%B3%E6%9F%93%E6%80%A7%E8%82%BA%E7%82%8E%E5%B0%88%E5%8D%80-%E7%B6%B2%E7%AB%99%E9%80%A3%E7%B5%90%E5%9C%96%E7%A4%BA.jpg HTTP/1.1" 200 5631 "https://www.tces.ilc.edu.tw/" "Mozilla/5.0 (iPhone; CPU iPhone OS 26_6_0 like Mac OS X) AppleWebKit/605.1.15 (KHTML, like Gecko) GSA/432.8.954074404 Mobile/15E148 Safari/604.1"
122.100.113.98 - - [17/Aug/2026:15:36:07 +0800] "GET /wp-content/uploads/sites/449/21820/21820-1804392.gif HTTP/1.1" 200 36984 "https://www.tces.ilc.edu.tw/" "Mozilla/5.0 (iPhone; CPU iPhone OS 26_6_0 like Mac OS X) AppleWebKit/605.1.15 (KHTML, like Gecko) GSA/432.8.954074404 Mobile/15E148 Safari/604.1"
122.100.113.98 - - [17/Aug/2026:15:36:07 +0800] "GET /wp-content/uploads/sites/449/21820/21820-1360228.jpg HTTP/1.1" 200 7128 "https://www.tces.ilc.edu.tw/" "Mozilla/5.0 (iPhone; CPU iPhone OS 26_6_0 like Mac OS X) AppleWebKit/605.1.15 (KHTML, like Gecko) GSA/432.8.954074404 Mobile/15E148 Safari/604.1"
122.100.113.98 - - [17/Aug/2026:15:36:08 +0800] "GET /wp-content/uploads/sites/449/21820/21820-2491341.jpg HTTP/1.1" 200 5608 "https://www.tces.ilc.edu.tw/" "Mozilla/5.0 (iPhone; CPU iPhone OS 26_6_0 like Mac OS X) AppleWebKit/605.1.15 (KHTML, like Gecko) GSA/432.8.954074404 Mobile/15E148 Safari/604.1"
122.100.113.98 - - [17/Aug/2026:15:36:08 +0800] "GET /wp-content/uploads/sites/449/21820/21820-2387377.png HTTP/1.1" 200 14622 "https://www.tces.ilc.edu.tw/" "Mozilla/5.0 (iPhone; CPU iPhone OS 26_6_0 like Mac OS X) AppleWebKit/605.1.15 (KHTML, like Gecko) GSA/432.8.954074404 Mobile/15E148 Safari/604.1"
122.100.113.98 - - [17/Aug/2026:15:36:08 +0800] "GET /wp-content/uploads/sites/449/2020/08/108.jpg HTTP/1.1" 200 23557 "https://www.tces.ilc.edu.tw/" "Mozilla/5.0 (iPhone; CPU iPhone OS 26_6_0 like Mac OS X) AppleWebKit/605.1.15 (KHTML, like Gecko) GSA/432.8.954074404 Mobile/15E148 Safari/604.1"
122.100.113.98 - - [17/Aug/2026:15:36:08 +0800] "GET /wp-content/uploads/sites/449/2026/04/%E8%9E%A2%E5%B9%95%E6%93%B7%E5%8F%96%E7%95%AB%E9%9D%A2-2026-04-28-102701.png HTTP/1.1" 200 18603 "https://www.tces.ilc.edu.tw/" "Mozilla/5.0 (iPhone; CPU iPhone OS 26_6_0 like Mac OS X) AppleWebKit/605.1.15 (KHTML, like Gecko) GSA/432.8.954074404 Mobile/15E148 Safari/604.1"
122.100.113.98 - - [17/Aug/2026:15:36:08 +0800] "GET /wp-content/uploads/sites/449/2024/09/2024-09-23_090802.png HTTP/1.1" 200 55018 "https://www.tces.ilc.edu.tw/" "Mozilla/5.0 (iPhone; CPU iPhone OS 26_6_0 like Mac OS X) AppleWebKit/605.1.15 (KHTML, like Gecko) GSA/432.8.954074404 Mobile/15E148 Safari/604.1"
122.100.113.98 - - [17/Aug/2026:15:36:08 +0800] "GET /wp-content/uploads/sites/449/2024/06/%E9%A0%AD%E5%9F%8E%E5%9C%8B%E5%B0%8F%E5%B9%B3%E9%9D%A2%E9%85%8D%E7%BD%AE%E5%9C%961130516.jpg HTTP/1.1" 200 15544 "https://www.tces.ilc.edu.tw/" "Mozilla/5.0 (iPhone; CPU iPhone OS 26_6_0 like Mac OS X) AppleWebKit/605.1.15 (KHTML, like Gecko) GSA/432.8.954074404 Mobile/15E148 Safari/604.1"
122.100.113.98 - - [17/Aug/2026:15:36:08 +0800] "GET /wp-content/uploads/sites/449/21820/21820-4004347.jpg HTTP/1.1" 200 22156 "https://www.tces.ilc.edu.tw/" "Mozilla/5.0 (iPhone; CPU iPhone OS 26_6_0 like Mac OS X) AppleWebKit/605.1.15 (KHTML, like Gecko) GSA/432.8.954074404 Mobile/15E148 Safari/604.1"
140.111.67.195 - - [17/Aug/2026:15:36:08 +0800] "GET /wp-admin/admin-post.php?action=steps_ad HTTP/1.1" 200 1649 "-" "node-fetch/1.0 (+https://github.com/bitinn/node-fetch)"
140.111.67.10 - - [17/Aug/2026:15:36:10 +0800] "GET /" 301 273 "-" "-"
2001:288:a201::66:125 - - [17/Aug/2026:15:36:10 +0800] "GET /blog/active.php HTTP/1.1" 301 1026 "-" "-"
140.111.67.195 - - [17/Aug/2026:15:36:10 +0800] "GET /wp-admin/admin-post.php?action=steps_ad HTTP/1.1" 200 1649 "-" "node-fetch/1.0 (+https://github.com/bitinn/node-fetch)"
2001:288:a201::66:125 - - [17/Aug/2026:15:36:10 +0800] "GET /blog/active.php HTTP/1.1" 404 1084 "-" "-"
66.249.68.201 - - [17/Aug/2026:15:36:10 +0800] "GET /12/2020/04/07/2019-1205-1219-2020-0213-%E5%8D%97%E6%BE%B3%E5%9C%8B%E9%AB%98%E4%B8%AD%E5%85%B1%E5%82%99/ HTTP/1.1" 200 15825 "-" "Mozilla/5.0 (Linux; Android 6.0.1; Nexus 5X Build/MMB29P) AppleWebKit/537.36 (KHTML, like Gecko) Chrome/150.0.7871.186 Mobile Safari/537.36 (compatible; Googlebot/2.1; +http://www.google.com/bot.html)"
49.159.181.26 - - [17/Aug/2026:15:36:09 +0800] "POST /index.php?rest_route=/wp-statistics/v2/online HTTP/1.1" 200 1436 "https://www.jwes.ilc.edu.tw/" "Mozilla/5.0 (Windows NT 10.0; Win64; x64) AppleWebKit/537.36 (KHTML, like Gecko) Chrome/151.0.0.0 Safari/537.36"
66.249.68.200 - - [17/Aug/2026:15:36:12 +0800] "GET /rainbow123/wp-content/uploads/sites/3901/2026/07/IMG_1607-300x225.jpg HTTP/1.1" 200 24668 "-" "GoogleOther-Image/1.0"
66.249.82.196 - - [17/Aug/2026:15:36:12 +0800] "GET /.well-known/traffic-advice HTTP/1.1" 404 77252 "-" "Chrome Privacy Preserving Prefetch Proxy"
140.111.181.36 - - [17/Aug/2026:15:36:13 +0800] "-" 408 4791 "-" "-"
140.111.67.195 - - [17/Aug/2026:15:36:13 +0800] "GET /wp-admin/admin-post.php?action=steps_ad HTTP/1.1" 200 1649 "-" "node-fetch/1.0 (+https://github.com/bitinn/node-fetch)"
140.111.67.10 - - [17/Aug/2026:15:36:15 +0800] "GET /" 301 273 "-" "-"
2001:288:a201::66:125 - - [17/Aug/2026:15:36:15 +0800] "GET /blog/active.php HTTP/1.1" 301 1026 "-" "-"
2001:288:a201::66:125 - - [17/Aug/2026:15:36:15 +0800] "GET /blog/active.php HTTP/1.1" 404 1084 "-" "-"
::1 - - [17/Aug/2026:15:36:16 +0800] "OPTIONS * HTTP/1.0" 200 110 "-" "Apache/2.4.68 (Ubuntu) OpenSSL/3.0.19 (internal dummy connection)"
58.115.44.111 - - [17/Aug/2026:15:36:17 +0800] "-" 408 339 "-" "-"
58.115.44.111 - - [17/Aug/2026:15:36:17 +0800] "-" 408 339 "-" "-"
::1 - - [17/Aug/2026:15:36:17 +0800] "OPTIONS * HTTP/1.0" 200 110 "-" "Apache/2.4.68 (Ubuntu) OpenSSL/3.0.19 (internal dummy connection)"
2401:e180:8df0:390c:3198:e94d:325b:9e48 - - [17/Aug/2026:15:36:18 +0800] "GET /868/wp-content/cache/2blog.ilc.edu.tw/wpfc-minified/8lw6462p/5woku.css HTTP/1.1" 200 45680 "-" "Mozilla/5.0 (Linux; Android 10; K) AppleWebKit/537.36 (KHTML, like Gecko) Chrome/150.0.0.0 Mobile Safari/537.36"
2401:e180:8df0:390c:3198:e94d:325b:9e48 - - [17/Aug/2026:15:36:18 +0800] "GET /868/wp-content/cache/2blog.ilc.edu.tw/wpfc-minified/7nvg1c6t/5woku.css HTTP/1.1" 200 20776 "-" "Mozilla/5.0 (Linux; Android 10; K) AppleWebKit/537.36 (KHTML, like Gecko) Chrome/150.0.0.0 Mobile Safari/537.36"
2401:e180:8df0:390c:3198:e94d:325b:9e48 - - [17/Aug/2026:15:36:18 +0800] "GET /868/wp-content/cache/2blog.ilc.edu.tw/wpfc-minified/13m1ver4/5wob8.css HTTP/1.1" 200 23805 "-" "Mozilla/5.0 (Linux; Android 10; K) AppleWebKit/537.36 (KHTML, like Gecko) Chrome/150.0.0.0 Mobile Safari/537.36"
2401:e180:8df0:390c:3198:e94d:325b:9e48 - - [17/Aug/2026:15:36:18 +0800] "GET /868/wp-content/cache/2blog.ilc.edu.tw/wpfc-minified/maqxx0v5/5woku.css HTTP/1.1" 200 13871 "-" "Mozilla/5.0 (Linux; Android 10; K) AppleWebKit/537.36 (KHTML, like Gecko) Chrome/150.0.0.0 Mobile Safari/537.36"
2401:e180:8df0:390c:3198:e94d:325b:9e48 - - [17/Aug/2026:15:36:18 +0800] "GET /868/49932/ HTTP/1.1" 200 19759 "https://www.google.com/" "Mozilla/5.0 (Linux; Android 10; K) AppleWebKit/537.36 (KHTML, like Gecko) Chrome/150.0.0.0 Mobile Safari/537.36"
2401:e180:8df0:390c:3198:e94d:325b:9e48 - - [17/Aug/2026:15:36:18 +0800] "GET /868/wp-content/themes/hueman/assets/front/webfonts/fa-regular-400.woff2?v=5.15.2 HTTP/1.1" 200 14439 "https://2blog.ilc.edu.tw/868/49932/" "Mozilla/5.0 (Linux; Android 10; K) AppleWebKit/537.36 (KHTML, like Gecko) Chrome/150.0.0.0 Mobile Safari/537.36"
2401:e180:8df0:390c:3198:e94d:325b:9e48 - - [17/Aug/2026:15:36:18 +0800] "GET /868/wp-content/themes/hueman/assets/front/webfonts/fa-brands-400.woff2?v=5.15.2 HTTP/1.1" 200 79499 "https://2blog.ilc.edu.tw/868/49932/" "Mozilla/5.0 (Linux; Android 10; K) AppleWebKit/537.36 (KHTML, like Gecko) Chrome/150.0.0.0 Mobile Safari/537.36"
2401:e180:8df0:390c:3198:e94d:325b:9e48 - - [17/Aug/2026:15:36:18 +0800] "GET /868/wp-content/cache/2blog.ilc.edu.tw/wpfc-minified/1gd3zqn9/5wovy.js HTTP/1.1" 200 1642 "https://2blog.ilc.edu.tw/868/49932/" "Mozilla/5.0 (Linux; Android 10; K) AppleWebKit/537.36 (KHTML, like Gecko) Chrome/150.0.0.0 Mobile Safari/537.36"
2401:e180:8df0:390c:3198:e94d:325b:9e48 - - [17/Aug/2026:15:36:18 +0800] "GET /868/wp-content/cache/2blog.ilc.edu.tw/wpfc-minified/dj3aok4x/5woku.js HTTP/1.1" 200 35562 "https://2blog.ilc.edu.tw/868/49932/" "Mozilla/5.0 (Linux; Android 10; K) AppleWebKit/537.36 (KHTML, like Gecko) Chrome/150.0.0.0 Mobile Safari/537.36"
2401:e180:8df0:390c:3198:e94d:325b:9e48 - - [17/Aug/2026:15:36:18 +0800] "GET /868/wp-content/themes/hueman/assets/front/webfonts/fa-solid-900.woff2?v=5.15.2 HTTP/1.1" 200 81301 "https://2blog.ilc.edu.tw/868/49932/" "Mozilla/5.0 (Linux; Android 10; K) AppleWebKit/537.36 (KHTML, like Gecko) Chrome/150.0.0.0 Mobile Safari/537.36"
2401:e180:8df0:390c:3198:e94d:325b:9e48 - - [17/Aug/2026:15:36:18 +0800] "GET /868/wp-content/themes/hueman/assets/front/fonts/titillium-light-webfont.woff HTTP/1.1" 200 25945 "https://2blog.ilc.edu.tw/868/49932/" "Mozilla/5.0 (Linux; Android 10; K) AppleWebKit/537.36 (KHTML, like Gecko) Chrome/150.0.0.0 Mobile Safari/537.36"
2401:e180:8df0:390c:3198:e94d:325b:9e48 - - [17/Aug/2026:15:36:18 +0800] "GET /868/wp-content/themes/hueman/assets/front/fonts/titillium-regular-webfont.woff HTTP/1.1" 200 25590 "https://2blog.ilc.edu.tw/868/49932/" "Mozilla/5.0 (Linux; Android 10; K) AppleWebKit/537.36 (KHTML, like Gecko) Chrome/150.0.0.0 Mobile Safari/537.36"
2401:e180:8df0:390c:3198:e94d:325b:9e48 - - [17/Aug/2026:15:36:18 +0800] "GET /868/wp-content/themes/hueman/assets/front/fonts/titillium-lightitalic-webfont.woff HTTP/1.1" 200 27993 "https://2blog.ilc.edu.tw/868/49932/" "Mozilla/5.0 (Linux; Android 10; K) AppleWebKit/537.36 (KHTML, like Gecko) Chrome/150.0.0.0 Mobile Safari/537.36"
118.150.217.131 - - [17/Aug/2026:15:36:18 +0800] "GET /wp-content/uploads/sites/893/1279/1279-3544480.png HTTP/1.1" 200 116173 "https://www.google.com/" "Mozilla/5.0 (iPhone; CPU iPhone OS 26_6 like Mac OS X) AppleWebKit/605.1.15 (KHTML, like Gecko) GSA/433.5.957829776 Mobile/23G71 Safari/604.1"
2401:e180:8df0:390c:3198:e94d:325b:9e48 - - [17/Aug/2026:15:36:18 +0800] "GET /868/wp-content/themes/hueman/assets/front/fonts/titillium-regularitalic-webfont.woff HTTP/1.1" 200 27482 "https://2blog.ilc.edu.tw/868/49932/" "Mozilla/5.0 (Linux; Android 10; K) AppleWebKit/537.36 (KHTML, like Gecko) Chrome/150.0.0.0 Mobile Safari/537.36"
2401:e180:8df0:390c:3198:e94d:325b:9e48 - - [17/Aug/2026:15:36:18 +0800] "GET /868/wp-content/themes/hueman/assets/front/fonts/titillium-semibold-webfont.woff HTTP/1.1" 200 25626 "https://2blog.ilc.edu.tw/868/49932/" "Mozilla/5.0 (Linux; Android 10; K) AppleWebKit/537.36 (KHTML, like Gecko) Chrome/150.0.0.0 Mobile Safari/537.36"
2401:e180:8df0:390c:3198:e94d:325b:9e48 - - [17/Aug/2026:15:36:18 +0800] "GET /868/wp-content/uploads/sites/268/2025/06/QR.png HTTP/1.1" 200 59279 "https://2blog.ilc.edu.tw/868/49932/" "Mozilla/5.0 (Linux; Android 10; K) AppleWebKit/537.36 (KHTML, like Gecko) Chrome/150.0.0.0 Mobile Safari/537.36"
2401:e180:8df0:390c:3198:e94d:325b:9e48 - - [17/Aug/2026:15:36:19 +0800] "GET /868/wp-includes/js/hoverintent-js.min.js HTTP/1.1" 200 1597 "https://2blog.ilc.edu.tw/868/49932/" "Mozilla/5.0 (Linux; Android 10; K) AppleWebKit/537.36 (KHTML, like Gecko) Chrome/150.0.0.0 Mobile Safari/537.36"
2401:e180:8df0:390c:3198:e94d:325b:9e48 - - [17/Aug/2026:15:36:18 +0800] "GET /868/wp-content/uploads/sites/268/2025/06/%E7%AB%B9%E6%9E%97QR.jpg HTTP/1.1" 200 41206 "https://2blog.ilc.edu.tw/868/49932/" "Mozilla/5.0 (Linux; Android 10; K) AppleWebKit/537.36 (KHTML, like Gecko) Chrome/150.0.0.0 Mobile Safari/537.36"
2401:e180:8df0:390c:3198:e94d:325b:9e48 - - [17/Aug/2026:15:36:19 +0800] "GET /868/wp-includes/js/admin-bar.min.js HTTP/1.1" 200 2237 "https://2blog.ilc.edu.tw/868/49932/" "Mozilla/5.0 (Linux; Android 10; K) AppleWebKit/537.36 (KHTML, like Gecko) Chrome/150.0.0.0 Mobile Safari/537.36"
2401:e180:8df0:390c:3198:e94d:325b:9e48 - - [17/Aug/2026:15:36:19 +0800] "GET /868/wp-content/themes/hueman/assets/front/img/thumb-medium-empty.png HTTP/1.1" 200 936 "https://2blog.ilc.edu.tw/868/49932/" "Mozilla/5.0 (Linux; Android 10; K) AppleWebKit/537.36 (KHTML, like Gecko) Chrome/150.0.0.0 Mobile Safari/537.36"
2401:e180:8df0:390c:3198:e94d:325b:9e48 - - [17/Aug/2026:15:36:19 +0800] "GET /868/wp-content/uploads/sites/268/2025/03/%E5%9C%96%E7%89%872.png HTTP/1.1" 200 6637 "https://2blog.ilc.edu.tw/868/49932/" "Mozilla/5.0 (Linux; Android 10; K) AppleWebKit/537.36 (KHTML, like Gecko) Chrome/150.0.0.0 Mobile Safari/537.36"
2401:e180:8df0:390c:3198:e94d:325b:9e48 - - [17/Aug/2026:15:36:19 +0800] "GET /868/wp-includes/js/underscore.min.js HTTP/1.1" 200 8191 "https://2blog.ilc.edu.tw/868/49932/" "Mozilla/5.0 (Linux; Android 10; K) AppleWebKit/537.36 (KHTML, like Gecko) Chrome/150.0.0.0 Mobile Safari/537.36"
2401:e180:8df0:390c:3198:e94d:325b:9e48 - - [17/Aug/2026:15:36:19 +0800] "GET /868/wp-content/themes/hueman/assets/front/js/scripts.min.js HTTP/1.1" 200 22643 "https://2blog.ilc.edu.tw/868/49932/" "Mozilla/5.0 (Linux; Android 10; K) AppleWebKit/537.36 (KHTML, like Gecko) Chrome/150.0.0.0 Mobile Safari/537.36"
2401:e180:8df0:390c:3198:e94d:325b:9e48 - - [17/Aug/2026:15:36:18 +0800] "POST /868/wp-json/ilc-summary/v1/popular-posts HTTP/1.1" 201 1270 "https://2blog.ilc.edu.tw/868/49932/" "Mozilla/5.0 (Linux; Android 10; K) AppleWebKit/537.36 (KHTML, like Gecko) Chrome/150.0.0.0 Mobile Safari/537.36"
140.111.67.10 - - [17/Aug/2026:15:36:20 +0800] "GET /" 301 273 "-" "-"
2401:e180:8df0:390c:3198:e94d:325b:9e48 - - [17/Aug/2026:15:36:20 +0800] "GET /favicon.ico HTTP/1.1" 302 901 "https://2blog.ilc.edu.tw/868/49932/" "Mozilla/5.0 (Linux; Android 10; K) AppleWebKit/537.36 (KHTML, like Gecko) Chrome/150.0.0.0 Mobile Safari/537.36"
2401:e180:8df0:390c:3198:e94d:325b:9e48 - - [17/Aug/2026:15:36:20 +0800] "GET /wp-includes/images/w-logo-blue-white-bg.png HTTP/1.1" 200 4946 "https://2blog.ilc.edu.tw/868/49932/" "Mozilla/5.0 (Linux; Android 10; K) AppleWebKit/537.36 (KHTML, like Gecko) Chrome/150.0.0.0 Mobile Safari/537.36"
2001:288:a201::66:125 - - [17/Aug/2026:15:36:20 +0800] "GET /blog/active.php HTTP/1.1" 404 1084 "-" "-"
2001:288:a201::66:125 - - [17/Aug/2026:15:36:20 +0800] "GET /blog/active.php HTTP/1.1" 301 1026 "-" "-"
35.173.18.61 - - [17/Aug/2026:15:36:22 +0800] "GET /wp-content/uploads/sites/3511/2022/08/ HTTP/1.1" 200 1168 "-" "Mozilla/5.0 AppleWebKit/537.36 (KHTML, like Gecko; compatible; Amazonbot/0.1; +https://developer.amazon.com/support/amazonbot) Chrome/119.0.6045.214 Safari/537.36"
140.111.67.10 - - [17/Aug/2026:15:36:25 +0800] "GET /" 301 273 "-" "-"
2001:288:a201::66:125 - - [17/Aug/2026:15:36:25 +0800] "GET /blog/active.php HTTP/1.1" 404 1084 "-" "-"
2001:288:a201::66:125 - - [17/Aug/2026:15:36:25 +0800] "GET /blog/active.php HTTP/1.1" 301 1026 "-" "-"
::1 - - [17/Aug/2026:15:36:26 +0800] "OPTIONS * HTTP/1.0" 200 110 "-" "Apache/2.4.68 (Ubuntu) OpenSSL/3.0.19 (internal dummy connection)"
2407:4b00:4c02:816f:a8da:e23b:e944:4cd3 - - [17/Aug/2026:15:36:26 +0800] "-" 408 4801 "-" "-"
66.249.79.228 - - [17/Aug/2026:15:36:26 +0800] "GET /?page_id=154 HTTP/1.1" 200 17896 "-" "Mozilla/5.0 (Linux; Android 6.0.1; Nexus 5X Build/MMB29P) AppleWebKit/537.36 (KHTML, like Gecko) Chrome/150.0.7871.186 Mobile Safari/537.36 (compatible; Googlebot/2.1; +http://www.google.com/bot.html)"
2407:4b00:4c02:816f:a8da:e23b:e944:4cd3 - - [17/Aug/2026:15:36:27 +0800] "-" 408 4801 "-" "-"
::1 - - [17/Aug/2026:15:36:27 +0800] "OPTIONS * HTTP/1.0" 200 110 "-" "Apache/2.4.68 (Ubuntu) OpenSSL/3.0.19 (internal dummy connection)"
::1 - - [17/Aug/2026:15:36:28 +0800] "OPTIONS * HTTP/1.0" 200 110 "-" "Apache/2.4.68 (Ubuntu) OpenSSL/3.0.19 (internal dummy connection)"
::1 - - [17/Aug/2026:15:36:29 +0800] "OPTIONS * HTTP/1.0" 200 110 "-" "Apache/2.4.68 (Ubuntu) OpenSSL/3.0.19 (internal dummy connection)"
140.111.67.10 - - [17/Aug/2026:15:36:30 +0800] "GET /" 301 273 "-" "-"
61.219.228.135 - - [17/Aug/2026:15:36:30 +0800] "GET /wp-content/uploads/sites/50/2024/02/%E5%85%AB%E5%B9%B4%E7%B4%9A%E5%95%8F%E5%8D%B7.png HTTP/1.1" 200 17075 "https://www.ksjh.ilc.edu.tw/" "Mozilla/5.0 (Windows NT 10.0; Win64; x64) AppleWebKit/537.36 (KHTML, like Gecko) Chrome/151.0.0.0 Safari/537.36"
61.219.228.135 - - [17/Aug/2026:15:36:30 +0800] "GET /wp-content/uploads/sites/50/2024/02/%E4%B8%83%E5%B9%B4%E7%B4%9A%E5%95%8F%E5%8D%B7.png HTTP/1.1" 200 17754 "https://www.ksjh.ilc.edu.tw/" "Mozilla/5.0 (Windows NT 10.0; Win64; x64) AppleWebKit/537.36 (KHTML, like Gecko) Chrome/151.0.0.0 Safari/537.36"
2001:288:a21a:1:d454:2115:4320:63d6 - - [17/Aug/2026:15:36:30 +0800] "GET /wp-content/uploads/sites/3846/2023/07/%E6%95%99%E8%82%B2%E8%99%95%E5%85%AB%E5%A4%A7%E6%96%B9%E9%87%9D.png HTTP/1.1" 200 200327 "https://it.ilc.edu.tw/" "Mozilla/5.0 (Windows NT 10.0; Win64; x64) AppleWebKit/537.36 (KHTML, like Gecko) Chrome/151.0.0.0 Safari/537.36"
2001:288:a201::66:125 - - [17/Aug/2026:15:36:30 +0800] "GET /blog/active.php HTTP/1.1" 404 1084 "-" "-"
2001:288:a201::66:125 - - [17/Aug/2026:15:36:30 +0800] "GET /blog/active.php HTTP/1.1" 301 1026 "-" "-"
2001:288:a21a:1:d454:2115:4320:63d6 - - [17/Aug/2026:15:36:30 +0800] "GET /wp-content/uploads/sites/3846/2026/08/%E8%BE%B2%E6%A5%AD%E9%83%A8%E5%BB%A3%E5%91%8A.jpg HTTP/1.1" 200 236462 "https://it.ilc.edu.tw/" "Mozilla/5.0 (Windows NT 10.0; Win64; x64) AppleWebKit/537.36 (KHTML, like Gecko) Chrome/151.0.0.0 Safari/537.36"
2001:288:a21a:1:d454:2115:4320:63d6 - - [17/Aug/2026:15:36:30 +0800] "GET /wp-content/uploads/sites/3846/2026/02/%E9%81%BF%E5%85%8D%E8%AA%A4%E5%85%A5%E8%A9%90%E9%A8%99%E7%B6%B2%E7%AB%99APP%E5%B0%8F%E5%B8%B8%E8%AD%98.jpg HTTP/1.1" 200 454833 "https://it.ilc.edu.tw/" "Mozilla/5.0 (Windows NT 10.0; Win64; x64) AppleWebKit/537.36 (KHTML, like Gecko) Chrome/151.0.0.0 Safari/537.36"
2001:288:a21a:1:d454:2115:4320:63d6 - - [17/Aug/2026:15:36:30 +0800] "GET /wp-content/uploads/sites/3846/2026/06/%E5%AE%A3%E5%82%B3%E5%9C%96%E7%89%87.png HTTP/1.1" 200 1053112 "https://it.ilc.edu.tw/" "Mozilla/5.0 (Windows NT 10.0; Win64; x64) AppleWebKit/537.36 (KHTML, like Gecko) Chrome/151.0.0.0 Safari/537.36"
