1.169.11.242 - - [17/Aug/2026:15:39:42 +0800] "GET /wp-content/uploads/sites/890/2021/03/3.png HTTP/1.1" 200 10335 "https://www.yeses.ilc.edu.tw/" "Mozilla/5.0 (Windows NT 10.0; Win64; x64) AppleWebKit/537.36 (KHTML, like Gecko) Chrome/151.0.0.0 Safari/537.36"
1.169.11.242 - - [17/Aug/2026:15:39:42 +0800] "GET /wp-content/uploads/sites/890/2021/03/menulisticon.gif HTTP/1.1" 200 1791 "https://www.yeses.ilc.edu.tw/" "Mozilla/5.0 (Windows NT 10.0; Win64; x64) AppleWebKit/537.36 (KHTML, like Gecko) Chrome/151.0.0.0 Safari/537.36"
1.169.11.242 - - [17/Aug/2026:15:39:42 +0800] "GET /wp-content/uploads/sites/890/2026/07/LINE_ALBUM_20260709%E9%84%89%E8%AA%9E%E6%96%87%E7%AB%B6%E8%B3%BD_260710_6.jpg HTTP/1.1" 200 469803 "https://www.yeses.ilc.edu.tw/" "Mozilla/5.0 (Windows NT 10.0; Win64; x64) AppleWebKit/537.36 (KHTML, like Gecko) Chrome/151.0.0.0 Safari/537.36"
34.202.88.37 - - [17/Aug/2026:15:39:42 +0800] "GET /wp-content/uploads/sites/2040/staatic/resources/2/08261aa6f6c3e919869bdcb7fa01c576ce20066 HTTP/1.1" 200 354149 "-" "Mozilla/5.0 AppleWebKit/537.36 (KHTML, like Gecko; compatible; Amazonbot/0.1; +https://developer.amazon.com/support/amazonbot) Chrome/119.0.6045.214 Safari/537.36"
1.169.11.242 - - [17/Aug/2026:15:39:42 +0800] "GET /wp-content/uploads/sites/890/2026/06/20260630%E4%BC%91%E6%A5%AD%E5%BC%8F%E7%B8%AE%E5%9C%96.jpg HTTP/1.1" 200 201013 "https://www.yeses.ilc.edu.tw/" "Mozilla/5.0 (Windows NT 10.0; Win64; x64) AppleWebKit/537.36 (KHTML, like Gecko) Chrome/151.0.0.0 Safari/537.36"
1.169.11.242 - - [17/Aug/2026:15:39:42 +0800] "GET /wp-content/uploads/sites/890/2026/07/2026718%E5%9C%8B%E6%A8%82%E5%9C%98%E9%87%91%E6%A8%BD%E6%BC%94%E5%87%BA%E7%B8%AE%E5%9C%96.jpg HTTP/1.1" 200 300663 "https://www.yeses.ilc.edu.tw/" "Mozilla/5.0 (Windows NT 10.0; Win64; x64) AppleWebKit/537.36 (KHTML, like Gecko) Chrome/151.0.0.0 Safari/537.36"
1.169.11.242 - - [17/Aug/2026:15:39:42 +0800] "GET /wp-content/uploads/sites/890/2021/03/sep.png HTTP/1.1" 200 1030 "https://www.yeses.ilc.edu.tw/" "Mozilla/5.0 (Windows NT 10.0; Win64; x64) AppleWebKit/537.36 (KHTML, like Gecko) Chrome/151.0.0.0 Safari/537.36"
1.169.11.242 - - [17/Aug/2026:15:39:42 +0800] "GET /wp-includes/js/admin-bar.min.js HTTP/1.1" 200 2237 "https://www.yeses.ilc.edu.tw/" "Mozilla/5.0 (Windows NT 10.0; Win64; x64) AppleWebKit/537.36 (KHTML, like Gecko) Chrome/151.0.0.0 Safari/537.36"
1.169.11.242 - - [17/Aug/2026:15:39:42 +0800] "GET /wp-includes/js/underscore.min.js HTTP/1.1" 200 8191 "https://www.yeses.ilc.edu.tw/" "Mozilla/5.0 (Windows NT 10.0; Win64; x64) AppleWebKit/537.36 (KHTML, like Gecko) Chrome/151.0.0.0 Safari/537.36"
1.169.11.242 - - [17/Aug/2026:15:39:42 +0800] "GET /wp-content/themes/huemanilc/assets/front/js/scripts.min.js HTTP/1.1" 200 27001 "https://www.yeses.ilc.edu.tw/" "Mozilla/5.0 (Windows NT 10.0; Win64; x64) AppleWebKit/537.36 (KHTML, like Gecko) Chrome/151.0.0.0 Safari/537.36"
1.169.11.242 - - [17/Aug/2026:15:39:42 +0800] "GET /wp-content/uploads/sites/890/2022/08/%E4%BA%A4%E9%80%9A%E5%AE%89%E5%85%A8%E6%9C%88logo.png HTTP/1.1" 200 99546 "https://www.yeses.ilc.edu.tw/" "Mozilla/5.0 (Windows NT 10.0; Win64; x64) AppleWebKit/537.36 (KHTML, like Gecko) Chrome/151.0.0.0 Safari/537.36"
1.169.11.242 - - [17/Aug/2026:15:39:42 +0800] "GET /wp-content/uploads/sites/890/2019/07/%E5%AD%97%E5%85%B8.jpg HTTP/1.1" 200 6680 "https://www.yeses.ilc.edu.tw/" "Mozilla/5.0 (Windows NT 10.0; Win64; x64) AppleWebKit/537.36 (KHTML, like Gecko) Chrome/151.0.0.0 Safari/537.36"
1.169.11.242 - - [17/Aug/2026:15:39:42 +0800] "GET /wp-content/uploads/sites/890/2021/01/computer_icon.jpeg HTTP/1.1" 200 28765 "https://www.yeses.ilc.edu.tw/" "Mozilla/5.0 (Windows NT 10.0; Win64; x64) AppleWebKit/537.36 (KHTML, like Gecko) Chrome/151.0.0.0 Safari/537.36"
1.169.11.242 - - [17/Aug/2026:15:39:42 +0800] "GET /wp-content/uploads/sites/890/2021/03/show2.gif HTTP/1.1" 200 8858 "https://www.yeses.ilc.edu.tw/" "Mozilla/5.0 (Windows NT 10.0; Win64; x64) AppleWebKit/537.36 (KHTML, like Gecko) Chrome/151.0.0.0 Safari/537.36"
1.169.11.242 - - [17/Aug/2026:15:39:42 +0800] "GET /wp-content/uploads/sites/890/2021/03/6.png HTTP/1.1" 200 8862 "https://www.yeses.ilc.edu.tw/" "Mozilla/5.0 (Windows NT 10.0; Win64; x64) AppleWebKit/537.36 (KHTML, like Gecko) Chrome/151.0.0.0 Safari/537.36"
1.169.11.242 - - [17/Aug/2026:15:39:42 +0800] "GET /wp-content/uploads/sites/890/2025/12/show3.gif HTTP/1.1" 200 1873 "https://www.yeses.ilc.edu.tw/" "Mozilla/5.0 (Windows NT 10.0; Win64; x64) AppleWebKit/537.36 (KHTML, like Gecko) Chrome/151.0.0.0 Safari/537.36"
1.169.11.242 - - [17/Aug/2026:15:39:42 +0800] "GET /wp-content/uploads/sites/890/2026/06/20260630%E7%8F%AD%E7%B4%9A%E9%AB%94%E8%82%B2%E7%AB%B6%E8%B3%BD%E7%BE%BD%E7%90%83%E7%B8%AE%E5%9C%96.jpg HTTP/1.1" 200 238683 "https://www.yeses.ilc.edu.tw/" "Mozilla/5.0 (Windows NT 10.0; Win64; x64) AppleWebKit/537.36 (KHTML, like Gecko) Chrome/151.0.0.0 Safari/537.36"
1.169.11.242 - - [17/Aug/2026:15:39:42 +0800] "GET /wp-content/uploads/sites/890/2026/06/20260612_%E5%93%A1%E5%B1%B1%E5%9C%8B%E5%B0%8F109%E5%B1%86%E7%95%A2%E6%A5%AD%E5%85%B8%E7%A6%AE%E7%B8%AE%E5%9C%96.jpg HTTP/1.1" 200 402667 "https://www.yeses.ilc.edu.tw/" "Mozilla/5.0 (Windows NT 10.0; Win64; x64) AppleWebKit/537.36 (KHTML, like Gecko) Chrome/151.0.0.0 Safari/537.36"
1.169.11.242 - - [17/Aug/2026:15:39:42 +0800] "GET /wp-content/uploads/sites/890/2026/06/20260612_114%E5%AD%B8%E5%B9%B4%E5%BA%A6%E7%95%A2%E6%A5%AD%E7%94%9F%E6%A0%A1%E5%9C%92%E5%B7%A1%E7%A6%AE.jpg HTTP/1.1" 200 407807 "https://www.yeses.ilc.edu.tw/" "Mozilla/5.0 (Windows NT 10.0; Win64; x64) AppleWebKit/537.36 (KHTML, like Gecko) Chrome/151.0.0.0 Safari/537.36"
1.169.11.242 - - [17/Aug/2026:15:39:42 +0800] "GET /wp-content/uploads/sites/890/2026/06/20260610%E5%85%AD%E5%B9%B4%E7%B4%9A%E7%8F%AD%E9%9A%9B%E9%AB%94%E8%82%B2%E7%AB%B6%E8%B3%BD%E7%BE%BD%E7%90%83.jpg HTTP/1.1" 200 385125 "https://www.yeses.ilc.edu.tw/" "Mozilla/5.0 (Windows NT 10.0; Win64; x64) AppleWebKit/537.36 (KHTML, like Gecko) Chrome/151.0.0.0 Safari/537.36"
1.169.11.242 - - [17/Aug/2026:15:39:43 +0800] "GET /wp-content/uploads/sites/890/2026/06/20260609_%E5%85%AD%E5%B9%B4%E7%B4%9A%E7%95%A2%E6%A5%AD%E7%94%9F%E9%A0%92%E7%99%BC%E6%9C%9F%E6%9C%AB%E7%8D%8E%E9%A0%85%E7%B8%AE%E5%9C%96-scaled.jpg HTTP/1.1" 200 580625 "https://www.yeses.ilc.edu.tw/" "Mozilla/5.0 (Windows NT 10.0; Win64; x64) AppleWebKit/537.36 (KHTML, like Gecko) Chrome/151.0.0.0 Safari/537.36"
1.169.11.242 - - [17/Aug/2026:15:39:43 +0800] "GET /wp-content/uploads/sites/890/2026/06/20260603_%E5%85%AD%E6%9C%88%E4%BB%BD%E5%AD%B8%E7%94%9F%E9%9B%86%E6%9C%83%E7%B8%AE%E5%9C%96-1.jpg HTTP/1.1" 200 483007 "https://www.yeses.ilc.edu.tw/" "Mozilla/5.0 (Windows NT 10.0; Win64; x64) AppleWebKit/537.36 (KHTML, like Gecko) Chrome/151.0.0.0 Safari/537.36"
1.169.11.242 - - [17/Aug/2026:15:39:43 +0800] "GET /wp-content/uploads/sites/890/2026/05/IMG_20260526_140626-scaled.jpg HTTP/1.1" 200 486038 "https://www.yeses.ilc.edu.tw/" "Mozilla/5.0 (Windows NT 10.0; Win64; x64) AppleWebKit/537.36 (KHTML, like Gecko) Chrome/151.0.0.0 Safari/537.36"
192.178.15.226 - - [17/Aug/2026:15:39:43 +0800] "GET /wp-content/plugins/elementor/assets/lib/waypoints/waypoints.min.js HTTP/1.1" 200 8660 "https://www.csjh.ilc.edu.tw/%E7%A4%81%E4%B8%AD%E6%B4%BB%E5%8B%95%E7%9B%B8%E7%89%87/" "Mozilla/5.0 (Linux; Android 10; K) AppleWebKit/537.36 (KHTML, like Gecko) Chrome/138.0.0.0 Mobile Safari/537.36 (compatible; Google-Read-Aloud; +https://support.google.com/webmasters/answer/1061943)"
192.178.15.227 - - [17/Aug/2026:15:39:44 +0800] "GET /wp-content/plugins/elementor/assets/lib/font-awesome/webfonts/fa-brands-400.woff2 HTTP/1.1" 200 82661 "https://www.csjh.ilc.edu.tw/wp-content/cache/www.csjh.ilc.edu.tw/wpfc-minified/1bot10hg/7160.css" "Mozilla/5.0 (Linux; Android 10; K) AppleWebKit/537.36 (KHTML, like Gecko) Chrome/138.0.0.0 Mobile Safari/537.36 (compatible; Google-Read-Aloud; +https://support.google.com/webmasters/answer/1061943)"
1.169.11.242 - - [17/Aug/2026:15:39:44 +0800] "GET /wp-content/uploads/sites/890/2026/05/20260519%E4%BA%8C%E5%BF%A0%E4%BA%8C%E5%AD%9D%E5%AE%A2%E8%AA%9E%E8%AA%AA%E6%95%85%E4%BA%8B%E7%B8%AE%E5%9C%96.jpg HTTP/1.1" 200 315713 "https://www.yeses.ilc.edu.tw/" "Mozilla/5.0 (Windows NT 10.0; Win64; x64) AppleWebKit/537.36 (KHTML, like Gecko) Chrome/151.0.0.0 Safari/537.36"
1.169.11.242 - - [17/Aug/2026:15:39:44 +0800] "GET /21744/wp-content/uploads/sites/890/2020/05/cropped-%E5%93%A1%E5%B1%B1%E5%9C%8B%E5%B0%8F%E7%92%B0%E7%B9%9E%E5%85%A8%E6%99%AFbanner_new.png HTTP/1.1" 200 882974 "https://www.yeses.ilc.edu.tw/" "Mozilla/5.0 (Windows NT 10.0; Win64; x64) AppleWebKit/537.36 (KHTML, like Gecko) Chrome/151.0.0.0 Safari/537.36"
66.249.71.64 - - [17/Aug/2026:15:39:44 +0800] "GET /12/2010/05/08/%E5%AA%92%E9%AB%94%E5%85%AC%E6%B0%91%E6%9C%83%E8%AD%B0/ HTTP/1.1" 200 15581 "-" "Mozilla/5.0 (Linux; Android 6.0.1; Nexus 5X Build/MMB29P) AppleWebKit/537.36 (KHTML, like Gecko) Chrome/150.0.7871.186 Mobile Safari/537.36 (compatible; Googlebot/2.1; +http://www.google.com/bot.html)"
1.169.11.242 - - [17/Aug/2026:15:39:44 +0800] "GET /wp-content/uploads/sites/890/2019/07/cropped--32x32.jpg HTTP/1.1" 200 2227 "https://www.yeses.ilc.edu.tw/" "Mozilla/5.0 (Windows NT 10.0; Win64; x64) AppleWebKit/537.36 (KHTML, like Gecko) Chrome/151.0.0.0 Safari/537.36"
140.111.67.10 - - [17/Aug/2026:15:39:45 +0800] "GET /" 301 273 "-" "-"
192.178.15.227 - - [17/Aug/2026:15:39:45 +0800] "GET /wp-content/plugins/elementor-pro/assets/js/social.2d2e44e8608690943f29.bundle.min.js HTTP/1.1" 200 1433 "https://www.csjh.ilc.edu.tw/%E7%A4%81%E4%B8%AD%E6%B4%BB%E5%8B%95%E7%9B%B8%E7%89%87/" "Mozilla/5.0 (Linux; Android 10; K) AppleWebKit/537.36 (KHTML, like Gecko) Chrome/138.0.0.0 Mobile Safari/537.36 (compatible; Google-Read-Aloud; +https://support.google.com/webmasters/answer/1061943)"
2001:b400:e246:eaac:246d:edff:fe89:3ca0 - - [17/Aug/2026:15:39:45 +0800] "GET /wp-content/cache/www.jses.ilc.edu.tw/wpfc-minified/q6o125yj/716j.css HTTP/1.1" 200 5959 "-" "Mozilla/5.0 (Linux; Android 10; K) AppleWebKit/537.36 (KHTML, like Gecko) Chrome/151.0.0.0 Mobile Safari/537.36"
2001:b400:e246:eaac:246d:edff:fe89:3ca0 - - [17/Aug/2026:15:39:45 +0800] "GET /wp-content/cache/www.jses.ilc.edu.tw/wpfc-minified/g4fuqysw/716j.css HTTP/1.1" 200 45686 "-" "Mozilla/5.0 (Linux; Android 10; K) AppleWebKit/537.36 (KHTML, like Gecko) Chrome/151.0.0.0 Mobile Safari/537.36"
2001:b400:e246:eaac:246d:edff:fe89:3ca0 - - [17/Aug/2026:15:39:45 +0800] "GET / HTTP/1.1" 200 19184 "https://www.google.com/" "Mozilla/5.0 (Linux; Android 10; K) AppleWebKit/537.36 (KHTML, like Gecko) Chrome/151.0.0.0 Mobile Safari/537.36"
2001:b400:e246:eaac:246d:edff:fe89:3ca0 - - [17/Aug/2026:15:39:45 +0800] "GET /wp-content/uploads/sites/1016/elementor/css/post-105.css HTTP/1.1" 200 1268 "https://www.jses.ilc.edu.tw/" "Mozilla/5.0 (Linux; Android 10; K) AppleWebKit/537.36 (KHTML, like Gecko) Chrome/151.0.0.0 Mobile Safari/537.36"
2001:b400:e246:eaac:246d:edff:fe89:3ca0 - - [17/Aug/2026:15:39:45 +0800] "GET /wp-content/cache/www.jses.ilc.edu.tw/wpfc-minified/e5ez1kvs/716j.css HTTP/1.1" 200 88201 "-" "Mozilla/5.0 (Linux; Android 10; K) AppleWebKit/537.36 (KHTML, like Gecko) Chrome/151.0.0.0 Mobile Safari/537.36"
2001:b400:e246:eaac:246d:edff:fe89:3ca0 - - [17/Aug/2026:15:39:45 +0800] "GET /wp-content/cache/www.jses.ilc.edu.tw/wpfc-minified/8hw98awr/716j.css HTTP/1.1" 200 54062 "https://www.jses.ilc.edu.tw/" "Mozilla/5.0 (Linux; Android 10; K) AppleWebKit/537.36 (KHTML, like Gecko) Chrome/151.0.0.0 Mobile Safari/537.36"
2001:288:a201::66:125 - - [17/Aug/2026:15:39:45 +0800] "GET /blog/active.php HTTP/1.1" 301 1026 "-" "-"
2001:288:a201::66:125 - - [17/Aug/2026:15:39:45 +0800] "GET /blog/active.php HTTP/1.1" 404 1084 "-" "-"
2001:b400:e246:eaac:246d:edff:fe89:3ca0 - - [17/Aug/2026:15:39:45 +0800] "GET /wp-content/uploads/sites/1016/2020/10/%E5%AD%B8%E6%A0%A1%E7%89%B9%E8%89%B2.png HTTP/1.1" 200 4594 "https://www.jses.ilc.edu.tw/" "Mozilla/5.0 (Linux; Android 10; K) AppleWebKit/537.36 (KHTML, like Gecko) Chrome/151.0.0.0 Mobile Safari/537.36"
2001:b400:e246:eaac:246d:edff:fe89:3ca0 - - [17/Aug/2026:15:39:45 +0800] "GET /wp-content/uploads/sites/1016/2020/10/%E8%AA%B2%E7%A8%8B%E6%95%99%E5%AD%B8.png HTTP/1.1" 200 9321 "https://www.jses.ilc.edu.tw/" "Mozilla/5.0 (Linux; Android 10; K) AppleWebKit/537.36 (KHTML, like Gecko) Chrome/151.0.0.0 Mobile Safari/537.36"
2001:b400:e246:eaac:246d:edff:fe89:3ca0 - - [17/Aug/2026:15:39:45 +0800] "GET /wp-content/cache/www.jses.ilc.edu.tw/wpfc-minified/qj1w067v/716j.js HTTP/1.1" 200 3790 "https://www.jses.ilc.edu.tw/" "Mozilla/5.0 (Linux; Android 10; K) AppleWebKit/537.36 (KHTML, like Gecko) Chrome/151.0.0.0 Mobile Safari/537.36"
2001:b400:e246:eaac:246d:edff:fe89:3ca0 - - [17/Aug/2026:15:39:45 +0800] "GET /wp-content/cache/www.jses.ilc.edu.tw/wpfc-minified/r9fwgsx/716j.css HTTP/1.1" 200 1137 "https://www.jses.ilc.edu.tw/" "Mozilla/5.0 (Linux; Android 10; K) AppleWebKit/537.36 (KHTML, like Gecko) Chrome/151.0.0.0 Mobile Safari/537.36"
2001:b400:e246:eaac:246d:edff:fe89:3ca0 - - [17/Aug/2026:15:39:45 +0800] "GET /wp-content/cache/www.jses.ilc.edu.tw/wpfc-minified/jzv167l4/716j.js HTTP/1.1" 200 35555 "https://www.jses.ilc.edu.tw/" "Mozilla/5.0 (Linux; Android 10; K) AppleWebKit/537.36 (KHTML, like Gecko) Chrome/151.0.0.0 Mobile Safari/537.36"
2001:b400:e246:eaac:246d:edff:fe89:3ca0 - - [17/Aug/2026:15:39:46 +0800] "GET /wp-content/uploads/sites/1016/2020/10/%E5%AD%B8%E7%94%9F%E5%AD%B8%E7%BF%92.png HTTP/1.1" 200 3533 "https://www.jses.ilc.edu.tw/" "Mozilla/5.0 (Linux; Android 10; K) AppleWebKit/537.36 (KHTML, like Gecko) Chrome/151.0.0.0 Mobile Safari/537.36"
2001:b400:e246:eaac:246d:edff:fe89:3ca0 - - [17/Aug/2026:15:39:46 +0800] "GET /wp-content/uploads/sites/1016/2020/10/covid.png HTTP/1.1" 200 3901 "https://www.jses.ilc.edu.tw/" "Mozilla/5.0 (Linux; Android 10; K) AppleWebKit/537.36 (KHTML, like Gecko) Chrome/151.0.0.0 Mobile Safari/537.36"
2001:b400:e246:eaac:246d:edff:fe89:3ca0 - - [17/Aug/2026:15:39:46 +0800] "GET /wp-includes/js/hoverintent-js.min.js HTTP/1.1" 200 1597 "https://www.jses.ilc.edu.tw/" "Mozilla/5.0 (Linux; Android 10; K) AppleWebKit/537.36 (KHTML, like Gecko) Chrome/151.0.0.0 Mobile Safari/537.36"
2001:b400:e246:eaac:246d:edff:fe89:3ca0 - - [17/Aug/2026:15:39:46 +0800] "GET /wp-includes/js/admin-bar.min.js HTTP/1.1" 200 2237 "https://www.jses.ilc.edu.tw/" "Mozilla/5.0 (Linux; Android 10; K) AppleWebKit/537.36 (KHTML, like Gecko) Chrome/151.0.0.0 Mobile Safari/537.36"
2001:b400:e246:eaac:246d:edff:fe89:3ca0 - - [17/Aug/2026:15:39:46 +0800] "GET /wp-content/themes/oceanwp/assets/js/drop-down-search.min.js HTTP/1.1" 200 2968 "https://www.jses.ilc.edu.tw/" "Mozilla/5.0 (Linux; Android 10; K) AppleWebKit/537.36 (KHTML, like Gecko) Chrome/151.0.0.0 Mobile Safari/537.36"
2001:b400:e246:eaac:246d:edff:fe89:3ca0 - - [17/Aug/2026:15:39:46 +0800] "GET /wp-includes/js/imagesloaded.min.js HTTP/1.1" 200 2683 "https://www.jses.ilc.edu.tw/" "Mozilla/5.0 (Linux; Android 10; K) AppleWebKit/537.36 (KHTML, like Gecko) Chrome/151.0.0.0 Mobile Safari/537.36"
2001:b400:e246:eaac:246d:edff:fe89:3ca0 - - [17/Aug/2026:15:39:46 +0800] "GET /wp-content/themes/oceanwp/assets/js/drop-down-mobile-menu.min.js HTTP/1.1" 200 4663 "https://www.jses.ilc.edu.tw/" "Mozilla/5.0 (Linux; Android 10; K) AppleWebKit/537.36 (KHTML, like Gecko) Chrome/151.0.0.0 Mobile Safari/537.36"
2001:b400:e246:eaac:246d:edff:fe89:3ca0 - - [17/Aug/2026:15:39:46 +0800] "GET /wp-content/themes/oceanwp/assets/js/theme.min.js HTTP/1.1" 200 5130 "https://www.jses.ilc.edu.tw/" "Mozilla/5.0 (Linux; Android 10; K) AppleWebKit/537.36 (KHTML, like Gecko) Chrome/151.0.0.0 Mobile Safari/537.36"
2001:b400:e246:eaac:246d:edff:fe89:3ca0 - - [17/Aug/2026:15:39:46 +0800] "GET /wp-content/themes/oceanwp/assets/js/ow-slider.min.js HTTP/1.1" 200 1761 "https://www.jses.ilc.edu.tw/" "Mozilla/5.0 (Linux; Android 10; K) AppleWebKit/537.36 (KHTML, like Gecko) Chrome/151.0.0.0 Mobile Safari/537.36"
2001:b400:e246:eaac:246d:edff:fe89:3ca0 - - [17/Aug/2026:15:39:46 +0800] "GET /wp-content/themes/oceanwp/assets/js/scroll-top.min.js HTTP/1.1" 200 3202 "https://www.jses.ilc.edu.tw/" "Mozilla/5.0 (Linux; Android 10; K) AppleWebKit/537.36 (KHTML, like Gecko) Chrome/151.0.0.0 Mobile Safari/537.36"
2001:b400:e246:eaac:246d:edff:fe89:3ca0 - - [17/Aug/2026:15:39:46 +0800] "GET /wp-content/themes/oceanwp/assets/js/scroll-effect.min.js HTTP/1.1" 200 4127 "https://www.jses.ilc.edu.tw/" "Mozilla/5.0 (Linux; Android 10; K) AppleWebKit/537.36 (KHTML, like Gecko) Chrome/151.0.0.0 Mobile Safari/537.36"
2001:b400:e246:eaac:246d:edff:fe89:3ca0 - - [17/Aug/2026:15:39:46 +0800] "GET /wp-content/themes/oceanwp/assets/js/ow-lightbox.min.js HTTP/1.1" 200 2321 "https://www.jses.ilc.edu.tw/" "Mozilla/5.0 (Linux; Android 10; K) AppleWebKit/537.36 (KHTML, like Gecko) Chrome/151.0.0.0 Mobile Safari/537.36"
2001:b400:e246:eaac:246d:edff:fe89:3ca0 - - [17/Aug/2026:15:39:46 +0800] "GET /wp-content/themes/oceanwp/assets/js/vendors/magnific-popup.min.js HTTP/1.1" 200 8270 "https://www.jses.ilc.edu.tw/" "Mozilla/5.0 (Linux; Android 10; K) AppleWebKit/537.36 (KHTML, like Gecko) Chrome/151.0.0.0 Mobile Safari/537.36"
2001:b400:e246:eaac:246d:edff:fe89:3ca0 - - [17/Aug/2026:15:39:46 +0800] "GET /wp-content/themes/oceanwp/assets/js/vendors/flickity.pkgd.min.js HTTP/1.1" 200 15048 "https://www.jses.ilc.edu.tw/" "Mozilla/5.0 (Linux; Android 10; K) AppleWebKit/537.36 (KHTML, like Gecko) Chrome/151.0.0.0 Mobile Safari/537.36"
2001:b400:e246:eaac:246d:edff:fe89:3ca0 - - [17/Aug/2026:15:39:47 +0800] "GET /wp-content/plugins/ocean-extra/includes/widgets/js/flickr.min.js HTTP/1.1" 200 1319 "https://www.jses.ilc.edu.tw/" "Mozilla/5.0 (Linux; Android 10; K) AppleWebKit/537.36 (KHTML, like Gecko) Chrome/151.0.0.0 Mobile Safari/537.36"
2001:b400:e246:eaac:246d:edff:fe89:3ca0 - - [17/Aug/2026:15:39:47 +0800] "GET /wp-content/themes/oceanwp/assets/js/select.min.js HTTP/1.1" 200 2408 "https://www.jses.ilc.edu.tw/" "Mozilla/5.0 (Linux; Android 10; K) AppleWebKit/537.36 (KHTML, like Gecko) Chrome/151.0.0.0 Mobile Safari/537.36"
2001:b400:e246:eaac:246d:edff:fe89:3ca0 - - [17/Aug/2026:15:39:47 +0800] "GET /wp-content/uploads/sites/1016/2020/10/%E7%B6%B2%E8%B7%AF%E6%9C%8D%E5%8B%99.png HTTP/1.1" 200 4913 "https://www.jses.ilc.edu.tw/" "Mozilla/5.0 (Linux; Android 10; K) AppleWebKit/537.36 (KHTML, like Gecko) Chrome/151.0.0.0 Mobile Safari/537.36"
2001:b400:e246:eaac:246d:edff:fe89:3ca0 - - [17/Aug/2026:15:39:47 +0800] "GET /wp-content/uploads/sites/1016/2020/11/%E5%AD%B8%E6%A0%A1%E7%89%B9%E8%89%B2.png HTTP/1.1" 200 4390 "https://www.jses.ilc.edu.tw/" "Mozilla/5.0 (Linux; Android 10; K) AppleWebKit/537.36 (KHTML, like Gecko) Chrome/151.0.0.0 Mobile Safari/537.36"
2001:b400:e246:eaac:246d:edff:fe89:3ca0 - - [17/Aug/2026:15:39:47 +0800] "GET /wp-content/uploads/sites/1016/2020/12/BAFA38A8-E27E-4B09-AA35-95FC50384AE3.jpeg HTTP/1.1" 200 33320 "https://www.jses.ilc.edu.tw/" "Mozilla/5.0 (Linux; Android 10; K) AppleWebKit/537.36 (KHTML, like Gecko) Chrome/151.0.0.0 Mobile Safari/537.36"
140.111.119.76 - - [17/Aug/2026:15:39:48 +0800] "GET / HTTP/1.1" 200 26048 "-" "Mozilla/5.0 (Windows NT 10.0; Win64; x64) AppleWebKit/537.36 (KHTML, like Gecko) Chrome/151.0.0.0 Safari/537.36"
140.111.119.76 - - [17/Aug/2026:15:39:48 +0800] "GET /wp-content/cache/www.npes.ilc.edu.tw/wpfc-minified/6ym6un95/6wsd.css HTTP/1.1" 200 1500 "https://www.npes.ilc.edu.tw/" "Mozilla/5.0 (Windows NT 10.0; Win64; x64) AppleWebKit/537.36 (KHTML, like Gecko) Chrome/151.0.0.0 Safari/537.36"
140.111.119.76 - - [17/Aug/2026:15:39:48 +0800] "GET /wp-content/cache/www.npes.ilc.edu.tw/wpfc-minified/dq4ay1bl/6wsd.css HTTP/1.1" 200 40894 "https://www.npes.ilc.edu.tw/" "Mozilla/5.0 (Windows NT 10.0; Win64; x64) AppleWebKit/537.36 (KHTML, like Gecko) Chrome/151.0.0.0 Safari/537.36"
140.111.119.76 - - [17/Aug/2026:15:39:48 +0800] "GET /wp-content/uploads/sites/987/elementor/css/post-137.css HTTP/1.1" 200 1269 "https://www.npes.ilc.edu.tw/" "Mozilla/5.0 (Windows NT 10.0; Win64; x64) AppleWebKit/537.36 (KHTML, like Gecko) Chrome/151.0.0.0 Safari/537.36"
140.111.119.76 - - [17/Aug/2026:15:39:48 +0800] "GET /wp-content/cache/www.npes.ilc.edu.tw/wpfc-minified/jnkxltum/6x7x.css HTTP/1.1" 200 88829 "https://www.npes.ilc.edu.tw/" "Mozilla/5.0 (Windows NT 10.0; Win64; x64) AppleWebKit/537.36 (KHTML, like Gecko) Chrome/151.0.0.0 Safari/537.36"
140.111.119.76 - - [17/Aug/2026:15:39:48 +0800] "GET /wp-content/cache/www.npes.ilc.edu.tw/wpfc-minified/20lqglzo/hk211.css HTTP/1.1" 200 47303 "https://www.npes.ilc.edu.tw/" "Mozilla/5.0 (Windows NT 10.0; Win64; x64) AppleWebKit/537.36 (KHTML, like Gecko) Chrome/151.0.0.0 Safari/537.36"
140.111.119.76 - - [17/Aug/2026:15:39:48 +0800] "GET /wp-content/cache/www.npes.ilc.edu.tw/wpfc-minified/2cas5ko8/6wsd.css HTTP/1.1" 200 7704 "https://www.npes.ilc.edu.tw/" "Mozilla/5.0 (Windows NT 10.0; Win64; x64) AppleWebKit/537.36 (KHTML, like Gecko) Chrome/151.0.0.0 Safari/537.36"
140.111.119.76 - - [17/Aug/2026:15:39:48 +0800] "GET /wp-content/cache/www.npes.ilc.edu.tw/wpfc-minified/er3xjlz9/6wsd.css HTTP/1.1" 200 1137 "https://www.npes.ilc.edu.tw/" "Mozilla/5.0 (Windows NT 10.0; Win64; x64) AppleWebKit/537.36 (KHTML, like Gecko) Chrome/151.0.0.0 Safari/537.36"
1.169.11.242 - - [17/Aug/2026:15:39:48 +0800] "GET /wp-content/uploads/sites/890/2026/05/20260508%E6%AF%8D%E8%A6%AA%E7%AF%80%E6%B4%BB%E5%8B%95%E7%B8%AE%E5%9C%96.jpg HTTP/1.1" 200 422866 "https://www.yeses.ilc.edu.tw/" "Mozilla/5.0 (Windows NT 10.0; Win64; x64) AppleWebKit/537.36 (KHTML, like Gecko) Chrome/151.0.0.0 Safari/537.36"
140.111.119.76 - - [17/Aug/2026:15:39:48 +0800] "GET /wp-content/cache/www.npes.ilc.edu.tw/wpfc-minified/1e97y00s/6wsd.js HTTP/1.1" 200 3452 "https://www.npes.ilc.edu.tw/" "Mozilla/5.0 (Windows NT 10.0; Win64; x64) AppleWebKit/537.36 (KHTML, like Gecko) Chrome/151.0.0.0 Safari/537.36"
140.111.119.76 - - [17/Aug/2026:15:39:48 +0800] "GET /wp-content/cache/www.npes.ilc.edu.tw/wpfc-minified/12glrvts/6wsd.js HTTP/1.1" 200 35556 "https://www.npes.ilc.edu.tw/" "Mozilla/5.0 (Windows NT 10.0; Win64; x64) AppleWebKit/537.36 (KHTML, like Gecko) Chrome/151.0.0.0 Safari/537.36"
140.111.119.76 - - [17/Aug/2026:15:39:48 +0800] "GET /wp-content/uploads/sites/987/2025/11/%E4%B8%8D%E8%BF%B7%E5%B0%8F%E7%B4%85%E6%9B%B8%EF%BC%8C%E9%9D%92%E6%98%A5%E4%B8%8D%E8%BF%B7%E9%80%941141113.png HTTP/1.1" 200 18436 "https://www.npes.ilc.edu.tw/" "Mozilla/5.0 (Windows NT 10.0; Win64; x64) AppleWebKit/537.36 (KHTML, like Gecko) Chrome/151.0.0.0 Safari/537.36"
140.111.119.76 - - [17/Aug/2026:15:39:48 +0800] "GET /wp-content/uploads/sites/987/2025/11/%E4%BA%A4%E9%80%9A%E5%AE%89%E5%85%A8.png HTTP/1.1" 200 13775 "https://www.npes.ilc.edu.tw/" "Mozilla/5.0 (Windows NT 10.0; Win64; x64) AppleWebKit/537.36 (KHTML, like Gecko) Chrome/151.0.0.0 Safari/537.36"
140.111.119.76 - - [17/Aug/2026:15:39:48 +0800] "GET /wp-includes/js/hoverintent-js.min.js HTTP/1.1" 200 1597 "https://www.npes.ilc.edu.tw/" "Mozilla/5.0 (Windows NT 10.0; Win64; x64) AppleWebKit/537.36 (KHTML, like Gecko) Chrome/151.0.0.0 Safari/537.36"
140.111.119.76 - - [17/Aug/2026:15:39:48 +0800] "GET /wp-includes/js/admin-bar.min.js HTTP/1.1" 200 2237 "https://www.npes.ilc.edu.tw/" "Mozilla/5.0 (Windows NT 10.0; Win64; x64) AppleWebKit/537.36 (KHTML, like Gecko) Chrome/151.0.0.0 Safari/537.36"
1.169.11.242 - - [17/Aug/2026:15:39:48 +0800] "GET /wp-content/uploads/sites/890/2026/05/20260506_5%E6%9C%88%E4%BB%BD%E5%AD%B8%E7%94%9F%E9%9B%86%E6%9C%83%E7%B8%AE%E5%9C%96-scaled.jpg HTTP/1.1" 200 501877 "https://www.yeses.ilc.edu.tw/" "Mozilla/5.0 (Windows NT 10.0; Win64; x64) AppleWebKit/537.36 (KHTML, like Gecko) Chrome/151.0.0.0 Safari/537.36"
140.111.119.76 - - [17/Aug/2026:15:39:48 +0800] "GET /wp-content/uploads/sites/987/2026/04/%E6%8B%BE%E5%85%8975.png HTTP/1.1" 200 1136437 "https://www.npes.ilc.edu.tw/" "Mozilla/5.0 (Windows NT 10.0; Win64; x64) AppleWebKit/537.36 (KHTML, like Gecko) Chrome/151.0.0.0 Safari/537.36"
140.111.119.76 - - [17/Aug/2026:15:39:48 +0800] "GET /wp-content/plugins/wp-statistics/assets/js/tracker.js HTTP/1.1" 200 2247 "https://www.npes.ilc.edu.tw/" "Mozilla/5.0 (Windows NT 10.0; Win64; x64) AppleWebKit/537.36 (KHTML, like Gecko) Chrome/151.0.0.0 Safari/537.36"
140.111.119.76 - - [17/Aug/2026:15:39:48 +0800] "GET /wp-includes/js/imagesloaded.min.js HTTP/1.1" 200 2683 "https://www.npes.ilc.edu.tw/" "Mozilla/5.0 (Windows NT 10.0; Win64; x64) AppleWebKit/537.36 (KHTML, like Gecko) Chrome/151.0.0.0 Safari/537.36"
140.111.119.76 - - [17/Aug/2026:15:39:48 +0800] "GET /wp-content/themes/oceanwp/assets/js/theme.min.js HTTP/1.1" 200 5130 "https://www.npes.ilc.edu.tw/" "Mozilla/5.0 (Windows NT 10.0; Win64; x64) AppleWebKit/537.36 (KHTML, like Gecko) Chrome/151.0.0.0 Safari/537.36"
140.111.119.76 - - [17/Aug/2026:15:39:48 +0800] "GET /wp-content/themes/oceanwp/assets/js/drop-down-mobile-menu.min.js HTTP/1.1" 200 4663 "https://www.npes.ilc.edu.tw/" "Mozilla/5.0 (Windows NT 10.0; Win64; x64) AppleWebKit/537.36 (KHTML, like Gecko) Chrome/151.0.0.0 Safari/537.36"
140.111.119.76 - - [17/Aug/2026:15:39:48 +0800] "GET /wp-content/themes/oceanwp/assets/js/drop-down-search.min.js HTTP/1.1" 200 2968 "https://www.npes.ilc.edu.tw/" "Mozilla/5.0 (Windows NT 10.0; Win64; x64) AppleWebKit/537.36 (KHTML, like Gecko) Chrome/151.0.0.0 Safari/537.36"
140.111.119.76 - - [17/Aug/2026:15:39:48 +0800] "GET /wp-content/themes/oceanwp/assets/js/ow-lightbox.min.js HTTP/1.1" 200 2660 "https://www.npes.ilc.edu.tw/" "Mozilla/5.0 (Windows NT 10.0; Win64; x64) AppleWebKit/537.36 (KHTML, like Gecko) Chrome/151.0.0.0 Safari/537.36"
140.111.119.76 - - [17/Aug/2026:15:39:48 +0800] "GET /wp-content/themes/oceanwp/assets/js/vendors/magnific-popup.min.js HTTP/1.1" 200 8270 "https://www.npes.ilc.edu.tw/" "Mozilla/5.0 (Windows NT 10.0; Win64; x64) AppleWebKit/537.36 (KHTML, like Gecko) Chrome/151.0.0.0 Safari/537.36"
140.111.119.76 - - [17/Aug/2026:15:39:48 +0800] "GET /wp-content/themes/oceanwp/assets/js/ow-slider.min.js HTTP/1.1" 200 2100 "https://www.npes.ilc.edu.tw/" "Mozilla/5.0 (Windows NT 10.0; Win64; x64) AppleWebKit/537.36 (KHTML, like Gecko) Chrome/151.0.0.0 Safari/537.36"
140.111.119.76 - - [17/Aug/2026:15:39:48 +0800] "GET /wp-content/themes/oceanwp/assets/js/vendors/flickity.pkgd.min.js HTTP/1.1" 200 15387 "https://www.npes.ilc.edu.tw/" "Mozilla/5.0 (Windows NT 10.0; Win64; x64) AppleWebKit/537.36 (KHTML, like Gecko) Chrome/151.0.0.0 Safari/537.36"
140.111.119.76 - - [17/Aug/2026:15:39:48 +0800] "GET /wp-content/themes/oceanwp/assets/js/scroll-effect.min.js HTTP/1.1" 200 8927 "https://www.npes.ilc.edu.tw/" "Mozilla/5.0 (Windows NT 10.0; Win64; x64) AppleWebKit/537.36 (KHTML, like Gecko) Chrome/151.0.0.0 Safari/537.36"
140.111.119.76 - - [17/Aug/2026:15:39:48 +0800] "GET /wp-content/themes/oceanwp/assets/js/scroll-top.min.js HTTP/1.1" 200 3202 "https://www.npes.ilc.edu.tw/" "Mozilla/5.0 (Windows NT 10.0; Win64; x64) AppleWebKit/537.36 (KHTML, like Gecko) Chrome/151.0.0.0 Safari/537.36"
140.111.119.76 - - [17/Aug/2026:15:39:48 +0800] "GET /wp-content/themes/oceanwp/assets/js/select.min.js HTTP/1.1" 200 2408 "https://www.npes.ilc.edu.tw/" "Mozilla/5.0 (Windows NT 10.0; Win64; x64) AppleWebKit/537.36 (KHTML, like Gecko) Chrome/151.0.0.0 Safari/537.36"
140.111.119.76 - - [17/Aug/2026:15:39:48 +0800] "GET /wp-content/plugins/ocean-extra/includes/widgets/js/flickr.min.js HTTP/1.1" 200 1319 "https://www.npes.ilc.edu.tw/" "Mozilla/5.0 (Windows NT 10.0; Win64; x64) AppleWebKit/537.36 (KHTML, like Gecko) Chrome/151.0.0.0 Safari/537.36"
140.111.119.76 - - [17/Aug/2026:15:39:48 +0800] "GET /wp-content/plugins/elementor/assets/js/webpack.runtime.min.js HTTP/1.1" 200 3095 "https://www.npes.ilc.edu.tw/" "Mozilla/5.0 (Windows NT 10.0; Win64; x64) AppleWebKit/537.36 (KHTML, like Gecko) Chrome/151.0.0.0 Safari/537.36"
140.111.119.76 - - [17/Aug/2026:15:39:48 +0800] "GET /wp-content/plugins/elementor-pro/assets/js/webpack-pro.runtime.min.js HTTP/1.1" 200 3562 "https://www.npes.ilc.edu.tw/" "Mozilla/5.0 (Windows NT 10.0; Win64; x64) AppleWebKit/537.36 (KHTML, like Gecko) Chrome/151.0.0.0 Safari/537.36"
140.111.119.76 - - [17/Aug/2026:15:39:48 +0800] "GET /wp-includes/js/dist/hooks.min.js HTTP/1.1" 200 2421 "https://www.npes.ilc.edu.tw/" "Mozilla/5.0 (Windows NT 10.0; Win64; x64) AppleWebKit/537.36 (KHTML, like Gecko) Chrome/151.0.0.0 Safari/537.36"
140.111.119.76 - - [17/Aug/2026:15:39:48 +0800] "GET /wp-content/plugins/elementor/assets/js/frontend-modules.min.js HTTP/1.1" 200 19416 "https://www.npes.ilc.edu.tw/" "Mozilla/5.0 (Windows NT 10.0; Win64; x64) AppleWebKit/537.36 (KHTML, like Gecko) Chrome/151.0.0.0 Safari/537.36"
140.111.119.76 - - [17/Aug/2026:15:39:48 +0800] "GET /wp-includes/js/dist/i18n.min.js HTTP/1.1" 200 4547 "https://www.npes.ilc.edu.tw/" "Mozilla/5.0 (Windows NT 10.0; Win64; x64) AppleWebKit/537.36 (KHTML, like Gecko) Chrome/151.0.0.0 Safari/537.36"
140.111.119.76 - - [17/Aug/2026:15:39:48 +0800] "GET /wp-content/plugins/elementor-pro/assets/js/frontend.min.js HTTP/1.1" 200 7574 "https://www.npes.ilc.edu.tw/" "Mozilla/5.0 (Windows NT 10.0; Win64; x64) AppleWebKit/537.36 (KHTML, like Gecko) Chrome/151.0.0.0 Safari/537.36"
140.111.119.76 - - [17/Aug/2026:15:39:48 +0800] "GET /wp-content/plugins/elementor/assets/lib/waypoints/waypoints.min.js HTTP/1.1" 200 3873 "https://www.npes.ilc.edu.tw/" "Mozilla/5.0 (Windows NT 10.0; Win64; x64) AppleWebKit/537.36 (KHTML, like Gecko) Chrome/151.0.0.0 Safari/537.36"
140.111.119.76 - - [17/Aug/2026:15:39:48 +0800] "GET /wp-includes/js/jquery/ui/core.min.js HTTP/1.1" 200 7986 "https://www.npes.ilc.edu.tw/" "Mozilla/5.0 (Windows NT 10.0; Win64; x64) AppleWebKit/537.36 (KHTML, like Gecko) Chrome/151.0.0.0 Safari/537.36"
140.111.119.76 - - [17/Aug/2026:15:39:48 +0800] "GET /wp-content/plugins/elementor/assets/js/frontend.min.js HTTP/1.1" 200 13169 "https://www.npes.ilc.edu.tw/" "Mozilla/5.0 (Windows NT 10.0; Win64; x64) AppleWebKit/537.36 (KHTML, like Gecko) Chrome/151.0.0.0 Safari/537.36"
140.111.119.76 - - [17/Aug/2026:15:39:48 +0800] "GET /wp-content/plugins/elementor-pro/assets/js/elements-handlers.min.js HTTP/1.1" 200 10882 "https://www.npes.ilc.edu.tw/" "Mozilla/5.0 (Windows NT 10.0; Win64; x64) AppleWebKit/537.36 (KHTML, like Gecko) Chrome/151.0.0.0 Safari/537.36"
140.111.119.76 - - [17/Aug/2026:15:39:48 +0800] "GET /wp-content/uploads/sites/987/2026/01/%E5%85%A8%E6%B0%91%E5%AE%89%E5%85%A8%E6%8C%87%E5%BC%95%E6%89%8B%E5%86%8A.png HTTP/1.1" 200 24172 "https://www.npes.ilc.edu.tw/" "Mozilla/5.0 (Windows NT 10.0; Win64; x64) AppleWebKit/537.36 (KHTML, like Gecko) Chrome/151.0.0.0 Safari/537.36"
140.111.119.76 - - [17/Aug/2026:15:39:48 +0800] "GET /wp-content/uploads/sites/987/2019/11/%E5%85%AC%E4%BB%94.jpg HTTP/1.1" 200 158800 "https://www.npes.ilc.edu.tw/" "Mozilla/5.0 (Windows NT 10.0; Win64; x64) AppleWebKit/537.36 (KHTML, like Gecko) Chrome/151.0.0.0 Safari/537.36"
140.111.119.76 - - [17/Aug/2026:15:39:48 +0800] "GET /wp-content/uploads/sites/987/2026/03/%E8%B3%87%E5%84%AA1-220x300.png HTTP/1.1" 200 39412 "https://www.npes.ilc.edu.tw/" "Mozilla/5.0 (Windows NT 10.0; Win64; x64) AppleWebKit/537.36 (KHTML, like Gecko) Chrome/151.0.0.0 Safari/537.36"
140.111.119.76 - - [17/Aug/2026:15:39:48 +0800] "GET /wp-content/uploads/sites/987/2025/09/%E9%9F%B3%E6%A8%82%E7%8F%AD.png HTTP/1.1" 200 59809 "https://www.npes.ilc.edu.tw/" "Mozilla/5.0 (Windows NT 10.0; Win64; x64) AppleWebKit/537.36 (KHTML, like Gecko) Chrome/151.0.0.0 Safari/537.36"
140.111.119.76 - - [17/Aug/2026:15:39:48 +0800] "GET /wp-content/themes/oceanwp/assets/fonts/fontawesome/webfonts/fa-regular-400.woff2 HTTP/1.1" 200 25383 "https://www.npes.ilc.edu.tw/wp-content/cache/www.npes.ilc.edu.tw/wpfc-minified/jnkxltum/6x7x.css" "Mozilla/5.0 (Windows NT 10.0; Win64; x64) AppleWebKit/537.36 (KHTML, like Gecko) Chrome/151.0.0.0 Safari/537.36"
140.111.119.76 - - [17/Aug/2026:15:39:48 +0800] "GET /wp-content/plugins/elementor/assets/lib/eicons/fonts/eicons.woff2?5.30.0 HTTP/1.1" 200 98225 "https://www.npes.ilc.edu.tw/wp-content/cache/www.npes.ilc.edu.tw/wpfc-minified/jnkxltum/6x7x.css" "Mozilla/5.0 (Windows NT 10.0; Win64; x64) AppleWebKit/537.36 (KHTML, like Gecko) Chrome/151.0.0.0 Safari/537.36"
2001:b400:e246:eaac:246d:edff:fe89:3ca0 - - [17/Aug/2026:15:39:49 +0800] "GET /wp-content/themes/oceanwp/assets/fonts/fontawesome/webfonts/fa-solid-900.woff2 HTTP/1.1" 200 151246 "https://www.jses.ilc.edu.tw/wp-content/cache/www.jses.ilc.edu.tw/wpfc-minified/e5ez1kvs/716j.css" "Mozilla/5.0 (Linux; Android 10; K) AppleWebKit/537.36 (KHTML, like Gecko) Chrome/151.0.0.0 Mobile Safari/537.36"
66.249.71.64 - - [17/Aug/2026:15:39:49 +0800] "POST /12/wp-json/ilc-summary/v1/popular-posts HTTP/1.1" 201 6050 "https://2blog.ilc.edu.tw/12/2010/05/08/%E5%AA%92%E9%AB%94%E5%85%AC%E6%B0%91%E6%9C%83%E8%AD%B0/" "Mozilla/5.0 (Linux; Android 6.0.1; Nexus 5X Build/MMB29P) AppleWebKit/537.36 (KHTML, like Gecko) Chrome/150.0.7871.186 Mobile Safari/537.36 (compatible; Googlebot/2.1; +http://www.google.com/bot.html)"
140.111.119.76 - - [17/Aug/2026:15:39:49 +0800] "GET /npesclil/wp-content/uploads/sites/3399/2026/04/ICRT.jpg HTTP/1.1" 200 141163 "https://www.npes.ilc.edu.tw/" "Mozilla/5.0 (Windows NT 10.0; Win64; x64) AppleWebKit/537.36 (KHTML, like Gecko) Chrome/151.0.0.0 Safari/537.36"
2001:b400:e246:eaac:246d:edff:fe89:3ca0 - - [17/Aug/2026:15:39:49 +0800] "GET /favicon.ico HTTP/1.1" 302 1062 "https://www.jses.ilc.edu.tw/" "Mozilla/5.0 (Linux; Android 10; K) AppleWebKit/537.36 (KHTML, like Gecko) Chrome/151.0.0.0 Mobile Safari/537.36"
2001:b400:e246:eaac:246d:edff:fe89:3ca0 - - [17/Aug/2026:15:39:49 +0800] "GET /wp-includes/images/w-logo-blue-white-bg.png HTTP/1.1" 200 4946 "https://www.jses.ilc.edu.tw/" "Mozilla/5.0 (Linux; Android 10; K) AppleWebKit/537.36 (KHTML, like Gecko) Chrome/151.0.0.0 Mobile Safari/537.36"
140.111.119.76 - - [17/Aug/2026:15:39:49 +0800] "POST /wp-json/wp-statistics/v2/hit HTTP/1.1" 200 1083 "https://www.npes.ilc.edu.tw/" "Mozilla/5.0 (Windows NT 10.0; Win64; x64) AppleWebKit/537.36 (KHTML, like Gecko) Chrome/151.0.0.0 Safari/537.36"
140.111.67.10 - - [17/Aug/2026:15:39:50 +0800] "GET /" 301 273 "-" "-"
2001:4860:7:810::eb - - [17/Aug/2026:15:39:50 +0800] "GET /2341/2023/09/10/%E5%9C%8B%E5%AE%B6%E6%95%99%E8%82%B2%E7%A0%94%E7%A9%B6%E9%99%A2%E5%8F%B0%E4%B8%AD%E8%B1%90%E5%8E%9F%E9%99%A2%E5%8D%80%E4%BD%8F%E5%AE%BF%E7%92%B0%E5%A2%83%E5%88%9D%E9%AB%94%E9%A9%97/ HTTP/1.1" 200 17814 "https://www.google.com/" "Mozilla/5.0 (Windows NT 10.0; Win64; x64) AppleWebKit/537.36 (KHTML, like Gecko) Chrome/151.0.0.0 Safari/537.36"
2001:288:a201::66:125 - - [17/Aug/2026:15:39:50 +0800] "GET /blog/active.php HTTP/1.1" 301 1026 "-" "-"
2001:288:a201::66:125 - - [17/Aug/2026:15:39:50 +0800] "GET /blog/active.php HTTP/1.1" 404 1084 "-" "-"
140.111.119.76 - - [17/Aug/2026:15:39:51 +0800] "GET /wp-content/themes/oceanwp/assets/fonts/fontawesome/webfonts/fa-solid-900.woff2 HTTP/1.1" 200 151246 "https://www.npes.ilc.edu.tw/wp-content/cache/www.npes.ilc.edu.tw/wpfc-minified/jnkxltum/6x7x.css" "Mozilla/5.0 (Windows NT 10.0; Win64; x64) AppleWebKit/537.36 (KHTML, like Gecko) Chrome/151.0.0.0 Safari/537.36"
1.169.11.242 - - [17/Aug/2026:15:39:52 +0800] "GET /2016/08/24/109faculty/ HTTP/1.1" 200 25331 "-" "Mozilla/5.0 (Windows NT 10.0; Win64; x64) AppleWebKit/537.36 (KHTML, like Gecko) Chrome/151.0.0.0 Safari/537.36"
1.169.11.242 - - [17/Aug/2026:15:39:52 +0800] "GET /wp-content/cache/www.yeses.ilc.edu.tw/wpfc-minified/2m6hcubm/bfrgh.js HTTP/1.1" 200 1639 "https://www.yeses.ilc.edu.tw/2016/08/24/109faculty/" "Mozilla/5.0 (Windows NT 10.0; Win64; x64) AppleWebKit/537.36 (KHTML, like Gecko) Chrome/151.0.0.0 Safari/537.36"
1.169.11.242 - - [17/Aug/2026:15:39:52 +0800] "GET /wp-content/themes/huemanilc/assets/front/img/thumb-medium-empty.png HTTP/1.1" 200 5738 "https://www.yeses.ilc.edu.tw/2016/08/24/109faculty/" "Mozilla/5.0 (Windows NT 10.0; Win64; x64) AppleWebKit/537.36 (KHTML, like Gecko) Chrome/151.0.0.0 Safari/537.36"
1.169.11.242 - - [17/Aug/2026:15:39:52 +0800] "GET /wp-content/uploads/sites/890/2016/08/%E5%93%A1%E5%B1%B1%E5%9C%8B%E5%B0%8F115%E5%AD%B8%E5%B9%B4%E5%BA%A6%E7%AC%AC%E4%B8%80%E5%AD%B8%E6%9C%9F%E6%95%99%E8%81%B7%E5%93%A1%E5%B7%A5%E4%B8%80%E8%A6%BD%E8%A1%A8-scaled.jpg HTTP/1.1" 200 584358 "https://www.yeses.ilc.edu.tw/2016/08/24/109faculty/" "Mozilla/5.0 (Windows NT 10.0; Win64; x64) AppleWebKit/537.36 (KHTML, like Gecko) Chrome/151.0.0.0 Safari/537.36"
1.169.11.242 - - [17/Aug/2026:15:39:52 +0800] "GET /wp-content/themes/huemanilc/assets/front/webfonts/fa-regular-400.woff2?v=5.5.0 HTTP/1.1" 200 15695 "https://www.yeses.ilc.edu.tw/wp-content/cache/www.yeses.ilc.edu.tw/wpfc-minified/mo6k5vl0/bflo8.css" "Mozilla/5.0 (Windows NT 10.0; Win64; x64) AppleWebKit/537.36 (KHTML, like Gecko) Chrome/151.0.0.0 Safari/537.36"
1.169.11.242 - - [17/Aug/2026:15:39:52 +0800] "POST /wp-json/ilc-summary/v1/popular-posts HTTP/1.1" 201 1399 "https://www.yeses.ilc.edu.tw/2016/08/24/109faculty/" "Mozilla/5.0 (Windows NT 10.0; Win64; x64) AppleWebKit/537.36 (KHTML, like Gecko) Chrome/151.0.0.0 Safari/537.36"
2001:288:a253:1:c128:4d91:89e9:d8b4 - - [17/Aug/2026:15:39:52 +0800] "-" 408 339 "-" "-"
140.111.67.195 - - [17/Aug/2026:15:39:52 +0800] "GET /wp-admin/admin-post.php?action=steps_ad HTTP/1.1" 200 6425 "-" "node-fetch/1.0 (+https://github.com/bitinn/node-fetch)"
140.111.67.195 - - [17/Aug/2026:15:39:52 +0800] "GET /wp-admin/admin-post.php?action=steps_ad HTTP/1.1" 200 1649 "-" "node-fetch/1.0 (+https://github.com/bitinn/node-fetch)"
::1 - - [17/Aug/2026:15:39:54 +0800] "OPTIONS * HTTP/1.0" 200 110 "-" "Apache/2.4.68 (Ubuntu) OpenSSL/3.0.19 (internal dummy connection)"
2001:288:a23c:1:6c51:101d:39e0:1ec8 - - [17/Aug/2026:15:39:54 +0800] "GET / HTTP/1.1" 200 31593 "-" "Mozilla/5.0 (Windows NT 10.0; Win64; x64) AppleWebKit/537.36 (KHTML, like Gecko) Chrome/151.0.0.0 Safari/537.36"
140.111.67.10 - - [17/Aug/2026:15:39:55 +0800] "GET /" 301 273 "-" "-"
2001:288:a23c:1:6c51:101d:39e0:1ec8 - - [17/Aug/2026:15:39:55 +0800] "GET /wp-content/uploads/sites/3846/elementor/css/post-19.css HTTP/1.1" 304 790 "https://www.ilc.edu.tw/" "Mozilla/5.0 (Windows NT 10.0; Win64; x64) AppleWebKit/537.36 (KHTML, like Gecko) Chrome/151.0.0.0 Safari/537.36"
::1 - - [17/Aug/2026:15:39:55 +0800] "OPTIONS * HTTP/1.0" 200 110 "-" "Apache/2.4.68 (Ubuntu) OpenSSL/3.0.19 (internal dummy connection)"
2001:288:a23c:1:6c51:101d:39e0:1ec8 - - [17/Aug/2026:15:39:55 +0800] "GET /wp-content/uploads/sites/3846/2026/08/%E8%BE%B2%E6%A5%AD%E9%83%A8%E5%BB%A3%E5%91%8A.jpg HTTP/1.1" 304 790 "https://www.ilc.edu.tw/" "Mozilla/5.0 (Windows NT 10.0; Win64; x64) AppleWebKit/537.36 (KHTML, like Gecko) Chrome/151.0.0.0 Safari/537.36"
2001:4860:7:410::f9 - - [17/Aug/2026:15:39:54 +0800] "GET /39664/2024/04/10/112history_3y/ HTTP/1.1" 200 21622 "https://www.google.com/" "Mozilla/5.0 (Windows NT 10.0; Win64; x64) AppleWebKit/537.36 (KHTML, like Gecko) Chrome/151.0.0.0 Safari/537.36"
2001:b400:e2a7:db14:6942:d77f:80e7:eb8d - - [17/Aug/2026:15:39:55 +0800] "GET / HTTP/1.1" 200 30185 "-" "Mozilla/5.0 (iPhone; CPU iPhone OS 17_4_1 like Mac OS X) AppleWebKit/605.1.15 (KHTML, like Gecko) Version/17.4.1 Mobile/15E148 Safari/604.1"
2001:288:a201::66:125 - - [17/Aug/2026:15:39:55 +0800] "GET /blog/active.php HTTP/1.1" 301 1026 "-" "-"
2001:288:a201::66:125 - - [17/Aug/2026:15:39:55 +0800] "GET /blog/active.php HTTP/1.1" 404 1084 "-" "-"
2001:b400:e2a7:db14:6942:d77f:80e7:eb8d - - [17/Aug/2026:15:39:55 +0800] "GET /wp-content/cache/www.csjh.ilc.edu.tw/wpfc-minified/8tosrx9w/7160.css HTTP/1.1" 200 40884 "https://www.csjh.ilc.edu.tw/" "Mozilla/5.0 (iPhone; CPU iPhone OS 17_4_1 like Mac OS X) AppleWebKit/605.1.15 (KHTML, like Gecko) Version/17.4.1 Mobile/15E148 Safari/604.1"
2001:b400:e2a7:db14:6942:d77f:80e7:eb8d - - [17/Aug/2026:15:39:55 +0800] "GET /wp-content/cache/www.csjh.ilc.edu.tw/wpfc-minified/6wb17dsj/7160.css HTTP/1.1" 200 5959 "https://www.csjh.ilc.edu.tw/" "Mozilla/5.0 (iPhone; CPU iPhone OS 17_4_1 like Mac OS X) AppleWebKit/605.1.15 (KHTML, like Gecko) Version/17.4.1 Mobile/15E148 Safari/604.1"
2001:b400:e2a7:db14:6942:d77f:80e7:eb8d - - [17/Aug/2026:15:39:55 +0800] "GET /wp-content/uploads/sites/980/elementor/css/post-2127.css HTTP/1.1" 200 6071 "https://www.csjh.ilc.edu.tw/" "Mozilla/5.0 (iPhone; CPU iPhone OS 17_4_1 like Mac OS X) AppleWebKit/605.1.15 (KHTML, like Gecko) Version/17.4.1 Mobile/15E148 Safari/604.1"
2001:b400:e2a7:db14:6942:d77f:80e7:eb8d - - [17/Aug/2026:15:39:55 +0800] "GET /wp-content/cache/www.csjh.ilc.edu.tw/wpfc-minified/lnsd0whl/7160.css HTTP/1.1" 200 38901 "https://www.csjh.ilc.edu.tw/" "Mozilla/5.0 (iPhone; CPU iPhone OS 17_4_1 like Mac OS X) AppleWebKit/605.1.15 (KHTML, like Gecko) Version/17.4.1 Mobile/15E148 Safari/604.1"
2001:b400:e2a7:db14:6942:d77f:80e7:eb8d - - [17/Aug/2026:15:39:55 +0800] "GET /wp-content/cache/www.csjh.ilc.edu.tw/wpfc-minified/2dy3gs0b/7161.js HTTP/1.1" 200 35558 "https://www.csjh.ilc.edu.tw/" "Mozilla/5.0 (iPhone; CPU iPhone OS 17_4_1 like Mac OS X) AppleWebKit/605.1.15 (KHTML, like Gecko) Version/17.4.1 Mobile/15E148 Safari/604.1"
2001:b400:e2a7:db14:6942:d77f:80e7:eb8d - - [17/Aug/2026:15:39:55 +0800] "GET /wp-content/cache/www.csjh.ilc.edu.tw/wpfc-minified/1z16c07/7160.css HTTP/1.1" 200 58538 "https://www.csjh.ilc.edu.tw/" "Mozilla/5.0 (iPhone; CPU iPhone OS 17_4_1 like Mac OS X) AppleWebKit/605.1.15 (KHTML, like Gecko) Version/17.4.1 Mobile/15E148 Safari/604.1"
2001:b400:e2a7:db14:6942:d77f:80e7:eb8d - - [17/Aug/2026:15:39:55 +0800] "GET /wp-content/cache/www.csjh.ilc.edu.tw/wpfc-minified/9639mew6/789g.css HTTP/1.1" 200 76619 "https://www.csjh.ilc.edu.tw/" "Mozilla/5.0 (iPhone; CPU iPhone OS 17_4_1 like Mac OS X) AppleWebKit/605.1.15 (KHTML, like Gecko) Version/17.4.1 Mobile/15E148 Safari/604.1"
2001:b400:e2a7:db14:6942:d77f:80e7:eb8d - - [17/Aug/2026:15:39:55 +0800] "GET /wp-content/cache/www.csjh.ilc.edu.tw/wpfc-minified/1rmg42b/7161.js HTTP/1.1" 200 5166 "https://www.csjh.ilc.edu.tw/" "Mozilla/5.0 (iPhone; CPU iPhone OS 17_4_1 like Mac OS X) AppleWebKit/605.1.15 (KHTML, like Gecko) Version/17.4.1 Mobile/15E148 Safari/604.1"
2001:b400:e2a7:db14:6942:d77f:80e7:eb8d - - [17/Aug/2026:15:39:55 +0800] "GET /wp-content/uploads/sites/980/elementor/css/post-1985.css HTTP/1.1" 200 1068 "https://www.csjh.ilc.edu.tw/" "Mozilla/5.0 (iPhone; CPU iPhone OS 17_4_1 like Mac OS X) AppleWebKit/605.1.15 (KHTML, like Gecko) Version/17.4.1 Mobile/15E148 Safari/604.1"
2001:b400:e2a7:db14:6942:d77f:80e7:eb8d - - [17/Aug/2026:15:39:55 +0800] "GET /wp-content/uploads/sites/980/elementor/css/post-3463.css HTTP/1.1" 200 1374 "https://www.csjh.ilc.edu.tw/" "Mozilla/5.0 (iPhone; CPU iPhone OS 17_4_1 like Mac OS X) AppleWebKit/605.1.15 (KHTML, like Gecko) Version/17.4.1 Mobile/15E148 Safari/604.1"
140.111.67.195 - - [17/Aug/2026:15:39:55 +0800] "GET /wp-admin/admin-post.php?action=steps_ad HTTP/1.1" 200 1649 "-" "node-fetch/1.0 (+https://github.com/bitinn/node-fetch)"
::1 - - [17/Aug/2026:15:39:56 +0800] "OPTIONS * HTTP/1.0" 200 110 "-" "Apache/2.4.68 (Ubuntu) OpenSSL/3.0.19 (internal dummy connection)"
2001:288:a212:1:1874:2b05:dd4f:6e6c - - [17/Aug/2026:15:39:57 +0800] "-" 408 4796 "-" "-"
::1 - - [17/Aug/2026:15:39:57 +0800] "OPTIONS * HTTP/1.0" 200 110 "-" "Apache/2.4.68 (Ubuntu) OpenSSL/3.0.19 (internal dummy connection)"
140.111.67.195 - - [17/Aug/2026:15:39:56 +0800] "GET /wp-admin/admin-post.php?action=steps_ad HTTP/1.1" 200 1649 "-" "node-fetch/1.0 (+https://github.com/bitinn/node-fetch)"
140.111.67.195 - - [17/Aug/2026:15:39:56 +0800] "GET /wp-admin/admin-post.php?action=steps_ad HTTP/1.1" 200 1973 "-" "node-fetch/1.0 (+https://github.com/bitinn/node-fetch)"
::1 - - [17/Aug/2026:15:39:58 +0800] "OPTIONS * HTTP/1.0" 200 110 "-" "Apache/2.4.68 (Ubuntu) OpenSSL/3.0.19 (internal dummy connection)"
::1 - - [17/Aug/2026:15:39:59 +0800] "OPTIONS * HTTP/1.0" 200 110 "-" "Apache/2.4.68 (Ubuntu) OpenSSL/3.0.19 (internal dummy connection)"