140.111.191.136 - - [17/Aug/2026:15:39:18 +0800] "GET /wp-content/uploads/sites/3846/2023/05/%E5%AE%9C%E8%98%AD%E7%B8%A3%E6%94%BF%E5%BA%9C%E6%95%99%E8%82%B2%E8%99%95logo.png HTTP/1.1" 200 16335 "https://www.ilc.edu.tw/" "Mozilla/5.0 (Windows NT 10.0; Win64; x64) AppleWebKit/537.36 (KHTML, like Gecko) Chrome/151.0.0.0 Safari/537.36"
140.111.191.136 - - [17/Aug/2026:15:39:18 +0800] "GET /wp-content/uploads/sites/3846/2023/05/%E9%A6%96%E9%A0%81%E5%B0%8F%E6%A8%99_%E6%9C%80%E6%96%B0%E6%B6%88%E6%81%AF.png HTTP/1.1" 200 2537 "https://www.ilc.edu.tw/" "Mozilla/5.0 (Windows NT 10.0; Win64; x64) AppleWebKit/537.36 (KHTML, like Gecko) Chrome/151.0.0.0 Safari/537.36"
140.111.191.136 - - [17/Aug/2026:15:39:18 +0800] "GET /wp-content/uploads/sites/3846/2023/05/%E5%85%AC%E5%91%8A%E6%90%9C%E5%B0%8B.png HTTP/1.1" 200 3549 "https://www.ilc.edu.tw/" "Mozilla/5.0 (Windows NT 10.0; Win64; x64) AppleWebKit/537.36 (KHTML, like Gecko) Chrome/151.0.0.0 Safari/537.36"
140.111.191.136 - - [17/Aug/2026:15:39:18 +0800] "GET /wp-content/uploads/sites/3846/2026/08/%E8%BE%B2%E6%A5%AD%E9%83%A8%E5%BB%A3%E5%91%8A.jpg HTTP/1.1" 200 236123 "https://www.ilc.edu.tw/" "Mozilla/5.0 (Windows NT 10.0; Win64; x64) AppleWebKit/537.36 (KHTML, like Gecko) Chrome/151.0.0.0 Safari/537.36"
140.111.191.136 - - [17/Aug/2026:15:39:19 +0800] "GET /wp-content/themes/oceanwp/assets/fonts/fontawesome/webfonts/fa-solid-900.woff2 HTTP/1.1" 200 151246 "https://www.ilc.edu.tw/wp-content/cache/www.ilc.edu.tw/wpfc-minified/fdlul8k0/8141l.css" "Mozilla/5.0 (Windows NT 10.0; Win64; x64) AppleWebKit/537.36 (KHTML, like Gecko) Chrome/151.0.0.0 Safari/537.36"
140.111.191.136 - - [17/Aug/2026:15:39:18 +0800] "GET /wp-content/uploads/sites/3846/2026/06/2026%E5%AE%9C%E8%98%AD%E7%98%8B%E5%AD%B8%E7%BF%92-%E6%9A%91%E5%81%87_%E6%95%99%E8%82%B2%E8%99%95%E9%A6%96%E9%A0%81-1440-x-1080-%E5%83%8F%E7%B4%A0.png HTTP/1.1" 200 2050723 "https://www.ilc.edu.tw/" "Mozilla/5.0 (Windows NT 10.0; Win64; x64) AppleWebKit/537.36 (KHTML, like Gecko) Chrome/151.0.0.0 Safari/537.36"
140.111.191.136 - - [17/Aug/2026:15:39:18 +0800] "GET /wp-content/uploads/sites/3846/2026/02/%E9%81%BF%E5%85%8D%E8%AA%A4%E5%85%A5%E8%A9%90%E9%A8%99%E7%B6%B2%E7%AB%99APP%E5%B0%8F%E5%B8%B8%E8%AD%98.jpg HTTP/1.1" 200 459624 "https://www.ilc.edu.tw/" "Mozilla/5.0 (Windows NT 10.0; Win64; x64) AppleWebKit/537.36 (KHTML, like Gecko) Chrome/151.0.0.0 Safari/537.36"
140.111.191.136 - - [17/Aug/2026:15:39:18 +0800] "GET /wp-content/uploads/sites/3846/2023/07/%E6%95%99%E8%82%B2%E8%99%95%E5%85%AB%E5%A4%A7%E6%96%B9%E9%87%9D.png HTTP/1.1" 200 195536 "https://www.ilc.edu.tw/" "Mozilla/5.0 (Windows NT 10.0; Win64; x64) AppleWebKit/537.36 (KHTML, like Gecko) Chrome/151.0.0.0 Safari/537.36"
140.111.191.136 - - [17/Aug/2026:15:39:18 +0800] "GET /wp-content/uploads/sites/3846/2026/06/%E5%AE%A3%E5%82%B3%E5%9C%96%E7%89%87.png HTTP/1.1" 200 1053112 "https://www.ilc.edu.tw/" "Mozilla/5.0 (Windows NT 10.0; Win64; x64) AppleWebKit/537.36 (KHTML, like Gecko) Chrome/151.0.0.0 Safari/537.36"
140.111.191.136 - - [17/Aug/2026:15:39:18 +0800] "GET /wp-content/uploads/sites/3846/2026/05/%E8%9E%A2%E5%B9%95%E6%93%B7%E5%8F%96%E7%95%AB%E9%9D%A2-2026-05-07-100749.png HTTP/1.1" 200 1354330 "https://www.ilc.edu.tw/" "Mozilla/5.0 (Windows NT 10.0; Win64; x64) AppleWebKit/537.36 (KHTML, like Gecko) Chrome/151.0.0.0 Safari/537.36"
140.111.67.10 - - [17/Aug/2026:15:39:20 +0800] "GET /" 301 273 "-" "-"
2001:288:a201::66:125 - - [17/Aug/2026:15:39:20 +0800] "GET /blog/active.php HTTP/1.1" 301 1026 "-" "-"
140.111.191.136 - - [17/Aug/2026:15:39:19 +0800] "GET /wp-content/uploads/sites/3846/2025/04/%E7%AB%A5%E5%BF%83%E7%AB%A5%E9%81%8A-%E6%AD%A1%E6%A8%82%E8%98%AD%E9%99%BD-%E5%85%92%E7%AB%A5%E7%AF%80%E5%BF%AB%E6%A8%82.jpg HTTP/1.1" 200 126952 "https://www.ilc.edu.tw/" "Mozilla/5.0 (Windows NT 10.0; Win64; x64) AppleWebKit/537.36 (KHTML, like Gecko) Chrome/151.0.0.0 Safari/537.36"
140.111.191.136 - - [17/Aug/2026:15:39:20 +0800] "GET /wp-content/plugins/elementor/assets/lib/eicons/fonts/eicons.woff2?5.30.0 HTTP/1.1" 200 98225 "https://www.ilc.edu.tw/wp-content/cache/www.ilc.edu.tw/wpfc-minified/fdlul8k0/8141l.css" "Mozilla/5.0 (Windows NT 10.0; Win64; x64) AppleWebKit/537.36 (KHTML, like Gecko) Chrome/151.0.0.0 Safari/537.36"
140.111.191.136 - - [17/Aug/2026:15:39:20 +0800] "GET /wp-content/uploads/sites/3846/2025/11/%E8%9E%A2%E5%B9%95%E6%93%B7%E5%8F%96%E7%95%AB%E9%9D%A2-2025-11-27-141357.png HTTP/1.1" 200 216157 "https://www.ilc.edu.tw/" "Mozilla/5.0 (Windows NT 10.0; Win64; x64) AppleWebKit/537.36 (KHTML, like Gecko) Chrome/151.0.0.0 Safari/537.36"
2001:288:a201::66:125 - - [17/Aug/2026:15:39:20 +0800] "GET /blog/active.php HTTP/1.1" 404 1084 "-" "-"
140.111.191.136 - - [17/Aug/2026:15:39:19 +0800] "GET /wp-content/uploads/sites/3846/2025/11/%E8%9E%A2%E5%B9%95%E6%93%B7%E5%8F%96%E7%95%AB%E9%9D%A2-2025-11-10-141501.png HTTP/1.1" 200 2445011 "https://www.ilc.edu.tw/" "Mozilla/5.0 (Windows NT 10.0; Win64; x64) AppleWebKit/537.36 (KHTML, like Gecko) Chrome/151.0.0.0 Safari/537.36"
140.111.191.136 - - [17/Aug/2026:15:39:19 +0800] "GET /wp-content/uploads/sites/3846/2026/02/%E8%9E%A2%E5%B9%95%E6%93%B7%E5%8F%96%E7%95%AB%E9%9D%A2-2026-02-24-081359.png HTTP/1.1" 200 1572728 "https://www.ilc.edu.tw/" "Mozilla/5.0 (Windows NT 10.0; Win64; x64) AppleWebKit/537.36 (KHTML, like Gecko) Chrome/151.0.0.0 Safari/537.36"
140.111.191.136 - - [17/Aug/2026:15:39:20 +0800] "GET /wp-content/uploads/sites/3846/2024/09/%E6%95%99%E5%B8%AB%E7%AF%80%E5%BD%B1%E7%89%87.jpg HTTP/1.1" 200 72504 "https://www.ilc.edu.tw/" "Mozilla/5.0 (Windows NT 10.0; Win64; x64) AppleWebKit/537.36 (KHTML, like Gecko) Chrome/151.0.0.0 Safari/537.36"
140.111.191.136 - - [17/Aug/2026:15:39:20 +0800] "GET /wp-content/uploads/sites/3846/2023/10/C1.png HTTP/1.1" 200 342209 "https://www.ilc.edu.tw/" "Mozilla/5.0 (Windows NT 10.0; Win64; x64) AppleWebKit/537.36 (KHTML, like Gecko) Chrome/151.0.0.0 Safari/537.36"
140.111.191.136 - - [17/Aug/2026:15:39:19 +0800] "GET /wp-content/uploads/sites/3846/2025/11/%E8%9E%A2%E5%B9%95%E6%93%B7%E5%8F%96%E7%95%AB%E9%9D%A2-2025-11-13-131522.png HTTP/1.1" 200 3761926 "https://www.ilc.edu.tw/" "Mozilla/5.0 (Windows NT 10.0; Win64; x64) AppleWebKit/537.36 (KHTML, like Gecko) Chrome/151.0.0.0 Safari/537.36"
140.111.191.136 - - [17/Aug/2026:15:39:20 +0800] "GET /wp-content/uploads/sites/3846/2023/10/C2.png HTTP/1.1" 200 259646 "https://www.ilc.edu.tw/" "Mozilla/5.0 (Windows NT 10.0; Win64; x64) AppleWebKit/537.36 (KHTML, like Gecko) Chrome/151.0.0.0 Safari/537.36"
140.111.191.136 - - [17/Aug/2026:15:39:20 +0800] "GET /wp-content/uploads/sites/3846/2023/10/C3.png HTTP/1.1" 200 192155 "https://www.ilc.edu.tw/" "Mozilla/5.0 (Windows NT 10.0; Win64; x64) AppleWebKit/537.36 (KHTML, like Gecko) Chrome/151.0.0.0 Safari/537.36"
140.111.191.136 - - [17/Aug/2026:15:39:20 +0800] "GET /wp-content/uploads/sites/3846/2024/08/%E8%9E%A2%E5%B9%95%E6%93%B7%E5%8F%96%E7%95%AB%E9%9D%A2-2024-08-07-151319.png HTTP/1.1" 200 2714068 "https://www.ilc.edu.tw/" "Mozilla/5.0 (Windows NT 10.0; Win64; x64) AppleWebKit/537.36 (KHTML, like Gecko) Chrome/151.0.0.0 Safari/537.36"
140.111.191.136 - - [17/Aug/2026:15:39:21 +0800] "GET /wp-content/uploads/sites/3846/2023/10/C4.png HTTP/1.1" 200 139328 "https://www.ilc.edu.tw/" "Mozilla/5.0 (Windows NT 10.0; Win64; x64) AppleWebKit/537.36 (KHTML, like Gecko) Chrome/151.0.0.0 Safari/537.36"
140.111.191.136 - - [17/Aug/2026:15:39:21 +0800] "GET /wp-content/uploads/sites/3846/2023/10/C5.png HTTP/1.1" 200 267535 "https://www.ilc.edu.tw/" "Mozilla/5.0 (Windows NT 10.0; Win64; x64) AppleWebKit/537.36 (KHTML, like Gecko) Chrome/151.0.0.0 Safari/537.36"
140.111.191.136 - - [17/Aug/2026:15:39:21 +0800] "GET /wp-content/uploads/sites/3846/2023/05/%E5%B9%BC%E8%A6%8B%E5%B9%B8%E7%A6%8FYT.jpg HTTP/1.1" 200 664803 "https://www.ilc.edu.tw/" "Mozilla/5.0 (Windows NT 10.0; Win64; x64) AppleWebKit/537.36 (KHTML, like Gecko) Chrome/151.0.0.0 Safari/537.36"
140.111.191.136 - - [17/Aug/2026:15:39:21 +0800] "GET /wp-content/uploads/sites/3846/2023/05/%E5%8E%9F%E6%B0%91%E6%95%99%E8%82%B2%E5%9C%A8%E5%AE%9C%E8%98%ADYT.jpg HTTP/1.1" 200 607016 "https://www.ilc.edu.tw/" "Mozilla/5.0 (Windows NT 10.0; Win64; x64) AppleWebKit/537.36 (KHTML, like Gecko) Chrome/151.0.0.0 Safari/537.36"
140.111.191.136 - - [17/Aug/2026:15:39:21 +0800] "GET /wp-content/uploads/sites/3846/2023/05/%E8%B7%A8%E9%96%B1%E5%88%9D%E8%A1%B7YT.jpg HTTP/1.1" 200 579849 "https://www.ilc.edu.tw/" "Mozilla/5.0 (Windows NT 10.0; Win64; x64) AppleWebKit/537.36 (KHTML, like Gecko) Chrome/151.0.0.0 Safari/537.36"
140.111.191.136 - - [17/Aug/2026:15:39:21 +0800] "GET /wp-content/uploads/sites/3846/2023/05/%E6%84%9BEnglishYT.jpg HTTP/1.1" 200 245320 "https://www.ilc.edu.tw/" "Mozilla/5.0 (Windows NT 10.0; Win64; x64) AppleWebKit/537.36 (KHTML, like Gecko) Chrome/151.0.0.0 Safari/537.36"
140.111.191.136 - - [17/Aug/2026:15:39:21 +0800] "GET /wp-content/uploads/sites/3846/2023/05/%E5%A6%82%E6%9E%9C%E9%9B%A8%E7%9F%A5%E9%81%93YT.jpg HTTP/1.1" 200 529331 "https://www.ilc.edu.tw/" "Mozilla/5.0 (Windows NT 10.0; Win64; x64) AppleWebKit/537.36 (KHTML, like Gecko) Chrome/151.0.0.0 Safari/537.36"
140.111.191.136 - - [17/Aug/2026:15:39:21 +0800] "GET /wp-content/uploads/sites/3846/2023/05/%E6%B0%B4%E5%9F%9F%E5%AE%89%E5%85%A8%E5%AE%A3%E5%B0%8EYT.jpg HTTP/1.1" 200 809930 "https://www.ilc.edu.tw/" "Mozilla/5.0 (Windows NT 10.0; Win64; x64) AppleWebKit/537.36 (KHTML, like Gecko) Chrome/151.0.0.0 Safari/537.36"
140.111.191.136 - - [17/Aug/2026:15:39:21 +0800] "GET /wp-content/uploads/sites/3846/2025/09/YT%E5%B0%81%E9%9D%A2-1.jpg HTTP/1.1" 200 173035 "https://www.ilc.edu.tw/" "Mozilla/5.0 (Windows NT 10.0; Win64; x64) AppleWebKit/537.36 (KHTML, like Gecko) Chrome/151.0.0.0 Safari/537.36"
140.111.191.136 - - [17/Aug/2026:15:39:21 +0800] "GET /wp-content/uploads/sites/3846/2024/05/%E8%9E%A2%E5%B9%95%E6%93%B7%E5%8F%96%E7%95%AB%E9%9D%A2-2024-05-16-103456.png HTTP/1.1" 200 2702922 "https://www.ilc.edu.tw/" "Mozilla/5.0 (Windows NT 10.0; Win64; x64) AppleWebKit/537.36 (KHTML, like Gecko) Chrome/151.0.0.0 Safari/537.36"
140.111.191.136 - - [17/Aug/2026:15:39:21 +0800] "GET /wp-content/uploads/sites/3846/2023/05/%E9%A6%96%E9%A0%81%E5%B0%8F%E6%A8%99_%E6%B4%BB%E5%8B%95%E5%B0%88%E5%8D%80.png HTTP/1.1" 200 2545 "https://www.ilc.edu.tw/" "Mozilla/5.0 (Windows NT 10.0; Win64; x64) AppleWebKit/537.36 (KHTML, like Gecko) Chrome/151.0.0.0 Safari/537.36"
140.111.191.136 - - [17/Aug/2026:15:39:21 +0800] "GET /wp-content/uploads/sites/3846/2023/05/%E6%95%B8%E4%BD%8D%E5%AD%B8%E7%BF%92%E6%94%AF%E6%8C%81%E5%B9%B3%E5%8F%B0-Banner.png HTTP/1.1" 200 16589 "https://www.ilc.edu.tw/" "Mozilla/5.0 (Windows NT 10.0; Win64; x64) AppleWebKit/537.36 (KHTML, like Gecko) Chrome/151.0.0.0 Safari/537.36"
140.111.191.136 - - [17/Aug/2026:15:39:21 +0800] "GET /wp-content/uploads/sites/3846/2024/01/%E7%A7%91%E6%8A%80%E9%A0%98%E5%9F%9F%E6%87%89%E7%94%A8%E7%AB%B6%E8%B3%BD.png HTTP/1.1" 200 20326 "https://www.ilc.edu.tw/" "Mozilla/5.0 (Windows NT 10.0; Win64; x64) AppleWebKit/537.36 (KHTML, like Gecko) Chrome/151.0.0.0 Safari/537.36"
140.111.191.136 - - [17/Aug/2026:15:39:21 +0800] "GET /wp-content/uploads/sites/3846/2025/05/%E8%BC%AA%E6%92%AD%E5%9C%96%E8%AA%BF%E5%A4%A7%E5%B0%8F_%E6%95%99%E8%82%B2%E8%99%95%E5%B0%8Fbanner.png HTTP/1.1" 200 6660 "https://www.ilc.edu.tw/" "Mozilla/5.0 (Windows NT 10.0; Win64; x64) AppleWebKit/537.36 (KHTML, like Gecko) Chrome/151.0.0.0 Safari/537.36"
140.111.191.136 - - [17/Aug/2026:15:39:21 +0800] "GET /wp-content/uploads/sites/3846/2023/05/%E6%94%BF%E7%AD%96%E6%A5%AD%E5%8B%99%E5%AE%A3%E5%B0%8E-banner.png HTTP/1.1" 200 19385 "https://www.ilc.edu.tw/" "Mozilla/5.0 (Windows NT 10.0; Win64; x64) AppleWebKit/537.36 (KHTML, like Gecko) Chrome/151.0.0.0 Safari/537.36"
140.111.191.136 - - [17/Aug/2026:15:39:21 +0800] "GET /wp-content/uploads/sites/3846/2024/04/%E5%AD%B8%E6%A0%A1%E7%94%A8%E5%9C%B0.png HTTP/1.1" 200 19801 "https://www.ilc.edu.tw/" "Mozilla/5.0 (Windows NT 10.0; Win64; x64) AppleWebKit/537.36 (KHTML, like Gecko) Chrome/151.0.0.0 Safari/537.36"
140.111.191.136 - - [17/Aug/2026:15:39:21 +0800] "GET /wp-content/uploads/sites/3846/2025/05/%E8%AA%9E%E6%96%87%E7%AB%B6%E8%B3%BD180X50.png HTTP/1.1" 200 10112 "https://www.ilc.edu.tw/" "Mozilla/5.0 (Windows NT 10.0; Win64; x64) AppleWebKit/537.36 (KHTML, like Gecko) Chrome/151.0.0.0 Safari/537.36"
140.111.191.136 - - [17/Aug/2026:15:39:21 +0800] "GET /wp-content/uploads/sites/3846/2023/05/%E8%88%9E%E8%B9%88%E6%AF%94%E8%B3%BD-banner.jpg HTTP/1.1" 200 9565 "https://www.ilc.edu.tw/" "Mozilla/5.0 (Windows NT 10.0; Win64; x64) AppleWebKit/537.36 (KHTML, like Gecko) Chrome/151.0.0.0 Safari/537.36"
140.111.191.136 - - [17/Aug/2026:15:39:21 +0800] "GET /wp-content/uploads/sites/3846/2025/09/%E6%95%99%E8%82%B2%E8%99%95%E6%B4%BB%E5%8B%95%E5%B0%88%E5%8D%80%E5%B0%8F%E5%9C%96-4-2.png HTTP/1.1" 200 21768 "https://www.ilc.edu.tw/" "Mozilla/5.0 (Windows NT 10.0; Win64; x64) AppleWebKit/537.36 (KHTML, like Gecko) Chrome/151.0.0.0 Safari/537.36"
140.111.191.136 - - [17/Aug/2026:15:39:21 +0800] "GET /wp-content/uploads/sites/3846/2025/09/%E6%95%99%E8%82%B2%E8%99%95%E6%B4%BB%E5%8B%95%E5%B0%88%E5%8D%80%E5%B0%8F%E5%9C%96-3.png HTTP/1.1" 200 12380 "https://www.ilc.edu.tw/" "Mozilla/5.0 (Windows NT 10.0; Win64; x64) AppleWebKit/537.36 (KHTML, like Gecko) Chrome/151.0.0.0 Safari/537.36"
140.111.191.136 - - [17/Aug/2026:15:39:21 +0800] "GET /wp-content/uploads/sites/3846/2025/07/%E6%95%99%E8%82%B2%E8%99%95%E9%A6%96%E9%A0%81_%E5%B0%8Fbanner_%E5%AE%9C%E8%98%AD%E7%B8%A3%E6%94%BF%E5%BA%9C%E5%9C%8B%E4%B8%AD%E5%B0%8F%E6%AD%A3%E5%B8%B8%E6%95%99%E5%AD%B8%E8%A6%96%E5%B0%8E-1.png HTTP/1.1" 200 8670 "https://www.ilc.edu.tw/" "Mozilla/5.0 (Windows NT 10.0; Win64; x64) AppleWebKit/537.36 (KHTML, like Gecko) Chrome/151.0.0.0 Safari/537.36"
140.111.191.136 - - [17/Aug/2026:15:39:21 +0800] "GET /wp-content/plugins/elementor-pro/assets/js/media-carousel.aca2224ef13e6f999011.bundle.min.js HTTP/1.1" 200 2948 "https://www.ilc.edu.tw/" "Mozilla/5.0 (Windows NT 10.0; Win64; x64) AppleWebKit/537.36 (KHTML, like Gecko) Chrome/151.0.0.0 Safari/537.36"
140.111.191.136 - - [17/Aug/2026:15:39:21 +0800] "GET /wp-content/uploads/sites/3846/2025/09/%E6%95%99%E8%82%B2%E8%99%95%E6%B4%BB%E5%8B%95%E5%B0%88%E5%8D%80%E5%B0%8F%E5%9C%96-2-3.png HTTP/1.1" 200 9664 "https://www.ilc.edu.tw/" "Mozilla/5.0 (Windows NT 10.0; Win64; x64) AppleWebKit/537.36 (KHTML, like Gecko) Chrome/151.0.0.0 Safari/537.36"
2001:288:a23c:1:3c35:9909:3053:483 - - [17/Aug/2026:15:39:21 +0800] "GET / HTTP/1.1" 200 22350 "-" "Mozilla/5.0 (Windows NT 10.0; Win64; x64) AppleWebKit/537.36 (KHTML, like Gecko) Chrome/151.0.0.0 Safari/537.36"
2001:288:a23c:1:3c35:9909:3053:483 - - [17/Aug/2026:15:39:21 +0800] "GET /wp-content/cache/www.ryjh.ilc.edu.tw/wpfc-minified/md5gx9li/6xr6.css HTTP/1.1" 200 40884 "https://www.ryjh.ilc.edu.tw/" "Mozilla/5.0 (Windows NT 10.0; Win64; x64) AppleWebKit/537.36 (KHTML, like Gecko) Chrome/151.0.0.0 Safari/537.36"
2001:288:a23c:1:3c35:9909:3053:483 - - [17/Aug/2026:15:39:21 +0800] "GET /wp-content/cache/www.ryjh.ilc.edu.tw/wpfc-minified/2zvre96m/6xr6.css HTTP/1.1" 200 1496 "https://www.ryjh.ilc.edu.tw/" "Mozilla/5.0 (Windows NT 10.0; Win64; x64) AppleWebKit/537.36 (KHTML, like Gecko) Chrome/151.0.0.0 Safari/537.36"
2001:288:a23c:1:3c35:9909:3053:483 - - [17/Aug/2026:15:39:21 +0800] "GET /wp-content/uploads/sites/1668/elementor/css/post-344.css HTTP/1.1" 200 1163 "https://www.ryjh.ilc.edu.tw/" "Mozilla/5.0 (Windows NT 10.0; Win64; x64) AppleWebKit/537.36 (KHTML, like Gecko) Chrome/151.0.0.0 Safari/537.36"
2001:288:a23c:1:3c35:9909:3053:483 - - [17/Aug/2026:15:39:21 +0800] "GET /wp-content/uploads/sites/1668/elementor/css/post-404.css HTTP/1.1" 200 6071 "https://www.ryjh.ilc.edu.tw/" "Mozilla/5.0 (Windows NT 10.0; Win64; x64) AppleWebKit/537.36 (KHTML, like Gecko) Chrome/151.0.0.0 Safari/537.36"
2001:288:a23c:1:3c35:9909:3053:483 - - [17/Aug/2026:15:39:21 +0800] "GET /wp-content/cache/www.ryjh.ilc.edu.tw/wpfc-minified/llhitze8/6xr6.css HTTP/1.1" 200 87505 "https://www.ryjh.ilc.edu.tw/" "Mozilla/5.0 (Windows NT 10.0; Win64; x64) AppleWebKit/537.36 (KHTML, like Gecko) Chrome/151.0.0.0 Safari/537.36"
2001:288:a23c:1:3c35:9909:3053:483 - - [17/Aug/2026:15:39:21 +0800] "GET /wp-content/uploads/sites/1668/elementor/css/post-348.css HTTP/1.1" 200 1346 "https://www.ryjh.ilc.edu.tw/" "Mozilla/5.0 (Windows NT 10.0; Win64; x64) AppleWebKit/537.36 (KHTML, like Gecko) Chrome/151.0.0.0 Safari/537.36"
2001:288:a23c:1:3c35:9909:3053:483 - - [17/Aug/2026:15:39:21 +0800] "GET /wp-content/cache/www.ryjh.ilc.edu.tw/wpfc-minified/2eidy8mb/6xr5.css HTTP/1.1" 200 52090 "https://www.ryjh.ilc.edu.tw/" "Mozilla/5.0 (Windows NT 10.0; Win64; x64) AppleWebKit/537.36 (KHTML, like Gecko) Chrome/151.0.0.0 Safari/537.36"
2001:288:a23c:1:3c35:9909:3053:483 - - [17/Aug/2026:15:39:21 +0800] "GET /wp-content/cache/www.ryjh.ilc.edu.tw/wpfc-minified/1p6uc53y/6xr5.css HTTP/1.1" 200 7988 "https://www.ryjh.ilc.edu.tw/" "Mozilla/5.0 (Windows NT 10.0; Win64; x64) AppleWebKit/537.36 (KHTML, like Gecko) Chrome/151.0.0.0 Safari/537.36"
2001:288:a23c:1:3c35:9909:3053:483 - - [17/Aug/2026:15:39:21 +0800] "GET /wp-content/cache/www.ryjh.ilc.edu.tw/wpfc-minified/kn9i7rpp/6xr5.css HTTP/1.1" 200 13904 "https://www.ryjh.ilc.edu.tw/" "Mozilla/5.0 (Windows NT 10.0; Win64; x64) AppleWebKit/537.36 (KHTML, like Gecko) Chrome/151.0.0.0 Safari/537.36"
2001:288:a23c:1:3c35:9909:3053:483 - - [17/Aug/2026:15:39:21 +0800] "GET /wp-content/cache/www.ryjh.ilc.edu.tw/wpfc-minified/qks8pbjw/6xr6.js HTTP/1.1" 200 35559 "https://www.ryjh.ilc.edu.tw/" "Mozilla/5.0 (Windows NT 10.0; Win64; x64) AppleWebKit/537.36 (KHTML, like Gecko) Chrome/151.0.0.0 Safari/537.36"
2001:288:a23c:1:3c35:9909:3053:483 - - [17/Aug/2026:15:39:21 +0800] "GET /wp-content/uploads/sites/1668/2025/11/%E5%B0%8F%E7%B4%85%E6%9B%B8.png HTTP/1.1" 200 18436 "https://www.ryjh.ilc.edu.tw/" "Mozilla/5.0 (Windows NT 10.0; Win64; x64) AppleWebKit/537.36 (KHTML, like Gecko) Chrome/151.0.0.0 Safari/537.36"
2001:288:a23c:1:3c35:9909:3053:483 - - [17/Aug/2026:15:39:21 +0800] "GET /wp-includes/js/hoverintent-js.min.js HTTP/1.1" 200 1597 "https://www.ryjh.ilc.edu.tw/" "Mozilla/5.0 (Windows NT 10.0; Win64; x64) AppleWebKit/537.36 (KHTML, like Gecko) Chrome/151.0.0.0 Safari/537.36"
2001:288:a23c:1:3c35:9909:3053:483 - - [17/Aug/2026:15:39:21 +0800] "GET /wp-includes/js/admin-bar.min.js HTTP/1.1" 200 2237 "https://www.ryjh.ilc.edu.tw/" "Mozilla/5.0 (Windows NT 10.0; Win64; x64) AppleWebKit/537.36 (KHTML, like Gecko) Chrome/151.0.0.0 Safari/537.36"
2001:288:a23c:1:3c35:9909:3053:483 - - [17/Aug/2026:15:39:21 +0800] "GET /wp-includes/js/imagesloaded.min.js HTTP/1.1" 200 2683 "https://www.ryjh.ilc.edu.tw/" "Mozilla/5.0 (Windows NT 10.0; Win64; x64) AppleWebKit/537.36 (KHTML, like Gecko) Chrome/151.0.0.0 Safari/537.36"
2001:288:a23c:1:3c35:9909:3053:483 - - [17/Aug/2026:15:39:21 +0800] "GET /wp-content/themes/oceanwp/assets/js/theme.min.js HTTP/1.1" 200 5130 "https://www.ryjh.ilc.edu.tw/" "Mozilla/5.0 (Windows NT 10.0; Win64; x64) AppleWebKit/537.36 (KHTML, like Gecko) Chrome/151.0.0.0 Safari/537.36"
2001:288:a23c:1:3c35:9909:3053:483 - - [17/Aug/2026:15:39:21 +0800] "GET /wp-content/themes/oceanwp/assets/js/drop-down-mobile-menu.min.js HTTP/1.1" 200 4663 "https://www.ryjh.ilc.edu.tw/" "Mozilla/5.0 (Windows NT 10.0; Win64; x64) AppleWebKit/537.36 (KHTML, like Gecko) Chrome/151.0.0.0 Safari/537.36"
2001:288:a23c:1:3c35:9909:3053:483 - - [17/Aug/2026:15:39:21 +0800] "GET /wp-content/themes/oceanwp/assets/js/drop-down-search.min.js HTTP/1.1" 200 2968 "https://www.ryjh.ilc.edu.tw/" "Mozilla/5.0 (Windows NT 10.0; Win64; x64) AppleWebKit/537.36 (KHTML, like Gecko) Chrome/151.0.0.0 Safari/537.36"
2001:288:a23c:1:3c35:9909:3053:483 - - [17/Aug/2026:15:39:21 +0800] "GET /wp-content/themes/oceanwp/assets/js/vendors/magnific-popup.min.js HTTP/1.1" 200 8270 "https://www.ryjh.ilc.edu.tw/" "Mozilla/5.0 (Windows NT 10.0; Win64; x64) AppleWebKit/537.36 (KHTML, like Gecko) Chrome/151.0.0.0 Safari/537.36"
2001:288:a23c:1:3c35:9909:3053:483 - - [17/Aug/2026:15:39:21 +0800] "GET /wp-content/themes/oceanwp/assets/js/ow-lightbox.min.js HTTP/1.1" 200 2321 "https://www.ryjh.ilc.edu.tw/" "Mozilla/5.0 (Windows NT 10.0; Win64; x64) AppleWebKit/537.36 (KHTML, like Gecko) Chrome/151.0.0.0 Safari/537.36"
2001:288:a23c:1:3c35:9909:3053:483 - - [17/Aug/2026:15:39:21 +0800] "GET /wp-content/themes/oceanwp/assets/js/vendors/flickity.pkgd.min.js HTTP/1.1" 200 15048 "https://www.ryjh.ilc.edu.tw/" "Mozilla/5.0 (Windows NT 10.0; Win64; x64) AppleWebKit/537.36 (KHTML, like Gecko) Chrome/151.0.0.0 Safari/537.36"
2001:288:a23c:1:3c35:9909:3053:483 - - [17/Aug/2026:15:39:21 +0800] "GET /wp-content/themes/oceanwp/assets/js/ow-slider.min.js HTTP/1.1" 200 1761 "https://www.ryjh.ilc.edu.tw/" "Mozilla/5.0 (Windows NT 10.0; Win64; x64) AppleWebKit/537.36 (KHTML, like Gecko) Chrome/151.0.0.0 Safari/537.36"
2001:288:a23c:1:3c35:9909:3053:483 - - [17/Aug/2026:15:39:21 +0800] "GET /wp-content/themes/oceanwp/assets/js/scroll-effect.min.js HTTP/1.1" 200 4127 "https://www.ryjh.ilc.edu.tw/" "Mozilla/5.0 (Windows NT 10.0; Win64; x64) AppleWebKit/537.36 (KHTML, like Gecko) Chrome/151.0.0.0 Safari/537.36"
2001:288:a23c:1:3c35:9909:3053:483 - - [17/Aug/2026:15:39:21 +0800] "GET /wp-content/themes/oceanwp/assets/js/scroll-top.min.js HTTP/1.1" 200 3202 "https://www.ryjh.ilc.edu.tw/" "Mozilla/5.0 (Windows NT 10.0; Win64; x64) AppleWebKit/537.36 (KHTML, like Gecko) Chrome/151.0.0.0 Safari/537.36"
2001:288:a23c:1:3c35:9909:3053:483 - - [17/Aug/2026:15:39:21 +0800] "GET /wp-content/themes/oceanwp/assets/js/select.min.js HTTP/1.1" 200 2408 "https://www.ryjh.ilc.edu.tw/" "Mozilla/5.0 (Windows NT 10.0; Win64; x64) AppleWebKit/537.36 (KHTML, like Gecko) Chrome/151.0.0.0 Safari/537.36"
2001:288:a23c:1:3c35:9909:3053:483 - - [17/Aug/2026:15:39:21 +0800] "GET /wp-content/plugins/ocean-extra/includes/widgets/js/flickr.min.js HTTP/1.1" 200 1319 "https://www.ryjh.ilc.edu.tw/" "Mozilla/5.0 (Windows NT 10.0; Win64; x64) AppleWebKit/537.36 (KHTML, like Gecko) Chrome/151.0.0.0 Safari/537.36"
2001:288:a23c:1:3c35:9909:3053:483 - - [17/Aug/2026:15:39:21 +0800] "GET /wp-content/plugins/elementor-pro/assets/lib/smartmenus/jquery.smartmenus.min.js HTTP/1.1" 200 7967 "https://www.ryjh.ilc.edu.tw/" "Mozilla/5.0 (Windows NT 10.0; Win64; x64) AppleWebKit/537.36 (KHTML, like Gecko) Chrome/151.0.0.0 Safari/537.36"
2001:288:a23c:1:3c35:9909:3053:483 - - [17/Aug/2026:15:39:21 +0800] "GET /wp-content/plugins/elementor-pro/assets/js/webpack-pro.runtime.min.js HTTP/1.1" 200 3562 "https://www.ryjh.ilc.edu.tw/" "Mozilla/5.0 (Windows NT 10.0; Win64; x64) AppleWebKit/537.36 (KHTML, like Gecko) Chrome/151.0.0.0 Safari/537.36"
2001:288:a23c:1:3c35:9909:3053:483 - - [17/Aug/2026:15:39:21 +0800] "GET /wp-content/plugins/elementor/assets/js/webpack.runtime.min.js HTTP/1.1" 200 3095 "https://www.ryjh.ilc.edu.tw/" "Mozilla/5.0 (Windows NT 10.0; Win64; x64) AppleWebKit/537.36 (KHTML, like Gecko) Chrome/151.0.0.0 Safari/537.36"
2001:288:a23c:1:3c35:9909:3053:483 - - [17/Aug/2026:15:39:21 +0800] "GET /wp-content/plugins/elementor/assets/js/frontend-modules.min.js HTTP/1.1" 200 19416 "https://www.ryjh.ilc.edu.tw/" "Mozilla/5.0 (Windows NT 10.0; Win64; x64) AppleWebKit/537.36 (KHTML, like Gecko) Chrome/151.0.0.0 Safari/537.36"
2001:288:a23c:1:3c35:9909:3053:483 - - [17/Aug/2026:15:39:21 +0800] "GET /wp-includes/js/dist/hooks.min.js HTTP/1.1" 200 2421 "https://www.ryjh.ilc.edu.tw/" "Mozilla/5.0 (Windows NT 10.0; Win64; x64) AppleWebKit/537.36 (KHTML, like Gecko) Chrome/151.0.0.0 Safari/537.36"
2001:288:a23c:1:3c35:9909:3053:483 - - [17/Aug/2026:15:39:21 +0800] "GET /wp-includes/js/dist/i18n.min.js HTTP/1.1" 200 4547 "https://www.ryjh.ilc.edu.tw/" "Mozilla/5.0 (Windows NT 10.0; Win64; x64) AppleWebKit/537.36 (KHTML, like Gecko) Chrome/151.0.0.0 Safari/537.36"
2001:288:a23c:1:3c35:9909:3053:483 - - [17/Aug/2026:15:39:21 +0800] "GET /wp-content/plugins/elementor-pro/assets/js/frontend.min.js HTTP/1.1" 200 7574 "https://www.ryjh.ilc.edu.tw/" "Mozilla/5.0 (Windows NT 10.0; Win64; x64) AppleWebKit/537.36 (KHTML, like Gecko) Chrome/151.0.0.0 Safari/537.36"
2001:288:a23c:1:3c35:9909:3053:483 - - [17/Aug/2026:15:39:21 +0800] "GET /wp-content/plugins/elementor/assets/lib/waypoints/waypoints.min.js HTTP/1.1" 200 3873 "https://www.ryjh.ilc.edu.tw/" "Mozilla/5.0 (Windows NT 10.0; Win64; x64) AppleWebKit/537.36 (KHTML, like Gecko) Chrome/151.0.0.0 Safari/537.36"
2001:288:a23c:1:3c35:9909:3053:483 - - [17/Aug/2026:15:39:21 +0800] "GET /wp-includes/js/jquery/ui/core.min.js HTTP/1.1" 200 7986 "https://www.ryjh.ilc.edu.tw/" "Mozilla/5.0 (Windows NT 10.0; Win64; x64) AppleWebKit/537.36 (KHTML, like Gecko) Chrome/151.0.0.0 Safari/537.36"
2001:288:a23c:1:3c35:9909:3053:483 - - [17/Aug/2026:15:39:21 +0800] "GET /wp-content/plugins/elementor/assets/js/frontend.min.js HTTP/1.1" 200 13169 "https://www.ryjh.ilc.edu.tw/" "Mozilla/5.0 (Windows NT 10.0; Win64; x64) AppleWebKit/537.36 (KHTML, like Gecko) Chrome/151.0.0.0 Safari/537.36"
2001:288:a23c:1:3c35:9909:3053:483 - - [17/Aug/2026:15:39:21 +0800] "GET /wp-content/plugins/elementor-pro/assets/js/elements-handlers.min.js HTTP/1.1" 200 10882 "https://www.ryjh.ilc.edu.tw/" "Mozilla/5.0 (Windows NT 10.0; Win64; x64) AppleWebKit/537.36 (KHTML, like Gecko) Chrome/151.0.0.0 Safari/537.36"
2001:288:a23c:1:3c35:9909:3053:483 - - [17/Aug/2026:15:39:21 +0800] "GET /wp-content/uploads/sites/1668/28341/28341-2949965.png HTTP/1.1" 200 26568 "https://www.ryjh.ilc.edu.tw/" "Mozilla/5.0 (Windows NT 10.0; Win64; x64) AppleWebKit/537.36 (KHTML, like Gecko) Chrome/151.0.0.0 Safari/537.36"
140.111.191.136 - - [17/Aug/2026:15:39:21 +0800] "GET /wp-content/plugins/elementor/assets/lib/swiper/v8/swiper.min.js?ver=8.4.5 HTTP/1.1" 200 40708 "https://www.ilc.edu.tw/" "Mozilla/5.0 (Windows NT 10.0; Win64; x64) AppleWebKit/537.36 (KHTML, like Gecko) Chrome/151.0.0.0 Safari/537.36"
2001:288:a23c:1:3c35:9909:3053:483 - - [17/Aug/2026:15:39:21 +0800] "GET /wp-content/themes/oceanwp/assets/fonts/fontawesome/webfonts/fa-regular-400.woff2 HTTP/1.1" 200 25383 "https://www.ryjh.ilc.edu.tw/wp-content/cache/www.ryjh.ilc.edu.tw/wpfc-minified/llhitze8/6xr6.css" "Mozilla/5.0 (Windows NT 10.0; Win64; x64) AppleWebKit/537.36 (KHTML, like Gecko) Chrome/151.0.0.0 Safari/537.36"
2001:288:a23c:1:3c35:9909:3053:483 - - [17/Aug/2026:15:39:21 +0800] "GET /wp-content/plugins/elementor/assets/lib/font-awesome/webfonts/fa-solid-900.woff2 HTTP/1.1" 200 79223 "https://www.ryjh.ilc.edu.tw/wp-content/cache/www.ryjh.ilc.edu.tw/wpfc-minified/kn9i7rpp/6xr5.css" "Mozilla/5.0 (Windows NT 10.0; Win64; x64) AppleWebKit/537.36 (KHTML, like Gecko) Chrome/151.0.0.0 Safari/537.36"
140.111.191.136 - - [17/Aug/2026:15:39:21 +0800] "GET /wp-content/uploads/sites/3846/2023/05/cropped-%E6%95%99%E8%82%B2%E8%99%95logo-32x32.jpg HTTP/1.1" 200 1571 "https://www.ilc.edu.tw/" "Mozilla/5.0 (Windows NT 10.0; Win64; x64) AppleWebKit/537.36 (KHTML, like Gecko) Chrome/151.0.0.0 Safari/537.36"
2001:288:a253:1:c128:4d91:89e9:d8b4 - - [17/Aug/2026:15:39:21 +0800] "-" 408 4796 "-" "-"
2001:288:a23c:1:3c35:9909:3053:483 - - [17/Aug/2026:15:39:21 +0800] "GET /wp-content/plugins/elementor/assets/js/video.d11c91c1b2b642a34601.bundle.min.js HTTP/1.1" 200 2161 "https://www.ryjh.ilc.edu.tw/" "Mozilla/5.0 (Windows NT 10.0; Win64; x64) AppleWebKit/537.36 (KHTML, like Gecko) Chrome/151.0.0.0 Safari/537.36"
2001:288:a23c:1:3c35:9909:3053:483 - - [17/Aug/2026:15:39:21 +0800] "GET /wp-content/plugins/elementor-pro/assets/js/nav-menu.e65811186e94a386ba7b.bundle.min.js HTTP/1.1" 200 2690 "https://www.ryjh.ilc.edu.tw/" "Mozilla/5.0 (Windows NT 10.0; Win64; x64) AppleWebKit/537.36 (KHTML, like Gecko) Chrome/151.0.0.0 Safari/537.36"
52.167.144.230 - - [17/Aug/2026:15:39:21 +0800] "GET /1003/?s=%E9%99%B3%E5%B0%8F%E6%98%A5%E4%BA%BA%E4%B8%80%E5%80%8B%E6%AD%8C%E8%A9%9E HTTP/1.1" 200 13815 "-" "Mozilla/5.0 AppleWebKit/537.36 (KHTML, like Gecko; compatible; bingbot/2.0; +http://www.bing.com/bingbot.htm) Chrome/116.0.1938.76 Safari/537.36"
2001:288:a23c:1:3c35:9909:3053:483 - - [17/Aug/2026:15:39:21 +0800] "GET /wp-content/uploads/sites/1668/28341/28341-3430977.png HTTP/1.1" 200 720767 "https://www.ryjh.ilc.edu.tw/wp-content/uploads/sites/1668/elementor/css/post-348.css" "Mozilla/5.0 (Windows NT 10.0; Win64; x64) AppleWebKit/537.36 (KHTML, like Gecko) Chrome/151.0.0.0 Safari/537.36"
120.101.215.146 - - [17/Aug/2026:15:39:22 +0800] "POST /wp-admin/admin-ajax.php HTTP/1.1" 200 5926 "https://www.najh.ilc.edu.tw/wp-admin/" "Mozilla/5.0 (Windows NT 10.0; Win64; x64) AppleWebKit/537.36 (KHTML, like Gecko) Chrome/151.0.0.0 Safari/537.36"
2001:288:a217:1:44a9:d798:643:cfe8 - - [17/Aug/2026:15:39:23 +0800] "GET /wp-content/uploads/sites/3846/2026/08/%E8%BE%B2%E6%A5%AD%E9%83%A8%E5%BB%A3%E5%91%8A.jpg HTTP/1.1" 200 240914 "https://it.ilc.edu.tw/" "Mozilla/5.0 (Windows NT 10.0; Win64; x64) AppleWebKit/537.36 (KHTML, like Gecko) Chrome/151.0.0.0 Safari/537.36 Edg/151.0.0.0"
2001:288:a217:1:44a9:d798:643:cfe8 - - [17/Aug/2026:15:39:23 +0800] "GET /wp-content/uploads/sites/3846/2026/02/%E9%81%BF%E5%85%8D%E8%AA%A4%E5%85%A5%E8%A9%90%E9%A8%99%E7%B6%B2%E7%AB%99APP%E5%B0%8F%E5%B8%B8%E8%AD%98.jpg HTTP/1.1" 200 459624 "https://it.ilc.edu.tw/" "Mozilla/5.0 (Windows NT 10.0; Win64; x64) AppleWebKit/537.36 (KHTML, like Gecko) Chrome/151.0.0.0 Safari/537.36 Edg/151.0.0.0"
2001:288:a217:1:44a9:d798:643:cfe8 - - [17/Aug/2026:15:39:23 +0800] "GET /wp-content/uploads/sites/3846/2026/06/%E5%AE%A3%E5%82%B3%E5%9C%96%E7%89%87.png HTTP/1.1" 200 1053112 "https://it.ilc.edu.tw/" "Mozilla/5.0 (Windows NT 10.0; Win64; x64) AppleWebKit/537.36 (KHTML, like Gecko) Chrome/151.0.0.0 Safari/537.36 Edg/151.0.0.0"
2001:288:a217:1:44a9:d798:643:cfe8 - - [17/Aug/2026:15:39:23 +0800] "GET /wp-content/uploads/sites/3846/2026/06/2026%E5%AE%9C%E8%98%AD%E7%98%8B%E5%AD%B8%E7%BF%92-%E6%9A%91%E5%81%87_%E6%95%99%E8%82%B2%E8%99%95%E9%A6%96%E9%A0%81-1440-x-1080-%E5%83%8F%E7%B4%A0.png HTTP/1.1" 200 2050723 "https://it.ilc.edu.tw/" "Mozilla/5.0 (Windows NT 10.0; Win64; x64) AppleWebKit/537.36 (KHTML, like Gecko) Chrome/151.0.0.0 Safari/537.36 Edg/151.0.0.0"
140.111.67.10 - - [17/Aug/2026:15:39:25 +0800] "GET /" 301 273 "-" "-"
2001:288:a201::66:125 - - [17/Aug/2026:15:39:25 +0800] "GET /blog/active.php HTTP/1.1" 301 1026 "-" "-"
2001:288:a201::66:125 - - [17/Aug/2026:15:39:25 +0800] "GET /blog/active.php HTTP/1.1" 404 1084 "-" "-"
211.22.184.58 - - [17/Aug/2026:15:39:26 +0800] "HEAD /1003/feed/ HTTP/1.1" 200 5453 "-" "Mozilla/5.0 (Windows NT 6.1) AppleWebKit/538.1 (KHTML, like Gecko) QuiteRSS/0.18.12 Safari/538.1"
::1 - - [17/Aug/2026:15:39:27 +0800] "OPTIONS * HTTP/1.0" 200 110 "-" "Apache/2.4.68 (Ubuntu) OpenSSL/3.0.19 (internal dummy connection)"
35.174.141.243 - - [17/Aug/2026:15:39:28 +0800] "GET /32745/wp-content/uploads/sites/1271/2024/09/1-92-300x147.jpg HTTP/1.1" 200 16489 "-" "Mozilla/5.0 AppleWebKit/537.36 (KHTML, like Gecko; compatible; Amazonbot/0.1; +https://developer.amazon.com/support/amazonbot) Chrome/119.0.6045.214 Safari/537.36"
::1 - - [17/Aug/2026:15:39:28 +0800] "OPTIONS * HTTP/1.0" 200 110 "-" "Apache/2.4.68 (Ubuntu) OpenSSL/3.0.19 (internal dummy connection)"
::1 - - [17/Aug/2026:15:39:29 +0800] "OPTIONS * HTTP/1.0" 200 110 "-" "Apache/2.4.68 (Ubuntu) OpenSSL/3.0.19 (internal dummy connection)"
66.249.68.200 - - [17/Aug/2026:15:39:29 +0800] "GET /12/2011/05/02/%E9%BE%9C%E5%B1%B1%E5%B3%B6/ HTTP/1.1" 200 15522 "-" "Mozilla/5.0 (Linux; Android 6.0.1; Nexus 5X Build/MMB29P) AppleWebKit/537.36 (KHTML, like Gecko) Chrome/150.0.7871.186 Mobile Safari/537.36 (compatible; GoogleOther)"
140.111.67.10 - - [17/Aug/2026:15:39:30 +0800] "GET /" 301 273 "-" "-"
::1 - - [17/Aug/2026:15:39:30 +0800] "OPTIONS * HTTP/1.0" 200 110 "-" "Apache/2.4.68 (Ubuntu) OpenSSL/3.0.19 (internal dummy connection)"
2001:4860:7:410::f6 - - [17/Aug/2026:15:39:30 +0800] "GET / HTTP/1.1" 200 31593 "https://www.google.com/" "Mozilla/5.0 (Windows NT 10.0; Win64; x64) AppleWebKit/537.36 (KHTML, like Gecko) Chrome/151.0.0.0 Safari/537.36"
2001:288:a201::66:125 - - [17/Aug/2026:15:39:30 +0800] "GET /blog/active.php HTTP/1.1" 404 1084 "-" "-"
2001:288:a201::66:125 - - [17/Aug/2026:15:39:30 +0800] "GET /blog/active.php HTTP/1.1" 301 1026 "-" "-"
::1 - - [17/Aug/2026:15:39:31 +0800] "OPTIONS * HTTP/1.0" 200 110 "-" "Apache/2.4.68 (Ubuntu) OpenSSL/3.0.19 (internal dummy connection)"
::1 - - [17/Aug/2026:15:39:32 +0800] "OPTIONS * HTTP/1.0" 200 110 "-" "Apache/2.4.68 (Ubuntu) OpenSSL/3.0.19 (internal dummy connection)"
66.249.71.64 - - [17/Aug/2026:15:39:32 +0800] "POST /12/wp-json/ilc-summary/v1/popular-posts HTTP/1.1" 201 6050 "https://2blog.ilc.edu.tw/12/2011/05/02/%E9%BE%9C%E5%B1%B1%E5%B3%B6/" "Mozilla/5.0 (Linux; Android 6.0.1; Nexus 5X Build/MMB29P) AppleWebKit/537.36 (KHTML, like Gecko) Chrome/150.0.7871.186 Mobile Safari/537.36 (compatible; GoogleOther)"
2001:288:a253:1:c128:4d91:89e9:d8b4 - - [17/Aug/2026:15:39:32 +0800] "GET /26066/ HTTP/1.1" 200 16868 "https://2blog.ilc.edu.tw/26066/" "Mozilla/5.0 (Windows NT 10.0; Win64; x64) AppleWebKit/537.36 (KHTML, like Gecko) Chrome/151.0.0.0 Safari/537.36"
::1 - - [17/Aug/2026:15:39:33 +0800] "OPTIONS * HTTP/1.0" 200 110 "-" "Apache/2.4.68 (Ubuntu) OpenSSL/3.0.19 (internal dummy connection)"
::1 - - [17/Aug/2026:15:39:34 +0800] "OPTIONS * HTTP/1.0" 200 110 "-" "Apache/2.4.68 (Ubuntu) OpenSSL/3.0.19 (internal dummy connection)"
140.111.67.10 - - [17/Aug/2026:15:39:35 +0800] "GET /" 301 273 "-" "-"
::1 - - [17/Aug/2026:15:39:35 +0800] "OPTIONS * HTTP/1.0" 200 110 "-" "Apache/2.4.68 (Ubuntu) OpenSSL/3.0.19 (internal dummy connection)"
66.249.68.200 - - [17/Aug/2026:15:39:35 +0800] "GET /12/2009/03/ HTTP/1.1" 200 14861 "-" "Mozilla/5.0 (Linux; Android 6.0.1; Nexus 5X Build/MMB29P) AppleWebKit/537.36 (KHTML, like Gecko) Chrome/150.0.7871.186 Mobile Safari/537.36 (compatible; Googlebot/2.1; +http://www.google.com/bot.html)"
2001:288:a201::66:125 - - [17/Aug/2026:15:39:35 +0800] "GET /blog/active.php HTTP/1.1" 301 1026 "-" "-"
2001:288:a201::66:125 - - [17/Aug/2026:15:39:35 +0800] "GET /blog/active.php HTTP/1.1" 404 1084 "-" "-"
::1 - - [17/Aug/2026:15:39:36 +0800] "OPTIONS * HTTP/1.0" 200 110 "-" "Apache/2.4.68 (Ubuntu) OpenSSL/3.0.19 (internal dummy connection)"
52.167.144.238 - - [17/Aug/2026:15:39:36 +0800] "GET / HTTP/1.1" 200 21229 "-" "Mozilla/5.0 AppleWebKit/537.36 (KHTML, like Gecko; compatible; bingbot/2.0; +http://www.bing.com/bingbot.htm) Chrome/116.0.1938.76 Safari/537.36"
::1 - - [17/Aug/2026:15:39:37 +0800] "OPTIONS * HTTP/1.0" 200 110 "-" "Apache/2.4.68 (Ubuntu) OpenSSL/3.0.19 (internal dummy connection)"
2001:b011:7803:358d:4615:2018:2c6e:649 - - [17/Aug/2026:15:39:37 +0800] "-" 408 339 "-" "-"
2001:b011:7803:358d:4615:2018:2c6e:649 - - [17/Aug/2026:15:39:37 +0800] "-" 408 339 "-" "-"
::1 - - [17/Aug/2026:15:39:38 +0800] "OPTIONS * HTTP/1.0" 200 110 "-" "Apache/2.4.68 (Ubuntu) OpenSSL/3.0.19 (internal dummy connection)"
34.234.200.207 - - [17/Aug/2026:15:39:39 +0800] "GET /wp-content/uploads/sites/2040/staatic/resources/2/a6886db8ad229c6bf1d2ec40cda179fa4e3c5de HTTP/1.1" 200 13238 "-" "Mozilla/5.0 AppleWebKit/537.36 (KHTML, like Gecko; compatible; Amazonbot/0.1; +https://developer.amazon.com/support/amazonbot) Chrome/119.0.6045.214 Safari/537.36"
192.178.15.226 - - [17/Aug/2026:15:39:39 +0800] "GET /%E7%A4%81%E4%B8%AD%E6%B4%BB%E5%8B%95%E7%9B%B8%E7%89%87/ HTTP/1.1" 200 45559 "-" "Mozilla/5.0 (Linux; Android 10; K) AppleWebKit/537.36 (KHTML, like Gecko) Chrome/138.0.0.0 Mobile Safari/537.36 (compatible; Google-Read-Aloud; +https://support.google.com/webmasters/answer/1061943)"
192.178.15.228 - - [17/Aug/2026:15:39:39 +0800] "GET /%E7%A4%81%E4%B8%AD%E6%B4%BB%E5%8B%95%E7%9B%B8%E7%89%87/ HTTP/1.1" 200 45559 "-" "Mozilla/5.0 (Linux; Android 10; K) AppleWebKit/537.36 (KHTML, like Gecko) Chrome/138.0.0.0 Mobile Safari/537.36 (compatible; Google-Read-Aloud; +https://support.google.com/webmasters/answer/1061943)"
140.111.67.10 - - [17/Aug/2026:15:39:40 +0800] "GET /" 301 273 "-" "-"
35.168.238.50 - - [17/Aug/2026:15:39:39 +0800] "GET /32745/2025/09/27/%E6%B5%AA%E5%AD%90%E7%84%A1%E5%9B%9E%E9%A0%AD/ HTTP/1.1" 200 92506 "-" "Mozilla/5.0 AppleWebKit/537.36 (KHTML, like Gecko; compatible; Amazonbot/0.1; +https://developer.amazon.com/support/amazonbot) Chrome/119.0.6045.214 Safari/537.36"
192.178.15.228 - - [17/Aug/2026:15:39:40 +0800] "GET /wp-content/uploads/sites/980/elementor/css/post-3463.css HTTP/1.1" 200 1374 "https://www.csjh.ilc.edu.tw/%E7%A4%81%E4%B8%AD%E6%B4%BB%E5%8B%95%E7%9B%B8%E7%89%87/" "Mozilla/5.0 (Linux; Android 10; K) AppleWebKit/537.36 (KHTML, like Gecko) Chrome/138.0.0.0 Mobile Safari/537.36 (compatible; Google-Read-Aloud; +https://support.google.com/webmasters/answer/1061943)"
192.178.15.226 - - [17/Aug/2026:15:39:40 +0800] "GET /wp-content/uploads/sites/980/elementor/css/post-323.css HTTP/1.1" 200 1212 "https://www.csjh.ilc.edu.tw/%E7%A4%81%E4%B8%AD%E6%B4%BB%E5%8B%95%E7%9B%B8%E7%89%87/" "Mozilla/5.0 (Linux; Android 10; K) AppleWebKit/537.36 (KHTML, like Gecko) Chrome/138.0.0.0 Mobile Safari/537.36 (compatible; Google-Read-Aloud; +https://support.google.com/webmasters/answer/1061943)"
2001:288:a201::66:125 - - [17/Aug/2026:15:39:40 +0800] "GET /blog/active.php HTTP/1.1" 301 1026 "-" "-"
192.178.15.228 - - [17/Aug/2026:15:39:40 +0800] "GET /wp-content/uploads/sites/980/elementor/css/post-1035.css HTTP/1.1" 200 6815 "https://www.csjh.ilc.edu.tw/%E7%A4%81%E4%B8%AD%E6%B4%BB%E5%8B%95%E7%9B%B8%E7%89%87/" "Mozilla/5.0 (Linux; Android 10; K) AppleWebKit/537.36 (KHTML, like Gecko) Chrome/138.0.0.0 Mobile Safari/537.36 (compatible; Google-Read-Aloud; +https://support.google.com/webmasters/answer/1061943)"
192.178.15.227 - - [17/Aug/2026:15:39:40 +0800] "GET /wp-content/cache/www.csjh.ilc.edu.tw/wpfc-minified/jo4xbmot/7160.css HTTP/1.1" 200 12490 "https://www.csjh.ilc.edu.tw/%E7%A4%81%E4%B8%AD%E6%B4%BB%E5%8B%95%E7%9B%B8%E7%89%87/" "Mozilla/5.0 (Linux; Android 10; K) AppleWebKit/537.36 (KHTML, like Gecko) Chrome/138.0.0.0 Mobile Safari/537.36 (compatible; Google-Read-Aloud; +https://support.google.com/webmasters/answer/1061943)"
192.178.15.228 - - [17/Aug/2026:15:39:40 +0800] "GET /wp-content/cache/www.csjh.ilc.edu.tw/wpfc-minified/1z16c07/7160.css HTTP/1.1" 200 53736 "https://www.csjh.ilc.edu.tw/%E7%A4%81%E4%B8%AD%E6%B4%BB%E5%8B%95%E7%9B%B8%E7%89%87/" "Mozilla/5.0 (Linux; Android 10; K) AppleWebKit/537.36 (KHTML, like Gecko) Chrome/138.0.0.0 Mobile Safari/537.36 (compatible; Google-Read-Aloud; +https://support.google.com/webmasters/answer/1061943)"
2001:288:a201::66:125 - - [17/Aug/2026:15:39:40 +0800] "GET /blog/active.php HTTP/1.1" 404 1084 "-" "-"
192.178.15.227 - - [17/Aug/2026:15:39:41 +0800] "GET /wp-content/uploads/sites/980/elementor/css/post-651.css HTTP/1.1" 200 5726 "https://www.csjh.ilc.edu.tw/%E7%A4%81%E4%B8%AD%E6%B4%BB%E5%8B%95%E7%9B%B8%E7%89%87/" "Mozilla/5.0 (Linux; Android 10; K) AppleWebKit/537.36 (KHTML, like Gecko) Chrome/138.0.0.0 Mobile Safari/537.36 (compatible; Google-Read-Aloud; +https://support.google.com/webmasters/answer/1061943)"
192.178.15.228 - - [17/Aug/2026:15:39:41 +0800] "GET /wp-content/cache/www.csjh.ilc.edu.tw/wpfc-minified/6wb17dsj/7160.css HTTP/1.1" 200 5944 "https://www.csjh.ilc.edu.tw/%E7%A4%81%E4%B8%AD%E6%B4%BB%E5%8B%95%E7%9B%B8%E7%89%87/" "Mozilla/5.0 (Linux; Android 10; K) AppleWebKit/537.36 (KHTML, like Gecko) Chrome/138.0.0.0 Mobile Safari/537.36 (compatible; Google-Read-Aloud; +https://support.google.com/webmasters/answer/1061943)"
192.178.15.226 - - [17/Aug/2026:15:39:41 +0800] "GET /wp-content/uploads/sites/980/elementor/css/post-651.css HTTP/1.1" 200 939 "https://www.csjh.ilc.edu.tw/%E7%A4%81%E4%B8%AD%E6%B4%BB%E5%8B%95%E7%9B%B8%E7%89%87/" "Mozilla/5.0 (Linux; Android 10; K) AppleWebKit/537.36 (KHTML, like Gecko) Chrome/138.0.0.0 Mobile Safari/537.36 (compatible; Google-Read-Aloud; +https://support.google.com/webmasters/answer/1061943)"
192.178.15.228 - - [17/Aug/2026:15:39:40 +0800] "GET /wp-content/uploads/sites/980/elementor/css/post-2127.css HTTP/1.1" 200 6056 "https://www.csjh.ilc.edu.tw/%E7%A4%81%E4%B8%AD%E6%B4%BB%E5%8B%95%E7%9B%B8%E7%89%87/" "Mozilla/5.0 (Linux; Android 10; K) AppleWebKit/537.36 (KHTML, like Gecko) Chrome/138.0.0.0 Mobile Safari/537.36 (compatible; Google-Read-Aloud; +https://support.google.com/webmasters/answer/1061943)"
192.178.15.228 - - [17/Aug/2026:15:39:41 +0800] "GET /wp-content/uploads/sites/980/elementor/css/post-622.css HTTP/1.1" 200 5848 "https://www.csjh.ilc.edu.tw/%E7%A4%81%E4%B8%AD%E6%B4%BB%E5%8B%95%E7%9B%B8%E7%89%87/" "Mozilla/5.0 (Linux; Android 10; K) AppleWebKit/537.36 (KHTML, like Gecko) Chrome/138.0.0.0 Mobile Safari/537.36 (compatible; Google-Read-Aloud; +https://support.google.com/webmasters/answer/1061943)"
192.178.15.226 - - [17/Aug/2026:15:39:41 +0800] "GET /wp-content/cache/www.csjh.ilc.edu.tw/wpfc-minified/jo4xbmot/7160.css HTTP/1.1" 200 12490 "https://www.csjh.ilc.edu.tw/%E7%A4%81%E4%B8%AD%E6%B4%BB%E5%8B%95%E7%9B%B8%E7%89%87/" "Mozilla/5.0 (Linux; Android 10; K) AppleWebKit/537.36 (KHTML, like Gecko) Chrome/138.0.0.0 Mobile Safari/537.36 (compatible; Google-Read-Aloud; +https://support.google.com/webmasters/answer/1061943)"
192.178.15.227 - - [17/Aug/2026:15:39:41 +0800] "GET /wp-content/uploads/sites/980/elementor/css/post-618.css HTTP/1.1" 200 5749 "https://www.csjh.ilc.edu.tw/%E7%A4%81%E4%B8%AD%E6%B4%BB%E5%8B%95%E7%9B%B8%E7%89%87/" "Mozilla/5.0 (Linux; Android 10; K) AppleWebKit/537.36 (KHTML, like Gecko) Chrome/138.0.0.0 Mobile Safari/537.36 (compatible; Google-Read-Aloud; +https://support.google.com/webmasters/answer/1061943)"
192.178.15.226 - - [17/Aug/2026:15:39:41 +0800] "GET /wp-content/uploads/sites/980/elementor/css/post-618.css HTTP/1.1" 200 5749 "https://www.csjh.ilc.edu.tw/%E7%A4%81%E4%B8%AD%E6%B4%BB%E5%8B%95%E7%9B%B8%E7%89%87/" "Mozilla/5.0 (Linux; Android 10; K) AppleWebKit/537.36 (KHTML, like Gecko) Chrome/138.0.0.0 Mobile Safari/537.36 (compatible; Google-Read-Aloud; +https://support.google.com/webmasters/answer/1061943)"
192.178.15.227 - - [17/Aug/2026:15:39:41 +0800] "GET /wp-content/cache/www.csjh.ilc.edu.tw/wpfc-minified/8tosrx9w/7160.css HTTP/1.1" 200 45671 "https://www.csjh.ilc.edu.tw/%E7%A4%81%E4%B8%AD%E6%B4%BB%E5%8B%95%E7%9B%B8%E7%89%87/" "Mozilla/5.0 (Linux; Android 10; K) AppleWebKit/537.36 (KHTML, like Gecko) Chrome/138.0.0.0 Mobile Safari/537.36 (compatible; Google-Read-Aloud; +https://support.google.com/webmasters/answer/1061943)"
192.178.15.227 - - [17/Aug/2026:15:39:40 +0800] "GET /wp-content/cache/www.csjh.ilc.edu.tw/wpfc-minified/2dy3gs0b/7161.js HTTP/1.1" 200 40345 "https://www.csjh.ilc.edu.tw/%E7%A4%81%E4%B8%AD%E6%B4%BB%E5%8B%95%E7%9B%B8%E7%89%87/" "Mozilla/5.0 (Linux; Android 10; K) AppleWebKit/537.36 (KHTML, like Gecko) Chrome/138.0.0.0 Mobile Safari/537.36 (compatible; Google-Read-Aloud; +https://support.google.com/webmasters/answer/1061943)"
52.167.144.230 - - [17/Aug/2026:15:39:41 +0800] "GET /1003/?s=%EB%A6%AC%EB%85%B8+%EC%A0%84%EB%AC%B4+%EB%B0%9C%EC%82%AC%EB%8C%80 HTTP/1.1" 200 13809 "-" "Mozilla/5.0 AppleWebKit/537.36 (KHTML, like Gecko; compatible; bingbot/2.0; +http://www.bing.com/bingbot.htm) Chrome/116.0.1938.76 Safari/537.36"
192.178.15.227 - - [17/Aug/2026:15:39:41 +0800] "GET /wp-content/plugins/elementor/assets/lib/font-awesome/webfonts/fa-solid-900.woff2 HTTP/1.1" 200 79223 "https://www.csjh.ilc.edu.tw/wp-content/cache/www.csjh.ilc.edu.tw/wpfc-minified/1bot10hg/7160.css" "Mozilla/5.0 (Linux; Android 10; K) AppleWebKit/537.36 (KHTML, like Gecko) Chrome/138.0.0.0 Mobile Safari/537.36 (compatible; Google-Read-Aloud; +https://support.google.com/webmasters/answer/1061943)"
192.178.15.226 - - [17/Aug/2026:15:39:42 +0800] "GET /wp-includes/js/hoverintent-js.min.js HTTP/1.1" 200 1597 "https://www.csjh.ilc.edu.tw/%E7%A4%81%E4%B8%AD%E6%B4%BB%E5%8B%95%E7%9B%B8%E7%89%87/" "Mozilla/5.0 (Linux; Android 10; K) AppleWebKit/537.36 (KHTML, like Gecko) Chrome/138.0.0.0 Mobile Safari/537.36 (compatible; Google-Read-Aloud; +https://support.google.com/webmasters/answer/1061943)"
192.178.15.226 - - [17/Aug/2026:15:39:42 +0800] "GET /wp-content/plugins/ocean-extra/includes/widgets/js/flickr.min.js HTTP/1.1" 200 1319 "https://www.csjh.ilc.edu.tw/%E7%A4%81%E4%B8%AD%E6%B4%BB%E5%8B%95%E7%9B%B8%E7%89%87/" "Mozilla/5.0 (Linux; Android 10; K) AppleWebKit/537.36 (KHTML, like Gecko) Chrome/138.0.0.0 Mobile Safari/537.36 (compatible; Google-Read-Aloud; +https://support.google.com/webmasters/answer/1061943)"
192.178.15.228 - - [17/Aug/2026:15:39:42 +0800] "GET /wp-includes/js/dist/i18n.min.js HTTP/1.1" 200 4547 "https://www.csjh.ilc.edu.tw/%E7%A4%81%E4%B8%AD%E6%B4%BB%E5%8B%95%E7%9B%B8%E7%89%87/" "Mozilla/5.0 (Linux; Android 10; K) AppleWebKit/537.36 (KHTML, like Gecko) Chrome/138.0.0.0 Mobile Safari/537.36 (compatible; Google-Read-Aloud; +https://support.google.com/webmasters/answer/1061943)"
192.178.15.228 - - [17/Aug/2026:15:39:42 +0800] "GET /wp-content/themes/oceanwp/assets/js/theme.min.js HTTP/1.1" 200 5130 "https://www.csjh.ilc.edu.tw/%E7%A4%81%E4%B8%AD%E6%B4%BB%E5%8B%95%E7%9B%B8%E7%89%87/" "Mozilla/5.0 (Linux; Android 10; K) AppleWebKit/537.36 (KHTML, like Gecko) Chrome/138.0.0.0 Mobile Safari/537.36 (compatible; Google-Read-Aloud; +https://support.google.com/webmasters/answer/1061943)"
192.178.15.226 - - [17/Aug/2026:15:39:42 +0800] "GET /wp-content/plugins/elementor/assets/js/frontend-modules.min.js HTTP/1.1" 200 19416 "https://www.csjh.ilc.edu.tw/%E7%A4%81%E4%B8%AD%E6%B4%BB%E5%8B%95%E7%9B%B8%E7%89%87/" "Mozilla/5.0 (Linux; Android 10; K) AppleWebKit/537.36 (KHTML, like Gecko) Chrome/138.0.0.0 Mobile Safari/537.36 (compatible; Google-Read-Aloud; +https://support.google.com/webmasters/answer/1061943)"
192.178.15.228 - - [17/Aug/2026:15:39:42 +0800] "GET /wp-content/plugins/elementor-pro/assets/js/elements-handlers.min.js HTTP/1.1" 200 10882 "https://www.csjh.ilc.edu.tw/%E7%A4%81%E4%B8%AD%E6%B4%BB%E5%8B%95%E7%9B%B8%E7%89%87/" "Mozilla/5.0 (Linux; Android 10; K) AppleWebKit/537.36 (KHTML, like Gecko) Chrome/138.0.0.0 Mobile Safari/537.36 (compatible; Google-Read-Aloud; +https://support.google.com/webmasters/answer/1061943)"
1.169.11.242 - - [17/Aug/2026:15:39:42 +0800] "GET / HTTP/1.1" 200 29844 "https://www.google.com/" "Mozilla/5.0 (Windows NT 10.0; Win64; x64) AppleWebKit/537.36 (KHTML, like Gecko) Chrome/151.0.0.0 Safari/537.36"
1.169.11.242 - - [17/Aug/2026:15:39:42 +0800] "GET /wp-content/cache/www.yeses.ilc.edu.tw/wpfc-minified/4qskn9o/bflo8.css HTTP/1.1" 200 40886 "https://www.yeses.ilc.edu.tw/" "Mozilla/5.0 (Windows NT 10.0; Win64; x64) AppleWebKit/537.36 (KHTML, like Gecko) Chrome/151.0.0.0 Safari/537.36"
1.169.11.242 - - [17/Aug/2026:15:39:42 +0800] "GET /wp-content/cache/www.yeses.ilc.edu.tw/wpfc-minified/qtr4ae6o/bfpbu.css HTTP/1.1" 200 15980 "https://www.yeses.ilc.edu.tw/" "Mozilla/5.0 (Windows NT 10.0; Win64; x64) AppleWebKit/537.36 (KHTML, like Gecko) Chrome/151.0.0.0 Safari/537.36"
1.169.11.242 - - [17/Aug/2026:15:39:42 +0800] "GET /wp-content/cache/www.yeses.ilc.edu.tw/wpfc-minified/kentcdjr/bflo8.css HTTP/1.1" 200 18538 "https://www.yeses.ilc.edu.tw/" "Mozilla/5.0 (Windows NT 10.0; Win64; x64) AppleWebKit/537.36 (KHTML, like Gecko) Chrome/151.0.0.0 Safari/537.36"
1.169.11.242 - - [17/Aug/2026:15:39:42 +0800] "GET /wp-content/cache/www.yeses.ilc.edu.tw/wpfc-minified/mo6k5vl0/bflo8.css HTTP/1.1" 200 12254 "https://www.yeses.ilc.edu.tw/" "Mozilla/5.0 (Windows NT 10.0; Win64; x64) AppleWebKit/537.36 (KHTML, like Gecko) Chrome/151.0.0.0 Safari/537.36"
1.169.11.242 - - [17/Aug/2026:15:39:42 +0800] "GET /wp-content/cache/www.yeses.ilc.edu.tw/wpfc-minified/mas60gdk/bflo8.js HTTP/1.1" 200 35559 "https://www.yeses.ilc.edu.tw/" "Mozilla/5.0 (Windows NT 10.0; Win64; x64) AppleWebKit/537.36 (KHTML, like Gecko) Chrome/151.0.0.0 Safari/537.36"
1.169.11.242 - - [17/Aug/2026:15:39:42 +0800] "GET /wp-content/uploads/sites/890/2026/08/%E5%9C%8B%E5%AE%B6%E5%9C%98%E7%B5%90%E6%9C%88%E8%88%87%E5%9F%8E%E9%8E%AE%E9%9F%8C%E6%80%A7%E8%BC%AA%E6%92%AD.gif HTTP/1.1" 200 1881493 "https://www.yeses.ilc.edu.tw/" "Mozilla/5.0 (Windows NT 10.0; Win64; x64) AppleWebKit/537.36 (KHTML, like Gecko) Chrome/151.0.0.0 Safari/537.36"
192.178.15.228 - - [17/Aug/2026:15:39:42 +0800] "GET /wp-includes/js/dist/hooks.min.js HTTP/1.1" 200 2421 "https://www.csjh.ilc.edu.tw/%E7%A4%81%E4%B8%AD%E6%B4%BB%E5%8B%95%E7%9B%B8%E7%89%87/" "Mozilla/5.0 (Linux; Android 10; K) AppleWebKit/537.36 (KHTML, like Gecko) Chrome/138.0.0.0 Mobile Safari/537.36 (compatible; Google-Read-Aloud; +https://support.google.com/webmasters/answer/1061943)"
1.169.11.242 - - [17/Aug/2026:15:39:42 +0800] "GET /wp-content/themes/huemanilc/assets/front/webfonts/fa-solid-900.woff2?v=5.5.0 HTTP/1.1" 200 74879 "https://www.yeses.ilc.edu.tw/wp-content/cache/www.yeses.ilc.edu.tw/wpfc-minified/mo6k5vl0/bflo8.css" "Mozilla/5.0 (Windows NT 10.0; Win64; x64) AppleWebKit/537.36 (KHTML, like Gecko) Chrome/151.0.0.0 Safari/537.36"
1.169.11.242 - - [17/Aug/2026:15:39:42 +0800] "GET /wp-content/themes/huemanilc/assets/front/webfonts/fa-brands-400.woff2?v=5.5.0 HTTP/1.1" 200 70613 "https://www.yeses.ilc.edu.tw/wp-content/cache/www.yeses.ilc.edu.tw/wpfc-minified/mo6k5vl0/bflo8.css" "Mozilla/5.0 (Windows NT 10.0; Win64; x64) AppleWebKit/537.36 (KHTML, like Gecko) Chrome/151.0.0.0 Safari/537.36"
1.169.11.242 - - [17/Aug/2026:15:39:42 +0800] "GET /wp-content/uploads/sites/890/2023/10/eschool.jpg HTTP/1.1" 200 19470 "https://www.yeses.ilc.edu.tw/" "Mozilla/5.0 (Windows NT 10.0; Win64; x64) AppleWebKit/537.36 (KHTML, like Gecko) Chrome/151.0.0.0 Safari/537.36"
1.169.11.242 - - [17/Aug/2026:15:39:42 +0800] "GET /wp-content/uploads/sites/890/2020/07/%E5%AE%9C%E8%98%AD%E7%B8%A3%E9%98%B2%E7%96%AB%E5%B0%88%E5%8D%80.png HTTP/1.1" 200 8378 "https://www.yeses.ilc.edu.tw/" "Mozilla/5.0 (Windows NT 10.0; Win64; x64) AppleWebKit/537.36 (KHTML, like Gecko) Chrome/151.0.0.0 Safari/537.36"
1.169.11.242 - - [17/Aug/2026:15:39:42 +0800] "GET /wp-includes/js/hoverintent-js.min.js HTTP/1.1" 200 1597 "https://www.yeses.ilc.edu.tw/" "Mozilla/5.0 (Windows NT 10.0; Win64; x64) AppleWebKit/537.36 (KHTML, like Gecko) Chrome/151.0.0.0 Safari/537.36"
