2001:288:a27a:1:d0a2:17aa:2a50:47e7 - - [17/Aug/2026:15:31:48 +0800] "GET /26147/wp-content/uploads/sites/1076/2025/12/1140607-3.jpg HTTP/1.1" 200 73805 "https://2blog.ilc.edu.tw/26147/" "Mozilla/5.0 (Windows NT 10.0; Win64; x64) AppleWebKit/537.36 (KHTML, like Gecko) Chrome/131.0.0.0 Safari/537.36"
2001:288:a27a:1:d0a2:17aa:2a50:47e7 - - [17/Aug/2026:15:31:48 +0800] "GET /26147/wp-content/uploads/sites/1076/2025/12/114%E5%AE%A2%E5%AE%B6%E8%97%9D%E6%96%87%E7%AB%B6%E8%B3%BD-%E5%BD%B1%E7%89%87%E5%B0%81%E9%9D%A2.jpg HTTP/1.1" 200 41127 "https://2blog.ilc.edu.tw/26147/" "Mozilla/5.0 (Windows NT 10.0; Win64; x64) AppleWebKit/537.36 (KHTML, like Gecko) Chrome/131.0.0.0 Safari/537.36"
2001:288:a27a:1:d0a2:17aa:2a50:47e7 - - [17/Aug/2026:15:31:48 +0800] "GET /26147/wp-content/uploads/sites/1076/2025/12/%E8%98%AD%E9%99%BD%E5%A5%BD%E5%AE%9C%E5%AE%B61.jpg HTTP/1.1" 200 340456 "https://2blog.ilc.edu.tw/26147/" "Mozilla/5.0 (Windows NT 10.0; Win64; x64) AppleWebKit/537.36 (KHTML, like Gecko) Chrome/131.0.0.0 Safari/537.36"
2001:288:a27a:1:d0a2:17aa:2a50:47e7 - - [17/Aug/2026:15:31:48 +0800] "GET /26147/wp-content/uploads/sites/1076/2025/12/505813_0-scaled.jpg HTTP/1.1" 200 399826 "https://2blog.ilc.edu.tw/26147/" "Mozilla/5.0 (Windows NT 10.0; Win64; x64) AppleWebKit/537.36 (KHTML, like Gecko) Chrome/131.0.0.0 Safari/537.36"
2001:288:a27a:1:d0a2:17aa:2a50:47e7 - - [17/Aug/2026:15:31:48 +0800] "GET /26147/wp-content/uploads/sites/1076/2025/12/505810_0-scaled.jpg HTTP/1.1" 200 426685 "https://2blog.ilc.edu.tw/26147/" "Mozilla/5.0 (Windows NT 10.0; Win64; x64) AppleWebKit/537.36 (KHTML, like Gecko) Chrome/131.0.0.0 Safari/537.36"
2001:288:a27a:1:d0a2:17aa:2a50:47e7 - - [17/Aug/2026:15:31:49 +0800] "GET /26147/wp-includes/js/wp-emoji-release.min.js HTTP/1.1" 200 5942 "https://2blog.ilc.edu.tw/26147/" "Mozilla/5.0 (Windows NT 10.0; Win64; x64) AppleWebKit/537.36 (KHTML, like Gecko) Chrome/131.0.0.0 Safari/537.36"
::1 - - [17/Aug/2026:15:31:49 +0800] "OPTIONS * HTTP/1.0" 200 110 "-" "Apache/2.4.68 (Ubuntu) OpenSSL/3.0.19 (internal dummy connection)"
2001:288:a27a:1:d0a2:17aa:2a50:47e7 - - [17/Aug/2026:15:31:49 +0800] "GET /26147/wp-includes/js/mediaelement/mejs-controls.svg HTTP/1.1" 200 5429 "https://2blog.ilc.edu.tw/26147/wp-includes/js/mediaelement/mediaelementplayer-legacy.min.css" "Mozilla/5.0 (Windows NT 10.0; Win64; x64) AppleWebKit/537.36 (KHTML, like Gecko) Chrome/131.0.0.0 Safari/537.36"
2001:288:a27a:1:d0a2:17aa:2a50:47e7 - - [17/Aug/2026:15:31:49 +0800] "GET /26147/wp-content/plugins/elementor/assets/js/lightbox.94b920846d1e37cafb78.bundle.min.js HTTP/1.1" 200 10857 "https://2blog.ilc.edu.tw/26147/" "Mozilla/5.0 (Windows NT 10.0; Win64; x64) AppleWebKit/537.36 (KHTML, like Gecko) Chrome/131.0.0.0 Safari/537.36"
2001:288:a27a:1:d0a2:17aa:2a50:47e7 - - [17/Aug/2026:15:31:49 +0800] "GET /26147/wp-content/plugins/elementor/assets/lib/share-link/share-link.min.js?ver=3.22.3 HTTP/1.1" 200 2049 "https://2blog.ilc.edu.tw/26147/" "Mozilla/5.0 (Windows NT 10.0; Win64; x64) AppleWebKit/537.36 (KHTML, like Gecko) Chrome/131.0.0.0 Safari/537.36"
2001:288:a27a:1:d0a2:17aa:2a50:47e7 - - [17/Aug/2026:15:31:49 +0800] "GET /26147/wp-content/plugins/elementor/assets/lib/dialog/dialog.min.js?ver=4.9.0 HTTP/1.1" 200 4368 "https://2blog.ilc.edu.tw/26147/" "Mozilla/5.0 (Windows NT 10.0; Win64; x64) AppleWebKit/537.36 (KHTML, like Gecko) Chrome/131.0.0.0 Safari/537.36"
2001:288:a27a:1:d0a2:17aa:2a50:47e7 - - [17/Aug/2026:15:31:49 +0800] "GET /26147/wp-content/plugins/elementor-pro/assets/js/media-carousel.aca2224ef13e6f999011.bundle.min.js HTTP/1.1" 200 2948 "https://2blog.ilc.edu.tw/26147/" "Mozilla/5.0 (Windows NT 10.0; Win64; x64) AppleWebKit/537.36 (KHTML, like Gecko) Chrome/131.0.0.0 Safari/537.36"
2001:288:a27a:1:d0a2:17aa:2a50:47e7 - - [17/Aug/2026:15:31:49 +0800] "GET /26147/wp-content/plugins/elementor-pro/assets/js/load-more.bc9573b5d1f73abd80b9.bundle.min.js HTTP/1.1" 200 2424 "https://2blog.ilc.edu.tw/26147/" "Mozilla/5.0 (Windows NT 10.0; Win64; x64) AppleWebKit/537.36 (KHTML, like Gecko) Chrome/131.0.0.0 Safari/537.36"
2001:288:a27a:1:d0a2:17aa:2a50:47e7 - - [17/Aug/2026:15:31:49 +0800] "GET /26147/wp-content/plugins/elementor-pro/assets/js/posts.caaf3e27e57db8207afc.bundle.min.js HTTP/1.1" 200 2145 "https://2blog.ilc.edu.tw/26147/" "Mozilla/5.0 (Windows NT 10.0; Win64; x64) AppleWebKit/537.36 (KHTML, like Gecko) Chrome/131.0.0.0 Safari/537.36"
2001:288:a27a:1:d0a2:17aa:2a50:47e7 - - [17/Aug/2026:15:31:49 +0800] "GET /26147/wp-content/plugins/elementor/assets/lib/swiper/v8/swiper.min.js?ver=8.4.5 HTTP/1.1" 200 40708 "https://2blog.ilc.edu.tw/26147/" "Mozilla/5.0 (Windows NT 10.0; Win64; x64) AppleWebKit/537.36 (KHTML, like Gecko) Chrome/131.0.0.0 Safari/537.36"
140.111.67.10 - - [17/Aug/2026:15:31:50 +0800] "GET /" 301 273 "-" "-"
2001:288:a201::66:125 - - [17/Aug/2026:15:31:50 +0800] "GET /blog/active.php HTTP/1.1" 301 1026 "-" "-"
2001:288:a201::66:125 - - [17/Aug/2026:15:31:50 +0800] "GET /blog/active.php HTTP/1.1" 404 1084 "-" "-"
147.92.179.109 - - [17/Aug/2026:15:31:50 +0800] "GET /11524/ HTTP/1.1" 200 22273 "-" "facebookexternalhit/1.1;line-poker/1.0"
2001:288:a27a:1:d0a2:17aa:2a50:47e7 - - [17/Aug/2026:15:31:51 +0800] "GET /26147/wp-content/uploads/sites/1076/2021/12/cropped-%E7%B6%B2%E7%AB%99%E8%AD%98%E5%88%A5-32x32.png HTTP/1.1" 200 2336 "https://2blog.ilc.edu.tw/26147/" "Mozilla/5.0 (Windows NT 10.0; Win64; x64) AppleWebKit/537.36 (KHTML, like Gecko) Chrome/131.0.0.0 Safari/537.36"
::1 - - [17/Aug/2026:15:31:52 +0800] "OPTIONS * HTTP/1.0" 200 110 "-" "Apache/2.4.68 (Ubuntu) OpenSSL/3.0.19 (internal dummy connection)"
2402:7500:5fb:ca19:8ca0:3b7e:8384:71ab - - [17/Aug/2026:15:31:52 +0800] "GET /wp-content/uploads/sites/1664/2026/08/7fabd388-402b-47a2-8101-9d76ed185237.jpg HTTP/1.1" 200 114662 "https://www.gjes.ilc.edu.tw/" "Mozilla/5.0 (iPhone; CPU iPhone OS 26_2_1 like Mac OS X) AppleWebKit/605.1.15 (KHTML, like Gecko) CriOS/152.0.7977.40 Mobile/15E148 Safari/604.1"
2402:7500:5fb:ca19:8ca0:3b7e:8384:71ab - - [17/Aug/2026:15:31:52 +0800] "GET /wp-content/uploads/sites/1664/2025/08/%E9%9C%80%E8%A6%81-%E6%89%BE%E4%BA%BA%E5%82%BE%E8%A8%B4%EF%BC%9F.png HTTP/1.1" 200 122652 "https://www.gjes.ilc.edu.tw/" "Mozilla/5.0 (iPhone; CPU iPhone OS 26_2_1 like Mac OS X) AppleWebKit/605.1.15 (KHTML, like Gecko) CriOS/152.0.7977.40 Mobile/15E148 Safari/604.1"
122.100.115.88 - - [17/Aug/2026:15:31:53 +0800] "-" 408 4802 "-" "-"
122.100.115.88 - - [17/Aug/2026:15:31:53 +0800] "-" 408 4802 "-" "-"
2402:7500:5fb:ca19:8ca0:3b7e:8384:71ab - - [17/Aug/2026:15:31:53 +0800] "GET /wp-content/uploads/sites/1664/2022/10/19872260-%E8%BD%89%E6%8F%9B-1.jpg HTTP/1.1" 200 664519 "https://www.gjes.ilc.edu.tw/" "Mozilla/5.0 (iPhone; CPU iPhone OS 26_2_1 like Mac OS X) AppleWebKit/605.1.15 (KHTML, like Gecko) CriOS/152.0.7977.40 Mobile/15E148 Safari/604.1"
61.219.228.135 - - [17/Aug/2026:15:31:54 +0800] "GET /wp-content/cache/www.ksjh.ilc.edu.tw/wpfc-minified/ky024iln/6x4f.css HTTP/1.1" 200 5958 "https://www.ksjh.ilc.edu.tw/" "Mozilla/5.0 (Windows NT 10.0; Win64; x64) AppleWebKit/537.36 (KHTML, like Gecko) Chrome/151.0.0.0 Safari/537.36"
61.219.228.135 - - [17/Aug/2026:15:31:54 +0800] "GET /wp-content/cache/www.ksjh.ilc.edu.tw/wpfc-minified/dgnuqjzz/6x4f.css HTTP/1.1" 200 45685 "https://www.ksjh.ilc.edu.tw/" "Mozilla/5.0 (Windows NT 10.0; Win64; x64) AppleWebKit/537.36 (KHTML, like Gecko) Chrome/151.0.0.0 Safari/537.36"
61.219.228.135 - - [17/Aug/2026:15:31:54 +0800] "GET /wp-content/cache/www.ksjh.ilc.edu.tw/wpfc-minified/epdbm6lw/6x4f.css HTTP/1.1" 200 2315 "https://www.ksjh.ilc.edu.tw/" "Mozilla/5.0 (Windows NT 10.0; Win64; x64) AppleWebKit/537.36 (KHTML, like Gecko) Chrome/151.0.0.0 Safari/537.36"
61.219.228.135 - - [17/Aug/2026:15:31:54 +0800] "GET /wp-content/cache/www.ksjh.ilc.edu.tw/wpfc-minified/6y1hinyi/6x4f.css HTTP/1.1" 200 19347 "https://www.ksjh.ilc.edu.tw/" "Mozilla/5.0 (Windows NT 10.0; Win64; x64) AppleWebKit/537.36 (KHTML, like Gecko) Chrome/151.0.0.0 Safari/537.36"
61.219.228.135 - - [17/Aug/2026:15:31:54 +0800] "GET /wp-content/cache/www.ksjh.ilc.edu.tw/wpfc-minified/loiviw5k/6x4f.css HTTP/1.1" 200 47308 "https://www.ksjh.ilc.edu.tw/" "Mozilla/5.0 (Windows NT 10.0; Win64; x64) AppleWebKit/537.36 (KHTML, like Gecko) Chrome/151.0.0.0 Safari/537.36"
61.219.228.135 - - [17/Aug/2026:15:31:54 +0800] "GET /wp-content/uploads/sites/50/elementor/css/post-1051.css HTTP/1.1" 200 1659 "https://www.ksjh.ilc.edu.tw/" "Mozilla/5.0 (Windows NT 10.0; Win64; x64) AppleWebKit/537.36 (KHTML, like Gecko) Chrome/151.0.0.0 Safari/537.36"
61.219.228.135 - - [17/Aug/2026:15:31:54 +0800] "GET /wp-content/uploads/sites/50/elementor/css/post-232.css HTTP/1.1" 200 1419 "https://www.ksjh.ilc.edu.tw/" "Mozilla/5.0 (Windows NT 10.0; Win64; x64) AppleWebKit/537.36 (KHTML, like Gecko) Chrome/151.0.0.0 Safari/537.36"
61.219.228.135 - - [17/Aug/2026:15:31:54 +0800] "GET /wp-content/cache/www.ksjh.ilc.edu.tw/wpfc-minified/9k9p5q88/6x4f.css HTTP/1.1" 200 13904 "https://www.ksjh.ilc.edu.tw/" "Mozilla/5.0 (Windows NT 10.0; Win64; x64) AppleWebKit/537.36 (KHTML, like Gecko) Chrome/151.0.0.0 Safari/537.36"
61.219.228.135 - - [17/Aug/2026:15:31:54 +0800] "GET /wp-content/cache/www.ksjh.ilc.edu.tw/wpfc-minified/6wc3aeio/6x4f.js HTTP/1.1" 200 35559 "https://www.ksjh.ilc.edu.tw/" "Mozilla/5.0 (Windows NT 10.0; Win64; x64) AppleWebKit/537.36 (KHTML, like Gecko) Chrome/151.0.0.0 Safari/537.36"
61.219.228.135 - - [17/Aug/2026:15:31:54 +0800] "GET /wp-content/cache/www.ksjh.ilc.edu.tw/wpfc-minified/kxbl2k9t/6x4f.css HTTP/1.1" 200 64946 "https://www.ksjh.ilc.edu.tw/" "Mozilla/5.0 (Windows NT 10.0; Win64; x64) AppleWebKit/537.36 (KHTML, like Gecko) Chrome/151.0.0.0 Safari/537.36"
61.219.228.135 - - [17/Aug/2026:15:31:54 +0800] "GET /wp-content/themes/hueman/assets/front/webfonts/fa-brands-400.woff2?v=5.15.2 HTTP/1.1" 200 79499 "https://www.ksjh.ilc.edu.tw/" "Mozilla/5.0 (Windows NT 10.0; Win64; x64) AppleWebKit/537.36 (KHTML, like Gecko) Chrome/151.0.0.0 Safari/537.36"
61.219.228.135 - - [17/Aug/2026:15:31:54 +0800] "GET /wp-content/cache/www.ksjh.ilc.edu.tw/wpfc-minified/2y7xel6/6x4f.js HTTP/1.1" 200 6521 "https://www.ksjh.ilc.edu.tw/" "Mozilla/5.0 (Windows NT 10.0; Win64; x64) AppleWebKit/537.36 (KHTML, like Gecko) Chrome/151.0.0.0 Safari/537.36"
61.219.228.135 - - [17/Aug/2026:15:31:54 +0800] "GET /wp-content/themes/hueman/assets/front/webfonts/fa-regular-400.woff2?v=5.15.2 HTTP/1.1" 200 14439 "https://www.ksjh.ilc.edu.tw/" "Mozilla/5.0 (Windows NT 10.0; Win64; x64) AppleWebKit/537.36 (KHTML, like Gecko) Chrome/151.0.0.0 Safari/537.36"
61.219.228.135 - - [17/Aug/2026:15:31:54 +0800] "GET /wp-content/themes/hueman/assets/front/webfonts/fa-solid-900.woff2?v=5.15.2 HTTP/1.1" 200 81301 "https://www.ksjh.ilc.edu.tw/" "Mozilla/5.0 (Windows NT 10.0; Win64; x64) AppleWebKit/537.36 (KHTML, like Gecko) Chrome/151.0.0.0 Safari/537.36"
61.219.228.135 - - [17/Aug/2026:15:31:54 +0800] "GET /wp-content/themes/hueman/assets/front/fonts/titillium-light-webfont.woff HTTP/1.1" 200 25606 "https://www.ksjh.ilc.edu.tw/" "Mozilla/5.0 (Windows NT 10.0; Win64; x64) AppleWebKit/537.36 (KHTML, like Gecko) Chrome/151.0.0.0 Safari/537.36"
61.219.228.135 - - [17/Aug/2026:15:31:54 +0800] "GET /wp-content/themes/hueman/assets/front/fonts/titillium-lightitalic-webfont.woff HTTP/1.1" 200 27654 "https://www.ksjh.ilc.edu.tw/" "Mozilla/5.0 (Windows NT 10.0; Win64; x64) AppleWebKit/537.36 (KHTML, like Gecko) Chrome/151.0.0.0 Safari/537.36"
61.219.228.135 - - [17/Aug/2026:15:31:54 +0800] "GET /wp-content/themes/hueman/assets/front/fonts/titillium-regular-webfont.woff HTTP/1.1" 200 25590 "https://www.ksjh.ilc.edu.tw/" "Mozilla/5.0 (Windows NT 10.0; Win64; x64) AppleWebKit/537.36 (KHTML, like Gecko) Chrome/151.0.0.0 Safari/537.36"
61.219.228.135 - - [17/Aug/2026:15:31:54 +0800] "GET /wp-content/themes/hueman/assets/front/fonts/titillium-regularitalic-webfont.woff HTTP/1.1" 200 27482 "https://www.ksjh.ilc.edu.tw/" "Mozilla/5.0 (Windows NT 10.0; Win64; x64) AppleWebKit/537.36 (KHTML, like Gecko) Chrome/151.0.0.0 Safari/537.36"
61.219.228.135 - - [17/Aug/2026:15:31:54 +0800] "GET /wp-content/themes/hueman/assets/front/fonts/titillium-semibold-webfont.woff HTTP/1.1" 200 25626 "https://www.ksjh.ilc.edu.tw/" "Mozilla/5.0 (Windows NT 10.0; Win64; x64) AppleWebKit/537.36 (KHTML, like Gecko) Chrome/151.0.0.0 Safari/537.36"
61.219.228.135 - - [17/Aug/2026:15:31:54 +0800] "GET /wp-content/uploads/sites/50/2026/08/rect5041.png HTTP/1.1" 200 158075 "https://www.ksjh.ilc.edu.tw/" "Mozilla/5.0 (Windows NT 10.0; Win64; x64) AppleWebKit/537.36 (KHTML, like Gecko) Chrome/151.0.0.0 Safari/537.36"
61.219.228.135 - - [17/Aug/2026:15:31:55 +0800] "GET /wp-content/uploads/sites/50/2026/06/%E6%A8%82%E5%9C%98%E5%A0%B1%E5%90%8DQRcord.png HTTP/1.1" 200 82768 "https://www.ksjh.ilc.edu.tw/" "Mozilla/5.0 (Windows NT 10.0; Win64; x64) AppleWebKit/537.36 (KHTML, like Gecko) Chrome/151.0.0.0 Safari/537.36"
61.219.228.135 - - [17/Aug/2026:15:31:55 +0800] "GET /wp-content/uploads/sites/50/2026/01/115%E5%AD%B8%E5%B9%B4%E5%BA%A6%E5%8D%87%E5%AD%B8%E5%B0%88%E5%8D%80.png HTTP/1.1" 200 132666 "https://www.ksjh.ilc.edu.tw/" "Mozilla/5.0 (Windows NT 10.0; Win64; x64) AppleWebKit/537.36 (KHTML, like Gecko) Chrome/151.0.0.0 Safari/537.36"
61.219.228.135 - - [17/Aug/2026:15:31:55 +0800] "GET /wp-content/uploads/sites/50/2019/04/cropped-ks13fix1.png HTTP/1.1" 200 526100 "https://www.ksjh.ilc.edu.tw/" "Mozilla/5.0 (Windows NT 10.0; Win64; x64) AppleWebKit/537.36 (KHTML, like Gecko) Chrome/151.0.0.0 Safari/537.36"
140.111.67.10 - - [17/Aug/2026:15:31:55 +0800] "GET /" 301 273 "-" "-"
61.219.228.135 - - [17/Aug/2026:15:31:55 +0800] "GET /wp-includes/js/hoverintent-js.min.js HTTP/1.1" 200 1597 "https://www.ksjh.ilc.edu.tw/" "Mozilla/5.0 (Windows NT 10.0; Win64; x64) AppleWebKit/537.36 (KHTML, like Gecko) Chrome/151.0.0.0 Safari/537.36"
61.219.228.135 - - [17/Aug/2026:15:31:55 +0800] "GET /wp-includes/js/admin-bar.min.js HTTP/1.1" 200 2237 "https://www.ksjh.ilc.edu.tw/" "Mozilla/5.0 (Windows NT 10.0; Win64; x64) AppleWebKit/537.36 (KHTML, like Gecko) Chrome/151.0.0.0 Safari/537.36"
61.219.228.135 - - [17/Aug/2026:15:31:55 +0800] "GET /wp-includes/js/underscore.min.js HTTP/1.1" 200 8191 "https://www.ksjh.ilc.edu.tw/" "Mozilla/5.0 (Windows NT 10.0; Win64; x64) AppleWebKit/537.36 (KHTML, like Gecko) Chrome/151.0.0.0 Safari/537.36"
61.219.228.135 - - [17/Aug/2026:15:31:55 +0800] "GET /wp-includes/js/imagesloaded.min.js HTTP/1.1" 200 2683 "https://www.ksjh.ilc.edu.tw/" "Mozilla/5.0 (Windows NT 10.0; Win64; x64) AppleWebKit/537.36 (KHTML, like Gecko) Chrome/151.0.0.0 Safari/537.36"
61.219.228.135 - - [17/Aug/2026:15:31:55 +0800] "GET /wp-content/plugins/elementor-pro/assets/lib/smartmenus/jquery.smartmenus.min.js HTTP/1.1" 200 7967 "https://www.ksjh.ilc.edu.tw/" "Mozilla/5.0 (Windows NT 10.0; Win64; x64) AppleWebKit/537.36 (KHTML, like Gecko) Chrome/151.0.0.0 Safari/537.36"
61.219.228.135 - - [17/Aug/2026:15:31:55 +0800] "GET /wp-content/plugins/elementor-pro/assets/js/webpack-pro.runtime.min.js HTTP/1.1" 200 3562 "https://www.ksjh.ilc.edu.tw/" "Mozilla/5.0 (Windows NT 10.0; Win64; x64) AppleWebKit/537.36 (KHTML, like Gecko) Chrome/151.0.0.0 Safari/537.36"
61.219.228.135 - - [17/Aug/2026:15:31:55 +0800] "GET /wp-content/plugins/elementor/assets/js/webpack.runtime.min.js HTTP/1.1" 200 3095 "https://www.ksjh.ilc.edu.tw/" "Mozilla/5.0 (Windows NT 10.0; Win64; x64) AppleWebKit/537.36 (KHTML, like Gecko) Chrome/151.0.0.0 Safari/537.36"
61.219.228.135 - - [17/Aug/2026:15:31:55 +0800] "GET /wp-includes/js/dist/hooks.min.js HTTP/1.1" 200 2421 "https://www.ksjh.ilc.edu.tw/" "Mozilla/5.0 (Windows NT 10.0; Win64; x64) AppleWebKit/537.36 (KHTML, like Gecko) Chrome/151.0.0.0 Safari/537.36"
61.219.228.135 - - [17/Aug/2026:15:31:55 +0800] "GET /wp-includes/js/dist/i18n.min.js HTTP/1.1" 200 4547 "https://www.ksjh.ilc.edu.tw/" "Mozilla/5.0 (Windows NT 10.0; Win64; x64) AppleWebKit/537.36 (KHTML, like Gecko) Chrome/151.0.0.0 Safari/537.36"
61.219.228.135 - - [17/Aug/2026:15:31:55 +0800] "GET /wp-content/plugins/elementor/assets/js/frontend-modules.min.js HTTP/1.1" 200 19416 "https://www.ksjh.ilc.edu.tw/" "Mozilla/5.0 (Windows NT 10.0; Win64; x64) AppleWebKit/537.36 (KHTML, like Gecko) Chrome/151.0.0.0 Safari/537.36"
61.219.228.135 - - [17/Aug/2026:15:31:55 +0800] "GET /wp-content/plugins/elementor-pro/assets/js/frontend.min.js HTTP/1.1" 200 7574 "https://www.ksjh.ilc.edu.tw/" "Mozilla/5.0 (Windows NT 10.0; Win64; x64) AppleWebKit/537.36 (KHTML, like Gecko) Chrome/151.0.0.0 Safari/537.36"
61.219.228.135 - - [17/Aug/2026:15:31:55 +0800] "GET /wp-content/plugins/elementor/assets/lib/waypoints/waypoints.min.js HTTP/1.1" 200 3873 "https://www.ksjh.ilc.edu.tw/" "Mozilla/5.0 (Windows NT 10.0; Win64; x64) AppleWebKit/537.36 (KHTML, like Gecko) Chrome/151.0.0.0 Safari/537.36"
61.219.228.135 - - [17/Aug/2026:15:31:55 +0800] "GET /wp-includes/js/jquery/ui/core.min.js HTTP/1.1" 200 7986 "https://www.ksjh.ilc.edu.tw/" "Mozilla/5.0 (Windows NT 10.0; Win64; x64) AppleWebKit/537.36 (KHTML, like Gecko) Chrome/151.0.0.0 Safari/537.36"
61.219.228.135 - - [17/Aug/2026:15:31:55 +0800] "GET /wp-content/plugins/elementor-pro/assets/js/elements-handlers.min.js HTTP/1.1" 200 10882 "https://www.ksjh.ilc.edu.tw/" "Mozilla/5.0 (Windows NT 10.0; Win64; x64) AppleWebKit/537.36 (KHTML, like Gecko) Chrome/151.0.0.0 Safari/537.36"
61.219.228.135 - - [17/Aug/2026:15:31:55 +0800] "GET /wp-content/plugins/elementor/assets/js/frontend.min.js HTTP/1.1" 200 13169 "https://www.ksjh.ilc.edu.tw/" "Mozilla/5.0 (Windows NT 10.0; Win64; x64) AppleWebKit/537.36 (KHTML, like Gecko) Chrome/151.0.0.0 Safari/537.36"
61.219.228.135 - - [17/Aug/2026:15:31:55 +0800] "GET /wp-content/themes/hueman/assets/front/js/scripts.min.js HTTP/1.1" 200 22643 "https://www.ksjh.ilc.edu.tw/" "Mozilla/5.0 (Windows NT 10.0; Win64; x64) AppleWebKit/537.36 (KHTML, like Gecko) Chrome/151.0.0.0 Safari/537.36"
61.219.228.135 - - [17/Aug/2026:15:31:55 +0800] "GET /wp-content/uploads/sites/50/2019/04/S__7856131.jpg HTTP/1.1" 200 467654 "https://www.ksjh.ilc.edu.tw/" "Mozilla/5.0 (Windows NT 10.0; Win64; x64) AppleWebKit/537.36 (KHTML, like Gecko) Chrome/151.0.0.0 Safari/537.36"
192.178.11.32 - - [17/Aug/2026:15:31:55 +0800] "GET /blog/gallery/21570/21570-1322694.jpg HTTP/1.1" 404 25465 "-" "Mozilla/5.0 (Windows NT 5.1; rv:11.0) Gecko Firefox/11.0 (via ggpht.com GoogleImageProxy)"
2001:288:a201::66:125 - - [17/Aug/2026:15:31:55 +0800] "GET /blog/active.php HTTP/1.1" 404 1084 "-" "-"
2001:288:a201::66:125 - - [17/Aug/2026:15:31:55 +0800] "GET /blog/active.php HTTP/1.1" 301 1026 "-" "-"
192.178.15.41 - - [17/Aug/2026:15:31:55 +0800] "GET /shjes111/wp-includes/js/admin-bar.min.js HTTP/1.1" 200 7018 "https://2blog.ilc.edu.tw/shjes111/category/%E5%90%84%E9%A0%98%E5%9F%9F%E5%85%AC%E9%96%8B%E8%AA%B2/%E5%9C%8B%E8%AA%9E%E6%96%87/" "Mozilla/5.0 (Linux; Android 10; K) AppleWebKit/537.36 (KHTML, like Gecko) Chrome/138.0.0.0 Mobile Safari/537.36 (compatible; Google-Read-Aloud; +https://support.google.com/webmasters/answer/1061943)"
192.178.15.41 - - [17/Aug/2026:15:31:55 +0800] "GET /shjes111/wp-content/cache/2blog.ilc.edu.tw/wpfc-minified/87sb91g6/5wz3r.js HTTP/1.1" 200 40351 "https://2blog.ilc.edu.tw/shjes111/category/%E5%90%84%E9%A0%98%E5%9F%9F%E5%85%AC%E9%96%8B%E8%AA%B2/%E5%9C%8B%E8%AA%9E%E6%96%87/" "Mozilla/5.0 (Linux; Android 10; K) AppleWebKit/537.36 (KHTML, like Gecko) Chrome/138.0.0.0 Mobile Safari/537.36 (compatible; Google-Read-Aloud; +https://support.google.com/webmasters/answer/1061943)"
192.178.15.32 - - [17/Aug/2026:15:31:56 +0800] "GET /shjes111/wp-content/cache/2blog.ilc.edu.tw/wpfc-minified/jnzbcd87/5wz3r.css HTTP/1.1" 200 22421 "https://2blog.ilc.edu.tw/shjes111/category/%E5%90%84%E9%A0%98%E5%9F%9F%E5%85%AC%E9%96%8B%E8%AA%B2/%E5%9C%8B%E8%AA%9E%E6%96%87/" "Mozilla/5.0 (Linux; Android 10; K) AppleWebKit/537.36 (KHTML, like Gecko) Chrome/138.0.0.0 Mobile Safari/537.36 (compatible; Google-Read-Aloud; +https://support.google.com/webmasters/answer/1061943)"
192.178.15.41 - - [17/Aug/2026:15:31:56 +0800] "GET /shjes111/wp-content/cache/2blog.ilc.edu.tw/wpfc-minified/7xffg4q7/5wz3r.css HTTP/1.1" 200 16332 "https://2blog.ilc.edu.tw/shjes111/category/%E5%90%84%E9%A0%98%E5%9F%9F%E5%85%AC%E9%96%8B%E8%AA%B2/%E5%9C%8B%E8%AA%9E%E6%96%87/" "Mozilla/5.0 (Linux; Android 10; K) AppleWebKit/537.36 (KHTML, like Gecko) Chrome/138.0.0.0 Mobile Safari/537.36 (compatible; Google-Read-Aloud; +https://support.google.com/webmasters/answer/1061943)"
192.178.15.32 - - [17/Aug/2026:15:31:56 +0800] "GET /shjes111/wp-includes/js/hoverintent-js.min.js HTTP/1.1" 200 6378 "https://2blog.ilc.edu.tw/shjes111/category/%E5%90%84%E9%A0%98%E5%9F%9F%E5%85%AC%E9%96%8B%E8%AA%B2/%E5%9C%8B%E8%AA%9E%E6%96%87/" "Mozilla/5.0 (Linux; Android 10; K) AppleWebKit/537.36 (KHTML, like Gecko) Chrome/138.0.0.0 Mobile Safari/537.36 (compatible; Google-Read-Aloud; +https://support.google.com/webmasters/answer/1061943)"
36.229.243.37 - - [17/Aug/2026:15:31:56 +0800] "-" 408 4791 "-" "-"
192.178.15.32 - - [17/Aug/2026:15:31:56 +0800] "GET /shjes111/wp-content/themes/dara/assets/js/skip-link-focus-fix.js HTTP/1.1" 200 1295 "https://2blog.ilc.edu.tw/shjes111/category/%E5%90%84%E9%A0%98%E5%9F%9F%E5%85%AC%E9%96%8B%E8%AA%B2/%E5%9C%8B%E8%AA%9E%E6%96%87/" "Mozilla/5.0 (Linux; Android 10; K) AppleWebKit/537.36 (KHTML, like Gecko) Chrome/138.0.0.0 Mobile Safari/537.36 (compatible; Google-Read-Aloud; +https://support.google.com/webmasters/answer/1061943)"
36.229.243.37 - - [17/Aug/2026:15:31:56 +0800] "-" 408 339 "-" "-"
192.178.15.32 - - [17/Aug/2026:15:31:56 +0800] "GET /shjes111/wp-content/themes/dara/assets/js/navigation.js HTTP/1.1" 200 6769 "https://2blog.ilc.edu.tw/shjes111/category/%E5%90%84%E9%A0%98%E5%9F%9F%E5%85%AC%E9%96%8B%E8%AA%B2/%E5%9C%8B%E8%AA%9E%E6%96%87/" "Mozilla/5.0 (Linux; Android 10; K) AppleWebKit/537.36 (KHTML, like Gecko) Chrome/138.0.0.0 Mobile Safari/537.36 (compatible; Google-Read-Aloud; +https://support.google.com/webmasters/answer/1061943)"
64.233.173.140 - - [17/Aug/2026:15:31:56 +0800] "GET /blog/gallery/21570/21570-1322694.jpg HTTP/1.1" 301 1105 "-" "Mozilla/5.0 (Windows NT 5.1; rv:11.0) Gecko Firefox/11.0 (via ggpht.com GoogleImageProxy)"
2001:288:a27a:1:d0a2:17aa:2a50:47e7 - - [17/Aug/2026:15:31:56 +0800] "GET /26147/2026/05/05/%e5%b7%a5%e4%bd%9c%e5%9f%b7%e6%8e%8c/ HTTP/1.1" 200 17321 "https://2blog.ilc.edu.tw/26147/" "Mozilla/5.0 (Windows NT 10.0; Win64; x64) AppleWebKit/537.36 (KHTML, like Gecko) Chrome/131.0.0.0 Safari/537.36"
2001:288:a27a:1:d0a2:17aa:2a50:47e7 - - [17/Aug/2026:15:31:57 +0800] "GET /26147/wp-content/plugins/ilc-summary/asset/js/popular.min.js HTTP/1.1" 200 1912 "https://2blog.ilc.edu.tw/26147/2026/05/05/%e5%b7%a5%e4%bd%9c%e5%9f%b7%e6%8e%8c/" "Mozilla/5.0 (Windows NT 10.0; Win64; x64) AppleWebKit/537.36 (KHTML, like Gecko) Chrome/131.0.0.0 Safari/537.36"
2001:288:a27a:1:d0a2:17aa:2a50:47e7 - - [17/Aug/2026:15:31:57 +0800] "GET /26147/wp-includes/css/dist/block-library/style.min.css HTTP/1.1" 200 15780 "https://2blog.ilc.edu.tw/26147/2026/05/05/%e5%b7%a5%e4%bd%9c%e5%9f%b7%e6%8e%8c/" "Mozilla/5.0 (Windows NT 10.0; Win64; x64) AppleWebKit/537.36 (KHTML, like Gecko) Chrome/131.0.0.0 Safari/537.36"
61.219.228.135 - - [17/Aug/2026:15:31:57 +0800] "GET /wp-content/uploads/sites/50/2025/04/cropped-KS-logo-new.png HTTP/1.1" 200 13133 "https://www.ksjh.ilc.edu.tw/" "Mozilla/5.0 (Windows NT 10.0; Win64; x64) AppleWebKit/537.36 (KHTML, like Gecko) Chrome/151.0.0.0 Safari/537.36"
61.219.228.135 - - [17/Aug/2026:15:31:57 +0800] "GET /wp-content/uploads/sites/50/2026/01/%E5%9C%96%E7%89%871.png HTTP/1.1" 200 95212 "https://www.ksjh.ilc.edu.tw/" "Mozilla/5.0 (Windows NT 10.0; Win64; x64) AppleWebKit/537.36 (KHTML, like Gecko) Chrome/151.0.0.0 Safari/537.36"
61.219.228.135 - - [17/Aug/2026:15:31:57 +0800] "GET /wp-content/uploads/sites/50/2025/04/cropped-KS-logo.png HTTP/1.1" 200 129329 "https://www.ksjh.ilc.edu.tw/" "Mozilla/5.0 (Windows NT 10.0; Win64; x64) AppleWebKit/537.36 (KHTML, like Gecko) Chrome/151.0.0.0 Safari/537.36"
192.178.8.134 - - [17/Aug/2026:15:31:57 +0800] "GET /blog/gallery/21570/21570-1322694.jpg HTTP/1.1" 404 25465 "-" "Mozilla/5.0 (Windows NT 5.1; rv:11.0) Gecko Firefox/11.0 (via ggpht.com GoogleImageProxy)"
61.219.228.135 - - [17/Aug/2026:15:31:57 +0800] "GET /wp-content/plugins/elementor/assets/lib/font-awesome/webfonts/fa-solid-900.woff2 HTTP/1.1" 200 79223 "https://www.ksjh.ilc.edu.tw/wp-content/cache/www.ksjh.ilc.edu.tw/wpfc-minified/kxbl2k9t/6x4f.css" "Mozilla/5.0 (Windows NT 10.0; Win64; x64) AppleWebKit/537.36 (KHTML, like Gecko) Chrome/151.0.0.0 Safari/537.36"
61.219.228.135 - - [17/Aug/2026:15:31:57 +0800] "GET /wp-content/plugins/elementor/assets/lib/font-awesome/webfonts/fa-brands-400.woff2 HTTP/1.1" 200 82661 "https://www.ksjh.ilc.edu.tw/wp-content/cache/www.ksjh.ilc.edu.tw/wpfc-minified/kxbl2k9t/6x4f.css" "Mozilla/5.0 (Windows NT 10.0; Win64; x64) AppleWebKit/537.36 (KHTML, like Gecko) Chrome/151.0.0.0 Safari/537.36"
140.111.131.172 - - [17/Aug/2026:15:31:57 +0800] "GET /2021/08/27/%e5%ad%b8%e6%a0%a1%e6%a0%a1%e5%8f%b2-4/ HTTP/1.1" 200 34253 "https://www.yeses.ilc.edu.tw/2016/08/24/109faculty/" "Mozilla/5.0 (Windows NT 10.0; Win64; x64) AppleWebKit/537.36 (KHTML, like Gecko) Chrome/138.0.0.0 Safari/537.36"
140.111.131.172 - - [17/Aug/2026:15:31:57 +0800] "GET /wp-content/uploads/sites/890/2021/08/%E6%B0%9157-1-1536x1184.jpg HTTP/1.1" 200 349972 "https://www.yeses.ilc.edu.tw/2021/08/27/%e5%ad%b8%e6%a0%a1%e6%a0%a1%e5%8f%b2-4/" "Mozilla/5.0 (Windows NT 10.0; Win64; x64) AppleWebKit/537.36 (KHTML, like Gecko) Chrome/138.0.0.0 Safari/537.36"
2001:288:a27a:1:d0a2:17aa:2a50:47e7 - - [17/Aug/2026:15:31:57 +0800] "POST /26147/wp-json/ilc-summary/v1/popular-posts HTTP/1.1" 201 1272 "https://2blog.ilc.edu.tw/26147/2026/05/05/%e5%b7%a5%e4%bd%9c%e5%9f%b7%e6%8e%8c/" "Mozilla/5.0 (Windows NT 10.0; Win64; x64) AppleWebKit/537.36 (KHTML, like Gecko) Chrome/131.0.0.0 Safari/537.36"
140.111.131.172 - - [17/Aug/2026:15:31:57 +0800] "GET /wp-content/uploads/sites/890/2021/08/%E5%A5%A7%E7%91%9E02-1536x1191.jpg HTTP/1.1" 200 342351 "https://www.yeses.ilc.edu.tw/2021/08/27/%e5%ad%b8%e6%a0%a1%e6%a0%a1%e5%8f%b2-4/" "Mozilla/5.0 (Windows NT 10.0; Win64; x64) AppleWebKit/537.36 (KHTML, like Gecko) Chrome/138.0.0.0 Safari/537.36"
140.111.131.172 - - [17/Aug/2026:15:31:57 +0800] "GET /wp-content/uploads/sites/890/2021/08/%E5%A5%A7%E7%91%9E03-1536x1181.jpg HTTP/1.1" 200 401727 "https://www.yeses.ilc.edu.tw/2021/08/27/%e5%ad%b8%e6%a0%a1%e6%a0%a1%e5%8f%b2-4/" "Mozilla/5.0 (Windows NT 10.0; Win64; x64) AppleWebKit/537.36 (KHTML, like Gecko) Chrome/138.0.0.0 Safari/537.36"
140.111.131.172 - - [17/Aug/2026:15:31:57 +0800] "POST /wp-json/ilc-summary/v1/popular-posts HTTP/1.1" 201 1270 "https://www.yeses.ilc.edu.tw/2021/08/27/%e5%ad%b8%e6%a0%a1%e6%a0%a1%e5%8f%b2-4/" "Mozilla/5.0 (Windows NT 10.0; Win64; x64) AppleWebKit/537.36 (KHTML, like Gecko) Chrome/138.0.0.0 Safari/537.36"
2001:b400:e2ae:ccfa:ac99:cb9f:989e:662f - - [17/Aug/2026:15:31:57 +0800] "GET /25568/wp-content/uploads/sites/2554/25568/25568-1915946.jpg HTTP/1.1" 200 56604 "https://exam.ilc.edu.tw/" "Mozilla/5.0 (iPhone; CPU iPhone OS 17_5_1 like Mac OS X) AppleWebKit/605.1.15 (KHTML, like Gecko) Version/17.5 Mobile/15E148 Safari/604.1"
140.111.67.10 - - [17/Aug/2026:15:32:00 +0800] "GET /" 301 273 "-" "-"
::1 - - [17/Aug/2026:15:32:00 +0800] "OPTIONS * HTTP/1.0" 200 110 "-" "Apache/2.4.68 (Ubuntu) OpenSSL/3.0.19 (internal dummy connection)"
61.219.228.135 - - [17/Aug/2026:15:32:00 +0800] "GET /wp-content/plugins/elementor-pro/assets/js/load-more.bc9573b5d1f73abd80b9.bundle.min.js HTTP/1.1" 200 2424 "https://www.ksjh.ilc.edu.tw/" "Mozilla/5.0 (Windows NT 10.0; Win64; x64) AppleWebKit/537.36 (KHTML, like Gecko) Chrome/151.0.0.0 Safari/537.36"
61.219.228.135 - - [17/Aug/2026:15:32:00 +0800] "GET /wp-content/plugins/elementor-pro/assets/js/nav-menu.e65811186e94a386ba7b.bundle.min.js HTTP/1.1" 200 2690 "https://www.ksjh.ilc.edu.tw/" "Mozilla/5.0 (Windows NT 10.0; Win64; x64) AppleWebKit/537.36 (KHTML, like Gecko) Chrome/151.0.0.0 Safari/537.36"
61.219.228.135 - - [17/Aug/2026:15:32:00 +0800] "GET /wp-content/plugins/elementor-pro/assets/js/posts.caaf3e27e57db8207afc.bundle.min.js HTTP/1.1" 200 2145 "https://www.ksjh.ilc.edu.tw/" "Mozilla/5.0 (Windows NT 10.0; Win64; x64) AppleWebKit/537.36 (KHTML, like Gecko) Chrome/151.0.0.0 Safari/537.36"
61.219.228.135 - - [17/Aug/2026:15:32:00 +0800] "GET /wp-content/plugins/elementor-pro/assets/js/social.2d2e44e8608690943f29.bundle.min.js HTTP/1.1" 200 1433 "https://www.ksjh.ilc.edu.tw/" "Mozilla/5.0 (Windows NT 10.0; Win64; x64) AppleWebKit/537.36 (KHTML, like Gecko) Chrome/151.0.0.0 Safari/537.36"
2001:288:a201::66:125 - - [17/Aug/2026:15:32:00 +0800] "GET /blog/active.php HTTP/1.1" 404 1084 "-" "-"
2001:288:a201::66:125 - - [17/Aug/2026:15:32:00 +0800] "GET /blog/active.php HTTP/1.1" 301 1026 "-" "-"
140.111.131.172 - - [17/Aug/2026:15:32:00 +0800] "GET /wp-content/uploads/sites/890/2021/08/%E5%A5%A7%E7%91%9E04-1536x1174.jpg HTTP/1.1" 200 446547 "https://www.yeses.ilc.edu.tw/2021/08/27/%e5%ad%b8%e6%a0%a1%e6%a0%a1%e5%8f%b2-4/" "Mozilla/5.0 (Windows NT 10.0; Win64; x64) AppleWebKit/537.36 (KHTML, like Gecko) Chrome/138.0.0.0 Safari/537.36"
::1 - - [17/Aug/2026:15:32:01 +0800] "OPTIONS * HTTP/1.0" 200 110 "-" "Apache/2.4.68 (Ubuntu) OpenSSL/3.0.19 (internal dummy connection)"
2001:4860:7:810::e5 - - [17/Aug/2026:15:32:01 +0800] "GET /1003/2025/07/23/%E3%80%90%E6%9B%BF%E6%9C%AA%E4%BE%86%E7%AF%80%E7%9C%81%E6%99%82%E9%96%93%E3%80%91%E5%BF%AB%E9%80%9F%E5%AE%8C%E6%88%90%E6%88%90%E6%9E%9C%E5%A0%B1%E5%91%8A%E7%9A%84%E7%A7%98%E8%A8%A3/ HTTP/1.1" 200 21385 "https://www.google.com/" "Mozilla/5.0 (Windows NT 10.0; Win64; x64) AppleWebKit/537.36 (KHTML, like Gecko) Chrome/151.0.0.0 Safari/537.36"
2001:288:a201::67:81 - - [17/Aug/2026:15:32:01 +0800] "GET / HTTP/1.1" 200 56293 "-" "curl/7.81.0"
147.92.179.110 - - [17/Aug/2026:15:32:01 +0800] "GET / HTTP/1.1" 200 19969 "-" "facebookexternalhit/1.1;line-poker/1.0"
120.101.197.142 - - [17/Aug/2026:15:32:01 +0800] "-" 408 4802 "-" "-"
147.92.179.110 - - [17/Aug/2026:15:32:02 +0800] "GET /wp-content/uploads/sites/1158/2020/08/cropped-kfps.LOGO_.transparent-2-180x180.png HTTP/1.1" 200 32786 "-" "facebookexternalhit/1.1;line-poker/1.0"
::1 - - [17/Aug/2026:15:32:02 +0800] "OPTIONS * HTTP/1.0" 200 110 "-" "Apache/2.4.68 (Ubuntu) OpenSSL/3.0.19 (internal dummy connection)"
::1 - - [17/Aug/2026:15:32:03 +0800] "OPTIONS * HTTP/1.0" 200 110 "-" "Apache/2.4.68 (Ubuntu) OpenSSL/3.0.19 (internal dummy connection)"
61.219.228.135 - - [17/Aug/2026:15:32:04 +0800] "GET /wp-content/uploads/sites/50/2019/04/cropped-ksnewlogo-32x32.png HTTP/1.1" 200 2979 "https://www.ksjh.ilc.edu.tw/" "Mozilla/5.0 (Windows NT 10.0; Win64; x64) AppleWebKit/537.36 (KHTML, like Gecko) Chrome/151.0.0.0 Safari/537.36"
::1 - - [17/Aug/2026:15:32:04 +0800] "OPTIONS * HTTP/1.0" 200 110 "-" "Apache/2.4.68 (Ubuntu) OpenSSL/3.0.19 (internal dummy connection)"
140.111.67.10 - - [17/Aug/2026:15:32:05 +0800] "GET /" 301 273 "-" "-"
2001:4860:7:810::de - - [17/Aug/2026:15:32:05 +0800] "GET / HTTP/1.1" 200 22438 "https://www.google.com/" "Mozilla/5.0 (Windows NT 10.0; Win64; x64) AppleWebKit/537.36 (KHTML, like Gecko) Chrome/151.0.0.0 Safari/537.36"
::1 - - [17/Aug/2026:15:32:05 +0800] "OPTIONS * HTTP/1.0" 200 110 "-" "Apache/2.4.68 (Ubuntu) OpenSSL/3.0.19 (internal dummy connection)"
2001:288:a201::66:125 - - [17/Aug/2026:15:32:05 +0800] "GET /blog/active.php HTTP/1.1" 301 1026 "-" "-"
2001:288:a201::66:125 - - [17/Aug/2026:15:32:05 +0800] "GET /blog/active.php HTTP/1.1" 404 1084 "-" "-"
::1 - - [17/Aug/2026:15:32:06 +0800] "OPTIONS * HTTP/1.0" 200 110 "-" "Apache/2.4.68 (Ubuntu) OpenSSL/3.0.19 (internal dummy connection)"
::1 - - [17/Aug/2026:15:32:07 +0800] "OPTIONS * HTTP/1.0" 200 110 "-" "Apache/2.4.68 (Ubuntu) OpenSSL/3.0.19 (internal dummy connection)"
::1 - - [17/Aug/2026:15:32:08 +0800] "OPTIONS * HTTP/1.0" 200 110 "-" "Apache/2.4.68 (Ubuntu) OpenSSL/3.0.19 (internal dummy connection)"
::1 - - [17/Aug/2026:15:32:09 +0800] "OPTIONS * HTTP/1.0" 200 110 "-" "Apache/2.4.68 (Ubuntu) OpenSSL/3.0.19 (internal dummy connection)"
140.111.67.10 - - [17/Aug/2026:15:32:10 +0800] "GET /" 301 273 "-" "-"
2407:4b00:4c00:849a:a871:f5b8:4341:cdcc - - [17/Aug/2026:15:32:10 +0800] "GET /apple-touch-icon-precomposed.png HTTP/1.1" 404 46664 "-" "NetworkingExtension/8624.4.5.10.5 Network/5812.160.9 iOS/26.6"
::1 - - [17/Aug/2026:15:32:10 +0800] "OPTIONS * HTTP/1.0" 200 110 "-" "Apache/2.4.68 (Ubuntu) OpenSSL/3.0.19 (internal dummy connection)"
2407:4b00:4c00:849a:a871:f5b8:4341:cdcc - - [17/Aug/2026:15:32:10 +0800] "GET / HTTP/1.1" 200 22430 "-" "Mozilla/5.0 (Macintosh; Intel Mac OS X 10_11_1) AppleWebKit/601.2.4 (KHTML, like Gecko) Version/9.0.1 Safari/601.2.4 facebookexternalhit/1.1 Facebot Twitterbot/1.0"
2407:4b00:4c00:849a:a871:f5b8:4341:cdcc - - [17/Aug/2026:15:32:10 +0800] "GET /favicon.ico HTTP/1.1" 302 5976 "-" "NetworkingExtension/8624.4.5.10.5 Network/5812.160.9 iOS/26.6"
2407:4b00:4c00:849a:a871:f5b8:4341:cdcc - - [17/Aug/2026:15:32:10 +0800] "GET /apple-touch-icon.png HTTP/1.1" 404 46664 "-" "NetworkingExtension/8624.4.5.10.5 Network/5812.160.9 iOS/26.6"
2407:4b00:4c00:849a:a871:f5b8:4341:cdcc - - [17/Aug/2026:15:32:10 +0800] "GET /wp-content/uploads/sites/1155/2020/04/cropped-%E5%AE%9C%E8%98%AD%E7%B8%A3%E9%BB%8E%E6%98%8E%E5%9C%8B%E6%B0%91%E5%B0%8F%E5%AD%B8_%E6%A0%A1%E5%BE%BD-32x32.jpg HTTP/1.1" 200 2099 "-" "NetworkingExtension/8624.4.5.10.5 Network/5812.160.9 iOS/26.6"
2407:4b00:4c00:849a:a871:f5b8:4341:cdcc - - [17/Aug/2026:15:32:10 +0800] "GET /wp-content/uploads/sites/1155/2020/04/cropped-%E5%AE%9C%E8%98%AD%E7%B8%A3%E9%BB%8E%E6%98%8E%E5%9C%8B%E6%B0%91%E5%B0%8F%E5%AD%B8_%E6%A0%A1%E5%BE%BD-32x32.jpg HTTP/1.1" 200 2099 "-" "NetworkingExtension/8624.4.5.10.5 Network/5812.160.9 iOS/26.6"
2001:288:a201::66:125 - - [17/Aug/2026:15:32:10 +0800] "GET /blog/active.php HTTP/1.1" 301 1026 "-" "-"
2001:288:a201::66:125 - - [17/Aug/2026:15:32:10 +0800] "GET /blog/active.php HTTP/1.1" 404 1084 "-" "-"
2407:4b00:4c00:849a:a871:f5b8:4341:cdcc - - [17/Aug/2026:15:32:10 +0800] "GET /wp-content/uploads/sites/1155/2024/11/001-1.png HTTP/1.1" 200 190950 "-" "NetworkingExtension/8624.4.5.10.5 Network/5812.160.9 iOS/26.6"
2407:4b00:4c00:849a:a871:f5b8:4341:cdcc - - [17/Aug/2026:15:32:10 +0800] "GET /wp-content/uploads/sites/1155/2020/04/cropped-%E5%AE%9C%E8%98%AD%E7%B8%A3%E9%BB%8E%E6%98%8E%E5%9C%8B%E6%B0%91%E5%B0%8F%E5%AD%B8_%E6%A0%A1%E5%BE%BD-180x180.jpg HTTP/1.1" 200 18481 "-" "NetworkingExtension/8624.4.5.10.5 Network/5812.160.9 iOS/26.6"
2407:4b00:4c00:849a:a871:f5b8:4341:cdcc - - [17/Aug/2026:15:32:10 +0800] "GET /wp-content/uploads/sites/1155/2020/04/cropped-%E5%AE%9C%E8%98%AD%E7%B8%A3%E9%BB%8E%E6%98%8E%E5%9C%8B%E6%B0%91%E5%B0%8F%E5%AD%B8_%E6%A0%A1%E5%BE%BD-192x192.jpg HTTP/1.1" 200 19788 "-" "NetworkingExtension/8624.4.5.10.5 Network/5812.160.9 iOS/26.6"
::1 - - [17/Aug/2026:15:32:11 +0800] "OPTIONS * HTTP/1.0" 200 110 "-" "Apache/2.4.68 (Ubuntu) OpenSSL/3.0.19 (internal dummy connection)"
::1 - - [17/Aug/2026:15:32:12 +0800] "OPTIONS * HTTP/1.0" 200 110 "-" "Apache/2.4.68 (Ubuntu) OpenSSL/3.0.19 (internal dummy connection)"
::1 - - [17/Aug/2026:15:32:13 +0800] "OPTIONS * HTTP/1.0" 200 110 "-" "Apache/2.4.68 (Ubuntu) OpenSSL/3.0.19 (internal dummy connection)"
2001:4860:7:410::f5 - - [17/Aug/2026:15:32:13 +0800] "GET /category/c-8591/c-59237/ HTTP/1.1" 200 22918 "https://www.google.com/" "Mozilla/5.0 (Windows NT 10.0; Win64; x64) AppleWebKit/537.36 (KHTML, like Gecko) Chrome/151.0.0.0 Safari/537.36"
2401:e180:8801:c163:d58c:345d:94f0:f0d2 - - [17/Aug/2026:15:32:13 +0800] "GET / HTTP/1.1" 200 29750 "https://www.google.com/url?q=https://www.fsjh.ilc.edu.tw/&sa=U&sqi=2&ved=2ahUKEwjE6vbUkqeWAxVOj68BHbhKB28QFnoECCMQAQ&usg=AOvVaw2lsliVTaYuI55ePDhPp75e" "Mozilla/5.0 (iPhone; CPU iPhone OS 18_7_3 like Mac OS X) AppleWebKit/605.1.15 (KHTML, like Gecko) GSA/432.9.954074404 Mobile/15E148 Safari/604.1"
2001:288:a20f:1:a091:f32b:f9f4:95ff - - [17/Aug/2026:15:32:14 +0800] "GET /wp-content/cache/www.cwjh.ilc.edu.tw/wpfc-minified/7957u2ji/77dd.css HTTP/1.1" 200 20585 "https://www.cwjh.ilc.edu.tw/category/c-8591/c-59237/" "Mozilla/5.0 (Windows NT 10.0; Win64; x64) AppleWebKit/537.36 (KHTML, like Gecko) Chrome/151.0.0.0 Safari/537.36"
2001:288:a20f:1:a091:f32b:f9f4:95ff - - [17/Aug/2026:15:32:14 +0800] "GET /wp-content/cache/www.cwjh.ilc.edu.tw/wpfc-minified/2mrmz3dm/77dd.css HTTP/1.1" 200 45687 "https://www.cwjh.ilc.edu.tw/category/c-8591/c-59237/" "Mozilla/5.0 (Windows NT 10.0; Win64; x64) AppleWebKit/537.36 (KHTML, like Gecko) Chrome/151.0.0.0 Safari/537.36"
2001:288:a20f:1:a091:f32b:f9f4:95ff - - [17/Aug/2026:15:32:14 +0800] "GET /wp-content/cache/www.cwjh.ilc.edu.tw/wpfc-minified/8wopko65/77dd.css HTTP/1.1" 200 1496 "https://www.cwjh.ilc.edu.tw/category/c-8591/c-59237/" "Mozilla/5.0 (Windows NT 10.0; Win64; x64) AppleWebKit/537.36 (KHTML, like Gecko) Chrome/151.0.0.0 Safari/537.36"
2001:288:a20f:1:a091:f32b:f9f4:95ff - - [17/Aug/2026:15:32:14 +0800] "GET /wp-content/cache/www.cwjh.ilc.edu.tw/wpfc-minified/dhutxct0/77dd.css HTTP/1.1" 200 61684 "https://www.cwjh.ilc.edu.tw/category/c-8591/c-59237/" "Mozilla/5.0 (Windows NT 10.0; Win64; x64) AppleWebKit/537.36 (KHTML, like Gecko) Chrome/151.0.0.0 Safari/537.36"
2001:288:a20f:1:a091:f32b:f9f4:95ff - - [17/Aug/2026:15:32:14 +0800] "GET /wp-content/cache/www.cwjh.ilc.edu.tw/wpfc-minified/f11u7byj/77dd.js HTTP/1.1" 200 40362 "https://www.cwjh.ilc.edu.tw/category/c-8591/c-59237/" "Mozilla/5.0 (Windows NT 10.0; Win64; x64) AppleWebKit/537.36 (KHTML, like Gecko) Chrome/151.0.0.0 Safari/537.36"
2001:288:a20f:1:a091:f32b:f9f4:95ff - - [17/Aug/2026:15:32:14 +0800] "GET /wp-includes/js/hoverintent-js.min.js HTTP/1.1" 200 1597 "https://www.cwjh.ilc.edu.tw/category/c-8591/c-59237/" "Mozilla/5.0 (Windows NT 10.0; Win64; x64) AppleWebKit/537.36 (KHTML, like Gecko) Chrome/151.0.0.0 Safari/537.36"
2001:288:a20f:1:a091:f32b:f9f4:95ff - - [17/Aug/2026:15:32:14 +0800] "GET /wp-includes/js/admin-bar.min.js HTTP/1.1" 200 2237 "https://www.cwjh.ilc.edu.tw/category/c-8591/c-59237/" "Mozilla/5.0 (Windows NT 10.0; Win64; x64) AppleWebKit/537.36 (KHTML, like Gecko) Chrome/151.0.0.0 Safari/537.36"
2001:288:a20f:1:a091:f32b:f9f4:95ff - - [17/Aug/2026:15:32:14 +0800] "GET /wp-includes/js/imagesloaded.min.js HTTP/1.1" 200 2683 "https://www.cwjh.ilc.edu.tw/category/c-8591/c-59237/" "Mozilla/5.0 (Windows NT 10.0; Win64; x64) AppleWebKit/537.36 (KHTML, like Gecko) Chrome/151.0.0.0 Safari/537.36"
2001:288:a20f:1:a091:f32b:f9f4:95ff - - [17/Aug/2026:15:32:14 +0800] "GET /wp-content/themes/oceanwp/assets/js/theme.min.js HTTP/1.1" 200 5469 "https://www.cwjh.ilc.edu.tw/category/c-8591/c-59237/" "Mozilla/5.0 (Windows NT 10.0; Win64; x64) AppleWebKit/537.36 (KHTML, like Gecko) Chrome/151.0.0.0 Safari/537.36"
2001:288:a20f:1:a091:f32b:f9f4:95ff - - [17/Aug/2026:15:32:14 +0800] "GET /wp-content/themes/oceanwp/assets/js/drop-down-mobile-menu.min.js HTTP/1.1" 200 4663 "https://www.cwjh.ilc.edu.tw/category/c-8591/c-59237/" "Mozilla/5.0 (Windows NT 10.0; Win64; x64) AppleWebKit/537.36 (KHTML, like Gecko) Chrome/151.0.0.0 Safari/537.36"
2001:288:a20f:1:a091:f32b:f9f4:95ff - - [17/Aug/2026:15:32:14 +0800] "GET /wp-content/themes/oceanwp/assets/js/drop-down-search.min.js HTTP/1.1" 200 2968 "https://www.cwjh.ilc.edu.tw/category/c-8591/c-59237/" "Mozilla/5.0 (Windows NT 10.0; Win64; x64) AppleWebKit/537.36 (KHTML, like Gecko) Chrome/151.0.0.0 Safari/537.36"
2001:288:a20f:1:a091:f32b:f9f4:95ff - - [17/Aug/2026:15:32:14 +0800] "GET /wp-content/themes/oceanwp/assets/js/ow-lightbox.min.js HTTP/1.1" 200 2321 "https://www.cwjh.ilc.edu.tw/category/c-8591/c-59237/" "Mozilla/5.0 (Windows NT 10.0; Win64; x64) AppleWebKit/537.36 (KHTML, like Gecko) Chrome/151.0.0.0 Safari/537.36"
2001:288:a20f:1:a091:f32b:f9f4:95ff - - [17/Aug/2026:15:32:14 +0800] "GET /wp-content/themes/oceanwp/assets/js/vendors/magnific-popup.min.js HTTP/1.1" 200 8270 "https://www.cwjh.ilc.edu.tw/category/c-8591/c-59237/" "Mozilla/5.0 (Windows NT 10.0; Win64; x64) AppleWebKit/537.36 (KHTML, like Gecko) Chrome/151.0.0.0 Safari/537.36"
2001:288:a20f:1:a091:f32b:f9f4:95ff - - [17/Aug/2026:15:32:14 +0800] "GET /wp-content/themes/oceanwp/assets/js/vendors/flickity.pkgd.min.js HTTP/1.1" 200 15048 "https://www.cwjh.ilc.edu.tw/category/c-8591/c-59237/" "Mozilla/5.0 (Windows NT 10.0; Win64; x64) AppleWebKit/537.36 (KHTML, like Gecko) Chrome/151.0.0.0 Safari/537.36"
2001:288:a20f:1:a091:f32b:f9f4:95ff - - [17/Aug/2026:15:32:14 +0800] "GET /wp-content/themes/oceanwp/assets/js/ow-slider.min.js HTTP/1.1" 200 1761 "https://www.cwjh.ilc.edu.tw/category/c-8591/c-59237/" "Mozilla/5.0 (Windows NT 10.0; Win64; x64) AppleWebKit/537.36 (KHTML, like Gecko) Chrome/151.0.0.0 Safari/537.36"
2001:288:a20f:1:a091:f32b:f9f4:95ff - - [17/Aug/2026:15:32:14 +0800] "GET /wp-content/themes/oceanwp/assets/js/scroll-effect.min.js HTTP/1.1" 200 4127 "https://www.cwjh.ilc.edu.tw/category/c-8591/c-59237/" "Mozilla/5.0 (Windows NT 10.0; Win64; x64) AppleWebKit/537.36 (KHTML, like Gecko) Chrome/151.0.0.0 Safari/537.36"
2001:288:a20f:1:a091:f32b:f9f4:95ff - - [17/Aug/2026:15:32:14 +0800] "GET /wp-content/themes/oceanwp/assets/js/scroll-top.min.js HTTP/1.1" 200 3202 "https://www.cwjh.ilc.edu.tw/category/c-8591/c-59237/" "Mozilla/5.0 (Windows NT 10.0; Win64; x64) AppleWebKit/537.36 (KHTML, like Gecko) Chrome/151.0.0.0 Safari/537.36"
2001:288:a20f:1:a091:f32b:f9f4:95ff - - [17/Aug/2026:15:32:14 +0800] "GET /wp-content/plugins/ocean-extra/includes/widgets/js/flickr.min.js HTTP/1.1" 200 1319 "https://www.cwjh.ilc.edu.tw/category/c-8591/c-59237/" "Mozilla/5.0 (Windows NT 10.0; Win64; x64) AppleWebKit/537.36 (KHTML, like Gecko) Chrome/151.0.0.0 Safari/537.36"
2001:288:a20f:1:a091:f32b:f9f4:95ff - - [17/Aug/2026:15:32:14 +0800] "GET /wp-content/themes/oceanwp/assets/js/select.min.js HTTP/1.1" 200 2408 "https://www.cwjh.ilc.edu.tw/category/c-8591/c-59237/" "Mozilla/5.0 (Windows NT 10.0; Win64; x64) AppleWebKit/537.36 (KHTML, like Gecko) Chrome/151.0.0.0 Safari/537.36"
66.249.68.192 - - [17/Aug/2026:15:32:13 +0800] "GET /1003/ HTTP/1.1" 200 20314 "-" "Mozilla/5.0 (compatible; Googlebot/2.1; +http://www.google.com/bot.html)"
2001:288:a20f:1:a091:f32b:f9f4:95ff - - [17/Aug/2026:15:32:14 +0800] "GET /wp-content/themes/oceanwp/assets/fonts/simple-line-icons/Simple-Line-Icons.woff2?v=2.4.0 HTTP/1.1" 200 30959 "https://www.cwjh.ilc.edu.tw/wp-content/cache/www.cwjh.ilc.edu.tw/wpfc-minified/dhutxct0/77dd.css" "Mozilla/5.0 (Windows NT 10.0; Win64; x64) AppleWebKit/537.36 (KHTML, like Gecko) Chrome/151.0.0.0 Safari/537.36"
2001:288:a20f:1:a091:f32b:f9f4:95ff - - [17/Aug/2026:15:32:14 +0800] "GET /wp-content/themes/oceanwp/assets/fonts/fontawesome/webfonts/fa-solid-900.woff2 HTTP/1.1" 200 151246 "https://www.cwjh.ilc.edu.tw/wp-content/cache/www.cwjh.ilc.edu.tw/wpfc-minified/dhutxct0/77dd.css" "Mozilla/5.0 (Windows NT 10.0; Win64; x64) AppleWebKit/537.36 (KHTML, like Gecko) Chrome/151.0.0.0 Safari/537.36"
2001:288:a20f:1:a091:f32b:f9f4:95ff - - [17/Aug/2026:15:32:14 +0800] "GET /wp-content/uploads/sites/1364/2019/10/cropped-21502-3467847-1.png HTTP/1.1" 200 1491354 "https://www.cwjh.ilc.edu.tw/category/c-8591/c-59237/" "Mozilla/5.0 (Windows NT 10.0; Win64; x64) AppleWebKit/537.36 (KHTML, like Gecko) Chrome/151.0.0.0 Safari/537.36"
2001:288:a20f:1:a091:f32b:f9f4:95ff - - [17/Aug/2026:15:32:14 +0800] "GET /wp-content/uploads/sites/1364/2020/02/cropped-cwjh001-32x32.png HTTP/1.1" 200 3126 "https://www.cwjh.ilc.edu.tw/category/c-8591/c-59237/" "Mozilla/5.0 (Windows NT 10.0; Win64; x64) AppleWebKit/537.36 (KHTML, like Gecko) Chrome/151.0.0.0 Safari/537.36"
140.111.67.10 - - [17/Aug/2026:15:32:15 +0800] "GET /" 301 273 "-" "-"
2001:288:a257:1:a477:619e:fe74:1a39 - - [17/Aug/2026:15:32:15 +0800] "-" 408 4791 "-" "-"
2001:288:a257:1:a477:619e:fe74:1a39 - - [17/Aug/2026:15:32:15 +0800] "-" 408 4791 "-" "-"
2001:288:a257:1:a477:619e:fe74:1a39 - - [17/Aug/2026:15:32:15 +0800] "-" 408 4791 "-" "-"
2001:288:a201::66:125 - - [17/Aug/2026:15:32:15 +0800] "GET /blog/active.php HTTP/1.1" 301 1026 "-" "-"
2001:288:a201::66:125 - - [17/Aug/2026:15:32:15 +0800] "GET /blog/active.php HTTP/1.1" 404 1084 "-" "-"
::1 - - [17/Aug/2026:15:32:16 +0800] "OPTIONS * HTTP/1.0" 200 110 "-" "Apache/2.4.68 (Ubuntu) OpenSSL/3.0.19 (internal dummy connection)"
66.249.68.201 - - [17/Aug/2026:15:32:16 +0800] "GET /12/2009/11/27/ HTTP/1.1" 200 14499 "-" "Mozilla/5.0 (Linux; Android 6.0.1; Nexus 5X Build/MMB29P) AppleWebKit/537.36 (KHTML, like Gecko) Chrome/150.0.7871.186 Mobile Safari/537.36 (compatible; Googlebot/2.1; +http://www.google.com/bot.html)"
2001:4860:7:b10::f8 - - [17/Aug/2026:15:32:19 +0800] "GET / HTTP/1.1" 200 21164 "https://www.google.com/" "Mozilla/5.0 (Windows NT 10.0; Win64; x64) AppleWebKit/537.36 (KHTML, like Gecko) Chrome/151.0.0.0 Safari/537.36"
66.249.68.201 - - [17/Aug/2026:15:32:19 +0800] "GET /rainbow123/wp-content/uploads/sites/3901/2026/07/IMG_1384-300x225.jpg HTTP/1.1" 200 25191 "-" "GoogleOther-Image/1.0"
140.111.67.10 - - [17/Aug/2026:15:32:20 +0800] "GET /" 301 273 "-" "-"
66.249.68.201 - - [17/Aug/2026:15:32:20 +0800] "GET /1003/wp-content/cache/2blog.ilc.edu.tw/wpfc-minified/7jci0eqx/5woub.js HTTP/1.1" 200 35562 "https://2blog.ilc.edu.tw/1003/" "Mozilla/5.0 AppleWebKit/537.36 (KHTML, like Gecko; compatible; Googlebot/2.1; +http://www.google.com/bot.html) Chrome/149.0.7827.200 Safari/537.36"
2001:288:a201::66:125 - - [17/Aug/2026:15:32:20 +0800] "GET /blog/active.php HTTP/1.1" 301 1026 "-" "-"
2001:288:a201::66:125 - - [17/Aug/2026:15:32:20 +0800] "GET /blog/active.php HTTP/1.1" 404 1084 "-" "-"
::1 - - [17/Aug/2026:15:32:21 +0800] "OPTIONS * HTTP/1.0" 200 110 "-" "Apache/2.4.68 (Ubuntu) OpenSSL/3.0.19 (internal dummy connection)"
2001:288:a20f:1:a091:f32b:f9f4:95ff - - [17/Aug/2026:15:32:21 +0800] "GET /category/c-8678/c-59703/ HTTP/1.1" 200 18265 "https://www.cwjh.ilc.edu.tw/category/c-8591/c-59237/" "Mozilla/5.0 (Windows NT 10.0; Win64; x64) AppleWebKit/537.36 (KHTML, like Gecko) Chrome/151.0.0.0 Safari/537.36"
2001:288:a20f:1:a091:f32b:f9f4:95ff - - [17/Aug/2026:15:32:21 +0800] "GET /wp-content/uploads/sites/1364/2020/02/%E6%93%B7%E5%8F%96.jpg HTTP/1.1" 200 91447 "https://www.cwjh.ilc.edu.tw/category/c-8678/c-59703/" "Mozilla/5.0 (Windows NT 10.0; Win64; x64) AppleWebKit/537.36 (KHTML, like Gecko) Chrome/151.0.0.0 Safari/537.36"
2001:b400:e2d4:662b:c0db:c066:8a8b:90f8 - - [17/Aug/2026:15:32:23 +0800] "GET / HTTP/1.1" 200 25942 "-" "Mozilla/5.0 (iPhone; CPU iPhone OS 18_7 like Mac OS X) AppleWebKit/605.1.15 (KHTML, like Gecko) Version/26.3 Mobile/15E148 Safari/604.1"
2001:b400:e2d4:662b:c0db:c066:8a8b:90f8 - - [17/Aug/2026:15:32:23 +0800] "GET /apple-touch-icon-precomposed.png HTTP/1.1" 404 53465 "-" "NetworkingExtension/8623.2.7.10.4 Network/5569.82.5 iOS/26.3"
2001:b400:e2d4:662b:c0db:c066:8a8b:90f8 - - [17/Aug/2026:15:32:23 +0800] "GET /favicon.ico HTTP/1.1" 302 5901 "-" "NetworkingExtension/8623.2.7.10.4 Network/5569.82.5 iOS/26.3"
2001:b400:e2d4:662b:c0db:c066:8a8b:90f8 - - [17/Aug/2026:15:32:23 +0800] "GET / HTTP/1.1" 200 25973 "-" "Mozilla/5.0 (Macintosh; Intel Mac OS X 10_11_1) AppleWebKit/601.2.4 (KHTML, like Gecko) Version/9.0.1 Safari/601.2.4 facebookexternalhit/1.1 Facebot Twitterbot/1.0"
2001:b400:e2d4:662b:c0db:c066:8a8b:90f8 - - [17/Aug/2026:15:32:23 +0800] "GET /apple-touch-icon.png HTTP/1.1" 404 53465 "-" "NetworkingExtension/8623.2.7.10.4 Network/5569.82.5 iOS/26.3"
66.249.68.201 - - [17/Aug/2026:15:32:23 +0800] "GET /12/2012/12/03/ HTTP/1.1" 200 9657 "-" "Mozilla/5.0 (Linux; Android 6.0.1; Nexus 5X Build/MMB29P) AppleWebKit/537.36 (KHTML, like Gecko) Chrome/150.0.7871.186 Mobile Safari/537.36 (compatible; Googlebot/2.1; +http://www.google.com/bot.html)"
2001:b400:e2d4:662b:c0db:c066:8a8b:90f8 - - [17/Aug/2026:15:32:23 +0800] "GET /wp-content/uploads/sites/399/2023/08/%E6%A0%A1%E5%BE%BDAI%E6%AA%94-1-150x150.png HTTP/1.1" 200 17459 "-" "NetworkingExtension/8623.2.7.10.4 Network/5569.82.5 iOS/26.3"
2001:b400:e2d4:662b:c0db:c066:8a8b:90f8 - - [17/Aug/2026:15:32:23 +0800] "GET /wp-content/uploads/sites/399/2023/08/%E6%A0%A1%E5%BE%BDAI%E6%AA%94-1-150x150.png HTTP/1.1" 200 17459 "-" "NetworkingExtension/8623.2.7.10.4 Network/5569.82.5 iOS/26.3"
2001:b400:e2d4:662b:c0db:c066:8a8b:90f8 - - [17/Aug/2026:15:32:23 +0800] "GET /wp-content/uploads/sites/399/2023/08/%E6%A0%A1%E5%BE%BDAI%E6%AA%94-1.png HTTP/1.1" 200 20495 "-" "NetworkingExtension/8623.2.7.10.4 Network/5569.82.5 iOS/26.3"
2001:b400:e2d4:662b:c0db:c066:8a8b:90f8 - - [17/Aug/2026:15:32:23 +0800] "GET /wp-content/uploads/sites/399/2023/08/%E6%A0%A1%E5%BE%BDAI%E6%AA%94-1.png HTTP/1.1" 200 20495 "-" "NetworkingExtension/8623.2.7.10.4 Network/5569.82.5 iOS/26.3"
2001:b400:e2d4:662b:c0db:c066:8a8b:90f8 - - [17/Aug/2026:15:32:24 +0800] "GET /apple-touch-icon-120x120-precomposed.png HTTP/1.1" 404 53465 "-" "Mozilla/5.0 (iPhone; CPU iPhone OS 18_7 like Mac OS X) AppleWebKit/605.1.15 (KHTML, like Gecko) Safari"
66.249.71.64 - - [17/Aug/2026:15:32:24 +0800] "GET /1003/wp-content/cache/2blog.ilc.edu.tw/wpfc-minified/mknpejql/5woub.css HTTP/1.1" 200 45667 "https://2blog.ilc.edu.tw/1003/" "Mozilla/5.0 AppleWebKit/537.36 (KHTML, like Gecko; compatible; Googlebot/2.1; +http://www.google.com/bot.html) Chrome/149.0.7827.200 Safari/537.36"
2001:b400:e2d4:662b:c0db:c066:8a8b:90f8 - - [17/Aug/2026:15:32:24 +0800] "GET /apple-touch-icon-120x120.png HTTP/1.1" 404 48534 "-" "Mozilla/5.0 (iPhone; CPU iPhone OS 18_7 like Mac OS X) AppleWebKit/605.1.15 (KHTML, like Gecko) Safari"
2001:b400:e2d4:662b:c0db:c066:8a8b:90f8 - - [17/Aug/2026:15:32:24 +0800] "GET /wp-content/uploads/sites/399/2023/08/%E6%A0%A1%E5%BE%BDAI%E6%AA%94-1.png HTTP/1.1" 200 20495 "-" "Mozilla/5.0 (iPhone; CPU iPhone OS 18_7 like Mac OS X) AppleWebKit/605.1.15 (KHTML, like Gecko) Safari"
140.111.67.10 - - [17/Aug/2026:15:32:25 +0800] "GET /" 301 273 "-" "-"
