120.101.215.146 - - [17/Aug/2026:15:35:26 +0800] "GET /wp-content/plugins/elementor/assets/js/common-modules.min.js HTTP/1.1" 200 27862 "https://www.najh.ilc.edu.tw/wp-admin/" "Mozilla/5.0 (Windows NT 10.0; Win64; x64) AppleWebKit/537.36 (KHTML, like Gecko) Chrome/151.0.0.0 Safari/537.36"
120.101.215.146 - - [17/Aug/2026:15:35:26 +0800] "GET /wp-includes/js/api-request.min.js HTTP/1.1" 200 1469 "https://www.najh.ilc.edu.tw/wp-admin/" "Mozilla/5.0 (Windows NT 10.0; Win64; x64) AppleWebKit/537.36 (KHTML, like Gecko) Chrome/151.0.0.0 Safari/537.36"
120.101.215.146 - - [17/Aug/2026:15:35:26 +0800] "GET /wp-content/plugins/elementor/assets/lib/dialog/dialog.min.js HTTP/1.1" 200 4368 "https://www.najh.ilc.edu.tw/wp-admin/" "Mozilla/5.0 (Windows NT 10.0; Win64; x64) AppleWebKit/537.36 (KHTML, like Gecko) Chrome/151.0.0.0 Safari/537.36"
120.101.215.146 - - [17/Aug/2026:15:35:26 +0800] "GET /wp-content/plugins/elementor/assets/js/dev-tools.min.js HTTP/1.1" 200 3401 "https://www.najh.ilc.edu.tw/wp-admin/" "Mozilla/5.0 (Windows NT 10.0; Win64; x64) AppleWebKit/537.36 (KHTML, like Gecko) Chrome/151.0.0.0 Safari/537.36"
120.101.215.146 - - [17/Aug/2026:15:35:26 +0800] "GET /wp-content/plugins/elementor/assets/js/web-cli.min.js HTTP/1.1" 200 42070 "https://www.najh.ilc.edu.tw/wp-admin/" "Mozilla/5.0 (Windows NT 10.0; Win64; x64) AppleWebKit/537.36 (KHTML, like Gecko) Chrome/151.0.0.0 Safari/537.36"
120.101.215.146 - - [17/Aug/2026:15:35:26 +0800] "GET /wp-content/plugins/elementor/assets/js/common.min.js HTTP/1.1" 200 38348 "https://www.najh.ilc.edu.tw/wp-admin/" "Mozilla/5.0 (Windows NT 10.0; Win64; x64) AppleWebKit/537.36 (KHTML, like Gecko) Chrome/151.0.0.0 Safari/537.36"
120.101.215.146 - - [17/Aug/2026:15:35:26 +0800] "GET /wp-content/plugins/elementor/assets/js/import-export-admin.min.js HTTP/1.1" 200 3031 "https://www.najh.ilc.edu.tw/wp-admin/" "Mozilla/5.0 (Windows NT 10.0; Win64; x64) AppleWebKit/537.36 (KHTML, like Gecko) Chrome/151.0.0.0 Safari/537.36"
120.101.215.146 - - [17/Aug/2026:15:35:26 +0800] "GET /wp-content/plugins/elementor/assets/js/admin-modules.min.js HTTP/1.1" 200 6276 "https://www.najh.ilc.edu.tw/wp-admin/" "Mozilla/5.0 (Windows NT 10.0; Win64; x64) AppleWebKit/537.36 (KHTML, like Gecko) Chrome/151.0.0.0 Safari/537.36"
120.101.215.146 - - [17/Aug/2026:15:35:26 +0800] "GET /wp-content/plugins/elementor/assets/js/app-loader.min.js HTTP/1.1" 200 25627 "https://www.najh.ilc.edu.tw/wp-admin/" "Mozilla/5.0 (Windows NT 10.0; Win64; x64) AppleWebKit/537.36 (KHTML, like Gecko) Chrome/151.0.0.0 Safari/537.36"
120.101.215.146 - - [17/Aug/2026:15:35:26 +0800] "GET /wp-content/plugins/elementor/assets/js/admin.min.js HTTP/1.1" 200 15297 "https://www.najh.ilc.edu.tw/wp-admin/" "Mozilla/5.0 (Windows NT 10.0; Win64; x64) AppleWebKit/537.36 (KHTML, like Gecko) Chrome/151.0.0.0 Safari/537.36"
120.101.215.146 - - [17/Aug/2026:15:35:26 +0800] "GET /wp-content/plugins/wp-fastest-cache/js/column.js HTTP/1.1" 200 1390 "https://www.najh.ilc.edu.tw/wp-admin/" "Mozilla/5.0 (Windows NT 10.0; Win64; x64) AppleWebKit/537.36 (KHTML, like Gecko) Chrome/151.0.0.0 Safari/537.36"
120.101.215.146 - - [17/Aug/2026:15:35:26 +0800] "GET /wp-content/plugins/wp-fastest-cache/js/toolbar.js HTTP/1.1" 200 1989 "https://www.najh.ilc.edu.tw/wp-admin/" "Mozilla/5.0 (Windows NT 10.0; Win64; x64) AppleWebKit/537.36 (KHTML, like Gecko) Chrome/151.0.0.0 Safari/537.36"
120.101.215.146 - - [17/Aug/2026:15:35:26 +0800] "GET /wp-content/themes/oceanwp/inc/themepanel/assets/js/admin.js HTTP/1.1" 200 1235 "https://www.najh.ilc.edu.tw/wp-admin/" "Mozilla/5.0 (Windows NT 10.0; Win64; x64) AppleWebKit/537.36 (KHTML, like Gecko) Chrome/151.0.0.0 Safari/537.36"
120.101.215.146 - - [17/Aug/2026:15:35:26 +0800] "GET /wp-includes/js/jquery/ui/accordion.min.js HTTP/1.1" 200 3663 "https://www.najh.ilc.edu.tw/wp-admin/" "Mozilla/5.0 (Windows NT 10.0; Win64; x64) AppleWebKit/537.36 (KHTML, like Gecko) Chrome/151.0.0.0 Safari/537.36"
120.101.215.146 - - [17/Aug/2026:15:35:26 +0800] "GET /wp-includes/js/wplink.min.js HTTP/1.1" 200 4787 "https://www.najh.ilc.edu.tw/wp-admin/" "Mozilla/5.0 (Windows NT 10.0; Win64; x64) AppleWebKit/537.36 (KHTML, like Gecko) Chrome/151.0.0.0 Safari/537.36"
120.101.215.146 - - [17/Aug/2026:15:35:26 +0800] "GET /wp-includes/js/jquery/ui/menu.min.js HTTP/1.1" 200 3938 "https://www.najh.ilc.edu.tw/wp-admin/" "Mozilla/5.0 (Windows NT 10.0; Win64; x64) AppleWebKit/537.36 (KHTML, like Gecko) Chrome/151.0.0.0 Safari/537.36"
120.101.215.146 - - [17/Aug/2026:15:35:26 +0800] "GET /wp-includes/js/jquery/ui/autocomplete.min.js HTTP/1.1" 200 3785 "https://www.najh.ilc.edu.tw/wp-admin/" "Mozilla/5.0 (Windows NT 10.0; Win64; x64) AppleWebKit/537.36 (KHTML, like Gecko) Chrome/151.0.0.0 Safari/537.36"
120.101.215.146 - - [17/Aug/2026:15:35:26 +0800] "GET /wp-content/plugins/elementor/assets/lib/eicons/fonts/eicons.woff2?5.30.0 HTTP/1.1" 200 98225 "https://www.najh.ilc.edu.tw/wp-content/plugins/elementor/assets/lib/eicons/css/elementor-icons.min.css" "Mozilla/5.0 (Windows NT 10.0; Win64; x64) AppleWebKit/537.36 (KHTML, like Gecko) Chrome/151.0.0.0 Safari/537.36"
120.101.215.146 - - [17/Aug/2026:15:35:26 +0800] "GET /wp-includes/js/thickbox/loadingAnimation.gif HTTP/1.1" 200 16088 "https://www.najh.ilc.edu.tw/wp-admin/" "Mozilla/5.0 (Windows NT 10.0; Win64; x64) AppleWebKit/537.36 (KHTML, like Gecko) Chrome/151.0.0.0 Safari/537.36"
52.167.144.197 - - [17/Aug/2026:15:35:27 +0800] "GET /blog/gallery/1313/1313-1749919.png HTTP/1.1" 301 1045 "-" "Mozilla/5.0 AppleWebKit/537.36 (KHTML, like Gecko; compatible; bingbot/2.0; +http://www.bing.com/bingbot.htm) Chrome/116.0.1938.76 Safari/537.36"
2001:b400:e2db:49da:68ef:b1b:3a61:492 - - [17/Aug/2026:15:35:26 +0800] "GET / HTTP/1.1" 200 30953 "-" "Mozilla/5.0 (iPhone; CPU iPhone OS 18_7 like Mac OS X) AppleWebKit/605.1.15 (KHTML, like Gecko) Mobile/15E148 Safari Line/26.9.0"
2001:288:a25e:1:3d15:4eeb:269:141f - - [17/Aug/2026:15:35:26 +0800] "GET /wp-content/uploads/sites/3846/2026/08/%E8%BE%B2%E6%A5%AD%E9%83%A8%E5%BB%A3%E5%91%8A.jpg HTTP/1.1" 200 240914 "https://it.ilc.edu.tw/" "Mozilla/5.0 (Windows NT 10.0; Win64; x64) AppleWebKit/537.36 (KHTML, like Gecko) Chrome/150.0.0.0 Safari/537.36"
2001:288:a25e:1:3d15:4eeb:269:141f - - [17/Aug/2026:15:35:26 +0800] "GET /wp-content/uploads/sites/3846/2026/06/2026%E5%AE%9C%E8%98%AD%E7%98%8B%E5%AD%B8%E7%BF%92-%E6%9A%91%E5%81%87_%E6%95%99%E8%82%B2%E8%99%95%E9%A6%96%E9%A0%81-1440-x-1080-%E5%83%8F%E7%B4%A0.png HTTP/1.1" 200 2050723 "https://it.ilc.edu.tw/" "Mozilla/5.0 (Windows NT 10.0; Win64; x64) AppleWebKit/537.36 (KHTML, like Gecko) Chrome/150.0.0.0 Safari/537.36"
2001:288:a25e:1:3d15:4eeb:269:141f - - [17/Aug/2026:15:35:26 +0800] "GET /wp-content/uploads/sites/3846/2026/02/%E9%81%BF%E5%85%8D%E8%AA%A4%E5%85%A5%E8%A9%90%E9%A8%99%E7%B6%B2%E7%AB%99APP%E5%B0%8F%E5%B8%B8%E8%AD%98.jpg HTTP/1.1" 200 459624 "https://it.ilc.edu.tw/" "Mozilla/5.0 (Windows NT 10.0; Win64; x64) AppleWebKit/537.36 (KHTML, like Gecko) Chrome/150.0.0.0 Safari/537.36"
2001:288:a25e:1:3d15:4eeb:269:141f - - [17/Aug/2026:15:35:26 +0800] "GET /wp-content/uploads/sites/3846/2026/06/%E5%AE%A3%E5%82%B3%E5%9C%96%E7%89%87.png HTTP/1.1" 200 1053112 "https://it.ilc.edu.tw/" "Mozilla/5.0 (Windows NT 10.0; Win64; x64) AppleWebKit/537.36 (KHTML, like Gecko) Chrome/150.0.0.0 Safari/537.36"
2001:b400:e2db:49da:68ef:b1b:3a61:492 - - [17/Aug/2026:15:35:27 +0800] "GET /wp-content/uploads/sites/50/2026/08/rect5041.png HTTP/1.1" 200 158075 "https://www.ksjh.ilc.edu.tw/" "Mozilla/5.0 (iPhone; CPU iPhone OS 18_7 like Mac OS X) AppleWebKit/605.1.15 (KHTML, like Gecko) Mobile/15E148 Safari Line/26.9.0"
120.101.215.146 - - [17/Aug/2026:15:35:27 +0800] "GET /favicon.ico HTTP/1.1" 302 1045 "https://www.najh.ilc.edu.tw/wp-admin/" "Mozilla/5.0 (Windows NT 10.0; Win64; x64) AppleWebKit/537.36 (KHTML, like Gecko) Chrome/151.0.0.0 Safari/537.36"
120.101.215.146 - - [17/Aug/2026:15:35:27 +0800] "POST /wp-admin/admin-ajax.php HTTP/1.1" 200 1111 "https://www.najh.ilc.edu.tw/wp-admin/" "Mozilla/5.0 (Windows NT 10.0; Win64; x64) AppleWebKit/537.36 (KHTML, like Gecko) Chrome/151.0.0.0 Safari/537.36"
120.101.215.146 - - [17/Aug/2026:15:35:27 +0800] "GET /wp-includes/images/w-logo-blue-white-bg.png HTTP/1.1" 200 4946 "https://www.najh.ilc.edu.tw/wp-admin/" "Mozilla/5.0 (Windows NT 10.0; Win64; x64) AppleWebKit/537.36 (KHTML, like Gecko) Chrome/151.0.0.0 Safari/537.36"
2001:b400:e2db:49da:68ef:b1b:3a61:492 - - [17/Aug/2026:15:35:28 +0800] "GET /wp-content/uploads/sites/50/elementor/css/post-232.css HTTP/1.1" 200 6220 "https://www.ksjh.ilc.edu.tw/" "Mozilla/5.0 (iPhone; CPU iPhone OS 18_7 like Mac OS X) AppleWebKit/605.1.15 (KHTML, like Gecko) Mobile/15E148 Safari Line/26.9.0"
2407:4b00:4c0a:81f0:5982:cbc4:420:cfd8 - - [17/Aug/2026:15:35:28 +0800] "GET / HTTP/1.1" 200 31593 "https://www.google.com/" "Mozilla/5.0 (iPhone; CPU iPhone OS 18_7 like Mac OS X) AppleWebKit/605.1.15 (KHTML, like Gecko) Version/26.6 Mobile/15E148 Safari/604.1"
2407:4b00:4c0a:81f0:5982:cbc4:420:cfd8 - - [17/Aug/2026:15:35:28 +0800] "GET / HTTP/1.1" 200 31593 "https://www.google.com/" "Mozilla/5.0 (iPhone; CPU iPhone OS 18_7 like Mac OS X) AppleWebKit/605.1.15 (KHTML, like Gecko) Version/26.6 Mobile/15E148 Safari/604.1"
2407:4b00:4c0a:81f0:5982:cbc4:420:cfd8 - - [17/Aug/2026:15:35:29 +0800] "GET /wp-content/uploads/sites/3846/elementor/css/post-19.css HTTP/1.1" 200 1672 "https://www.ilc.edu.tw/" "Mozilla/5.0 (iPhone; CPU iPhone OS 18_7 like Mac OS X) AppleWebKit/605.1.15 (KHTML, like Gecko) Version/26.6 Mobile/15E148 Safari/604.1"
2407:4b00:4c0a:81f0:5982:cbc4:420:cfd8 - - [17/Aug/2026:15:35:29 +0800] "GET /wp-content/cache/www.ilc.edu.tw/wpfc-minified/difb1vbs/8141l.js HTTP/1.1" 200 35549 "https://www.ilc.edu.tw/" "Mozilla/5.0 (iPhone; CPU iPhone OS 18_7 like Mac OS X) AppleWebKit/605.1.15 (KHTML, like Gecko) Version/26.6 Mobile/15E148 Safari/604.1"
2407:4b00:4c0a:81f0:5982:cbc4:420:cfd8 - - [17/Aug/2026:15:35:29 +0800] "GET /wp-content/cache/www.ilc.edu.tw/wpfc-minified/sz1rpuo/8141l.css HTTP/1.1" 200 45676 "https://www.ilc.edu.tw/" "Mozilla/5.0 (iPhone; CPU iPhone OS 18_7 like Mac OS X) AppleWebKit/605.1.15 (KHTML, like Gecko) Version/26.6 Mobile/15E148 Safari/604.1"
2407:4b00:4c0a:81f0:5982:cbc4:420:cfd8 - - [17/Aug/2026:15:35:29 +0800] "GET /wp-content/uploads/sites/3846/elementor/css/post-3.css HTTP/1.1" 200 6090 "https://www.ilc.edu.tw/" "Mozilla/5.0 (iPhone; CPU iPhone OS 18_7 like Mac OS X) AppleWebKit/605.1.15 (KHTML, like Gecko) Version/26.6 Mobile/15E148 Safari/604.1"
2407:4b00:4c0a:81f0:5982:cbc4:420:cfd8 - - [17/Aug/2026:15:35:29 +0800] "GET /wp-content/cache/www.ilc.edu.tw/wpfc-minified/21kp93v9/8141l.css HTTP/1.1" 200 4167 "https://www.ilc.edu.tw/" "Mozilla/5.0 (iPhone; CPU iPhone OS 18_7 like Mac OS X) AppleWebKit/605.1.15 (KHTML, like Gecko) Version/26.6 Mobile/15E148 Safari/604.1"
2407:4b00:4c0a:81f0:5982:cbc4:420:cfd8 - - [17/Aug/2026:15:35:29 +0800] "GET /wp-includes/js/hoverintent-js.min.js HTTP/1.1" 200 1597 "https://www.ilc.edu.tw/" "Mozilla/5.0 (iPhone; CPU iPhone OS 18_7 like Mac OS X) AppleWebKit/605.1.15 (KHTML, like Gecko) Version/26.6 Mobile/15E148 Safari/604.1"
2407:4b00:4c0a:81f0:5982:cbc4:420:cfd8 - - [17/Aug/2026:15:35:29 +0800] "GET /wp-includes/js/admin-bar.min.js HTTP/1.1" 200 2237 "https://www.ilc.edu.tw/" "Mozilla/5.0 (iPhone; CPU iPhone OS 18_7 like Mac OS X) AppleWebKit/605.1.15 (KHTML, like Gecko) Version/26.6 Mobile/15E148 Safari/604.1"
2407:4b00:4c0a:81f0:5982:cbc4:420:cfd8 - - [17/Aug/2026:15:35:29 +0800] "GET /wp-includes/js/imagesloaded.min.js HTTP/1.1" 200 2683 "https://www.ilc.edu.tw/" "Mozilla/5.0 (iPhone; CPU iPhone OS 18_7 like Mac OS X) AppleWebKit/605.1.15 (KHTML, like Gecko) Version/26.6 Mobile/15E148 Safari/604.1"
2407:4b00:4c0a:81f0:5982:cbc4:420:cfd8 - - [17/Aug/2026:15:35:29 +0800] "GET /wp-content/themes/oceanwp/assets/js/theme.min.js HTTP/1.1" 200 5130 "https://www.ilc.edu.tw/" "Mozilla/5.0 (iPhone; CPU iPhone OS 18_7 like Mac OS X) AppleWebKit/605.1.15 (KHTML, like Gecko) Version/26.6 Mobile/15E148 Safari/604.1"
2407:4b00:4c0a:81f0:5982:cbc4:420:cfd8 - - [17/Aug/2026:15:35:29 +0800] "GET /wp-content/themes/oceanwp/assets/js/drop-down-mobile-menu.min.js HTTP/1.1" 200 4663 "https://www.ilc.edu.tw/" "Mozilla/5.0 (iPhone; CPU iPhone OS 18_7 like Mac OS X) AppleWebKit/605.1.15 (KHTML, like Gecko) Version/26.6 Mobile/15E148 Safari/604.1"
2407:4b00:4c0a:81f0:5982:cbc4:420:cfd8 - - [17/Aug/2026:15:35:29 +0800] "GET /wp-content/themes/oceanwp/assets/js/vendors/magnific-popup.min.js HTTP/1.1" 200 8270 "https://www.ilc.edu.tw/" "Mozilla/5.0 (iPhone; CPU iPhone OS 18_7 like Mac OS X) AppleWebKit/605.1.15 (KHTML, like Gecko) Version/26.6 Mobile/15E148 Safari/604.1"
2407:4b00:4c0a:81f0:5982:cbc4:420:cfd8 - - [17/Aug/2026:15:35:29 +0800] "GET /wp-content/themes/oceanwp/assets/js/ow-lightbox.min.js HTTP/1.1" 200 2321 "https://www.ilc.edu.tw/" "Mozilla/5.0 (iPhone; CPU iPhone OS 18_7 like Mac OS X) AppleWebKit/605.1.15 (KHTML, like Gecko) Version/26.6 Mobile/15E148 Safari/604.1"
2407:4b00:4c0a:81f0:5982:cbc4:420:cfd8 - - [17/Aug/2026:15:35:29 +0800] "GET /wp-content/themes/oceanwp/assets/js/vendors/flickity.pkgd.min.js HTTP/1.1" 200 15048 "https://www.ilc.edu.tw/" "Mozilla/5.0 (iPhone; CPU iPhone OS 18_7 like Mac OS X) AppleWebKit/605.1.15 (KHTML, like Gecko) Version/26.6 Mobile/15E148 Safari/604.1"
2407:4b00:4c0a:81f0:5982:cbc4:420:cfd8 - - [17/Aug/2026:15:35:29 +0800] "GET /wp-content/themes/oceanwp/assets/js/ow-slider.min.js HTTP/1.1" 200 1761 "https://www.ilc.edu.tw/" "Mozilla/5.0 (iPhone; CPU iPhone OS 18_7 like Mac OS X) AppleWebKit/605.1.15 (KHTML, like Gecko) Version/26.6 Mobile/15E148 Safari/604.1"
2407:4b00:4c0a:81f0:5982:cbc4:420:cfd8 - - [17/Aug/2026:15:35:29 +0800] "GET /wp-content/themes/oceanwp/assets/js/scroll-effect.min.js HTTP/1.1" 200 4127 "https://www.ilc.edu.tw/" "Mozilla/5.0 (iPhone; CPU iPhone OS 18_7 like Mac OS X) AppleWebKit/605.1.15 (KHTML, like Gecko) Version/26.6 Mobile/15E148 Safari/604.1"
2407:4b00:4c0a:81f0:5982:cbc4:420:cfd8 - - [17/Aug/2026:15:35:29 +0800] "GET /wp-content/themes/oceanwp/assets/js/scroll-top.min.js HTTP/1.1" 200 3202 "https://www.ilc.edu.tw/" "Mozilla/5.0 (iPhone; CPU iPhone OS 18_7 like Mac OS X) AppleWebKit/605.1.15 (KHTML, like Gecko) Version/26.6 Mobile/15E148 Safari/604.1"
2407:4b00:4c0a:81f0:5982:cbc4:420:cfd8 - - [17/Aug/2026:15:35:29 +0800] "GET /wp-content/themes/oceanwp/assets/js/select.min.js HTTP/1.1" 200 2408 "https://www.ilc.edu.tw/" "Mozilla/5.0 (iPhone; CPU iPhone OS 18_7 like Mac OS X) AppleWebKit/605.1.15 (KHTML, like Gecko) Version/26.6 Mobile/15E148 Safari/604.1"
2407:4b00:4c0a:81f0:5982:cbc4:420:cfd8 - - [17/Aug/2026:15:35:29 +0800] "GET /wp-content/plugins/elementor-pro/assets/js/webpack-pro.runtime.min.js HTTP/1.1" 200 3562 "https://www.ilc.edu.tw/" "Mozilla/5.0 (iPhone; CPU iPhone OS 18_7 like Mac OS X) AppleWebKit/605.1.15 (KHTML, like Gecko) Version/26.6 Mobile/15E148 Safari/604.1"
2407:4b00:4c0a:81f0:5982:cbc4:420:cfd8 - - [17/Aug/2026:15:35:29 +0800] "GET /wp-content/plugins/elementor/assets/js/webpack.runtime.min.js HTTP/1.1" 200 3095 "https://www.ilc.edu.tw/" "Mozilla/5.0 (iPhone; CPU iPhone OS 18_7 like Mac OS X) AppleWebKit/605.1.15 (KHTML, like Gecko) Version/26.6 Mobile/15E148 Safari/604.1"
2407:4b00:4c0a:81f0:5982:cbc4:420:cfd8 - - [17/Aug/2026:15:35:29 +0800] "GET /wp-content/plugins/elementor/assets/js/frontend-modules.min.js HTTP/1.1" 200 19416 "https://www.ilc.edu.tw/" "Mozilla/5.0 (iPhone; CPU iPhone OS 18_7 like Mac OS X) AppleWebKit/605.1.15 (KHTML, like Gecko) Version/26.6 Mobile/15E148 Safari/604.1"
2407:4b00:4c0a:81f0:5982:cbc4:420:cfd8 - - [17/Aug/2026:15:35:29 +0800] "GET /wp-includes/js/dist/hooks.min.js HTTP/1.1" 200 2421 "https://www.ilc.edu.tw/" "Mozilla/5.0 (iPhone; CPU iPhone OS 18_7 like Mac OS X) AppleWebKit/605.1.15 (KHTML, like Gecko) Version/26.6 Mobile/15E148 Safari/604.1"
2407:4b00:4c0a:81f0:5982:cbc4:420:cfd8 - - [17/Aug/2026:15:35:29 +0800] "GET /wp-includes/js/dist/i18n.min.js HTTP/1.1" 200 4547 "https://www.ilc.edu.tw/" "Mozilla/5.0 (iPhone; CPU iPhone OS 18_7 like Mac OS X) AppleWebKit/605.1.15 (KHTML, like Gecko) Version/26.6 Mobile/15E148 Safari/604.1"
2407:4b00:4c0a:81f0:5982:cbc4:420:cfd8 - - [17/Aug/2026:15:35:29 +0800] "GET /wp-content/plugins/elementor-pro/assets/js/frontend.min.js HTTP/1.1" 200 7574 "https://www.ilc.edu.tw/" "Mozilla/5.0 (iPhone; CPU iPhone OS 18_7 like Mac OS X) AppleWebKit/605.1.15 (KHTML, like Gecko) Version/26.6 Mobile/15E148 Safari/604.1"
2407:4b00:4c0a:81f0:5982:cbc4:420:cfd8 - - [17/Aug/2026:15:35:29 +0800] "GET /wp-content/plugins/elementor/assets/lib/waypoints/waypoints.min.js HTTP/1.1" 200 3873 "https://www.ilc.edu.tw/" "Mozilla/5.0 (iPhone; CPU iPhone OS 18_7 like Mac OS X) AppleWebKit/605.1.15 (KHTML, like Gecko) Version/26.6 Mobile/15E148 Safari/604.1"
2407:4b00:4c0a:81f0:5982:cbc4:420:cfd8 - - [17/Aug/2026:15:35:29 +0800] "GET /wp-includes/js/jquery/ui/core.min.js HTTP/1.1" 200 7986 "https://www.ilc.edu.tw/" "Mozilla/5.0 (iPhone; CPU iPhone OS 18_7 like Mac OS X) AppleWebKit/605.1.15 (KHTML, like Gecko) Version/26.6 Mobile/15E148 Safari/604.1"
2407:4b00:4c0a:81f0:5982:cbc4:420:cfd8 - - [17/Aug/2026:15:35:29 +0800] "GET /wp-content/plugins/elementor/assets/js/frontend.min.js HTTP/1.1" 200 13169 "https://www.ilc.edu.tw/" "Mozilla/5.0 (iPhone; CPU iPhone OS 18_7 like Mac OS X) AppleWebKit/605.1.15 (KHTML, like Gecko) Version/26.6 Mobile/15E148 Safari/604.1"
2407:4b00:4c0a:81f0:5982:cbc4:420:cfd8 - - [17/Aug/2026:15:35:29 +0800] "GET /wp-content/plugins/elementor-pro/assets/js/elements-handlers.min.js HTTP/1.1" 200 10882 "https://www.ilc.edu.tw/" "Mozilla/5.0 (iPhone; CPU iPhone OS 18_7 like Mac OS X) AppleWebKit/605.1.15 (KHTML, like Gecko) Version/26.6 Mobile/15E148 Safari/604.1"
140.111.67.10 - - [17/Aug/2026:15:35:30 +0800] "GET /" 301 273 "-" "-"
2001:288:a201::66:125 - - [17/Aug/2026:15:35:30 +0800] "GET /blog/active.php HTTP/1.1" 404 1084 "-" "-"
2001:288:a201::66:125 - - [17/Aug/2026:15:35:30 +0800] "GET /blog/active.php HTTP/1.1" 301 1026 "-" "-"
2407:4b00:4c0a:81f0:5982:cbc4:420:cfd8 - - [17/Aug/2026:15:35:29 +0800] "GET /wp-content/cache/www.ilc.edu.tw/wpfc-minified/7ihu9bns/8141l.css HTTP/1.1" 200 5952 "https://www.ilc.edu.tw/" "Mozilla/5.0 (iPhone; CPU iPhone OS 18_7 like Mac OS X) AppleWebKit/605.1.15 (KHTML, like Gecko) Version/26.6 Mobile/15E148 Safari/604.1"
2001:b400:e2db:49da:68ef:b1b:3a61:492 - - [17/Aug/2026:15:35:30 +0800] "GET /wp-content/uploads/sites/50/2019/04/cropped-ksnewlogo-192x192.png HTTP/1.1" 200 35157 "-" "LINE/2026.612.1409 CFNetwork/3860.600.12 Darwin/25.5.0"
2407:4b00:4c0a:81f0:5982:cbc4:420:cfd8 - - [17/Aug/2026:15:35:29 +0800] "GET /wp-content/cache/www.ilc.edu.tw/wpfc-minified/2encr51g/8141l.css HTTP/1.1" 200 10823 "https://www.ilc.edu.tw/" "Mozilla/5.0 (iPhone; CPU iPhone OS 18_7 like Mac OS X) AppleWebKit/605.1.15 (KHTML, like Gecko) Version/26.6 Mobile/15E148 Safari/604.1"
2407:4b00:4c0a:81f0:5982:cbc4:420:cfd8 - - [17/Aug/2026:15:35:29 +0800] "GET /wp-content/cache/www.ilc.edu.tw/wpfc-minified/fdlul8k0/8141l.css HTTP/1.1" 200 84888 "https://www.ilc.edu.tw/" "Mozilla/5.0 (iPhone; CPU iPhone OS 18_7 like Mac OS X) AppleWebKit/605.1.15 (KHTML, like Gecko) Version/26.6 Mobile/15E148 Safari/604.1"
2001:4860:7:510::f8 - - [17/Aug/2026:15:35:29 +0800] "GET /%E8%A1%8C%E4%BA%8B%E6%9B%86/ HTTP/1.1" 200 21069 "https://www.google.com/" "Mozilla/5.0 (Windows NT 10.0; Win64; x64) AppleWebKit/537.36 (KHTML, like Gecko) Chrome/151.0.0.0 Safari/537.36"
2407:4b00:4c0a:81f0:5982:cbc4:420:cfd8 - - [17/Aug/2026:15:35:30 +0800] "GET /wp-content/uploads/sites/3846/2023/05/%E5%AE%9C%E8%98%AD%E7%B8%A3%E6%94%BF%E5%BA%9C%E6%95%99%E8%82%B2%E8%99%95logo.png HTTP/1.1" 200 16335 "https://www.ilc.edu.tw/" "Mozilla/5.0 (iPhone; CPU iPhone OS 18_7 like Mac OS X) AppleWebKit/605.1.15 (KHTML, like Gecko) Version/26.6 Mobile/15E148 Safari/604.1"
2001:4860:7:510::ef - - [17/Aug/2026:15:35:29 +0800] "GET /26064/2023/02/02/111%E5%AD%B8%E5%B9%B4%E5%BA%A6%E5%AD%B8%E7%94%9F%E5%AD%B8%E6%9C%9F%E5%81%87%E6%9C%9F%E6%9A%A8%E8%A1%8C%E4%BA%8B%E6%9B%86/ HTTP/1.1" 200 19687 "https://www.google.com/" "Mozilla/5.0 (Windows NT 10.0; Win64; x64) AppleWebKit/537.36 (KHTML, like Gecko) Chrome/151.0.0.0 Safari/537.36"
2407:4b00:4c0a:81f0:5982:cbc4:420:cfd8 - - [17/Aug/2026:15:35:31 +0800] "GET /wp-content/uploads/sites/3846/2023/05/%E9%A6%96%E9%A0%81%E5%B0%8F%E6%A8%99_%E6%9C%80%E6%96%B0%E6%B6%88%E6%81%AF.png HTTP/1.1" 200 2537 "https://www.ilc.edu.tw/" "Mozilla/5.0 (iPhone; CPU iPhone OS 18_7 like Mac OS X) AppleWebKit/605.1.15 (KHTML, like Gecko) Version/26.6 Mobile/15E148 Safari/604.1"
2407:4b00:4c0a:81f0:5982:cbc4:420:cfd8 - - [17/Aug/2026:15:35:31 +0800] "GET /wp-content/uploads/sites/3846/2023/05/%E5%85%AC%E5%91%8A%E6%90%9C%E5%B0%8B.png HTTP/1.1" 200 3549 "https://www.ilc.edu.tw/" "Mozilla/5.0 (iPhone; CPU iPhone OS 18_7 like Mac OS X) AppleWebKit/605.1.15 (KHTML, like Gecko) Version/26.6 Mobile/15E148 Safari/604.1"
2407:4b00:4c0a:81f0:5982:cbc4:420:cfd8 - - [17/Aug/2026:15:35:31 +0800] "GET /wp-content/uploads/sites/3846/2026/05/05bfd164-030e-448f-b83b-37c7dcb01eec.png HTTP/1.1" 200 3476 "https://www.ilc.edu.tw/" "Mozilla/5.0 (iPhone; CPU iPhone OS 18_7 like Mac OS X) AppleWebKit/605.1.15 (KHTML, like Gecko) Version/26.6 Mobile/15E148 Safari/604.1"
2407:4b00:4c0a:81f0:5982:cbc4:420:cfd8 - - [17/Aug/2026:15:35:31 +0800] "GET /wp-content/plugins/elementor/assets/lib/eicons/fonts/eicons.woff2?5.30.0 HTTP/1.1" 200 98225 "https://www.ilc.edu.tw/" "Mozilla/5.0 (iPhone; CPU iPhone OS 18_7 like Mac OS X) AppleWebKit/605.1.15 (KHTML, like Gecko) Version/26.6 Mobile/15E148 Safari/604.1"
2407:4b00:4c0a:81f0:5982:cbc4:420:cfd8 - - [17/Aug/2026:15:35:31 +0800] "GET /wp-content/uploads/sites/3846/2023/07/%E6%95%99%E8%82%B2%E8%99%95%E5%85%AB%E5%A4%A7%E6%96%B9%E9%87%9D.png HTTP/1.1" 200 195536 "https://www.ilc.edu.tw/" "Mozilla/5.0 (iPhone; CPU iPhone OS 18_7 like Mac OS X) AppleWebKit/605.1.15 (KHTML, like Gecko) Version/26.6 Mobile/15E148 Safari/604.1"
2407:4b00:4c0a:81f0:5982:cbc4:420:cfd8 - - [17/Aug/2026:15:35:31 +0800] "GET /wp-content/uploads/sites/3846/2026/08/%E8%BE%B2%E6%A5%AD%E9%83%A8%E5%BB%A3%E5%91%8A.jpg HTTP/1.1" 200 236123 "https://www.ilc.edu.tw/" "Mozilla/5.0 (iPhone; CPU iPhone OS 18_7 like Mac OS X) AppleWebKit/605.1.15 (KHTML, like Gecko) Version/26.6 Mobile/15E148 Safari/604.1"
2407:4b00:4c0a:81f0:5982:cbc4:420:cfd8 - - [17/Aug/2026:15:35:31 +0800] "GET /wp-content/plugins/elementor-pro/assets/js/media-carousel.aca2224ef13e6f999011.bundle.min.js HTTP/1.1" 200 2948 "https://www.ilc.edu.tw/" "Mozilla/5.0 (iPhone; CPU iPhone OS 18_7 like Mac OS X) AppleWebKit/605.1.15 (KHTML, like Gecko) Version/26.6 Mobile/15E148 Safari/604.1"
2407:4b00:4c0a:81f0:5982:cbc4:420:cfd8 - - [17/Aug/2026:15:35:31 +0800] "GET /wp-content/plugins/elementor/assets/lib/swiper/v8/swiper.min.js?ver=8.4.5 HTTP/1.1" 200 40708 "https://www.ilc.edu.tw/" "Mozilla/5.0 (iPhone; CPU iPhone OS 18_7 like Mac OS X) AppleWebKit/605.1.15 (KHTML, like Gecko) Version/26.6 Mobile/15E148 Safari/604.1"
66.249.68.200 - - [17/Aug/2026:15:35:31 +0800] "GET /12/2013/10/28/ HTTP/1.1" 200 14498 "-" "Mozilla/5.0 (Linux; Android 6.0.1; Nexus 5X Build/MMB29P) AppleWebKit/537.36 (KHTML, like Gecko) Chrome/150.0.7871.186 Mobile Safari/537.36 (compatible; Googlebot/2.1; +http://www.google.com/bot.html)"
2407:4b00:4c0a:81f0:5982:cbc4:420:cfd8 - - [17/Aug/2026:15:35:31 +0800] "GET /wp-content/uploads/sites/3846/2026/06/2026%E5%AE%9C%E8%98%AD%E7%98%8B%E5%AD%B8%E7%BF%92-%E6%9A%91%E5%81%87_%E6%95%99%E8%82%B2%E8%99%95%E9%A6%96%E9%A0%81-1440-x-1080-%E5%83%8F%E7%B4%A0.png HTTP/1.1" 200 2045932 "https://www.ilc.edu.tw/" "Mozilla/5.0 (iPhone; CPU iPhone OS 18_7 like Mac OS X) AppleWebKit/605.1.15 (KHTML, like Gecko) Version/26.6 Mobile/15E148 Safari/604.1"
2407:4b00:4c0a:81f0:5982:cbc4:420:cfd8 - - [17/Aug/2026:15:35:31 +0800] "GET /wp-content/uploads/sites/3846/2026/06/%E5%AE%A3%E5%82%B3%E5%9C%96%E7%89%87.png HTTP/1.1" 200 1048321 "https://www.ilc.edu.tw/" "Mozilla/5.0 (iPhone; CPU iPhone OS 18_7 like Mac OS X) AppleWebKit/605.1.15 (KHTML, like Gecko) Version/26.6 Mobile/15E148 Safari/604.1"
2407:4b00:4c0a:81f0:5982:cbc4:420:cfd8 - - [17/Aug/2026:15:35:31 +0800] "GET /wp-content/uploads/sites/3846/2026/02/%E9%81%BF%E5%85%8D%E8%AA%A4%E5%85%A5%E8%A9%90%E9%A8%99%E7%B6%B2%E7%AB%99APP%E5%B0%8F%E5%B8%B8%E8%AD%98.jpg HTTP/1.1" 200 454833 "https://www.ilc.edu.tw/" "Mozilla/5.0 (iPhone; CPU iPhone OS 18_7 like Mac OS X) AppleWebKit/605.1.15 (KHTML, like Gecko) Version/26.6 Mobile/15E148 Safari/604.1"
2407:4b00:4c0a:81f0:5982:cbc4:420:cfd8 - - [17/Aug/2026:15:35:32 +0800] "GET /wp-content/uploads/sites/3846/2026/05/%E8%9E%A2%E5%B9%95%E6%93%B7%E5%8F%96%E7%95%AB%E9%9D%A2-2026-05-07-100749.png HTTP/1.1" 200 1349539 "https://www.ilc.edu.tw/" "Mozilla/5.0 (iPhone; CPU iPhone OS 18_7 like Mac OS X) AppleWebKit/605.1.15 (KHTML, like Gecko) Version/26.6 Mobile/15E148 Safari/604.1"
2407:4b00:4c0a:81f0:5982:cbc4:420:cfd8 - - [17/Aug/2026:15:35:32 +0800] "GET /wp-content/uploads/sites/3846/2025/11/%E8%9E%A2%E5%B9%95%E6%93%B7%E5%8F%96%E7%95%AB%E9%9D%A2-2025-11-13-131522.png HTTP/1.1" 200 3761926 "https://www.ilc.edu.tw/" "Mozilla/5.0 (iPhone; CPU iPhone OS 18_7 like Mac OS X) AppleWebKit/605.1.15 (KHTML, like Gecko) Version/26.6 Mobile/15E148 Safari/604.1"
2407:4b00:4c0a:81f0:5982:cbc4:420:cfd8 - - [17/Aug/2026:15:35:33 +0800] "GET /wp-content/uploads/sites/3846/2025/04/%E7%AB%A5%E5%BF%83%E7%AB%A5%E9%81%8A-%E6%AD%A1%E6%A8%82%E8%98%AD%E9%99%BD-%E5%85%92%E7%AB%A5%E7%AF%80%E5%BF%AB%E6%A8%82.jpg HTTP/1.1" 200 126952 "https://www.ilc.edu.tw/" "Mozilla/5.0 (iPhone; CPU iPhone OS 18_7 like Mac OS X) AppleWebKit/605.1.15 (KHTML, like Gecko) Version/26.6 Mobile/15E148 Safari/604.1"
2407:4b00:4c0a:81f0:5982:cbc4:420:cfd8 - - [17/Aug/2026:15:35:32 +0800] "GET /wp-content/uploads/sites/3846/2025/11/%E8%9E%A2%E5%B9%95%E6%93%B7%E5%8F%96%E7%95%AB%E9%9D%A2-2025-11-27-141357.png HTTP/1.1" 200 216157 "https://www.ilc.edu.tw/" "Mozilla/5.0 (iPhone; CPU iPhone OS 18_7 like Mac OS X) AppleWebKit/605.1.15 (KHTML, like Gecko) Version/26.6 Mobile/15E148 Safari/604.1"
66.249.71.64 - - [17/Aug/2026:15:35:33 +0800] "GET /12/2014/12/26/ HTTP/1.1" 200 14512 "-" "Mozilla/5.0 (Linux; Android 6.0.1; Nexus 5X Build/MMB29P) AppleWebKit/537.36 (KHTML, like Gecko) Chrome/150.0.7871.186 Mobile Safari/537.36 (compatible; Googlebot/2.1; +http://www.google.com/bot.html)"
2407:4b00:4c0a:81f0:5982:cbc4:420:cfd8 - - [17/Aug/2026:15:35:33 +0800] "GET /wp-content/uploads/sites/3846/2024/09/%E6%95%99%E5%B8%AB%E7%AF%80%E5%BD%B1%E7%89%87.jpg HTTP/1.1" 200 72504 "https://www.ilc.edu.tw/" "Mozilla/5.0 (iPhone; CPU iPhone OS 18_7 like Mac OS X) AppleWebKit/605.1.15 (KHTML, like Gecko) Version/26.6 Mobile/15E148 Safari/604.1"
2407:4b00:4c0a:81f0:5982:cbc4:420:cfd8 - - [17/Aug/2026:15:35:33 +0800] "GET /wp-content/uploads/sites/3846/2023/10/C1.png HTTP/1.1" 200 342209 "https://www.ilc.edu.tw/" "Mozilla/5.0 (iPhone; CPU iPhone OS 18_7 like Mac OS X) AppleWebKit/605.1.15 (KHTML, like Gecko) Version/26.6 Mobile/15E148 Safari/604.1"
2407:4b00:4c0a:81f0:5982:cbc4:420:cfd8 - - [17/Aug/2026:15:35:33 +0800] "GET /wp-content/uploads/sites/3846/2023/10/C2.png HTTP/1.1" 200 259646 "https://www.ilc.edu.tw/" "Mozilla/5.0 (iPhone; CPU iPhone OS 18_7 like Mac OS X) AppleWebKit/605.1.15 (KHTML, like Gecko) Version/26.6 Mobile/15E148 Safari/604.1"
2407:4b00:4c0a:81f0:5982:cbc4:420:cfd8 - - [17/Aug/2026:15:35:33 +0800] "GET /wp-content/uploads/sites/3846/2023/10/C3.png HTTP/1.1" 200 192155 "https://www.ilc.edu.tw/" "Mozilla/5.0 (iPhone; CPU iPhone OS 18_7 like Mac OS X) AppleWebKit/605.1.15 (KHTML, like Gecko) Version/26.6 Mobile/15E148 Safari/604.1"
2407:4b00:4c0a:81f0:5982:cbc4:420:cfd8 - - [17/Aug/2026:15:35:33 +0800] "GET /wp-content/uploads/sites/3846/2023/10/C4.png HTTP/1.1" 200 139328 "https://www.ilc.edu.tw/" "Mozilla/5.0 (iPhone; CPU iPhone OS 18_7 like Mac OS X) AppleWebKit/605.1.15 (KHTML, like Gecko) Version/26.6 Mobile/15E148 Safari/604.1"
2407:4b00:4c0a:81f0:5982:cbc4:420:cfd8 - - [17/Aug/2026:15:35:33 +0800] "GET /wp-content/uploads/sites/3846/2024/08/%E8%9E%A2%E5%B9%95%E6%93%B7%E5%8F%96%E7%95%AB%E9%9D%A2-2024-08-07-151319.png HTTP/1.1" 200 2714068 "https://www.ilc.edu.tw/" "Mozilla/5.0 (iPhone; CPU iPhone OS 18_7 like Mac OS X) AppleWebKit/605.1.15 (KHTML, like Gecko) Version/26.6 Mobile/15E148 Safari/604.1"
120.101.215.146 - - [17/Aug/2026:15:35:33 +0800] "GET /wp-admin/user-new.php HTTP/1.1" 200 35643 "https://www.najh.ilc.edu.tw/wp-admin/" "Mozilla/5.0 (Windows NT 10.0; Win64; x64) AppleWebKit/537.36 (KHTML, like Gecko) Chrome/151.0.0.0 Safari/537.36"
::1 - - [17/Aug/2026:15:35:33 +0800] "OPTIONS * HTTP/1.0" 200 110 "-" "Apache/2.4.68 (Ubuntu) OpenSSL/3.0.19 (internal dummy connection)"
2407:4b00:4c0a:81f0:5982:cbc4:420:cfd8 - - [17/Aug/2026:15:35:33 +0800] "GET /wp-content/uploads/sites/3846/2023/05/%E8%B7%A8%E9%96%B1%E5%88%9D%E8%A1%B7YT.jpg HTTP/1.1" 200 579849 "https://www.ilc.edu.tw/" "Mozilla/5.0 (iPhone; CPU iPhone OS 18_7 like Mac OS X) AppleWebKit/605.1.15 (KHTML, like Gecko) Version/26.6 Mobile/15E148 Safari/604.1"
120.101.215.146 - - [17/Aug/2026:15:35:33 +0800] "GET /wp-includes/js/zxcvbn-async.min.js HTTP/1.1" 200 1135 "https://www.najh.ilc.edu.tw/wp-admin/user-new.php" "Mozilla/5.0 (Windows NT 10.0; Win64; x64) AppleWebKit/537.36 (KHTML, like Gecko) Chrome/151.0.0.0 Safari/537.36"
120.101.215.146 - - [17/Aug/2026:15:35:33 +0800] "GET /wp-admin/js/user-profile.min.js HTTP/1.1" 200 3360 "https://www.najh.ilc.edu.tw/wp-admin/user-new.php" "Mozilla/5.0 (Windows NT 10.0; Win64; x64) AppleWebKit/537.36 (KHTML, like Gecko) Chrome/151.0.0.0 Safari/537.36"
120.101.215.146 - - [17/Aug/2026:15:35:33 +0800] "GET /wp-admin/js/password-strength-meter.min.js HTTP/1.1" 200 6303 "https://www.najh.ilc.edu.tw/wp-admin/user-new.php" "Mozilla/5.0 (Windows NT 10.0; Win64; x64) AppleWebKit/537.36 (KHTML, like Gecko) Chrome/151.0.0.0 Safari/537.36"
2407:4b00:4c0a:81f0:5982:cbc4:420:cfd8 - - [17/Aug/2026:15:35:33 +0800] "GET /wp-content/uploads/sites/3846/2023/05/%E5%8E%9F%E6%B0%91%E6%95%99%E8%82%B2%E5%9C%A8%E5%AE%9C%E8%98%ADYT.jpg HTTP/1.1" 200 607016 "https://www.ilc.edu.tw/" "Mozilla/5.0 (iPhone; CPU iPhone OS 18_7 like Mac OS X) AppleWebKit/605.1.15 (KHTML, like Gecko) Version/26.6 Mobile/15E148 Safari/604.1"
2407:4b00:4c0a:81f0:5982:cbc4:420:cfd8 - - [17/Aug/2026:15:35:34 +0800] "GET /wp-content/uploads/sites/3846/2023/05/%E6%84%9BEnglishYT.jpg HTTP/1.1" 200 245320 "https://www.ilc.edu.tw/" "Mozilla/5.0 (iPhone; CPU iPhone OS 18_7 like Mac OS X) AppleWebKit/605.1.15 (KHTML, like Gecko) Version/26.6 Mobile/15E148 Safari/604.1"
2407:4b00:4c0a:81f0:5982:cbc4:420:cfd8 - - [17/Aug/2026:15:35:34 +0800] "GET /wp-content/uploads/sites/3846/2023/05/%E6%B0%B4%E5%9F%9F%E5%AE%89%E5%85%A8%E5%AE%A3%E5%B0%8EYT.jpg HTTP/1.1" 200 809930 "https://www.ilc.edu.tw/" "Mozilla/5.0 (iPhone; CPU iPhone OS 18_7 like Mac OS X) AppleWebKit/605.1.15 (KHTML, like Gecko) Version/26.6 Mobile/15E148 Safari/604.1"
2407:4b00:4c0a:81f0:5982:cbc4:420:cfd8 - - [17/Aug/2026:15:35:33 +0800] "GET /wp-content/uploads/sites/3846/2023/10/C5.png HTTP/1.1" 200 267535 "https://www.ilc.edu.tw/" "Mozilla/5.0 (iPhone; CPU iPhone OS 18_7 like Mac OS X) AppleWebKit/605.1.15 (KHTML, like Gecko) Version/26.6 Mobile/15E148 Safari/604.1"
2407:4b00:4c0a:81f0:5982:cbc4:420:cfd8 - - [17/Aug/2026:15:35:34 +0800] "GET /wp-content/uploads/sites/3846/2023/05/%E5%A6%82%E6%9E%9C%E9%9B%A8%E7%9F%A5%E9%81%93YT.jpg HTTP/1.1" 200 529331 "https://www.ilc.edu.tw/" "Mozilla/5.0 (iPhone; CPU iPhone OS 18_7 like Mac OS X) AppleWebKit/605.1.15 (KHTML, like Gecko) Version/26.6 Mobile/15E148 Safari/604.1"
120.101.215.146 - - [17/Aug/2026:15:35:34 +0800] "GET /wp-includes/js/zxcvbn.min.js HTTP/1.1" 200 402600 "https://www.najh.ilc.edu.tw/wp-admin/user-new.php" "Mozilla/5.0 (Windows NT 10.0; Win64; x64) AppleWebKit/537.36 (KHTML, like Gecko) Chrome/151.0.0.0 Safari/537.36"
2407:4b00:4c0a:81f0:5982:cbc4:420:cfd8 - - [17/Aug/2026:15:35:34 +0800] "GET /wp-content/uploads/sites/3846/2025/09/YT%E5%B0%81%E9%9D%A2-1.jpg HTTP/1.1" 200 173035 "https://www.ilc.edu.tw/" "Mozilla/5.0 (iPhone; CPU iPhone OS 18_7 like Mac OS X) AppleWebKit/605.1.15 (KHTML, like Gecko) Version/26.6 Mobile/15E148 Safari/604.1"
2407:4b00:4c0a:81f0:5982:cbc4:420:cfd8 - - [17/Aug/2026:15:35:34 +0800] "GET /wp-content/uploads/sites/3846/2024/05/%E8%9E%A2%E5%B9%95%E6%93%B7%E5%8F%96%E7%95%AB%E9%9D%A2-2024-05-16-103456.png HTTP/1.1" 200 2702922 "https://www.ilc.edu.tw/" "Mozilla/5.0 (iPhone; CPU iPhone OS 18_7 like Mac OS X) AppleWebKit/605.1.15 (KHTML, like Gecko) Version/26.6 Mobile/15E148 Safari/604.1"
2407:4b00:4c0a:81f0:5982:cbc4:420:cfd8 - - [17/Aug/2026:15:35:34 +0800] "GET /wp-content/uploads/sites/3846/2023/05/%E9%A6%96%E9%A0%81%E5%B0%8F%E6%A8%99_%E5%BD%B1%E9%9F%B3.png HTTP/1.1" 200 2462 "https://www.ilc.edu.tw/" "Mozilla/5.0 (iPhone; CPU iPhone OS 18_7 like Mac OS X) AppleWebKit/605.1.15 (KHTML, like Gecko) Version/26.6 Mobile/15E148 Safari/604.1"
2407:4b00:4c0a:81f0:5982:cbc4:420:cfd8 - - [17/Aug/2026:15:35:32 +0800] "GET /wp-content/uploads/sites/3846/2025/11/%E8%9E%A2%E5%B9%95%E6%93%B7%E5%8F%96%E7%95%AB%E9%9D%A2-2025-11-10-141501.png HTTP/1.1" 200 2445011 "https://www.ilc.edu.tw/" "Mozilla/5.0 (iPhone; CPU iPhone OS 18_7 like Mac OS X) AppleWebKit/605.1.15 (KHTML, like Gecko) Version/26.6 Mobile/15E148 Safari/604.1"
2407:4b00:4c0a:81f0:5982:cbc4:420:cfd8 - - [17/Aug/2026:15:35:32 +0800] "GET /wp-content/uploads/sites/3846/2026/02/%E8%9E%A2%E5%B9%95%E6%93%B7%E5%8F%96%E7%95%AB%E9%9D%A2-2026-02-24-081359.png HTTP/1.1" 200 1572728 "https://www.ilc.edu.tw/" "Mozilla/5.0 (iPhone; CPU iPhone OS 18_7 like Mac OS X) AppleWebKit/605.1.15 (KHTML, like Gecko) Version/26.6 Mobile/15E148 Safari/604.1"
::1 - - [17/Aug/2026:15:35:34 +0800] "OPTIONS * HTTP/1.0" 200 110 "-" "Apache/2.4.68 (Ubuntu) OpenSSL/3.0.19 (internal dummy connection)"
140.111.67.10 - - [17/Aug/2026:15:35:35 +0800] "GET /" 301 273 "-" "-"
120.101.215.146 - - [17/Aug/2026:15:35:35 +0800] "POST /wp-admin/admin-ajax.php HTTP/1.1" 200 1111 "https://www.najh.ilc.edu.tw/wp-admin/user-new.php" "Mozilla/5.0 (Windows NT 10.0; Win64; x64) AppleWebKit/537.36 (KHTML, like Gecko) Chrome/151.0.0.0 Safari/537.36"
2407:4b00:4c0a:81f0:5982:cbc4:420:cfd8 - - [17/Aug/2026:15:35:33 +0800] "GET /wp-content/uploads/sites/3846/2023/05/%E5%B9%BC%E8%A6%8B%E5%B9%B8%E7%A6%8FYT.jpg HTTP/1.1" 200 664803 "https://www.ilc.edu.tw/" "Mozilla/5.0 (iPhone; CPU iPhone OS 18_7 like Mac OS X) AppleWebKit/605.1.15 (KHTML, like Gecko) Version/26.6 Mobile/15E148 Safari/604.1"
::1 - - [17/Aug/2026:15:35:35 +0800] "OPTIONS * HTTP/1.0" 200 110 "-" "Apache/2.4.68 (Ubuntu) OpenSSL/3.0.19 (internal dummy connection)"
2001:288:a201::66:125 - - [17/Aug/2026:15:35:35 +0800] "GET /blog/active.php HTTP/1.1" 404 1084 "-" "-"
2001:288:a201::66:125 - - [17/Aug/2026:15:35:35 +0800] "GET /blog/active.php HTTP/1.1" 301 1026 "-" "-"
2407:4b00:4c0a:81f0:5982:cbc4:420:cfd8 - - [17/Aug/2026:15:35:35 +0800] "GET /wp-content/uploads/sites/3846/2023/05/cropped-%E6%95%99%E8%82%B2%E8%99%95logo-32x32.jpg HTTP/1.1" 200 1571 "https://www.ilc.edu.tw/" "Mozilla/5.0 (iPhone; CPU iPhone OS 18_7 like Mac OS X) AppleWebKit/605.1.15 (KHTML, like Gecko) Version/26.6 Mobile/15E148 Safari/604.1"
2407:4b00:4c0a:81f0:5982:cbc4:420:cfd8 - - [17/Aug/2026:15:35:35 +0800] "GET /wp-content/uploads/sites/3846/2023/05/cropped-%E6%95%99%E8%82%B2%E8%99%95logo-192x192.jpg HTTP/1.1" 200 7684 "https://www.ilc.edu.tw/" "Mozilla/5.0 (iPhone; CPU iPhone OS 18_7 like Mac OS X) AppleWebKit/605.1.15 (KHTML, like Gecko) Version/26.6 Mobile/15E148 Safari/604.1"
2001:288:a245:1:445d:15c8:fd99:4ae1 - - [17/Aug/2026:15:35:35 +0800] "-" 408 4801 "-" "-"
::1 - - [17/Aug/2026:15:35:36 +0800] "OPTIONS * HTTP/1.0" 200 110 "-" "Apache/2.4.68 (Ubuntu) OpenSSL/3.0.19 (internal dummy connection)"
2001:4860:7:810::ff - - [17/Aug/2026:15:35:37 +0800] "GET /technology/2011/11/10/%E8%B3%87%E8%A8%8A%E5%AE%89%E5%85%A8%E7%9A%84%E5%BB%BA%E8%AD%B03%E5%B0%8F%E6%99%82%E8%AA%B2%E7%A8%8B%E9%A1%8C%E7%9B%AE%E8%88%87%E8%A7%A3%E7%AD%94/ HTTP/1.1" 200 25527 "https://www.google.com/" "Mozilla/5.0 (Windows NT 10.0; Win64; x64) AppleWebKit/537.36 (KHTML, like Gecko) Chrome/151.0.0.0 Safari/537.36"
117.56.216.252 - - [17/Aug/2026:15:35:37 +0800] "GET /technology/wp-content/cache/2blog.ilc.edu.tw/wpfc-minified/7cakikd2/5wohy.css HTTP/1.1" 200 45691 "https://2blog.ilc.edu.tw/technology/2011/11/10/%E8%B3%87%E8%A8%8A%E5%AE%89%E5%85%A8%E7%9A%84%E5%BB%BA%E8%AD%B03%E5%B0%8F%E6%99%82%E8%AA%B2%E7%A8%8B%E9%A1%8C%E7%9B%AE%E8%88%87%E8%A7%A3%E7%AD%94/" "Mozilla/5.0 (Windows NT 10.0; Win64; x64) AppleWebKit/537.36 (KHTML, like Gecko) Chrome/151.0.0.0 Safari/537.36"
117.56.216.252 - - [17/Aug/2026:15:35:37 +0800] "GET /technology/wp-content/cache/2blog.ilc.edu.tw/wpfc-minified/3226x8uj/5wohy.css HTTP/1.1" 200 20578 "https://2blog.ilc.edu.tw/technology/2011/11/10/%E8%B3%87%E8%A8%8A%E5%AE%89%E5%85%A8%E7%9A%84%E5%BB%BA%E8%AD%B03%E5%B0%8F%E6%99%82%E8%AA%B2%E7%A8%8B%E9%A1%8C%E7%9B%AE%E8%88%87%E8%A7%A3%E7%AD%94/" "Mozilla/5.0 (Windows NT 10.0; Win64; x64) AppleWebKit/537.36 (KHTML, like Gecko) Chrome/151.0.0.0 Safari/537.36"
117.56.216.252 - - [17/Aug/2026:15:35:37 +0800] "GET /technology/wp-content/cache/2blog.ilc.edu.tw/wpfc-minified/7jtn3kqh/5wom1.css HTTP/1.1" 200 1496 "https://2blog.ilc.edu.tw/technology/2011/11/10/%E8%B3%87%E8%A8%8A%E5%AE%89%E5%85%A8%E7%9A%84%E5%BB%BA%E8%AD%B03%E5%B0%8F%E6%99%82%E8%AA%B2%E7%A8%8B%E9%A1%8C%E7%9B%AE%E8%88%87%E8%A7%A3%E7%AD%94/" "Mozilla/5.0 (Windows NT 10.0; Win64; x64) AppleWebKit/537.36 (KHTML, like Gecko) Chrome/151.0.0.0 Safari/537.36"
117.56.216.252 - - [17/Aug/2026:15:35:37 +0800] "GET /technology/wp-content/cache/2blog.ilc.edu.tw/wpfc-minified/89r52xig/5wom1.css HTTP/1.1" 200 86387 "https://2blog.ilc.edu.tw/technology/2011/11/10/%E8%B3%87%E8%A8%8A%E5%AE%89%E5%85%A8%E7%9A%84%E5%BB%BA%E8%AD%B03%E5%B0%8F%E6%99%82%E8%AA%B2%E7%A8%8B%E9%A1%8C%E7%9B%AE%E8%88%87%E8%A7%A3%E7%AD%94/" "Mozilla/5.0 (Windows NT 10.0; Win64; x64) AppleWebKit/537.36 (KHTML, like Gecko) Chrome/151.0.0.0 Safari/537.36"
117.56.216.252 - - [17/Aug/2026:15:35:37 +0800] "GET /technology/wp-content/uploads/sites/1308/elementor/css/post-3189.css HTTP/1.1" 200 6118 "https://2blog.ilc.edu.tw/technology/2011/11/10/%E8%B3%87%E8%A8%8A%E5%AE%89%E5%85%A8%E7%9A%84%E5%BB%BA%E8%AD%B03%E5%B0%8F%E6%99%82%E8%AA%B2%E7%A8%8B%E9%A1%8C%E7%9B%AE%E8%88%87%E8%A7%A3%E7%AD%94/" "Mozilla/5.0 (Windows NT 10.0; Win64; x64) AppleWebKit/537.36 (KHTML, like Gecko) Chrome/151.0.0.0 Safari/537.36"
117.56.216.252 - - [17/Aug/2026:15:35:37 +0800] "GET /technology/wp-content/cache/2blog.ilc.edu.tw/wpfc-minified/faimvau/5wohy.css HTTP/1.1" 200 137705 "https://2blog.ilc.edu.tw/technology/2011/11/10/%E8%B3%87%E8%A8%8A%E5%AE%89%E5%85%A8%E7%9A%84%E5%BB%BA%E8%AD%B03%E5%B0%8F%E6%99%82%E8%AA%B2%E7%A8%8B%E9%A1%8C%E7%9B%AE%E8%88%87%E8%A7%A3%E7%AD%94/" "Mozilla/5.0 (Windows NT 10.0; Win64; x64) AppleWebKit/537.36 (KHTML, like Gecko) Chrome/151.0.0.0 Safari/537.36"
117.56.216.252 - - [17/Aug/2026:15:35:37 +0800] "GET /technology/wp-content/uploads/sites/1308/elementor/css/post-2275.css HTTP/1.1" 200 2070 "https://2blog.ilc.edu.tw/technology/2011/11/10/%E8%B3%87%E8%A8%8A%E5%AE%89%E5%85%A8%E7%9A%84%E5%BB%BA%E8%AD%B03%E5%B0%8F%E6%99%82%E8%AA%B2%E7%A8%8B%E9%A1%8C%E7%9B%AE%E8%88%87%E8%A7%A3%E7%AD%94/" "Mozilla/5.0 (Windows NT 10.0; Win64; x64) AppleWebKit/537.36 (KHTML, like Gecko) Chrome/151.0.0.0 Safari/537.36"
117.56.216.252 - - [17/Aug/2026:15:35:37 +0800] "GET /technology/wp-content/cache/2blog.ilc.edu.tw/wpfc-minified/qtq1x9uj/5wohy.css HTTP/1.1" 200 9772 "https://2blog.ilc.edu.tw/technology/2011/11/10/%E8%B3%87%E8%A8%8A%E5%AE%89%E5%85%A8%E7%9A%84%E5%BB%BA%E8%AD%B03%E5%B0%8F%E6%99%82%E8%AA%B2%E7%A8%8B%E9%A1%8C%E7%9B%AE%E8%88%87%E8%A7%A3%E7%AD%94/" "Mozilla/5.0 (Windows NT 10.0; Win64; x64) AppleWebKit/537.36 (KHTML, like Gecko) Chrome/151.0.0.0 Safari/537.36"
117.56.216.252 - - [17/Aug/2026:15:35:37 +0800] "GET /technology/wp-content/uploads/sites/1308/elementor/css/post-2909.css HTTP/1.1" 200 1005 "https://2blog.ilc.edu.tw/technology/2011/11/10/%E8%B3%87%E8%A8%8A%E5%AE%89%E5%85%A8%E7%9A%84%E5%BB%BA%E8%AD%B03%E5%B0%8F%E6%99%82%E8%AA%B2%E7%A8%8B%E9%A1%8C%E7%9B%AE%E8%88%87%E8%A7%A3%E7%AD%94/" "Mozilla/5.0 (Windows NT 10.0; Win64; x64) AppleWebKit/537.36 (KHTML, like Gecko) Chrome/151.0.0.0 Safari/537.36"
117.56.216.252 - - [17/Aug/2026:15:35:37 +0800] "GET /technology/wp-content/cache/2blog.ilc.edu.tw/wpfc-minified/h9oxuv2/5wohy.js HTTP/1.1" 200 35568 "https://2blog.ilc.edu.tw/technology/2011/11/10/%E8%B3%87%E8%A8%8A%E5%AE%89%E5%85%A8%E7%9A%84%E5%BB%BA%E8%AD%B03%E5%B0%8F%E6%99%82%E8%AA%B2%E7%A8%8B%E9%A1%8C%E7%9B%AE%E8%88%87%E8%A7%A3%E7%AD%94/" "Mozilla/5.0 (Windows NT 10.0; Win64; x64) AppleWebKit/537.36 (KHTML, like Gecko) Chrome/151.0.0.0 Safari/537.36"
117.56.216.252 - - [17/Aug/2026:15:35:37 +0800] "GET /technology/wp-content/cache/2blog.ilc.edu.tw/wpfc-minified/2ad6ijh7/5wohy.js HTTP/1.1" 200 1643 "https://2blog.ilc.edu.tw/technology/2011/11/10/%E8%B3%87%E8%A8%8A%E5%AE%89%E5%85%A8%E7%9A%84%E5%BB%BA%E8%AD%B03%E5%B0%8F%E6%99%82%E8%AA%B2%E7%A8%8B%E9%A1%8C%E7%9B%AE%E8%88%87%E8%A7%A3%E7%AD%94/" "Mozilla/5.0 (Windows NT 10.0; Win64; x64) AppleWebKit/537.36 (KHTML, like Gecko) Chrome/151.0.0.0 Safari/537.36"
117.56.216.252 - - [17/Aug/2026:15:35:37 +0800] "GET /technology/wp-content/cache/2blog.ilc.edu.tw/wpfc-minified/f2818dbe/5wohy.js HTTP/1.1" 200 2373 "https://2blog.ilc.edu.tw/technology/2011/11/10/%E8%B3%87%E8%A8%8A%E5%AE%89%E5%85%A8%E7%9A%84%E5%BB%BA%E8%AD%B03%E5%B0%8F%E6%99%82%E8%AA%B2%E7%A8%8B%E9%A1%8C%E7%9B%AE%E8%88%87%E8%A7%A3%E7%AD%94/" "Mozilla/5.0 (Windows NT 10.0; Win64; x64) AppleWebKit/537.36 (KHTML, like Gecko) Chrome/151.0.0.0 Safari/537.36"
117.56.216.252 - - [17/Aug/2026:15:35:37 +0800] "GET /technology/wp-content/plugins/ele-custom-skin/assets/js/ecs_admin_bar_menu.js HTTP/1.1" 200 1099 "https://2blog.ilc.edu.tw/technology/2011/11/10/%E8%B3%87%E8%A8%8A%E5%AE%89%E5%85%A8%E7%9A%84%E5%BB%BA%E8%AD%B03%E5%B0%8F%E6%99%82%E8%AA%B2%E7%A8%8B%E9%A1%8C%E7%9B%AE%E8%88%87%E8%A7%A3%E7%AD%94/" "Mozilla/5.0 (Windows NT 10.0; Win64; x64) AppleWebKit/537.36 (KHTML, like Gecko) Chrome/151.0.0.0 Safari/537.36"
117.56.216.252 - - [17/Aug/2026:15:35:37 +0800] "GET /technology/wp-includes/js/hoverintent-js.min.js HTTP/1.1" 200 1597 "https://2blog.ilc.edu.tw/technology/2011/11/10/%E8%B3%87%E8%A8%8A%E5%AE%89%E5%85%A8%E7%9A%84%E5%BB%BA%E8%AD%B03%E5%B0%8F%E6%99%82%E8%AA%B2%E7%A8%8B%E9%A1%8C%E7%9B%AE%E8%88%87%E8%A7%A3%E7%AD%94/" "Mozilla/5.0 (Windows NT 10.0; Win64; x64) AppleWebKit/537.36 (KHTML, like Gecko) Chrome/151.0.0.0 Safari/537.36"
117.56.216.252 - - [17/Aug/2026:15:35:37 +0800] "GET /technology/wp-includes/js/admin-bar.min.js HTTP/1.1" 200 2237 "https://2blog.ilc.edu.tw/technology/2011/11/10/%E8%B3%87%E8%A8%8A%E5%AE%89%E5%85%A8%E7%9A%84%E5%BB%BA%E8%AD%B03%E5%B0%8F%E6%99%82%E8%AA%B2%E7%A8%8B%E9%A1%8C%E7%9B%AE%E8%88%87%E8%A7%A3%E7%AD%94/" "Mozilla/5.0 (Windows NT 10.0; Win64; x64) AppleWebKit/537.36 (KHTML, like Gecko) Chrome/151.0.0.0 Safari/537.36"
117.56.216.252 - - [17/Aug/2026:15:35:37 +0800] "GET /technology/wp-includes/js/imagesloaded.min.js HTTP/1.1" 200 2683 "https://2blog.ilc.edu.tw/technology/2011/11/10/%E8%B3%87%E8%A8%8A%E5%AE%89%E5%85%A8%E7%9A%84%E5%BB%BA%E8%AD%B03%E5%B0%8F%E6%99%82%E8%AA%B2%E7%A8%8B%E9%A1%8C%E7%9B%AE%E8%88%87%E8%A7%A3%E7%AD%94/" "Mozilla/5.0 (Windows NT 10.0; Win64; x64) AppleWebKit/537.36 (KHTML, like Gecko) Chrome/151.0.0.0 Safari/537.36"
117.56.216.252 - - [17/Aug/2026:15:35:37 +0800] "GET /technology/wp-content/themes/oceanwp/assets/js/theme.min.js HTTP/1.1" 200 5130 "https://2blog.ilc.edu.tw/technology/2011/11/10/%E8%B3%87%E8%A8%8A%E5%AE%89%E5%85%A8%E7%9A%84%E5%BB%BA%E8%AD%B03%E5%B0%8F%E6%99%82%E8%AA%B2%E7%A8%8B%E9%A1%8C%E7%9B%AE%E8%88%87%E8%A7%A3%E7%AD%94/" "Mozilla/5.0 (Windows NT 10.0; Win64; x64) AppleWebKit/537.36 (KHTML, like Gecko) Chrome/151.0.0.0 Safari/537.36"
117.56.216.252 - - [17/Aug/2026:15:35:37 +0800] "GET /technology/wp-content/themes/oceanwp/assets/js/drop-down-mobile-menu.min.js HTTP/1.1" 200 4663 "https://2blog.ilc.edu.tw/technology/2011/11/10/%E8%B3%87%E8%A8%8A%E5%AE%89%E5%85%A8%E7%9A%84%E5%BB%BA%E8%AD%B03%E5%B0%8F%E6%99%82%E8%AA%B2%E7%A8%8B%E9%A1%8C%E7%9B%AE%E8%88%87%E8%A7%A3%E7%AD%94/" "Mozilla/5.0 (Windows NT 10.0; Win64; x64) AppleWebKit/537.36 (KHTML, like Gecko) Chrome/151.0.0.0 Safari/537.36"
117.56.216.252 - - [17/Aug/2026:15:35:37 +0800] "GET /technology/wp-content/themes/oceanwp/assets/js/vendors/magnific-popup.min.js HTTP/1.1" 200 8270 "https://2blog.ilc.edu.tw/technology/2011/11/10/%E8%B3%87%E8%A8%8A%E5%AE%89%E5%85%A8%E7%9A%84%E5%BB%BA%E8%AD%B03%E5%B0%8F%E6%99%82%E8%AA%B2%E7%A8%8B%E9%A1%8C%E7%9B%AE%E8%88%87%E8%A7%A3%E7%AD%94/" "Mozilla/5.0 (Windows NT 10.0; Win64; x64) AppleWebKit/537.36 (KHTML, like Gecko) Chrome/151.0.0.0 Safari/537.36"
117.56.216.252 - - [17/Aug/2026:15:35:37 +0800] "GET /technology/wp-content/themes/oceanwp/assets/js/ow-lightbox.min.js HTTP/1.1" 200 2321 "https://2blog.ilc.edu.tw/technology/2011/11/10/%E8%B3%87%E8%A8%8A%E5%AE%89%E5%85%A8%E7%9A%84%E5%BB%BA%E8%AD%B03%E5%B0%8F%E6%99%82%E8%AA%B2%E7%A8%8B%E9%A1%8C%E7%9B%AE%E8%88%87%E8%A7%A3%E7%AD%94/" "Mozilla/5.0 (Windows NT 10.0; Win64; x64) AppleWebKit/537.36 (KHTML, like Gecko) Chrome/151.0.0.0 Safari/537.36"
117.56.216.252 - - [17/Aug/2026:15:35:37 +0800] "GET /technology/wp-content/themes/oceanwp/assets/js/vendors/flickity.pkgd.min.js HTTP/1.1" 200 15048 "https://2blog.ilc.edu.tw/technology/2011/11/10/%E8%B3%87%E8%A8%8A%E5%AE%89%E5%85%A8%E7%9A%84%E5%BB%BA%E8%AD%B03%E5%B0%8F%E6%99%82%E8%AA%B2%E7%A8%8B%E9%A1%8C%E7%9B%AE%E8%88%87%E8%A7%A3%E7%AD%94/" "Mozilla/5.0 (Windows NT 10.0; Win64; x64) AppleWebKit/537.36 (KHTML, like Gecko) Chrome/151.0.0.0 Safari/537.36"
117.56.216.252 - - [17/Aug/2026:15:35:37 +0800] "GET /technology/wp-content/themes/oceanwp/assets/js/ow-slider.min.js HTTP/1.1" 200 1761 "https://2blog.ilc.edu.tw/technology/2011/11/10/%E8%B3%87%E8%A8%8A%E5%AE%89%E5%85%A8%E7%9A%84%E5%BB%BA%E8%AD%B03%E5%B0%8F%E6%99%82%E8%AA%B2%E7%A8%8B%E9%A1%8C%E7%9B%AE%E8%88%87%E8%A7%A3%E7%AD%94/" "Mozilla/5.0 (Windows NT 10.0; Win64; x64) AppleWebKit/537.36 (KHTML, like Gecko) Chrome/151.0.0.0 Safari/537.36"
117.56.216.252 - - [17/Aug/2026:15:35:37 +0800] "GET /technology/wp-content/themes/oceanwp/assets/js/scroll-effect.min.js HTTP/1.1" 200 4127 "https://2blog.ilc.edu.tw/technology/2011/11/10/%E8%B3%87%E8%A8%8A%E5%AE%89%E5%85%A8%E7%9A%84%E5%BB%BA%E8%AD%B03%E5%B0%8F%E6%99%82%E8%AA%B2%E7%A8%8B%E9%A1%8C%E7%9B%AE%E8%88%87%E8%A7%A3%E7%AD%94/" "Mozilla/5.0 (Windows NT 10.0; Win64; x64) AppleWebKit/537.36 (KHTML, like Gecko) Chrome/151.0.0.0 Safari/537.36"
117.56.216.252 - - [17/Aug/2026:15:35:37 +0800] "GET /technology/wp-content/themes/oceanwp/assets/js/scroll-top.min.js HTTP/1.1" 200 3202 "https://2blog.ilc.edu.tw/technology/2011/11/10/%E8%B3%87%E8%A8%8A%E5%AE%89%E5%85%A8%E7%9A%84%E5%BB%BA%E8%AD%B03%E5%B0%8F%E6%99%82%E8%AA%B2%E7%A8%8B%E9%A1%8C%E7%9B%AE%E8%88%87%E8%A7%A3%E7%AD%94/" "Mozilla/5.0 (Windows NT 10.0; Win64; x64) AppleWebKit/537.36 (KHTML, like Gecko) Chrome/151.0.0.0 Safari/537.36"
117.56.216.252 - - [17/Aug/2026:15:35:37 +0800] "GET /technology/wp-content/themes/oceanwp/assets/js/select.min.js HTTP/1.1" 200 2408 "https://2blog.ilc.edu.tw/technology/2011/11/10/%E8%B3%87%E8%A8%8A%E5%AE%89%E5%85%A8%E7%9A%84%E5%BB%BA%E8%AD%B03%E5%B0%8F%E6%99%82%E8%AA%B2%E7%A8%8B%E9%A1%8C%E7%9B%AE%E8%88%87%E8%A7%A3%E7%AD%94/" "Mozilla/5.0 (Windows NT 10.0; Win64; x64) AppleWebKit/537.36 (KHTML, like Gecko) Chrome/151.0.0.0 Safari/537.36"
117.56.216.252 - - [17/Aug/2026:15:35:37 +0800] "GET /technology/wp-content/plugins/ocean-extra/includes/widgets/js/flickr.min.js HTTP/1.1" 200 1319 "https://2blog.ilc.edu.tw/technology/2011/11/10/%E8%B3%87%E8%A8%8A%E5%AE%89%E5%85%A8%E7%9A%84%E5%BB%BA%E8%AD%B03%E5%B0%8F%E6%99%82%E8%AA%B2%E7%A8%8B%E9%A1%8C%E7%9B%AE%E8%88%87%E8%A7%A3%E7%AD%94/" "Mozilla/5.0 (Windows NT 10.0; Win64; x64) AppleWebKit/537.36 (KHTML, like Gecko) Chrome/151.0.0.0 Safari/537.36"
117.56.216.252 - - [17/Aug/2026:15:35:37 +0800] "GET /technology/wp-content/plugins/elementor-pro/assets/lib/sticky/jquery.sticky.min.js HTTP/1.1" 200 2422 "https://2blog.ilc.edu.tw/technology/2011/11/10/%E8%B3%87%E8%A8%8A%E5%AE%89%E5%85%A8%E7%9A%84%E5%BB%BA%E8%AD%B03%E5%B0%8F%E6%99%82%E8%AA%B2%E7%A8%8B%E9%A1%8C%E7%9B%AE%E8%88%87%E8%A7%A3%E7%AD%94/" "Mozilla/5.0 (Windows NT 10.0; Win64; x64) AppleWebKit/537.36 (KHTML, like Gecko) Chrome/151.0.0.0 Safari/537.36"
117.56.216.252 - - [17/Aug/2026:15:35:37 +0800] "GET /technology/wp-content/plugins/elementor-pro/assets/lib/smartmenus/jquery.smartmenus.min.js HTTP/1.1" 200 7967 "https://2blog.ilc.edu.tw/technology/2011/11/10/%E8%B3%87%E8%A8%8A%E5%AE%89%E5%85%A8%E7%9A%84%E5%BB%BA%E8%AD%B03%E5%B0%8F%E6%99%82%E8%AA%B2%E7%A8%8B%E9%A1%8C%E7%9B%AE%E8%88%87%E8%A7%A3%E7%AD%94/" "Mozilla/5.0 (Windows NT 10.0; Win64; x64) AppleWebKit/537.36 (KHTML, like Gecko) Chrome/151.0.0.0 Safari/537.36"
117.56.216.252 - - [17/Aug/2026:15:35:37 +0800] "GET /technology/wp-content/plugins/elementor/assets/js/webpack.runtime.min.js HTTP/1.1" 200 3095 "https://2blog.ilc.edu.tw/technology/2011/11/10/%E8%B3%87%E8%A8%8A%E5%AE%89%E5%85%A8%E7%9A%84%E5%BB%BA%E8%AD%B03%E5%B0%8F%E6%99%82%E8%AA%B2%E7%A8%8B%E9%A1%8C%E7%9B%AE%E8%88%87%E8%A7%A3%E7%AD%94/" "Mozilla/5.0 (Windows NT 10.0; Win64; x64) AppleWebKit/537.36 (KHTML, like Gecko) Chrome/151.0.0.0 Safari/537.36"
117.56.216.252 - - [17/Aug/2026:15:35:37 +0800] "GET /technology/wp-content/plugins/elementor/assets/js/frontend-modules.min.js HTTP/1.1" 200 19416 "https://2blog.ilc.edu.tw/technology/2011/11/10/%E8%B3%87%E8%A8%8A%E5%AE%89%E5%85%A8%E7%9A%84%E5%BB%BA%E8%AD%B03%E5%B0%8F%E6%99%82%E8%AA%B2%E7%A8%8B%E9%A1%8C%E7%9B%AE%E8%88%87%E8%A7%A3%E7%AD%94/" "Mozilla/5.0 (Windows NT 10.0; Win64; x64) AppleWebKit/537.36 (KHTML, like Gecko) Chrome/151.0.0.0 Safari/537.36"
