66.249.68.200 - - [17/Aug/2026:15:32:25 +0800] "GET /1003/wp-content/cache/2blog.ilc.edu.tw/wpfc-minified/8x7tn0v6/5wohd.css HTTP/1.1" 200 20761 "https://2blog.ilc.edu.tw/1003/" "Mozilla/5.0 AppleWebKit/537.36 (KHTML, like Gecko; compatible; Googlebot/2.1; +http://www.google.com/bot.html) Chrome/149.0.7827.200 Safari/537.36"
2001:288:a201::66:125 - - [17/Aug/2026:15:32:25 +0800] "GET /blog/active.php HTTP/1.1" 404 1084 "-" "-"
2001:288:a201::66:125 - - [17/Aug/2026:15:32:25 +0800] "GET /blog/active.php HTTP/1.1" 301 1026 "-" "-"
66.249.71.64 - - [17/Aug/2026:15:32:26 +0800] "GET /1003/wp-includes/js/admin-bar.min.js HTTP/1.1" 200 2237 "https://2blog.ilc.edu.tw/1003/" "Mozilla/5.0 AppleWebKit/537.36 (KHTML, like Gecko; compatible; Googlebot/2.1; +http://www.google.com/bot.html) Chrome/149.0.7827.200 Safari/537.36"
52.167.144.17 - - [17/Aug/2026:15:32:26 +0800] "GET /2010/06/08/%E3%80%90%E9%96%8B%E6%9C%83%E9%80%9A%E7%9F%A5%E3%80%9199%E5%B9%B4%E6%96%B0%E4%BB%BB%E6%A0%A1%E9%95%B7%E9%81%B4%E9%81%B8%E7%AC%AC2%E6%AC%A1%E5%BA%A7%E8%AB%87%E6%9C%83/ HTTP/1.1" 200 16786 "-" "Mozilla/5.0 AppleWebKit/537.36 (KHTML, like Gecko; compatible; bingbot/2.0; +http://www.bing.com/bingbot.htm) Chrome/116.0.1938.76 Safari/537.36"
61.219.228.135 - - [17/Aug/2026:15:32:26 +0800] "GET /wp-content/themes/hueman/assets/front/img/opacity-10.png HTTP/1.1" 200 5703 "https://www.ksjh.ilc.edu.tw/wp-content/cache/www.ksjh.ilc.edu.tw/wpfc-minified/6y1hinyi/6x4f.css" "Mozilla/5.0 (Windows NT 10.0; Win64; x64) AppleWebKit/537.36 (KHTML, like Gecko) Chrome/151.0.0.0 Safari/537.36"
66.249.68.200 - - [17/Aug/2026:15:32:28 +0800] "GET /1003/wp-content/themes/textbook/assets/js/jquery.flexslider.js HTTP/1.1" 200 12801 "https://2blog.ilc.edu.tw/1003/" "Mozilla/5.0 AppleWebKit/537.36 (KHTML, like Gecko; compatible; Googlebot/2.1; +http://www.google.com/bot.html) Chrome/149.0.7827.200 Safari/537.36"
::1 - - [17/Aug/2026:15:32:29 +0800] "OPTIONS * HTTP/1.0" 200 110 "-" "Apache/2.4.68 (Ubuntu) OpenSSL/3.0.19 (internal dummy connection)"
66.249.71.64 - - [17/Aug/2026:15:32:29 +0800] "GET /1003/wp-content/themes/textbook/assets/js/functions.js HTTP/1.1" 200 1934 "https://2blog.ilc.edu.tw/1003/" "Mozilla/5.0 AppleWebKit/537.36 (KHTML, like Gecko; compatible; Googlebot/2.1; +http://www.google.com/bot.html) Chrome/149.0.7827.200 Safari/537.36"
140.111.67.10 - - [17/Aug/2026:15:32:30 +0800] "GET /" 301 273 "-" "-"
::1 - - [17/Aug/2026:15:32:30 +0800] "OPTIONS * HTTP/1.0" 200 110 "-" "Apache/2.4.68 (Ubuntu) OpenSSL/3.0.19 (internal dummy connection)"
66.249.68.200 - - [17/Aug/2026:15:32:30 +0800] "GET /1003/wp-content/themes/textbook/assets/js/skip-link-focus-fix.js HTTP/1.1" 200 1351 "https://2blog.ilc.edu.tw/1003/" "Mozilla/5.0 AppleWebKit/537.36 (KHTML, like Gecko; compatible; Googlebot/2.1; +http://www.google.com/bot.html) Chrome/149.0.7827.200 Safari/537.36"
2001:288:a201::66:125 - - [17/Aug/2026:15:32:30 +0800] "GET /blog/active.php HTTP/1.1" 301 1026 "-" "-"
2001:288:a201::66:125 - - [17/Aug/2026:15:32:30 +0800] "GET /blog/active.php HTTP/1.1" 404 1084 "-" "-"
66.249.68.200 - - [17/Aug/2026:15:32:31 +0800] "GET /1003/wp-content/themes/textbook/assets/js/navigation.js HTTP/1.1" 200 2931 "https://2blog.ilc.edu.tw/1003/" "Mozilla/5.0 AppleWebKit/537.36 (KHTML, like Gecko; compatible; Googlebot/2.1; +http://www.google.com/bot.html) Chrome/149.0.7827.200 Safari/537.36"
210.68.245.221 - - [17/Aug/2026:15:32:31 +0800] "GET /wp-content/uploads/sites/223/elementor/css/post-715.css HTTP/1.1" 200 6061 "https://www.saps.ilc.edu.tw/" "Mozilla/5.0 (Windows NT 10.0; Win64; x64) AppleWebKit/537.36 (KHTML, like Gecko) Chrome/151.0.0.0 Safari/537.36"
210.68.245.221 - - [17/Aug/2026:15:32:31 +0800] "GET /wp-content/uploads/sites/223/elementor/css/post-152.css HTTP/1.1" 200 7513 "https://www.saps.ilc.edu.tw/" "Mozilla/5.0 (Windows NT 10.0; Win64; x64) AppleWebKit/537.36 (KHTML, like Gecko) Chrome/151.0.0.0 Safari/537.36"
210.68.245.221 - - [17/Aug/2026:15:32:31 +0800] "GET /wp-content/cache/www.saps.ilc.edu.tw/wpfc-minified/1nhcyqjz/7fed.css HTTP/1.1" 200 5950 "https://www.saps.ilc.edu.tw/" "Mozilla/5.0 (Windows NT 10.0; Win64; x64) AppleWebKit/537.36 (KHTML, like Gecko) Chrome/151.0.0.0 Safari/537.36"
210.68.245.221 - - [17/Aug/2026:15:32:31 +0800] "GET /wp-content/cache/www.saps.ilc.edu.tw/wpfc-minified/e4wv91cg/7feo.css HTTP/1.1" 200 45677 "https://www.saps.ilc.edu.tw/" "Mozilla/5.0 (Windows NT 10.0; Win64; x64) AppleWebKit/537.36 (KHTML, like Gecko) Chrome/151.0.0.0 Safari/537.36"
210.68.245.221 - - [17/Aug/2026:15:32:31 +0800] "GET /wp-content/cache/www.saps.ilc.edu.tw/wpfc-minified/2xz09cjt/7fed.css HTTP/1.1" 200 69738 "https://www.saps.ilc.edu.tw/" "Mozilla/5.0 (Windows NT 10.0; Win64; x64) AppleWebKit/537.36 (KHTML, like Gecko) Chrome/151.0.0.0 Safari/537.36"
210.68.245.221 - - [17/Aug/2026:15:32:32 +0800] "GET /wp-content/cache/www.saps.ilc.edu.tw/wpfc-minified/las95xn2/7fed.css HTTP/1.1" 200 7702 "https://www.saps.ilc.edu.tw/" "Mozilla/5.0 (Windows NT 10.0; Win64; x64) AppleWebKit/537.36 (KHTML, like Gecko) Chrome/151.0.0.0 Safari/537.36"
210.68.245.221 - - [17/Aug/2026:15:32:32 +0800] "GET /wp-content/cache/www.saps.ilc.edu.tw/wpfc-minified/2108e799/7feo.js HTTP/1.1" 200 5165 "https://www.saps.ilc.edu.tw/" "Mozilla/5.0 (Windows NT 10.0; Win64; x64) AppleWebKit/537.36 (KHTML, like Gecko) Chrome/151.0.0.0 Safari/537.36"
210.68.245.221 - - [17/Aug/2026:15:32:31 +0800] "GET /wp-content/cache/www.saps.ilc.edu.tw/wpfc-minified/mkaqjc5l/bxwz8.css HTTP/1.1" 200 91598 "https://www.saps.ilc.edu.tw/" "Mozilla/5.0 (Windows NT 10.0; Win64; x64) AppleWebKit/537.36 (KHTML, like Gecko) Chrome/151.0.0.0 Safari/537.36"
210.68.245.221 - - [17/Aug/2026:15:32:32 +0800] "GET /wp-content/cache/www.saps.ilc.edu.tw/wpfc-minified/6ype9tyx/7feo.js HTTP/1.1" 200 35557 "https://www.saps.ilc.edu.tw/" "Mozilla/5.0 (Windows NT 10.0; Win64; x64) AppleWebKit/537.36 (KHTML, like Gecko) Chrome/151.0.0.0 Safari/537.36"
210.68.245.221 - - [17/Aug/2026:15:32:32 +0800] "GET /wp-content/uploads/sites/223/2019/03/logo1.png HTTP/1.1" 200 63247 "https://www.saps.ilc.edu.tw/" "Mozilla/5.0 (Windows NT 10.0; Win64; x64) AppleWebKit/537.36 (KHTML, like Gecko) Chrome/151.0.0.0 Safari/537.36"
210.68.245.221 - - [17/Aug/2026:15:32:32 +0800] "GET /wp-content/cache/www.saps.ilc.edu.tw/wpfc-minified/d7zm8twu/7fed.css HTTP/1.1" 200 3465 "https://www.saps.ilc.edu.tw/" "Mozilla/5.0 (Windows NT 10.0; Win64; x64) AppleWebKit/537.36 (KHTML, like Gecko) Chrome/151.0.0.0 Safari/537.36"
210.68.245.221 - - [17/Aug/2026:15:32:32 +0800] "GET /wp-includes/js/hoverintent-js.min.js HTTP/1.1" 200 1597 "https://www.saps.ilc.edu.tw/" "Mozilla/5.0 (Windows NT 10.0; Win64; x64) AppleWebKit/537.36 (KHTML, like Gecko) Chrome/151.0.0.0 Safari/537.36"
210.68.245.221 - - [17/Aug/2026:15:32:32 +0800] "GET /wp-includes/js/admin-bar.min.js HTTP/1.1" 200 2237 "https://www.saps.ilc.edu.tw/" "Mozilla/5.0 (Windows NT 10.0; Win64; x64) AppleWebKit/537.36 (KHTML, like Gecko) Chrome/151.0.0.0 Safari/537.36"
210.68.245.221 - - [17/Aug/2026:15:32:32 +0800] "GET /wp-includes/js/imagesloaded.min.js HTTP/1.1" 200 2683 "https://www.saps.ilc.edu.tw/" "Mozilla/5.0 (Windows NT 10.0; Win64; x64) AppleWebKit/537.36 (KHTML, like Gecko) Chrome/151.0.0.0 Safari/537.36"
210.68.245.221 - - [17/Aug/2026:15:32:32 +0800] "GET /wp-content/themes/oceanwp/assets/js/theme.min.js HTTP/1.1" 200 5130 "https://www.saps.ilc.edu.tw/" "Mozilla/5.0 (Windows NT 10.0; Win64; x64) AppleWebKit/537.36 (KHTML, like Gecko) Chrome/151.0.0.0 Safari/537.36"
210.68.245.221 - - [17/Aug/2026:15:32:32 +0800] "GET /wp-content/themes/oceanwp/assets/js/drop-down-search.min.js HTTP/1.1" 200 2968 "https://www.saps.ilc.edu.tw/" "Mozilla/5.0 (Windows NT 10.0; Win64; x64) AppleWebKit/537.36 (KHTML, like Gecko) Chrome/151.0.0.0 Safari/537.36"
210.68.245.221 - - [17/Aug/2026:15:32:32 +0800] "GET /wp-content/themes/oceanwp/assets/js/drop-down-mobile-menu.min.js HTTP/1.1" 200 4663 "https://www.saps.ilc.edu.tw/" "Mozilla/5.0 (Windows NT 10.0; Win64; x64) AppleWebKit/537.36 (KHTML, like Gecko) Chrome/151.0.0.0 Safari/537.36"
210.68.245.221 - - [17/Aug/2026:15:32:32 +0800] "GET /wp-content/themes/oceanwp/assets/js/vendors/magnific-popup.min.js HTTP/1.1" 200 8270 "https://www.saps.ilc.edu.tw/" "Mozilla/5.0 (Windows NT 10.0; Win64; x64) AppleWebKit/537.36 (KHTML, like Gecko) Chrome/151.0.0.0 Safari/537.36"
210.68.245.221 - - [17/Aug/2026:15:32:32 +0800] "GET /wp-content/themes/oceanwp/assets/js/ow-lightbox.min.js HTTP/1.1" 200 2321 "https://www.saps.ilc.edu.tw/" "Mozilla/5.0 (Windows NT 10.0; Win64; x64) AppleWebKit/537.36 (KHTML, like Gecko) Chrome/151.0.0.0 Safari/537.36"
210.68.245.221 - - [17/Aug/2026:15:32:32 +0800] "GET /wp-content/themes/oceanwp/assets/js/ow-slider.min.js HTTP/1.1" 200 1761 "https://www.saps.ilc.edu.tw/" "Mozilla/5.0 (Windows NT 10.0; Win64; x64) AppleWebKit/537.36 (KHTML, like Gecko) Chrome/151.0.0.0 Safari/537.36"
210.68.245.221 - - [17/Aug/2026:15:32:32 +0800] "GET /wp-content/themes/oceanwp/assets/js/scroll-top.min.js HTTP/1.1" 200 3202 "https://www.saps.ilc.edu.tw/" "Mozilla/5.0 (Windows NT 10.0; Win64; x64) AppleWebKit/537.36 (KHTML, like Gecko) Chrome/151.0.0.0 Safari/537.36"
210.68.245.221 - - [17/Aug/2026:15:32:32 +0800] "GET /wp-content/plugins/ocean-extra/includes/widgets/js/flickr.min.js HTTP/1.1" 200 1319 "https://www.saps.ilc.edu.tw/" "Mozilla/5.0 (Windows NT 10.0; Win64; x64) AppleWebKit/537.36 (KHTML, like Gecko) Chrome/151.0.0.0 Safari/537.36"
210.68.245.221 - - [17/Aug/2026:15:32:32 +0800] "GET /wp-content/themes/oceanwp/assets/js/select.min.js HTTP/1.1" 200 2408 "https://www.saps.ilc.edu.tw/" "Mozilla/5.0 (Windows NT 10.0; Win64; x64) AppleWebKit/537.36 (KHTML, like Gecko) Chrome/151.0.0.0 Safari/537.36"
210.68.245.221 - - [17/Aug/2026:15:32:32 +0800] "GET /wp-content/themes/oceanwp/assets/js/scroll-effect.min.js HTTP/1.1" 200 4127 "https://www.saps.ilc.edu.tw/" "Mozilla/5.0 (Windows NT 10.0; Win64; x64) AppleWebKit/537.36 (KHTML, like Gecko) Chrome/151.0.0.0 Safari/537.36"
210.68.245.221 - - [17/Aug/2026:15:32:32 +0800] "GET /wp-content/themes/oceanwp/assets/js/vendors/flickity.pkgd.min.js HTTP/1.1" 200 15048 "https://www.saps.ilc.edu.tw/" "Mozilla/5.0 (Windows NT 10.0; Win64; x64) AppleWebKit/537.36 (KHTML, like Gecko) Chrome/151.0.0.0 Safari/537.36"
210.68.245.221 - - [17/Aug/2026:15:32:32 +0800] "GET /wp-content/plugins/elementor-pro/assets/lib/smartmenus/jquery.smartmenus.min.js HTTP/1.1" 200 7967 "https://www.saps.ilc.edu.tw/" "Mozilla/5.0 (Windows NT 10.0; Win64; x64) AppleWebKit/537.36 (KHTML, like Gecko) Chrome/151.0.0.0 Safari/537.36"
210.68.245.221 - - [17/Aug/2026:15:32:32 +0800] "GET /wp-content/plugins/elementor/assets/js/webpack.runtime.min.js HTTP/1.1" 200 3095 "https://www.saps.ilc.edu.tw/" "Mozilla/5.0 (Windows NT 10.0; Win64; x64) AppleWebKit/537.36 (KHTML, like Gecko) Chrome/151.0.0.0 Safari/537.36"
210.68.245.221 - - [17/Aug/2026:15:32:32 +0800] "GET /wp-content/plugins/elementor-pro/assets/js/webpack-pro.runtime.min.js HTTP/1.1" 200 3562 "https://www.saps.ilc.edu.tw/" "Mozilla/5.0 (Windows NT 10.0; Win64; x64) AppleWebKit/537.36 (KHTML, like Gecko) Chrome/151.0.0.0 Safari/537.36"
210.68.245.221 - - [17/Aug/2026:15:32:32 +0800] "GET /wp-content/plugins/elementor/assets/js/frontend-modules.min.js HTTP/1.1" 200 19416 "https://www.saps.ilc.edu.tw/" "Mozilla/5.0 (Windows NT 10.0; Win64; x64) AppleWebKit/537.36 (KHTML, like Gecko) Chrome/151.0.0.0 Safari/537.36"
210.68.245.221 - - [17/Aug/2026:15:32:32 +0800] "GET /wp-includes/js/dist/hooks.min.js HTTP/1.1" 200 2421 "https://www.saps.ilc.edu.tw/" "Mozilla/5.0 (Windows NT 10.0; Win64; x64) AppleWebKit/537.36 (KHTML, like Gecko) Chrome/151.0.0.0 Safari/537.36"
210.68.245.221 - - [17/Aug/2026:15:32:32 +0800] "GET /wp-includes/js/dist/i18n.min.js HTTP/1.1" 200 4547 "https://www.saps.ilc.edu.tw/" "Mozilla/5.0 (Windows NT 10.0; Win64; x64) AppleWebKit/537.36 (KHTML, like Gecko) Chrome/151.0.0.0 Safari/537.36"
210.68.245.221 - - [17/Aug/2026:15:32:32 +0800] "GET /wp-content/plugins/elementor-pro/assets/js/frontend.min.js HTTP/1.1" 200 7574 "https://www.saps.ilc.edu.tw/" "Mozilla/5.0 (Windows NT 10.0; Win64; x64) AppleWebKit/537.36 (KHTML, like Gecko) Chrome/151.0.0.0 Safari/537.36"
210.68.245.221 - - [17/Aug/2026:15:32:32 +0800] "GET /wp-includes/js/jquery/ui/core.min.js HTTP/1.1" 200 7986 "https://www.saps.ilc.edu.tw/" "Mozilla/5.0 (Windows NT 10.0; Win64; x64) AppleWebKit/537.36 (KHTML, like Gecko) Chrome/151.0.0.0 Safari/537.36"
210.68.245.221 - - [17/Aug/2026:15:32:32 +0800] "GET /wp-content/plugins/elementor/assets/lib/waypoints/waypoints.min.js HTTP/1.1" 200 3873 "https://www.saps.ilc.edu.tw/" "Mozilla/5.0 (Windows NT 10.0; Win64; x64) AppleWebKit/537.36 (KHTML, like Gecko) Chrome/151.0.0.0 Safari/537.36"
210.68.245.221 - - [17/Aug/2026:15:32:32 +0800] "GET /wp-content/plugins/elementor-pro/assets/js/elements-handlers.min.js HTTP/1.1" 200 10882 "https://www.saps.ilc.edu.tw/" "Mozilla/5.0 (Windows NT 10.0; Win64; x64) AppleWebKit/537.36 (KHTML, like Gecko) Chrome/151.0.0.0 Safari/537.36"
210.68.245.221 - - [17/Aug/2026:15:32:32 +0800] "GET /wp-content/plugins/elementor/assets/js/frontend.min.js HTTP/1.1" 200 13169 "https://www.saps.ilc.edu.tw/" "Mozilla/5.0 (Windows NT 10.0; Win64; x64) AppleWebKit/537.36 (KHTML, like Gecko) Chrome/151.0.0.0 Safari/537.36"
210.68.245.221 - - [17/Aug/2026:15:32:32 +0800] "GET /wp-content/uploads/sites/223/2019/03/bb.png HTTP/1.1" 200 1518 "https://www.saps.ilc.edu.tw/wp-content/uploads/sites/223/elementor/css/post-152.css" "Mozilla/5.0 (Windows NT 10.0; Win64; x64) AppleWebKit/537.36 (KHTML, like Gecko) Chrome/151.0.0.0 Safari/537.36"
210.68.245.221 - - [17/Aug/2026:15:32:32 +0800] "GET /wp-content/uploads/sites/223/2026/08/%E5%8A%A0%E7%A2%BC%E5%9B%9E%E9%A5%8B1900_700.jpg HTTP/1.1" 200 251983 "https://www.saps.ilc.edu.tw/wp-content/uploads/sites/223/elementor/css/post-152.css" "Mozilla/5.0 (Windows NT 10.0; Win64; x64) AppleWebKit/537.36 (KHTML, like Gecko) Chrome/151.0.0.0 Safari/537.36"
210.68.245.221 - - [17/Aug/2026:15:32:32 +0800] "GET /wp-content/uploads/sites/223/2026/06/115%E7%95%A2%E6%A5%AD%E5%85%B8%E8%85%A6.jpg HTTP/1.1" 200 164809 "https://www.saps.ilc.edu.tw/wp-content/uploads/sites/223/elementor/css/post-152.css" "Mozilla/5.0 (Windows NT 10.0; Win64; x64) AppleWebKit/537.36 (KHTML, like Gecko) Chrome/151.0.0.0 Safari/537.36"
210.68.245.221 - - [17/Aug/2026:15:32:32 +0800] "GET /wp-content/uploads/sites/223/2026/06/615.jpg HTTP/1.1" 200 40490 "https://www.saps.ilc.edu.tw/wp-content/uploads/sites/223/elementor/css/post-152.css" "Mozilla/5.0 (Windows NT 10.0; Win64; x64) AppleWebKit/537.36 (KHTML, like Gecko) Chrome/151.0.0.0 Safari/537.36"
210.68.245.221 - - [17/Aug/2026:15:32:32 +0800] "GET /wp-content/uploads/sites/223/2026/05/505.jpg HTTP/1.1" 200 221591 "https://www.saps.ilc.edu.tw/wp-content/uploads/sites/223/elementor/css/post-152.css" "Mozilla/5.0 (Windows NT 10.0; Win64; x64) AppleWebKit/537.36 (KHTML, like Gecko) Chrome/151.0.0.0 Safari/537.36"
210.68.245.221 - - [17/Aug/2026:15:32:32 +0800] "GET /wp-content/uploads/sites/223/2026/04/422.jpg HTTP/1.1" 200 37042 "https://www.saps.ilc.edu.tw/wp-content/uploads/sites/223/elementor/css/post-152.css" "Mozilla/5.0 (Windows NT 10.0; Win64; x64) AppleWebKit/537.36 (KHTML, like Gecko) Chrome/151.0.0.0 Safari/537.36"
210.68.245.221 - - [17/Aug/2026:15:32:32 +0800] "GET /wp-content/uploads/sites/223/2026/07/115%E6%9A%91%E6%9C%9F%E4%BF%9D%E8%AD%B7%E9%9D%92%E5%B0%91%E5%B9%B4%E5%AE%A3%E5%B0%8E.png HTTP/1.1" 200 1240432 "https://www.saps.ilc.edu.tw/wp-content/uploads/sites/223/elementor/css/post-152.css" "Mozilla/5.0 (Windows NT 10.0; Win64; x64) AppleWebKit/537.36 (KHTML, like Gecko) Chrome/151.0.0.0 Safari/537.36"
210.68.245.221 - - [17/Aug/2026:15:32:32 +0800] "GET /wp-content/uploads/sites/223/2026/02/223.jpg HTTP/1.1" 200 38441 "https://www.saps.ilc.edu.tw/wp-content/uploads/sites/223/elementor/css/post-152.css" "Mozilla/5.0 (Windows NT 10.0; Win64; x64) AppleWebKit/537.36 (KHTML, like Gecko) Chrome/151.0.0.0 Safari/537.36"
210.68.245.221 - - [17/Aug/2026:15:32:32 +0800] "GET /wp-content/uploads/sites/223/2026/01/logo112.jpg HTTP/1.1" 200 89362 "https://www.saps.ilc.edu.tw/wp-content/uploads/sites/223/elementor/css/post-152.css" "Mozilla/5.0 (Windows NT 10.0; Win64; x64) AppleWebKit/537.36 (KHTML, like Gecko) Chrome/151.0.0.0 Safari/537.36"
210.68.245.221 - - [17/Aug/2026:15:32:32 +0800] "GET /wp-content/plugins/elementor/assets/lib/eicons/fonts/eicons.woff2?5.30.0 HTTP/1.1" 200 98225 "https://www.saps.ilc.edu.tw/wp-content/cache/www.saps.ilc.edu.tw/wpfc-minified/mkaqjc5l/bxwz8.css" "Mozilla/5.0 (Windows NT 10.0; Win64; x64) AppleWebKit/537.36 (KHTML, like Gecko) Chrome/151.0.0.0 Safari/537.36"
210.68.245.221 - - [17/Aug/2026:15:32:32 +0800] "GET /wp-content/uploads/sites/223/2019/03/22_gif.gif HTTP/1.1" 200 2212 "https://www.saps.ilc.edu.tw/wp-content/uploads/sites/223/elementor/css/post-152.css" "Mozilla/5.0 (Windows NT 10.0; Win64; x64) AppleWebKit/537.36 (KHTML, like Gecko) Chrome/151.0.0.0 Safari/537.36"
210.68.245.221 - - [17/Aug/2026:15:32:32 +0800] "GET /wp-content/uploads/sites/223/2025/12/1224.jpg HTTP/1.1" 200 154808 "https://www.saps.ilc.edu.tw/wp-content/uploads/sites/223/elementor/css/post-152.css" "Mozilla/5.0 (Windows NT 10.0; Win64; x64) AppleWebKit/537.36 (KHTML, like Gecko) Chrome/151.0.0.0 Safari/537.36"
210.68.245.221 - - [17/Aug/2026:15:32:32 +0800] "GET /wp-content/uploads/sites/223/2025/02/213.jpg HTTP/1.1" 200 53741 "https://www.saps.ilc.edu.tw/wp-content/uploads/sites/223/elementor/css/post-152.css" "Mozilla/5.0 (Windows NT 10.0; Win64; x64) AppleWebKit/537.36 (KHTML, like Gecko) Chrome/151.0.0.0 Safari/537.36"
210.68.245.221 - - [17/Aug/2026:15:32:32 +0800] "GET /wp-content/uploads/sites/223/2025/11/1110.jpg HTTP/1.1" 200 81065 "https://www.saps.ilc.edu.tw/wp-content/uploads/sites/223/elementor/css/post-152.css" "Mozilla/5.0 (Windows NT 10.0; Win64; x64) AppleWebKit/537.36 (KHTML, like Gecko) Chrome/151.0.0.0 Safari/537.36"
210.68.245.221 - - [17/Aug/2026:15:32:32 +0800] "GET /wp-content/uploads/sites/223/2024/05/509logo.jpg HTTP/1.1" 200 118010 "https://www.saps.ilc.edu.tw/wp-content/uploads/sites/223/elementor/css/post-152.css" "Mozilla/5.0 (Windows NT 10.0; Win64; x64) AppleWebKit/537.36 (KHTML, like Gecko) Chrome/151.0.0.0 Safari/537.36"
210.68.245.221 - - [17/Aug/2026:15:32:33 +0800] "GET /wp-content/uploads/sites/223/2023/03/308logo.png HTTP/1.1" 200 296000 "https://www.saps.ilc.edu.tw/wp-content/uploads/sites/223/elementor/css/post-152.css" "Mozilla/5.0 (Windows NT 10.0; Win64; x64) AppleWebKit/537.36 (KHTML, like Gecko) Chrome/151.0.0.0 Safari/537.36"
210.68.245.221 - - [17/Aug/2026:15:32:33 +0800] "GET /wp-content/plugins/elementor-pro/assets/js/nav-menu.e65811186e94a386ba7b.bundle.min.js HTTP/1.1" 200 2690 "https://www.saps.ilc.edu.tw/" "Mozilla/5.0 (Windows NT 10.0; Win64; x64) AppleWebKit/537.36 (KHTML, like Gecko) Chrome/151.0.0.0 Safari/537.36"
210.68.245.221 - - [17/Aug/2026:15:32:33 +0800] "GET /wp-content/plugins/elementor-pro/assets/js/slides.fb6b9afd278bb9c5e75b.bundle.min.js HTTP/1.1" 200 2348 "https://www.saps.ilc.edu.tw/" "Mozilla/5.0 (Windows NT 10.0; Win64; x64) AppleWebKit/537.36 (KHTML, like Gecko) Chrome/151.0.0.0 Safari/537.36"
210.68.245.221 - - [17/Aug/2026:15:32:33 +0800] "GET /wp-content/plugins/elementor-pro/assets/js/social.2d2e44e8608690943f29.bundle.min.js HTTP/1.1" 200 1433 "https://www.saps.ilc.edu.tw/" "Mozilla/5.0 (Windows NT 10.0; Win64; x64) AppleWebKit/537.36 (KHTML, like Gecko) Chrome/151.0.0.0 Safari/537.36"
210.68.245.221 - - [17/Aug/2026:15:32:33 +0800] "GET /wp-content/plugins/elementor/assets/js/text-editor.2c35aafbe5bf0e127950.bundle.min.js HTTP/1.1" 200 1545 "https://www.saps.ilc.edu.tw/" "Mozilla/5.0 (Windows NT 10.0; Win64; x64) AppleWebKit/537.36 (KHTML, like Gecko) Chrome/151.0.0.0 Safari/537.36"
210.68.245.221 - - [17/Aug/2026:15:32:33 +0800] "GET /wp-content/plugins/elementor/assets/lib/swiper/v8/swiper.min.js?ver=8.4.5 HTTP/1.1" 200 40708 "https://www.saps.ilc.edu.tw/" "Mozilla/5.0 (Windows NT 10.0; Win64; x64) AppleWebKit/537.36 (KHTML, like Gecko) Chrome/151.0.0.0 Safari/537.36"
2001:288:a20f:1:a091:f32b:f9f4:95ff - - [17/Aug/2026:15:32:33 +0800] "-" 408 4803 "-" "-"
210.68.245.221 - - [17/Aug/2026:15:32:33 +0800] "GET /wp-content/plugins/elementor/assets/lib/font-awesome/webfonts/fa-solid-900.woff2 HTTP/1.1" 200 79223 "https://www.saps.ilc.edu.tw/wp-content/cache/www.saps.ilc.edu.tw/wpfc-minified/2xz09cjt/7fed.css" "Mozilla/5.0 (Windows NT 10.0; Win64; x64) AppleWebKit/537.36 (KHTML, like Gecko) Chrome/151.0.0.0 Safari/537.36"
2001:4860:7:810::f3 - - [17/Aug/2026:15:32:34 +0800] "GET /2020/09/20/%E6%95%99%E5%8B%99%E8%99%95/ HTTP/1.1" 200 24844 "https://www.google.com/" "Mozilla/5.0 (Windows NT 10.0; Win64; x64) AppleWebKit/537.36 (KHTML, like Gecko) Chrome/151.0.0.0 Safari/537.36"
140.111.67.10 - - [17/Aug/2026:15:32:35 +0800] "GET /" 301 273 "-" "-"
210.68.245.221 - - [17/Aug/2026:15:32:35 +0800] "GET /favicon.ico HTTP/1.1" 302 1062 "https://www.saps.ilc.edu.tw/" "Mozilla/5.0 (Windows NT 10.0; Win64; x64) AppleWebKit/537.36 (KHTML, like Gecko) Chrome/151.0.0.0 Safari/537.36"
210.68.245.221 - - [17/Aug/2026:15:32:35 +0800] "GET /wp-includes/images/w-logo-blue-white-bg.png HTTP/1.1" 200 4946 "https://www.saps.ilc.edu.tw/" "Mozilla/5.0 (Windows NT 10.0; Win64; x64) AppleWebKit/537.36 (KHTML, like Gecko) Chrome/151.0.0.0 Safari/537.36"
2001:288:a201::66:125 - - [17/Aug/2026:15:32:35 +0800] "GET /blog/active.php HTTP/1.1" 301 1026 "-" "-"
2001:288:a201::66:125 - - [17/Aug/2026:15:32:35 +0800] "GET /blog/active.php HTTP/1.1" 404 1084 "-" "-"
118.165.139.36 - - [17/Aug/2026:15:32:36 +0800] "-" 408 4803 "-" "-"
118.165.139.36 - - [17/Aug/2026:15:32:36 +0800] "-" 408 4803 "-" "-"
210.68.245.221 - - [17/Aug/2026:15:32:37 +0800] "GET /wp-content/uploads/sites/223/2019/03/12345-1.png HTTP/1.1" 200 2073757 "https://www.saps.ilc.edu.tw/" "Mozilla/5.0 (Windows NT 10.0; Win64; x64) AppleWebKit/537.36 (KHTML, like Gecko) Chrome/151.0.0.0 Safari/537.36"
::1 - - [17/Aug/2026:15:32:37 +0800] "OPTIONS * HTTP/1.0" 200 110 "-" "Apache/2.4.68 (Ubuntu) OpenSSL/3.0.19 (internal dummy connection)"
::1 - - [17/Aug/2026:15:32:38 +0800] "OPTIONS * HTTP/1.0" 200 110 "-" "Apache/2.4.68 (Ubuntu) OpenSSL/3.0.19 (internal dummy connection)"
2001:288:a240:1:c53e:d669:eba2:2d97 - - [17/Aug/2026:15:32:39 +0800] "-" 408 4802 "-" "-"
::1 - - [17/Aug/2026:15:32:39 +0800] "OPTIONS * HTTP/1.0" 200 110 "-" "Apache/2.4.68 (Ubuntu) OpenSSL/3.0.19 (internal dummy connection)"
140.111.67.195 - - [17/Aug/2026:15:32:39 +0800] "GET /wp-admin/admin-post.php?action=steps_ad HTTP/1.1" 200 6425 "-" "node-fetch/1.0 (+https://github.com/bitinn/node-fetch)"
140.111.67.10 - - [17/Aug/2026:15:32:40 +0800] "GET /" 301 273 "-" "-"
::1 - - [17/Aug/2026:15:32:40 +0800] "OPTIONS * HTTP/1.0" 200 110 "-" "Apache/2.4.68 (Ubuntu) OpenSSL/3.0.19 (internal dummy connection)"
2001:288:a201::66:125 - - [17/Aug/2026:15:32:40 +0800] "GET /blog/active.php HTTP/1.1" 301 1026 "-" "-"
2001:288:a201::66:125 - - [17/Aug/2026:15:32:40 +0800] "GET /blog/active.php HTTP/1.1" 404 1084 "-" "-"
2001:b011:7807:14f9:6d33:e45e:52ff:ac16 - - [17/Aug/2026:15:32:41 +0800] "GET /hsiesstudentaffairs/ HTTP/1.1" 200 26301 "https://2blog.ilc.edu.tw/hsiesstudentaffairs/2021/06/16/%E6%A0%A1%E5%9C%92%E9%98%B2%E7%81%BD%E5%9C%B0%E5%9C%96/" "Mozilla/5.0 (Windows NT 10.0; Win64; x64) AppleWebKit/537.36 (KHTML, like Gecko) Chrome/151.0.0.0 Safari/537.36"
2001:b011:7807:14f9:6d33:e45e:52ff:ac16 - - [17/Aug/2026:15:32:41 +0800] "GET /hsiesstudentaffairs/wp-content/uploads/sites/3417/2021/12/LINE_ALBUM_20211210%E6%B5%B7%E7%A7%91%E9%A4%A8%E6%A0%A1%E5%A4%96%E6%95%99%E5%AD%B8_211215_56-768x1024.jpg HTTP/1.1" 200 180012 "https://2blog.ilc.edu.tw/hsiesstudentaffairs/" "Mozilla/5.0 (Windows NT 10.0; Win64; x64) AppleWebKit/537.36 (KHTML, like Gecko) Chrome/151.0.0.0 Safari/537.36"
2001:b011:7807:14f9:6d33:e45e:52ff:ac16 - - [17/Aug/2026:15:32:41 +0800] "GET /hsiesstudentaffairs/wp-content/uploads/sites/3417/2021/12/LINE_ALBUM_20211210%E6%B5%B7%E7%A7%91%E9%A4%A8%E6%A0%A1%E5%A4%96%E6%95%99%E5%AD%B8_211215_57-768x1024.jpg HTTP/1.1" 200 185226 "https://2blog.ilc.edu.tw/hsiesstudentaffairs/" "Mozilla/5.0 (Windows NT 10.0; Win64; x64) AppleWebKit/537.36 (KHTML, like Gecko) Chrome/151.0.0.0 Safari/537.36"
2001:b011:7807:14f9:6d33:e45e:52ff:ac16 - - [17/Aug/2026:15:32:41 +0800] "GET /hsiesstudentaffairs/wp-content/uploads/sites/3417/2021/12/LINE_ALBUM_20211210%E6%B5%B7%E7%A7%91%E9%A4%A8%E6%A0%A1%E5%A4%96%E6%95%99%E5%AD%B8_211215_63-768x576.jpg HTTP/1.1" 200 63619 "https://2blog.ilc.edu.tw/hsiesstudentaffairs/" "Mozilla/5.0 (Windows NT 10.0; Win64; x64) AppleWebKit/537.36 (KHTML, like Gecko) Chrome/151.0.0.0 Safari/537.36"
140.111.67.195 - - [17/Aug/2026:15:32:41 +0800] "GET /wp-admin/admin-post.php?action=steps_ad HTTP/1.1" 200 1649 "-" "node-fetch/1.0 (+https://github.com/bitinn/node-fetch)"
::1 - - [17/Aug/2026:15:32:42 +0800] "OPTIONS * HTTP/1.0" 200 110 "-" "Apache/2.4.68 (Ubuntu) OpenSSL/3.0.19 (internal dummy connection)"
2001:b011:7807:14f9:6d33:e45e:52ff:ac16 - - [17/Aug/2026:15:32:43 +0800] "GET /hsiesstudentaffairs/ HTTP/1.1" 200 21442 "https://2blog.ilc.edu.tw/hsiesstudentaffairs/" "Mozilla/5.0 (Windows NT 10.0; Win64; x64) AppleWebKit/537.36 (KHTML, like Gecko) Chrome/151.0.0.0 Safari/537.36"
66.249.82.233 - - [17/Aug/2026:15:32:44 +0800] "GET /blog/gallery/33949/previews-med/33949-3609937.jpg HTTP/1.1" 301 1131 "-" "Mozilla/5.0 (Windows NT 5.1; rv:11.0) Gecko Firefox/11.0 (via ggpht.com GoogleImageProxy)"
140.111.67.10 - - [17/Aug/2026:15:32:45 +0800] "GET /" 301 273 "-" "-"
66.249.71.164 - - [17/Aug/2026:15:32:45 +0800] "GET /%E5%B8%AB%E7%94%9F%E5%9C%92%E5%9C%B0/ HTTP/1.1" 200 18974 "-" "Mozilla/5.0 (Linux; Android 6.0.1; Nexus 5X Build/MMB29P) AppleWebKit/537.36 (KHTML, like Gecko) Chrome/150.0.7871.186 Mobile Safari/537.36 (compatible; Googlebot/2.1; +http://www.google.com/bot.html)"
2001:288:a201::66:125 - - [17/Aug/2026:15:32:45 +0800] "GET /blog/active.php HTTP/1.1" 301 1026 "-" "-"
2001:288:a201::66:125 - - [17/Aug/2026:15:32:45 +0800] "GET /blog/active.php HTTP/1.1" 404 1084 "-" "-"
2402:7500:5e5:c803:4ca1:deff:fefc:1cfd - - [17/Aug/2026:15:32:45 +0800] "GET /wp-content/uploads/sites/3846/2023/05/%E8%88%9E%E8%B9%88%E6%AF%94%E8%B3%BD-banner.jpg HTTP/1.1" 200 9904 "https://www.ilc.edu.tw/" "Mozilla/5.0 (Linux; Android 10; K) AppleWebKit/537.36 (KHTML, like Gecko) Chrome/150.0.0.0 Mobile Safari/537.36"
2402:7500:5e5:c803:4ca1:deff:fefc:1cfd - - [17/Aug/2026:15:32:45 +0800] "GET /wp-content/uploads/sites/3846/2025/05/%E8%BC%AA%E6%92%AD%E5%9C%96%E8%AA%BF%E5%A4%A7%E5%B0%8F_%E6%95%99%E8%82%B2%E8%99%95%E5%B0%8Fbanner.png HTTP/1.1" 200 11451 "https://www.ilc.edu.tw/" "Mozilla/5.0 (Linux; Android 10; K) AppleWebKit/537.36 (KHTML, like Gecko) Chrome/150.0.0.0 Mobile Safari/537.36"
2402:7500:5e5:c803:4ca1:deff:fefc:1cfd - - [17/Aug/2026:15:32:45 +0800] "GET /wp-content/uploads/sites/3846/2025/05/%E8%AA%9E%E6%96%87%E7%AB%B6%E8%B3%BD180X50.png HTTP/1.1" 200 10451 "https://www.ilc.edu.tw/" "Mozilla/5.0 (Linux; Android 10; K) AppleWebKit/537.36 (KHTML, like Gecko) Chrome/150.0.0.0 Mobile Safari/537.36"
2402:7500:5e5:c803:4ca1:deff:fefc:1cfd - - [17/Aug/2026:15:32:45 +0800] "GET /wp-content/uploads/sites/3846/2025/09/%E6%95%99%E8%82%B2%E8%99%95%E6%B4%BB%E5%8B%95%E5%B0%88%E5%8D%80%E5%B0%8F%E5%9C%96-4-2.png HTTP/1.1" 200 22107 "https://www.ilc.edu.tw/" "Mozilla/5.0 (Linux; Android 10; K) AppleWebKit/537.36 (KHTML, like Gecko) Chrome/150.0.0.0 Mobile Safari/537.36"
2402:7500:5e5:c803:4ca1:deff:fefc:1cfd - - [17/Aug/2026:15:32:45 +0800] "GET /wp-content/uploads/sites/3846/2025/09/%E6%95%99%E8%82%B2%E8%99%95%E6%B4%BB%E5%8B%95%E5%B0%88%E5%8D%80%E5%B0%8F%E5%9C%96-3.png HTTP/1.1" 200 17171 "https://www.ilc.edu.tw/" "Mozilla/5.0 (Linux; Android 10; K) AppleWebKit/537.36 (KHTML, like Gecko) Chrome/150.0.0.0 Mobile Safari/537.36"
2402:7500:5e5:c803:4ca1:deff:fefc:1cfd - - [17/Aug/2026:15:32:45 +0800] "GET /wp-content/uploads/sites/3846/2025/07/%E6%95%99%E8%82%B2%E8%99%95%E9%A6%96%E9%A0%81_%E5%B0%8Fbanner_%E5%AE%9C%E8%98%AD%E7%B8%A3%E6%94%BF%E5%BA%9C%E5%9C%8B%E4%B8%AD%E5%B0%8F%E6%AD%A3%E5%B8%B8%E6%95%99%E5%AD%B8%E8%A6%96%E5%B0%8E-1.png HTTP/1.1" 200 13461 "https://www.ilc.edu.tw/" "Mozilla/5.0 (Linux; Android 10; K) AppleWebKit/537.36 (KHTML, like Gecko) Chrome/150.0.0.0 Mobile Safari/537.36"
61.220.209.114 - - [17/Aug/2026:15:32:45 +0800] "GET / HTTP/1.1" 200 31593 "https://tw.search.yahoo.com/" "Mozilla/5.0 (Windows NT 10.0; Win64; x64) AppleWebKit/537.36 (KHTML, like Gecko) Chrome/151.0.0.0 Safari/537.36"
61.220.209.114 - - [17/Aug/2026:15:32:46 +0800] "GET /wp-content/cache/www.ilc.edu.tw/wpfc-minified/7ihu9bns/8141l.css HTTP/1.1" 200 5952 "https://www.ilc.edu.tw/" "Mozilla/5.0 (Windows NT 10.0; Win64; x64) AppleWebKit/537.36 (KHTML, like Gecko) Chrome/151.0.0.0 Safari/537.36"
61.220.209.114 - - [17/Aug/2026:15:32:46 +0800] "GET /wp-content/cache/www.ilc.edu.tw/wpfc-minified/sz1rpuo/8141l.css HTTP/1.1" 200 40885 "https://www.ilc.edu.tw/" "Mozilla/5.0 (Windows NT 10.0; Win64; x64) AppleWebKit/537.36 (KHTML, like Gecko) Chrome/151.0.0.0 Safari/537.36"
2402:7500:5e5:c803:4ca1:deff:fefc:1cfd - - [17/Aug/2026:15:32:46 +0800] "GET /wp-content/uploads/sites/3846/2025/09/%E6%95%99%E8%82%B2%E8%99%95%E6%B4%BB%E5%8B%95%E5%B0%88%E5%8D%80%E5%B0%8F%E5%9C%96-2-3.png HTTP/1.1" 200 9664 "https://www.ilc.edu.tw/" "Mozilla/5.0 (Linux; Android 10; K) AppleWebKit/537.36 (KHTML, like Gecko) Chrome/150.0.0.0 Mobile Safari/537.36"
61.220.209.114 - - [17/Aug/2026:15:32:46 +0800] "GET /wp-content/cache/www.ilc.edu.tw/wpfc-minified/fdlul8k0/8141l.css HTTP/1.1" 200 80097 "https://www.ilc.edu.tw/" "Mozilla/5.0 (Windows NT 10.0; Win64; x64) AppleWebKit/537.36 (KHTML, like Gecko) Chrome/151.0.0.0 Safari/537.36"
61.220.209.114 - - [17/Aug/2026:15:32:46 +0800] "GET /wp-content/uploads/sites/3846/elementor/css/post-3.css HTTP/1.1" 200 6090 "https://www.ilc.edu.tw/" "Mozilla/5.0 (Windows NT 10.0; Win64; x64) AppleWebKit/537.36 (KHTML, like Gecko) Chrome/151.0.0.0 Safari/537.36"
61.220.209.114 - - [17/Aug/2026:15:32:46 +0800] "GET /wp-content/cache/www.ilc.edu.tw/wpfc-minified/2encr51g/8141l.css HTTP/1.1" 200 10823 "https://www.ilc.edu.tw/" "Mozilla/5.0 (Windows NT 10.0; Win64; x64) AppleWebKit/537.36 (KHTML, like Gecko) Chrome/151.0.0.0 Safari/537.36"
61.220.209.114 - - [17/Aug/2026:15:32:46 +0800] "GET /wp-content/uploads/sites/3846/elementor/css/post-19.css HTTP/1.1" 200 1672 "https://www.ilc.edu.tw/" "Mozilla/5.0 (Windows NT 10.0; Win64; x64) AppleWebKit/537.36 (KHTML, like Gecko) Chrome/151.0.0.0 Safari/537.36"
61.220.209.114 - - [17/Aug/2026:15:32:46 +0800] "GET /wp-content/cache/www.ilc.edu.tw/wpfc-minified/difb1vbs/8141l.js HTTP/1.1" 200 35549 "https://www.ilc.edu.tw/" "Mozilla/5.0 (Windows NT 10.0; Win64; x64) AppleWebKit/537.36 (KHTML, like Gecko) Chrome/151.0.0.0 Safari/537.36"
61.220.209.114 - - [17/Aug/2026:15:32:46 +0800] "GET /wp-content/cache/www.ilc.edu.tw/wpfc-minified/21kp93v9/8141l.css HTTP/1.1" 200 4167 "https://www.ilc.edu.tw/" "Mozilla/5.0 (Windows NT 10.0; Win64; x64) AppleWebKit/537.36 (KHTML, like Gecko) Chrome/151.0.0.0 Safari/537.36"
61.220.209.114 - - [17/Aug/2026:15:32:46 +0800] "GET /wp-content/uploads/sites/3846/2026/05/05bfd164-030e-448f-b83b-37c7dcb01eec.png HTTP/1.1" 200 3476 "https://www.ilc.edu.tw/" "Mozilla/5.0 (Windows NT 10.0; Win64; x64) AppleWebKit/537.36 (KHTML, like Gecko) Chrome/151.0.0.0 Safari/537.36"
61.220.209.114 - - [17/Aug/2026:15:32:46 +0800] "GET /wp-includes/js/hoverintent-js.min.js HTTP/1.1" 200 1597 "https://www.ilc.edu.tw/" "Mozilla/5.0 (Windows NT 10.0; Win64; x64) AppleWebKit/537.36 (KHTML, like Gecko) Chrome/151.0.0.0 Safari/537.36"
61.220.209.114 - - [17/Aug/2026:15:32:46 +0800] "GET /wp-includes/js/admin-bar.min.js HTTP/1.1" 200 2237 "https://www.ilc.edu.tw/" "Mozilla/5.0 (Windows NT 10.0; Win64; x64) AppleWebKit/537.36 (KHTML, like Gecko) Chrome/151.0.0.0 Safari/537.36"
61.220.209.114 - - [17/Aug/2026:15:32:46 +0800] "GET /wp-includes/js/imagesloaded.min.js HTTP/1.1" 200 2683 "https://www.ilc.edu.tw/" "Mozilla/5.0 (Windows NT 10.0; Win64; x64) AppleWebKit/537.36 (KHTML, like Gecko) Chrome/151.0.0.0 Safari/537.36"
61.220.209.114 - - [17/Aug/2026:15:32:46 +0800] "GET /wp-content/themes/oceanwp/assets/js/drop-down-mobile-menu.min.js HTTP/1.1" 200 4663 "https://www.ilc.edu.tw/" "Mozilla/5.0 (Windows NT 10.0; Win64; x64) AppleWebKit/537.36 (KHTML, like Gecko) Chrome/151.0.0.0 Safari/537.36"
61.220.209.114 - - [17/Aug/2026:15:32:46 +0800] "GET /wp-content/themes/oceanwp/assets/js/theme.min.js HTTP/1.1" 200 5130 "https://www.ilc.edu.tw/" "Mozilla/5.0 (Windows NT 10.0; Win64; x64) AppleWebKit/537.36 (KHTML, like Gecko) Chrome/151.0.0.0 Safari/537.36"
61.220.209.114 - - [17/Aug/2026:15:32:46 +0800] "GET /wp-content/themes/oceanwp/assets/js/vendors/magnific-popup.min.js HTTP/1.1" 200 8270 "https://www.ilc.edu.tw/" "Mozilla/5.0 (Windows NT 10.0; Win64; x64) AppleWebKit/537.36 (KHTML, like Gecko) Chrome/151.0.0.0 Safari/537.36"
61.220.209.114 - - [17/Aug/2026:15:32:46 +0800] "GET /wp-content/themes/oceanwp/assets/js/ow-lightbox.min.js HTTP/1.1" 200 2321 "https://www.ilc.edu.tw/" "Mozilla/5.0 (Windows NT 10.0; Win64; x64) AppleWebKit/537.36 (KHTML, like Gecko) Chrome/151.0.0.0 Safari/537.36"
61.220.209.114 - - [17/Aug/2026:15:32:46 +0800] "GET /wp-content/themes/oceanwp/assets/js/vendors/flickity.pkgd.min.js HTTP/1.1" 200 15048 "https://www.ilc.edu.tw/" "Mozilla/5.0 (Windows NT 10.0; Win64; x64) AppleWebKit/537.36 (KHTML, like Gecko) Chrome/151.0.0.0 Safari/537.36"
61.220.209.114 - - [17/Aug/2026:15:32:46 +0800] "GET /wp-content/themes/oceanwp/assets/js/ow-slider.min.js HTTP/1.1" 200 1761 "https://www.ilc.edu.tw/" "Mozilla/5.0 (Windows NT 10.0; Win64; x64) AppleWebKit/537.36 (KHTML, like Gecko) Chrome/151.0.0.0 Safari/537.36"
61.220.209.114 - - [17/Aug/2026:15:32:46 +0800] "GET /wp-content/themes/oceanwp/assets/js/scroll-effect.min.js HTTP/1.1" 200 4127 "https://www.ilc.edu.tw/" "Mozilla/5.0 (Windows NT 10.0; Win64; x64) AppleWebKit/537.36 (KHTML, like Gecko) Chrome/151.0.0.0 Safari/537.36"
61.220.209.114 - - [17/Aug/2026:15:32:46 +0800] "GET /wp-content/themes/oceanwp/assets/js/scroll-top.min.js HTTP/1.1" 200 3202 "https://www.ilc.edu.tw/" "Mozilla/5.0 (Windows NT 10.0; Win64; x64) AppleWebKit/537.36 (KHTML, like Gecko) Chrome/151.0.0.0 Safari/537.36"
61.220.209.114 - - [17/Aug/2026:15:32:46 +0800] "GET /wp-content/uploads/sites/3846/2023/05/%E5%AE%9C%E8%98%AD%E7%B8%A3%E6%94%BF%E5%BA%9C%E6%95%99%E8%82%B2%E8%99%95logo.png HTTP/1.1" 200 16335 "https://www.ilc.edu.tw/" "Mozilla/5.0 (Windows NT 10.0; Win64; x64) AppleWebKit/537.36 (KHTML, like Gecko) Chrome/151.0.0.0 Safari/537.36"
61.220.209.114 - - [17/Aug/2026:15:32:46 +0800] "GET /wp-content/uploads/sites/3846/2026/08/%E8%BE%B2%E6%A5%AD%E9%83%A8%E5%BB%A3%E5%91%8A.jpg HTTP/1.1" 200 236123 "https://www.ilc.edu.tw/" "Mozilla/5.0 (Windows NT 10.0; Win64; x64) AppleWebKit/537.36 (KHTML, like Gecko) Chrome/151.0.0.0 Safari/537.36"
61.220.209.114 - - [17/Aug/2026:15:32:46 +0800] "GET /wp-content/themes/oceanwp/assets/fonts/fontawesome/webfonts/fa-solid-900.woff2 HTTP/1.1" 200 151246 "https://www.ilc.edu.tw/wp-content/cache/www.ilc.edu.tw/wpfc-minified/fdlul8k0/8141l.css" "Mozilla/5.0 (Windows NT 10.0; Win64; x64) AppleWebKit/537.36 (KHTML, like Gecko) Chrome/151.0.0.0 Safari/537.36"
61.220.209.114 - - [17/Aug/2026:15:32:46 +0800] "GET /wp-content/plugins/elementor/assets/lib/eicons/fonts/eicons.woff2?5.30.0 HTTP/1.1" 200 98225 "https://www.ilc.edu.tw/wp-content/cache/www.ilc.edu.tw/wpfc-minified/fdlul8k0/8141l.css" "Mozilla/5.0 (Windows NT 10.0; Win64; x64) AppleWebKit/537.36 (KHTML, like Gecko) Chrome/151.0.0.0 Safari/537.36"
61.220.209.114 - - [17/Aug/2026:15:32:46 +0800] "GET /wp-content/uploads/sites/3846/2023/07/%E6%95%99%E8%82%B2%E8%99%95%E5%85%AB%E5%A4%A7%E6%96%B9%E9%87%9D.png HTTP/1.1" 200 195536 "https://www.ilc.edu.tw/" "Mozilla/5.0 (Windows NT 10.0; Win64; x64) AppleWebKit/537.36 (KHTML, like Gecko) Chrome/151.0.0.0 Safari/537.36"
61.220.209.114 - - [17/Aug/2026:15:32:47 +0800] "GET /wp-content/uploads/sites/3846/2025/11/%E8%9E%A2%E5%B9%95%E6%93%B7%E5%8F%96%E7%95%AB%E9%9D%A2-2025-11-27-141357.png HTTP/1.1" 200 216157 "https://www.ilc.edu.tw/" "Mozilla/5.0 (Windows NT 10.0; Win64; x64) AppleWebKit/537.36 (KHTML, like Gecko) Chrome/151.0.0.0 Safari/537.36"
61.220.209.114 - - [17/Aug/2026:15:32:47 +0800] "GET /wp-content/uploads/sites/3846/2026/02/%E8%9E%A2%E5%B9%95%E6%93%B7%E5%8F%96%E7%95%AB%E9%9D%A2-2026-02-24-081359.png HTTP/1.1" 200 1572728 "https://www.ilc.edu.tw/" "Mozilla/5.0 (Windows NT 10.0; Win64; x64) AppleWebKit/537.36 (KHTML, like Gecko) Chrome/151.0.0.0 Safari/537.36"
61.220.209.114 - - [17/Aug/2026:15:32:47 +0800] "GET /wp-content/uploads/sites/3846/2026/06/%E5%AE%A3%E5%82%B3%E5%9C%96%E7%89%87.png HTTP/1.1" 200 1048321 "https://www.ilc.edu.tw/" "Mozilla/5.0 (Windows NT 10.0; Win64; x64) AppleWebKit/537.36 (KHTML, like Gecko) Chrome/151.0.0.0 Safari/537.36"
61.220.209.114 - - [17/Aug/2026:15:32:47 +0800] "GET /wp-content/uploads/sites/3846/2023/05/%E9%A6%96%E9%A0%81%E5%B0%8F%E6%A8%99_%E6%9C%80%E6%96%B0%E6%B6%88%E6%81%AF.png HTTP/1.1" 200 7328 "https://www.ilc.edu.tw/" "Mozilla/5.0 (Windows NT 10.0; Win64; x64) AppleWebKit/537.36 (KHTML, like Gecko) Chrome/151.0.0.0 Safari/537.36"
61.220.209.114 - - [17/Aug/2026:15:32:47 +0800] "GET /wp-content/uploads/sites/3846/2023/05/%E5%85%AC%E5%91%8A%E6%90%9C%E5%B0%8B.png HTTP/1.1" 200 8340 "https://www.ilc.edu.tw/" "Mozilla/5.0 (Windows NT 10.0; Win64; x64) AppleWebKit/537.36 (KHTML, like Gecko) Chrome/151.0.0.0 Safari/537.36"
61.220.209.114 - - [17/Aug/2026:15:32:47 +0800] "GET /wp-content/uploads/sites/3846/2026/06/2026%E5%AE%9C%E8%98%AD%E7%98%8B%E5%AD%B8%E7%BF%92-%E6%9A%91%E5%81%87_%E6%95%99%E8%82%B2%E8%99%95%E9%A6%96%E9%A0%81-1440-x-1080-%E5%83%8F%E7%B4%A0.png HTTP/1.1" 200 2045932 "https://www.ilc.edu.tw/" "Mozilla/5.0 (Windows NT 10.0; Win64; x64) AppleWebKit/537.36 (KHTML, like Gecko) Chrome/151.0.0.0 Safari/537.36"
61.220.209.114 - - [17/Aug/2026:15:32:47 +0800] "GET /wp-content/uploads/sites/3846/2023/05/%E9%A6%96%E9%A0%81%E5%B0%8F%E6%A8%99_%E5%BD%B1%E9%9F%B3.png HTTP/1.1" 200 2462 "https://www.ilc.edu.tw/" "Mozilla/5.0 (Windows NT 10.0; Win64; x64) AppleWebKit/537.36 (KHTML, like Gecko) Chrome/151.0.0.0 Safari/537.36"
61.220.209.114 - - [17/Aug/2026:15:32:47 +0800] "GET /wp-content/themes/oceanwp/assets/js/select.min.js HTTP/1.1" 200 2408 "https://www.ilc.edu.tw/" "Mozilla/5.0 (Windows NT 10.0; Win64; x64) AppleWebKit/537.36 (KHTML, like Gecko) Chrome/151.0.0.0 Safari/537.36"
61.220.209.114 - - [17/Aug/2026:15:32:47 +0800] "GET /wp-content/plugins/elementor-pro/assets/js/webpack-pro.runtime.min.js HTTP/1.1" 200 3562 "https://www.ilc.edu.tw/" "Mozilla/5.0 (Windows NT 10.0; Win64; x64) AppleWebKit/537.36 (KHTML, like Gecko) Chrome/151.0.0.0 Safari/537.36"
61.220.209.114 - - [17/Aug/2026:15:32:47 +0800] "GET /wp-content/plugins/elementor/assets/js/webpack.runtime.min.js HTTP/1.1" 200 3095 "https://www.ilc.edu.tw/" "Mozilla/5.0 (Windows NT 10.0; Win64; x64) AppleWebKit/537.36 (KHTML, like Gecko) Chrome/151.0.0.0 Safari/537.36"
61.220.209.114 - - [17/Aug/2026:15:32:47 +0800] "GET /wp-content/plugins/elementor/assets/js/frontend-modules.min.js HTTP/1.1" 200 19416 "https://www.ilc.edu.tw/" "Mozilla/5.0 (Windows NT 10.0; Win64; x64) AppleWebKit/537.36 (KHTML, like Gecko) Chrome/151.0.0.0 Safari/537.36"
61.220.209.114 - - [17/Aug/2026:15:32:47 +0800] "GET /wp-includes/js/dist/hooks.min.js HTTP/1.1" 200 2421 "https://www.ilc.edu.tw/" "Mozilla/5.0 (Windows NT 10.0; Win64; x64) AppleWebKit/537.36 (KHTML, like Gecko) Chrome/151.0.0.0 Safari/537.36"
61.220.209.114 - - [17/Aug/2026:15:32:47 +0800] "GET /wp-includes/js/dist/i18n.min.js HTTP/1.1" 200 4547 "https://www.ilc.edu.tw/" "Mozilla/5.0 (Windows NT 10.0; Win64; x64) AppleWebKit/537.36 (KHTML, like Gecko) Chrome/151.0.0.0 Safari/537.36"
61.220.209.114 - - [17/Aug/2026:15:32:47 +0800] "GET /wp-content/plugins/elementor-pro/assets/js/frontend.min.js HTTP/1.1" 200 7574 "https://www.ilc.edu.tw/" "Mozilla/5.0 (Windows NT 10.0; Win64; x64) AppleWebKit/537.36 (KHTML, like Gecko) Chrome/151.0.0.0 Safari/537.36"
61.220.209.114 - - [17/Aug/2026:15:32:47 +0800] "GET /wp-content/plugins/elementor/assets/lib/waypoints/waypoints.min.js HTTP/1.1" 200 3873 "https://www.ilc.edu.tw/" "Mozilla/5.0 (Windows NT 10.0; Win64; x64) AppleWebKit/537.36 (KHTML, like Gecko) Chrome/151.0.0.0 Safari/537.36"
61.220.209.114 - - [17/Aug/2026:15:32:47 +0800] "GET /wp-includes/js/jquery/ui/core.min.js HTTP/1.1" 200 7986 "https://www.ilc.edu.tw/" "Mozilla/5.0 (Windows NT 10.0; Win64; x64) AppleWebKit/537.36 (KHTML, like Gecko) Chrome/151.0.0.0 Safari/537.36"
61.220.209.114 - - [17/Aug/2026:15:32:47 +0800] "GET /wp-content/plugins/elementor/assets/js/frontend.min.js HTTP/1.1" 200 13169 "https://www.ilc.edu.tw/" "Mozilla/5.0 (Windows NT 10.0; Win64; x64) AppleWebKit/537.36 (KHTML, like Gecko) Chrome/151.0.0.0 Safari/537.36"
61.220.209.114 - - [17/Aug/2026:15:32:47 +0800] "GET /wp-content/plugins/elementor-pro/assets/js/elements-handlers.min.js HTTP/1.1" 200 10882 "https://www.ilc.edu.tw/" "Mozilla/5.0 (Windows NT 10.0; Win64; x64) AppleWebKit/537.36 (KHTML, like Gecko) Chrome/151.0.0.0 Safari/537.36"
61.220.209.114 - - [17/Aug/2026:15:32:48 +0800] "GET /wp-content/uploads/sites/3846/2026/02/%E9%81%BF%E5%85%8D%E8%AA%A4%E5%85%A5%E8%A9%90%E9%A8%99%E7%B6%B2%E7%AB%99APP%E5%B0%8F%E5%B8%B8%E8%AD%98.jpg HTTP/1.1" 200 454833 "https://www.ilc.edu.tw/" "Mozilla/5.0 (Windows NT 10.0; Win64; x64) AppleWebKit/537.36 (KHTML, like Gecko) Chrome/151.0.0.0 Safari/537.36"
140.111.67.195 - - [17/Aug/2026:15:32:48 +0800] "GET /wp-admin/admin-post.php?action=steps_ad HTTP/1.1" 200 1973 "-" "node-fetch/1.0 (+https://github.com/bitinn/node-fetch)"
61.220.209.114 - - [17/Aug/2026:15:32:47 +0800] "GET /wp-content/uploads/sites/3846/2026/05/%E8%9E%A2%E5%B9%95%E6%93%B7%E5%8F%96%E7%95%AB%E9%9D%A2-2026-05-07-100749.png HTTP/1.1" 200 1349539 "https://www.ilc.edu.tw/" "Mozilla/5.0 (Windows NT 10.0; Win64; x64) AppleWebKit/537.36 (KHTML, like Gecko) Chrome/151.0.0.0 Safari/537.36"
61.220.209.114 - - [17/Aug/2026:15:32:49 +0800] "GET /wp-content/uploads/sites/3846/2025/04/%E7%AB%A5%E5%BF%83%E7%AB%A5%E9%81%8A-%E6%AD%A1%E6%A8%82%E8%98%AD%E9%99%BD-%E5%85%92%E7%AB%A5%E7%AF%80%E5%BF%AB%E6%A8%82.jpg HTTP/1.1" 200 126952 "https://www.ilc.edu.tw/" "Mozilla/5.0 (Windows NT 10.0; Win64; x64) AppleWebKit/537.36 (KHTML, like Gecko) Chrome/151.0.0.0 Safari/537.36"
61.220.209.114 - - [17/Aug/2026:15:32:49 +0800] "GET /wp-content/uploads/sites/3846/2024/09/%E6%95%99%E5%B8%AB%E7%AF%80%E5%BD%B1%E7%89%87.jpg HTTP/1.1" 200 72504 "https://www.ilc.edu.tw/" "Mozilla/5.0 (Windows NT 10.0; Win64; x64) AppleWebKit/537.36 (KHTML, like Gecko) Chrome/151.0.0.0 Safari/537.36"
61.220.209.114 - - [17/Aug/2026:15:32:48 +0800] "GET /wp-content/uploads/sites/3846/2025/11/%E8%9E%A2%E5%B9%95%E6%93%B7%E5%8F%96%E7%95%AB%E9%9D%A2-2025-11-10-141501.png HTTP/1.1" 200 2445011 "https://www.ilc.edu.tw/" "Mozilla/5.0 (Windows NT 10.0; Win64; x64) AppleWebKit/537.36 (KHTML, like Gecko) Chrome/151.0.0.0 Safari/537.36"
61.220.209.114 - - [17/Aug/2026:15:32:50 +0800] "GET /wp-content/uploads/sites/3846/2023/10/C1.png HTTP/1.1" 200 342209 "https://www.ilc.edu.tw/" "Mozilla/5.0 (Windows NT 10.0; Win64; x64) AppleWebKit/537.36 (KHTML, like Gecko) Chrome/151.0.0.0 Safari/537.36"
140.111.131.172 - - [17/Aug/2026:15:32:50 +0800] "GET /2021/08/25/%e8%a8%bb%e5%86%8a%e5%bf%ab%e6%a8%82e%e5%ad%b8%e9%99%a2%e5%ae%9c%e8%98%ad%e7%b8%a3%e5%ad%b8%e7%94%9f%e6%ad%a5%e9%a9%9f%e8%aa%aa%e6%98%8e/ HTTP/1.1" 200 31712 "https://www.yeses.ilc.edu.tw/2021/08/27/%e5%ad%b8%e6%a0%a1%e6%a0%a1%e5%8f%b2-4/" "Mozilla/5.0 (Windows NT 10.0; Win64; x64) AppleWebKit/537.36 (KHTML, like Gecko) Chrome/138.0.0.0 Safari/537.36"
140.111.67.10 - - [17/Aug/2026:15:32:50 +0800] "GET /" 301 273 "-" "-"
140.111.131.172 - - [17/Aug/2026:15:32:50 +0800] "GET /wp-content/uploads/sites/890/2021/08/01_%E5%95%9F%E5%8B%95101%E7%8F%AD%E5%BF%AB%E9%80%9F%E8%A8%BB%E5%86%8A%E5%BF%AB%E6%A8%82e%E5%AD%B8%E9%99%A2%E5%B8%B3%E8%99%9F%E5%8A%9F%E8%83%BD-1024x449.jpg HTTP/1.1" 200 70921 "https://www.yeses.ilc.edu.tw/2021/08/25/%e8%a8%bb%e5%86%8a%e5%bf%ab%e6%a8%82e%e5%ad%b8%e9%99%a2%e5%ae%9c%e8%98%ad%e7%b8%a3%e5%ad%b8%e7%94%9f%e6%ad%a5%e9%a9%9f%e8%aa%aa%e6%98%8e/" "Mozilla/5.0 (Windows NT 10.0; Win64; x64) AppleWebKit/537.36 (KHTML, like Gecko) Chrome/138.0.0.0 Safari/537.36"
140.111.131.172 - - [17/Aug/2026:15:32:50 +0800] "GET /wp-content/uploads/sites/890/2021/08/02_%E6%8F%90%E9%86%92%E7%8F%AD%E5%BF%AB%E9%80%9F%E8%A8%BB%E5%86%8A%E5%BF%AB%E6%A8%82e%E5%AD%B8%E9%99%A2%E5%B8%B3%E8%99%9F1%E5%B0%8F%E6%99%82%E5%85%A7%E5%AE%8C%E6%88%90-1024x358.jpg HTTP/1.1" 200 60978 "https://www.yeses.ilc.edu.tw/2021/08/25/%e8%a8%bb%e5%86%8a%e5%bf%ab%e6%a8%82e%e5%ad%b8%e9%99%a2%e5%ae%9c%e8%98%ad%e7%b8%a3%e5%ad%b8%e7%94%9f%e6%ad%a5%e9%a9%9f%e8%aa%aa%e6%98%8e/" "Mozilla/5.0 (Windows NT 10.0; Win64; x64) AppleWebKit/537.36 (KHTML, like Gecko) Chrome/138.0.0.0 Safari/537.36"
140.111.131.172 - - [17/Aug/2026:15:32:50 +0800] "GET /wp-content/uploads/sites/890/2021/08/00_%E9%80%B2%E5%85%A5EIP%E5%AD%B8%E7%94%9F%E5%B8%B3%E8%99%9F%E7%AE%A1%E7%90%86-1024x576.jpg HTTP/1.1" 200 99502 "https://www.yeses.ilc.edu.tw/2021/08/25/%e8%a8%bb%e5%86%8a%e5%bf%ab%e6%a8%82e%e5%ad%b8%e9%99%a2%e5%ae%9c%e8%98%ad%e7%b8%a3%e5%ad%b8%e7%94%9f%e6%ad%a5%e9%a9%9f%e8%aa%aa%e6%98%8e/" "Mozilla/5.0 (Windows NT 10.0; Win64; x64) AppleWebKit/537.36 (KHTML, like Gecko) Chrome/138.0.0.0 Safari/537.36"
140.111.131.172 - - [17/Aug/2026:15:32:50 +0800] "GET /wp-content/uploads/sites/890/2021/08/03_%E6%A1%88%E7%A2%BA%E5%AE%9A%E5%BE%8C%E9%96%8B%E5%A7%8B%E5%88%B0%E5%BF%AB%E6%A8%82e%E5%AD%B8%E9%99%A2%E8%A8%BB%E5%86%8A%E5%B8%B3%E8%99%9F.jpg HTTP/1.1" 200 70295 "https://www.yeses.ilc.edu.tw/2021/08/25/%e8%a8%bb%e5%86%8a%e5%bf%ab%e6%a8%82e%e5%ad%b8%e9%99%a2%e5%ae%9c%e8%98%ad%e7%b8%a3%e5%ad%b8%e7%94%9f%e6%ad%a5%e9%a9%9f%e8%aa%aa%e6%98%8e/" "Mozilla/5.0 (Windows NT 10.0; Win64; x64) AppleWebKit/537.36 (KHTML, like Gecko) Chrome/138.0.0.0 Safari/537.36"
140.111.131.172 - - [17/Aug/2026:15:32:50 +0800] "POST /wp-json/ilc-summary/v1/popular-posts HTTP/1.1" 201 1270 "https://www.yeses.ilc.edu.tw/2021/08/25/%e8%a8%bb%e5%86%8a%e5%bf%ab%e6%a8%82e%e5%ad%b8%e9%99%a2%e5%ae%9c%e8%98%ad%e7%b8%a3%e5%ad%b8%e7%94%9f%e6%ad%a5%e9%a9%9f%e8%aa%aa%e6%98%8e/" "Mozilla/5.0 (Windows NT 10.0; Win64; x64) AppleWebKit/537.36 (KHTML, like Gecko) Chrome/138.0.0.0 Safari/537.36"
61.220.209.114 - - [17/Aug/2026:15:32:50 +0800] "GET /wp-content/uploads/sites/3846/2023/10/C2.png HTTP/1.1" 200 259646 "https://www.ilc.edu.tw/" "Mozilla/5.0 (Windows NT 10.0; Win64; x64) AppleWebKit/537.36 (KHTML, like Gecko) Chrome/151.0.0.0 Safari/537.36"
140.111.67.195 - - [17/Aug/2026:15:32:50 +0800] "GET /wp-admin/admin-post.php?action=steps_ad HTTP/1.1" 200 1649 "-" "node-fetch/1.0 (+https://github.com/bitinn/node-fetch)"
2001:288:a201::66:125 - - [17/Aug/2026:15:32:50 +0800] "GET /blog/active.php HTTP/1.1" 301 1026 "-" "-"
2001:288:a201::66:125 - - [17/Aug/2026:15:32:50 +0800] "GET /blog/active.php HTTP/1.1" 404 1084 "-" "-"
61.220.209.114 - - [17/Aug/2026:15:32:50 +0800] "GET /wp-content/uploads/sites/3846/2023/10/C3.png HTTP/1.1" 200 192155 "https://www.ilc.edu.tw/" "Mozilla/5.0 (Windows NT 10.0; Win64; x64) AppleWebKit/537.36 (KHTML, like Gecko) Chrome/151.0.0.0 Safari/537.36"
61.220.209.114 - - [17/Aug/2026:15:32:50 +0800] "GET /wp-content/uploads/sites/3846/2023/10/C4.png HTTP/1.1" 200 139328 "https://www.ilc.edu.tw/" "Mozilla/5.0 (Windows NT 10.0; Win64; x64) AppleWebKit/537.36 (KHTML, like Gecko) Chrome/151.0.0.0 Safari/537.36"
61.220.209.114 - - [17/Aug/2026:15:32:50 +0800] "GET /wp-content/uploads/sites/3846/2023/10/C5.png HTTP/1.1" 200 267535 "https://www.ilc.edu.tw/" "Mozilla/5.0 (Windows NT 10.0; Win64; x64) AppleWebKit/537.36 (KHTML, like Gecko) Chrome/151.0.0.0 Safari/537.36"
61.220.209.114 - - [17/Aug/2026:15:32:51 +0800] "GET /wp-content/uploads/sites/3846/2023/05/%E8%B7%A8%E9%96%B1%E5%88%9D%E8%A1%B7YT.jpg HTTP/1.1" 200 579849 "https://www.ilc.edu.tw/" "Mozilla/5.0 (Windows NT 10.0; Win64; x64) AppleWebKit/537.36 (KHTML, like Gecko) Chrome/151.0.0.0 Safari/537.36"
61.220.209.114 - - [17/Aug/2026:15:32:51 +0800] "GET /wp-content/uploads/sites/3846/2023/05/%E5%8E%9F%E6%B0%91%E6%95%99%E8%82%B2%E5%9C%A8%E5%AE%9C%E8%98%ADYT.jpg HTTP/1.1" 200 607016 "https://www.ilc.edu.tw/" "Mozilla/5.0 (Windows NT 10.0; Win64; x64) AppleWebKit/537.36 (KHTML, like Gecko) Chrome/151.0.0.0 Safari/537.36"
61.220.209.114 - - [17/Aug/2026:15:32:51 +0800] "GET /wp-content/uploads/sites/3846/2023/05/%E5%B9%BC%E8%A6%8B%E5%B9%B8%E7%A6%8FYT.jpg HTTP/1.1" 200 664803 "https://www.ilc.edu.tw/" "Mozilla/5.0 (Windows NT 10.0; Win64; x64) AppleWebKit/537.36 (KHTML, like Gecko) Chrome/151.0.0.0 Safari/537.36"
61.220.209.114 - - [17/Aug/2026:15:32:49 +0800] "GET /wp-content/uploads/sites/3846/2024/08/%E8%9E%A2%E5%B9%95%E6%93%B7%E5%8F%96%E7%95%AB%E9%9D%A2-2024-08-07-151319.png HTTP/1.1" 200 2714068 "https://www.ilc.edu.tw/" "Mozilla/5.0 (Windows NT 10.0; Win64; x64) AppleWebKit/537.36 (KHTML, like Gecko) Chrome/151.0.0.0 Safari/537.36"
61.220.209.114 - - [17/Aug/2026:15:32:51 +0800] "GET /wp-content/uploads/sites/3846/2023/05/%E6%84%9BEnglishYT.jpg HTTP/1.1" 200 245320 "https://www.ilc.edu.tw/" "Mozilla/5.0 (Windows NT 10.0; Win64; x64) AppleWebKit/537.36 (KHTML, like Gecko) Chrome/151.0.0.0 Safari/537.36"
140.111.67.195 - - [17/Aug/2026:15:32:51 +0800] "GET /wp-admin/admin-post.php?action=steps_ad HTTP/1.1" 200 1649 "-" "node-fetch/1.0 (+https://github.com/bitinn/node-fetch)"
61.220.209.114 - - [17/Aug/2026:15:32:51 +0800] "GET /wp-content/uploads/sites/3846/2023/05/%E6%B0%B4%E5%9F%9F%E5%AE%89%E5%85%A8%E5%AE%A3%E5%B0%8EYT.jpg HTTP/1.1" 200 809930 "https://www.ilc.edu.tw/" "Mozilla/5.0 (Windows NT 10.0; Win64; x64) AppleWebKit/537.36 (KHTML, like Gecko) Chrome/151.0.0.0 Safari/537.36"
