140.111.131.172 - - [17/Aug/2026:15:31:24 +0800] "GET /wp-content/uploads/sites/890/2026/05/20260519%E4%BA%8C%E5%BF%A0%E4%BA%8C%E5%AD%9D%E5%AE%A2%E8%AA%9E%E8%AA%AA%E6%95%85%E4%BA%8B%E7%B8%AE%E5%9C%96.jpg HTTP/1.1" 304 790 "https://www.yeses.ilc.edu.tw/" "Mozilla/5.0 (Windows NT 10.0; Win64; x64) AppleWebKit/537.36 (KHTML, like Gecko) Chrome/138.0.0.0 Safari/537.36"
66.249.71.64 - - [17/Aug/2026:15:31:24 +0800] "POST /12/wp-json/ilc-summary/v1/popular-posts HTTP/1.1" 201 6050 "https://2blog.ilc.edu.tw/12/2020/04/07/2020-0326-0409-%E6%96%87%E5%8C%96%E5%9C%8B%E4%B8%AD%E8%B7%A8%E5%9F%9F%E8%AA%B2%E7%A8%8B%E5%85%B1%E5%82%99/" "Mozilla/5.0 (Linux; Android 6.0.1; Nexus 5X Build/MMB29P) AppleWebKit/537.36 (KHTML, like Gecko) Chrome/150.0.7871.186 Mobile Safari/537.36 (compatible; Googlebot/2.1; +http://www.google.com/bot.html)"
140.111.67.10 - - [17/Aug/2026:15:31:25 +0800] "GET /" 301 273 "-" "-"
2001:288:a201::66:125 - - [17/Aug/2026:15:31:25 +0800] "GET /blog/active.php HTTP/1.1" 301 1026 "-" "-"
2001:288:a201::66:125 - - [17/Aug/2026:15:31:25 +0800] "GET /blog/active.php HTTP/1.1" 404 1084 "-" "-"
::1 - - [17/Aug/2026:15:31:26 +0800] "OPTIONS * HTTP/1.0" 200 110 "-" "Apache/2.4.68 (Ubuntu) OpenSSL/3.0.19 (internal dummy connection)"
140.111.131.172 - - [17/Aug/2026:15:31:26 +0800] "GET /2016/08/24/109faculty/ HTTP/1.1" 200 25331 "-" "Mozilla/5.0 (Windows NT 10.0; Win64; x64) AppleWebKit/537.36 (KHTML, like Gecko) Chrome/138.0.0.0 Safari/537.36"
140.111.131.172 - - [17/Aug/2026:15:31:26 +0800] "GET /wp-content/cache/www.yeses.ilc.edu.tw/wpfc-minified/2m6hcubm/bfrgh.js HTTP/1.1" 200 1639 "https://www.yeses.ilc.edu.tw/2016/08/24/109faculty/" "Mozilla/5.0 (Windows NT 10.0; Win64; x64) AppleWebKit/537.36 (KHTML, like Gecko) Chrome/138.0.0.0 Safari/537.36"
140.111.131.172 - - [17/Aug/2026:15:31:26 +0800] "GET /wp-content/themes/huemanilc/assets/front/img/thumb-medium-empty.png HTTP/1.1" 200 5738 "https://www.yeses.ilc.edu.tw/2016/08/24/109faculty/" "Mozilla/5.0 (Windows NT 10.0; Win64; x64) AppleWebKit/537.36 (KHTML, like Gecko) Chrome/138.0.0.0 Safari/537.36"
140.111.131.172 - - [17/Aug/2026:15:31:26 +0800] "GET /wp-content/uploads/sites/890/2016/08/%E5%93%A1%E5%B1%B1%E5%9C%8B%E5%B0%8F115%E5%AD%B8%E5%B9%B4%E5%BA%A6%E7%AC%AC%E4%B8%80%E5%AD%B8%E6%9C%9F%E6%95%99%E8%81%B7%E5%93%A1%E5%B7%A5%E4%B8%80%E8%A6%BD%E8%A1%A8-scaled.jpg HTTP/1.1" 200 584019 "https://www.yeses.ilc.edu.tw/2016/08/24/109faculty/" "Mozilla/5.0 (Windows NT 10.0; Win64; x64) AppleWebKit/537.36 (KHTML, like Gecko) Chrome/138.0.0.0 Safari/537.36"
140.111.67.195 - - [17/Aug/2026:15:31:26 +0800] "GET /wp-admin/admin-post.php?action=steps_ad HTTP/1.1" 200 1649 "-" "node-fetch/1.0 (+https://github.com/bitinn/node-fetch)"
140.111.131.172 - - [17/Aug/2026:15:31:26 +0800] "GET /wp-content/themes/huemanilc/assets/front/webfonts/fa-regular-400.woff2?v=5.5.0 HTTP/1.1" 200 15695 "https://www.yeses.ilc.edu.tw/wp-content/cache/www.yeses.ilc.edu.tw/wpfc-minified/mo6k5vl0/bflo8.css" "Mozilla/5.0 (Windows NT 10.0; Win64; x64) AppleWebKit/537.36 (KHTML, like Gecko) Chrome/138.0.0.0 Safari/537.36"
140.111.131.172 - - [17/Aug/2026:15:31:26 +0800] "POST /wp-json/ilc-summary/v1/popular-posts HTTP/1.1" 201 1399 "https://www.yeses.ilc.edu.tw/2016/08/24/109faculty/" "Mozilla/5.0 (Windows NT 10.0; Win64; x64) AppleWebKit/537.36 (KHTML, like Gecko) Chrome/138.0.0.0 Safari/537.36"
::1 - - [17/Aug/2026:15:31:27 +0800] "OPTIONS * HTTP/1.0" 200 110 "-" "Apache/2.4.68 (Ubuntu) OpenSSL/3.0.19 (internal dummy connection)"
::1 - - [17/Aug/2026:15:31:29 +0800] "OPTIONS * HTTP/1.0" 200 110 "-" "Apache/2.4.68 (Ubuntu) OpenSSL/3.0.19 (internal dummy connection)"
140.111.67.195 - - [17/Aug/2026:15:31:29 +0800] "GET /wp-admin/admin-post.php?action=steps_ad HTTP/1.1" 200 1649 "-" "node-fetch/1.0 (+https://github.com/bitinn/node-fetch)"
140.111.67.10 - - [17/Aug/2026:15:31:30 +0800] "GET /" 301 273 "-" "-"
140.111.131.172 - - [17/Aug/2026:15:31:30 +0800] "GET /wp-content/uploads/sites/890/2026/05/20260508%E6%AF%8D%E8%A6%AA%E7%AF%80%E6%B4%BB%E5%8B%95%E7%B8%AE%E5%9C%96.jpg HTTP/1.1" 304 790 "https://www.yeses.ilc.edu.tw/2016/08/24/109faculty/" "Mozilla/5.0 (Windows NT 10.0; Win64; x64) AppleWebKit/537.36 (KHTML, like Gecko) Chrome/138.0.0.0 Safari/537.36"
140.111.131.172 - - [17/Aug/2026:15:31:30 +0800] "GET /wp-content/uploads/sites/890/2026/05/20260506_5%E6%9C%88%E4%BB%BD%E5%AD%B8%E7%94%9F%E9%9B%86%E6%9C%83%E7%B8%AE%E5%9C%96-scaled.jpg HTTP/1.1" 304 790 "https://www.yeses.ilc.edu.tw/2016/08/24/109faculty/" "Mozilla/5.0 (Windows NT 10.0; Win64; x64) AppleWebKit/537.36 (KHTML, like Gecko) Chrome/138.0.0.0 Safari/537.36"
140.111.131.172 - - [17/Aug/2026:15:31:30 +0800] "GET /wp-content/uploads/sites/890/2026/05/20260428%E4%BA%94%E5%B9%B4%E7%B4%9A%E6%88%B6%E5%A4%96%E6%95%99%E8%82%B2%E7%B6%A0%E8%89%B2%E5%8D%9A%E8%A6%BD%E6%9C%83%E7%B8%AE%E5%9C%96.jpg HTTP/1.1" 304 790 "https://www.yeses.ilc.edu.tw/2016/08/24/109faculty/" "Mozilla/5.0 (Windows NT 10.0; Win64; x64) AppleWebKit/537.36 (KHTML, like Gecko) Chrome/138.0.0.0 Safari/537.36"
2001:288:a201::66:125 - - [17/Aug/2026:15:31:30 +0800] "GET /blog/active.php HTTP/1.1" 301 1026 "-" "-"
2001:288:a201::66:125 - - [17/Aug/2026:15:31:30 +0800] "GET /blog/active.php HTTP/1.1" 404 1084 "-" "-"
2402:7500:5fb:ca19:8ca0:3b7e:8384:71ab - - [17/Aug/2026:15:31:31 +0800] "GET /wp-content/uploads/sites/1664/elementor/thumbs/-67-pb8xbuyc524jpdnpuece1555jb46mg2xom12p1nycw.png HTTP/1.1" 200 20866 "https://www.gjes.ilc.edu.tw/" "Mozilla/5.0 (iPhone; CPU iPhone OS 26_2_1 like Mac OS X) AppleWebKit/605.1.15 (KHTML, like Gecko) CriOS/152.0.7977.40 Mobile/15E148 Safari/604.1"
2402:7500:5fb:ca19:8ca0:3b7e:8384:71ab - - [17/Aug/2026:15:31:31 +0800] "GET /wp-content/uploads/sites/1664/elementor/thumbs/-65-pb8wsax7y5cs5g2d1g0tnkswlpi9h5fzbtee8snttc.png HTTP/1.1" 200 15250 "https://www.gjes.ilc.edu.tw/" "Mozilla/5.0 (iPhone; CPU iPhone OS 26_2_1 like Mac OS X) AppleWebKit/605.1.15 (KHTML, like Gecko) CriOS/152.0.7977.40 Mobile/15E148 Safari/604.1"
2402:7500:5fb:ca19:8ca0:3b7e:8384:71ab - - [17/Aug/2026:15:31:31 +0800] "GET /wp-content/uploads/sites/1664/elementor/thumbs/-66-pb8wvb0ns3gr8lpci8qx4biwx0ph2cd42of8fm7jxs.png HTTP/1.1" 200 18021 "https://www.gjes.ilc.edu.tw/" "Mozilla/5.0 (iPhone; CPU iPhone OS 26_2_1 like Mac OS X) AppleWebKit/605.1.15 (KHTML, like Gecko) CriOS/152.0.7977.40 Mobile/15E148 Safari/604.1"
2402:7500:5fb:ca19:8ca0:3b7e:8384:71ab - - [17/Aug/2026:15:31:31 +0800] "GET /wp-content/uploads/sites/1664/elementor/thumbs/-68-pb8xexvajicdrd6luqad7d5jmrxhuqb9fv0dbp3hyo.png HTTP/1.1" 200 18580 "https://www.gjes.ilc.edu.tw/" "Mozilla/5.0 (iPhone; CPU iPhone OS 26_2_1 like Mac OS X) AppleWebKit/605.1.15 (KHTML, like Gecko) CriOS/152.0.7977.40 Mobile/15E148 Safari/604.1"
2402:7500:5fb:ca19:8ca0:3b7e:8384:71ab - - [17/Aug/2026:15:31:31 +0800] "GET /wp-content/uploads/sites/1664/2021/08/%E6%88%AA%E5%9C%96-2021-08-14-%E4%B8%8A%E5%8D%8810.15.02-1024x222.png HTTP/1.1" 200 69273 "https://www.gjes.ilc.edu.tw/" "Mozilla/5.0 (iPhone; CPU iPhone OS 26_2_1 like Mac OS X) AppleWebKit/605.1.15 (KHTML, like Gecko) CriOS/152.0.7977.40 Mobile/15E148 Safari/604.1"
2402:7500:5fb:ca19:8ca0:3b7e:8384:71ab - - [17/Aug/2026:15:31:31 +0800] "GET /wp-content/uploads/sites/1664/elementor/thumbs/-74-pb8xylnrhr9alqmi1q8fuwjmxx0vutd5568zp1y1tc.png HTTP/1.1" 200 12826 "https://www.gjes.ilc.edu.tw/" "Mozilla/5.0 (iPhone; CPU iPhone OS 26_2_1 like Mac OS X) AppleWebKit/605.1.15 (KHTML, like Gecko) CriOS/152.0.7977.40 Mobile/15E148 Safari/604.1"
2402:7500:5fb:ca19:8ca0:3b7e:8384:71ab - - [17/Aug/2026:15:31:31 +0800] "GET /wp-content/uploads/sites/1664/elementor/thumbs/-71-pb8xqtjux4luhxxdhd5m7v89x3di50h4qnuaolhdbk.png HTTP/1.1" 200 16647 "https://www.gjes.ilc.edu.tw/" "Mozilla/5.0 (iPhone; CPU iPhone OS 26_2_1 like Mac OS X) AppleWebKit/605.1.15 (KHTML, like Gecko) CriOS/152.0.7977.40 Mobile/15E148 Safari/604.1"
2402:7500:5fb:ca19:8ca0:3b7e:8384:71ab - - [17/Aug/2026:15:31:31 +0800] "GET /wp-content/uploads/sites/1664/elementor/thumbs/-72-pb8xszkgodkn9ks1tsvngtjj82oyvw2updzlik9oz4.png HTTP/1.1" 200 13474 "https://www.gjes.ilc.edu.tw/" "Mozilla/5.0 (iPhone; CPU iPhone OS 26_2_1 like Mac OS X) AppleWebKit/605.1.15 (KHTML, like Gecko) CriOS/152.0.7977.40 Mobile/15E148 Safari/604.1"
2402:7500:5fb:ca19:8ca0:3b7e:8384:71ab - - [17/Aug/2026:15:31:31 +0800] "GET /wp-content/uploads/sites/1664/elementor/thumbs/-69-pb8xhv57sychvoxorzskyml65xilstx76c2r2orels.png HTTP/1.1" 200 18606 "https://www.gjes.ilc.edu.tw/" "Mozilla/5.0 (iPhone; CPU iPhone OS 26_2_1 like Mac OS X) AppleWebKit/605.1.15 (KHTML, like Gecko) CriOS/152.0.7977.40 Mobile/15E148 Safari/604.1"
2402:7500:5fb:ca19:8ca0:3b7e:8384:71ab - - [17/Aug/2026:15:31:31 +0800] "GET /wp-content/uploads/sites/1664/elementor/thumbs/-73-pb8xvezgbywb9b92ncnyephegwq3rqpw1enr5ao2wg.png HTTP/1.1" 200 12409 "https://www.gjes.ilc.edu.tw/" "Mozilla/5.0 (iPhone; CPU iPhone OS 26_2_1 like Mac OS X) AppleWebKit/605.1.15 (KHTML, like Gecko) CriOS/152.0.7977.40 Mobile/15E148 Safari/604.1"
2402:7500:5fb:ca19:8ca0:3b7e:8384:71ab - - [17/Aug/2026:15:31:31 +0800] "GET /wp-content/uploads/sites/1664/elementor/thumbs/-70-pb8xo1wysotgb9y3n635vkdey90lh3hl0yott9l3n4.png HTTP/1.1" 200 16331 "https://www.gjes.ilc.edu.tw/" "Mozilla/5.0 (iPhone; CPU iPhone OS 26_2_1 like Mac OS X) AppleWebKit/605.1.15 (KHTML, like Gecko) CriOS/152.0.7977.40 Mobile/15E148 Safari/604.1"
118.169.142.224 - - [17/Aug/2026:15:31:31 +0800] "GET / HTTP/1.1" 200 20465 "https://www.google.com/" "Mozilla/5.0 (iPhone; CPU iPhone OS 26_6_0 like Mac OS X) AppleWebKit/605.1.15 (KHTML, like Gecko) CriOS/151.0.7922.112 Mobile/15E148 Safari/604.1"
140.111.67.195 - - [17/Aug/2026:15:31:31 +0800] "GET /wp-admin/admin-post.php?action=steps_ad HTTP/1.1" 200 1649 "-" "node-fetch/1.0 (+https://github.com/bitinn/node-fetch)"
118.169.142.224 - - [17/Aug/2026:15:31:32 +0800] "GET /wp-content/cache/www.ltjh.ilc.edu.tw/wpfc-minified/e5uoopy9/6vwn.css HTTP/1.1" 200 1157 "https://www.ltjh.ilc.edu.tw/" "Mozilla/5.0 (iPhone; CPU iPhone OS 26_6_0 like Mac OS X) AppleWebKit/605.1.15 (KHTML, like Gecko) CriOS/151.0.7922.112 Mobile/15E148 Safari/604.1"
118.169.142.224 - - [17/Aug/2026:15:31:32 +0800] "GET /wp-content/cache/www.ltjh.ilc.edu.tw/wpfc-minified/7ll1qgx3/6vwn.css HTTP/1.1" 200 45687 "https://www.ltjh.ilc.edu.tw/" "Mozilla/5.0 (iPhone; CPU iPhone OS 26_6_0 like Mac OS X) AppleWebKit/605.1.15 (KHTML, like Gecko) CriOS/151.0.7922.112 Mobile/15E148 Safari/604.1"
2402:7500:5fb:ca19:8ca0:3b7e:8384:71ab - - [17/Aug/2026:15:31:32 +0800] "GET /wp-content/uploads/sites/1664/2021/08/%E6%88%AA%E5%9C%96-2021-08-14-%E4%B8%8A%E5%8D%889.48.04-1024x223.png HTTP/1.1" 200 69475 "https://www.gjes.ilc.edu.tw/" "Mozilla/5.0 (iPhone; CPU iPhone OS 26_2_1 like Mac OS X) AppleWebKit/605.1.15 (KHTML, like Gecko) CriOS/152.0.7977.40 Mobile/15E148 Safari/604.1"
118.169.142.224 - - [17/Aug/2026:15:31:32 +0800] "GET /wp-content/uploads/sites/411/elementor/css/post-182.css HTTP/1.1" 200 958 "https://www.ltjh.ilc.edu.tw/" "Mozilla/5.0 (iPhone; CPU iPhone OS 26_6_0 like Mac OS X) AppleWebKit/605.1.15 (KHTML, like Gecko) CriOS/151.0.7922.112 Mobile/15E148 Safari/604.1"
118.169.142.224 - - [17/Aug/2026:15:31:32 +0800] "GET /wp-content/cache/www.ltjh.ilc.edu.tw/wpfc-minified/ladi6hp7/6vwn.js HTTP/1.1" 200 35558 "https://www.ltjh.ilc.edu.tw/" "Mozilla/5.0 (iPhone; CPU iPhone OS 26_6_0 like Mac OS X) AppleWebKit/605.1.15 (KHTML, like Gecko) CriOS/151.0.7922.112 Mobile/15E148 Safari/604.1"
118.169.142.224 - - [17/Aug/2026:15:31:32 +0800] "GET /wp-includes/js/hoverintent-js.min.js HTTP/1.1" 200 1597 "https://www.ltjh.ilc.edu.tw/" "Mozilla/5.0 (iPhone; CPU iPhone OS 26_6_0 like Mac OS X) AppleWebKit/605.1.15 (KHTML, like Gecko) CriOS/151.0.7922.112 Mobile/15E148 Safari/604.1"
118.169.142.224 - - [17/Aug/2026:15:31:32 +0800] "GET /wp-content/cache/www.ltjh.ilc.edu.tw/wpfc-minified/lojpp9tb/6vwn.css HTTP/1.1" 200 18618 "https://www.ltjh.ilc.edu.tw/" "Mozilla/5.0 (iPhone; CPU iPhone OS 26_6_0 like Mac OS X) AppleWebKit/605.1.15 (KHTML, like Gecko) CriOS/151.0.7922.112 Mobile/15E148 Safari/604.1"
118.169.142.224 - - [17/Aug/2026:15:31:32 +0800] "GET /wp-content/cache/www.ltjh.ilc.edu.tw/wpfc-minified/7z2n64hl/6vwn.css HTTP/1.1" 200 56879 "https://www.ltjh.ilc.edu.tw/" "Mozilla/5.0 (iPhone; CPU iPhone OS 26_6_0 like Mac OS X) AppleWebKit/605.1.15 (KHTML, like Gecko) CriOS/151.0.7922.112 Mobile/15E148 Safari/604.1"
118.169.142.224 - - [17/Aug/2026:15:31:32 +0800] "GET /wp-includes/js/admin-bar.min.js HTTP/1.1" 200 2237 "https://www.ltjh.ilc.edu.tw/" "Mozilla/5.0 (iPhone; CPU iPhone OS 26_6_0 like Mac OS X) AppleWebKit/605.1.15 (KHTML, like Gecko) CriOS/151.0.7922.112 Mobile/15E148 Safari/604.1"
118.169.142.224 - - [17/Aug/2026:15:31:32 +0800] "GET /wp-content/uploads/sites/411/elementor/css/post-880.css HTTP/1.1" 200 6072 "https://www.ltjh.ilc.edu.tw/" "Mozilla/5.0 (iPhone; CPU iPhone OS 26_6_0 like Mac OS X) AppleWebKit/605.1.15 (KHTML, like Gecko) CriOS/151.0.7922.112 Mobile/15E148 Safari/604.1"
118.169.142.224 - - [17/Aug/2026:15:31:32 +0800] "GET /ltjh/wp-content/uploads/sites/411/2019/04/cropped-slide_7_1.jpg HTTP/1.1" 200 70104 "https://www.ltjh.ilc.edu.tw/" "Mozilla/5.0 (iPhone; CPU iPhone OS 26_6_0 like Mac OS X) AppleWebKit/605.1.15 (KHTML, like Gecko) CriOS/151.0.7922.112 Mobile/15E148 Safari/604.1"
118.169.142.224 - - [17/Aug/2026:15:31:32 +0800] "GET /wp-content/themes/toujours/js/jquery.flexslider.js HTTP/1.1" 200 12795 "https://www.ltjh.ilc.edu.tw/" "Mozilla/5.0 (iPhone; CPU iPhone OS 26_6_0 like Mac OS X) AppleWebKit/605.1.15 (KHTML, like Gecko) CriOS/151.0.7922.112 Mobile/15E148 Safari/604.1"
118.169.142.224 - - [17/Aug/2026:15:31:32 +0800] "GET /wp-content/cache/www.ltjh.ilc.edu.tw/wpfc-minified/21qwfrah/6vwn.css HTTP/1.1" 200 59371 "https://www.ltjh.ilc.edu.tw/" "Mozilla/5.0 (iPhone; CPU iPhone OS 26_6_0 like Mac OS X) AppleWebKit/605.1.15 (KHTML, like Gecko) CriOS/151.0.7922.112 Mobile/15E148 Safari/604.1"
118.169.142.224 - - [17/Aug/2026:15:31:32 +0800] "GET /wp-includes/js/imagesloaded.min.js HTTP/1.1" 200 2683 "https://www.ltjh.ilc.edu.tw/" "Mozilla/5.0 (iPhone; CPU iPhone OS 26_6_0 like Mac OS X) AppleWebKit/605.1.15 (KHTML, like Gecko) CriOS/151.0.7922.112 Mobile/15E148 Safari/604.1"
118.169.142.224 - - [17/Aug/2026:15:31:32 +0800] "GET /wp-content/themes/toujours/js/navigation.js HTTP/1.1" 200 1748 "https://www.ltjh.ilc.edu.tw/" "Mozilla/5.0 (iPhone; CPU iPhone OS 26_6_0 like Mac OS X) AppleWebKit/605.1.15 (KHTML, like Gecko) CriOS/151.0.7922.112 Mobile/15E148 Safari/604.1"
118.169.142.224 - - [17/Aug/2026:15:31:32 +0800] "GET /wp-content/themes/toujours/js/skip-link-focus-fix.js HTTP/1.1" 200 1344 "https://www.ltjh.ilc.edu.tw/" "Mozilla/5.0 (iPhone; CPU iPhone OS 26_6_0 like Mac OS X) AppleWebKit/605.1.15 (KHTML, like Gecko) CriOS/151.0.7922.112 Mobile/15E148 Safari/604.1"
118.169.142.224 - - [17/Aug/2026:15:31:32 +0800] "GET /wp-includes/js/masonry.min.js HTTP/1.1" 200 8306 "https://www.ltjh.ilc.edu.tw/" "Mozilla/5.0 (iPhone; CPU iPhone OS 26_6_0 like Mac OS X) AppleWebKit/605.1.15 (KHTML, like Gecko) CriOS/151.0.7922.112 Mobile/15E148 Safari/604.1"
118.169.142.224 - - [17/Aug/2026:15:31:32 +0800] "GET /wp-content/themes/toujours/js/global.js HTTP/1.1" 200 2171 "https://www.ltjh.ilc.edu.tw/" "Mozilla/5.0 (iPhone; CPU iPhone OS 26_6_0 like Mac OS X) AppleWebKit/605.1.15 (KHTML, like Gecko) CriOS/151.0.7922.112 Mobile/15E148 Safari/604.1"
118.169.142.224 - - [17/Aug/2026:15:31:32 +0800] "GET /wp-content/plugins/elementor-pro/assets/js/webpack-pro.runtime.min.js HTTP/1.1" 200 3562 "https://www.ltjh.ilc.edu.tw/" "Mozilla/5.0 (iPhone; CPU iPhone OS 26_6_0 like Mac OS X) AppleWebKit/605.1.15 (KHTML, like Gecko) CriOS/151.0.7922.112 Mobile/15E148 Safari/604.1"
118.169.142.224 - - [17/Aug/2026:15:31:32 +0800] "GET /wp-content/plugins/elementor/assets/js/webpack.runtime.min.js HTTP/1.1" 200 3095 "https://www.ltjh.ilc.edu.tw/" "Mozilla/5.0 (iPhone; CPU iPhone OS 26_6_0 like Mac OS X) AppleWebKit/605.1.15 (KHTML, like Gecko) CriOS/151.0.7922.112 Mobile/15E148 Safari/604.1"
118.169.142.224 - - [17/Aug/2026:15:31:32 +0800] "GET /wp-content/plugins/elementor/assets/js/frontend-modules.min.js HTTP/1.1" 200 19416 "https://www.ltjh.ilc.edu.tw/" "Mozilla/5.0 (iPhone; CPU iPhone OS 26_6_0 like Mac OS X) AppleWebKit/605.1.15 (KHTML, like Gecko) CriOS/151.0.7922.112 Mobile/15E148 Safari/604.1"
118.169.142.224 - - [17/Aug/2026:15:31:32 +0800] "GET /wp-includes/js/dist/hooks.min.js HTTP/1.1" 200 2421 "https://www.ltjh.ilc.edu.tw/" "Mozilla/5.0 (iPhone; CPU iPhone OS 26_6_0 like Mac OS X) AppleWebKit/605.1.15 (KHTML, like Gecko) CriOS/151.0.7922.112 Mobile/15E148 Safari/604.1"
118.169.142.224 - - [17/Aug/2026:15:31:32 +0800] "GET /wp-includes/js/dist/i18n.min.js HTTP/1.1" 200 4547 "https://www.ltjh.ilc.edu.tw/" "Mozilla/5.0 (iPhone; CPU iPhone OS 26_6_0 like Mac OS X) AppleWebKit/605.1.15 (KHTML, like Gecko) CriOS/151.0.7922.112 Mobile/15E148 Safari/604.1"
118.169.142.224 - - [17/Aug/2026:15:31:32 +0800] "GET /wp-content/plugins/elementor/assets/lib/waypoints/waypoints.min.js HTTP/1.1" 200 3873 "https://www.ltjh.ilc.edu.tw/" "Mozilla/5.0 (iPhone; CPU iPhone OS 26_6_0 like Mac OS X) AppleWebKit/605.1.15 (KHTML, like Gecko) CriOS/151.0.7922.112 Mobile/15E148 Safari/604.1"
118.169.142.224 - - [17/Aug/2026:15:31:32 +0800] "GET /wp-content/plugins/elementor-pro/assets/js/frontend.min.js HTTP/1.1" 200 7574 "https://www.ltjh.ilc.edu.tw/" "Mozilla/5.0 (iPhone; CPU iPhone OS 26_6_0 like Mac OS X) AppleWebKit/605.1.15 (KHTML, like Gecko) CriOS/151.0.7922.112 Mobile/15E148 Safari/604.1"
118.169.142.224 - - [17/Aug/2026:15:31:32 +0800] "GET /wp-includes/js/jquery/ui/core.min.js HTTP/1.1" 200 7986 "https://www.ltjh.ilc.edu.tw/" "Mozilla/5.0 (iPhone; CPU iPhone OS 26_6_0 like Mac OS X) AppleWebKit/605.1.15 (KHTML, like Gecko) CriOS/151.0.7922.112 Mobile/15E148 Safari/604.1"
118.169.142.224 - - [17/Aug/2026:15:31:32 +0800] "GET /wp-content/plugins/elementor/assets/js/frontend.min.js HTTP/1.1" 200 13169 "https://www.ltjh.ilc.edu.tw/" "Mozilla/5.0 (iPhone; CPU iPhone OS 26_6_0 like Mac OS X) AppleWebKit/605.1.15 (KHTML, like Gecko) CriOS/151.0.7922.112 Mobile/15E148 Safari/604.1"
118.169.142.224 - - [17/Aug/2026:15:31:32 +0800] "GET /wp-content/plugins/elementor-pro/assets/js/elements-handlers.min.js HTTP/1.1" 200 10882 "https://www.ltjh.ilc.edu.tw/" "Mozilla/5.0 (iPhone; CPU iPhone OS 26_6_0 like Mac OS X) AppleWebKit/605.1.15 (KHTML, like Gecko) CriOS/151.0.7922.112 Mobile/15E148 Safari/604.1"
118.169.142.224 - - [17/Aug/2026:15:31:32 +0800] "GET /wp-content/uploads/sites/411/2026/08/1150729_%E9%BB%9B%E8%90%8C%E4%B8%8D%E5%91%86-1-768x576.png HTTP/1.1" 200 868113 "https://www.ltjh.ilc.edu.tw/" "Mozilla/5.0 (iPhone; CPU iPhone OS 26_6_0 like Mac OS X) AppleWebKit/605.1.15 (KHTML, like Gecko) CriOS/151.0.7922.112 Mobile/15E148 Safari/604.1"
118.169.142.224 - - [17/Aug/2026:15:31:32 +0800] "GET /wp-content/uploads/sites/411/2026/08/1150729_science-2-768x432.png HTTP/1.1" 200 653635 "https://www.ltjh.ilc.edu.tw/" "Mozilla/5.0 (iPhone; CPU iPhone OS 26_6_0 like Mac OS X) AppleWebKit/605.1.15 (KHTML, like Gecko) CriOS/151.0.7922.112 Mobile/15E148 Safari/604.1"
118.169.142.224 - - [17/Aug/2026:15:31:32 +0800] "GET /wp-content/plugins/elementor/assets/lib/eicons/fonts/eicons.woff2?5.30.0 HTTP/1.1" 200 98225 "https://www.ltjh.ilc.edu.tw/" "Mozilla/5.0 (iPhone; CPU iPhone OS 26_6_0 like Mac OS X) AppleWebKit/605.1.15 (KHTML, like Gecko) CriOS/151.0.7922.112 Mobile/15E148 Safari/604.1"
118.169.142.224 - - [17/Aug/2026:15:31:32 +0800] "GET /wp-content/themes/toujours/genericons/Genericons.svg HTTP/1.1" 200 78010 "https://www.ltjh.ilc.edu.tw/" "Mozilla/5.0 (iPhone; CPU iPhone OS 26_6_0 like Mac OS X) AppleWebKit/605.1.15 (KHTML, like Gecko) CriOS/151.0.7922.112 Mobile/15E148 Safari/604.1"
118.169.142.224 - - [17/Aug/2026:15:31:32 +0800] "GET /wp-content/uploads/sites/411/2026/06/9-768x528.jpg HTTP/1.1" 200 114799 "https://www.ltjh.ilc.edu.tw/" "Mozilla/5.0 (iPhone; CPU iPhone OS 26_6_0 like Mac OS X) AppleWebKit/605.1.15 (KHTML, like Gecko) CriOS/151.0.7922.112 Mobile/15E148 Safari/604.1"
118.169.142.224 - - [17/Aug/2026:15:31:32 +0800] "GET /wp-content/uploads/sites/411/2026/06/6-768x528.jpg HTTP/1.1" 200 76801 "https://www.ltjh.ilc.edu.tw/" "Mozilla/5.0 (iPhone; CPU iPhone OS 26_6_0 like Mac OS X) AppleWebKit/605.1.15 (KHTML, like Gecko) CriOS/151.0.7922.112 Mobile/15E148 Safari/604.1"
118.169.142.224 - - [17/Aug/2026:15:31:33 +0800] "GET /wp-content/uploads/sites/411/2026/06/8-768x528.jpg HTTP/1.1" 200 123588 "https://www.ltjh.ilc.edu.tw/" "Mozilla/5.0 (iPhone; CPU iPhone OS 26_6_0 like Mac OS X) AppleWebKit/605.1.15 (KHTML, like Gecko) CriOS/151.0.7922.112 Mobile/15E148 Safari/604.1"
118.169.142.224 - - [17/Aug/2026:15:31:33 +0800] "GET /wp-content/uploads/sites/411/2026/06/%E5%AD%B8%E6%A0%A1LED%E7%9C%8B%E6%9D%BF-1.png HTTP/1.1" 200 317195 "https://www.ltjh.ilc.edu.tw/" "Mozilla/5.0 (iPhone; CPU iPhone OS 26_6_0 like Mac OS X) AppleWebKit/605.1.15 (KHTML, like Gecko) CriOS/151.0.7922.112 Mobile/15E148 Safari/604.1"
118.169.142.224 - - [17/Aug/2026:15:31:33 +0800] "GET /wp-content/uploads/sites/411/2026/06/10-768x528.jpg HTTP/1.1" 200 109168 "https://www.ltjh.ilc.edu.tw/" "Mozilla/5.0 (iPhone; CPU iPhone OS 26_6_0 like Mac OS X) AppleWebKit/605.1.15 (KHTML, like Gecko) CriOS/151.0.7922.112 Mobile/15E148 Safari/604.1"
118.169.142.224 - - [17/Aug/2026:15:31:33 +0800] "GET /wp-content/uploads/sites/411/2026/06/4-768x528.jpg HTTP/1.1" 200 69768 "https://www.ltjh.ilc.edu.tw/" "Mozilla/5.0 (iPhone; CPU iPhone OS 26_6_0 like Mac OS X) AppleWebKit/605.1.15 (KHTML, like Gecko) CriOS/151.0.7922.112 Mobile/15E148 Safari/604.1"
118.169.142.224 - - [17/Aug/2026:15:31:33 +0800] "GET /ltjh/wp-content/uploads/sites/411/2019/08/ltjh_fans.jpg HTTP/1.1" 200 13344 "https://www.ltjh.ilc.edu.tw/" "Mozilla/5.0 (iPhone; CPU iPhone OS 26_6_0 like Mac OS X) AppleWebKit/605.1.15 (KHTML, like Gecko) CriOS/151.0.7922.112 Mobile/15E148 Safari/604.1"
118.169.142.224 - - [17/Aug/2026:15:31:33 +0800] "GET /wp-content/uploads/sites/411/2026/08/1150729_%E6%97%85%E9%81%8A%E8%B6%A3-1-768x432.png HTTP/1.1" 200 672861 "https://www.ltjh.ilc.edu.tw/" "Mozilla/5.0 (iPhone; CPU iPhone OS 26_6_0 like Mac OS X) AppleWebKit/605.1.15 (KHTML, like Gecko) CriOS/151.0.7922.112 Mobile/15E148 Safari/604.1"
118.169.142.224 - - [17/Aug/2026:15:31:33 +0800] "GET /wp-content/uploads/sites/411/2026/06/3-768x528.jpg HTTP/1.1" 200 130385 "https://www.ltjh.ilc.edu.tw/" "Mozilla/5.0 (iPhone; CPU iPhone OS 26_6_0 like Mac OS X) AppleWebKit/605.1.15 (KHTML, like Gecko) CriOS/151.0.7922.112 Mobile/15E148 Safari/604.1"
118.169.142.224 - - [17/Aug/2026:15:31:34 +0800] "GET /wp-content/themes/toujours/images/toujoursbackground20160105.png HTTP/1.1" 200 1387 "https://www.ltjh.ilc.edu.tw/" "Mozilla/5.0 (iPhone; CPU iPhone OS 26_6_0 like Mac OS X) AppleWebKit/605.1.15 (KHTML, like Gecko) CriOS/151.0.7922.112 Mobile/15E148 Safari/604.1"
118.169.142.224 - - [17/Aug/2026:15:31:34 +0800] "GET /wp-content/uploads/sites/411/2026/06/7-768x528.jpg HTTP/1.1" 200 74069 "https://www.ltjh.ilc.edu.tw/" "Mozilla/5.0 (iPhone; CPU iPhone OS 26_6_0 like Mac OS X) AppleWebKit/605.1.15 (KHTML, like Gecko) CriOS/151.0.7922.112 Mobile/15E148 Safari/604.1"
118.169.142.224 - - [17/Aug/2026:15:31:34 +0800] "GET /wp-content/plugins/elementor/assets/js/image-carousel.4455c6362492d9067512.bundle.min.js HTTP/1.1" 200 1176 "https://www.ltjh.ilc.edu.tw/" "Mozilla/5.0 (iPhone; CPU iPhone OS 26_6_0 like Mac OS X) AppleWebKit/605.1.15 (KHTML, like Gecko) CriOS/151.0.7922.112 Mobile/15E148 Safari/604.1"
118.169.142.224 - - [17/Aug/2026:15:31:34 +0800] "GET /wp-content/plugins/elementor/assets/lib/swiper/v8/swiper.min.js?ver=8.4.5 HTTP/1.1" 200 40708 "https://www.ltjh.ilc.edu.tw/" "Mozilla/5.0 (iPhone; CPU iPhone OS 26_6_0 like Mac OS X) AppleWebKit/605.1.15 (KHTML, like Gecko) CriOS/151.0.7922.112 Mobile/15E148 Safari/604.1"
118.169.142.224 - - [17/Aug/2026:15:31:34 +0800] "GET /wp-content/uploads/sites/411/2025/06/%E9%98%B2%E6%B2%BB%E6%80%A7%E9%A8%B7.png HTTP/1.1" 200 196010 "https://www.ltjh.ilc.edu.tw/" "Mozilla/5.0 (iPhone; CPU iPhone OS 26_6_0 like Mac OS X) AppleWebKit/605.1.15 (KHTML, like Gecko) CriOS/151.0.7922.112 Mobile/15E148 Safari/604.1"
118.169.142.224 - - [17/Aug/2026:15:31:34 +0800] "GET /wp-content/uploads/sites/411/2025/11/376420000A_1140189696_ATTACH1.png HTTP/1.1" 200 18436 "https://www.ltjh.ilc.edu.tw/" "Mozilla/5.0 (iPhone; CPU iPhone OS 26_6_0 like Mac OS X) AppleWebKit/605.1.15 (KHTML, like Gecko) CriOS/151.0.7922.112 Mobile/15E148 Safari/604.1"
140.111.67.10 - - [17/Aug/2026:15:31:35 +0800] "GET /" 301 273 "-" "-"
2402:7500:5fb:ca19:8ca0:3b7e:8384:71ab - - [17/Aug/2026:15:31:35 +0800] "GET /wp-content/uploads/sites/1664/elementor/thumbs/-58-pb8w2l26yc5chjf87ttaxkfvh69pvacdgit4j8sm28.png HTTP/1.1" 200 23398 "https://www.gjes.ilc.edu.tw/" "Mozilla/5.0 (iPhone; CPU iPhone OS 26_2_1 like Mac OS X) AppleWebKit/605.1.15 (KHTML, like Gecko) CriOS/152.0.7977.40 Mobile/15E148 Safari/604.1"
2402:7500:5fb:ca19:8ca0:3b7e:8384:71ab - - [17/Aug/2026:15:31:35 +0800] "GET /wp-content/uploads/sites/1664/elementor/thumbs/-57-pb8vyp08o0tmfn2nxn9w41s6yrg10dwd99ls10k9tc.png HTTP/1.1" 200 23205 "https://www.gjes.ilc.edu.tw/" "Mozilla/5.0 (iPhone; CPU iPhone OS 26_2_1 like Mac OS X) AppleWebKit/605.1.15 (KHTML, like Gecko) CriOS/152.0.7977.40 Mobile/15E148 Safari/604.1"
2402:7500:5fb:ca19:8ca0:3b7e:8384:71ab - - [17/Aug/2026:15:31:35 +0800] "GET /wp-content/uploads/sites/1664/2021/08/%E6%88%AA%E5%9C%96-2021-08-14-%E4%B8%8A%E5%8D%8810.03.42-1024x232.png HTTP/1.1" 200 73733 "https://www.gjes.ilc.edu.tw/" "Mozilla/5.0 (iPhone; CPU iPhone OS 26_2_1 like Mac OS X) AppleWebKit/605.1.15 (KHTML, like Gecko) CriOS/152.0.7977.40 Mobile/15E148 Safari/604.1"
::1 - - [17/Aug/2026:15:31:35 +0800] "OPTIONS * HTTP/1.0" 200 110 "-" "Apache/2.4.68 (Ubuntu) OpenSSL/3.0.19 (internal dummy connection)"
2001:288:a201::66:125 - - [17/Aug/2026:15:31:35 +0800] "GET /blog/active.php HTTP/1.1" 404 1084 "-" "-"
2001:288:a201::66:125 - - [17/Aug/2026:15:31:35 +0800] "GET /blog/active.php HTTP/1.1" 301 1026 "-" "-"
2402:7500:5fb:ca19:8ca0:3b7e:8384:71ab - - [17/Aug/2026:15:31:35 +0800] "GET /wp-content/uploads/sites/1664/elementor/thumbs/-78-pb8yjfqyzjs3ykcydqgq4n9gzebsha2y0augnv1vw0.png HTTP/1.1" 200 13479 "https://www.gjes.ilc.edu.tw/" "Mozilla/5.0 (iPhone; CPU iPhone OS 26_2_1 like Mac OS X) AppleWebKit/605.1.15 (KHTML, like Gecko) CriOS/152.0.7977.40 Mobile/15E148 Safari/604.1"
2402:7500:5fb:ca19:8ca0:3b7e:8384:71ab - - [17/Aug/2026:15:31:35 +0800] "GET /wp-content/uploads/sites/1664/elementor/thumbs/-75-pb8y0k5nqbxsshs3m2pgjwr7htdew450ev6eot1iuo.png HTTP/1.1" 200 22165 "https://www.gjes.ilc.edu.tw/" "Mozilla/5.0 (iPhone; CPU iPhone OS 26_2_1 like Mac OS X) AppleWebKit/605.1.15 (KHTML, like Gecko) CriOS/152.0.7977.40 Mobile/15E148 Safari/604.1"
2402:7500:5fb:ca19:8ca0:3b7e:8384:71ab - - [17/Aug/2026:15:31:35 +0800] "GET /wp-content/uploads/sites/1664/elementor/thumbs/-77-pb8ygjevwxta5ukiazd4xvlb1mm1qvkqlyfke5cl2o.png HTTP/1.1" 200 20304 "https://www.gjes.ilc.edu.tw/" "Mozilla/5.0 (iPhone; CPU iPhone OS 26_2_1 like Mac OS X) AppleWebKit/605.1.15 (KHTML, like Gecko) CriOS/152.0.7977.40 Mobile/15E148 Safari/604.1"
2402:7500:5fb:ca19:8ca0:3b7e:8384:71ab - - [17/Aug/2026:15:31:35 +0800] "GET /wp-content/uploads/sites/1664/elementor/thumbs/-76-pb8y48owhyz89ifl45zuthb795861fr5x35vctl0hc.png HTTP/1.1" 200 18232 "https://www.gjes.ilc.edu.tw/" "Mozilla/5.0 (iPhone; CPU iPhone OS 26_2_1 like Mac OS X) AppleWebKit/605.1.15 (KHTML, like Gecko) CriOS/152.0.7977.40 Mobile/15E148 Safari/604.1"
2402:7500:5fb:ca19:8ca0:3b7e:8384:71ab - - [17/Aug/2026:15:31:36 +0800] "GET /wp-content/uploads/sites/1664/2025/11/%E6%88%AA%E5%9C%96-2025-11-04-%E4%B8%8A%E5%8D%889.11.06-scaled-1-1536x402.png HTTP/1.1" 200 198374 "https://www.gjes.ilc.edu.tw/" "Mozilla/5.0 (iPhone; CPU iPhone OS 26_2_1 like Mac OS X) AppleWebKit/605.1.15 (KHTML, like Gecko) CriOS/152.0.7977.40 Mobile/15E148 Safari/604.1"
140.111.131.172 - - [17/Aug/2026:15:31:37 +0800] "-" 408 4802 "-" "-"
140.111.131.172 - - [17/Aug/2026:15:31:37 +0800] "-" 408 4802 "-" "-"
2402:7500:5fb:ca19:8ca0:3b7e:8384:71ab - - [17/Aug/2026:15:31:37 +0800] "GET /wp-content/uploads/sites/1664/2026/01/20260106.png HTTP/1.1" 200 111453 "https://www.gjes.ilc.edu.tw/" "Mozilla/5.0 (iPhone; CPU iPhone OS 26_2_1 like Mac OS X) AppleWebKit/605.1.15 (KHTML, like Gecko) CriOS/152.0.7977.40 Mobile/15E148 Safari/604.1"
2402:7500:5fb:ca19:8ca0:3b7e:8384:71ab - - [17/Aug/2026:15:31:37 +0800] "GET /wp-content/uploads/sites/1664/2026/08/e839b8fe-e080-49d7-9778-41f032fc7a3c.jpg HTTP/1.1" 200 77811 "https://www.gjes.ilc.edu.tw/" "Mozilla/5.0 (iPhone; CPU iPhone OS 26_2_1 like Mac OS X) AppleWebKit/605.1.15 (KHTML, like Gecko) CriOS/152.0.7977.40 Mobile/15E148 Safari/604.1"
140.111.67.195 - - [17/Aug/2026:15:31:37 +0800] "GET /wp-admin/admin-post.php?action=steps_ad HTTP/1.1" 200 1973 "-" "node-fetch/1.0 (+https://github.com/bitinn/node-fetch)"
::1 - - [17/Aug/2026:15:31:38 +0800] "OPTIONS * HTTP/1.0" 200 110 "-" "Apache/2.4.68 (Ubuntu) OpenSSL/3.0.19 (internal dummy connection)"
140.111.131.172 - - [17/Aug/2026:15:31:38 +0800] "-" 408 4802 "-" "-"
140.111.131.172 - - [17/Aug/2026:15:31:38 +0800] "-" 408 4802 "-" "-"
66.249.68.200 - - [17/Aug/2026:15:31:38 +0800] "GET /dashen/wp-content/cache/2blog.ilc.edu.tw/wpfc-minified/8ih85raf/5wou9.css HTTP/1.1" 200 45668 "https://2blog.ilc.edu.tw/dashen/category/%E8%A6%AA%E5%AD%90/" "Mozilla/5.0 (Linux; Android 6.0.1; Nexus 5X Build/MMB29P) AppleWebKit/537.36 (KHTML, like Gecko) Chrome/150.0.7871.186 Mobile Safari/537.36 (compatible; Googlebot/2.1; +http://www.google.com/bot.html)"
::1 - - [17/Aug/2026:15:31:39 +0800] "OPTIONS * HTTP/1.0" 200 110 "-" "Apache/2.4.68 (Ubuntu) OpenSSL/3.0.19 (internal dummy connection)"
140.111.67.10 - - [17/Aug/2026:15:31:40 +0800] "GET /" 301 273 "-" "-"
::1 - - [17/Aug/2026:15:31:40 +0800] "OPTIONS * HTTP/1.0" 200 110 "-" "Apache/2.4.68 (Ubuntu) OpenSSL/3.0.19 (internal dummy connection)"
2001:4860:7:b10::f8 - - [17/Aug/2026:15:31:39 +0800] "GET / HTTP/1.1" 200 31593 "https://www.google.com/" "Mozilla/5.0 (Windows NT 10.0; Win64; x64) AppleWebKit/537.36 (KHTML, like Gecko) Chrome/151.0.0.0 Safari/537.36"
66.249.71.64 - - [17/Aug/2026:15:31:39 +0800] "GET /yilankindergartentest/author/021x4y/feed/ HTTP/1.1" 200 7065 "-" "Mozilla/5.0 (Linux; Android 6.0.1; Nexus 5X Build/MMB29P) AppleWebKit/537.36 (KHTML, like Gecko) Chrome/150.0.7871.186 Mobile Safari/537.36 (compatible; Googlebot/2.1; +http://www.google.com/bot.html)"
2001:288:a201::66:125 - - [17/Aug/2026:15:31:40 +0800] "GET /blog/active.php HTTP/1.1" 301 1026 "-" "-"
140.111.67.195 - - [17/Aug/2026:15:31:39 +0800] "GET /wp-admin/admin-post.php?action=steps_ad HTTP/1.1" 200 1649 "-" "node-fetch/1.0 (+https://github.com/bitinn/node-fetch)"
2001:288:a201::66:125 - - [17/Aug/2026:15:31:40 +0800] "GET /blog/active.php HTTP/1.1" 404 1084 "-" "-"
2402:7500:5fb:ca19:8ca0:3b7e:8384:71ab - - [17/Aug/2026:15:31:39 +0800] "POST /wp-json/wp-statistics/v2/hit HTTP/1.1" 200 5885 "https://www.gjes.ilc.edu.tw/website/" "Mozilla/5.0 (iPhone; CPU iPhone OS 26_2_1 like Mac OS X) AppleWebKit/605.1.15 (KHTML, like Gecko) CriOS/152.0.7977.40 Mobile/15E148 Safari/604.1"
66.249.68.200 - - [17/Aug/2026:15:31:41 +0800] "GET /dashen/wp-content/cache/2blog.ilc.edu.tw/wpfc-minified/esxecno0/5wou9.css HTTP/1.1" 200 30658 "https://2blog.ilc.edu.tw/dashen/category/%E8%A6%AA%E5%AD%90/" "Mozilla/5.0 (Linux; Android 6.0.1; Nexus 5X Build/MMB29P) AppleWebKit/537.36 (KHTML, like Gecko) Chrome/150.0.7871.186 Mobile Safari/537.36 (compatible; Googlebot/2.1; +http://www.google.com/bot.html)"
140.111.67.195 - - [17/Aug/2026:15:31:41 +0800] "GET /wp-admin/admin-post.php?action=steps_ad HTTP/1.1" 200 1649 "-" "node-fetch/1.0 (+https://github.com/bitinn/node-fetch)"
::1 - - [17/Aug/2026:15:31:41 +0800] "OPTIONS * HTTP/1.0" 200 110 "-" "Apache/2.4.68 (Ubuntu) OpenSSL/3.0.19 (internal dummy connection)"
140.111.67.195 - - [17/Aug/2026:15:31:41 +0800] "GET /wp-admin/admin-post.php?action=steps_ad HTTP/1.1" 200 1649 "-" "node-fetch/1.0 (+https://github.com/bitinn/node-fetch)"
::1 - - [17/Aug/2026:15:31:42 +0800] "OPTIONS * HTTP/1.0" 200 110 "-" "Apache/2.4.68 (Ubuntu) OpenSSL/3.0.19 (internal dummy connection)"
66.249.68.200 - - [17/Aug/2026:15:31:42 +0800] "GET /dashen/wp-content/cache/2blog.ilc.edu.tw/wpfc-minified/epzkfp19/5wou9.css HTTP/1.1" 200 13387 "https://2blog.ilc.edu.tw/dashen/category/%E8%A6%AA%E5%AD%90/" "Mozilla/5.0 (Linux; Android 6.0.1; Nexus 5X Build/MMB29P) AppleWebKit/537.36 (KHTML, like Gecko) Chrome/150.0.7871.186 Mobile Safari/537.36 (compatible; Googlebot/2.1; +http://www.google.com/bot.html)"
2001:288:2426:10:ecb7:4e3b:16ae:ca8 - - [17/Aug/2026:15:31:42 +0800] "-" 408 4802 "-" "-"
::1 - - [17/Aug/2026:15:31:43 +0800] "OPTIONS * HTTP/1.0" 200 110 "-" "Apache/2.4.68 (Ubuntu) OpenSSL/3.0.19 (internal dummy connection)"
66.249.68.200 - - [17/Aug/2026:15:31:43 +0800] "GET /dashen/wp-content/cache/2blog.ilc.edu.tw/wpfc-minified/lbnd883w/5wou9.js HTTP/1.1" 200 55787 "https://2blog.ilc.edu.tw/dashen/category/%E8%A6%AA%E5%AD%90/" "Mozilla/5.0 (Linux; Android 6.0.1; Nexus 5X Build/MMB29P) AppleWebKit/537.36 (KHTML, like Gecko) Chrome/150.0.7871.186 Mobile Safari/537.36 (compatible; Googlebot/2.1; +http://www.google.com/bot.html)"
52.167.144.238 - - [17/Aug/2026:15:31:43 +0800] "GET /2022/04/16/ HTTP/1.1" 200 14906 "-" "Mozilla/5.0 AppleWebKit/537.36 (KHTML, like Gecko; compatible; bingbot/2.0; +http://www.bing.com/bingbot.htm) Chrome/116.0.1938.76 Safari/537.36"
::1 - - [17/Aug/2026:15:31:44 +0800] "OPTIONS * HTTP/1.0" 200 110 "-" "Apache/2.4.68 (Ubuntu) OpenSSL/3.0.19 (internal dummy connection)"
66.249.68.200 - - [17/Aug/2026:15:31:44 +0800] "GET /12/2009/04/page/2/ HTTP/1.1" 200 14601 "-" "Mozilla/5.0 (Linux; Android 6.0.1; Nexus 5X Build/MMB29P) AppleWebKit/537.36 (KHTML, like Gecko) Chrome/150.0.7871.186 Mobile Safari/537.36 (compatible; GoogleOther)"
140.111.67.10 - - [17/Aug/2026:15:31:45 +0800] "GET /" 301 273 "-" "-"
::1 - - [17/Aug/2026:15:31:45 +0800] "OPTIONS * HTTP/1.0" 200 110 "-" "Apache/2.4.68 (Ubuntu) OpenSSL/3.0.19 (internal dummy connection)"
2001:288:a201::66:125 - - [17/Aug/2026:15:31:45 +0800] "GET /blog/active.php HTTP/1.1" 404 1084 "-" "-"
2001:288:a201::66:125 - - [17/Aug/2026:15:31:45 +0800] "GET /blog/active.php HTTP/1.1" 301 1026 "-" "-"
::1 - - [17/Aug/2026:15:31:46 +0800] "OPTIONS * HTTP/1.0" 200 110 "-" "Apache/2.4.68 (Ubuntu) OpenSSL/3.0.19 (internal dummy connection)"
::1 - - [17/Aug/2026:15:31:47 +0800] "OPTIONS * HTTP/1.0" 200 110 "-" "Apache/2.4.68 (Ubuntu) OpenSSL/3.0.19 (internal dummy connection)"
2001:288:a27a:1:d0a2:17aa:2a50:47e7 - - [17/Aug/2026:15:31:46 +0800] "GET /26147 HTTP/1.1" 301 5844 "https://www.ilc.edu.tw/" "Mozilla/5.0 (Windows NT 10.0; Win64; x64) AppleWebKit/537.36 (KHTML, like Gecko) Chrome/131.0.0.0 Safari/537.36"
2001:288:a27a:1:d0a2:17aa:2a50:47e7 - - [17/Aug/2026:15:31:47 +0800] "GET /26147/ HTTP/1.1" 200 17679 "https://www.ilc.edu.tw/" "Mozilla/5.0 (Windows NT 10.0; Win64; x64) AppleWebKit/537.36 (KHTML, like Gecko) Chrome/131.0.0.0 Safari/537.36"
2001:288:a27a:1:d0a2:17aa:2a50:47e7 - - [17/Aug/2026:15:31:47 +0800] "GET /26147/wp-includes/css/dashicons.min.css HTTP/1.1" 200 36736 "https://2blog.ilc.edu.tw/26147/" "Mozilla/5.0 (Windows NT 10.0; Win64; x64) AppleWebKit/537.36 (KHTML, like Gecko) Chrome/131.0.0.0 Safari/537.36"
2001:288:a27a:1:d0a2:17aa:2a50:47e7 - - [17/Aug/2026:15:31:47 +0800] "GET /26147/wp-includes/css/admin-bar.min.css HTTP/1.1" 200 5024 "https://2blog.ilc.edu.tw/26147/" "Mozilla/5.0 (Windows NT 10.0; Win64; x64) AppleWebKit/537.36 (KHTML, like Gecko) Chrome/131.0.0.0 Safari/537.36"
2001:288:a27a:1:d0a2:17aa:2a50:47e7 - - [17/Aug/2026:15:31:47 +0800] "GET /26147/wp-content/plugins/google-drive-embedder/css/gdm-blocks.css HTTP/1.1" 200 1499 "https://2blog.ilc.edu.tw/26147/" "Mozilla/5.0 (Windows NT 10.0; Win64; x64) AppleWebKit/537.36 (KHTML, like Gecko) Chrome/131.0.0.0 Safari/537.36"
2001:288:a27a:1:d0a2:17aa:2a50:47e7 - - [17/Aug/2026:15:31:47 +0800] "GET /26147/wp-content/themes/talon/css/bootstrap/bootstrap.min.css HTTP/1.1" 200 3165 "https://2blog.ilc.edu.tw/26147/" "Mozilla/5.0 (Windows NT 10.0; Win64; x64) AppleWebKit/537.36 (KHTML, like Gecko) Chrome/131.0.0.0 Safari/537.36"
2001:288:a27a:1:d0a2:17aa:2a50:47e7 - - [17/Aug/2026:15:31:47 +0800] "GET /26147/wp-content/themes/talon/style.css HTTP/1.1" 200 16695 "https://2blog.ilc.edu.tw/26147/" "Mozilla/5.0 (Windows NT 10.0; Win64; x64) AppleWebKit/537.36 (KHTML, like Gecko) Chrome/131.0.0.0 Safari/537.36"
2001:288:a27a:1:d0a2:17aa:2a50:47e7 - - [17/Aug/2026:15:31:47 +0800] "GET /26147/wp-content/themes/talon/icons/icons.min.css HTTP/1.1" 200 2291 "https://2blog.ilc.edu.tw/26147/" "Mozilla/5.0 (Windows NT 10.0; Win64; x64) AppleWebKit/537.36 (KHTML, like Gecko) Chrome/131.0.0.0 Safari/537.36"
2001:288:a27a:1:d0a2:17aa:2a50:47e7 - - [17/Aug/2026:15:31:47 +0800] "GET /26147/wp-content/plugins/elementor/assets/lib/eicons/css/elementor-icons.min.css HTTP/1.1" 200 9745 "https://2blog.ilc.edu.tw/26147/" "Mozilla/5.0 (Windows NT 10.0; Win64; x64) AppleWebKit/537.36 (KHTML, like Gecko) Chrome/131.0.0.0 Safari/537.36"
2001:288:a27a:1:d0a2:17aa:2a50:47e7 - - [17/Aug/2026:15:31:47 +0800] "GET /26147/wp-content/plugins/elementor/assets/css/frontend.min.css HTTP/1.1" 200 25091 "https://2blog.ilc.edu.tw/26147/" "Mozilla/5.0 (Windows NT 10.0; Win64; x64) AppleWebKit/537.36 (KHTML, like Gecko) Chrome/131.0.0.0 Safari/537.36"
2001:288:a27a:1:d0a2:17aa:2a50:47e7 - - [17/Aug/2026:15:31:47 +0800] "GET /26147/wp-content/plugins/elementor/assets/lib/swiper/v8/css/swiper.min.css HTTP/1.1" 200 5456 "https://2blog.ilc.edu.tw/26147/" "Mozilla/5.0 (Windows NT 10.0; Win64; x64) AppleWebKit/537.36 (KHTML, like Gecko) Chrome/131.0.0.0 Safari/537.36"
2001:288:a27a:1:d0a2:17aa:2a50:47e7 - - [17/Aug/2026:15:31:47 +0800] "GET /26147/wp-content/uploads/sites/1076/elementor/css/post-1119.css HTTP/1.1" 200 1269 "https://2blog.ilc.edu.tw/26147/" "Mozilla/5.0 (Windows NT 10.0; Win64; x64) AppleWebKit/537.36 (KHTML, like Gecko) Chrome/131.0.0.0 Safari/537.36"
2001:288:a27a:1:d0a2:17aa:2a50:47e7 - - [17/Aug/2026:15:31:47 +0800] "GET /26147/wp-content/uploads/sites/1076/elementor/css/post-2.css HTTP/1.1" 200 1349 "https://2blog.ilc.edu.tw/26147/" "Mozilla/5.0 (Windows NT 10.0; Win64; x64) AppleWebKit/537.36 (KHTML, like Gecko) Chrome/131.0.0.0 Safari/537.36"
2001:288:a27a:1:d0a2:17aa:2a50:47e7 - - [17/Aug/2026:15:31:47 +0800] "GET /26147/wp-content/plugins/elementor-pro/assets/css/frontend.min.css HTTP/1.1" 200 44543 "https://2blog.ilc.edu.tw/26147/" "Mozilla/5.0 (Windows NT 10.0; Win64; x64) AppleWebKit/537.36 (KHTML, like Gecko) Chrome/131.0.0.0 Safari/537.36"
2001:288:a27a:1:d0a2:17aa:2a50:47e7 - - [17/Aug/2026:15:31:47 +0800] "GET /26147/wp-includes/js/jquery/jquery-migrate.min.js HTTP/1.1" 200 5752 "https://2blog.ilc.edu.tw/26147/" "Mozilla/5.0 (Windows NT 10.0; Win64; x64) AppleWebKit/537.36 (KHTML, like Gecko) Chrome/131.0.0.0 Safari/537.36"
2001:288:a27a:1:d0a2:17aa:2a50:47e7 - - [17/Aug/2026:15:31:47 +0800] "GET /26147/wp-includes/js/jquery/jquery.min.js HTTP/1.1" 200 31359 "https://2blog.ilc.edu.tw/26147/" "Mozilla/5.0 (Windows NT 10.0; Win64; x64) AppleWebKit/537.36 (KHTML, like Gecko) Chrome/131.0.0.0 Safari/537.36"
2001:288:a27a:1:d0a2:17aa:2a50:47e7 - - [17/Aug/2026:15:31:47 +0800] "GET /26147/wp-includes/js/mediaelement/mediaelementplayer-legacy.min.css HTTP/1.1" 200 3465 "https://2blog.ilc.edu.tw/26147/" "Mozilla/5.0 (Windows NT 10.0; Win64; x64) AppleWebKit/537.36 (KHTML, like Gecko) Chrome/131.0.0.0 Safari/537.36"
2001:288:a27a:1:d0a2:17aa:2a50:47e7 - - [17/Aug/2026:15:31:47 +0800] "GET /26147/wp-content/uploads/sites/1076/2021/12/%E8%AA%B2%E7%99%BC%E7%A7%91-scaled.jpg HTTP/1.1" 200 166154 "https://2blog.ilc.edu.tw/26147/" "Mozilla/5.0 (Windows NT 10.0; Win64; x64) AppleWebKit/537.36 (KHTML, like Gecko) Chrome/131.0.0.0 Safari/537.36"
2001:288:a27a:1:d0a2:17aa:2a50:47e7 - - [17/Aug/2026:15:31:47 +0800] "GET /26147/wp-content/uploads/sites/1076/elementor/css/global.css HTTP/1.1" 200 3701 "https://2blog.ilc.edu.tw/26147/" "Mozilla/5.0 (Windows NT 10.0; Win64; x64) AppleWebKit/537.36 (KHTML, like Gecko) Chrome/131.0.0.0 Safari/537.36"
2001:288:a27a:1:d0a2:17aa:2a50:47e7 - - [17/Aug/2026:15:31:47 +0800] "GET /26147/wp-includes/js/mediaelement/wp-mediaelement.min.css HTTP/1.1" 200 2029 "https://2blog.ilc.edu.tw/26147/" "Mozilla/5.0 (Windows NT 10.0; Win64; x64) AppleWebKit/537.36 (KHTML, like Gecko) Chrome/131.0.0.0 Safari/537.36"
2001:288:a27a:1:d0a2:17aa:2a50:47e7 - - [17/Aug/2026:15:31:47 +0800] "GET /26147/wp-includes/js/hoverintent-js.min.js HTTP/1.1" 200 1597 "https://2blog.ilc.edu.tw/26147/" "Mozilla/5.0 (Windows NT 10.0; Win64; x64) AppleWebKit/537.36 (KHTML, like Gecko) Chrome/131.0.0.0 Safari/537.36"
2001:288:a27a:1:d0a2:17aa:2a50:47e7 - - [17/Aug/2026:15:31:47 +0800] "GET /26147/wp-includes/js/admin-bar.min.js HTTP/1.1" 200 2237 "https://2blog.ilc.edu.tw/26147/" "Mozilla/5.0 (Windows NT 10.0; Win64; x64) AppleWebKit/537.36 (KHTML, like Gecko) Chrome/131.0.0.0 Safari/537.36"
2001:288:a27a:1:d0a2:17aa:2a50:47e7 - - [17/Aug/2026:15:31:47 +0800] "GET /26147/wp-content/themes/talon/js/skip-link-focus-fix.js HTTP/1.1" 200 1351 "https://2blog.ilc.edu.tw/26147/" "Mozilla/5.0 (Windows NT 10.0; Win64; x64) AppleWebKit/537.36 (KHTML, like Gecko) Chrome/131.0.0.0 Safari/537.36"
34.192.125.239 - - [17/Aug/2026:15:31:47 +0800] "GET /26695/2026/02/ HTTP/1.1" 200 28934 "-" "Mozilla/5.0 AppleWebKit/537.36 (KHTML, like Gecko; compatible; Amazonbot/0.1; +https://developer.amazon.com/support/amazonbot) Chrome/119.0.6045.214 Safari/537.36"
2001:288:a27a:1:d0a2:17aa:2a50:47e7 - - [17/Aug/2026:15:31:47 +0800] "GET /26147/wp-content/themes/talon/js/scripts.min.js HTTP/1.1" 200 23146 "https://2blog.ilc.edu.tw/26147/" "Mozilla/5.0 (Windows NT 10.0; Win64; x64) AppleWebKit/537.36 (KHTML, like Gecko) Chrome/131.0.0.0 Safari/537.36"
2001:288:a27a:1:d0a2:17aa:2a50:47e7 - - [17/Aug/2026:15:31:48 +0800] "GET /26147/wp-content/themes/talon/js/main.js HTTP/1.1" 200 2540 "https://2blog.ilc.edu.tw/26147/" "Mozilla/5.0 (Windows NT 10.0; Win64; x64) AppleWebKit/537.36 (KHTML, like Gecko) Chrome/131.0.0.0 Safari/537.36"
2001:288:a27a:1:d0a2:17aa:2a50:47e7 - - [17/Aug/2026:15:31:48 +0800] "GET /26147/wp-includes/js/imagesloaded.min.js HTTP/1.1" 200 2683 "https://2blog.ilc.edu.tw/26147/" "Mozilla/5.0 (Windows NT 10.0; Win64; x64) AppleWebKit/537.36 (KHTML, like Gecko) Chrome/131.0.0.0 Safari/537.36"
2001:288:a27a:1:d0a2:17aa:2a50:47e7 - - [17/Aug/2026:15:31:48 +0800] "GET /26147/wp-includes/js/masonry.min.js HTTP/1.1" 200 8306 "https://2blog.ilc.edu.tw/26147/" "Mozilla/5.0 (Windows NT 10.0; Win64; x64) AppleWebKit/537.36 (KHTML, like Gecko) Chrome/131.0.0.0 Safari/537.36"
2001:288:a27a:1:d0a2:17aa:2a50:47e7 - - [17/Aug/2026:15:31:48 +0800] "GET /26147/wp-includes/js/mediaelement/mediaelement-and-player.min.js HTTP/1.1" 200 39802 "https://2blog.ilc.edu.tw/26147/" "Mozilla/5.0 (Windows NT 10.0; Win64; x64) AppleWebKit/537.36 (KHTML, like Gecko) Chrome/131.0.0.0 Safari/537.36"
2001:288:a27a:1:d0a2:17aa:2a50:47e7 - - [17/Aug/2026:15:31:48 +0800] "GET /26147/wp-includes/js/mediaelement/mediaelement-migrate.min.js HTTP/1.1" 200 1419 "https://2blog.ilc.edu.tw/26147/" "Mozilla/5.0 (Windows NT 10.0; Win64; x64) AppleWebKit/537.36 (KHTML, like Gecko) Chrome/131.0.0.0 Safari/537.36"
2001:288:a27a:1:d0a2:17aa:2a50:47e7 - - [17/Aug/2026:15:31:48 +0800] "GET /26147/wp-includes/js/mediaelement/wp-mediaelement.min.js HTTP/1.1" 200 1417 "https://2blog.ilc.edu.tw/26147/" "Mozilla/5.0 (Windows NT 10.0; Win64; x64) AppleWebKit/537.36 (KHTML, like Gecko) Chrome/131.0.0.0 Safari/537.36"
2001:288:a27a:1:d0a2:17aa:2a50:47e7 - - [17/Aug/2026:15:31:48 +0800] "GET /26147/wp-includes/js/mediaelement/renderers/vimeo.min.js HTTP/1.1" 200 3164 "https://2blog.ilc.edu.tw/26147/" "Mozilla/5.0 (Windows NT 10.0; Win64; x64) AppleWebKit/537.36 (KHTML, like Gecko) Chrome/131.0.0.0 Safari/537.36"
2001:288:a27a:1:d0a2:17aa:2a50:47e7 - - [17/Aug/2026:15:31:48 +0800] "GET /26147/wp-content/plugins/elementor-pro/assets/js/webpack-pro.runtime.min.js HTTP/1.1" 200 3562 "https://2blog.ilc.edu.tw/26147/" "Mozilla/5.0 (Windows NT 10.0; Win64; x64) AppleWebKit/537.36 (KHTML, like Gecko) Chrome/131.0.0.0 Safari/537.36"
2001:288:a27a:1:d0a2:17aa:2a50:47e7 - - [17/Aug/2026:15:31:48 +0800] "GET /26147/wp-content/plugins/elementor/assets/js/webpack.runtime.min.js HTTP/1.1" 200 3095 "https://2blog.ilc.edu.tw/26147/" "Mozilla/5.0 (Windows NT 10.0; Win64; x64) AppleWebKit/537.36 (KHTML, like Gecko) Chrome/131.0.0.0 Safari/537.36"
2001:288:a27a:1:d0a2:17aa:2a50:47e7 - - [17/Aug/2026:15:31:48 +0800] "GET /26147/wp-content/plugins/elementor/assets/js/frontend-modules.min.js HTTP/1.1" 200 19416 "https://2blog.ilc.edu.tw/26147/" "Mozilla/5.0 (Windows NT 10.0; Win64; x64) AppleWebKit/537.36 (KHTML, like Gecko) Chrome/131.0.0.0 Safari/537.36"
2001:288:a27a:1:d0a2:17aa:2a50:47e7 - - [17/Aug/2026:15:31:48 +0800] "GET /26147/wp-includes/js/dist/hooks.min.js HTTP/1.1" 200 2421 "https://2blog.ilc.edu.tw/26147/" "Mozilla/5.0 (Windows NT 10.0; Win64; x64) AppleWebKit/537.36 (KHTML, like Gecko) Chrome/131.0.0.0 Safari/537.36"
2001:288:a27a:1:d0a2:17aa:2a50:47e7 - - [17/Aug/2026:15:31:48 +0800] "GET /26147/wp-includes/js/dist/i18n.min.js HTTP/1.1" 200 4547 "https://2blog.ilc.edu.tw/26147/" "Mozilla/5.0 (Windows NT 10.0; Win64; x64) AppleWebKit/537.36 (KHTML, like Gecko) Chrome/131.0.0.0 Safari/537.36"
2001:288:a27a:1:d0a2:17aa:2a50:47e7 - - [17/Aug/2026:15:31:48 +0800] "GET /26147/wp-content/plugins/elementor-pro/assets/js/frontend.min.js HTTP/1.1" 200 7574 "https://2blog.ilc.edu.tw/26147/" "Mozilla/5.0 (Windows NT 10.0; Win64; x64) AppleWebKit/537.36 (KHTML, like Gecko) Chrome/131.0.0.0 Safari/537.36"
2001:288:a27a:1:d0a2:17aa:2a50:47e7 - - [17/Aug/2026:15:31:48 +0800] "GET /26147/wp-content/plugins/elementor/assets/lib/waypoints/waypoints.min.js HTTP/1.1" 200 3873 "https://2blog.ilc.edu.tw/26147/" "Mozilla/5.0 (Windows NT 10.0; Win64; x64) AppleWebKit/537.36 (KHTML, like Gecko) Chrome/131.0.0.0 Safari/537.36"
2001:288:a27a:1:d0a2:17aa:2a50:47e7 - - [17/Aug/2026:15:31:48 +0800] "GET /26147/wp-includes/js/jquery/ui/core.min.js HTTP/1.1" 200 7986 "https://2blog.ilc.edu.tw/26147/" "Mozilla/5.0 (Windows NT 10.0; Win64; x64) AppleWebKit/537.36 (KHTML, like Gecko) Chrome/131.0.0.0 Safari/537.36"
2001:288:a27a:1:d0a2:17aa:2a50:47e7 - - [17/Aug/2026:15:31:48 +0800] "GET /26147/wp-content/plugins/elementor-pro/assets/js/elements-handlers.min.js HTTP/1.1" 200 10882 "https://2blog.ilc.edu.tw/26147/" "Mozilla/5.0 (Windows NT 10.0; Win64; x64) AppleWebKit/537.36 (KHTML, like Gecko) Chrome/131.0.0.0 Safari/537.36"
2001:288:a27a:1:d0a2:17aa:2a50:47e7 - - [17/Aug/2026:15:31:48 +0800] "GET /26147/wp-content/plugins/elementor/assets/js/frontend.min.js HTTP/1.1" 200 13169 "https://2blog.ilc.edu.tw/26147/" "Mozilla/5.0 (Windows NT 10.0; Win64; x64) AppleWebKit/537.36 (KHTML, like Gecko) Chrome/131.0.0.0 Safari/537.36"
2001:288:a27a:1:d0a2:17aa:2a50:47e7 - - [17/Aug/2026:15:31:48 +0800] "GET /26147/wp-content/uploads/sites/1076/2021/12/%E7%99%BD.jpg HTTP/1.1" 200 5471 "https://2blog.ilc.edu.tw/26147/" "Mozilla/5.0 (Windows NT 10.0; Win64; x64) AppleWebKit/537.36 (KHTML, like Gecko) Chrome/131.0.0.0 Safari/537.36"
2001:288:a27a:1:d0a2:17aa:2a50:47e7 - - [17/Aug/2026:15:31:48 +0800] "GET /26147/wp-content/uploads/sites/1763/2021/03/93.png HTTP/1.1" 200 5441 "https://2blog.ilc.edu.tw/26147/" "Mozilla/5.0 (Windows NT 10.0; Win64; x64) AppleWebKit/537.36 (KHTML, like Gecko) Chrome/131.0.0.0 Safari/537.36"
2001:288:a27a:1:d0a2:17aa:2a50:47e7 - - [17/Aug/2026:15:31:48 +0800] "GET /26147/wp-content/uploads/sites/3211/2021/04/cropped-93logo-%E5%9C%93-32x32.png HTTP/1.1" 200 3998 "https://2blog.ilc.edu.tw/26147/" "Mozilla/5.0 (Windows NT 10.0; Win64; x64) AppleWebKit/537.36 (KHTML, like Gecko) Chrome/131.0.0.0 Safari/537.36"
2001:288:a27a:1:d0a2:17aa:2a50:47e7 - - [17/Aug/2026:15:31:48 +0800] "GET /26147/wp-content/uploads/sites/1076/2025/11/20251029.jpg HTTP/1.1" 200 227167 "https://2blog.ilc.edu.tw/26147/" "Mozilla/5.0 (Windows NT 10.0; Win64; x64) AppleWebKit/537.36 (KHTML, like Gecko) Chrome/131.0.0.0 Safari/537.36"
2001:288:a27a:1:d0a2:17aa:2a50:47e7 - - [17/Aug/2026:15:31:48 +0800] "GET /26147/wp-content/uploads/sites/1076/2025/12/1140607-1.jpg HTTP/1.1" 200 55205 "https://2blog.ilc.edu.tw/26147/" "Mozilla/5.0 (Windows NT 10.0; Win64; x64) AppleWebKit/537.36 (KHTML, like Gecko) Chrome/131.0.0.0 Safari/537.36"
2001:288:a27a:1:d0a2:17aa:2a50:47e7 - - [17/Aug/2026:15:31:48 +0800] "GET /26147/wp-content/uploads/sites/1076/2022/10/1666785910951.jpg HTTP/1.1" 200 460992 "https://2blog.ilc.edu.tw/26147/" "Mozilla/5.0 (Windows NT 10.0; Win64; x64) AppleWebKit/537.36 (KHTML, like Gecko) Chrome/131.0.0.0 Safari/537.36"
2001:288:a27a:1:d0a2:17aa:2a50:47e7 - - [17/Aug/2026:15:31:48 +0800] "GET /26147/wp-content/plugins/elementor/assets/lib/eicons/fonts/eicons.woff2?5.30.0 HTTP/1.1" 200 98225 "https://2blog.ilc.edu.tw/26147/wp-content/plugins/elementor/assets/lib/eicons/css/elementor-icons.min.css" "Mozilla/5.0 (Windows NT 10.0; Win64; x64) AppleWebKit/537.36 (KHTML, like Gecko) Chrome/131.0.0.0 Safari/537.36"
2001:288:a27a:1:d0a2:17aa:2a50:47e7 - - [17/Aug/2026:15:31:48 +0800] "GET /26147/wp-content/uploads/sites/1076/2022/10/2022-10-26-2-e1666787087501.png HTTP/1.1" 200 477360 "https://2blog.ilc.edu.tw/26147/" "Mozilla/5.0 (Windows NT 10.0; Win64; x64) AppleWebKit/537.36 (KHTML, like Gecko) Chrome/131.0.0.0 Safari/537.36"
2001:288:a27a:1:d0a2:17aa:2a50:47e7 - - [17/Aug/2026:15:31:48 +0800] "GET /26147/wp-content/uploads/sites/1076/2025/12/1140607-2.jpg HTTP/1.1" 200 93746 "https://2blog.ilc.edu.tw/26147/" "Mozilla/5.0 (Windows NT 10.0; Win64; x64) AppleWebKit/537.36 (KHTML, like Gecko) Chrome/131.0.0.0 Safari/537.36"
