1.170.6.184 - - [17/Aug/2026:10:48:17 +0800] "GET /1003/wp-content/uploads/sites/233/2024/03/Snipaste_2024-03-11_23-36-51-300x209.png HTTP/1.1" 200 88673 "https://2blog.ilc.edu.tw/1003/2017/03/21/%E5%9B%9B%E4%B8%8B%E7%AC%AC3%E9%80%B1%E5%80%92%E6%95%98%E6%B3%95%E5%AF%AB%E4%BD%9C%E4%B8%80%E6%9D%9F%E9%AE%AE%E8%8A%B1/" "Mozilla/5.0 (Windows NT 10.0; Win64; x64) AppleWebKit/537.36 (KHTML, like Gecko) Chrome/151.0.0.0 Safari/537.36"
1.170.6.184 - - [17/Aug/2026:10:48:17 +0800] "GET /1003/wp-includes/js/admin-bar.min.js HTTP/1.1" 200 2237 "https://2blog.ilc.edu.tw/1003/2017/03/21/%E5%9B%9B%E4%B8%8B%E7%AC%AC3%E9%80%B1%E5%80%92%E6%95%98%E6%B3%95%E5%AF%AB%E4%BD%9C%E4%B8%80%E6%9D%9F%E9%AE%AE%E8%8A%B1/" "Mozilla/5.0 (Windows NT 10.0; Win64; x64) AppleWebKit/537.36 (KHTML, like Gecko) Chrome/151.0.0.0 Safari/537.36"
1.170.6.184 - - [17/Aug/2026:10:48:17 +0800] "GET /1003/wp-content/themes/textbook/assets/js/jquery.flexslider.js HTTP/1.1" 200 12801 "https://2blog.ilc.edu.tw/1003/2017/03/21/%E5%9B%9B%E4%B8%8B%E7%AC%AC3%E9%80%B1%E5%80%92%E6%95%98%E6%B3%95%E5%AF%AB%E4%BD%9C%E4%B8%80%E6%9D%9F%E9%AE%AE%E8%8A%B1/" "Mozilla/5.0 (Windows NT 10.0; Win64; x64) AppleWebKit/537.36 (KHTML, like Gecko) Chrome/151.0.0.0 Safari/537.36"
1.170.6.184 - - [17/Aug/2026:10:48:17 +0800] "GET /1003/wp-content/themes/textbook/assets/js/functions.js HTTP/1.1" 200 1934 "https://2blog.ilc.edu.tw/1003/2017/03/21/%E5%9B%9B%E4%B8%8B%E7%AC%AC3%E9%80%B1%E5%80%92%E6%95%98%E6%B3%95%E5%AF%AB%E4%BD%9C%E4%B8%80%E6%9D%9F%E9%AE%AE%E8%8A%B1/" "Mozilla/5.0 (Windows NT 10.0; Win64; x64) AppleWebKit/537.36 (KHTML, like Gecko) Chrome/151.0.0.0 Safari/537.36"
1.170.6.184 - - [17/Aug/2026:10:48:17 +0800] "GET /1003/wp-content/themes/textbook/assets/js/navigation.js HTTP/1.1" 200 2931 "https://2blog.ilc.edu.tw/1003/2017/03/21/%E5%9B%9B%E4%B8%8B%E7%AC%AC3%E9%80%B1%E5%80%92%E6%95%98%E6%B3%95%E5%AF%AB%E4%BD%9C%E4%B8%80%E6%9D%9F%E9%AE%AE%E8%8A%B1/" "Mozilla/5.0 (Windows NT 10.0; Win64; x64) AppleWebKit/537.36 (KHTML, like Gecko) Chrome/151.0.0.0 Safari/537.36"
1.170.6.184 - - [17/Aug/2026:10:48:17 +0800] "GET /1003/wp-content/themes/textbook/assets/js/skip-link-focus-fix.js HTTP/1.1" 200 1351 "https://2blog.ilc.edu.tw/1003/2017/03/21/%E5%9B%9B%E4%B8%8B%E7%AC%AC3%E9%80%B1%E5%80%92%E6%95%98%E6%B3%95%E5%AF%AB%E4%BD%9C%E4%B8%80%E6%9D%9F%E9%AE%AE%E8%8A%B1/" "Mozilla/5.0 (Windows NT 10.0; Win64; x64) AppleWebKit/537.36 (KHTML, like Gecko) Chrome/151.0.0.0 Safari/537.36"
1.170.6.184 - - [17/Aug/2026:10:48:17 +0800] "POST /1003/wp-json/ilc-summary/v1/popular-posts HTTP/1.1" 201 6197 "https://2blog.ilc.edu.tw/1003/2017/03/21/%E5%9B%9B%E4%B8%8B%E7%AC%AC3%E9%80%B1%E5%80%92%E6%95%98%E6%B3%95%E5%AF%AB%E4%BD%9C%E4%B8%80%E6%9D%9F%E9%AE%AE%E8%8A%B1/" "Mozilla/5.0 (Windows NT 10.0; Win64; x64) AppleWebKit/537.36 (KHTML, like Gecko) Chrome/151.0.0.0 Safari/537.36"
1.170.6.184 - - [17/Aug/2026:10:48:17 +0800] "GET /1003/wp-content/uploads/sites/233/2019/08/Snipaste_2019-08-25_21-24-17-1-300x149.jpg HTTP/1.1" 200 12279 "https://2blog.ilc.edu.tw/1003/2017/03/21/%E5%9B%9B%E4%B8%8B%E7%AC%AC3%E9%80%B1%E5%80%92%E6%95%98%E6%B3%95%E5%AF%AB%E4%BD%9C%E4%B8%80%E6%9D%9F%E9%AE%AE%E8%8A%B1/" "Mozilla/5.0 (Windows NT 10.0; Win64; x64) AppleWebKit/537.36 (KHTML, like Gecko) Chrome/151.0.0.0 Safari/537.36"
1.170.6.184 - - [17/Aug/2026:10:48:17 +0800] "GET /1003/wp-content/uploads/sites/233/2019/05/84-300x300.png HTTP/1.1" 200 36082 "https://2blog.ilc.edu.tw/1003/2017/03/21/%E5%9B%9B%E4%B8%8B%E7%AC%AC3%E9%80%B1%E5%80%92%E6%95%98%E6%B3%95%E5%AF%AB%E4%BD%9C%E4%B8%80%E6%9D%9F%E9%AE%AE%E8%8A%B1/" "Mozilla/5.0 (Windows NT 10.0; Win64; x64) AppleWebKit/537.36 (KHTML, like Gecko) Chrome/151.0.0.0 Safari/537.36"
1.170.6.184 - - [17/Aug/2026:10:48:17 +0800] "GET /1003/wp-content/uploads/sites/233/2023/04/sp230410_141707.png HTTP/1.1" 200 109778 "https://2blog.ilc.edu.tw/1003/2017/03/21/%E5%9B%9B%E4%B8%8B%E7%AC%AC3%E9%80%B1%E5%80%92%E6%95%98%E6%B3%95%E5%AF%AB%E4%BD%9C%E4%B8%80%E6%9D%9F%E9%AE%AE%E8%8A%B1/" "Mozilla/5.0 (Windows NT 10.0; Win64; x64) AppleWebKit/537.36 (KHTML, like Gecko) Chrome/151.0.0.0 Safari/537.36"
2001:4860:7:510::ee - - [17/Aug/2026:10:48:18 +0800] "GET /1003/2026/01/21/%E3%80%8C%E6%B3%A8%E9%9F%B3%E5%AD%97%E9%AB%94%E3%80%8D%E6%BE%B3%E8%81%B2%E9%80%9A%E5%BF%AB%E9%80%9F%E8%A3%BD%E4%BD%9C%E6%9C%89%E6%B3%A8%E9%9F%B3%E7%9A%84%E6%96%87%E5%AD%97/ HTTP/1.1" 200 18213 "https://www.google.com/" "Mozilla/5.0 (Macintosh; Intel Mac OS X 10_15_7) AppleWebKit/537.36 (KHTML, like Gecko) Chrome/151.0.0.0 Safari/537.36"
2402:7500:578:e0b2:405e:6fff:fe7c:884b - - [17/Aug/2026:10:48:18 +0800] "-" 408 339 "-" "-"
2001:288:a224:1:d024:ea22:b9bb:d1 - - [17/Aug/2026:10:48:18 +0800] "GET /yceec/%e9%97%9c%e6%96%bc%e4%b8%ad%e5%bf%83/ HTTP/1.1" 200 15005 "https://2blog.ilc.edu.tw/yceec/" "Mozilla/5.0 (Windows NT 10.0; Win64; x64) AppleWebKit/537.36 (KHTML, like Gecko) Chrome/151.0.0.0 Safari/537.36"
2001:288:a224:1:d024:ea22:b9bb:d1 - - [17/Aug/2026:10:48:18 +0800] "GET /yceec/wp-content/cache/2blog.ilc.edu.tw/wpfc-minified/8kqxrr2k/5wox5.css HTTP/1.1" 200 1281 "https://2blog.ilc.edu.tw/yceec/%e9%97%9c%e6%96%bc%e4%b8%ad%e5%bf%83/" "Mozilla/5.0 (Windows NT 10.0; Win64; x64) AppleWebKit/537.36 (KHTML, like Gecko) Chrome/151.0.0.0 Safari/537.36"
2001:288:a224:1:d024:ea22:b9bb:d1 - - [17/Aug/2026:10:48:18 +0800] "GET /yceec/wp-content/uploads/sites/200/elementor/css/post-1858.css HTTP/1.1" 200 1980 "https://2blog.ilc.edu.tw/yceec/%e9%97%9c%e6%96%bc%e4%b8%ad%e5%bf%83/" "Mozilla/5.0 (Windows NT 10.0; Win64; x64) AppleWebKit/537.36 (KHTML, like Gecko) Chrome/151.0.0.0 Safari/537.36"
2001:288:a224:1:d024:ea22:b9bb:d1 - - [17/Aug/2026:10:48:18 +0800] "GET /yceec/wp-content/plugins/elementor/assets/lib/font-awesome/webfonts/fa-regular-400.woff2 HTTP/1.1" 200 14127 "https://2blog.ilc.edu.tw/yceec/wp-content/cache/2blog.ilc.edu.tw/wpfc-minified/8kqxrr2k/5wox5.css" "Mozilla/5.0 (Windows NT 10.0; Win64; x64) AppleWebKit/537.36 (KHTML, like Gecko) Chrome/151.0.0.0 Safari/537.36"
2001:288:a224:1:d024:ea22:b9bb:d1 - - [17/Aug/2026:10:48:18 +0800] "GET /yceec/wp-content/plugins/elementor/assets/lib/font-awesome/webfonts/fa-brands-400.woff2 HTTP/1.1" 200 82661 "https://2blog.ilc.edu.tw/yceec/wp-content/cache/2blog.ilc.edu.tw/wpfc-minified/8kqxrr2k/5wox5.css" "Mozilla/5.0 (Windows NT 10.0; Win64; x64) AppleWebKit/537.36 (KHTML, like Gecko) Chrome/151.0.0.0 Safari/537.36"
2001:288:a224:1:d024:ea22:b9bb:d1 - - [17/Aug/2026:10:48:18 +0800] "GET /yceec/wp-content/plugins/elementor-pro/assets/js/share-buttons.08f4daf4a4285a8632b8.bundle.min.js HTTP/1.1" 200 1639 "https://2blog.ilc.edu.tw/yceec/%e9%97%9c%e6%96%bc%e4%b8%ad%e5%bf%83/" "Mozilla/5.0 (Windows NT 10.0; Win64; x64) AppleWebKit/537.36 (KHTML, like Gecko) Chrome/151.0.0.0 Safari/537.36"
2001:288:a224:1:d024:ea22:b9bb:d1 - - [17/Aug/2026:10:48:18 +0800] "GET /yceec/wp-content/plugins/elementor/assets/lib/share-link/share-link.min.js?ver=3.22.3 HTTP/1.1" 200 2049 "https://2blog.ilc.edu.tw/yceec/%e9%97%9c%e6%96%bc%e4%b8%ad%e5%bf%83/" "Mozilla/5.0 (Windows NT 10.0; Win64; x64) AppleWebKit/537.36 (KHTML, like Gecko) Chrome/151.0.0.0 Safari/537.36"
2001:288:a224:1:d024:ea22:b9bb:d1 - - [17/Aug/2026:10:48:18 +0800] "GET /yceec/wp-content/uploads/sites/200/2025/12/%E5%85%A8%E5%BD%A9%E5%8E%BB%E8%83%8C-150x150.png HTTP/1.1" 200 15881 "https://2blog.ilc.edu.tw/yceec/%e9%97%9c%e6%96%bc%e4%b8%ad%e5%bf%83/" "Mozilla/5.0 (Windows NT 10.0; Win64; x64) AppleWebKit/537.36 (KHTML, like Gecko) Chrome/151.0.0.0 Safari/537.36"
1.170.6.184 - - [17/Aug/2026:10:48:18 +0800] "GET /1003/wp-content/uploads/sites/233/2019/05/cropped-1-32x32.png HTTP/1.1" 200 2822 "https://2blog.ilc.edu.tw/1003/2017/03/21/%E5%9B%9B%E4%B8%8B%E7%AC%AC3%E9%80%B1%E5%80%92%E6%95%98%E6%B3%95%E5%AF%AB%E4%BD%9C%E4%B8%80%E6%9D%9F%E9%AE%AE%E8%8A%B1/" "Mozilla/5.0 (Windows NT 10.0; Win64; x64) AppleWebKit/537.36 (KHTML, like Gecko) Chrome/151.0.0.0 Safari/537.36"
66.249.71.164 - - [17/Aug/2026:10:48:18 +0800] "GET /wp-login.php?action=ilc_logout&_wpnonce=43754d0aad&redirect_to=http://tatekosta.ru/creator/86058/ HTTP/1.1" 302 8250 "-" "Mozilla/5.0 (Linux; Android 6.0.1; Nexus 5X Build/MMB29P) AppleWebKit/537.36 (KHTML, like Gecko) Chrome/150.0.7871.186 Mobile Safari/537.36 (compatible; Googlebot/2.1; +http://www.google.com/bot.html)"
1.170.6.184 - - [17/Aug/2026:10:48:20 +0800] "GET /wp-content/uploads/sites/233/1003/1003-3796293.jpg HTTP/1.1" 200 70859 "https://2blog.ilc.edu.tw/1003/2017/03/21/%E5%9B%9B%E4%B8%8B%E7%AC%AC3%E9%80%B1%E5%80%92%E6%95%98%E6%B3%95%E5%AF%AB%E4%BD%9C%E4%B8%80%E6%9D%9F%E9%AE%AE%E8%8A%B1/" "Mozilla/5.0 (Windows NT 10.0; Win64; x64) AppleWebKit/537.36 (KHTML, like Gecko) Chrome/151.0.0.0 Safari/537.36"
140.111.67.10 - - [17/Aug/2026:10:48:20 +0800] "GET /" 301 273 "-" "-"
66.249.68.200 - - [17/Aug/2026:10:48:20 +0800] "GET /41336/wp-content/cache/2blog.ilc.edu.tw/wpfc-minified/qj0rs02a/5woxg.css HTTP/1.1" 200 5938 "https://2blog.ilc.edu.tw/41336/category/c-112381/" "Mozilla/5.0 AppleWebKit/537.36 (KHTML, like Gecko; compatible; Googlebot/2.1; +http://www.google.com/bot.html) Chrome/151.0.7922.108 Safari/537.36"
2001:288:a201::66:125 - - [17/Aug/2026:10:48:20 +0800] "GET /blog/active.php HTTP/1.1" 301 1026 "-" "-"
2001:288:a201::66:125 - - [17/Aug/2026:10:48:20 +0800] "GET /blog/active.php HTTP/1.1" 404 1084 "-" "-"
::1 - - [17/Aug/2026:10:48:21 +0800] "OPTIONS * HTTP/1.0" 200 110 "-" "Apache/2.4.68 (Ubuntu) OpenSSL/3.0.19 (internal dummy connection)"
1.170.6.184 - - [17/Aug/2026:10:48:22 +0800] "GET /1003/wp-content/uploads/sites/233/2022/07/Snipaste_2019-03-09_23-19-59.jpg HTTP/1.1" 200 19704 "https://2blog.ilc.edu.tw/1003/2017/03/21/%E5%9B%9B%E4%B8%8B%E7%AC%AC3%E9%80%B1%E5%80%92%E6%95%98%E6%B3%95%E5%AF%AB%E4%BD%9C%E4%B8%80%E6%9D%9F%E9%AE%AE%E8%8A%B1/" "Mozilla/5.0 (Windows NT 10.0; Win64; x64) AppleWebKit/537.36 (KHTML, like Gecko) Chrome/151.0.0.0 Safari/537.36"
::1 - - [17/Aug/2026:10:48:22 +0800] "OPTIONS * HTTP/1.0" 200 110 "-" "Apache/2.4.68 (Ubuntu) OpenSSL/3.0.19 (internal dummy connection)"
2001:288:a224:1:d024:ea22:b9bb:d1 - - [17/Aug/2026:10:48:22 +0800] "GET /yceec/%e9%97%9c%e6%96%bc%e4%b8%ad%e5%bf%83/%e6%a5%ad%e5%8b%99%e8%81%b7%e6%8e%8c/ HTTP/1.1" 200 17248 "https://2blog.ilc.edu.tw/yceec/%e9%97%9c%e6%96%bc%e4%b8%ad%e5%bf%83/" "Mozilla/5.0 (Windows NT 10.0; Win64; x64) AppleWebKit/537.36 (KHTML, like Gecko) Chrome/151.0.0.0 Safari/537.36"
66.249.68.136 - - [17/Aug/2026:10:48:22 +0800] "GET /wp-login.php?action=ilc_logout&_wpnonce=43754d0aad&redirect_to=http://platonov-music.ru/creator/80569/ HTTP/1.1" 302 8255 "-" "Mozilla/5.0 (Linux; Android 6.0.1; Nexus 5X Build/MMB29P) AppleWebKit/537.36 (KHTML, like Gecko) Chrome/150.0.7871.186 Mobile Safari/537.36 (compatible; Googlebot/2.1; +http://www.google.com/bot.html)"
66.249.71.64 - - [17/Aug/2026:10:48:24 +0800] "GET /41336/wp-content/cache/2blog.ilc.edu.tw/wpfc-minified/8jnv6329/5woxg.css HTTP/1.1" 200 45669 "https://2blog.ilc.edu.tw/41336/category/c-112381/" "Mozilla/5.0 AppleWebKit/537.36 (KHTML, like Gecko; compatible; Googlebot/2.1; +http://www.google.com/bot.html) Chrome/151.0.7922.108 Safari/537.36"
::1 - - [17/Aug/2026:10:48:24 +0800] "OPTIONS * HTTP/1.0" 200 110 "-" "Apache/2.4.68 (Ubuntu) OpenSSL/3.0.19 (internal dummy connection)"
140.111.67.10 - - [17/Aug/2026:10:48:25 +0800] "GET /" 301 273 "-" "-"
2001:288:a201::66:125 - - [17/Aug/2026:10:48:25 +0800] "GET /blog/active.php HTTP/1.1" 301 1026 "-" "-"
2001:288:a201::66:125 - - [17/Aug/2026:10:48:25 +0800] "GET /blog/active.php HTTP/1.1" 404 1084 "-" "-"
1.170.6.184 - - [17/Aug/2026:10:48:25 +0800] "GET /wp-content/uploads/sites/233/1003/1003-3796294.jpg HTTP/1.1" 200 94278 "https://2blog.ilc.edu.tw/1003/2017/03/21/%E5%9B%9B%E4%B8%8B%E7%AC%AC3%E9%80%B1%E5%80%92%E6%95%98%E6%B3%95%E5%AF%AB%E4%BD%9C%E4%B8%80%E6%9D%9F%E9%AE%AE%E8%8A%B1/" "Mozilla/5.0 (Windows NT 10.0; Win64; x64) AppleWebKit/537.36 (KHTML, like Gecko) Chrome/151.0.0.0 Safari/537.36"
::1 - - [17/Aug/2026:10:48:25 +0800] "OPTIONS * HTTP/1.0" 200 110 "-" "Apache/2.4.68 (Ubuntu) OpenSSL/3.0.19 (internal dummy connection)"
66.249.68.200 - - [17/Aug/2026:10:48:26 +0800] "GET /41336/wp-includes/js/hoverintent-js.min.js HTTP/1.1" 200 6378 "https://2blog.ilc.edu.tw/41336/category/c-112381/" "Mozilla/5.0 AppleWebKit/537.36 (KHTML, like Gecko; compatible; Googlebot/2.1; +http://www.google.com/bot.html) Chrome/151.0.7922.108 Safari/537.36"
211.75.161.155 - - [17/Aug/2026:10:48:28 +0800] "GET / HTTP/1.1" 200 30556 "-" "Mozilla/5.0 (Windows NT 10.0; Win64; x64) AppleWebKit/537.36 (KHTML, like Gecko) Chrome/151.0.0.0 Safari/537.36"
211.75.161.155 - - [17/Aug/2026:10:48:28 +0800] "GET /wp-content/uploads/sites/1663/2026/02/%E5%8F%B0%E6%97%A5%E4%BA%A4%E6%B5%81%E5%BE%BD%E7%AB%A02025-2.png HTTP/1.1" 304 790 "https://www.pces.ilc.edu.tw/" "Mozilla/5.0 (Windows NT 10.0; Win64; x64) AppleWebKit/537.36 (KHTML, like Gecko) Chrome/151.0.0.0 Safari/537.36"
211.75.161.155 - - [17/Aug/2026:10:48:28 +0800] "GET /wp-content/uploads/sites/1663/elementor/css/post-138.css HTTP/1.1" 304 790 "https://www.pces.ilc.edu.tw/" "Mozilla/5.0 (Windows NT 10.0; Win64; x64) AppleWebKit/537.36 (KHTML, like Gecko) Chrome/151.0.0.0 Safari/537.36"
140.111.67.10 - - [17/Aug/2026:10:48:30 +0800] "GET /" 301 273 "-" "-"
2001:288:a201::66:125 - - [17/Aug/2026:10:48:30 +0800] "GET /blog/active.php HTTP/1.1" 301 1026 "-" "-"
2001:288:a201::66:125 - - [17/Aug/2026:10:48:30 +0800] "GET /blog/active.php HTTP/1.1" 404 1084 "-" "-"
66.249.68.136 - - [17/Aug/2026:10:48:29 +0800] "GET /wp-login.php?action=ilc_logout&_wpnonce=43754d0aad&redirect_to=//katkovavideo.ru/join/70330/ HTTP/1.1" 302 8245 "-" "Mozilla/5.0 (Linux; Android 6.0.1; Nexus 5X Build/MMB29P) AppleWebKit/537.36 (KHTML, like Gecko) Chrome/150.0.7871.186 Mobile Safari/537.36 (compatible; Googlebot/2.1; +http://www.google.com/bot.html)"
::1 - - [17/Aug/2026:10:48:30 +0800] "OPTIONS * HTTP/1.0" 200 110 "-" "Apache/2.4.68 (Ubuntu) OpenSSL/3.0.19 (internal dummy connection)"
2001:288:a210:1:696b:a7d9:7cca:18a9 - - [17/Aug/2026:10:48:31 +0800] "-" 408 4791 "-" "-"
66.249.68.200 - - [17/Aug/2026:10:48:31 +0800] "GET /41336/wp-includes/js/admin-bar.min.js HTTP/1.1" 200 7018 "https://2blog.ilc.edu.tw/41336/category/c-112381/" "Mozilla/5.0 AppleWebKit/537.36 (KHTML, like Gecko; compatible; Googlebot/2.1; +http://www.google.com/bot.html) Chrome/151.0.7922.108 Safari/537.36"
49.158.205.218 - - [17/Aug/2026:10:48:31 +0800] "-" 408 4802 "-" "-"
::1 - - [17/Aug/2026:10:48:31 +0800] "OPTIONS * HTTP/1.0" 200 110 "-" "Apache/2.4.68 (Ubuntu) OpenSSL/3.0.19 (internal dummy connection)"
1.170.6.184 - - [17/Aug/2026:10:48:32 +0800] "GET /wp-content/uploads/sites/233/1003/1003-3796579.jpg HTTP/1.1" 200 56563 "https://2blog.ilc.edu.tw/1003/2017/03/21/%E5%9B%9B%E4%B8%8B%E7%AC%AC3%E9%80%B1%E5%80%92%E6%95%98%E6%B3%95%E5%AF%AB%E4%BD%9C%E4%B8%80%E6%9D%9F%E9%AE%AE%E8%8A%B1/" "Mozilla/5.0 (Windows NT 10.0; Win64; x64) AppleWebKit/537.36 (KHTML, like Gecko) Chrome/151.0.0.0 Safari/537.36"
66.249.71.64 - - [17/Aug/2026:10:48:33 +0800] "GET /41336/wp-includes/js/imagesloaded.min.js HTTP/1.1" 200 7464 "https://2blog.ilc.edu.tw/41336/category/c-112381/" "Mozilla/5.0 AppleWebKit/537.36 (KHTML, like Gecko; compatible; Googlebot/2.1; +http://www.google.com/bot.html) Chrome/151.0.7922.108 Safari/537.36"
::1 - - [17/Aug/2026:10:48:33 +0800] "OPTIONS * HTTP/1.0" 200 110 "-" "Apache/2.4.68 (Ubuntu) OpenSSL/3.0.19 (internal dummy connection)"
140.111.67.10 - - [17/Aug/2026:10:48:35 +0800] "GET /" 301 273 "-" "-"
140.111.67.195 - - [17/Aug/2026:10:48:35 +0800] "GET /wp-admin/admin-post.php?action=steps_ad HTTP/1.1" 200 1973 "-" "node-fetch/1.0 (+https://github.com/bitinn/node-fetch)"
2001:288:a201::66:125 - - [17/Aug/2026:10:48:35 +0800] "GET /blog/active.php HTTP/1.1" 301 1026 "-" "-"
2001:288:a224:1:d024:ea22:b9bb:d1 - - [17/Aug/2026:10:48:35 +0800] "-" 408 4796 "-" "-"
2001:288:a201::66:125 - - [17/Aug/2026:10:48:35 +0800] "GET /blog/active.php HTTP/1.1" 404 1084 "-" "-"
2001:288:a224:1:d024:ea22:b9bb:d1 - - [17/Aug/2026:10:48:35 +0800] "-" 408 339 "-" "-"
2001:288:a224:1:d024:ea22:b9bb:d1 - - [17/Aug/2026:10:48:35 +0800] "-" 408 4796 "-" "-"
2001:4860:7:810::db - - [17/Aug/2026:10:48:36 +0800] "GET /868/44247/ HTTP/1.1" 200 19812 "https://www.google.com/" "Mozilla/5.0 (Windows NT 10.0; Win64; x64) AppleWebKit/537.36 (KHTML, like Gecko) Chrome/151.0.0.0 Safari/537.36"
2001:288:a224:1:d024:ea22:b9bb:d1 - - [17/Aug/2026:10:48:36 +0800] "-" 408 4796 "-" "-"
1.170.6.184 - - [17/Aug/2026:10:48:37 +0800] "-" 408 4796 "-" "-"
66.249.68.136 - - [17/Aug/2026:10:48:35 +0800] "GET /wp-login.php?action=ilc_logout&_wpnonce=43754d0aad&redirect_to=http://snabup.ru/creator/45339/ HTTP/1.1" 302 8247 "-" "Mozilla/5.0 (Linux; Android 6.0.1; Nexus 5X Build/MMB29P) AppleWebKit/537.36 (KHTML, like Gecko) Chrome/150.0.7871.186 Mobile Safari/537.36 (compatible; Googlebot/2.1; +http://www.google.com/bot.html)"
1.170.6.184 - - [17/Aug/2026:10:48:37 +0800] "-" 408 339 "-" "-"
66.249.68.200 - - [17/Aug/2026:10:48:37 +0800] "GET /41336/wp-content/themes/oceanwp/assets/js/theme.min.js HTTP/1.1" 200 9911 "https://2blog.ilc.edu.tw/41336/category/c-112381/" "Mozilla/5.0 AppleWebKit/537.36 (KHTML, like Gecko; compatible; Googlebot/2.1; +http://www.google.com/bot.html) Chrome/151.0.7922.108 Safari/537.36"
1.170.6.184 - - [17/Aug/2026:10:48:37 +0800] "-" 408 4796 "-" "-"
1.170.6.184 - - [17/Aug/2026:10:48:37 +0800] "-" 408 4796 "-" "-"
::1 - - [17/Aug/2026:10:48:37 +0800] "OPTIONS * HTTP/1.0" 200 110 "-" "Apache/2.4.68 (Ubuntu) OpenSSL/3.0.19 (internal dummy connection)"
140.111.67.195 - - [17/Aug/2026:10:48:37 +0800] "GET /wp-admin/admin-post.php?action=steps_ad HTTP/1.1" 200 1649 "-" "node-fetch/1.0 (+https://github.com/bitinn/node-fetch)"
2401:e180:88e8:1194:5c42:55ff:feb3:f931 - - [17/Aug/2026:10:48:38 +0800] "GET / HTTP/1.1" 200 32482 "https://www.google.com/" "Mozilla/5.0 (Linux; Android 10; K) AppleWebKit/537.36 (KHTML, like Gecko) Chrome/150.0.0.0 Mobile Safari/537.36"
2401:e180:88e8:1194:5c42:55ff:feb3:f931 - - [17/Aug/2026:10:48:38 +0800] "GET /wp-content/uploads/sites/1482/elementor/css/post-2.css HTTP/1.1" 200 5949 "https://www.chjh.ilc.edu.tw/" "Mozilla/5.0 (Linux; Android 10; K) AppleWebKit/537.36 (KHTML, like Gecko) Chrome/150.0.0.0 Mobile Safari/537.36"
2401:e180:88e8:1194:5c42:55ff:feb3:f931 - - [17/Aug/2026:10:48:38 +0800] "GET /wp-content/uploads/sites/1482/2026/06/115%E6%9C%83%E8%80%83.jpg HTTP/1.1" 200 103282 "https://www.chjh.ilc.edu.tw/" "Mozilla/5.0 (Linux; Android 10; K) AppleWebKit/537.36 (KHTML, like Gecko) Chrome/150.0.0.0 Mobile Safari/537.36"
2401:e180:88e8:1194:5c42:55ff:feb3:f931 - - [17/Aug/2026:10:48:38 +0800] "GET /wp-content/uploads/sites/1482/2023/07/%E8%B3%87%E5%AE%89%E7%A0%94%E7%BF%92.png HTTP/1.1" 200 7369 "https://www.chjh.ilc.edu.tw/" "Mozilla/5.0 (Linux; Android 10; K) AppleWebKit/537.36 (KHTML, like Gecko) Chrome/150.0.0.0 Mobile Safari/537.36"
2401:e180:88e8:1194:5c42:55ff:feb3:f931 - - [17/Aug/2026:10:48:38 +0800] "GET /wp-content/plugins/elementor/assets/lib/eicons/fonts/eicons.woff2?5.30.0 HTTP/1.1" 200 98564 "https://www.chjh.ilc.edu.tw/wp-content/cache/www.chjh.ilc.edu.tw/wpfc-minified/e1voqedy/6vy4.css" "Mozilla/5.0 (Linux; Android 10; K) AppleWebKit/537.36 (KHTML, like Gecko) Chrome/150.0.0.0 Mobile Safari/537.36"
2401:e180:88e8:1194:5c42:55ff:feb3:f931 - - [17/Aug/2026:10:48:38 +0800] "GET /wp-content/uploads/sites/1482/2026/05/114%E5%AD%B8%E5%B9%B4%E5%BA%A6%E8%81%AF%E8%B3%BD%E6%88%90%E7%B8%BE.jpg HTTP/1.1" 200 124022 "https://www.chjh.ilc.edu.tw/" "Mozilla/5.0 (Linux; Android 10; K) AppleWebKit/537.36 (KHTML, like Gecko) Chrome/150.0.0.0 Mobile Safari/537.36"
2401:e180:88e8:1194:5c42:55ff:feb3:f931 - - [17/Aug/2026:10:48:38 +0800] "GET /wp-content/uploads/sites/1482/2026/04/%E6%AD%8C%E5%94%B1%E6%AF%94%E8%B3%BD%E7%A5%9D%E8%B3%80%E6%B5%B7%E5%A0%B1_page-0001_0-1024x576.jpg HTTP/1.1" 200 88311 "https://www.chjh.ilc.edu.tw/" "Mozilla/5.0 (Linux; Android 10; K) AppleWebKit/537.36 (KHTML, like Gecko) Chrome/150.0.0.0 Mobile Safari/537.36"
2401:e180:88e8:1194:5c42:55ff:feb3:f931 - - [17/Aug/2026:10:48:38 +0800] "GET /wp-content/uploads/sites/1482/2026/05/115%E5%85%A8%E4%B8%AD%E9%81%8B%E6%88%90%E7%B8%BE.jpg HTTP/1.1" 200 130179 "https://www.chjh.ilc.edu.tw/" "Mozilla/5.0 (Linux; Android 10; K) AppleWebKit/537.36 (KHTML, like Gecko) Chrome/150.0.0.0 Mobile Safari/537.36"
2401:e180:88e8:1194:5c42:55ff:feb3:f931 - - [17/Aug/2026:10:48:38 +0800] "GET /wp-content/uploads/sites/1482/2024/12/White-Minimalist-Library-Open-Hours-Instagram-Story-576x1024.png HTTP/1.1" 200 493801 "https://www.chjh.ilc.edu.tw/" "Mozilla/5.0 (Linux; Android 10; K) AppleWebKit/537.36 (KHTML, like Gecko) Chrome/150.0.0.0 Mobile Safari/537.36"
2401:e180:88e8:1194:5c42:55ff:feb3:f931 - - [17/Aug/2026:10:48:39 +0800] "GET /wp-content/uploads/sites/1482/2026/04/%E8%AE%80%E8%80%85%E5%8A%87%E5%A0%B4%E7%A5%9D%E8%B3%80%E6%B5%B7%E5%A0%B1_page-0001_0-1024x576.jpg HTTP/1.1" 200 87594 "https://www.chjh.ilc.edu.tw/" "Mozilla/5.0 (Linux; Android 10; K) AppleWebKit/537.36 (KHTML, like Gecko) Chrome/150.0.0.0 Mobile Safari/537.36"
2401:e180:88e8:1194:5c42:55ff:feb3:f931 - - [17/Aug/2026:10:48:39 +0800] "GET /wp-content/uploads/sites/1482/2026/04/%E5%96%AE%E5%AD%97%E7%8E%8B%E7%A5%9D%E8%B3%80%E6%B5%B7%E5%A0%B1_page-0001_0-1024x576.jpg HTTP/1.1" 200 105740 "https://www.chjh.ilc.edu.tw/" "Mozilla/5.0 (Linux; Android 10; K) AppleWebKit/537.36 (KHTML, like Gecko) Chrome/150.0.0.0 Mobile Safari/537.36"
2402:7500:578:e0b2:405e:6fff:fe7c:884b - - [17/Aug/2026:10:48:39 +0800] "-" 408 4801 "-" "-"
2402:7500:578:e0b2:405e:6fff:fe7c:884b - - [17/Aug/2026:10:48:39 +0800] "-" 408 4801 "-" "-"
2401:e180:88e8:1194:5c42:55ff:feb3:f931 - - [17/Aug/2026:10:48:39 +0800] "GET /wp-content/uploads/sites/1482/2026/03/%E3%80%8C114%E5%AD%B8%E5%B9%B4%E5%BA%A6%E5%85%A8%E5%9C%8B%E5%AD%B8%E7%94%9F%E9%9F%B3%E6%A8%82%E6%AF%94%E8%B3%BD%E3%80%8D%E5%80%8B%E4%BA%BA%E9%A0%85%E7%9B%AE%E5%85%A8%E5%8D%80%E6%B1%BA%E8%B3%BD-%E6%88%90%E7%B8%BE%E5%85%AC%E5%91%8A-%E5%80%8B%E4%BA%BA-1024x576.jpg HTTP/1.1" 200 105028 "https://www.chjh.ilc.edu.tw/" "Mozilla/5.0 (Linux; Android 10; K) AppleWebKit/537.36 (KHTML, like Gecko) Chrome/150.0.0.0 Mobile Safari/537.36"
2401:e180:88e8:1194:5c42:55ff:feb3:f931 - - [17/Aug/2026:10:48:39 +0800] "GET /wp-content/uploads/sites/1482/2025/12/114%E5%AD%B8%E5%B9%B4%E7%B0%A1%E5%A0%B1%E9%81%94%E4%BA%BA%E5%85%AC%E5%91%8A.jpg HTTP/1.1" 200 104018 "https://www.chjh.ilc.edu.tw/" "Mozilla/5.0 (Linux; Android 10; K) AppleWebKit/537.36 (KHTML, like Gecko) Chrome/150.0.0.0 Mobile Safari/537.36"
2401:e180:88e8:1194:5c42:55ff:feb3:f931 - - [17/Aug/2026:10:48:39 +0800] "GET /wp-content/uploads/sites/1482/2025/11/114%E5%AD%B8%E5%B9%B4%E5%BA%A6%E5%AE%9C%E8%98%AD%E7%B8%A3%E5%AD%B8%E7%94%9F%E9%9F%B3%E6%A8%82%E6%9A%A8%E5%B8%AB%E7%94%9F%E9%84%89%E5%9C%9F%E6%AD%8C%E8%AC%A0%E6%AF%94%E8%B3%BD-%E6%88%90%E7%B8%BE%E5%85%AC%E5%91%8A%E5%9C%98%E9%AB%94_0-1024x576.jpg HTTP/1.1" 200 92532 "https://www.chjh.ilc.edu.tw/" "Mozilla/5.0 (Linux; Android 10; K) AppleWebKit/537.36 (KHTML, like Gecko) Chrome/150.0.0.0 Mobile Safari/537.36"
2401:e180:88e8:1194:5c42:55ff:feb3:f931 - - [17/Aug/2026:10:48:39 +0800] "GET /wp-content/uploads/sites/1482/2025/11/114%E5%AD%B8%E5%B9%B4%E5%BA%A6%E5%AE%9C%E8%98%AD%E7%B8%A3%E5%AD%B8%E7%94%9F%E9%9F%B3%E6%A8%82%E6%9A%A8%E5%B8%AB%E7%94%9F%E9%84%89%E5%9C%9F%E6%AD%8C%E8%AC%A0%E6%AF%94%E8%B3%BD-%E6%88%90%E7%B8%BE%E5%85%AC%E5%91%8A-%E5%80%8B%E4%BA%BA_0-1024x576.jpg HTTP/1.1" 200 128004 "https://www.chjh.ilc.edu.tw/" "Mozilla/5.0 (Linux; Android 10; K) AppleWebKit/537.36 (KHTML, like Gecko) Chrome/150.0.0.0 Mobile Safari/537.36"
2401:e180:88e8:1194:5c42:55ff:feb3:f931 - - [17/Aug/2026:10:48:38 +0800] "GET /wp-content/uploads/sites/1482/2026/04/%E7%A7%91%E5%B1%95%E7%AB%B6%E8%B3%BD%E6%B5%B7%E5%A0%B1-1024x572.png HTTP/1.1" 200 732174 "https://www.chjh.ilc.edu.tw/" "Mozilla/5.0 (Linux; Android 10; K) AppleWebKit/537.36 (KHTML, like Gecko) Chrome/150.0.0.0 Mobile Safari/537.36"
2401:e180:88e8:1194:5c42:55ff:feb3:f931 - - [17/Aug/2026:10:48:39 +0800] "GET /wp-content/uploads/sites/1482/2025/11/%E7%A5%9D%E8%B3%80%E6%B5%B7%E5%A0%B1_712%E8%91%89%E5%AE%87%E7%BF%94-1024x576.jpg HTTP/1.1" 200 77480 "https://www.chjh.ilc.edu.tw/" "Mozilla/5.0 (Linux; Android 10; K) AppleWebKit/537.36 (KHTML, like Gecko) Chrome/150.0.0.0 Mobile Safari/537.36"
2401:e180:88e8:1194:5c42:55ff:feb3:f931 - - [17/Aug/2026:10:48:39 +0800] "GET /wp-content/uploads/sites/1482/2026/01/%E7%A7%91%E6%8A%80%E7%AB%B6%E8%B3%BD%E6%B5%B7%E5%A0%B1.png HTTP/1.1" 200 872970 "https://www.chjh.ilc.edu.tw/" "Mozilla/5.0 (Linux; Android 10; K) AppleWebKit/537.36 (KHTML, like Gecko) Chrome/150.0.0.0 Mobile Safari/537.36"
2401:e180:88e8:1194:5c42:55ff:feb3:f931 - - [17/Aug/2026:10:48:39 +0800] "GET /wp-content/uploads/sites/1482/2025/11/Hanover-and-Tyke-High-School-Present-724x1024.png HTTP/1.1" 200 267038 "https://www.chjh.ilc.edu.tw/" "Mozilla/5.0 (Linux; Android 10; K) AppleWebKit/537.36 (KHTML, like Gecko) Chrome/150.0.0.0 Mobile Safari/537.36"
2401:e180:88e8:1194:5c42:55ff:feb3:f931 - - [17/Aug/2026:10:48:39 +0800] "GET /wp-content/uploads/sites/1482/2025/10/%E7%8D%B2%E7%8D%8E%E5%85%AC%E5%91%8A114%E7%BE%8E%E8%A1%93%E6%AF%94%E8%B3%BD.jpg HTTP/1.1" 200 178023 "https://www.chjh.ilc.edu.tw/" "Mozilla/5.0 (Linux; Android 10; K) AppleWebKit/537.36 (KHTML, like Gecko) Chrome/150.0.0.0 Mobile Safari/537.36"
2401:e180:88e8:1194:5c42:55ff:feb3:f931 - - [17/Aug/2026:10:48:39 +0800] "GET /wp-content/uploads/sites/1482/2025/09/33-1024x576.jpg HTTP/1.1" 200 87435 "https://www.chjh.ilc.edu.tw/" "Mozilla/5.0 (Linux; Android 10; K) AppleWebKit/537.36 (KHTML, like Gecko) Chrome/150.0.0.0 Mobile Safari/537.36"
2401:e180:88e8:1194:5c42:55ff:feb3:f931 - - [17/Aug/2026:10:48:39 +0800] "GET /wp-content/uploads/sites/1482/2025/09/23-1024x576.jpg HTTP/1.1" 200 96415 "https://www.chjh.ilc.edu.tw/" "Mozilla/5.0 (Linux; Android 10; K) AppleWebKit/537.36 (KHTML, like Gecko) Chrome/150.0.0.0 Mobile Safari/537.36"
66.249.68.200 - - [17/Aug/2026:10:48:39 +0800] "GET /41336/wp-content/themes/oceanwp/assets/js/drop-down-search.min.js HTTP/1.1" 200 2968 "https://2blog.ilc.edu.tw/41336/category/c-112381/" "Mozilla/5.0 AppleWebKit/537.36 (KHTML, like Gecko; compatible; Googlebot/2.1; +http://www.google.com/bot.html) Chrome/151.0.7922.108 Safari/537.36"
2401:e180:88e8:1194:5c42:55ff:feb3:f931 - - [17/Aug/2026:10:48:39 +0800] "GET /wp-content/uploads/sites/1482/2026/03/%E9%87%91%E9%A0%AD%E8%85%A6-1024x571.png HTTP/1.1" 200 925785 "https://www.chjh.ilc.edu.tw/" "Mozilla/5.0 (Linux; Android 10; K) AppleWebKit/537.36 (KHTML, like Gecko) Chrome/150.0.0.0 Mobile Safari/537.36"
2401:e180:88e8:1194:5c42:55ff:feb3:f931 - - [17/Aug/2026:10:48:39 +0800] "GET /wp-content/uploads/sites/1482/2025/09/13-1024x576.jpg HTTP/1.1" 200 89010 "https://www.chjh.ilc.edu.tw/" "Mozilla/5.0 (Linux; Android 10; K) AppleWebKit/537.36 (KHTML, like Gecko) Chrome/150.0.0.0 Mobile Safari/537.36"
2401:e180:88e8:1194:5c42:55ff:feb3:f931 - - [17/Aug/2026:10:48:39 +0800] "GET /wp-content/uploads/sites/1482/2025/08/36-1024x724.png HTTP/1.1" 200 171953 "https://www.chjh.ilc.edu.tw/" "Mozilla/5.0 (Linux; Android 10; K) AppleWebKit/537.36 (KHTML, like Gecko) Chrome/150.0.0.0 Mobile Safari/537.36"
2401:e180:88e8:1194:5c42:55ff:feb3:f931 - - [17/Aug/2026:10:48:39 +0800] "GET /wp-content/uploads/sites/1482/2025/08/26-1024x724.png HTTP/1.1" 200 164697 "https://www.chjh.ilc.edu.tw/" "Mozilla/5.0 (Linux; Android 10; K) AppleWebKit/537.36 (KHTML, like Gecko) Chrome/150.0.0.0 Mobile Safari/537.36"
2401:e180:88e8:1194:5c42:55ff:feb3:f931 - - [17/Aug/2026:10:48:39 +0800] "GET /wp-content/uploads/sites/1482/2025/08/14-1024x724.png HTTP/1.1" 200 163205 "https://www.chjh.ilc.edu.tw/" "Mozilla/5.0 (Linux; Android 10; K) AppleWebKit/537.36 (KHTML, like Gecko) Chrome/150.0.0.0 Mobile Safari/537.36"
2401:e180:88e8:1194:5c42:55ff:feb3:f931 - - [17/Aug/2026:10:48:39 +0800] "GET /wp-content/uploads/sites/1482/2025/08/7-1024x724.png HTTP/1.1" 200 274608 "https://www.chjh.ilc.edu.tw/" "Mozilla/5.0 (Linux; Android 10; K) AppleWebKit/537.36 (KHTML, like Gecko) Chrome/150.0.0.0 Mobile Safari/537.36"
2401:e180:88e8:1194:5c42:55ff:feb3:f931 - - [17/Aug/2026:10:48:40 +0800] "GET /wp-content/uploads/sites/1482/2025/08/6-1024x724.png HTTP/1.1" 200 283705 "https://www.chjh.ilc.edu.tw/" "Mozilla/5.0 (Linux; Android 10; K) AppleWebKit/537.36 (KHTML, like Gecko) Chrome/150.0.0.0 Mobile Safari/537.36"
140.111.67.10 - - [17/Aug/2026:10:48:40 +0800] "GET /" 301 273 "-" "-"
2401:e180:88e8:1194:5c42:55ff:feb3:f931 - - [17/Aug/2026:10:48:40 +0800] "GET /wp-content/uploads/sites/1482/2025/08/5-1024x724.png HTTP/1.1" 200 276868 "https://www.chjh.ilc.edu.tw/" "Mozilla/5.0 (Linux; Android 10; K) AppleWebKit/537.36 (KHTML, like Gecko) Chrome/150.0.0.0 Mobile Safari/537.36"
2401:e180:88e8:1194:5c42:55ff:feb3:f931 - - [17/Aug/2026:10:48:40 +0800] "GET /wp-content/uploads/sites/1482/2025/08/4-1024x724.png HTTP/1.1" 200 273492 "https://www.chjh.ilc.edu.tw/" "Mozilla/5.0 (Linux; Android 10; K) AppleWebKit/537.36 (KHTML, like Gecko) Chrome/150.0.0.0 Mobile Safari/537.36"
2401:e180:88e8:1194:5c42:55ff:feb3:f931 - - [17/Aug/2026:10:48:40 +0800] "GET /wp-content/uploads/sites/1482/2025/05/4_3-1024x724.png HTTP/1.1" 200 396610 "https://www.chjh.ilc.edu.tw/" "Mozilla/5.0 (Linux; Android 10; K) AppleWebKit/537.36 (KHTML, like Gecko) Chrome/150.0.0.0 Mobile Safari/537.36"
2401:e180:88e8:1194:5c42:55ff:feb3:f931 - - [17/Aug/2026:10:48:40 +0800] "GET /wp-content/uploads/sites/1482/2025/05/35-1-1024x724.png HTTP/1.1" 200 395898 "https://www.chjh.ilc.edu.tw/" "Mozilla/5.0 (Linux; Android 10; K) AppleWebKit/537.36 (KHTML, like Gecko) Chrome/150.0.0.0 Mobile Safari/537.36"
2401:e180:88e8:1194:5c42:55ff:feb3:f931 - - [17/Aug/2026:10:48:40 +0800] "GET /wp-content/uploads/sites/1482/2025/05/25-1024x724.png HTTP/1.1" 200 399654 "https://www.chjh.ilc.edu.tw/" "Mozilla/5.0 (Linux; Android 10; K) AppleWebKit/537.36 (KHTML, like Gecko) Chrome/150.0.0.0 Mobile Safari/537.36"
2401:e180:88e8:1194:5c42:55ff:feb3:f931 - - [17/Aug/2026:10:48:40 +0800] "GET /wp-content/uploads/sites/1482/2025/04/113%E5%AD%B8%E5%B9%B4%E7%B0%A1%E5%A0%B1%E9%81%94%E4%BA%BA%E5%85%AC%E5%91%8A.png HTTP/1.1" 200 255245 "https://www.chjh.ilc.edu.tw/" "Mozilla/5.0 (Linux; Android 10; K) AppleWebKit/537.36 (KHTML, like Gecko) Chrome/150.0.0.0 Mobile Safari/537.36"
2401:e180:88e8:1194:5c42:55ff:feb3:f931 - - [17/Aug/2026:10:48:40 +0800] "GET /wp-content/uploads/sites/1482/2025/04/34-1024x724.png HTTP/1.1" 200 626196 "https://www.chjh.ilc.edu.tw/" "Mozilla/5.0 (Linux; Android 10; K) AppleWebKit/537.36 (KHTML, like Gecko) Chrome/150.0.0.0 Mobile Safari/537.36"
2001:288:a201::66:125 - - [17/Aug/2026:10:48:40 +0800] "GET /blog/active.php HTTP/1.1" 404 1084 "-" "-"
2001:288:a201::66:125 - - [17/Aug/2026:10:48:40 +0800] "GET /blog/active.php HTTP/1.1" 301 1026 "-" "-"
2401:e180:88e8:1194:5c42:55ff:feb3:f931 - - [17/Aug/2026:10:48:40 +0800] "GET /wp-content/uploads/sites/1482/2025/04/4_2-1024x724.png HTTP/1.1" 200 622434 "https://www.chjh.ilc.edu.tw/" "Mozilla/5.0 (Linux; Android 10; K) AppleWebKit/537.36 (KHTML, like Gecko) Chrome/150.0.0.0 Mobile Safari/537.36"
2401:e180:88e8:1194:5c42:55ff:feb3:f931 - - [17/Aug/2026:10:48:40 +0800] "GET /wp-content/uploads/sites/1482/2025/04/24-1024x724.png HTTP/1.1" 200 635836 "https://www.chjh.ilc.edu.tw/" "Mozilla/5.0 (Linux; Android 10; K) AppleWebKit/537.36 (KHTML, like Gecko) Chrome/150.0.0.0 Mobile Safari/537.36"
2401:e180:88e8:1194:5c42:55ff:feb3:f931 - - [17/Aug/2026:10:48:40 +0800] "GET /wp-content/uploads/sites/1482/2025/04/911%E4%BD%B3%E4%BD%9C-1024x724.jpg HTTP/1.1" 200 134650 "https://www.chjh.ilc.edu.tw/" "Mozilla/5.0 (Linux; Android 10; K) AppleWebKit/537.36 (KHTML, like Gecko) Chrome/150.0.0.0 Mobile Safari/537.36"
2401:e180:88e8:1194:5c42:55ff:feb3:f931 - - [17/Aug/2026:10:48:40 +0800] "GET /wp-content/uploads/sites/1482/2025/04/Yellow-Black-and-White-Modern-Congratulations-A4-1024x724.png HTTP/1.1" 200 313832 "https://www.chjh.ilc.edu.tw/" "Mozilla/5.0 (Linux; Android 10; K) AppleWebKit/537.36 (KHTML, like Gecko) Chrome/150.0.0.0 Mobile Safari/537.36"
2401:e180:88e8:1194:5c42:55ff:feb3:f931 - - [17/Aug/2026:10:48:40 +0800] "GET /wp-content/uploads/sites/1482/2025/04/13-1024x724.png HTTP/1.1" 200 586132 "https://www.chjh.ilc.edu.tw/" "Mozilla/5.0 (Linux; Android 10; K) AppleWebKit/537.36 (KHTML, like Gecko) Chrome/150.0.0.0 Mobile Safari/537.36"
2401:e180:88e8:1194:5c42:55ff:feb3:f931 - - [17/Aug/2026:10:48:40 +0800] "GET /wp-content/uploads/sites/1482/2025/03/12-1024x724.png HTTP/1.1" 200 569352 "https://www.chjh.ilc.edu.tw/" "Mozilla/5.0 (Linux; Android 10; K) AppleWebKit/537.36 (KHTML, like Gecko) Chrome/150.0.0.0 Mobile Safari/537.36"
2401:e180:88e8:1194:5c42:55ff:feb3:f931 - - [17/Aug/2026:10:48:41 +0800] "GET /wp-content/uploads/sites/1482/2025/03/33-1024x724.png HTTP/1.1" 200 549165 "https://www.chjh.ilc.edu.tw/" "Mozilla/5.0 (Linux; Android 10; K) AppleWebKit/537.36 (KHTML, like Gecko) Chrome/150.0.0.0 Mobile Safari/537.36"
2401:e180:88e8:1194:5c42:55ff:feb3:f931 - - [17/Aug/2026:10:48:41 +0800] "GET /wp-content/uploads/sites/1482/2025/03/23-1024x724.png HTTP/1.1" 200 548809 "https://www.chjh.ilc.edu.tw/" "Mozilla/5.0 (Linux; Android 10; K) AppleWebKit/537.36 (KHTML, like Gecko) Chrome/150.0.0.0 Mobile Safari/537.36"
2401:e180:88e8:1194:5c42:55ff:feb3:f931 - - [17/Aug/2026:10:48:41 +0800] "GET /wp-content/uploads/sites/1482/2025/02/%E6%9E%97%E7%87%88%E7%9B%83%E7%A7%91%E5%AD%B8%E7%AB%B6%E8%B3%BD-1024x683.png HTTP/1.1" 200 323756 "https://www.chjh.ilc.edu.tw/" "Mozilla/5.0 (Linux; Android 10; K) AppleWebKit/537.36 (KHTML, like Gecko) Chrome/150.0.0.0 Mobile Safari/537.36"
2401:e180:88e8:1194:5c42:55ff:feb3:f931 - - [17/Aug/2026:10:48:41 +0800] "GET /wp-content/uploads/sites/1482/2025/02/Blue-and-White-Simple-Congratulations-Card-3-1024x683.png HTTP/1.1" 200 281534 "https://www.chjh.ilc.edu.tw/" "Mozilla/5.0 (Linux; Android 10; K) AppleWebKit/537.36 (KHTML, like Gecko) Chrome/150.0.0.0 Mobile Safari/537.36"
2401:e180:88e8:1194:5c42:55ff:feb3:f931 - - [17/Aug/2026:10:48:41 +0800] "GET /wp-content/uploads/sites/1482/2024/12/Blue-and-Gold-Simple-Congratulations-Instagram-Post-1.png HTTP/1.1" 200 445623 "https://www.chjh.ilc.edu.tw/" "Mozilla/5.0 (Linux; Android 10; K) AppleWebKit/537.36 (KHTML, like Gecko) Chrome/150.0.0.0 Mobile Safari/537.36"
2401:e180:88e8:1194:5c42:55ff:feb3:f931 - - [17/Aug/2026:10:48:41 +0800] "GET /wp-content/uploads/sites/1482/2025/02/%E5%9C%8B%E4%B8%ADAPP%E6%95%B8%E7%90%86%E8%A7%A3%E9%A1%8C%E7%B5%84.png HTTP/1.1" 200 432973 "https://www.chjh.ilc.edu.tw/" "Mozilla/5.0 (Linux; Android 10; K) AppleWebKit/537.36 (KHTML, like Gecko) Chrome/150.0.0.0 Mobile Safari/537.36"
2401:e180:88e8:1194:5c42:55ff:feb3:f931 - - [17/Aug/2026:10:48:41 +0800] "GET /wp-content/uploads/sites/1482/2025/02/%E5%9C%8B%E4%B8%AD%E6%A9%9F%E6%A7%8B%E7%B5%90%E6%A7%8B%E7%B5%84.png HTTP/1.1" 200 412516 "https://www.chjh.ilc.edu.tw/" "Mozilla/5.0 (Linux; Android 10; K) AppleWebKit/537.36 (KHTML, like Gecko) Chrome/150.0.0.0 Mobile Safari/537.36"
2401:e180:88e8:1194:5c42:55ff:feb3:f931 - - [17/Aug/2026:10:48:41 +0800] "GET /wp-content/uploads/sites/1482/2025/02/%E5%9C%8B%E4%B8%ADScratch%E7%94%9F%E6%B4%BB%E6%87%89%E7%94%A8%E7%B5%84.png HTTP/1.1" 200 475327 "https://www.chjh.ilc.edu.tw/" "Mozilla/5.0 (Linux; Android 10; K) AppleWebKit/537.36 (KHTML, like Gecko) Chrome/150.0.0.0 Mobile Safari/537.36"
2401:e180:88e8:1194:5c42:55ff:feb3:f931 - - [17/Aug/2026:10:48:41 +0800] "GET /wp-content/uploads/sites/1482/2024/12/Light-blue-playful-santas-nice-list-certificate-1024x724.png HTTP/1.1" 200 415738 "https://www.chjh.ilc.edu.tw/" "Mozilla/5.0 (Linux; Android 10; K) AppleWebKit/537.36 (KHTML, like Gecko) Chrome/150.0.0.0 Mobile Safari/537.36"
2401:e180:88e8:1194:5c42:55ff:feb3:f931 - - [17/Aug/2026:10:48:41 +0800] "GET /wp-content/uploads/sites/1482/2024/12/31-1024x647.png HTTP/1.1" 200 328814 "https://www.chjh.ilc.edu.tw/" "Mozilla/5.0 (Linux; Android 10; K) AppleWebKit/537.36 (KHTML, like Gecko) Chrome/150.0.0.0 Mobile Safari/537.36"
2401:e180:88e8:1194:5c42:55ff:feb3:f931 - - [17/Aug/2026:10:48:41 +0800] "GET /wp-content/uploads/sites/1482/2024/12/21-1024x647.png HTTP/1.1" 200 347177 "https://www.chjh.ilc.edu.tw/" "Mozilla/5.0 (Linux; Android 10; K) AppleWebKit/537.36 (KHTML, like Gecko) Chrome/150.0.0.0 Mobile Safari/537.36"
2401:e180:88e8:1194:5c42:55ff:feb3:f931 - - [17/Aug/2026:10:48:41 +0800] "GET /wp-content/uploads/sites/1482/2024/12/11-1024x647.png HTTP/1.1" 200 352051 "https://www.chjh.ilc.edu.tw/" "Mozilla/5.0 (Linux; Android 10; K) AppleWebKit/537.36 (KHTML, like Gecko) Chrome/150.0.0.0 Mobile Safari/537.36"
2001:288:a239:1:d57d:24a3:b2b0:10ff - - [17/Aug/2026:10:48:41 +0800] "-" 408 339 "-" "-"
2401:e180:88e8:1194:5c42:55ff:feb3:f931 - - [17/Aug/2026:10:48:42 +0800] "GET /wp-content/uploads/sites/1482/2024/12/4_1-1024x647.png HTTP/1.1" 200 309706 "https://www.chjh.ilc.edu.tw/" "Mozilla/5.0 (Linux; Android 10; K) AppleWebKit/537.36 (KHTML, like Gecko) Chrome/150.0.0.0 Mobile Safari/537.36"
2401:e180:88e8:1194:5c42:55ff:feb3:f931 - - [17/Aug/2026:10:48:42 +0800] "GET /wp-content/uploads/sites/1482/2024/11/messageImage_1732610199011-1024x576.jpg HTTP/1.1" 200 160539 "https://www.chjh.ilc.edu.tw/" "Mozilla/5.0 (Linux; Android 10; K) AppleWebKit/537.36 (KHTML, like Gecko) Chrome/150.0.0.0 Mobile Safari/537.36"
2401:e180:88e8:1194:5c42:55ff:feb3:f931 - - [17/Aug/2026:10:48:42 +0800] "GET /wp-content/uploads/sites/1482/2024/11/messageImage_1732607904017-1024x578.jpg HTTP/1.1" 200 107824 "https://www.chjh.ilc.edu.tw/" "Mozilla/5.0 (Linux; Android 10; K) AppleWebKit/537.36 (KHTML, like Gecko) Chrome/150.0.0.0 Mobile Safari/537.36"
2401:e180:88e8:1194:5c42:55ff:feb3:f931 - - [17/Aug/2026:10:48:42 +0800] "GET /wp-content/uploads/sites/1482/2024/11/113%E5%AD%B8%E5%B9%B4%E5%BA%A6%E5%AE%9C%E8%98%AD%E7%B8%A3%E9%9F%B3%E6%A8%82%E6%AF%94%E8%B3%BD%E6%A6%9C%E5%96%AE-1024x576.jpg HTTP/1.1" 200 139607 "https://www.chjh.ilc.edu.tw/" "Mozilla/5.0 (Linux; Android 10; K) AppleWebKit/537.36 (KHTML, like Gecko) Chrome/150.0.0.0 Mobile Safari/537.36"
2401:e180:88e8:1194:5c42:55ff:feb3:f931 - - [17/Aug/2026:10:48:42 +0800] "GET /wp-content/uploads/sites/1482/2024/11/113%E5%AD%B8%E5%B9%B4%E5%BA%A6%E5%AE%9C%E8%98%AD%E7%B8%A3%E9%9F%B3%E6%A8%82%E6%AF%94%E8%B3%BD%E5%80%8B%E4%BA%BA%E8%B3%BD%E6%A6%9C%E5%96%AE-1024x576.png HTTP/1.1" 200 680770 "https://www.chjh.ilc.edu.tw/" "Mozilla/5.0 (Linux; Android 10; K) AppleWebKit/537.36 (KHTML, like Gecko) Chrome/150.0.0.0 Mobile Safari/537.36"
2401:e180:88e8:1194:5c42:55ff:feb3:f931 - - [17/Aug/2026:10:48:42 +0800] "GET /wp-content/uploads/sites/1482/2024/11/22-1024x576.jpg HTTP/1.1" 200 87947 "https://www.chjh.ilc.edu.tw/" "Mozilla/5.0 (Linux; Android 10; K) AppleWebKit/537.36 (KHTML, like Gecko) Chrome/150.0.0.0 Mobile Safari/537.36"
2401:e180:88e8:1194:5c42:55ff:feb3:f931 - - [17/Aug/2026:10:48:42 +0800] "GET /wp-content/uploads/sites/1482/2024/11/32-1024x576.jpg HTTP/1.1" 200 87986 "https://www.chjh.ilc.edu.tw/" "Mozilla/5.0 (Linux; Android 10; K) AppleWebKit/537.36 (KHTML, like Gecko) Chrome/150.0.0.0 Mobile Safari/537.36"
2401:e180:88e8:1194:5c42:55ff:feb3:f931 - - [17/Aug/2026:10:48:42 +0800] "GET /wp-content/uploads/sites/1482/2024/11/12-1024x576.jpg HTTP/1.1" 200 88002 "https://www.chjh.ilc.edu.tw/" "Mozilla/5.0 (Linux; Android 10; K) AppleWebKit/537.36 (KHTML, like Gecko) Chrome/150.0.0.0 Mobile Safari/537.36"
2401:e180:88e8:1194:5c42:55ff:feb3:f931 - - [17/Aug/2026:10:48:42 +0800] "GET /wp-content/uploads/sites/1482/2024/11/4-1024x576.jpg HTTP/1.1" 200 88028 "https://www.chjh.ilc.edu.tw/" "Mozilla/5.0 (Linux; Android 10; K) AppleWebKit/537.36 (KHTML, like Gecko) Chrome/150.0.0.0 Mobile Safari/537.36"
2401:e180:88e8:1194:5c42:55ff:feb3:f931 - - [17/Aug/2026:10:48:42 +0800] "GET /wp-content/uploads/sites/1482/2024/10/113%E7%B8%A3%E9%95%B7%E7%9B%83%E6%88%90%E7%B8%BE.jpg HTTP/1.1" 200 132560 "https://www.chjh.ilc.edu.tw/" "Mozilla/5.0 (Linux; Android 10; K) AppleWebKit/537.36 (KHTML, like Gecko) Chrome/150.0.0.0 Mobile Safari/537.36"
2401:e180:88e8:1194:5c42:55ff:feb3:f931 - - [17/Aug/2026:10:48:42 +0800] "GET /wp-content/uploads/sites/1482/2024/10/113%E5%AD%B8%E5%B9%B4%E5%BA%A6%E5%AE%9C%E8%98%AD%E7%B8%A3%E5%AD%B8%E7%94%9F%E7%BE%8E%E8%A1%93%E6%AF%94%E8%B3%BD%E5%BE%97%E7%8D%8E%E5%90%8D%E5%96%AE-1-1024x576.jpg HTTP/1.1" 200 118326 "https://www.chjh.ilc.edu.tw/" "Mozilla/5.0 (Linux; Android 10; K) AppleWebKit/537.36 (KHTML, like Gecko) Chrome/150.0.0.0 Mobile Safari/537.36"
2401:e180:88e8:1194:5c42:55ff:feb3:f931 - - [17/Aug/2026:10:48:42 +0800] "GET /wp-content/uploads/sites/1482/2024/10/19F91BED-BADA-4B34-952C-7B19F9B13D83_0.jpg HTTP/1.1" 200 155029 "https://www.chjh.ilc.edu.tw/" "Mozilla/5.0 (Linux; Android 10; K) AppleWebKit/537.36 (KHTML, like Gecko) Chrome/150.0.0.0 Mobile Safari/537.36"
2401:e180:88e8:1194:5c42:55ff:feb3:f931 - - [17/Aug/2026:10:48:42 +0800] "GET /wp-content/uploads/sites/1482/2024/10/6B7BC776-21DF-4913-A28E-9B3F623A6260_0.jpg HTTP/1.1" 200 169132 "https://www.chjh.ilc.edu.tw/" "Mozilla/5.0 (Linux; Android 10; K) AppleWebKit/537.36 (KHTML, like Gecko) Chrome/150.0.0.0 Mobile Safari/537.36"
2401:e180:88e8:1194:5c42:55ff:feb3:f931 - - [17/Aug/2026:10:48:42 +0800] "GET /wp-content/uploads/sites/1482/2024/10/4A3AFCFD-4705-4649-A6BD-0E07373961C8_0.jpg HTTP/1.1" 200 147173 "https://www.chjh.ilc.edu.tw/" "Mozilla/5.0 (Linux; Android 10; K) AppleWebKit/537.36 (KHTML, like Gecko) Chrome/150.0.0.0 Mobile Safari/537.36"
2401:e180:88e8:1194:5c42:55ff:feb3:f931 - - [17/Aug/2026:10:48:42 +0800] "GET /wp-content/uploads/sites/1482/2024/10/C0CC2755-4AFC-4F12-947D-FF0EDD733123_0.jpg HTTP/1.1" 200 174535 "https://www.chjh.ilc.edu.tw/" "Mozilla/5.0 (Linux; Android 10; K) AppleWebKit/537.36 (KHTML, like Gecko) Chrome/150.0.0.0 Mobile Safari/537.36"
2401:e180:88e8:1194:5c42:55ff:feb3:f931 - - [17/Aug/2026:10:48:42 +0800] "GET /wp-content/uploads/sites/1482/2024/09/112%E5%AD%B8%E5%B9%B4%E5%BA%A6%E7%B8%BE%E5%84%AA%E5%AE%B6%E9%95%B7%E6%9C%83-1024x576.jpg HTTP/1.1" 200 92294 "https://www.chjh.ilc.edu.tw/" "Mozilla/5.0 (Linux; Android 10; K) AppleWebKit/537.36 (KHTML, like Gecko) Chrome/150.0.0.0 Mobile Safari/537.36"
2401:e180:88e8:1194:5c42:55ff:feb3:f931 - - [17/Aug/2026:10:48:42 +0800] "GET /wp-content/uploads/sites/1482/2024/09/11-1024x576.jpg HTTP/1.1" 200 109667 "https://www.chjh.ilc.edu.tw/" "Mozilla/5.0 (Linux; Android 10; K) AppleWebKit/537.36 (KHTML, like Gecko) Chrome/150.0.0.0 Mobile Safari/537.36"
2401:e180:88e8:1194:5c42:55ff:feb3:f931 - - [17/Aug/2026:10:48:42 +0800] "GET /wp-content/uploads/sites/1482/2024/09/21-1024x576.jpg HTTP/1.1" 200 110653 "https://www.chjh.ilc.edu.tw/" "Mozilla/5.0 (Linux; Android 10; K) AppleWebKit/537.36 (KHTML, like Gecko) Chrome/150.0.0.0 Mobile Safari/537.36"
2401:e180:88e8:1194:5c42:55ff:feb3:f931 - - [17/Aug/2026:10:48:42 +0800] "GET /wp-content/uploads/sites/1482/2024/09/6_0-1024x576.jpg HTTP/1.1" 200 107138 "https://www.chjh.ilc.edu.tw/" "Mozilla/5.0 (Linux; Android 10; K) AppleWebKit/537.36 (KHTML, like Gecko) Chrome/150.0.0.0 Mobile Safari/537.36"
2401:e180:88e8:1194:5c42:55ff:feb3:f931 - - [17/Aug/2026:10:48:42 +0800] "GET /wp-content/uploads/sites/1482/2024/09/5_0-1024x576.jpg HTTP/1.1" 200 112387 "https://www.chjh.ilc.edu.tw/" "Mozilla/5.0 (Linux; Android 10; K) AppleWebKit/537.36 (KHTML, like Gecko) Chrome/150.0.0.0 Mobile Safari/537.36"
2401:e180:88e8:1194:5c42:55ff:feb3:f931 - - [17/Aug/2026:10:48:42 +0800] "GET /wp-content/uploads/sites/1482/2024/09/4_0-1024x576.jpg HTTP/1.1" 200 107126 "https://www.chjh.ilc.edu.tw/" "Mozilla/5.0 (Linux; Android 10; K) AppleWebKit/537.36 (KHTML, like Gecko) Chrome/150.0.0.0 Mobile Safari/537.36"
2401:e180:88e8:1194:5c42:55ff:feb3:f931 - - [17/Aug/2026:10:48:42 +0800] "GET /wp-content/uploads/sites/1482/2024/09/31-1024x576.jpg HTTP/1.1" 200 105049 "https://www.chjh.ilc.edu.tw/" "Mozilla/5.0 (Linux; Android 10; K) AppleWebKit/537.36 (KHTML, like Gecko) Chrome/150.0.0.0 Mobile Safari/537.36"
2401:e180:88e8:1194:5c42:55ff:feb3:f931 - - [17/Aug/2026:10:48:42 +0800] "GET /wp-content/uploads/sites/1482/2024/09/7_0-1024x576.jpg HTTP/1.1" 200 112262 "https://www.chjh.ilc.edu.tw/" "Mozilla/5.0 (Linux; Android 10; K) AppleWebKit/537.36 (KHTML, like Gecko) Chrome/150.0.0.0 Mobile Safari/537.36"
2401:e180:88e8:1194:5c42:55ff:feb3:f931 - - [17/Aug/2026:10:48:42 +0800] "GET /wp-content/uploads/sites/1482/2024/09/%E5%85%A8%E5%9C%8B%E7%A7%91%E5%B1%95%E6%81%AD%E8%B3%80%E6%B5%B7%E5%A0%B1-1024x724.jpg HTTP/1.1" 200 121729 "https://www.chjh.ilc.edu.tw/" "Mozilla/5.0 (Linux; Android 10; K) AppleWebKit/537.36 (KHTML, like Gecko) Chrome/150.0.0.0 Mobile Safari/537.36"
2401:e180:88e8:1194:5c42:55ff:feb3:f931 - - [17/Aug/2026:10:48:42 +0800] "GET /wp-content/uploads/sites/1482/2024/09/%E4%B8%AD%E8%8F%AF%E5%9C%8B%E4%B8%AD113%E5%B9%B4%E7%89%B9%E6%AE%8A%E5%84%AA%E8%89%AF%E6%95%99%E5%B8%AB%E6%A9%AB1-1024x576.jpg HTTP/1.1" 200 119919 "https://www.chjh.ilc.edu.tw/" "Mozilla/5.0 (Linux; Android 10; K) AppleWebKit/537.36 (KHTML, like Gecko) Chrome/150.0.0.0 Mobile Safari/537.36"
2401:e180:88e8:1194:5c42:55ff:feb3:f931 - - [17/Aug/2026:10:48:42 +0800] "GET /wp-content/uploads/sites/1482/2024/09/%E6%84%9B%E5%BF%83%E5%BF%97%E5%B7%A5%E7%8D%B2%E7%8D%8E-1024x576.jpg HTTP/1.1" 200 107730 "https://www.chjh.ilc.edu.tw/" "Mozilla/5.0 (Linux; Android 10; K) AppleWebKit/537.36 (KHTML, like Gecko) Chrome/150.0.0.0 Mobile Safari/537.36"
2401:e180:88e8:1194:5c42:55ff:feb3:f931 - - [17/Aug/2026:10:48:42 +0800] "GET /wp-content/uploads/sites/1482/2024/08/42-1-1024x724.png HTTP/1.1" 200 224086 "https://www.chjh.ilc.edu.tw/" "Mozilla/5.0 (Linux; Android 10; K) AppleWebKit/537.36 (KHTML, like Gecko) Chrome/150.0.0.0 Mobile Safari/537.36"
2401:e180:88e8:1194:5c42:55ff:feb3:f931 - - [17/Aug/2026:10:48:42 +0800] "GET /wp-content/uploads/sites/1482/2024/08/51-1024x724.png HTTP/1.1" 200 262375 "https://www.chjh.ilc.edu.tw/" "Mozilla/5.0 (Linux; Android 10; K) AppleWebKit/537.36 (KHTML, like Gecko) Chrome/150.0.0.0 Mobile Safari/537.36"
2401:e180:88e8:1194:5c42:55ff:feb3:f931 - - [17/Aug/2026:10:48:42 +0800] "GET /wp-content/uploads/sites/1482/2024/07/U13.%E6%9D%8E%E5%B0%9A%E6%BE%A4-%E5%AE%89%E6%9B%BC.%E9%98%BF%E6%8B%89%E6%9C%A8%E5%9C%96.jpg HTTP/1.1" 200 127219 "https://www.chjh.ilc.edu.tw/" "Mozilla/5.0 (Linux; Android 10; K) AppleWebKit/537.36 (KHTML, like Gecko) Chrome/150.0.0.0 Mobile Safari/537.36"
2401:e180:88e8:1194:5c42:55ff:feb3:f931 - - [17/Aug/2026:10:48:42 +0800] "GET /wp-content/uploads/sites/1482/2024/08/113-%E5%AF%A6%E9%A9%97%E7%8F%AD%E6%A6%9C%E5%96%AE_0-1-1024x724.png HTTP/1.1" 200 259428 "https://www.chjh.ilc.edu.tw/" "Mozilla/5.0 (Linux; Android 10; K) AppleWebKit/537.36 (KHTML, like Gecko) Chrome/150.0.0.0 Mobile Safari/537.36"
2401:e180:88e8:1194:5c42:55ff:feb3:f931 - - [17/Aug/2026:10:48:42 +0800] "GET /wp-content/uploads/sites/1482/2024/11/special-offer-1-1024x819.png HTTP/1.1" 200 1303147 "https://www.chjh.ilc.edu.tw/" "Mozilla/5.0 (Linux; Android 10; K) AppleWebKit/537.36 (KHTML, like Gecko) Chrome/150.0.0.0 Mobile Safari/537.36"
2401:e180:88e8:1194:5c42:55ff:feb3:f931 - - [17/Aug/2026:10:48:42 +0800] "GET /wp-content/uploads/sites/1482/2024/07/messageImage_1720946569567.jpg HTTP/1.1" 200 114602 "https://www.chjh.ilc.edu.tw/" "Mozilla/5.0 (Linux; Android 10; K) AppleWebKit/537.36 (KHTML, like Gecko) Chrome/150.0.0.0 Mobile Safari/537.36"
2401:e180:88e8:1194:5c42:55ff:feb3:f931 - - [17/Aug/2026:10:48:42 +0800] "GET /wp-content/uploads/sites/1482/2024/05/U13.%E6%9D%8E%E5%B0%9A%E6%BE%A4.jpg HTTP/1.1" 200 112278 "https://www.chjh.ilc.edu.tw/" "Mozilla/5.0 (Linux; Android 10; K) AppleWebKit/537.36 (KHTML, like Gecko) Chrome/150.0.0.0 Mobile Safari/537.36"
2401:e180:88e8:1194:5c42:55ff:feb3:f931 - - [17/Aug/2026:10:48:43 +0800] "GET /wp-content/uploads/sites/1482/2024/05/113%E5%9C%8B%E4%B8%AD%E7%B1%83%E7%90%83%E8%81%AF%E8%B3%BD%E6%88%90%E7%B8%BE.jpg HTTP/1.1" 200 109608 "https://www.chjh.ilc.edu.tw/" "Mozilla/5.0 (Linux; Android 10; K) AppleWebKit/537.36 (KHTML, like Gecko) Chrome/150.0.0.0 Mobile Safari/537.36"
2401:e180:88e8:1194:5c42:55ff:feb3:f931 - - [17/Aug/2026:10:48:43 +0800] "GET /wp-content/uploads/sites/1482/2024/05/113%E5%85%A8%E4%B8%AD%E9%81%8B%E6%88%90%E7%B8%BE.jpg HTTP/1.1" 200 107339 "https://www.chjh.ilc.edu.tw/" "Mozilla/5.0 (Linux; Android 10; K) AppleWebKit/537.36 (KHTML, like Gecko) Chrome/150.0.0.0 Mobile Safari/537.36"
2401:e180:88e8:1194:5c42:55ff:feb3:f931 - - [17/Aug/2026:10:48:43 +0800] "GET /wp-content/uploads/sites/1482/2024/04/%E7%B0%A1%E5%A0%B1%E9%81%94%E4%BA%BA%E7%AB%B6%E8%B3%BD%E6%A6%9C%E5%96%AE-1024x724.png HTTP/1.1" 200 208408 "https://www.chjh.ilc.edu.tw/" "Mozilla/5.0 (Linux; Android 10; K) AppleWebKit/537.36 (KHTML, like Gecko) Chrome/150.0.0.0 Mobile Safari/537.36"
2401:e180:88e8:1194:5c42:55ff:feb3:f931 - - [17/Aug/2026:10:48:43 +0800] "GET /wp-content/uploads/sites/1482/2024/04/1-1024x576.png HTTP/1.1" 200 352712 "https://www.chjh.ilc.edu.tw/" "Mozilla/5.0 (Linux; Android 10; K) AppleWebKit/537.36 (KHTML, like Gecko) Chrome/150.0.0.0 Mobile Safari/537.36"
2401:e180:88e8:1194:5c42:55ff:feb3:f931 - - [17/Aug/2026:10:48:43 +0800] "GET /wp-content/uploads/sites/1482/2024/04/2-1024x576.png HTTP/1.1" 200 331850 "https://www.chjh.ilc.edu.tw/" "Mozilla/5.0 (Linux; Android 10; K) AppleWebKit/537.36 (KHTML, like Gecko) Chrome/150.0.0.0 Mobile Safari/537.36"
2401:e180:88e8:1194:5c42:55ff:feb3:f931 - - [17/Aug/2026:10:48:43 +0800] "GET /wp-content/uploads/sites/1482/2024/04/%E6%A6%9C%E5%96%AE1-1024x724.png HTTP/1.1" 200 206501 "https://www.chjh.ilc.edu.tw/" "Mozilla/5.0 (Linux; Android 10; K) AppleWebKit/537.36 (KHTML, like Gecko) Chrome/150.0.0.0 Mobile Safari/537.36"
2401:e180:88e8:1194:5c42:55ff:feb3:f931 - - [17/Aug/2026:10:48:43 +0800] "GET /wp-content/uploads/sites/1482/2024/04/1-1024x724.jpg HTTP/1.1" 200 153314 "https://www.chjh.ilc.edu.tw/" "Mozilla/5.0 (Linux; Android 10; K) AppleWebKit/537.36 (KHTML, like Gecko) Chrome/150.0.0.0 Mobile Safari/537.36"
