66.249.68.200 - - [17/Aug/2026:10:49:20 +0800] "GET /1279/category/c-83251/ HTTP/1.1" 200 18128 "-" "Mozilla/5.0 (compatible; Googlebot/2.1; +http://www.google.com/bot.html)"
2001:288:a201::66:125 - - [17/Aug/2026:10:49:20 +0800] "GET /blog/active.php HTTP/1.1" 301 1026 "-" "-"
2001:288:a201::66:125 - - [17/Aug/2026:10:49:20 +0800] "GET /blog/active.php HTTP/1.1" 404 1084 "-" "-"
52.167.144.158 - - [17/Aug/2026:10:49:23 +0800] "GET /3154/2016/05/ HTTP/1.1" 200 30475 "-" "Mozilla/5.0 AppleWebKit/537.36 (KHTML, like Gecko; compatible; bingbot/2.0; +http://www.bing.com/bingbot.htm) Chrome/116.0.1938.76 Safari/537.36"
140.111.175.162 - - [17/Aug/2026:10:49:24 +0800] "-" 408 4791 "-" "-"
66.249.68.136 - - [17/Aug/2026:10:49:22 +0800] "GET /wp-login.php?action=ilc_logout&_wpnonce=43754d0aad&redirect_to=http://eshomedesign.ru/job/80920/ HTTP/1.1" 302 3462 "-" "Mozilla/5.0 (Linux; Android 6.0.1; Nexus 5X Build/MMB29P) AppleWebKit/537.36 (KHTML, like Gecko) Chrome/150.0.7871.186 Mobile Safari/537.36 (compatible; Googlebot/2.1; +http://www.google.com/bot.html)"
66.249.68.200 - - [17/Aug/2026:10:49:24 +0800] "GET /1279/wp-content/themes/hueman/assets/front/webfonts/fa-solid-900.woff2?v=5.15.2 HTTP/1.1" 200 81301 "https://2blog.ilc.edu.tw/1279/category/c-83251/" "Mozilla/5.0 AppleWebKit/537.36 (KHTML, like Gecko; compatible; Googlebot/2.1; +http://www.google.com/bot.html) Chrome/150.0.7871.186 Safari/537.36"
140.111.67.10 - - [17/Aug/2026:10:49:25 +0800] "GET /" 301 273 "-" "-"
1.170.6.184 - - [17/Aug/2026:10:49:25 +0800] "GET /wp-content/uploads/sites/233/1003/1003-3796304.jpg HTTP/1.1" 200 113847 "https://2blog.ilc.edu.tw/1003/2017/03/21/%E5%9B%9B%E4%B8%8B%E7%AC%AC3%E9%80%B1%E5%80%92%E6%95%98%E6%B3%95%E5%AF%AB%E4%BD%9C%E4%B8%80%E6%9D%9F%E9%AE%AE%E8%8A%B1/" "Mozilla/5.0 (Windows NT 10.0; Win64; x64) AppleWebKit/537.36 (KHTML, like Gecko) Chrome/151.0.0.0 Safari/537.36"
2402:7500:5fb:4fc9:e559:460f:b927:1ad6 - - [17/Aug/2026:10:49:25 +0800] "GET / HTTP/1.1" 200 29750 "-" "Mozilla/5.0 (Windows NT 10.0; Win64; x64) AppleWebKit/537.36 (KHTML, like Gecko) Chrome/151.0.0.0 Safari/537.36"
2402:7500:5fb:4fc9:e559:460f:b927:1ad6 - - [17/Aug/2026:10:49:25 +0800] "GET /wp-content/cache/www.fsjh.ilc.edu.tw/wpfc-minified/k1jimmmj/6wah.css HTTP/1.1" 200 40894 "https://www.fsjh.ilc.edu.tw/" "Mozilla/5.0 (Windows NT 10.0; Win64; x64) AppleWebKit/537.36 (KHTML, like Gecko) Chrome/151.0.0.0 Safari/537.36"
2001:288:a201::66:125 - - [17/Aug/2026:10:49:25 +0800] "GET /blog/active.php HTTP/1.1" 404 1084 "-" "-"
2001:288:a201::66:125 - - [17/Aug/2026:10:49:25 +0800] "GET /blog/active.php HTTP/1.1" 301 1026 "-" "-"
2402:7500:5fb:4fc9:e559:460f:b927:1ad6 - - [17/Aug/2026:10:49:25 +0800] "GET /wp-content/cache/www.fsjh.ilc.edu.tw/wpfc-minified/qkv37ig4/6wah.css HTTP/1.1" 200 1500 "https://www.fsjh.ilc.edu.tw/" "Mozilla/5.0 (Windows NT 10.0; Win64; x64) AppleWebKit/537.36 (KHTML, like Gecko) Chrome/151.0.0.0 Safari/537.36"
2402:7500:5fb:4fc9:e559:460f:b927:1ad6 - - [17/Aug/2026:10:49:25 +0800] "GET /wp-content/uploads/sites/2666/elementor/css/post-81.css HTTP/1.1" 200 1321 "https://www.fsjh.ilc.edu.tw/" "Mozilla/5.0 (Windows NT 10.0; Win64; x64) AppleWebKit/537.36 (KHTML, like Gecko) Chrome/151.0.0.0 Safari/537.36"
2402:7500:5fb:4fc9:e559:460f:b927:1ad6 - - [17/Aug/2026:10:49:25 +0800] "GET /wp-content/uploads/sites/2666/elementor/css/post-103.css HTTP/1.1" 200 5806 "https://www.fsjh.ilc.edu.tw/" "Mozilla/5.0 (Windows NT 10.0; Win64; x64) AppleWebKit/537.36 (KHTML, like Gecko) Chrome/151.0.0.0 Safari/537.36"
2402:7500:5fb:4fc9:e559:460f:b927:1ad6 - - [17/Aug/2026:10:49:25 +0800] "GET /wp-content/cache/www.fsjh.ilc.edu.tw/wpfc-minified/6klmbkv7/6wah.css HTTP/1.1" 200 28117 "https://www.fsjh.ilc.edu.tw/" "Mozilla/5.0 (Windows NT 10.0; Win64; x64) AppleWebKit/537.36 (KHTML, like Gecko) Chrome/151.0.0.0 Safari/537.36"
2402:7500:5fb:4fc9:e559:460f:b927:1ad6 - - [17/Aug/2026:10:49:25 +0800] "GET /wp-content/cache/www.fsjh.ilc.edu.tw/wpfc-minified/6ke5b2m4/6wah.css HTTP/1.1" 200 47642 "https://www.fsjh.ilc.edu.tw/" "Mozilla/5.0 (Windows NT 10.0; Win64; x64) AppleWebKit/537.36 (KHTML, like Gecko) Chrome/151.0.0.0 Safari/537.36"
2402:7500:5fb:4fc9:e559:460f:b927:1ad6 - - [17/Aug/2026:10:49:25 +0800] "GET /wp-content/cache/www.fsjh.ilc.edu.tw/wpfc-minified/dj5cq5sf/6wah.css HTTP/1.1" 200 7705 "https://www.fsjh.ilc.edu.tw/" "Mozilla/5.0 (Windows NT 10.0; Win64; x64) AppleWebKit/537.36 (KHTML, like Gecko) Chrome/151.0.0.0 Safari/537.36"
2402:7500:5fb:4fc9:e559:460f:b927:1ad6 - - [17/Aug/2026:10:49:25 +0800] "GET /wp-content/cache/www.fsjh.ilc.edu.tw/wpfc-minified/qa4zgiv7/6wah.css HTTP/1.1" 200 1138 "https://www.fsjh.ilc.edu.tw/" "Mozilla/5.0 (Windows NT 10.0; Win64; x64) AppleWebKit/537.36 (KHTML, like Gecko) Chrome/151.0.0.0 Safari/537.36"
2402:7500:5fb:4fc9:e559:460f:b927:1ad6 - - [17/Aug/2026:10:49:25 +0800] "GET /wp-content/cache/www.fsjh.ilc.edu.tw/wpfc-minified/7z76wlqj/6wah.js HTTP/1.1" 200 35559 "https://www.fsjh.ilc.edu.tw/" "Mozilla/5.0 (Windows NT 10.0; Win64; x64) AppleWebKit/537.36 (KHTML, like Gecko) Chrome/151.0.0.0 Safari/537.36"
2402:7500:5fb:4fc9:e559:460f:b927:1ad6 - - [17/Aug/2026:10:49:25 +0800] "GET /wp-content/cache/www.fsjh.ilc.edu.tw/wpfc-minified/lm0klrml/6wah.css HTTP/1.1" 200 93590 "https://www.fsjh.ilc.edu.tw/" "Mozilla/5.0 (Windows NT 10.0; Win64; x64) AppleWebKit/537.36 (KHTML, like Gecko) Chrome/151.0.0.0 Safari/537.36"
2402:7500:5fb:4fc9:e559:460f:b927:1ad6 - - [17/Aug/2026:10:49:25 +0800] "GET /wp-content/cache/www.fsjh.ilc.edu.tw/wpfc-minified/lco27ft0/6wah.js HTTP/1.1" 200 3453 "https://www.fsjh.ilc.edu.tw/" "Mozilla/5.0 (Windows NT 10.0; Win64; x64) AppleWebKit/537.36 (KHTML, like Gecko) Chrome/151.0.0.0 Safari/537.36"
2402:7500:5fb:4fc9:e559:460f:b927:1ad6 - - [17/Aug/2026:10:49:25 +0800] "GET /wp-content/uploads/sites/2666/2020/10/cropped-040628%E5%BE%A9%E8%88%88%E5%9C%8B%E4%B8%ADlogo-only-FSblue-2.gif HTTP/1.1" 200 11341 "https://www.fsjh.ilc.edu.tw/" "Mozilla/5.0 (Windows NT 10.0; Win64; x64) AppleWebKit/537.36 (KHTML, like Gecko) Chrome/151.0.0.0 Safari/537.36"
2402:7500:5fb:4fc9:e559:460f:b927:1ad6 - - [17/Aug/2026:10:49:25 +0800] "GET /wp-includes/js/hoverintent-js.min.js HTTP/1.1" 200 1597 "https://www.fsjh.ilc.edu.tw/" "Mozilla/5.0 (Windows NT 10.0; Win64; x64) AppleWebKit/537.36 (KHTML, like Gecko) Chrome/151.0.0.0 Safari/537.36"
2402:7500:5fb:4fc9:e559:460f:b927:1ad6 - - [17/Aug/2026:10:49:25 +0800] "GET /wp-includes/js/admin-bar.min.js HTTP/1.1" 200 2237 "https://www.fsjh.ilc.edu.tw/" "Mozilla/5.0 (Windows NT 10.0; Win64; x64) AppleWebKit/537.36 (KHTML, like Gecko) Chrome/151.0.0.0 Safari/537.36"
2402:7500:5fb:4fc9:e559:460f:b927:1ad6 - - [17/Aug/2026:10:49:26 +0800] "GET /wp-content/themes/oceanwp/assets/js/full-screen-mobile-menu.min.js HTTP/1.1" 200 4638 "https://www.fsjh.ilc.edu.tw/" "Mozilla/5.0 (Windows NT 10.0; Win64; x64) AppleWebKit/537.36 (KHTML, like Gecko) Chrome/151.0.0.0 Safari/537.36"
2402:7500:5fb:4fc9:e559:460f:b927:1ad6 - - [17/Aug/2026:10:49:26 +0800] "GET /wp-content/themes/oceanwp/assets/js/drop-down-search.min.js HTTP/1.1" 200 2968 "https://www.fsjh.ilc.edu.tw/" "Mozilla/5.0 (Windows NT 10.0; Win64; x64) AppleWebKit/537.36 (KHTML, like Gecko) Chrome/151.0.0.0 Safari/537.36"
2402:7500:5fb:4fc9:e559:460f:b927:1ad6 - - [17/Aug/2026:10:49:26 +0800] "GET /wp-content/themes/oceanwp/assets/js/vendors/magnific-popup.min.js HTTP/1.1" 200 8270 "https://www.fsjh.ilc.edu.tw/" "Mozilla/5.0 (Windows NT 10.0; Win64; x64) AppleWebKit/537.36 (KHTML, like Gecko) Chrome/151.0.0.0 Safari/537.36"
2402:7500:5fb:4fc9:e559:460f:b927:1ad6 - - [17/Aug/2026:10:49:26 +0800] "GET /wp-includes/js/imagesloaded.min.js HTTP/1.1" 200 2683 "https://www.fsjh.ilc.edu.tw/" "Mozilla/5.0 (Windows NT 10.0; Win64; x64) AppleWebKit/537.36 (KHTML, like Gecko) Chrome/151.0.0.0 Safari/537.36"
2402:7500:5fb:4fc9:e559:460f:b927:1ad6 - - [17/Aug/2026:10:49:26 +0800] "GET /wp-content/themes/oceanwp/assets/js/theme.min.js HTTP/1.1" 200 5130 "https://www.fsjh.ilc.edu.tw/" "Mozilla/5.0 (Windows NT 10.0; Win64; x64) AppleWebKit/537.36 (KHTML, like Gecko) Chrome/151.0.0.0 Safari/537.36"
2402:7500:5fb:4fc9:e559:460f:b927:1ad6 - - [17/Aug/2026:10:49:26 +0800] "GET /wp-content/themes/oceanwp/assets/js/ow-lightbox.min.js HTTP/1.1" 200 2321 "https://www.fsjh.ilc.edu.tw/" "Mozilla/5.0 (Windows NT 10.0; Win64; x64) AppleWebKit/537.36 (KHTML, like Gecko) Chrome/151.0.0.0 Safari/537.36"
2402:7500:5fb:4fc9:e559:460f:b927:1ad6 - - [17/Aug/2026:10:49:26 +0800] "GET /wp-content/uploads/sites/2666/2021/04/bg18.gif HTTP/1.1" 200 4792 "https://www.fsjh.ilc.edu.tw/" "Mozilla/5.0 (Windows NT 10.0; Win64; x64) AppleWebKit/537.36 (KHTML, like Gecko) Chrome/151.0.0.0 Safari/537.36"
2402:7500:5fb:4fc9:e559:460f:b927:1ad6 - - [17/Aug/2026:10:49:26 +0800] "GET /wp-content/uploads/sites/2666/2021/04/BLOG_Banner.jpg HTTP/1.1" 200 103266 "https://www.fsjh.ilc.edu.tw/" "Mozilla/5.0 (Windows NT 10.0; Win64; x64) AppleWebKit/537.36 (KHTML, like Gecko) Chrome/151.0.0.0 Safari/537.36"
2402:7500:5fb:4fc9:e559:460f:b927:1ad6 - - [17/Aug/2026:10:49:26 +0800] "GET /wp-content/themes/oceanwp/assets/js/vendors/flickity.pkgd.min.js HTTP/1.1" 200 15048 "https://www.fsjh.ilc.edu.tw/" "Mozilla/5.0 (Windows NT 10.0; Win64; x64) AppleWebKit/537.36 (KHTML, like Gecko) Chrome/151.0.0.0 Safari/537.36"
2402:7500:5fb:4fc9:e559:460f:b927:1ad6 - - [17/Aug/2026:10:49:26 +0800] "GET /wp-content/themes/oceanwp/assets/js/scroll-effect.min.js HTTP/1.1" 200 4127 "https://www.fsjh.ilc.edu.tw/" "Mozilla/5.0 (Windows NT 10.0; Win64; x64) AppleWebKit/537.36 (KHTML, like Gecko) Chrome/151.0.0.0 Safari/537.36"
2402:7500:5fb:4fc9:e559:460f:b927:1ad6 - - [17/Aug/2026:10:49:26 +0800] "GET /wp-content/themes/oceanwp/assets/js/ow-slider.min.js HTTP/1.1" 200 1761 "https://www.fsjh.ilc.edu.tw/" "Mozilla/5.0 (Windows NT 10.0; Win64; x64) AppleWebKit/537.36 (KHTML, like Gecko) Chrome/151.0.0.0 Safari/537.36"
2402:7500:5fb:4fc9:e559:460f:b927:1ad6 - - [17/Aug/2026:10:49:26 +0800] "GET /wp-content/themes/oceanwp/assets/js/scroll-top.min.js HTTP/1.1" 200 3202 "https://www.fsjh.ilc.edu.tw/" "Mozilla/5.0 (Windows NT 10.0; Win64; x64) AppleWebKit/537.36 (KHTML, like Gecko) Chrome/151.0.0.0 Safari/537.36"
2402:7500:5fb:4fc9:e559:460f:b927:1ad6 - - [17/Aug/2026:10:49:26 +0800] "GET /wp-content/themes/oceanwp/assets/fonts/fontawesome/webfonts/fa-regular-400.woff2 HTTP/1.1" 200 25383 "https://www.fsjh.ilc.edu.tw/wp-content/cache/www.fsjh.ilc.edu.tw/wpfc-minified/lm0klrml/6wah.css" "Mozilla/5.0 (Windows NT 10.0; Win64; x64) AppleWebKit/537.36 (KHTML, like Gecko) Chrome/151.0.0.0 Safari/537.36"
2402:7500:5fb:4fc9:e559:460f:b927:1ad6 - - [17/Aug/2026:10:49:26 +0800] "GET /wp-content/themes/oceanwp/assets/js/select.min.js HTTP/1.1" 200 2408 "https://www.fsjh.ilc.edu.tw/" "Mozilla/5.0 (Windows NT 10.0; Win64; x64) AppleWebKit/537.36 (KHTML, like Gecko) Chrome/151.0.0.0 Safari/537.36"
2402:7500:5fb:4fc9:e559:460f:b927:1ad6 - - [17/Aug/2026:10:49:26 +0800] "GET /wp-content/plugins/ocean-extra/includes/widgets/js/flickr.min.js HTTP/1.1" 200 1319 "https://www.fsjh.ilc.edu.tw/" "Mozilla/5.0 (Windows NT 10.0; Win64; x64) AppleWebKit/537.36 (KHTML, like Gecko) Chrome/151.0.0.0 Safari/537.36"
2402:7500:5fb:4fc9:e559:460f:b927:1ad6 - - [17/Aug/2026:10:49:26 +0800] "GET /wp-content/plugins/elementor/assets/js/webpack.runtime.min.js HTTP/1.1" 200 3095 "https://www.fsjh.ilc.edu.tw/" "Mozilla/5.0 (Windows NT 10.0; Win64; x64) AppleWebKit/537.36 (KHTML, like Gecko) Chrome/151.0.0.0 Safari/537.36"
2402:7500:5fb:4fc9:e559:460f:b927:1ad6 - - [17/Aug/2026:10:49:26 +0800] "GET /wp-content/plugins/elementor-pro/assets/js/webpack-pro.runtime.min.js HTTP/1.1" 200 3562 "https://www.fsjh.ilc.edu.tw/" "Mozilla/5.0 (Windows NT 10.0; Win64; x64) AppleWebKit/537.36 (KHTML, like Gecko) Chrome/151.0.0.0 Safari/537.36"
2402:7500:5fb:4fc9:e559:460f:b927:1ad6 - - [17/Aug/2026:10:49:26 +0800] "GET /wp-content/plugins/elementor/assets/js/frontend-modules.min.js HTTP/1.1" 200 19416 "https://www.fsjh.ilc.edu.tw/" "Mozilla/5.0 (Windows NT 10.0; Win64; x64) AppleWebKit/537.36 (KHTML, like Gecko) Chrome/151.0.0.0 Safari/537.36"
2402:7500:5fb:4fc9:e559:460f:b927:1ad6 - - [17/Aug/2026:10:49:26 +0800] "GET /wp-includes/js/dist/hooks.min.js HTTP/1.1" 200 2421 "https://www.fsjh.ilc.edu.tw/" "Mozilla/5.0 (Windows NT 10.0; Win64; x64) AppleWebKit/537.36 (KHTML, like Gecko) Chrome/151.0.0.0 Safari/537.36"
2402:7500:5fb:4fc9:e559:460f:b927:1ad6 - - [17/Aug/2026:10:49:26 +0800] "GET /wp-includes/js/dist/i18n.min.js HTTP/1.1" 200 4547 "https://www.fsjh.ilc.edu.tw/" "Mozilla/5.0 (Windows NT 10.0; Win64; x64) AppleWebKit/537.36 (KHTML, like Gecko) Chrome/151.0.0.0 Safari/537.36"
2402:7500:5fb:4fc9:e559:460f:b927:1ad6 - - [17/Aug/2026:10:49:26 +0800] "GET /wp-content/plugins/elementor-pro/assets/js/frontend.min.js HTTP/1.1" 200 7574 "https://www.fsjh.ilc.edu.tw/" "Mozilla/5.0 (Windows NT 10.0; Win64; x64) AppleWebKit/537.36 (KHTML, like Gecko) Chrome/151.0.0.0 Safari/537.36"
2402:7500:5fb:4fc9:e559:460f:b927:1ad6 - - [17/Aug/2026:10:49:26 +0800] "GET /wp-content/plugins/elementor/assets/lib/waypoints/waypoints.min.js HTTP/1.1" 200 3873 "https://www.fsjh.ilc.edu.tw/" "Mozilla/5.0 (Windows NT 10.0; Win64; x64) AppleWebKit/537.36 (KHTML, like Gecko) Chrome/151.0.0.0 Safari/537.36"
2402:7500:5fb:4fc9:e559:460f:b927:1ad6 - - [17/Aug/2026:10:49:26 +0800] "GET /wp-includes/js/jquery/ui/core.min.js HTTP/1.1" 200 7986 "https://www.fsjh.ilc.edu.tw/" "Mozilla/5.0 (Windows NT 10.0; Win64; x64) AppleWebKit/537.36 (KHTML, like Gecko) Chrome/151.0.0.0 Safari/537.36"
2402:7500:5fb:4fc9:e559:460f:b927:1ad6 - - [17/Aug/2026:10:49:26 +0800] "GET /wp-content/plugins/elementor/assets/js/frontend.min.js HTTP/1.1" 200 13169 "https://www.fsjh.ilc.edu.tw/" "Mozilla/5.0 (Windows NT 10.0; Win64; x64) AppleWebKit/537.36 (KHTML, like Gecko) Chrome/151.0.0.0 Safari/537.36"
2402:7500:5fb:4fc9:e559:460f:b927:1ad6 - - [17/Aug/2026:10:49:26 +0800] "GET /wp-content/plugins/elementor-pro/assets/js/elements-handlers.min.js HTTP/1.1" 200 10882 "https://www.fsjh.ilc.edu.tw/" "Mozilla/5.0 (Windows NT 10.0; Win64; x64) AppleWebKit/537.36 (KHTML, like Gecko) Chrome/151.0.0.0 Safari/537.36"
2402:7500:5fb:4fc9:e559:460f:b927:1ad6 - - [17/Aug/2026:10:49:26 +0800] "GET /wp-content/plugins/wp-dtree-30/dtree-img/join.gif HTTP/1.1" 200 894 "https://www.fsjh.ilc.edu.tw/" "Mozilla/5.0 (Windows NT 10.0; Win64; x64) AppleWebKit/537.36 (KHTML, like Gecko) Chrome/151.0.0.0 Safari/537.36"
2402:7500:5fb:4fc9:e559:460f:b927:1ad6 - - [17/Aug/2026:10:49:26 +0800] "GET /wp-content/plugins/wp-dtree-30/dtree-img/joinbottom.gif HTTP/1.1" 200 891 "https://www.fsjh.ilc.edu.tw/" "Mozilla/5.0 (Windows NT 10.0; Win64; x64) AppleWebKit/537.36 (KHTML, like Gecko) Chrome/151.0.0.0 Safari/537.36"
66.249.68.200 - - [17/Aug/2026:10:49:26 +0800] "GET /1279/wp-includes/js/hoverintent-js.min.js HTTP/1.1" 200 1597 "https://2blog.ilc.edu.tw/1279/category/c-83251/" "Mozilla/5.0 AppleWebKit/537.36 (KHTML, like Gecko; compatible; Googlebot/2.1; +http://www.google.com/bot.html) Chrome/150.0.7871.186 Safari/537.36"
2402:7500:5fb:4fc9:e559:460f:b927:1ad6 - - [17/Aug/2026:10:49:27 +0800] "GET /wp-content/uploads/sites/2666/2020/10/cropped-040628%E5%BE%A9%E8%88%88%E5%9C%8B%E4%B8%ADlogo-only-FSblue-3-32x32.gif HTTP/1.1" 200 1778 "https://www.fsjh.ilc.edu.tw/" "Mozilla/5.0 (Windows NT 10.0; Win64; x64) AppleWebKit/537.36 (KHTML, like Gecko) Chrome/151.0.0.0 Safari/537.36"
66.249.68.200 - - [17/Aug/2026:10:49:28 +0800] "GET /1279/wp-includes/js/admin-bar.min.js HTTP/1.1" 200 2237 "https://2blog.ilc.edu.tw/1279/category/c-83251/" "Mozilla/5.0 AppleWebKit/537.36 (KHTML, like Gecko; compatible; Googlebot/2.1; +http://www.google.com/bot.html) Chrome/150.0.7871.186 Safari/537.36"
140.111.67.195 - - [17/Aug/2026:10:49:28 +0800] "GET /wp-admin/admin-post.php?action=steps_ad HTTP/1.1" 200 1973 "-" "node-fetch/1.0 (+https://github.com/bitinn/node-fetch)"
2001:288:a27b:1:1ceb:50bd:68b9:fbba - - [17/Aug/2026:10:49:29 +0800] "-" 408 4791 "-" "-"
140.111.67.195 - - [17/Aug/2026:10:49:29 +0800] "GET /wp-admin/admin-post.php?action=steps_ad HTTP/1.1" 200 1649 "-" "node-fetch/1.0 (+https://github.com/bitinn/node-fetch)"
2001:288:a27b:1:1ceb:50bd:68b9:fbba - - [17/Aug/2026:10:49:29 +0800] "-" 408 4791 "-" "-"
140.111.67.10 - - [17/Aug/2026:10:49:30 +0800] "GET /" 301 273 "-" "-"
2407:4b00:2c07:238b:e1b0:74c2:fa9c:9997 - - [17/Aug/2026:10:49:30 +0800] "GET /%E5%B0%8E%E5%B8%AB%E5%9C%98%E9%9A%8A/ HTTP/1.1" 200 25131 "-" "Mozilla/5.0 (Windows NT 10.0; Win64; x64) AppleWebKit/537.36 (KHTML, like Gecko) Chrome/151.0.0.0 Safari/537.36 Edg/151.0.0.0"
2001:288:a201::66:125 - - [17/Aug/2026:10:49:30 +0800] "GET /blog/active.php HTTP/1.1" 301 1026 "-" "-"
2407:4b00:2c07:238b:e1b0:74c2:fa9c:9997 - - [17/Aug/2026:10:49:30 +0800] "GET /wp-content/cache/www.csjh.ilc.edu.tw/wpfc-minified/lbex5fu3/7f09.css HTTP/1.1" 200 15782 "https://www.csjh.ilc.edu.tw/%E5%B0%8E%E5%B8%AB%E5%9C%98%E9%9A%8A/" "Mozilla/5.0 (Windows NT 10.0; Win64; x64) AppleWebKit/537.36 (KHTML, like Gecko) Chrome/151.0.0.0 Safari/537.36 Edg/151.0.0.0"
2001:288:a201::66:125 - - [17/Aug/2026:10:49:30 +0800] "GET /blog/active.php HTTP/1.1" 404 1084 "-" "-"
2407:4b00:2c07:238b:e1b0:74c2:fa9c:9997 - - [17/Aug/2026:10:49:30 +0800] "GET /wp-content/cache/www.csjh.ilc.edu.tw/wpfc-minified/8iijl7pq/7f09.css HTTP/1.1" 200 8324 "https://www.csjh.ilc.edu.tw/%E5%B0%8E%E5%B8%AB%E5%9C%98%E9%9A%8A/" "Mozilla/5.0 (Windows NT 10.0; Win64; x64) AppleWebKit/537.36 (KHTML, like Gecko) Chrome/151.0.0.0 Safari/537.36 Edg/151.0.0.0"
2407:4b00:2c07:238b:e1b0:74c2:fa9c:9997 - - [17/Aug/2026:10:49:30 +0800] "GET /wp-content/cache/www.csjh.ilc.edu.tw/wpfc-minified/76rubghl/7160.css HTTP/1.1" 200 25093 "https://www.csjh.ilc.edu.tw/%E5%B0%8E%E5%B8%AB%E5%9C%98%E9%9A%8A/" "Mozilla/5.0 (Windows NT 10.0; Win64; x64) AppleWebKit/537.36 (KHTML, like Gecko) Chrome/151.0.0.0 Safari/537.36 Edg/151.0.0.0"
2407:4b00:2c07:238b:e1b0:74c2:fa9c:9997 - - [17/Aug/2026:10:49:30 +0800] "GET /wp-content/cache/www.csjh.ilc.edu.tw/wpfc-minified/lleg75mu/7f09.css HTTP/1.1" 200 9636 "https://www.csjh.ilc.edu.tw/%E5%B0%8E%E5%B8%AB%E5%9C%98%E9%9A%8A/" "Mozilla/5.0 (Windows NT 10.0; Win64; x64) AppleWebKit/537.36 (KHTML, like Gecko) Chrome/151.0.0.0 Safari/537.36 Edg/151.0.0.0"
2407:4b00:2c07:238b:e1b0:74c2:fa9c:9997 - - [17/Aug/2026:10:49:30 +0800] "GET /wp-content/cache/www.csjh.ilc.edu.tw/wpfc-minified/1bot10hg/7160.css HTTP/1.1" 200 64946 "https://www.csjh.ilc.edu.tw/%E5%B0%8E%E5%B8%AB%E5%9C%98%E9%9A%8A/" "Mozilla/5.0 (Windows NT 10.0; Win64; x64) AppleWebKit/537.36 (KHTML, like Gecko) Chrome/151.0.0.0 Safari/537.36 Edg/151.0.0.0"
2407:4b00:2c07:238b:e1b0:74c2:fa9c:9997 - - [17/Aug/2026:10:49:30 +0800] "GET /wp-content/plugins/elementor/assets/lib/font-awesome/js/v4-shims.min.js HTTP/1.1" 200 5089 "https://www.csjh.ilc.edu.tw/%E5%B0%8E%E5%B8%AB%E5%9C%98%E9%9A%8A/" "Mozilla/5.0 (Windows NT 10.0; Win64; x64) AppleWebKit/537.36 (KHTML, like Gecko) Chrome/151.0.0.0 Safari/537.36 Edg/151.0.0.0"
2407:4b00:2c07:238b:e1b0:74c2:fa9c:9997 - - [17/Aug/2026:10:49:31 +0800] "GET /wp-content/themes/oceanwp/assets/fonts/fontawesome/webfonts/fa-brands-400.woff2 HTTP/1.1" 200 111263 "https://www.csjh.ilc.edu.tw/wp-content/cache/www.csjh.ilc.edu.tw/wpfc-minified/1z16c07/7160.css" "Mozilla/5.0 (Windows NT 10.0; Win64; x64) AppleWebKit/537.36 (KHTML, like Gecko) Chrome/151.0.0.0 Safari/537.36 Edg/151.0.0.0"
2407:4b00:2c07:238b:e1b0:74c2:fa9c:9997 - - [17/Aug/2026:10:49:31 +0800] "GET /wp-content/themes/oceanwp/assets/fonts/fontawesome/webfonts/fa-solid-900.woff2 HTTP/1.1" 200 151246 "https://www.csjh.ilc.edu.tw/wp-content/cache/www.csjh.ilc.edu.tw/wpfc-minified/1z16c07/7160.css" "Mozilla/5.0 (Windows NT 10.0; Win64; x64) AppleWebKit/537.36 (KHTML, like Gecko) Chrome/151.0.0.0 Safari/537.36 Edg/151.0.0.0"
66.249.68.34 - - [17/Aug/2026:10:49:31 +0800] "GET / HTTP/1.1" 200 17204 "-" "Mozilla/5.0 (Linux; Android 6.0.1; Nexus 5X Build/MMB29P) AppleWebKit/537.36 (KHTML, like Gecko) Chrome/150.0.7871.186 Mobile Safari/537.36 (compatible; Googlebot/2.1; +http://www.google.com/bot.html)"
2001:288:a20f:1:1f1:8849:8410:e62f - - [17/Aug/2026:10:49:31 +0800] "-" 408 4799 "-" "-"
66.249.71.64 - - [17/Aug/2026:10:49:32 +0800] "GET /1279/wp-content/cache/2blog.ilc.edu.tw/wpfc-minified/7kwjmuga/5woim.css HTTP/1.1" 200 23791 "https://2blog.ilc.edu.tw/1279/category/c-83251/" "Mozilla/5.0 AppleWebKit/537.36 (KHTML, like Gecko; compatible; Googlebot/2.1; +http://www.google.com/bot.html) Chrome/150.0.7871.186 Safari/537.36"
52.167.144.158 - - [17/Aug/2026:10:49:33 +0800] "GET /1003/?s=%E7%81%B5%E5%8F%B0%E5%8E%BF%E9%82%A3%E4%B8%89%E6%9E%9A%E5%A4%A7%E5%8D%B0 HTTP/1.1" 200 13802 "-" "Mozilla/5.0 AppleWebKit/537.36 (KHTML, like Gecko; compatible; bingbot/2.0; +http://www.bing.com/bingbot.htm) Chrome/116.0.1938.76 Safari/537.36"
140.111.67.10 - - [17/Aug/2026:10:49:35 +0800] "GET /" 301 273 "-" "-"
::1 - - [17/Aug/2026:10:49:35 +0800] "OPTIONS * HTTP/1.0" 200 110 "-" "Apache/2.4.68 (Ubuntu) OpenSSL/3.0.19 (internal dummy connection)"
66.249.68.200 - - [17/Aug/2026:10:49:35 +0800] "GET /1003/2009/05/06/%E6%AF%8D%E8%A6%AA%E7%AF%80%E6%B4%BB%E5%8B%95%E4%B8%8A%E9%9B%86%E6%9A%AB%E6%99%82%E4%B8%8D%E8%83%BD%E8%AA%AA%E7%9A%84%E7%A7%98%E5%AF%86/ HTTP/1.1" 200 20783 "-" "Mozilla/5.0 (Linux; Android 6.0.1; Nexus 5X Build/MMB29P) AppleWebKit/537.36 (KHTML, like Gecko) Chrome/150.0.7871.186 Mobile Safari/537.36 (compatible; Googlebot/2.1; +http://www.google.com/bot.html)"
2001:288:a201::66:125 - - [17/Aug/2026:10:49:35 +0800] "GET /blog/active.php HTTP/1.1" 301 1026 "-" "-"
2001:288:a201::66:125 - - [17/Aug/2026:10:49:35 +0800] "GET /blog/active.php HTTP/1.1" 404 1084 "-" "-"
2402:7500:56a:4fe4:2975:4aea:cc48:3530 - - [17/Aug/2026:10:49:37 +0800] "GET / HTTP/1.1" 200 29124 "https://www.google.com/" "Mozilla/5.0 (iPhone; CPU iPhone OS 18_7 like Mac OS X) AppleWebKit/605.1.15 (KHTML, like Gecko) Version/26.6 Mobile/15E148 Safari/604.1"
2402:7500:56a:4fe4:2975:4aea:cc48:3530 - - [17/Aug/2026:10:49:37 +0800] "GET /wp-content/cache/www.ymes.ilc.edu.tw/wpfc-minified/ep91v0e1/bmq6r.css HTTP/1.1" 200 45694 "https://www.ymes.ilc.edu.tw/" "Mozilla/5.0 (iPhone; CPU iPhone OS 18_7 like Mac OS X) AppleWebKit/605.1.15 (KHTML, like Gecko) Version/26.6 Mobile/15E148 Safari/604.1"
2402:7500:56a:4fe4:2975:4aea:cc48:3530 - - [17/Aug/2026:10:49:37 +0800] "GET /wp-content/cache/www.ymes.ilc.edu.tw/wpfc-minified/2m5gz7fw/bmq6r.css HTTP/1.1" 200 52103 "https://www.ymes.ilc.edu.tw/" "Mozilla/5.0 (iPhone; CPU iPhone OS 18_7 like Mac OS X) AppleWebKit/605.1.15 (KHTML, like Gecko) Version/26.6 Mobile/15E148 Safari/604.1"
2402:7500:56a:4fe4:2975:4aea:cc48:3530 - - [17/Aug/2026:10:49:37 +0800] "GET /wp-includes/js/imagesloaded.min.js HTTP/1.1" 200 2683 "https://www.ymes.ilc.edu.tw/" "Mozilla/5.0 (iPhone; CPU iPhone OS 18_7 like Mac OS X) AppleWebKit/605.1.15 (KHTML, like Gecko) Version/26.6 Mobile/15E148 Safari/604.1"
2402:7500:56a:4fe4:2975:4aea:cc48:3530 - - [17/Aug/2026:10:49:37 +0800] "GET /wp-content/plugins/ocean-extra/includes/widgets/js/flickr.min.js HTTP/1.1" 200 1319 "https://www.ymes.ilc.edu.tw/" "Mozilla/5.0 (iPhone; CPU iPhone OS 18_7 like Mac OS X) AppleWebKit/605.1.15 (KHTML, like Gecko) Version/26.6 Mobile/15E148 Safari/604.1"
2402:7500:56a:4fe4:2975:4aea:cc48:3530 - - [17/Aug/2026:10:49:37 +0800] "GET /wp-content/plugins/elementor-pro/assets/js/webpack-pro.runtime.min.js HTTP/1.1" 200 3562 "https://www.ymes.ilc.edu.tw/" "Mozilla/5.0 (iPhone; CPU iPhone OS 18_7 like Mac OS X) AppleWebKit/605.1.15 (KHTML, like Gecko) Version/26.6 Mobile/15E148 Safari/604.1"
2402:7500:56a:4fe4:2975:4aea:cc48:3530 - - [17/Aug/2026:10:49:37 +0800] "GET /wp-content/uploads/sites/2531/elementor/css/post-1007.css HTTP/1.1" 304 5590 "https://www.ymes.ilc.edu.tw/" "Mozilla/5.0 (iPhone; CPU iPhone OS 18_7 like Mac OS X) AppleWebKit/605.1.15 (KHTML, like Gecko) Version/26.6 Mobile/15E148 Safari/604.1"
2402:7500:56a:4fe4:2975:4aea:cc48:3530 - - [17/Aug/2026:10:49:38 +0800] "GET /wp-content/themes/oceanwp/assets/js/drop-down-mobile-menu.min.js HTTP/1.1" 200 9463 "https://www.ymes.ilc.edu.tw/" "Mozilla/5.0 (iPhone; CPU iPhone OS 18_7 like Mac OS X) AppleWebKit/605.1.15 (KHTML, like Gecko) Version/26.6 Mobile/15E148 Safari/604.1"
2402:7500:56a:4fe4:2975:4aea:cc48:3530 - - [17/Aug/2026:10:49:38 +0800] "GET /wp-content/plugins/elementor/assets/lib/waypoints/waypoints.min.js HTTP/1.1" 200 3873 "https://www.ymes.ilc.edu.tw/" "Mozilla/5.0 (iPhone; CPU iPhone OS 18_7 like Mac OS X) AppleWebKit/605.1.15 (KHTML, like Gecko) Version/26.6 Mobile/15E148 Safari/604.1"
2402:7500:56a:4fe4:2975:4aea:cc48:3530 - - [17/Aug/2026:10:49:38 +0800] "GET /wp-content/plugins/elementor/assets/js/frontend.min.js HTTP/1.1" 200 13169 "https://www.ymes.ilc.edu.tw/" "Mozilla/5.0 (iPhone; CPU iPhone OS 18_7 like Mac OS X) AppleWebKit/605.1.15 (KHTML, like Gecko) Version/26.6 Mobile/15E148 Safari/604.1"
2402:7500:56a:4fe4:2975:4aea:cc48:3530 - - [17/Aug/2026:10:49:38 +0800] "GET /wp-content/themes/oceanwp/assets/js/select.min.js HTTP/1.1" 200 7208 "https://www.ymes.ilc.edu.tw/" "Mozilla/5.0 (iPhone; CPU iPhone OS 18_7 like Mac OS X) AppleWebKit/605.1.15 (KHTML, like Gecko) Version/26.6 Mobile/15E148 Safari/604.1"
2402:7500:56a:4fe4:2975:4aea:cc48:3530 - - [17/Aug/2026:10:49:38 +0800] "GET /wp-content/themes/oceanwp/assets/fonts/fontawesome/webfonts/fa-solid-900.woff2 HTTP/1.1" 200 151246 "https://www.ymes.ilc.edu.tw/" "Mozilla/5.0 (iPhone; CPU iPhone OS 18_7 like Mac OS X) AppleWebKit/605.1.15 (KHTML, like Gecko) Version/26.6 Mobile/15E148 Safari/604.1"
2402:7500:56a:4fe4:2975:4aea:cc48:3530 - - [17/Aug/2026:10:49:38 +0800] "GET /wp-content/uploads/sites/2531/2026/07/%E5%9C%8B%E4%B8%AD%E9%83%A8%E6%A6%9C%E5%96%AE.png HTTP/1.1" 304 790 "https://www.ymes.ilc.edu.tw/" "Mozilla/5.0 (iPhone; CPU iPhone OS 18_7 like Mac OS X) AppleWebKit/605.1.15 (KHTML, like Gecko) Version/26.6 Mobile/15E148 Safari/604.1"
2402:7500:56a:4fe4:2975:4aea:cc48:3530 - - [17/Aug/2026:10:49:38 +0800] "GET /wp-content/plugins/elementor/assets/js/text-editor.2c35aafbe5bf0e127950.bundle.min.js HTTP/1.1" 200 1545 "https://www.ymes.ilc.edu.tw/" "Mozilla/5.0 (iPhone; CPU iPhone OS 18_7 like Mac OS X) AppleWebKit/605.1.15 (KHTML, like Gecko) Version/26.6 Mobile/15E148 Safari/604.1"
2402:7500:56a:4fe4:2975:4aea:cc48:3530 - - [17/Aug/2026:10:49:38 +0800] "GET /wp-content/plugins/elementor/assets/lib/eicons/fonts/eicons.woff2?5.30.0 HTTP/1.1" 200 98225 "https://www.ymes.ilc.edu.tw/" "Mozilla/5.0 (iPhone; CPU iPhone OS 18_7 like Mac OS X) AppleWebKit/605.1.15 (KHTML, like Gecko) Version/26.6 Mobile/15E148 Safari/604.1"
2402:7500:56a:4fe4:2975:4aea:cc48:3530 - - [17/Aug/2026:10:49:38 +0800] "GET /wp-content/uploads/sites/2531/2022/10/LINE_ALBUM_20220822_%E5%B2%B3%E6%98%8E%E5%9C%8B%E4%B8%AD%E5%B0%8F%E6%8F%AD%E7%89%8C_220822_4-1024x682.jpg HTTP/1.1" 200 140396 "https://www.ymes.ilc.edu.tw/" "Mozilla/5.0 (iPhone; CPU iPhone OS 18_7 like Mac OS X) AppleWebKit/605.1.15 (KHTML, like Gecko) Version/26.6 Mobile/15E148 Safari/604.1"
2402:7500:56a:4fe4:2975:4aea:cc48:3530 - - [17/Aug/2026:10:49:38 +0800] "GET /wp-content/uploads/sites/2531/2026/04/115%E5%B9%B4%E5%AE%9C%E8%98%AD%E7%B8%A3%E4%B8%BB%E5%A7%94%E7%9B%83%E7%9F%AD%E6%B0%B4%E9%81%93%E6%B8%B8%E6%B3%B3%E9%8C%A6%E6%A8%99%E8%B3%BD.png HTTP/1.1" 200 98423 "https://www.ymes.ilc.edu.tw/" "Mozilla/5.0 (iPhone; CPU iPhone OS 18_7 like Mac OS X) AppleWebKit/605.1.15 (KHTML, like Gecko) Version/26.6 Mobile/15E148 Safari/604.1"
2401:e180:8ddc:67e0:49e2:6432:1147:c1f9 - - [17/Aug/2026:10:49:38 +0800] "GET /wp-content/themes/oceanwp/assets/fonts/fontawesome/webfonts/fa-solid-900.woff2 HTTP/1.1" 200 156045 "https://www.csps.ilc.edu.tw/" "Mozilla/5.0 (iPhone; CPU iPhone OS 18_7 like Mac OS X) AppleWebKit/605.1.15 (KHTML, like Gecko) Version/26.6 Mobile/15E148 Safari/604.1"
2402:7500:56a:4fe4:2975:4aea:cc48:3530 - - [17/Aug/2026:10:49:38 +0800] "GET /wp-content/uploads/sites/2531/2025/02/%E5%9C%8B%E6%95%99%E7%92%B0%E5%A2%83%E6%95%99%E8%82%B2%E7%8D%8E%E7%89%B9%E5%84%AA.png HTTP/1.1" 200 767010 "https://www.ymes.ilc.edu.tw/" "Mozilla/5.0 (iPhone; CPU iPhone OS 18_7 like Mac OS X) AppleWebKit/605.1.15 (KHTML, like Gecko) Version/26.6 Mobile/15E148 Safari/604.1"
2402:7500:56a:4fe4:2975:4aea:cc48:3530 - - [17/Aug/2026:10:49:38 +0800] "GET /wp-content/uploads/sites/2531/2025/02/113%E5%B9%B4%E5%BA%A6%E6%95%99%E8%82%B2%E9%83%A8%E6%95%99%E5%AD%B8%E5%8D%93%E8%B6%8A%E7%8D%8E-2.png HTTP/1.1" 200 735555 "https://www.ymes.ilc.edu.tw/" "Mozilla/5.0 (iPhone; CPU iPhone OS 18_7 like Mac OS X) AppleWebKit/605.1.15 (KHTML, like Gecko) Version/26.6 Mobile/15E148 Safari/604.1"
2402:7500:56a:4fe4:2975:4aea:cc48:3530 - - [17/Aug/2026:10:49:39 +0800] "GET /wp-content/uploads/sites/2531/2025/02/%E8%AC%9D%E8%AC%9D%E6%82%A8-%E7%A8%AE%E4%B8%8B%E6%88%91%E5%80%91%E7%9A%84%E6%9C%AA%E4%BE%862.png HTTP/1.1" 200 508453 "https://www.ymes.ilc.edu.tw/" "Mozilla/5.0 (iPhone; CPU iPhone OS 18_7 like Mac OS X) AppleWebKit/605.1.15 (KHTML, like Gecko) Version/26.6 Mobile/15E148 Safari/604.1"
140.111.67.10 - - [17/Aug/2026:10:49:40 +0800] "GET /" 301 273 "-" "-"
2402:7500:56a:4fe4:2975:4aea:cc48:3530 - - [17/Aug/2026:10:49:40 +0800] "GET /wp-content/uploads/sites/2531/2026/04/Earthquake-Science-Earth-Science-Education-Presentation-Warm-Icon-Style--1536x864.jpg HTTP/1.1" 200 112477 "https://www.ymes.ilc.edu.tw/" "Mozilla/5.0 (iPhone; CPU iPhone OS 18_7 like Mac OS X) AppleWebKit/605.1.15 (KHTML, like Gecko) Version/26.6 Mobile/15E148 Safari/604.1"
1.170.6.184 - - [17/Aug/2026:10:49:40 +0800] "GET /wp-content/uploads/sites/233/1003/1003-3796305.jpg HTTP/1.1" 200 73474 "https://2blog.ilc.edu.tw/1003/2017/03/21/%E5%9B%9B%E4%B8%8B%E7%AC%AC3%E9%80%B1%E5%80%92%E6%95%98%E6%B3%95%E5%AF%AB%E4%BD%9C%E4%B8%80%E6%9D%9F%E9%AE%AE%E8%8A%B1/" "Mozilla/5.0 (Windows NT 10.0; Win64; x64) AppleWebKit/537.36 (KHTML, like Gecko) Chrome/151.0.0.0 Safari/537.36"
2402:7500:56a:4fe4:2975:4aea:cc48:3530 - - [17/Aug/2026:10:49:40 +0800] "GET /wp-content/uploads/sites/2531/2025/08/Brown-Illustrative-Project-Presentation-1536x864.png HTTP/1.1" 200 1204079 "https://www.ymes.ilc.edu.tw/" "Mozilla/5.0 (iPhone; CPU iPhone OS 18_7 like Mac OS X) AppleWebKit/605.1.15 (KHTML, like Gecko) Version/26.6 Mobile/15E148 Safari/604.1"
2001:288:a201::66:125 - - [17/Aug/2026:10:49:40 +0800] "GET /blog/active.php HTTP/1.1" 301 1026 "-" "-"
2001:288:a201::66:125 - - [17/Aug/2026:10:49:40 +0800] "GET /blog/active.php HTTP/1.1" 404 1084 "-" "-"
66.249.68.136 - - [17/Aug/2026:10:49:39 +0800] "GET /wp-login.php?action=ilc_logout&_wpnonce=43754d0aad&redirect_to=http://1vaz.ru/creator/27388/ HTTP/1.1" 302 8245 "-" "Mozilla/5.0 (compatible; Googlebot/2.1; +http://www.google.com/bot.html)"
::1 - - [17/Aug/2026:10:49:41 +0800] "OPTIONS * HTTP/1.0" 200 110 "-" "Apache/2.4.68 (Ubuntu) OpenSSL/3.0.19 (internal dummy connection)"
66.249.71.170 - - [17/Aug/2026:10:49:41 +0800] "GET /wp-content/plugins/elementor/assets/js/webpack.runtime.min.js HTTP/1.1" 200 7879 "https://www.csps.ilc.edu.tw/" "Mozilla/5.0 (Linux; Android 6.0.1; Nexus 5X Build/MMB29P) AppleWebKit/537.36 (KHTML, like Gecko) Chrome/150.0.7871.186 Mobile Safari/537.36 (compatible; Googlebot/2.1; +http://www.google.com/bot.html)"
::1 - - [17/Aug/2026:10:49:42 +0800] "OPTIONS * HTTP/1.0" 200 110 "-" "Apache/2.4.68 (Ubuntu) OpenSSL/3.0.19 (internal dummy connection)"
140.111.191.135 - - [17/Aug/2026:10:49:42 +0800] "GET /%E5%AE%9C%E8%98%AD%E7%B8%A3%E5%8E%9F%E4%BD%8F%E6%B0%91%E6%97%8F%E8%AA%9E%E6%96%87%E5%8C%96%E7%B9%AA%E6%9C%AC/ HTTP/1.1" 200 29323 "-" "Mozilla/5.0 (Windows NT 10.0; Win64; x64) AppleWebKit/537.36 (KHTML, like Gecko) Chrome/151.0.0.0 Safari/537.36"
2001:b400:e33c:ec1:a584:623:d04a:fb02 - - [17/Aug/2026:10:49:42 +0800] "-" 408 4796 "-" "-"
140.111.191.135 - - [17/Aug/2026:10:49:42 +0800] "GET /wp-content/cache/www.iedu.ilc.edu.tw/wpfc-minified/g3dwmli6/6w99.css HTTP/1.1" 200 88640 "https://www.iedu.ilc.edu.tw/%E5%AE%9C%E8%98%AD%E7%B8%A3%E5%8E%9F%E4%BD%8F%E6%B0%91%E6%97%8F%E8%AA%9E%E6%96%87%E5%8C%96%E7%B9%AA%E6%9C%AC/" "Mozilla/5.0 (Windows NT 10.0; Win64; x64) AppleWebKit/537.36 (KHTML, like Gecko) Chrome/151.0.0.0 Safari/537.36"
140.111.191.135 - - [17/Aug/2026:10:49:42 +0800] "GET /wp-content/cache/www.iedu.ilc.edu.tw/wpfc-minified/d3rzw4xc/6w99.css HTTP/1.1" 200 47263 "https://www.iedu.ilc.edu.tw/%E5%AE%9C%E8%98%AD%E7%B8%A3%E5%8E%9F%E4%BD%8F%E6%B0%91%E6%97%8F%E8%AA%9E%E6%96%87%E5%8C%96%E7%B9%AA%E6%9C%AC/" "Mozilla/5.0 (Windows NT 10.0; Win64; x64) AppleWebKit/537.36 (KHTML, like Gecko) Chrome/151.0.0.0 Safari/537.36"
140.111.191.135 - - [17/Aug/2026:10:49:42 +0800] "GET /wp-content/uploads/sites/1730/elementor/css/post-2135.css HTTP/1.1" 304 790 "https://www.iedu.ilc.edu.tw/%E5%AE%9C%E8%98%AD%E7%B8%A3%E5%8E%9F%E4%BD%8F%E6%B0%91%E6%97%8F%E8%AA%9E%E6%96%87%E5%8C%96%E7%B9%AA%E6%9C%AC/" "Mozilla/5.0 (Windows NT 10.0; Win64; x64) AppleWebKit/537.36 (KHTML, like Gecko) Chrome/151.0.0.0 Safari/537.36"
140.111.191.135 - - [17/Aug/2026:10:49:42 +0800] "GET /wp-content/uploads/sites/1730/2021/02/2021-02-25_%E9%87%91%E9%BB%83%E8%89%B2%E7%9A%84%E4%B8%96%E7%95%8C-%E5%9C%96%E7%89%87%E6%88%AA%E5%9C%96.jpg HTTP/1.1" 200 277005 "https://www.iedu.ilc.edu.tw/%E5%AE%9C%E8%98%AD%E7%B8%A3%E5%8E%9F%E4%BD%8F%E6%B0%91%E6%97%8F%E8%AA%9E%E6%96%87%E5%8C%96%E7%B9%AA%E6%9C%AC/" "Mozilla/5.0 (Windows NT 10.0; Win64; x64) AppleWebKit/537.36 (KHTML, like Gecko) Chrome/151.0.0.0 Safari/537.36"
140.111.191.135 - - [17/Aug/2026:10:49:43 +0800] "GET /wp-content/uploads/sites/1730/2021/02/2021-02-25_%E5%93%A6%E5%8E%9F%E4%BE%86%E5%A6%82%E6%AD%A4-%E5%9C%96%E7%89%87%E6%88%AA%E5%9C%96.jpg HTTP/1.1" 200 388990 "https://www.iedu.ilc.edu.tw/%E5%AE%9C%E8%98%AD%E7%B8%A3%E5%8E%9F%E4%BD%8F%E6%B0%91%E6%97%8F%E8%AA%9E%E6%96%87%E5%8C%96%E7%B9%AA%E6%9C%AC/" "Mozilla/5.0 (Windows NT 10.0; Win64; x64) AppleWebKit/537.36 (KHTML, like Gecko) Chrome/151.0.0.0 Safari/537.36"
140.111.191.135 - - [17/Aug/2026:10:49:43 +0800] "GET /wp-content/uploads/sites/1730/2021/02/2021-02-25_%E8%AA%B0%E7%88%AC%E5%88%B0%E7%80%91%E5%B8%83%E4%B8%8A%E9%A0%AD%E4%BA%86-%E5%9C%96%E7%89%87%E6%88%AA%E5%9C%96.jpg HTTP/1.1" 200 334861 "https://www.iedu.ilc.edu.tw/%E5%AE%9C%E8%98%AD%E7%B8%A3%E5%8E%9F%E4%BD%8F%E6%B0%91%E6%97%8F%E8%AA%9E%E6%96%87%E5%8C%96%E7%B9%AA%E6%9C%AC/" "Mozilla/5.0 (Windows NT 10.0; Win64; x64) AppleWebKit/537.36 (KHTML, like Gecko) Chrome/151.0.0.0 Safari/537.36"
140.111.191.135 - - [17/Aug/2026:10:49:43 +0800] "GET /wp-content/uploads/sites/1730/2022/04/1-1024x343.jpg HTTP/1.1" 200 73205 "https://www.iedu.ilc.edu.tw/%E5%AE%9C%E8%98%AD%E7%B8%A3%E5%8E%9F%E4%BD%8F%E6%B0%91%E6%97%8F%E8%AA%9E%E6%96%87%E5%8C%96%E7%B9%AA%E6%9C%AC/" "Mozilla/5.0 (Windows NT 10.0; Win64; x64) AppleWebKit/537.36 (KHTML, like Gecko) Chrome/151.0.0.0 Safari/537.36"
140.111.191.135 - - [17/Aug/2026:10:49:43 +0800] "GET /wp-content/themes/oceanwp/assets/fonts/fontawesome/webfonts/fa-solid-900.woff2 HTTP/1.1" 200 151246 "https://www.iedu.ilc.edu.tw/wp-content/cache/www.iedu.ilc.edu.tw/wpfc-minified/g3dwmli6/6w99.css" "Mozilla/5.0 (Windows NT 10.0; Win64; x64) AppleWebKit/537.36 (KHTML, like Gecko) Chrome/151.0.0.0 Safari/537.36"
140.111.191.135 - - [17/Aug/2026:10:49:43 +0800] "GET /wp-content/uploads/sites/1730/2022/04/2-1024x347.jpg HTTP/1.1" 200 58142 "https://www.iedu.ilc.edu.tw/%E5%AE%9C%E8%98%AD%E7%B8%A3%E5%8E%9F%E4%BD%8F%E6%B0%91%E6%97%8F%E8%AA%9E%E6%96%87%E5%8C%96%E7%B9%AA%E6%9C%AC/" "Mozilla/5.0 (Windows NT 10.0; Win64; x64) AppleWebKit/537.36 (KHTML, like Gecko) Chrome/151.0.0.0 Safari/537.36"
140.111.191.135 - - [17/Aug/2026:10:49:43 +0800] "GET /wp-content/uploads/sites/1730/2020/08/cropped-%E7%B6%B2%E7%AB%99%E5%9C%96%E7%A4%BA_%E5%A4%A7%E5%9C%96_ver2-1-32x32.png HTTP/1.1" 200 3472 "https://www.iedu.ilc.edu.tw/%E5%AE%9C%E8%98%AD%E7%B8%A3%E5%8E%9F%E4%BD%8F%E6%B0%91%E6%97%8F%E8%AA%9E%E6%96%87%E5%8C%96%E7%B9%AA%E6%9C%AC/" "Mozilla/5.0 (Windows NT 10.0; Win64; x64) AppleWebKit/537.36 (KHTML, like Gecko) Chrome/151.0.0.0 Safari/537.36"
52.167.144.158 - - [17/Aug/2026:10:49:43 +0800] "GET /41960/2023/09/15/%E9%9F%BB%E5%BE%8B%E9%AB%94%E6%93%8D%E6%88%91%E6%9C%80%E8%A1%8C/ HTTP/1.1" 200 30347 "-" "Mozilla/5.0 AppleWebKit/537.36 (KHTML, like Gecko; compatible; bingbot/2.0; +http://www.bing.com/bingbot.htm) Chrome/116.0.1938.76 Safari/537.36"
2001:288:a27a:1:6ddc:2a4b:ac26:cde2 - - [17/Aug/2026:10:49:42 +0800] "POST /namt/wp-admin/admin-ajax.php HTTP/1.1" 200 1459 "https://2blog.ilc.edu.tw/namt/wp-admin/user-new.php?user_id=1731" "Mozilla/5.0 (Windows NT 10.0; Win64; x64) AppleWebKit/537.36 (KHTML, like Gecko) Chrome/151.0.0.0 Safari/537.36"
66.249.68.136 - - [17/Aug/2026:10:49:43 +0800] "GET /wp-login.php?action=ilc_logout&_wpnonce=43754d0aad&redirect_to=http://aladea.ru/creator/3965/ HTTP/1.1" 302 3459 "-" "Mozilla/5.0 (Linux; Android 6.0.1; Nexus 5X Build/MMB29P) AppleWebKit/537.36 (KHTML, like Gecko) Chrome/150.0.7871.186 Mobile Safari/537.36 (compatible; Googlebot/2.1; +http://www.google.com/bot.html)"
140.111.67.10 - - [17/Aug/2026:10:49:45 +0800] "GET /" 301 273 "-" "-"
140.111.191.135 - - [17/Aug/2026:10:49:45 +0800] "GET /wp-content/uploads/sites/1730/2022/04/3-1024x345.jpg HTTP/1.1" 200 89299 "https://www.iedu.ilc.edu.tw/%E5%AE%9C%E8%98%AD%E7%B8%A3%E5%8E%9F%E4%BD%8F%E6%B0%91%E6%97%8F%E8%AA%9E%E6%96%87%E5%8C%96%E7%B9%AA%E6%9C%AC/" "Mozilla/5.0 (Windows NT 10.0; Win64; x64) AppleWebKit/537.36 (KHTML, like Gecko) Chrome/151.0.0.0 Safari/537.36"
140.111.191.135 - - [17/Aug/2026:10:49:45 +0800] "GET /wp-content/uploads/sites/1730/2022/04/4-1024x339.jpg HTTP/1.1" 200 68503 "https://www.iedu.ilc.edu.tw/%E5%AE%9C%E8%98%AD%E7%B8%A3%E5%8E%9F%E4%BD%8F%E6%B0%91%E6%97%8F%E8%AA%9E%E6%96%87%E5%8C%96%E7%B9%AA%E6%9C%AC/" "Mozilla/5.0 (Windows NT 10.0; Win64; x64) AppleWebKit/537.36 (KHTML, like Gecko) Chrome/151.0.0.0 Safari/537.36"
140.111.191.141 - - [17/Aug/2026:10:49:45 +0800] "GET /yceec/ HTTP/1.1" 200 23546 "-" "Mozilla/5.0 (Windows NT 10.0; Win64; x64) AppleWebKit/537.36 (KHTML, like Gecko) Chrome/151.0.0.0 Safari/537.36"
66.249.68.200 - - [17/Aug/2026:10:49:45 +0800] "GET /1279/wp-content/themes/hueman/assets/front/js/scripts.min.js HTTP/1.1" 200 27424 "https://2blog.ilc.edu.tw/1279/category/c-83251/" "Mozilla/5.0 AppleWebKit/537.36 (KHTML, like Gecko; compatible; Googlebot/2.1; +http://www.google.com/bot.html) Chrome/150.0.7871.186 Safari/537.36"
140.111.191.141 - - [17/Aug/2026:10:49:45 +0800] "GET /yceec/wp-includes/css/admin-bar.min.css HTTP/1.1" 200 9481 "https://2blog.ilc.edu.tw/yceec/" "Mozilla/5.0 (Windows NT 10.0; Win64; x64) AppleWebKit/537.36 (KHTML, like Gecko) Chrome/151.0.0.0 Safari/537.36"
140.111.191.141 - - [17/Aug/2026:10:49:45 +0800] "GET /yceec/wp-includes/css/dist/block-library/style.min.css HTTP/1.1" 200 20576 "https://2blog.ilc.edu.tw/yceec/" "Mozilla/5.0 (Windows NT 10.0; Win64; x64) AppleWebKit/537.36 (KHTML, like Gecko) Chrome/151.0.0.0 Safari/537.36"
140.111.191.141 - - [17/Aug/2026:10:49:45 +0800] "GET /yceec/wp-content/plugins/google-drive-embedder/css/gdm-blocks.css HTTP/1.1" 200 1160 "https://2blog.ilc.edu.tw/yceec/" "Mozilla/5.0 (Windows NT 10.0; Win64; x64) AppleWebKit/537.36 (KHTML, like Gecko) Chrome/151.0.0.0 Safari/537.36"
140.111.191.141 - - [17/Aug/2026:10:49:45 +0800] "GET /yceec/wp-content/themes/primer/style.css HTTP/1.1" 200 33048 "https://2blog.ilc.edu.tw/yceec/" "Mozilla/5.0 (Windows NT 10.0; Win64; x64) AppleWebKit/537.36 (KHTML, like Gecko) Chrome/151.0.0.0 Safari/537.36"
140.111.191.141 - - [17/Aug/2026:10:49:45 +0800] "GET /yceec/wp-content/plugins/elementor/assets/lib/swiper/v8/css/swiper.min.css HTTP/1.1" 200 5456 "https://2blog.ilc.edu.tw/yceec/" "Mozilla/5.0 (Windows NT 10.0; Win64; x64) AppleWebKit/537.36 (KHTML, like Gecko) Chrome/151.0.0.0 Safari/537.36"
140.111.191.141 - - [17/Aug/2026:10:49:45 +0800] "GET /yceec/wp-content/plugins/elementor/assets/css/frontend.min.css HTTP/1.1" 200 25091 "https://2blog.ilc.edu.tw/yceec/" "Mozilla/5.0 (Windows NT 10.0; Win64; x64) AppleWebKit/537.36 (KHTML, like Gecko) Chrome/151.0.0.0 Safari/537.36"
140.111.191.141 - - [17/Aug/2026:10:49:45 +0800] "GET /yceec/wp-content/plugins/elementor/assets/lib/font-awesome/css/fontawesome.min.css HTTP/1.1" 200 13557 "https://2blog.ilc.edu.tw/yceec/" "Mozilla/5.0 (Windows NT 10.0; Win64; x64) AppleWebKit/537.36 (KHTML, like Gecko) Chrome/151.0.0.0 Safari/537.36"
140.111.191.141 - - [17/Aug/2026:10:49:45 +0800] "GET /yceec/wp-content/plugins/elementor-pro/assets/css/frontend.min.css HTTP/1.1" 200 44543 "https://2blog.ilc.edu.tw/yceec/" "Mozilla/5.0 (Windows NT 10.0; Win64; x64) AppleWebKit/537.36 (KHTML, like Gecko) Chrome/151.0.0.0 Safari/537.36"
140.111.191.141 - - [17/Aug/2026:10:49:45 +0800] "GET /yceec/wp-content/uploads/sites/200/elementor/css/global.css HTTP/1.1" 200 3701 "https://2blog.ilc.edu.tw/yceec/" "Mozilla/5.0 (Windows NT 10.0; Win64; x64) AppleWebKit/537.36 (KHTML, like Gecko) Chrome/151.0.0.0 Safari/537.36"
140.111.191.141 - - [17/Aug/2026:10:49:45 +0800] "GET /yceec/wp-content/plugins/elementor/assets/lib/font-awesome/css/solid.min.css HTTP/1.1" 200 1181 "https://2blog.ilc.edu.tw/yceec/" "Mozilla/5.0 (Windows NT 10.0; Win64; x64) AppleWebKit/537.36 (KHTML, like Gecko) Chrome/151.0.0.0 Safari/537.36"
140.111.191.141 - - [17/Aug/2026:10:49:45 +0800] "GET /yceec/wp-content/plugins/elementor/assets/lib/animations/animations.min.css HTTP/1.1" 200 3465 "https://2blog.ilc.edu.tw/yceec/" "Mozilla/5.0 (Windows NT 10.0; Win64; x64) AppleWebKit/537.36 (KHTML, like Gecko) Chrome/151.0.0.0 Safari/537.36"
140.111.191.141 - - [17/Aug/2026:10:49:45 +0800] "GET /yceec/wp-content/plugins/elementor/assets/js/elementor-admin-bar.min.js HTTP/1.1" 200 3204 "https://2blog.ilc.edu.tw/yceec/" "Mozilla/5.0 (Windows NT 10.0; Win64; x64) AppleWebKit/537.36 (KHTML, like Gecko) Chrome/151.0.0.0 Safari/537.36"
2402:7500:5fb:4fc9:e559:460f:b927:1ad6 - - [17/Aug/2026:10:49:45 +0800] "-" 408 4802 "-" "-"
2402:7500:5fb:4fc9:e559:460f:b927:1ad6 - - [17/Aug/2026:10:49:45 +0800] "-" 408 4802 "-" "-"
2001:288:a201::66:125 - - [17/Aug/2026:10:49:45 +0800] "GET /blog/active.php HTTP/1.1" 301 1026 "-" "-"
2001:288:a201::66:125 - - [17/Aug/2026:10:49:45 +0800] "GET /blog/active.php HTTP/1.1" 404 1084 "-" "-"
1.170.6.184 - - [17/Aug/2026:10:49:46 +0800] "GET /wp-content/uploads/sites/233/1003/1003-3796306.jpg HTTP/1.1" 200 91454 "https://2blog.ilc.edu.tw/1003/2017/03/21/%E5%9B%9B%E4%B8%8B%E7%AC%AC3%E9%80%B1%E5%80%92%E6%95%98%E6%B3%95%E5%AF%AB%E4%BD%9C%E4%B8%80%E6%9D%9F%E9%AE%AE%E8%8A%B1/" "Mozilla/5.0 (Windows NT 10.0; Win64; x64) AppleWebKit/537.36 (KHTML, like Gecko) Chrome/151.0.0.0 Safari/537.36"
140.111.191.135 - - [17/Aug/2026:10:49:46 +0800] "GET /wp-content/uploads/sites/1730/2022/04/6-1024x343.jpg HTTP/1.1" 200 57101 "https://www.iedu.ilc.edu.tw/%E5%AE%9C%E8%98%AD%E7%B8%A3%E5%8E%9F%E4%BD%8F%E6%B0%91%E6%97%8F%E8%AA%9E%E6%96%87%E5%8C%96%E7%B9%AA%E6%9C%AC/" "Mozilla/5.0 (Windows NT 10.0; Win64; x64) AppleWebKit/537.36 (KHTML, like Gecko) Chrome/151.0.0.0 Safari/537.36"
140.111.191.135 - - [17/Aug/2026:10:49:46 +0800] "GET /wp-content/uploads/sites/1730/2022/04/5-1024x340.jpg HTTP/1.1" 200 83410 "https://www.iedu.ilc.edu.tw/%E5%AE%9C%E8%98%AD%E7%B8%A3%E5%8E%9F%E4%BD%8F%E6%B0%91%E6%97%8F%E8%AA%9E%E6%96%87%E5%8C%96%E7%B9%AA%E6%9C%AC/" "Mozilla/5.0 (Windows NT 10.0; Win64; x64) AppleWebKit/537.36 (KHTML, like Gecko) Chrome/151.0.0.0 Safari/537.36"
140.111.67.195 - - [17/Aug/2026:10:49:46 +0800] "GET /wp-admin/admin-post.php?action=steps_ad HTTP/1.1" 200 1973 "-" "node-fetch/1.0 (+https://github.com/bitinn/node-fetch)"
140.111.191.135 - - [17/Aug/2026:10:49:47 +0800] "GET /wp-content/uploads/sites/1730/2022/04/7-1024x343.jpg HTTP/1.1" 200 58135 "https://www.iedu.ilc.edu.tw/%E5%AE%9C%E8%98%AD%E7%B8%A3%E5%8E%9F%E4%BD%8F%E6%B0%91%E6%97%8F%E8%AA%9E%E6%96%87%E5%8C%96%E7%B9%AA%E6%9C%AC/" "Mozilla/5.0 (Windows NT 10.0; Win64; x64) AppleWebKit/537.36 (KHTML, like Gecko) Chrome/151.0.0.0 Safari/537.36"
140.111.191.135 - - [17/Aug/2026:10:49:47 +0800] "GET /wp-content/uploads/sites/1730/2022/04/8-1024x345.jpg HTTP/1.1" 200 69368 "https://www.iedu.ilc.edu.tw/%E5%AE%9C%E8%98%AD%E7%B8%A3%E5%8E%9F%E4%BD%8F%E6%B0%91%E6%97%8F%E8%AA%9E%E6%96%87%E5%8C%96%E7%B9%AA%E6%9C%AC/" "Mozilla/5.0 (Windows NT 10.0; Win64; x64) AppleWebKit/537.36 (KHTML, like Gecko) Chrome/151.0.0.0 Safari/537.36"
66.249.79.236 - - [17/Aug/2026:10:49:47 +0800] "GET / HTTP/1.1" 301 937 "-" "Mozilla/5.0 (Linux; Android 6.0.1; Nexus 5X Build/MMB29P) AppleWebKit/537.36 (KHTML, like Gecko) Chrome/150.0.7871.186 Mobile Safari/537.36 (compatible; Googlebot/2.1; +http://www.google.com/bot.html)"
140.111.191.135 - - [17/Aug/2026:10:49:48 +0800] "GET /wp-content/uploads/sites/1730/2023/08/12-1024x725.jpg HTTP/1.1" 200 139400 "https://www.iedu.ilc.edu.tw/%E5%AE%9C%E8%98%AD%E7%B8%A3%E5%8E%9F%E4%BD%8F%E6%B0%91%E6%97%8F%E8%AA%9E%E6%96%87%E5%8C%96%E7%B9%AA%E6%9C%AC/" "Mozilla/5.0 (Windows NT 10.0; Win64; x64) AppleWebKit/537.36 (KHTML, like Gecko) Chrome/151.0.0.0 Safari/537.36"
140.111.191.135 - - [17/Aug/2026:10:49:48 +0800] "GET /wp-content/uploads/sites/1730/2023/08/%E8%94%AC%E6%9E%9C%E7%9B%A4-1536x1536.png HTTP/1.1" 200 1358443 "https://www.iedu.ilc.edu.tw/%E5%AE%9C%E8%98%AD%E7%B8%A3%E5%8E%9F%E4%BD%8F%E6%B0%91%E6%97%8F%E8%AA%9E%E6%96%87%E5%8C%96%E7%B9%AA%E6%9C%AC/" "Mozilla/5.0 (Windows NT 10.0; Win64; x64) AppleWebKit/537.36 (KHTML, like Gecko) Chrome/151.0.0.0 Safari/537.36"
66.249.68.200 - - [17/Aug/2026:10:49:49 +0800] "GET /1279/wp-content/themes/hueman/assets/front/fonts/titillium-semibold-webfont.ttf HTTP/1.1" 200 42921 "https://2blog.ilc.edu.tw/1279/category/c-83251/" "Mozilla/5.0 AppleWebKit/537.36 (KHTML, like Gecko; compatible; Googlebot/2.1; +http://www.google.com/bot.html) Chrome/150.0.7871.186 Safari/537.36"
2001:b011:7800:d3bf:481:3d27:df14:a6f8 - - [17/Aug/2026:10:49:49 +0800] "-" 408 4796 "-" "-"
2001:b400:e249:a953:a152:3007:99f5:730d - - [17/Aug/2026:10:49:49 +0800] "GET /?page_id=70 HTTP/1.1" 200 19422 "https://www.google.com/" "Mozilla/5.0 (iPhone; CPU iPhone OS 26_6_0 like Mac OS X) AppleWebKit/605.1.15 (KHTML, like Gecko) CriOS/151.0.7922.112 Mobile/15E148 Safari/604.1"
2001:288:a201::67:81 - - [17/Aug/2026:10:49:47 +0800] "POST /?fsm_edd_37394=f98bdc56860893b311910bc55244a1c0 HTTP/1.1" 200 23032 "-" "WordPress/6.6.7; https://www.gtes.ilc.edu.tw"
2001:b400:e249:a953:a152:3007:99f5:730d - - [17/Aug/2026:10:49:49 +0800] "GET /wp-includes/css/dashicons.min.css HTTP/1.1" 200 36736 "https://www.ltjh.ilc.edu.tw/?page_id=70" "Mozilla/5.0 (iPhone; CPU iPhone OS 26_6_0 like Mac OS X) AppleWebKit/605.1.15 (KHTML, like Gecko) CriOS/151.0.7922.112 Mobile/15E148 Safari/604.1"
2001:b400:e249:a953:a152:3007:99f5:730d - - [17/Aug/2026:10:49:49 +0800] "GET /wp-content/plugins/elementor/assets/css/frontend.min.css HTTP/1.1" 200 25091 "https://www.ltjh.ilc.edu.tw/?page_id=70" "Mozilla/5.0 (iPhone; CPU iPhone OS 26_6_0 like Mac OS X) AppleWebKit/605.1.15 (KHTML, like Gecko) CriOS/151.0.7922.112 Mobile/15E148 Safari/604.1"
2001:b400:e249:a953:a152:3007:99f5:730d - - [17/Aug/2026:10:49:49 +0800] "GET /wp-content/plugins/google-drive-embedder/css/gdm-blocks.css HTTP/1.1" 200 5963 "https://www.ltjh.ilc.edu.tw/?page_id=70" "Mozilla/5.0 (iPhone; CPU iPhone OS 26_6_0 like Mac OS X) AppleWebKit/605.1.15 (KHTML, like Gecko) CriOS/151.0.7922.112 Mobile/15E148 Safari/604.1"
2001:b400:e249:a953:a152:3007:99f5:730d - - [17/Aug/2026:10:49:49 +0800] "GET /wp-includes/css/admin-bar.min.css HTTP/1.1" 200 9488 "https://www.ltjh.ilc.edu.tw/?page_id=70" "Mozilla/5.0 (iPhone; CPU iPhone OS 26_6_0 like Mac OS X) AppleWebKit/605.1.15 (KHTML, like Gecko) CriOS/151.0.7922.112 Mobile/15E148 Safari/604.1"
2001:b400:e249:a953:a152:3007:99f5:730d - - [17/Aug/2026:10:49:49 +0800] "GET /wp-content/plugins/elementor/assets/lib/eicons/css/elementor-icons.min.css HTTP/1.1" 200 9752 "https://www.ltjh.ilc.edu.tw/?page_id=70" "Mozilla/5.0 (iPhone; CPU iPhone OS 26_6_0 like Mac OS X) AppleWebKit/605.1.15 (KHTML, like Gecko) CriOS/151.0.7922.112 Mobile/15E148 Safari/604.1"
2001:b400:e249:a953:a152:3007:99f5:730d - - [17/Aug/2026:10:49:49 +0800] "GET /wp-content/themes/toujours/genericons/genericons.css HTTP/1.1" 200 22206 "https://www.ltjh.ilc.edu.tw/?page_id=70" "Mozilla/5.0 (iPhone; CPU iPhone OS 26_6_0 like Mac OS X) AppleWebKit/605.1.15 (KHTML, like Gecko) CriOS/151.0.7922.112 Mobile/15E148 Safari/604.1"
2001:b400:e249:a953:a152:3007:99f5:730d - - [17/Aug/2026:10:49:49 +0800] "GET /wp-content/themes/toujours/style.css HTTP/1.1" 200 18618 "https://www.ltjh.ilc.edu.tw/?page_id=70" "Mozilla/5.0 (iPhone; CPU iPhone OS 26_6_0 like Mac OS X) AppleWebKit/605.1.15 (KHTML, like Gecko) CriOS/151.0.7922.112 Mobile/15E148 Safari/604.1"
2001:b400:e249:a953:a152:3007:99f5:730d - - [17/Aug/2026:10:49:49 +0800] "GET /ltjh/wp-content/uploads/sites/411/2019/04/cropped-slide_7_1.jpg HTTP/1.1" 200 70104 "https://www.ltjh.ilc.edu.tw/?page_id=70" "Mozilla/5.0 (iPhone; CPU iPhone OS 26_6_0 like Mac OS X) AppleWebKit/605.1.15 (KHTML, like Gecko) CriOS/151.0.7922.112 Mobile/15E148 Safari/604.1"
2001:b400:e249:a953:a152:3007:99f5:730d - - [17/Aug/2026:10:49:49 +0800] "GET /wp-content/plugins/elementor/assets/lib/swiper/v8/css/swiper.min.css HTTP/1.1" 200 5456 "https://www.ltjh.ilc.edu.tw/?page_id=70" "Mozilla/5.0 (iPhone; CPU iPhone OS 26_6_0 like Mac OS X) AppleWebKit/605.1.15 (KHTML, like Gecko) CriOS/151.0.7922.112 Mobile/15E148 Safari/604.1"
2001:b400:e249:a953:a152:3007:99f5:730d - - [17/Aug/2026:10:49:49 +0800] "GET /wp-content/uploads/sites/411/elementor/css/post-880.css HTTP/1.1" 200 1269 "https://www.ltjh.ilc.edu.tw/?page_id=70" "Mozilla/5.0 (iPhone; CPU iPhone OS 26_6_0 like Mac OS X) AppleWebKit/605.1.15 (KHTML, like Gecko) CriOS/151.0.7922.112 Mobile/15E148 Safari/604.1"
2001:b400:e249:a953:a152:3007:99f5:730d - - [17/Aug/2026:10:49:49 +0800] "GET /wp-content/plugins/elementor/assets/lib/font-awesome/css/font-awesome.min.css HTTP/1.1" 200 7925 "https://www.ltjh.ilc.edu.tw/?page_id=70" "Mozilla/5.0 (iPhone; CPU iPhone OS 26_6_0 like Mac OS X) AppleWebKit/605.1.15 (KHTML, like Gecko) CriOS/151.0.7922.112 Mobile/15E148 Safari/604.1"
