192.178.15.32 - - [17/Aug/2026:10:43:49 +0800] "GET /26150/wp-content/plugins/elementor/assets/lib/eicons/fonts/eicons.woff2?5.30.0 HTTP/1.1" 200 98225 "https://2blog.ilc.edu.tw/26150/wp-content/cache/2blog.ilc.edu.tw/wpfc-minified/kc6fgvop/5wols.css" "Mozilla/5.0 (Linux; Android 10; K) AppleWebKit/537.36 (KHTML, like Gecko) Chrome/138.0.0.0 Mobile Safari/537.36 (compatible; Google-Read-Aloud; +https://support.google.com/webmasters/answer/1061943)"
140.111.67.195 - - [17/Aug/2026:10:43:49 +0800] "GET /wp-admin/admin-post.php?action=steps_ad HTTP/1.1" 200 1649 "-" "node-fetch/1.0 (+https://github.com/bitinn/node-fetch)"
192.178.15.40 - - [17/Aug/2026:10:43:49 +0800] "GET /26150/wp-includes/js/jquery/ui/core.min.js HTTP/1.1" 200 12767 "https://2blog.ilc.edu.tw/26150/2026/08/12/%E8%BD%89%E7%9F%A5%E5%AE%9C%E8%98%AD%E7%B8%A3%E6%94%BF%E5%BA%9C%E3%80%8C%E6%9A%96%E6%9A%96%E8%98%AD%E9%99%BD%EF%BC%8C%E5%BE%AE%E7%94%9C%E6%AD%A3%E5%A5%BD%E3%80%8D%E5%96%AE%E8%BA%AB%E8%81%AF%E8%AA%BC/" "Mozilla/5.0 (Linux; Android 10; K) AppleWebKit/537.36 (KHTML, like Gecko) Chrome/138.0.0.0 Mobile Safari/537.36 (compatible; Google-Read-Aloud; +https://support.google.com/webmasters/answer/1061943)"
192.178.15.40 - - [17/Aug/2026:10:43:49 +0800] "GET /26150/wp-content/themes/oceanwp/assets/fonts/fontawesome/webfonts/fa-solid-900.woff2 HTTP/1.1" 200 151246 "https://2blog.ilc.edu.tw/26150/wp-content/cache/2blog.ilc.edu.tw/wpfc-minified/kc6fgvop/5wols.css" "Mozilla/5.0 (Linux; Android 10; K) AppleWebKit/537.36 (KHTML, like Gecko) Chrome/138.0.0.0 Mobile Safari/537.36 (compatible; Google-Read-Aloud; +https://support.google.com/webmasters/answer/1061943)"
192.178.15.40 - - [17/Aug/2026:10:43:49 +0800] "GET /26150/wp-content/themes/oceanwp/assets/js/vendors/magnific-popup.min.js HTTP/1.1" 200 13051 "https://2blog.ilc.edu.tw/26150/2026/08/12/%E8%BD%89%E7%9F%A5%E5%AE%9C%E8%98%AD%E7%B8%A3%E6%94%BF%E5%BA%9C%E3%80%8C%E6%9A%96%E6%9A%96%E8%98%AD%E9%99%BD%EF%BC%8C%E5%BE%AE%E7%94%9C%E6%AD%A3%E5%A5%BD%E3%80%8D%E5%96%AE%E8%BA%AB%E8%81%AF%E8%AA%BC/" "Mozilla/5.0 (Linux; Android 10; K) AppleWebKit/537.36 (KHTML, like Gecko) Chrome/138.0.0.0 Mobile Safari/537.36 (compatible; Google-Read-Aloud; +https://support.google.com/webmasters/answer/1061943)"
66.249.68.136 - - [17/Aug/2026:10:43:47 +0800] "GET /wp-login.php?action=ilc_logout&_wpnonce=43754d0aad&redirect_to=http://mebelcot.ru/creator/54683/ HTTP/1.1" 302 3462 "-" "Mozilla/5.0 (Linux; Android 6.0.1; Nexus 5X Build/MMB29P) AppleWebKit/537.36 (KHTML, like Gecko) Chrome/150.0.7871.186 Mobile Safari/537.36 (compatible; Googlebot/2.1; +http://www.google.com/bot.html)"
66.249.82.168 - - [17/Aug/2026:10:43:49 +0800] "GET /26150/2026/08/12/%E8%BD%89%E7%9F%A5%E5%AE%9C%E8%98%AD%E7%B8%A3%E6%94%BF%E5%BA%9C%E3%80%8C%E6%9A%96%E6%9A%96%E8%98%AD%E9%99%BD%EF%BC%8C%E5%BE%AE%E7%94%9C%E6%AD%A3%E5%A5%BD%E3%80%8D%E5%96%AE%E8%BA%AB%E8%81%AF%E8%AA%BC/376420000a_1150142217_attach1/ HTTP/1.1" 200 21446 "-" "Mozilla/5.0 (Linux; Android 10; K) AppleWebKit/537.36 (KHTML, like Gecko) Chrome/138.0.0.0 Mobile Safari/537.36 (compatible; Google-Read-Aloud; +https://support.google.com/webmasters/answer/1061943)"
140.111.67.10 - - [17/Aug/2026:10:43:50 +0800] "GET /" 301 273 "-" "-"
192.178.15.40 - - [17/Aug/2026:10:43:50 +0800] "GET /26150/2026/08/12/%E8%BD%89%E7%9F%A5%E5%AE%9C%E8%98%AD%E7%B8%A3%E6%94%BF%E5%BA%9C%E3%80%8C%E6%9A%96%E6%9A%96%E8%98%AD%E9%99%BD%EF%BC%8C%E5%BE%AE%E7%94%9C%E6%AD%A3%E5%A5%BD%E3%80%8D%E5%96%AE%E8%BA%AB%E8%81%AF%E8%AA%BC/376420000a_1150142217_attach1/ HTTP/1.1" 200 16665 "-" "Mozilla/5.0 (Linux; Android 10; K) AppleWebKit/537.36 (KHTML, like Gecko) Chrome/138.0.0.0 Mobile Safari/537.36 (compatible; Google-Read-Aloud; +https://support.google.com/webmasters/answer/1061943)"
2001:4860:7:510::ff - - [17/Aug/2026:10:43:50 +0800] "GET /26151/2020/07/28/%E7%89%B9%E6%95%99%E8%B3%87%E6%BA%90%E4%B8%AD%E5%BF%83%E6%88%90%E5%93%A1%E5%8F%8A%E5%B7%A5%E4%BD%9C%E5%9F%B7%E6%8E%8C-2/ HTTP/1.1" 200 25949 "https://www.google.com/" "Mozilla/5.0 (Windows NT 10.0; Win64; x64) AppleWebKit/537.36 (KHTML, like Gecko) Chrome/151.0.0.0 Safari/537.36"
192.178.15.32 - - [17/Aug/2026:10:43:50 +0800] "GET /26150/wp-content/uploads/sites/67/elementor/css/post-4937.css HTTP/1.1" 200 1270 "https://2blog.ilc.edu.tw/26150/2026/08/12/%E8%BD%89%E7%9F%A5%E5%AE%9C%E8%98%AD%E7%B8%A3%E6%94%BF%E5%BA%9C%E3%80%8C%E6%9A%96%E6%9A%96%E8%98%AD%E9%99%BD%EF%BC%8C%E5%BE%AE%E7%94%9C%E6%AD%A3%E5%A5%BD%E3%80%8D%E5%96%AE%E8%BA%AB%E8%81%AF%E8%AA%BC/376420000a_1150142217_attach1/" "Mozilla/5.0 (Linux; Android 10; K) AppleWebKit/537.36 (KHTML, like Gecko) Chrome/138.0.0.0 Mobile Safari/537.36 (compatible; Google-Read-Aloud; +https://support.google.com/webmasters/answer/1061943)"
192.178.15.40 - - [17/Aug/2026:10:43:50 +0800] "GET /26150/wp-content/uploads/sites/67/elementor/css/post-4937.css HTTP/1.1" 200 1270 "https://2blog.ilc.edu.tw/26150/2026/08/12/%E8%BD%89%E7%9F%A5%E5%AE%9C%E8%98%AD%E7%B8%A3%E6%94%BF%E5%BA%9C%E3%80%8C%E6%9A%96%E6%9A%96%E8%98%AD%E9%99%BD%EF%BC%8C%E5%BE%AE%E7%94%9C%E6%AD%A3%E5%A5%BD%E3%80%8D%E5%96%AE%E8%BA%AB%E8%81%AF%E8%AA%BC/376420000a_1150142217_attach1/" "Mozilla/5.0 (Linux; Android 10; K) AppleWebKit/537.36 (KHTML, like Gecko) Chrome/138.0.0.0 Mobile Safari/537.36 (compatible; Google-Read-Aloud; +https://support.google.com/webmasters/answer/1061943)"
192.178.15.32 - - [17/Aug/2026:10:43:50 +0800] "GET /26150/wp-content/cache/2blog.ilc.edu.tw/wpfc-minified/l0gr23lq/5wols.css HTTP/1.1" 200 9359 "https://2blog.ilc.edu.tw/26150/2026/08/12/%E8%BD%89%E7%9F%A5%E5%AE%9C%E8%98%AD%E7%B8%A3%E6%94%BF%E5%BA%9C%E3%80%8C%E6%9A%96%E6%9A%96%E8%98%AD%E9%99%BD%EF%BC%8C%E5%BE%AE%E7%94%9C%E6%AD%A3%E5%A5%BD%E3%80%8D%E5%96%AE%E8%BA%AB%E8%81%AF%E8%AA%BC/376420000a_1150142217_attach1/" "Mozilla/5.0 (Linux; Android 10; K) AppleWebKit/537.36 (KHTML, like Gecko) Chrome/138.0.0.0 Mobile Safari/537.36 (compatible; Google-Read-Aloud; +https://support.google.com/webmasters/answer/1061943)"
192.178.15.32 - - [17/Aug/2026:10:43:50 +0800] "GET /26150/wp-content/cache/2blog.ilc.edu.tw/wpfc-minified/1r2kskm2/5wols.css HTTP/1.1" 200 40888 "https://2blog.ilc.edu.tw/26150/2026/08/12/%E8%BD%89%E7%9F%A5%E5%AE%9C%E8%98%AD%E7%B8%A3%E6%94%BF%E5%BA%9C%E3%80%8C%E6%9A%96%E6%9A%96%E8%98%AD%E9%99%BD%EF%BC%8C%E5%BE%AE%E7%94%9C%E6%AD%A3%E5%A5%BD%E3%80%8D%E5%96%AE%E8%BA%AB%E8%81%AF%E8%AA%BC/376420000a_1150142217_attach1/" "Mozilla/5.0 (Linux; Android 10; K) AppleWebKit/537.36 (KHTML, like Gecko) Chrome/138.0.0.0 Mobile Safari/537.36 (compatible; Google-Read-Aloud; +https://support.google.com/webmasters/answer/1061943)"
2001:288:a201::66:125 - - [17/Aug/2026:10:43:50 +0800] "GET /blog/active.php HTTP/1.1" 404 1084 "-" "-"
192.178.15.32 - - [17/Aug/2026:10:43:50 +0800] "GET /26150/wp-content/cache/2blog.ilc.edu.tw/wpfc-minified/l0gr23lq/5wols.css HTTP/1.1" 200 9359 "https://2blog.ilc.edu.tw/26150/2026/08/12/%E8%BD%89%E7%9F%A5%E5%AE%9C%E8%98%AD%E7%B8%A3%E6%94%BF%E5%BA%9C%E3%80%8C%E6%9A%96%E6%9A%96%E8%98%AD%E9%99%BD%EF%BC%8C%E5%BE%AE%E7%94%9C%E6%AD%A3%E5%A5%BD%E3%80%8D%E5%96%AE%E8%BA%AB%E8%81%AF%E8%AA%BC/376420000a_1150142217_attach1/" "Mozilla/5.0 (Linux; Android 10; K) AppleWebKit/537.36 (KHTML, like Gecko) Chrome/138.0.0.0 Mobile Safari/537.36 (compatible; Google-Read-Aloud; +https://support.google.com/webmasters/answer/1061943)"
2001:288:a201::66:125 - - [17/Aug/2026:10:43:50 +0800] "GET /blog/active.php HTTP/1.1" 301 1026 "-" "-"
114.32.246.242 - - [17/Aug/2026:10:43:50 +0800] "GET /yilankindergartentest/wp-admin/edit.php HTTP/1.1" 200 27981 "https://2blog.ilc.edu.tw/yilankindergartentest/wp-admin/profile.php" "Mozilla/5.0 (Windows NT 10.0; Win64; x64) AppleWebKit/537.36 (KHTML, like Gecko) Chrome/151.0.0.0 Safari/537.36"
114.32.246.242 - - [17/Aug/2026:10:43:50 +0800] "GET /yilankindergartentest/wp-includes/js/jquery/ui/menu.min.js HTTP/1.1" 200 3938 "https://2blog.ilc.edu.tw/yilankindergartentest/wp-admin/edit.php" "Mozilla/5.0 (Windows NT 10.0; Win64; x64) AppleWebKit/537.36 (KHTML, like Gecko) Chrome/151.0.0.0 Safari/537.36"
114.32.246.242 - - [17/Aug/2026:10:43:50 +0800] "GET /yilankindergartentest/wp-includes/js/jquery/ui/autocomplete.min.js HTTP/1.1" 200 4124 "https://2blog.ilc.edu.tw/yilankindergartentest/wp-admin/edit.php" "Mozilla/5.0 (Windows NT 10.0; Win64; x64) AppleWebKit/537.36 (KHTML, like Gecko) Chrome/151.0.0.0 Safari/537.36"
114.32.246.242 - - [17/Aug/2026:10:43:50 +0800] "GET /yilankindergartentest/wp-admin/js/tags-suggest.min.js HTTP/1.1" 200 1965 "https://2blog.ilc.edu.tw/yilankindergartentest/wp-admin/edit.php" "Mozilla/5.0 (Windows NT 10.0; Win64; x64) AppleWebKit/537.36 (KHTML, like Gecko) Chrome/151.0.0.0 Safari/537.36"
114.32.246.242 - - [17/Aug/2026:10:43:50 +0800] "GET /yilankindergartentest/wp-admin/js/inline-edit-post.min.js HTTP/1.1" 200 4144 "https://2blog.ilc.edu.tw/yilankindergartentest/wp-admin/edit.php" "Mozilla/5.0 (Windows NT 10.0; Win64; x64) AppleWebKit/537.36 (KHTML, like Gecko) Chrome/151.0.0.0 Safari/537.36"
192.178.15.32 - - [17/Aug/2026:10:43:50 +0800] "GET /26150/wp-content/themes/oceanwp/assets/js/drop-down-mobile-menu.min.js HTTP/1.1" 200 4663 "https://2blog.ilc.edu.tw/26150/2026/08/12/%E8%BD%89%E7%9F%A5%E5%AE%9C%E8%98%AD%E7%B8%A3%E6%94%BF%E5%BA%9C%E3%80%8C%E6%9A%96%E6%9A%96%E8%98%AD%E9%99%BD%EF%BC%8C%E5%BE%AE%E7%94%9C%E6%AD%A3%E5%A5%BD%E3%80%8D%E5%96%AE%E8%BA%AB%E8%81%AF%E8%AA%BC/376420000a_1150142217_attach1/" "Mozilla/5.0 (Linux; Android 10; K) AppleWebKit/537.36 (KHTML, like Gecko) Chrome/138.0.0.0 Mobile Safari/537.36 (compatible; Google-Read-Aloud; +https://support.google.com/webmasters/answer/1061943)"
114.32.246.242 - - [17/Aug/2026:10:43:50 +0800] "POST /yilankindergartentest/wp-admin/admin-ajax.php HTTP/1.1" 200 1120 "https://2blog.ilc.edu.tw/yilankindergartentest/wp-admin/edit.php" "Mozilla/5.0 (Windows NT 10.0; Win64; x64) AppleWebKit/537.36 (KHTML, like Gecko) Chrome/151.0.0.0 Safari/537.36"
192.178.15.40 - - [17/Aug/2026:10:43:51 +0800] "GET /26150/wp-content/themes/oceanwp/assets/js/vendors/magnific-popup.min.js HTTP/1.1" 200 8270 "https://2blog.ilc.edu.tw/26150/2026/08/12/%E8%BD%89%E7%9F%A5%E5%AE%9C%E8%98%AD%E7%B8%A3%E6%94%BF%E5%BA%9C%E3%80%8C%E6%9A%96%E6%9A%96%E8%98%AD%E9%99%BD%EF%BC%8C%E5%BE%AE%E7%94%9C%E6%AD%A3%E5%A5%BD%E3%80%8D%E5%96%AE%E8%BA%AB%E8%81%AF%E8%AA%BC/376420000a_1150142217_attach1/" "Mozilla/5.0 (Linux; Android 10; K) AppleWebKit/537.36 (KHTML, like Gecko) Chrome/138.0.0.0 Mobile Safari/537.36 (compatible; Google-Read-Aloud; +https://support.google.com/webmasters/answer/1061943)"
192.178.15.41 - - [17/Aug/2026:10:43:49 +0800] "POST /26150/wp-json/ilc-summary/v1/popular-posts HTTP/1.1" 201 1400 "https://2blog.ilc.edu.tw/26150/2026/08/12/%E8%BD%89%E7%9F%A5%E5%AE%9C%E8%98%AD%E7%B8%A3%E6%94%BF%E5%BA%9C%E3%80%8C%E6%9A%96%E6%9A%96%E8%98%AD%E9%99%BD%EF%BC%8C%E5%BE%AE%E7%94%9C%E6%AD%A3%E5%A5%BD%E3%80%8D%E5%96%AE%E8%BA%AB%E8%81%AF%E8%AA%BC/" "Mozilla/5.0 (Linux; Android 10; K) AppleWebKit/537.36 (KHTML, like Gecko) Chrome/138.0.0.0 Mobile Safari/537.36 (compatible; Google-Read-Aloud; +https://support.google.com/webmasters/answer/1061943)"
192.178.15.40 - - [17/Aug/2026:10:43:51 +0800] "GET /26150/wp-content/themes/oceanwp/assets/js/vendors/flickity.pkgd.min.js HTTP/1.1" 200 15048 "https://2blog.ilc.edu.tw/26150/2026/08/12/%E8%BD%89%E7%9F%A5%E5%AE%9C%E8%98%AD%E7%B8%A3%E6%94%BF%E5%BA%9C%E3%80%8C%E6%9A%96%E6%9A%96%E8%98%AD%E9%99%BD%EF%BC%8C%E5%BE%AE%E7%94%9C%E6%AD%A3%E5%A5%BD%E3%80%8D%E5%96%AE%E8%BA%AB%E8%81%AF%E8%AA%BC/376420000a_1150142217_attach1/" "Mozilla/5.0 (Linux; Android 10; K) AppleWebKit/537.36 (KHTML, like Gecko) Chrome/138.0.0.0 Mobile Safari/537.36 (compatible; Google-Read-Aloud; +https://support.google.com/webmasters/answer/1061943)"
192.178.15.40 - - [17/Aug/2026:10:43:51 +0800] "GET /26150/wp-content/plugins/elementor-pro/assets/js/nav-menu.e65811186e94a386ba7b.bundle.min.js HTTP/1.1" 200 2690 "https://2blog.ilc.edu.tw/26150/2026/08/12/%E8%BD%89%E7%9F%A5%E5%AE%9C%E8%98%AD%E7%B8%A3%E6%94%BF%E5%BA%9C%E3%80%8C%E6%9A%96%E6%9A%96%E8%98%AD%E9%99%BD%EF%BC%8C%E5%BE%AE%E7%94%9C%E6%AD%A3%E5%A5%BD%E3%80%8D%E5%96%AE%E8%BA%AB%E8%81%AF%E8%AA%BC/" "Mozilla/5.0 (Linux; Android 10; K) AppleWebKit/537.36 (KHTML, like Gecko) Chrome/138.0.0.0 Mobile Safari/537.36 (compatible; Google-Read-Aloud; +https://support.google.com/webmasters/answer/1061943)"
140.111.67.195 - - [17/Aug/2026:10:43:51 +0800] "GET /wp-admin/admin-post.php?action=steps_ad HTTP/1.1" 200 1649 "-" "node-fetch/1.0 (+https://github.com/bitinn/node-fetch)"
66.249.68.136 - - [17/Aug/2026:10:43:49 +0800] "GET /wp-login.php?action=ilc_logout&_wpnonce=43754d0aad&redirect_to=https://mo-do.ru/creator/7364/ HTTP/1.1" 302 8246 "-" "Mozilla/5.0 (Linux; Android 6.0.1; Nexus 5X Build/MMB29P) AppleWebKit/537.36 (KHTML, like Gecko) Chrome/150.0.7871.186 Mobile Safari/537.36 (compatible; GoogleOther)"
::1 - - [17/Aug/2026:10:43:52 +0800] "OPTIONS * HTTP/1.0" 200 110 "-" "Apache/2.4.68 (Ubuntu) OpenSSL/3.0.19 (internal dummy connection)"
66.249.68.200 - - [17/Aug/2026:10:43:52 +0800] "GET /wp-content/uploads/sites/2640/6569/6569-2224932.doc HTTP/1.1" 200 204243 "-" "Mozilla/5.0 (Linux; Android 6.0.1; Nexus 5X Build/MMB29P) AppleWebKit/537.36 (KHTML, like Gecko) Chrome/150.0.7871.186 Mobile Safari/537.36 (compatible; Googlebot/2.1; +http://www.google.com/bot.html)"
192.178.15.40 - - [17/Aug/2026:10:43:52 +0800] "GET /26150/wp-content/themes/oceanwp/assets/js/select.min.js HTTP/1.1" 200 2408 "https://2blog.ilc.edu.tw/26150/2026/08/12/%E8%BD%89%E7%9F%A5%E5%AE%9C%E8%98%AD%E7%B8%A3%E6%94%BF%E5%BA%9C%E3%80%8C%E6%9A%96%E6%9A%96%E8%98%AD%E9%99%BD%EF%BC%8C%E5%BE%AE%E7%94%9C%E6%AD%A3%E5%A5%BD%E3%80%8D%E5%96%AE%E8%BA%AB%E8%81%AF%E8%AA%BC/376420000a_1150142217_attach1/" "Mozilla/5.0 (Linux; Android 10; K) AppleWebKit/537.36 (KHTML, like Gecko) Chrome/138.0.0.0 Mobile Safari/537.36 (compatible; Google-Read-Aloud; +https://support.google.com/webmasters/answer/1061943)"
192.178.15.41 - - [17/Aug/2026:10:43:53 +0800] "GET /26150/wp-content/plugins/ocean-extra/includes/widgets/js/flickr.min.js HTTP/1.1" 200 1319 "https://2blog.ilc.edu.tw/26150/2026/08/12/%E8%BD%89%E7%9F%A5%E5%AE%9C%E8%98%AD%E7%B8%A3%E6%94%BF%E5%BA%9C%E3%80%8C%E6%9A%96%E6%9A%96%E8%98%AD%E9%99%BD%EF%BC%8C%E5%BE%AE%E7%94%9C%E6%AD%A3%E5%A5%BD%E3%80%8D%E5%96%AE%E8%BA%AB%E8%81%AF%E8%AA%BC/376420000a_1150142217_attach1/" "Mozilla/5.0 (Linux; Android 10; K) AppleWebKit/537.36 (KHTML, like Gecko) Chrome/138.0.0.0 Mobile Safari/537.36 (compatible; Google-Read-Aloud; +https://support.google.com/webmasters/answer/1061943)"
192.178.15.40 - - [17/Aug/2026:10:43:53 +0800] "GET /26150/wp-content/plugins/elementor-pro/assets/lib/smartmenus/jquery.smartmenus.min.js HTTP/1.1" 200 7967 "https://2blog.ilc.edu.tw/26150/2026/08/12/%E8%BD%89%E7%9F%A5%E5%AE%9C%E8%98%AD%E7%B8%A3%E6%94%BF%E5%BA%9C%E3%80%8C%E6%9A%96%E6%9A%96%E8%98%AD%E9%99%BD%EF%BC%8C%E5%BE%AE%E7%94%9C%E6%AD%A3%E5%A5%BD%E3%80%8D%E5%96%AE%E8%BA%AB%E8%81%AF%E8%AA%BC/376420000a_1150142217_attach1/" "Mozilla/5.0 (Linux; Android 10; K) AppleWebKit/537.36 (KHTML, like Gecko) Chrome/138.0.0.0 Mobile Safari/537.36 (compatible; Google-Read-Aloud; +https://support.google.com/webmasters/answer/1061943)"
192.178.15.40 - - [17/Aug/2026:10:43:53 +0800] "GET /26150/wp-includes/js/dist/hooks.min.js HTTP/1.1" 200 2421 "https://2blog.ilc.edu.tw/26150/2026/08/12/%E8%BD%89%E7%9F%A5%E5%AE%9C%E8%98%AD%E7%B8%A3%E6%94%BF%E5%BA%9C%E3%80%8C%E6%9A%96%E6%9A%96%E8%98%AD%E9%99%BD%EF%BC%8C%E5%BE%AE%E7%94%9C%E6%AD%A3%E5%A5%BD%E3%80%8D%E5%96%AE%E8%BA%AB%E8%81%AF%E8%AA%BC/376420000a_1150142217_attach1/" "Mozilla/5.0 (Linux; Android 10; K) AppleWebKit/537.36 (KHTML, like Gecko) Chrome/138.0.0.0 Mobile Safari/537.36 (compatible; Google-Read-Aloud; +https://support.google.com/webmasters/answer/1061943)"
192.178.15.41 - - [17/Aug/2026:10:43:53 +0800] "GET /26150/wp-content/plugins/elementor-pro/assets/js/elements-handlers.min.js HTTP/1.1" 200 10882 "https://2blog.ilc.edu.tw/26150/2026/08/12/%E8%BD%89%E7%9F%A5%E5%AE%9C%E8%98%AD%E7%B8%A3%E6%94%BF%E5%BA%9C%E3%80%8C%E6%9A%96%E6%9A%96%E8%98%AD%E9%99%BD%EF%BC%8C%E5%BE%AE%E7%94%9C%E6%AD%A3%E5%A5%BD%E3%80%8D%E5%96%AE%E8%BA%AB%E8%81%AF%E8%AA%BC/376420000a_1150142217_attach1/" "Mozilla/5.0 (Linux; Android 10; K) AppleWebKit/537.36 (KHTML, like Gecko) Chrome/138.0.0.0 Mobile Safari/537.36 (compatible; Google-Read-Aloud; +https://support.google.com/webmasters/answer/1061943)"
192.178.15.32 - - [17/Aug/2026:10:43:53 +0800] "GET /26150/wp-content/plugins/elementor/assets/js/frontend.min.js HTTP/1.1" 200 13169 "https://2blog.ilc.edu.tw/26150/2026/08/12/%E8%BD%89%E7%9F%A5%E5%AE%9C%E8%98%AD%E7%B8%A3%E6%94%BF%E5%BA%9C%E3%80%8C%E6%9A%96%E6%9A%96%E8%98%AD%E9%99%BD%EF%BC%8C%E5%BE%AE%E7%94%9C%E6%AD%A3%E5%A5%BD%E3%80%8D%E5%96%AE%E8%BA%AB%E8%81%AF%E8%AA%BC/376420000a_1150142217_attach1/" "Mozilla/5.0 (Linux; Android 10; K) AppleWebKit/537.36 (KHTML, like Gecko) Chrome/138.0.0.0 Mobile Safari/537.36 (compatible; Google-Read-Aloud; +https://support.google.com/webmasters/answer/1061943)"
192.178.15.40 - - [17/Aug/2026:10:43:53 +0800] "GET /26150/wp-content/plugins/elementor-pro/assets/js/webpack-pro.runtime.min.js HTTP/1.1" 200 3562 "https://2blog.ilc.edu.tw/26150/2026/08/12/%E8%BD%89%E7%9F%A5%E5%AE%9C%E8%98%AD%E7%B8%A3%E6%94%BF%E5%BA%9C%E3%80%8C%E6%9A%96%E6%9A%96%E8%98%AD%E9%99%BD%EF%BC%8C%E5%BE%AE%E7%94%9C%E6%AD%A3%E5%A5%BD%E3%80%8D%E5%96%AE%E8%BA%AB%E8%81%AF%E8%AA%BC/376420000a_1150142217_attach1/" "Mozilla/5.0 (Linux; Android 10; K) AppleWebKit/537.36 (KHTML, like Gecko) Chrome/138.0.0.0 Mobile Safari/537.36 (compatible; Google-Read-Aloud; +https://support.google.com/webmasters/answer/1061943)"
::1 - - [17/Aug/2026:10:43:53 +0800] "OPTIONS * HTTP/1.0" 200 110 "-" "Apache/2.4.68 (Ubuntu) OpenSSL/3.0.19 (internal dummy connection)"
192.178.15.40 - - [17/Aug/2026:10:43:53 +0800] "GET /26150/wp-content/themes/oceanwp/assets/fonts/simple-line-icons/Simple-Line-Icons.woff2?v=2.4.0 HTTP/1.1" 200 35740 "https://2blog.ilc.edu.tw/26150/wp-content/cache/2blog.ilc.edu.tw/wpfc-minified/kc6fgvop/5wols.css" "Mozilla/5.0 (Linux; Android 10; K) AppleWebKit/537.36 (KHTML, like Gecko) Chrome/138.0.0.0 Mobile Safari/537.36 (compatible; Google-Read-Aloud; +https://support.google.com/webmasters/answer/1061943)"
192.178.15.32 - - [17/Aug/2026:10:43:53 +0800] "GET /26150/wp-content/themes/oceanwp/assets/fonts/fontawesome/webfonts/fa-solid-900.woff2 HTTP/1.1" 200 151246 "https://2blog.ilc.edu.tw/26150/wp-content/cache/2blog.ilc.edu.tw/wpfc-minified/kc6fgvop/5wols.css" "Mozilla/5.0 (Linux; Android 10; K) AppleWebKit/537.36 (KHTML, like Gecko) Chrome/138.0.0.0 Mobile Safari/537.36 (compatible; Google-Read-Aloud; +https://support.google.com/webmasters/answer/1061943)"
192.178.15.40 - - [17/Aug/2026:10:43:53 +0800] "GET /26150/wp-content/themes/oceanwp/assets/fonts/simple-line-icons/Simple-Line-Icons.woff2?v=2.4.0 HTTP/1.1" 200 35740 "https://2blog.ilc.edu.tw/26150/wp-content/cache/2blog.ilc.edu.tw/wpfc-minified/kc6fgvop/5wols.css" "Mozilla/5.0 (Linux; Android 10; K) AppleWebKit/537.36 (KHTML, like Gecko) Chrome/138.0.0.0 Mobile Safari/537.36 (compatible; Google-Read-Aloud; +https://support.google.com/webmasters/answer/1061943)"
140.111.67.195 - - [17/Aug/2026:10:43:53 +0800] "GET /wp-admin/admin-post.php?action=steps_ad HTTP/1.1" 200 1649 "-" "node-fetch/1.0 (+https://github.com/bitinn/node-fetch)"
2001:288:a20f:1:b46b:db5a:3bb9:74eb - - [17/Aug/2026:10:43:53 +0800] "GET /wp-content/uploads/sites/3846/2026/06/2026%E5%AE%9C%E8%98%AD%E7%98%8B%E5%AD%B8%E7%BF%92-%E6%9A%91%E5%81%87_%E6%95%99%E8%82%B2%E8%99%95%E9%A6%96%E9%A0%81-1440-x-1080-%E5%83%8F%E7%B4%A0.png HTTP/1.1" 304 5581 "https://it.ilc.edu.tw/" "Mozilla/5.0 (Windows NT 10.0; Win64; x64) AppleWebKit/537.36 (KHTML, like Gecko) Chrome/151.0.0.0 Safari/537.36"
2001:288:a20f:1:b46b:db5a:3bb9:74eb - - [17/Aug/2026:10:43:53 +0800] "GET /wp-content/uploads/sites/3846/2026/06/%E5%AE%A3%E5%82%B3%E5%9C%96%E7%89%87.png HTTP/1.1" 304 5581 "https://it.ilc.edu.tw/" "Mozilla/5.0 (Windows NT 10.0; Win64; x64) AppleWebKit/537.36 (KHTML, like Gecko) Chrome/151.0.0.0 Safari/537.36"
2001:288:a20f:1:b46b:db5a:3bb9:74eb - - [17/Aug/2026:10:43:53 +0800] "GET /wp-content/uploads/sites/3846/2026/08/%E8%BE%B2%E6%A5%AD%E9%83%A8%E5%BB%A3%E5%91%8A.jpg HTTP/1.1" 304 5581 "https://it.ilc.edu.tw/" "Mozilla/5.0 (Windows NT 10.0; Win64; x64) AppleWebKit/537.36 (KHTML, like Gecko) Chrome/151.0.0.0 Safari/537.36"
2402:7500:942:34cb:2158:db71:86ba:38d8 - - [17/Aug/2026:10:43:53 +0800] "GET /wp-content/uploads/sites/233/1003/1003-2438081.jpg HTTP/1.1" 200 114866 "https://2blog.ilc.edu.tw/1003/2014/03/20/%E8%AA%B2%E5%A4%96%E9%96%B1%E8%AE%80%E6%95%99%E5%AD%B8%E9%96%B1%E8%AE%80%E5%BF%83%E5%BE%97%E5%BE%88%E5%A5%BD%E5%AF%AB/" "Mozilla/5.0 (Linux; Android 10; K) AppleWebKit/537.36 (KHTML, like Gecko) Chrome/114.0.0.0 Mobile Safari/537.36"
::1 - - [17/Aug/2026:10:43:54 +0800] "OPTIONS * HTTP/1.0" 200 110 "-" "Apache/2.4.68 (Ubuntu) OpenSSL/3.0.19 (internal dummy connection)"
140.111.67.10 - - [17/Aug/2026:10:43:55 +0800] "GET /" 301 273 "-" "-"
::1 - - [17/Aug/2026:10:43:55 +0800] "OPTIONS * HTTP/1.0" 200 110 "-" "Apache/2.4.68 (Ubuntu) OpenSSL/3.0.19 (internal dummy connection)"
2001:288:a201::66:125 - - [17/Aug/2026:10:43:55 +0800] "GET /blog/active.php HTTP/1.1" 301 1026 "-" "-"
2001:288:a201::66:125 - - [17/Aug/2026:10:43:55 +0800] "GET /blog/active.php HTTP/1.1" 404 1084 "-" "-"
2001:b400:e2aa:18e4:6192:2044:2e34:f307 - - [17/Aug/2026:10:43:56 +0800] "-" 408 339 "-" "-"
2402:7500:942:34cb:2158:db71:86ba:38d8 - - [17/Aug/2026:10:43:56 +0800] "GET /wp-content/uploads/sites/233/1003/1003-2438082.jpg HTTP/1.1" 200 117428 "https://2blog.ilc.edu.tw/1003/2014/03/20/%E8%AA%B2%E5%A4%96%E9%96%B1%E8%AE%80%E6%95%99%E5%AD%B8%E9%96%B1%E8%AE%80%E5%BF%83%E5%BE%97%E5%BE%88%E5%A5%BD%E5%AF%AB/" "Mozilla/5.0 (Linux; Android 10; K) AppleWebKit/537.36 (KHTML, like Gecko) Chrome/114.0.0.0 Mobile Safari/537.36"
66.249.68.136 - - [17/Aug/2026:10:43:54 +0800] "GET /wp-login.php?action=ilc_logout&_wpnonce=43754d0aad&redirect_to=http://mebelcot.ru/job/24493/ HTTP/1.1" 302 8245 "-" "Mozilla/5.0 (Linux; Android 6.0.1; Nexus 5X Build/MMB29P) AppleWebKit/537.36 (KHTML, like Gecko) Chrome/150.0.7871.186 Mobile Safari/537.36 (compatible; Googlebot/2.1; +http://www.google.com/bot.html)"
::1 - - [17/Aug/2026:10:43:56 +0800] "OPTIONS * HTTP/1.0" 200 110 "-" "Apache/2.4.68 (Ubuntu) OpenSSL/3.0.19 (internal dummy connection)"
2402:7500:942:34cb:2158:db71:86ba:38d8 - - [17/Aug/2026:10:43:56 +0800] "GET /wp-content/uploads/sites/233/1003/1003-2439422.jpg HTTP/1.1" 200 114032 "https://2blog.ilc.edu.tw/1003/2014/03/20/%E8%AA%B2%E5%A4%96%E9%96%B1%E8%AE%80%E6%95%99%E5%AD%B8%E9%96%B1%E8%AE%80%E5%BF%83%E5%BE%97%E5%BE%88%E5%A5%BD%E5%AF%AB/" "Mozilla/5.0 (Linux; Android 10; K) AppleWebKit/537.36 (KHTML, like Gecko) Chrome/114.0.0.0 Mobile Safari/537.36"
2001:288:a26a:1:6923:8bf3:4374:c578 - - [17/Aug/2026:10:43:56 +0800] "POST /hsics/wp-admin/admin-ajax.php HTTP/1.1" 200 1459 "https://2blog.ilc.edu.tw/hsics/wp-admin/edit.php" "Mozilla/5.0 (Windows NT 10.0; Win64; x64) AppleWebKit/537.36 (KHTML, like Gecko) Chrome/151.0.0.0 Safari/537.36"
::1 - - [17/Aug/2026:10:43:57 +0800] "OPTIONS * HTTP/1.0" 200 110 "-" "Apache/2.4.68 (Ubuntu) OpenSSL/3.0.19 (internal dummy connection)"
114.32.246.242 - - [17/Aug/2026:10:43:57 +0800] "GET /yilankindergartentest/wp-admin/post-new.php HTTP/1.1" 200 56160 "https://2blog.ilc.edu.tw/yilankindergartentest/wp-admin/edit.php" "Mozilla/5.0 (Windows NT 10.0; Win64; x64) AppleWebKit/537.36 (KHTML, like Gecko) Chrome/151.0.0.0 Safari/537.36"
114.32.246.242 - - [17/Aug/2026:10:43:57 +0800] "GET /yilankindergartentest/wp-includes/js/mediaelement/mediaelementplayer-legacy.min.css HTTP/1.1" 200 3465 "https://2blog.ilc.edu.tw/yilankindergartentest/wp-admin/post-new.php" "Mozilla/5.0 (Windows NT 10.0; Win64; x64) AppleWebKit/537.36 (KHTML, like Gecko) Chrome/151.0.0.0 Safari/537.36"
114.32.246.242 - - [17/Aug/2026:10:43:57 +0800] "GET /yilankindergartentest/wp-admin/load-styles.php?c=1&dir=ltr&load%5Bchunk_0%5D=dashicons,admin-bar,buttons,media-views,common,forms,admin-menu,dashboard,list-tables,edit,revisions,media,themes,about,nav-menu&load%5Bchunk_1%5D=s,wp-pointer,widgets,site-icon,l10n,wp-auth-check&ver=6.6.7 HTTP/1.1" 200 110108 "https://2blog.ilc.edu.tw/yilankindergartentest/wp-admin/post-new.php" "Mozilla/5.0 (Windows NT 10.0; Win64; x64) AppleWebKit/537.36 (KHTML, like Gecko) Chrome/151.0.0.0 Safari/537.36"
114.32.246.242 - - [17/Aug/2026:10:43:57 +0800] "GET /yilankindergartentest/wp-includes/js/mediaelement/wp-mediaelement.min.css HTTP/1.1" 200 2029 "https://2blog.ilc.edu.tw/yilankindergartentest/wp-admin/post-new.php" "Mozilla/5.0 (Windows NT 10.0; Win64; x64) AppleWebKit/537.36 (KHTML, like Gecko) Chrome/151.0.0.0 Safari/537.36"
114.32.246.242 - - [17/Aug/2026:10:43:57 +0800] "GET /yilankindergartentest/wp-includes/js/imgareaselect/imgareaselect.css HTTP/1.1" 200 1476 "https://2blog.ilc.edu.tw/yilankindergartentest/wp-admin/post-new.php" "Mozilla/5.0 (Windows NT 10.0; Win64; x64) AppleWebKit/537.36 (KHTML, like Gecko) Chrome/151.0.0.0 Safari/537.36"
114.32.246.242 - - [17/Aug/2026:10:43:57 +0800] "GET /yilankindergartentest/wp-content/plugins/google-drive-embedder/css/gdm-colorbox.css HTTP/1.1" 200 6885 "https://2blog.ilc.edu.tw/yilankindergartentest/wp-admin/post-new.php" "Mozilla/5.0 (Windows NT 10.0; Win64; x64) AppleWebKit/537.36 (KHTML, like Gecko) Chrome/151.0.0.0 Safari/537.36"
114.32.246.242 - - [17/Aug/2026:10:43:57 +0800] "GET /yilankindergartentest/wp-content/plugins/google-drive-embedder/css/gdm-choose-drivefile.css HTTP/1.1" 200 2227 "https://2blog.ilc.edu.tw/yilankindergartentest/wp-admin/post-new.php" "Mozilla/5.0 (Windows NT 10.0; Win64; x64) AppleWebKit/537.36 (KHTML, like Gecko) Chrome/151.0.0.0 Safari/537.36"
114.32.246.242 - - [17/Aug/2026:10:43:57 +0800] "GET /yilankindergartentest/wp-includes/js/plupload/plupload.min.js HTTP/1.1" 200 6467 "https://2blog.ilc.edu.tw/yilankindergartentest/wp-admin/post-new.php" "Mozilla/5.0 (Windows NT 10.0; Win64; x64) AppleWebKit/537.36 (KHTML, like Gecko) Chrome/151.0.0.0 Safari/537.36"
114.32.246.242 - - [17/Aug/2026:10:43:57 +0800] "GET /yilankindergartentest/wp-includes/js/plupload/moxie.min.js HTTP/1.1" 200 33165 "https://2blog.ilc.edu.tw/yilankindergartentest/wp-admin/post-new.php" "Mozilla/5.0 (Windows NT 10.0; Win64; x64) AppleWebKit/537.36 (KHTML, like Gecko) Chrome/151.0.0.0 Safari/537.36"
114.32.246.242 - - [17/Aug/2026:10:43:57 +0800] "GET /yilankindergartentest/wp-content/plugins/google-drive-embedder/js/gdm-base-servicehandler.js HTTP/1.1" 200 3504 "https://2blog.ilc.edu.tw/yilankindergartentest/wp-admin/post-new.php" "Mozilla/5.0 (Windows NT 10.0; Win64; x64) AppleWebKit/537.36 (KHTML, like Gecko) Chrome/151.0.0.0 Safari/537.36"
114.32.246.242 - - [17/Aug/2026:10:43:57 +0800] "GET /yilankindergartentest/wp-content/plugins/google-drive-embedder/js/gdm-simple-browser.js HTTP/1.1" 200 2688 "https://2blog.ilc.edu.tw/yilankindergartentest/wp-admin/post-new.php" "Mozilla/5.0 (Windows NT 10.0; Win64; x64) AppleWebKit/537.36 (KHTML, like Gecko) Chrome/151.0.0.0 Safari/537.36"
114.32.246.242 - - [17/Aug/2026:10:43:57 +0800] "GET /yilankindergartentest/wp-content/plugins/google-drive-embedder/js/gdm-basic-drivefile.js HTTP/1.1" 200 1886 "https://2blog.ilc.edu.tw/yilankindergartentest/wp-admin/post-new.php" "Mozilla/5.0 (Windows NT 10.0; Win64; x64) AppleWebKit/537.36 (KHTML, like Gecko) Chrome/151.0.0.0 Safari/537.36"
114.32.246.242 - - [17/Aug/2026:10:43:57 +0800] "GET /yilankindergartentest/wp-content/plugins/google-drive-embedder/js/jquery.colorbox.js HTTP/1.1" 200 9959 "https://2blog.ilc.edu.tw/yilankindergartentest/wp-admin/post-new.php" "Mozilla/5.0 (Windows NT 10.0; Win64; x64) AppleWebKit/537.36 (KHTML, like Gecko) Chrome/151.0.0.0 Safari/537.36"
114.32.246.242 - - [17/Aug/2026:10:43:57 +0800] "GET /yilankindergartentest/wp-content/plugins/google-drive-embedder/js/gdm-choose-drivefile.js HTTP/1.1" 200 6736 "https://2blog.ilc.edu.tw/yilankindergartentest/wp-admin/post-new.php" "Mozilla/5.0 (Windows NT 10.0; Win64; x64) AppleWebKit/537.36 (KHTML, like Gecko) Chrome/151.0.0.0 Safari/537.36"
114.32.246.242 - - [17/Aug/2026:10:43:57 +0800] "GET /yilankindergartentest/wp-includes/js/autosave.min.js HTTP/1.1" 200 3173 "https://2blog.ilc.edu.tw/yilankindergartentest/wp-admin/post-new.php" "Mozilla/5.0 (Windows NT 10.0; Win64; x64) AppleWebKit/537.36 (KHTML, like Gecko) Chrome/151.0.0.0 Safari/537.36"
114.32.246.242 - - [17/Aug/2026:10:43:57 +0800] "GET /yilankindergartentest/wp-includes/css/editor.min.css HTTP/1.1" 200 6719 "https://2blog.ilc.edu.tw/yilankindergartentest/wp-admin/post-new.php" "Mozilla/5.0 (Windows NT 10.0; Win64; x64) AppleWebKit/537.36 (KHTML, like Gecko) Chrome/151.0.0.0 Safari/537.36"
114.32.246.242 - - [17/Aug/2026:10:43:57 +0800] "GET /yilankindergartentest/wp-admin/js/tags-box.min.js HTTP/1.1" 200 2188 "https://2blog.ilc.edu.tw/yilankindergartentest/wp-admin/post-new.php" "Mozilla/5.0 (Windows NT 10.0; Win64; x64) AppleWebKit/537.36 (KHTML, like Gecko) Chrome/151.0.0.0 Safari/537.36"
114.32.246.242 - - [17/Aug/2026:10:43:57 +0800] "GET /yilankindergartentest/wp-includes/js/jquery/suggest.min.js HTTP/1.1" 200 2220 "https://2blog.ilc.edu.tw/yilankindergartentest/wp-admin/post-new.php" "Mozilla/5.0 (Windows NT 10.0; Win64; x64) AppleWebKit/537.36 (KHTML, like Gecko) Chrome/151.0.0.0 Safari/537.36"
114.32.246.242 - - [17/Aug/2026:10:43:57 +0800] "GET /yilankindergartentest/wp-includes/js/wp-sanitize.min.js HTTP/1.1" 200 1163 "https://2blog.ilc.edu.tw/yilankindergartentest/wp-admin/post-new.php" "Mozilla/5.0 (Windows NT 10.0; Win64; x64) AppleWebKit/537.36 (KHTML, like Gecko) Chrome/151.0.0.0 Safari/537.36"
114.32.246.242 - - [17/Aug/2026:10:43:57 +0800] "GET /yilankindergartentest/wp-admin/js/word-count.min.js HTTP/1.1" 200 1563 "https://2blog.ilc.edu.tw/yilankindergartentest/wp-admin/post-new.php" "Mozilla/5.0 (Windows NT 10.0; Win64; x64) AppleWebKit/537.36 (KHTML, like Gecko) Chrome/151.0.0.0 Safari/537.36"
114.32.246.242 - - [17/Aug/2026:10:43:57 +0800] "GET /yilankindergartentest/wp-includes/js/clipboard.min.js HTTP/1.1" 200 4030 "https://2blog.ilc.edu.tw/yilankindergartentest/wp-admin/post-new.php" "Mozilla/5.0 (Windows NT 10.0; Win64; x64) AppleWebKit/537.36 (KHTML, like Gecko) Chrome/151.0.0.0 Safari/537.36"
114.32.246.242 - - [17/Aug/2026:10:43:57 +0800] "GET /yilankindergartentest/wp-admin/js/editor-expand.min.js HTTP/1.1" 200 5413 "https://2blog.ilc.edu.tw/yilankindergartentest/wp-admin/post-new.php" "Mozilla/5.0 (Windows NT 10.0; Win64; x64) AppleWebKit/537.36 (KHTML, like Gecko) Chrome/151.0.0.0 Safari/537.36"
114.32.246.242 - - [17/Aug/2026:10:43:57 +0800] "GET /yilankindergartentest/wp-includes/js/plupload/wp-plupload.min.js HTTP/1.1" 200 3218 "https://2blog.ilc.edu.tw/yilankindergartentest/wp-admin/post-new.php" "Mozilla/5.0 (Windows NT 10.0; Win64; x64) AppleWebKit/537.36 (KHTML, like Gecko) Chrome/151.0.0.0 Safari/537.36"
114.32.246.242 - - [17/Aug/2026:10:43:57 +0800] "GET /yilankindergartentest/wp-includes/js/media-models.min.js HTTP/1.1" 200 4978 "https://2blog.ilc.edu.tw/yilankindergartentest/wp-admin/post-new.php" "Mozilla/5.0 (Windows NT 10.0; Win64; x64) AppleWebKit/537.36 (KHTML, like Gecko) Chrome/151.0.0.0 Safari/537.36"
114.32.246.242 - - [17/Aug/2026:10:43:57 +0800] "GET /yilankindergartentest/wp-admin/js/post.min.js HTTP/1.1" 200 7137 "https://2blog.ilc.edu.tw/yilankindergartentest/wp-admin/post-new.php" "Mozilla/5.0 (Windows NT 10.0; Win64; x64) AppleWebKit/537.36 (KHTML, like Gecko) Chrome/151.0.0.0 Safari/537.36"
114.32.246.242 - - [17/Aug/2026:10:43:57 +0800] "GET /yilankindergartentest/wp-includes/js/wp-backbone.min.js HTTP/1.1" 200 2055 "https://2blog.ilc.edu.tw/yilankindergartentest/wp-admin/post-new.php" "Mozilla/5.0 (Windows NT 10.0; Win64; x64) AppleWebKit/537.36 (KHTML, like Gecko) Chrome/151.0.0.0 Safari/537.36"
114.32.246.242 - - [17/Aug/2026:10:43:57 +0800] "GET /yilankindergartentest/wp-includes/js/mediaelement/mediaelement-and-player.min.js HTTP/1.1" 200 39802 "https://2blog.ilc.edu.tw/yilankindergartentest/wp-admin/post-new.php" "Mozilla/5.0 (Windows NT 10.0; Win64; x64) AppleWebKit/537.36 (KHTML, like Gecko) Chrome/151.0.0.0 Safari/537.36"
114.32.246.242 - - [17/Aug/2026:10:43:57 +0800] "GET /yilankindergartentest/wp-includes/js/mediaelement/mediaelement-migrate.min.js HTTP/1.1" 200 1419 "https://2blog.ilc.edu.tw/yilankindergartentest/wp-admin/post-new.php" "Mozilla/5.0 (Windows NT 10.0; Win64; x64) AppleWebKit/537.36 (KHTML, like Gecko) Chrome/151.0.0.0 Safari/537.36"
114.32.246.242 - - [17/Aug/2026:10:43:57 +0800] "GET /yilankindergartentest/wp-includes/js/mediaelement/wp-mediaelement.min.js HTTP/1.1" 200 1417 "https://2blog.ilc.edu.tw/yilankindergartentest/wp-admin/post-new.php" "Mozilla/5.0 (Windows NT 10.0; Win64; x64) AppleWebKit/537.36 (KHTML, like Gecko) Chrome/151.0.0.0 Safari/537.36"
114.32.246.242 - - [17/Aug/2026:10:43:57 +0800] "GET /yilankindergartentest/wp-includes/js/media-editor.min.js HTTP/1.1" 200 4483 "https://2blog.ilc.edu.tw/yilankindergartentest/wp-admin/post-new.php" "Mozilla/5.0 (Windows NT 10.0; Win64; x64) AppleWebKit/537.36 (KHTML, like Gecko) Chrome/151.0.0.0 Safari/537.36"
114.32.246.242 - - [17/Aug/2026:10:43:57 +0800] "GET /yilankindergartentest/wp-includes/js/media-audiovideo.min.js HTTP/1.1" 200 4243 "https://2blog.ilc.edu.tw/yilankindergartentest/wp-admin/post-new.php" "Mozilla/5.0 (Windows NT 10.0; Win64; x64) AppleWebKit/537.36 (KHTML, like Gecko) Chrome/151.0.0.0 Safari/537.36"
114.32.246.242 - - [17/Aug/2026:10:43:57 +0800] "GET /yilankindergartentest/wp-includes/js/media-views.min.js HTTP/1.1" 200 26796 "https://2blog.ilc.edu.tw/yilankindergartentest/wp-admin/post-new.php" "Mozilla/5.0 (Windows NT 10.0; Win64; x64) AppleWebKit/537.36 (KHTML, like Gecko) Chrome/151.0.0.0 Safari/537.36"
114.32.246.242 - - [17/Aug/2026:10:43:57 +0800] "GET /yilankindergartentest/wp-includes/js/mce-view.min.js HTTP/1.1" 200 4610 "https://2blog.ilc.edu.tw/yilankindergartentest/wp-admin/post-new.php" "Mozilla/5.0 (Windows NT 10.0; Win64; x64) AppleWebKit/537.36 (KHTML, like Gecko) Chrome/151.0.0.0 Safari/537.36"
114.32.246.242 - - [17/Aug/2026:10:43:57 +0800] "GET /yilankindergartentest/wp-includes/js/imgareaselect/jquery.imgareaselect.min.js HTTP/1.1" 200 4598 "https://2blog.ilc.edu.tw/yilankindergartentest/wp-admin/post-new.php" "Mozilla/5.0 (Windows NT 10.0; Win64; x64) AppleWebKit/537.36 (KHTML, like Gecko) Chrome/151.0.0.0 Safari/537.36"
114.32.246.242 - - [17/Aug/2026:10:43:57 +0800] "GET /yilankindergartentest/wp-admin/js/image-edit.min.js HTTP/1.1" 200 5470 "https://2blog.ilc.edu.tw/yilankindergartentest/wp-admin/post-new.php" "Mozilla/5.0 (Windows NT 10.0; Win64; x64) AppleWebKit/537.36 (KHTML, like Gecko) Chrome/151.0.0.0 Safari/537.36"
114.32.246.242 - - [17/Aug/2026:10:43:57 +0800] "GET /yilankindergartentest/wp-includes/js/media-grid.min.js HTTP/1.1" 200 4723 "https://2blog.ilc.edu.tw/yilankindergartentest/wp-admin/post-new.php" "Mozilla/5.0 (Windows NT 10.0; Win64; x64) AppleWebKit/537.36 (KHTML, like Gecko) Chrome/151.0.0.0 Safari/537.36"
114.32.246.242 - - [17/Aug/2026:10:43:57 +0800] "GET /yilankindergartentest/wp-content/plugins/elementor/assets/js/packages/icons/icons.min.js HTTP/1.1" 200 24216 "https://2blog.ilc.edu.tw/yilankindergartentest/wp-admin/post-new.php" "Mozilla/5.0 (Windows NT 10.0; Win64; x64) AppleWebKit/537.36 (KHTML, like Gecko) Chrome/151.0.0.0 Safari/537.36"
114.32.246.242 - - [17/Aug/2026:10:43:57 +0800] "GET /yilankindergartentest/wp-includes/js/wplink.min.js HTTP/1.1" 200 4787 "https://2blog.ilc.edu.tw/yilankindergartentest/wp-admin/post-new.php" "Mozilla/5.0 (Windows NT 10.0; Win64; x64) AppleWebKit/537.36 (KHTML, like Gecko) Chrome/151.0.0.0 Safari/537.36"
114.32.246.242 - - [17/Aug/2026:10:43:57 +0800] "GET /yilankindergartentest/wp-admin/js/editor.min.js HTTP/1.1" 200 5613 "https://2blog.ilc.edu.tw/yilankindergartentest/wp-admin/post-new.php" "Mozilla/5.0 (Windows NT 10.0; Win64; x64) AppleWebKit/537.36 (KHTML, like Gecko) Chrome/151.0.0.0 Safari/537.36"
114.32.246.242 - - [17/Aug/2026:10:43:57 +0800] "GET /yilankindergartentest/wp-admin/images/spinner.gif HTTP/1.1" 200 4483 "https://2blog.ilc.edu.tw/yilankindergartentest/wp-admin/load-styles.php?c=1&dir=ltr&load%5Bchunk_0%5D=dashicons,admin-bar,buttons,media-views,common,forms,admin-menu,dashboard,list-tables,edit,revisions,media,themes,about,nav-menu&load%5Bchunk_1%5D=s,wp-pointer,widgets,site-icon,l10n,wp-auth-check&ver=6.6.7" "Mozilla/5.0 (Windows NT 10.0; Win64; x64) AppleWebKit/537.36 (KHTML, like Gecko) Chrome/151.0.0.0 Safari/537.36"
114.32.246.242 - - [17/Aug/2026:10:43:57 +0800] "GET /yilankindergartentest/wp-content/plugins/google-drive-embedder/images/gdm-media.png HTTP/1.1" 200 179347 "https://2blog.ilc.edu.tw/yilankindergartentest/wp-admin/post-new.php" "Mozilla/5.0 (Windows NT 10.0; Win64; x64) AppleWebKit/537.36 (KHTML, like Gecko) Chrome/151.0.0.0 Safari/537.36"
114.32.246.242 - - [17/Aug/2026:10:43:57 +0800] "GET /yilankindergartentest/wp-admin/images/spinner-2x.gif HTTP/1.1" 200 8385 "https://2blog.ilc.edu.tw/yilankindergartentest/wp-admin/post-new.php" "Mozilla/5.0 (Windows NT 10.0; Win64; x64) AppleWebKit/537.36 (KHTML, like Gecko) Chrome/151.0.0.0 Safari/537.36"
114.32.246.242 - - [17/Aug/2026:10:43:57 +0800] "GET /yilankindergartentest/wp-content/plugins/elementor/assets/js/ai-media-library.min.js HTTP/1.1" 200 162489 "https://2blog.ilc.edu.tw/yilankindergartentest/wp-admin/post-new.php" "Mozilla/5.0 (Windows NT 10.0; Win64; x64) AppleWebKit/537.36 (KHTML, like Gecko) Chrome/151.0.0.0 Safari/537.36"
114.32.246.242 - - [17/Aug/2026:10:43:57 +0800] "GET /yilankindergartentest/wp-includes/js/wp-embed.min.js HTTP/1.1" 200 1573 "https://2blog.ilc.edu.tw/yilankindergartentest/wp-admin/post-new.php" "Mozilla/5.0 (Windows NT 10.0; Win64; x64) AppleWebKit/537.36 (KHTML, like Gecko) Chrome/151.0.0.0 Safari/537.36"
114.32.246.242 - - [17/Aug/2026:10:43:57 +0800] "GET /yilankindergartentest/wp-content/plugins/elementor/assets/js/packages/ui/ui.min.js HTTP/1.1" 200 226062 "https://2blog.ilc.edu.tw/yilankindergartentest/wp-admin/post-new.php" "Mozilla/5.0 (Windows NT 10.0; Win64; x64) AppleWebKit/537.36 (KHTML, like Gecko) Chrome/151.0.0.0 Safari/537.36"
114.32.246.242 - - [17/Aug/2026:10:43:57 +0800] "GET /yilankindergartentest/wp-includes/js/tinymce/wp-tinymce.js HTTP/1.1" 200 223902 "https://2blog.ilc.edu.tw/yilankindergartentest/wp-admin/post-new.php" "Mozilla/5.0 (Windows NT 10.0; Win64; x64) AppleWebKit/537.36 (KHTML, like Gecko) Chrome/151.0.0.0 Safari/537.36"
114.32.246.242 - - [17/Aug/2026:10:43:58 +0800] "GET /yilankindergartentest/wp-content/plugins/tinymce-advanced/mce/code/plugin.min.js?wp-mce-49110-20201110-tadv-5600 HTTP/1.1" 200 1403 "https://2blog.ilc.edu.tw/yilankindergartentest/wp-admin/post-new.php" "Mozilla/5.0 (Windows NT 10.0; Win64; x64) AppleWebKit/537.36 (KHTML, like Gecko) Chrome/151.0.0.0 Safari/537.36"
114.32.246.242 - - [17/Aug/2026:10:43:58 +0800] "GET /yilankindergartentest/wp-content/plugins/tinymce-advanced/mce/anchor/plugin.min.js?wp-mce-49110-20201110-tadv-5600 HTTP/1.1" 200 1638 "https://2blog.ilc.edu.tw/yilankindergartentest/wp-admin/post-new.php" "Mozilla/5.0 (Windows NT 10.0; Win64; x64) AppleWebKit/537.36 (KHTML, like Gecko) Chrome/151.0.0.0 Safari/537.36"
114.32.246.242 - - [17/Aug/2026:10:43:58 +0800] "GET /yilankindergartentest/wp-content/plugins/tinymce-advanced/mce/insertdatetime/plugin.min.js?wp-mce-49110-20201110-tadv-5600 HTTP/1.1" 200 1983 "https://2blog.ilc.edu.tw/yilankindergartentest/wp-admin/post-new.php" "Mozilla/5.0 (Windows NT 10.0; Win64; x64) AppleWebKit/537.36 (KHTML, like Gecko) Chrome/151.0.0.0 Safari/537.36"
114.32.246.242 - - [17/Aug/2026:10:43:58 +0800] "GET /yilankindergartentest/wp-content/plugins/tinymce-advanced/mce/print/plugin.min.js?wp-mce-49110-20201110-tadv-5600 HTTP/1.1" 200 1142 "https://2blog.ilc.edu.tw/yilankindergartentest/wp-admin/post-new.php" "Mozilla/5.0 (Windows NT 10.0; Win64; x64) AppleWebKit/537.36 (KHTML, like Gecko) Chrome/151.0.0.0 Safari/537.36"
114.32.246.242 - - [17/Aug/2026:10:43:58 +0800] "GET /yilankindergartentest/wp-content/plugins/tinymce-advanced/mce/nonbreaking/plugin.min.js?wp-mce-49110-20201110-tadv-5600 HTTP/1.1" 200 1420 "https://2blog.ilc.edu.tw/yilankindergartentest/wp-admin/post-new.php" "Mozilla/5.0 (Windows NT 10.0; Win64; x64) AppleWebKit/537.36 (KHTML, like Gecko) Chrome/151.0.0.0 Safari/537.36"
114.32.246.242 - - [17/Aug/2026:10:43:58 +0800] "GET /yilankindergartentest/wp-content/plugins/tinymce-advanced/mce/searchreplace/plugin.min.js?wp-mce-49110-20201110-tadv-5600 HTTP/1.1" 200 3785 "https://2blog.ilc.edu.tw/yilankindergartentest/wp-admin/post-new.php" "Mozilla/5.0 (Windows NT 10.0; Win64; x64) AppleWebKit/537.36 (KHTML, like Gecko) Chrome/151.0.0.0 Safari/537.36"
114.32.246.242 - - [17/Aug/2026:10:43:58 +0800] "GET /yilankindergartentest/wp-content/plugins/tinymce-advanced/mce/visualblocks/plugin.min.js?wp-mce-49110-20201110-tadv-5600 HTTP/1.1" 200 1608 "https://2blog.ilc.edu.tw/yilankindergartentest/wp-admin/post-new.php" "Mozilla/5.0 (Windows NT 10.0; Win64; x64) AppleWebKit/537.36 (KHTML, like Gecko) Chrome/151.0.0.0 Safari/537.36"
114.32.246.242 - - [17/Aug/2026:10:43:58 +0800] "GET /yilankindergartentest/wp-content/plugins/tinymce-advanced/mce/visualchars/plugin.min.js?wp-mce-49110-20201110-tadv-5600 HTTP/1.1" 200 3027 "https://2blog.ilc.edu.tw/yilankindergartentest/wp-admin/post-new.php" "Mozilla/5.0 (Windows NT 10.0; Win64; x64) AppleWebKit/537.36 (KHTML, like Gecko) Chrome/151.0.0.0 Safari/537.36"
114.32.246.242 - - [17/Aug/2026:10:43:58 +0800] "GET /yilankindergartentest/wp-content/plugins/tinymce-advanced/mce/wptadv/plugin.min.js?wp-mce-49110-20201110-tadv-5600 HTTP/1.1" 200 2990 "https://2blog.ilc.edu.tw/yilankindergartentest/wp-admin/post-new.php" "Mozilla/5.0 (Windows NT 10.0; Win64; x64) AppleWebKit/537.36 (KHTML, like Gecko) Chrome/151.0.0.0 Safari/537.36"
114.32.246.242 - - [17/Aug/2026:10:43:58 +0800] "GET /yilankindergartentest/wp-content/plugins/tinymce-advanced/mce/advlist/plugin.min.js?wp-mce-49110-20201110-tadv-5600 HTTP/1.1" 200 1857 "https://2blog.ilc.edu.tw/yilankindergartentest/wp-admin/post-new.php" "Mozilla/5.0 (Windows NT 10.0; Win64; x64) AppleWebKit/537.36 (KHTML, like Gecko) Chrome/151.0.0.0 Safari/537.36"
114.32.246.242 - - [17/Aug/2026:10:43:58 +0800] "GET /yilankindergartentest/wp-content/plugins/tinymce-advanced/mce/table/plugin.min.js?wp-mce-49110-20201110-tadv-5600 HTTP/1.1" 200 35515 "https://2blog.ilc.edu.tw/yilankindergartentest/wp-admin/post-new.php" "Mozilla/5.0 (Windows NT 10.0; Win64; x64) AppleWebKit/537.36 (KHTML, like Gecko) Chrome/151.0.0.0 Safari/537.36"
114.32.246.242 - - [17/Aug/2026:10:43:58 +0800] "GET /yilankindergartentest/wp-includes/js/tinymce/skins/lightgray/skin.min.css?wp-mce-49110-20201110-tadv-5600 HTTP/1.1" 200 9346 "https://2blog.ilc.edu.tw/yilankindergartentest/wp-admin/post-new.php" "Mozilla/5.0 (Windows NT 10.0; Win64; x64) AppleWebKit/537.36 (KHTML, like Gecko) Chrome/151.0.0.0 Safari/537.36"
114.32.246.242 - - [17/Aug/2026:10:43:58 +0800] "GET /yilankindergartentest/wp-includes/js/tinymce/skins/lightgray/content.min.css?wp-mce-49110-20201110-tadv-5600 HTTP/1.1" 200 2206 "https://2blog.ilc.edu.tw/yilankindergartentest/wp-admin/post-new.php" "Mozilla/5.0 (Windows NT 10.0; Win64; x64) AppleWebKit/537.36 (KHTML, like Gecko) Chrome/151.0.0.0 Safari/537.36"
114.32.246.242 - - [17/Aug/2026:10:43:58 +0800] "GET /yilankindergartentest/wp-includes/js/tinymce/skins/wordpress/wp-content.css?ver=6.6.7&wp-mce-49110-20201110-tadv-5600 HTTP/1.1" 200 3487 "https://2blog.ilc.edu.tw/yilankindergartentest/wp-admin/post-new.php" "Mozilla/5.0 (Windows NT 10.0; Win64; x64) AppleWebKit/537.36 (KHTML, like Gecko) Chrome/151.0.0.0 Safari/537.36"
114.32.246.242 - - [17/Aug/2026:10:43:58 +0800] "GET /yilankindergartentest/wp-content/themes/twentyseventeen/assets/css/editor-style.css?wp-mce-49110-20201110-tadv-5600 HTTP/1.1" 200 3113 "https://2blog.ilc.edu.tw/yilankindergartentest/wp-admin/post-new.php" "Mozilla/5.0 (Windows NT 10.0; Win64; x64) AppleWebKit/537.36 (KHTML, like Gecko) Chrome/151.0.0.0 Safari/537.36"
114.32.246.242 - - [17/Aug/2026:10:43:58 +0800] "GET /yilankindergartentest/wp-includes/css/dashicons.min.css?ver=6.6.7&wp-mce-49110-20201110-tadv-5600 HTTP/1.1" 200 36736 "https://2blog.ilc.edu.tw/yilankindergartentest/wp-admin/post-new.php" "Mozilla/5.0 (Windows NT 10.0; Win64; x64) AppleWebKit/537.36 (KHTML, like Gecko) Chrome/151.0.0.0 Safari/537.36"
114.32.246.242 - - [17/Aug/2026:10:43:58 +0800] "GET /yilankindergartentest/wp-includes/js/tinymce/skins/lightgray/fonts/tinymce.woff HTTP/1.1" 200 19696 "https://2blog.ilc.edu.tw/yilankindergartentest/wp-includes/js/tinymce/skins/lightgray/skin.min.css?wp-mce-49110-20201110-tadv-5600" "Mozilla/5.0 (Windows NT 10.0; Win64; x64) AppleWebKit/537.36 (KHTML, like Gecko) Chrome/151.0.0.0 Safari/537.36"
66.249.71.163 - - [17/Aug/2026:10:43:56 +0800] "GET /wp-login.php?action=ilc_logout&_wpnonce=43754d0aad&redirect_to=http://aladea.ru/job/15268/ HTTP/1.1" 302 8243 "-" "Mozilla/5.0 (Linux; Android 6.0.1; Nexus 5X Build/MMB29P) AppleWebKit/537.36 (KHTML, like Gecko) Chrome/150.0.7871.186 Mobile Safari/537.36 (compatible; Googlebot/2.1; +http://www.google.com/bot.html)"
::1 - - [17/Aug/2026:10:43:58 +0800] "OPTIONS * HTTP/1.0" 200 110 "-" "Apache/2.4.68 (Ubuntu) OpenSSL/3.0.19 (internal dummy connection)"
2402:7500:942:34cb:2158:db71:86ba:38d8 - - [17/Aug/2026:10:43:59 +0800] "GET /wp-content/uploads/sites/233/1003/1003-2438084.jpg HTTP/1.1" 200 129944 "https://2blog.ilc.edu.tw/1003/2014/03/20/%E8%AA%B2%E5%A4%96%E9%96%B1%E8%AE%80%E6%95%99%E5%AD%B8%E9%96%B1%E8%AE%80%E5%BF%83%E5%BE%97%E5%BE%88%E5%A5%BD%E5%AF%AB/" "Mozilla/5.0 (Linux; Android 10; K) AppleWebKit/537.36 (KHTML, like Gecko) Chrome/114.0.0.0 Mobile Safari/537.36"
::1 - - [17/Aug/2026:10:43:59 +0800] "OPTIONS * HTTP/1.0" 200 110 "-" "Apache/2.4.68 (Ubuntu) OpenSSL/3.0.19 (internal dummy connection)"
2402:7500:942:34cb:2158:db71:86ba:38d8 - - [17/Aug/2026:10:43:59 +0800] "GET /wp-content/uploads/sites/233/1003/1003-2438085.jpg HTTP/1.1" 200 114750 "https://2blog.ilc.edu.tw/1003/2014/03/20/%E8%AA%B2%E5%A4%96%E9%96%B1%E8%AE%80%E6%95%99%E5%AD%B8%E9%96%B1%E8%AE%80%E5%BF%83%E5%BE%97%E5%BE%88%E5%A5%BD%E5%AF%AB/" "Mozilla/5.0 (Linux; Android 10; K) AppleWebKit/537.36 (KHTML, like Gecko) Chrome/114.0.0.0 Mobile Safari/537.36"
140.111.67.10 - - [17/Aug/2026:10:44:00 +0800] "GET /" 301 273 "-" "-"
2001:288:a201::66:125 - - [17/Aug/2026:10:44:00 +0800] "GET /blog/active.php HTTP/1.1" 404 1084 "-" "-"
::1 - - [17/Aug/2026:10:44:00 +0800] "OPTIONS * HTTP/1.0" 200 110 "-" "Apache/2.4.68 (Ubuntu) OpenSSL/3.0.19 (internal dummy connection)"
2001:288:a201::66:125 - - [17/Aug/2026:10:44:00 +0800] "GET /blog/active.php HTTP/1.1" 301 1026 "-" "-"
2001:288:a201::67:85 - - [17/Aug/2026:10:44:01 +0800] "GET / HTTP/1.1" 200 56292 "-" "curl/7.81.0"
66.249.68.136 - - [17/Aug/2026:10:43:58 +0800] "GET /wp-login.php?action=ilc_logout&_wpnonce=43754d0aad&redirect_to=http://climatplus-oz.ru/job/87078/ HTTP/1.1" 302 3463 "-" "Mozilla/5.0 (Linux; Android 6.0.1; Nexus 5X Build/MMB29P) AppleWebKit/537.36 (KHTML, like Gecko) Chrome/150.0.7871.186 Mobile Safari/537.36 (compatible; Googlebot/2.1; +http://www.google.com/bot.html)"
::1 - - [17/Aug/2026:10:44:01 +0800] "OPTIONS * HTTP/1.0" 200 110 "-" "Apache/2.4.68 (Ubuntu) OpenSSL/3.0.19 (internal dummy connection)"
2001:288:a201::67:81 - - [17/Aug/2026:10:44:01 +0800] "GET / HTTP/1.1" 200 56292 "-" "curl/7.81.0"
140.111.67.195 - - [17/Aug/2026:10:43:59 +0800] "GET /wp-admin/admin-post.php?action=steps_ad HTTP/1.1" 200 1973 "-" "node-fetch/1.0 (+https://github.com/bitinn/node-fetch)"
114.32.246.242 - - [17/Aug/2026:10:44:00 +0800] "GET /yilankindergartentest/wp-admin/edit.php HTTP/1.1" 200 27982 "https://2blog.ilc.edu.tw/yilankindergartentest/wp-admin/post-new.php" "Mozilla/5.0 (Windows NT 10.0; Win64; x64) AppleWebKit/537.36 (KHTML, like Gecko) Chrome/151.0.0.0 Safari/537.36"
114.32.246.242 - - [17/Aug/2026:10:44:01 +0800] "POST /yilankindergartentest/wp-admin/admin-ajax.php HTTP/1.1" 200 1120 "https://2blog.ilc.edu.tw/yilankindergartentest/wp-admin/edit.php" "Mozilla/5.0 (Windows NT 10.0; Win64; x64) AppleWebKit/537.36 (KHTML, like Gecko) Chrome/151.0.0.0 Safari/537.36"
::1 - - [17/Aug/2026:10:44:02 +0800] "OPTIONS * HTTP/1.0" 200 110 "-" "Apache/2.4.68 (Ubuntu) OpenSSL/3.0.19 (internal dummy connection)"
49.158.205.218 - - [17/Aug/2026:10:44:03 +0800] "GET / HTTP/1.1" 200 30087 "https://tw.search.yahoo.com/" "Mozilla/5.0 (Windows NT 10.0; Win64; x64) AppleWebKit/537.36 (KHTML, like Gecko) Chrome/151.0.0.0 Safari/537.36 Edg/151.0.0.0"
::1 - - [17/Aug/2026:10:44:03 +0800] "OPTIONS * HTTP/1.0" 200 110 "-" "Apache/2.4.68 (Ubuntu) OpenSSL/3.0.19 (internal dummy connection)"
2402:7500:942:34cb:2158:db71:86ba:38d8 - - [17/Aug/2026:10:44:03 +0800] "GET /wp-content/uploads/sites/233/1003/1003-2438086.jpg HTTP/1.1" 200 74611 "https://2blog.ilc.edu.tw/1003/2014/03/20/%E8%AA%B2%E5%A4%96%E9%96%B1%E8%AE%80%E6%95%99%E5%AD%B8%E9%96%B1%E8%AE%80%E5%BF%83%E5%BE%97%E5%BE%88%E5%A5%BD%E5%AF%AB/" "Mozilla/5.0 (Linux; Android 10; K) AppleWebKit/537.36 (KHTML, like Gecko) Chrome/114.0.0.0 Mobile Safari/537.36"
66.249.68.136 - - [17/Aug/2026:10:44:01 +0800] "GET /wp-login.php?action=ilc_logout&_wpnonce=43754d0aad&redirect_to=http://multimodalgroup.ru/job/71560/ HTTP/1.1" 302 3465 "-" "Mozilla/5.0 (Linux; Android 6.0.1; Nexus 5X Build/MMB29P) AppleWebKit/537.36 (KHTML, like Gecko) Chrome/150.0.7871.186 Mobile Safari/537.36 (compatible; Googlebot/2.1; +http://www.google.com/bot.html)"
::1 - - [17/Aug/2026:10:44:04 +0800] "OPTIONS * HTTP/1.0" 200 110 "-" "Apache/2.4.68 (Ubuntu) OpenSSL/3.0.19 (internal dummy connection)"
140.111.67.10 - - [17/Aug/2026:10:44:05 +0800] "GET /" 301 273 "-" "-"
::1 - - [17/Aug/2026:10:44:05 +0800] "OPTIONS * HTTP/1.0" 200 110 "-" "Apache/2.4.68 (Ubuntu) OpenSSL/3.0.19 (internal dummy connection)"
