210.69.149.252 - - [17/Aug/2026:10:42:39 +0800] "GET /wp-content/plugins/elementor/assets/js/webpack.runtime.min.js HTTP/1.1" 200 3095 "https://www.gtes.ilc.edu.tw/%E6%A0%A1%E9%95%B7/" "Mozilla/5.0 (Windows NT 10.0; Win64; x64) AppleWebKit/537.36 (KHTML, like Gecko) Chrome/151.0.0.0 Safari/537.36"
2407:4b00:4c06:873c:b040:c34f:3953:9a9d - - [17/Aug/2026:10:42:39 +0800] "GET /wp-content/uploads/sites/187/2025/12/%E6%9C%AA%E5%91%BD%E5%90%8D%E8%A8%AD%E8%A8%88-450x300.png HTTP/1.1" 200 182537 "https://www.wjjh.ilc.edu.tw/" "Mozilla/5.0 (Windows NT 10.0; Win64; x64) AppleWebKit/537.36 (KHTML, like Gecko) Chrome/151.0.0.0 Safari/537.36"
210.69.149.252 - - [17/Aug/2026:10:42:39 +0800] "GET /wp-includes/js/dist/hooks.min.js HTTP/1.1" 200 2421 "https://www.gtes.ilc.edu.tw/%E6%A0%A1%E9%95%B7/" "Mozilla/5.0 (Windows NT 10.0; Win64; x64) AppleWebKit/537.36 (KHTML, like Gecko) Chrome/151.0.0.0 Safari/537.36"
2407:4b00:4c06:873c:b040:c34f:3953:9a9d - - [17/Aug/2026:10:42:39 +0800] "GET /wp-content/uploads/sites/187/2025/11/114%E5%88%92%E8%88%B9%E8%B3%BD-450x300.jpg HTTP/1.1" 200 39778 "https://www.wjjh.ilc.edu.tw/" "Mozilla/5.0 (Windows NT 10.0; Win64; x64) AppleWebKit/537.36 (KHTML, like Gecko) Chrome/151.0.0.0 Safari/537.36"
210.69.149.252 - - [17/Aug/2026:10:42:39 +0800] "GET /wp-content/plugins/elementor/assets/js/frontend-modules.min.js HTTP/1.1" 200 19416 "https://www.gtes.ilc.edu.tw/%E6%A0%A1%E9%95%B7/" "Mozilla/5.0 (Windows NT 10.0; Win64; x64) AppleWebKit/537.36 (KHTML, like Gecko) Chrome/151.0.0.0 Safari/537.36"
210.69.149.252 - - [17/Aug/2026:10:42:39 +0800] "GET /wp-content/plugins/elementor-pro/assets/js/frontend.min.js HTTP/1.1" 200 7574 "https://www.gtes.ilc.edu.tw/%E6%A0%A1%E9%95%B7/" "Mozilla/5.0 (Windows NT 10.0; Win64; x64) AppleWebKit/537.36 (KHTML, like Gecko) Chrome/151.0.0.0 Safari/537.36"
210.69.149.252 - - [17/Aug/2026:10:42:39 +0800] "GET /wp-includes/js/dist/i18n.min.js HTTP/1.1" 200 4547 "https://www.gtes.ilc.edu.tw/%E6%A0%A1%E9%95%B7/" "Mozilla/5.0 (Windows NT 10.0; Win64; x64) AppleWebKit/537.36 (KHTML, like Gecko) Chrome/151.0.0.0 Safari/537.36"
210.69.149.252 - - [17/Aug/2026:10:42:39 +0800] "GET /wp-includes/js/jquery/ui/core.min.js HTTP/1.1" 200 7986 "https://www.gtes.ilc.edu.tw/%E6%A0%A1%E9%95%B7/" "Mozilla/5.0 (Windows NT 10.0; Win64; x64) AppleWebKit/537.36 (KHTML, like Gecko) Chrome/151.0.0.0 Safari/537.36"
210.69.149.252 - - [17/Aug/2026:10:42:39 +0800] "GET /wp-content/plugins/elementor/assets/lib/waypoints/waypoints.min.js HTTP/1.1" 200 3873 "https://www.gtes.ilc.edu.tw/%E6%A0%A1%E9%95%B7/" "Mozilla/5.0 (Windows NT 10.0; Win64; x64) AppleWebKit/537.36 (KHTML, like Gecko) Chrome/151.0.0.0 Safari/537.36"
210.69.149.252 - - [17/Aug/2026:10:42:39 +0800] "GET /wp-content/plugins/elementor/assets/js/frontend.min.js HTTP/1.1" 200 13169 "https://www.gtes.ilc.edu.tw/%E6%A0%A1%E9%95%B7/" "Mozilla/5.0 (Windows NT 10.0; Win64; x64) AppleWebKit/537.36 (KHTML, like Gecko) Chrome/151.0.0.0 Safari/537.36"
210.69.149.252 - - [17/Aug/2026:10:42:39 +0800] "GET /wp-content/plugins/elementor-pro/assets/js/elements-handlers.min.js HTTP/1.1" 200 10882 "https://www.gtes.ilc.edu.tw/%E6%A0%A1%E9%95%B7/" "Mozilla/5.0 (Windows NT 10.0; Win64; x64) AppleWebKit/537.36 (KHTML, like Gecko) Chrome/151.0.0.0 Safari/537.36"
210.69.149.252 - - [17/Aug/2026:10:42:39 +0800] "GET /wp-content/plugins/elementor/assets/lib/font-awesome/webfonts/fa-solid-900.woff2 HTTP/1.1" 200 79223 "https://www.gtes.ilc.edu.tw/wp-content/cache/www.gtes.ilc.edu.tw/wpfc-minified/lwlsgrcb/73cg.css" "Mozilla/5.0 (Windows NT 10.0; Win64; x64) AppleWebKit/537.36 (KHTML, like Gecko) Chrome/151.0.0.0 Safari/537.36"
210.69.149.252 - - [17/Aug/2026:10:42:39 +0800] "GET /wp-content/uploads/sites/73/2022/02/cropped-Gu-Ting-Elementary-School-Of-Yi-Lan-County.png HTTP/1.1" 200 486046 "https://www.gtes.ilc.edu.tw/%E6%A0%A1%E9%95%B7/" "Mozilla/5.0 (Windows NT 10.0; Win64; x64) AppleWebKit/537.36 (KHTML, like Gecko) Chrome/151.0.0.0 Safari/537.36"
2407:4b00:4c06:873c:b040:c34f:3953:9a9d - - [17/Aug/2026:10:42:39 +0800] "GET /wp-content/uploads/sites/187/2025/11/%E9%9F%B3%E6%A8%82%E6%AF%94%E8%B3%BD%E5%84%AA%E7%AD%89.jpg-1-450x300.png HTTP/1.1" 200 273102 "https://www.wjjh.ilc.edu.tw/" "Mozilla/5.0 (Windows NT 10.0; Win64; x64) AppleWebKit/537.36 (KHTML, like Gecko) Chrome/151.0.0.0 Safari/537.36"
210.69.149.252 - - [17/Aug/2026:10:42:39 +0800] "GET /wp-content/themes/oceanwp/assets/fonts/simple-line-icons/Simple-Line-Icons.woff2?v=2.4.0 HTTP/1.1" 200 30959 "https://www.gtes.ilc.edu.tw/wp-content/cache/www.gtes.ilc.edu.tw/wpfc-minified/lodgpzod/ab1z.css" "Mozilla/5.0 (Windows NT 10.0; Win64; x64) AppleWebKit/537.36 (KHTML, like Gecko) Chrome/151.0.0.0 Safari/537.36"
2407:4b00:4c06:873c:b040:c34f:3953:9a9d - - [17/Aug/2026:10:42:39 +0800] "GET /wp-content/uploads/sites/187/2026/01/Purple-and-Beige-Illustrative-Sports-Presentation-3-450x300.png HTTP/1.1" 200 200047 "https://www.wjjh.ilc.edu.tw/" "Mozilla/5.0 (Windows NT 10.0; Win64; x64) AppleWebKit/537.36 (KHTML, like Gecko) Chrome/151.0.0.0 Safari/537.36"
2407:4b00:4c06:873c:b040:c34f:3953:9a9d - - [17/Aug/2026:10:42:39 +0800] "GET /wp-content/uploads/sites/187/2025/12/%E9%AB%98%E5%8B%BB%E5%96%842-1-450x300.png HTTP/1.1" 200 230225 "https://www.wjjh.ilc.edu.tw/" "Mozilla/5.0 (Windows NT 10.0; Win64; x64) AppleWebKit/537.36 (KHTML, like Gecko) Chrome/151.0.0.0 Safari/537.36"
2407:4b00:4c06:873c:b040:c34f:3953:9a9d - - [17/Aug/2026:10:42:39 +0800] "GET /wp-content/uploads/sites/187/2025/11/%E5%9C%8B%E6%B0%91%E7%AB%B6%E8%B3%BD-450x300.jpg HTTP/1.1" 200 31307 "https://www.wjjh.ilc.edu.tw/" "Mozilla/5.0 (Windows NT 10.0; Win64; x64) AppleWebKit/537.36 (KHTML, like Gecko) Chrome/151.0.0.0 Safari/537.36"
210.69.149.252 - - [17/Aug/2026:10:42:39 +0800] "GET /wp-content/plugins/elementor-pro/assets/js/posts.caaf3e27e57db8207afc.bundle.min.js HTTP/1.1" 200 2145 "https://www.gtes.ilc.edu.tw/%E6%A0%A1%E9%95%B7/" "Mozilla/5.0 (Windows NT 10.0; Win64; x64) AppleWebKit/537.36 (KHTML, like Gecko) Chrome/151.0.0.0 Safari/537.36"
210.69.149.252 - - [17/Aug/2026:10:42:39 +0800] "GET /wp-content/plugins/elementor-pro/assets/js/load-more.bc9573b5d1f73abd80b9.bundle.min.js HTTP/1.1" 200 2424 "https://www.gtes.ilc.edu.tw/%E6%A0%A1%E9%95%B7/" "Mozilla/5.0 (Windows NT 10.0; Win64; x64) AppleWebKit/537.36 (KHTML, like Gecko) Chrome/151.0.0.0 Safari/537.36"
2407:4b00:4c06:873c:b040:c34f:3953:9a9d - - [17/Aug/2026:10:42:39 +0800] "GET /wp-content/uploads/sites/187/2025/10/113%E5%AD%B8%E5%B9%B4%E5%BA%A6-%E5%AD%B8%E5%8A%9B%E6%8F%90%E5%8D%87%E8%A8%88%E7%95%AB-450x300.jpg HTTP/1.1" 200 33713 "https://www.wjjh.ilc.edu.tw/" "Mozilla/5.0 (Windows NT 10.0; Win64; x64) AppleWebKit/537.36 (KHTML, like Gecko) Chrome/151.0.0.0 Safari/537.36"
2407:4b00:4c06:873c:b040:c34f:3953:9a9d - - [17/Aug/2026:10:42:39 +0800] "GET /wp-content/uploads/sites/187/2025/09/2025%E5%B9%B4%E4%BA%9E%E6%B4%B2%E9%9D%92%E5%B9%B4%E8%B3%BD%E8%89%87%E9%8C%A6%E6%A8%99%E8%B3%BD-%E5%9B%9B%E4%BA%BA%E5%96%AE%E6%A7%B3-%E9%8A%85%E7%89%8C-450x300.png HTTP/1.1" 200 188899 "https://www.wjjh.ilc.edu.tw/" "Mozilla/5.0 (Windows NT 10.0; Win64; x64) AppleWebKit/537.36 (KHTML, like Gecko) Chrome/151.0.0.0 Safari/537.36"
2407:4b00:4c06:873c:b040:c34f:3953:9a9d - - [17/Aug/2026:10:42:39 +0800] "GET /wp-content/uploads/sites/187/2025/07/environment-450x300.png HTTP/1.1" 200 76738 "https://www.wjjh.ilc.edu.tw/" "Mozilla/5.0 (Windows NT 10.0; Win64; x64) AppleWebKit/537.36 (KHTML, like Gecko) Chrome/151.0.0.0 Safari/537.36"
2407:4b00:4c06:873c:b040:c34f:3953:9a9d - - [17/Aug/2026:10:42:39 +0800] "GET /wp-content/uploads/sites/187/2025/07/114%E8%8A%B1%E8%93%AE%E7%B8%A3%E8%AD%B0%E9%95%B7%E7%9B%83%E7%BE%BD%E7%90%83%E8%B3%BD%E6%A6%AE%E7%8D%B2%E7%94%B7%E5%9C%98-%E5%86%A0%E8%BB%8D%E5%8F%8A%E4%BA%9E%E8%BB%8D-450x300.png HTTP/1.1" 200 148100 "https://www.wjjh.ilc.edu.tw/" "Mozilla/5.0 (Windows NT 10.0; Win64; x64) AppleWebKit/537.36 (KHTML, like Gecko) Chrome/151.0.0.0 Safari/537.36"
2407:4b00:4c06:873c:b040:c34f:3953:9a9d - - [17/Aug/2026:10:42:39 +0800] "GET /wp-content/uploads/sites/187/2025/07/%E6%9C%AA%E5%91%BD%E5%90%8D-500-x-333-%E5%83%8F%E7%B4%A0-450x300.png HTTP/1.1" 200 128397 "https://www.wjjh.ilc.edu.tw/" "Mozilla/5.0 (Windows NT 10.0; Win64; x64) AppleWebKit/537.36 (KHTML, like Gecko) Chrome/151.0.0.0 Safari/537.36"
2407:4b00:4c06:873c:b040:c34f:3953:9a9d - - [17/Aug/2026:10:42:39 +0800] "GET /wp-content/uploads/sites/187/2025/07/%E5%AE%9C%E8%98%AD%E7%B8%A3%E7%AC%AC%E5%8D%81%E5%B1%86%E3%80%8C%E5%8E%9F%E4%BD%8F%E6%B0%91%E6%97%8F%E8%AA%9E%E8%A8%80%E5%96%AE%E8%A9%9E%E7%AB%B6%E8%B3%BD%E5%88%9D%E8%B3%BD%E3%80%8D%E5%9C%8B%E4%B8%AD%E7%B5%84%E7%AC%AC%E4%B8%89%E5%90%8D-450x300.png HTTP/1.1" 200 227769 "https://www.wjjh.ilc.edu.tw/" "Mozilla/5.0 (Windows NT 10.0; Win64; x64) AppleWebKit/537.36 (KHTML, like Gecko) Chrome/151.0.0.0 Safari/537.36"
2407:4b00:4c06:873c:b040:c34f:3953:9a9d - - [17/Aug/2026:10:42:39 +0800] "GET /wp-content/uploads/sites/187/2025/07/113%E5%AD%B8%E5%B9%B4%E5%BA%A6%E5%AE%9C%E8%98%AD%E7%B8%A3%E8%8B%B1%E8%AA%9E%E5%96%AE%E5%AD%97%E7%8E%8B%E6%A6%AE%E7%8D%B2%E7%AC%AC%E4%B8%80%E5%90%8D%E3%80%81%E7%AC%AC%E4%B8%89%E5%90%8D%E5%8F%8A%E5%85%A5%E9%81%B8-450x300.png HTTP/1.1" 200 207159 "https://www.wjjh.ilc.edu.tw/" "Mozilla/5.0 (Windows NT 10.0; Win64; x64) AppleWebKit/537.36 (KHTML, like Gecko) Chrome/151.0.0.0 Safari/537.36"
2407:4b00:4c06:873c:b040:c34f:3953:9a9d - - [17/Aug/2026:10:42:39 +0800] "GET /wp-content/uploads/sites/187/2025/07/113%E5%AD%B8%E5%B9%B4%E5%BA%A6%E5%AE%9C%E8%98%AD%E7%B8%A3%E6%8A%80%E8%97%9D%E6%95%99%E8%82%B2%E7%AB%B6%E8%B3%BD%E6%A6%AE%E7%8D%B2%E4%BD%B3%E7%B8%BE-450x300.png HTTP/1.1" 200 98018 "https://www.wjjh.ilc.edu.tw/" "Mozilla/5.0 (Windows NT 10.0; Win64; x64) AppleWebKit/537.36 (KHTML, like Gecko) Chrome/151.0.0.0 Safari/537.36"
2407:4b00:4c06:873c:b040:c34f:3953:9a9d - - [17/Aug/2026:10:42:39 +0800] "GET /wp-content/uploads/sites/187/2025/07/113%E5%AD%B8%E5%B9%B4%E5%BA%A6%E5%85%A8%E5%9C%8B%E4%B8%AD%E7%AD%89%E5%AD%B8%E6%A0%A1%E9%81%8B%E5%8B%95%E6%9C%83-%E5%88%92%E8%88%B9%E9%A0%85%E7%9B%AE%E6%A6%AE%E7%8D%B2%E4%BD%B3%E7%B8%BE-1-450x300.png HTTP/1.1" 200 174357 "https://www.wjjh.ilc.edu.tw/" "Mozilla/5.0 (Windows NT 10.0; Win64; x64) AppleWebKit/537.36 (KHTML, like Gecko) Chrome/151.0.0.0 Safari/537.36"
2407:4b00:4c06:873c:b040:c34f:3953:9a9d - - [17/Aug/2026:10:42:39 +0800] "GET /wp-content/uploads/sites/187/2025/07/113%E5%85%A8%E5%9C%8B%E7%B5%B2%E7%AB%B9%E6%A8%82%E7%89%B9%E5%84%AA-450x300.png HTTP/1.1" 200 150590 "https://www.wjjh.ilc.edu.tw/" "Mozilla/5.0 (Windows NT 10.0; Win64; x64) AppleWebKit/537.36 (KHTML, like Gecko) Chrome/151.0.0.0 Safari/537.36"
2407:4b00:4c06:873c:b040:c34f:3953:9a9d - - [17/Aug/2026:10:42:39 +0800] "GET /wp-content/uploads/sites/187/2025/07/%E5%AE%9C%E8%98%AD%E7%B8%A3114%E5%B9%B4%E5%BA%A6%E4%B8%AD%E5%B0%8F%E5%AD%B8%E6%B0%91%E4%BF%97%E9%AB%94%E8%82%B2%E9%8C%A6%E6%A8%99%E8%B3%BD%E4%BD%B3%E7%B8%BE-450x300.png HTTP/1.1" 200 174550 "https://www.wjjh.ilc.edu.tw/" "Mozilla/5.0 (Windows NT 10.0; Win64; x64) AppleWebKit/537.36 (KHTML, like Gecko) Chrome/151.0.0.0 Safari/537.36"
2407:4b00:4c06:873c:b040:c34f:3953:9a9d - - [17/Aug/2026:10:42:39 +0800] "GET /wp-content/uploads/sites/187/2025/07/113%E5%AD%B8%E5%B9%B4%E5%BA%A6%E5%AE%9C%E8%98%AD%E7%B8%A3-%E7%A7%91%E6%8A%80%E7%AB%B6%E8%B3%BD%E4%BD%B3%E7%B8%BE-1-450x300.png HTTP/1.1" 200 224639 "https://www.wjjh.ilc.edu.tw/" "Mozilla/5.0 (Windows NT 10.0; Win64; x64) AppleWebKit/537.36 (KHTML, like Gecko) Chrome/151.0.0.0 Safari/537.36"
2407:4b00:4c06:873c:b040:c34f:3953:9a9d - - [17/Aug/2026:10:42:39 +0800] "GET /wp-content/uploads/sites/187/2026/04/%E6%8A%80%E8%97%9D%E7%AB%B6%E8%B3%BD%E7%AC%AC6%E5%90%8D-450x300.png HTTP/1.1" 200 248733 "https://www.wjjh.ilc.edu.tw/" "Mozilla/5.0 (Windows NT 10.0; Win64; x64) AppleWebKit/537.36 (KHTML, like Gecko) Chrome/151.0.0.0 Safari/537.36"
140.111.67.10 - - [17/Aug/2026:10:42:40 +0800] "GET /" 301 273 "-" "-"
2407:4b00:4c06:873c:b040:c34f:3953:9a9d - - [17/Aug/2026:10:42:40 +0800] "GET /wp-content/plugins/ml-slider/assets/sliders/nivoslider/themes/default/arrows.png HTTP/1.1" 200 1650 "https://www.wjjh.ilc.edu.tw/wp-content/cache/www.wjjh.ilc.edu.tw/wpfc-minified/f4mxje6w/hmh4p.css" "Mozilla/5.0 (Windows NT 10.0; Win64; x64) AppleWebKit/537.36 (KHTML, like Gecko) Chrome/151.0.0.0 Safari/537.36"
2407:4b00:4c06:873c:b040:c34f:3953:9a9d - - [17/Aug/2026:10:42:40 +0800] "GET /wp-content/plugins/ml-slider/assets/sliders/nivoslider/themes/default/bullets.png HTTP/1.1" 200 2108 "https://www.wjjh.ilc.edu.tw/wp-content/cache/www.wjjh.ilc.edu.tw/wpfc-minified/f4mxje6w/hmh4p.css" "Mozilla/5.0 (Windows NT 10.0; Win64; x64) AppleWebKit/537.36 (KHTML, like Gecko) Chrome/151.0.0.0 Safari/537.36"
2407:4b00:4c06:873c:b040:c34f:3953:9a9d - - [17/Aug/2026:10:42:40 +0800] "GET /wp-content/plugins/elementor/assets/js/text-editor.2c35aafbe5bf0e127950.bundle.min.js HTTP/1.1" 200 1545 "https://www.wjjh.ilc.edu.tw/" "Mozilla/5.0 (Windows NT 10.0; Win64; x64) AppleWebKit/537.36 (KHTML, like Gecko) Chrome/151.0.0.0 Safari/537.36"
210.69.149.252 - - [17/Aug/2026:10:42:40 +0800] "GET /wp-content/uploads/sites/73/2019/08/cropped-%E6%A0%A1%E5%BE%BD-1-32x32.jpg HTTP/1.1" 200 2120 "https://www.gtes.ilc.edu.tw/%E6%A0%A1%E9%95%B7/" "Mozilla/5.0 (Windows NT 10.0; Win64; x64) AppleWebKit/537.36 (KHTML, like Gecko) Chrome/151.0.0.0 Safari/537.36"
2407:4b00:4c06:873c:b040:c34f:3953:9a9d - - [17/Aug/2026:10:42:40 +0800] "GET /wp-content/uploads/sites/187/2025/06/cropped-pp11-32x32.jpg HTTP/1.1" 200 1858 "https://www.wjjh.ilc.edu.tw/" "Mozilla/5.0 (Windows NT 10.0; Win64; x64) AppleWebKit/537.36 (KHTML, like Gecko) Chrome/151.0.0.0 Safari/537.36"
114.32.246.242 - - [17/Aug/2026:10:42:40 +0800] "-" 408 339 "-" "-"
2001:288:a201::66:125 - - [17/Aug/2026:10:42:40 +0800] "GET /blog/active.php HTTP/1.1" 301 1026 "-" "-"
2001:288:a201::66:125 - - [17/Aug/2026:10:42:40 +0800] "GET /blog/active.php HTTP/1.1" 404 1084 "-" "-"
66.249.68.200 - - [17/Aug/2026:10:42:40 +0800] "GET /26066/wp-content/cache/2blog.ilc.edu.tw/wpfc-minified/kom4lfo7/5woka.css HTTP/1.1" 200 16680 "https://2blog.ilc.edu.tw/26066/author/hwalingwang38/" "Mozilla/5.0 AppleWebKit/537.36 (KHTML, like Gecko; compatible; Googlebot/2.1; +http://www.google.com/bot.html) Chrome/151.0.7922.108 Safari/537.36"
2402:7500:942:34cb:2158:db71:86ba:38d8 - - [17/Aug/2026:10:42:41 +0800] "GET /wp-content/uploads/sites/233/1003/1003-2438063.jpg HTTP/1.1" 200 69801 "https://2blog.ilc.edu.tw/1003/2014/03/20/%E8%AA%B2%E5%A4%96%E9%96%B1%E8%AE%80%E6%95%99%E5%AD%B8%E9%96%B1%E8%AE%80%E5%BF%83%E5%BE%97%E5%BE%88%E5%A5%BD%E5%AF%AB/" "Mozilla/5.0 (Linux; Android 10; K) AppleWebKit/537.36 (KHTML, like Gecko) Chrome/114.0.0.0 Mobile Safari/537.36"
210.209.185.176 - - [17/Aug/2026:10:42:41 +0800] "GET /tcesinfo/2020/11/06/%E6%9B%B4%E6%94%B9-notepad-%E9%A0%90%E8%A8%AD%E9%A1%AF%E7%A4%BA%E5%AD%97%E5%BD%A2/ HTTP/1.1" 200 15759 "https://www.google.com/" "Mozilla/5.0 (Windows NT 10.0; Win64; x64) AppleWebKit/537.36 (KHTML, like Gecko) Chrome/151.0.0.0 Safari/537.36"
210.209.185.176 - - [17/Aug/2026:10:42:41 +0800] "GET /tcesinfo/wp-content/cache/2blog.ilc.edu.tw/wpfc-minified/qkya2bm9/5wtjm.css HTTP/1.1" 200 20578 "https://2blog.ilc.edu.tw/tcesinfo/2020/11/06/%E6%9B%B4%E6%94%B9-notepad-%E9%A0%90%E8%A8%AD%E9%A1%AF%E7%A4%BA%E5%AD%97%E5%BD%A2/" "Mozilla/5.0 (Windows NT 10.0; Win64; x64) AppleWebKit/537.36 (KHTML, like Gecko) Chrome/151.0.0.0 Safari/537.36"
210.209.185.176 - - [17/Aug/2026:10:42:41 +0800] "GET /tcesinfo/wp-content/cache/2blog.ilc.edu.tw/wpfc-minified/7jsq50wy/5wtjm.css HTTP/1.1" 200 40892 "https://2blog.ilc.edu.tw/tcesinfo/2020/11/06/%E6%9B%B4%E6%94%B9-notepad-%E9%A0%90%E8%A8%AD%E9%A1%AF%E7%A4%BA%E5%AD%97%E5%BD%A2/" "Mozilla/5.0 (Windows NT 10.0; Win64; x64) AppleWebKit/537.36 (KHTML, like Gecko) Chrome/151.0.0.0 Safari/537.36"
210.209.185.176 - - [17/Aug/2026:10:42:41 +0800] "GET /tcesinfo/wp-content/cache/2blog.ilc.edu.tw/wpfc-minified/kcxcr3o8/5wtjm.css HTTP/1.1" 200 1496 "https://2blog.ilc.edu.tw/tcesinfo/2020/11/06/%E6%9B%B4%E6%94%B9-notepad-%E9%A0%90%E8%A8%AD%E9%A1%AF%E7%A4%BA%E5%AD%97%E5%BD%A2/" "Mozilla/5.0 (Windows NT 10.0; Win64; x64) AppleWebKit/537.36 (KHTML, like Gecko) Chrome/151.0.0.0 Safari/537.36"
210.209.185.176 - - [17/Aug/2026:10:42:41 +0800] "GET /tcesinfo/wp-content/cache/2blog.ilc.edu.tw/wpfc-minified/e4g1dql/5wtjm.js HTTP/1.1" 200 35566 "https://2blog.ilc.edu.tw/tcesinfo/2020/11/06/%E6%9B%B4%E6%94%B9-notepad-%E9%A0%90%E8%A8%AD%E9%A1%AF%E7%A4%BA%E5%AD%97%E5%BD%A2/" "Mozilla/5.0 (Windows NT 10.0; Win64; x64) AppleWebKit/537.36 (KHTML, like Gecko) Chrome/151.0.0.0 Safari/537.36"
210.209.185.176 - - [17/Aug/2026:10:42:41 +0800] "GET /tcesinfo/wp-content/cache/2blog.ilc.edu.tw/wpfc-minified/kpmluwvu/5wtjm.css HTTP/1.1" 200 53631 "https://2blog.ilc.edu.tw/tcesinfo/2020/11/06/%E6%9B%B4%E6%94%B9-notepad-%E9%A0%90%E8%A8%AD%E9%A1%AF%E7%A4%BA%E5%AD%97%E5%BD%A2/" "Mozilla/5.0 (Windows NT 10.0; Win64; x64) AppleWebKit/537.36 (KHTML, like Gecko) Chrome/151.0.0.0 Safari/537.36"
2402:7500:942:34cb:2158:db71:86ba:38d8 - - [17/Aug/2026:10:42:41 +0800] "GET /wp-content/uploads/sites/233/1003/1003-2438064.jpg HTTP/1.1" 200 78567 "https://2blog.ilc.edu.tw/1003/2014/03/20/%E8%AA%B2%E5%A4%96%E9%96%B1%E8%AE%80%E6%95%99%E5%AD%B8%E9%96%B1%E8%AE%80%E5%BF%83%E5%BE%97%E5%BE%88%E5%A5%BD%E5%AF%AB/" "Mozilla/5.0 (Linux; Android 10; K) AppleWebKit/537.36 (KHTML, like Gecko) Chrome/114.0.0.0 Mobile Safari/537.36"
210.209.185.176 - - [17/Aug/2026:10:42:41 +0800] "GET /tcesinfo/wp-content/cache/2blog.ilc.edu.tw/wpfc-minified/fdiqkasp/5wtjm.js HTTP/1.1" 200 6438 "https://2blog.ilc.edu.tw/tcesinfo/2020/11/06/%E6%9B%B4%E6%94%B9-notepad-%E9%A0%90%E8%A8%AD%E9%A1%AF%E7%A4%BA%E5%AD%97%E5%BD%A2/" "Mozilla/5.0 (Windows NT 10.0; Win64; x64) AppleWebKit/537.36 (KHTML, like Gecko) Chrome/151.0.0.0 Safari/537.36"
210.209.185.176 - - [17/Aug/2026:10:42:41 +0800] "GET /tcesinfo/wp-content/uploads/sites/93/2020/11/2020-11-06_214020.png HTTP/1.1" 200 10890 "https://2blog.ilc.edu.tw/tcesinfo/2020/11/06/%E6%9B%B4%E6%94%B9-notepad-%E9%A0%90%E8%A8%AD%E9%A1%AF%E7%A4%BA%E5%AD%97%E5%BD%A2/" "Mozilla/5.0 (Windows NT 10.0; Win64; x64) AppleWebKit/537.36 (KHTML, like Gecko) Chrome/151.0.0.0 Safari/537.36"
210.209.185.176 - - [17/Aug/2026:10:42:41 +0800] "GET /tcesinfo/wp-content/uploads/sites/93/2020/11/2020-11-06_213058.png HTTP/1.1" 200 31395 "https://2blog.ilc.edu.tw/tcesinfo/2020/11/06/%E6%9B%B4%E6%94%B9-notepad-%E9%A0%90%E8%A8%AD%E9%A1%AF%E7%A4%BA%E5%AD%97%E5%BD%A2/" "Mozilla/5.0 (Windows NT 10.0; Win64; x64) AppleWebKit/537.36 (KHTML, like Gecko) Chrome/151.0.0.0 Safari/537.36"
210.209.185.176 - - [17/Aug/2026:10:42:41 +0800] "GET /tcesinfo/wp-content/uploads/sites/93/2020/11/2020-11-06_213114.png HTTP/1.1" 200 25156 "https://2blog.ilc.edu.tw/tcesinfo/2020/11/06/%E6%9B%B4%E6%94%B9-notepad-%E9%A0%90%E8%A8%AD%E9%A1%AF%E7%A4%BA%E5%AD%97%E5%BD%A2/" "Mozilla/5.0 (Windows NT 10.0; Win64; x64) AppleWebKit/537.36 (KHTML, like Gecko) Chrome/151.0.0.0 Safari/537.36"
210.209.185.176 - - [17/Aug/2026:10:42:41 +0800] "GET /tcesinfo/wp-includes/js/hoverintent-js.min.js HTTP/1.1" 200 1597 "https://2blog.ilc.edu.tw/tcesinfo/2020/11/06/%E6%9B%B4%E6%94%B9-notepad-%E9%A0%90%E8%A8%AD%E9%A1%AF%E7%A4%BA%E5%AD%97%E5%BD%A2/" "Mozilla/5.0 (Windows NT 10.0; Win64; x64) AppleWebKit/537.36 (KHTML, like Gecko) Chrome/151.0.0.0 Safari/537.36"
210.209.185.176 - - [17/Aug/2026:10:42:41 +0800] "GET /tcesinfo/wp-includes/js/admin-bar.min.js HTTP/1.1" 200 2237 "https://2blog.ilc.edu.tw/tcesinfo/2020/11/06/%E6%9B%B4%E6%94%B9-notepad-%E9%A0%90%E8%A8%AD%E9%A1%AF%E7%A4%BA%E5%AD%97%E5%BD%A2/" "Mozilla/5.0 (Windows NT 10.0; Win64; x64) AppleWebKit/537.36 (KHTML, like Gecko) Chrome/151.0.0.0 Safari/537.36"
210.209.185.176 - - [17/Aug/2026:10:42:41 +0800] "GET /tcesinfo/wp-includes/js/imagesloaded.min.js HTTP/1.1" 200 2683 "https://2blog.ilc.edu.tw/tcesinfo/2020/11/06/%E6%9B%B4%E6%94%B9-notepad-%E9%A0%90%E8%A8%AD%E9%A1%AF%E7%A4%BA%E5%AD%97%E5%BD%A2/" "Mozilla/5.0 (Windows NT 10.0; Win64; x64) AppleWebKit/537.36 (KHTML, like Gecko) Chrome/151.0.0.0 Safari/537.36"
210.209.185.176 - - [17/Aug/2026:10:42:41 +0800] "GET /tcesinfo/wp-content/themes/oceanwp/assets/js/theme.min.js HTTP/1.1" 200 5130 "https://2blog.ilc.edu.tw/tcesinfo/2020/11/06/%E6%9B%B4%E6%94%B9-notepad-%E9%A0%90%E8%A8%AD%E9%A1%AF%E7%A4%BA%E5%AD%97%E5%BD%A2/" "Mozilla/5.0 (Windows NT 10.0; Win64; x64) AppleWebKit/537.36 (KHTML, like Gecko) Chrome/151.0.0.0 Safari/537.36"
210.209.185.176 - - [17/Aug/2026:10:42:41 +0800] "GET /tcesinfo/wp-content/themes/oceanwp/assets/js/drop-down-search.min.js HTTP/1.1" 200 2968 "https://2blog.ilc.edu.tw/tcesinfo/2020/11/06/%E6%9B%B4%E6%94%B9-notepad-%E9%A0%90%E8%A8%AD%E9%A1%AF%E7%A4%BA%E5%AD%97%E5%BD%A2/" "Mozilla/5.0 (Windows NT 10.0; Win64; x64) AppleWebKit/537.36 (KHTML, like Gecko) Chrome/151.0.0.0 Safari/537.36"
210.209.185.176 - - [17/Aug/2026:10:42:41 +0800] "GET /tcesinfo/wp-content/themes/oceanwp/assets/js/drop-down-mobile-menu.min.js HTTP/1.1" 200 4663 "https://2blog.ilc.edu.tw/tcesinfo/2020/11/06/%E6%9B%B4%E6%94%B9-notepad-%E9%A0%90%E8%A8%AD%E9%A1%AF%E7%A4%BA%E5%AD%97%E5%BD%A2/" "Mozilla/5.0 (Windows NT 10.0; Win64; x64) AppleWebKit/537.36 (KHTML, like Gecko) Chrome/151.0.0.0 Safari/537.36"
210.209.185.176 - - [17/Aug/2026:10:42:41 +0800] "GET /tcesinfo/wp-content/themes/oceanwp/assets/js/vendors/magnific-popup.min.js HTTP/1.1" 200 8270 "https://2blog.ilc.edu.tw/tcesinfo/2020/11/06/%E6%9B%B4%E6%94%B9-notepad-%E9%A0%90%E8%A8%AD%E9%A1%AF%E7%A4%BA%E5%AD%97%E5%BD%A2/" "Mozilla/5.0 (Windows NT 10.0; Win64; x64) AppleWebKit/537.36 (KHTML, like Gecko) Chrome/151.0.0.0 Safari/537.36"
210.209.185.176 - - [17/Aug/2026:10:42:41 +0800] "GET /tcesinfo/wp-content/themes/oceanwp/assets/js/ow-lightbox.min.js HTTP/1.1" 200 2321 "https://2blog.ilc.edu.tw/tcesinfo/2020/11/06/%E6%9B%B4%E6%94%B9-notepad-%E9%A0%90%E8%A8%AD%E9%A1%AF%E7%A4%BA%E5%AD%97%E5%BD%A2/" "Mozilla/5.0 (Windows NT 10.0; Win64; x64) AppleWebKit/537.36 (KHTML, like Gecko) Chrome/151.0.0.0 Safari/537.36"
210.209.185.176 - - [17/Aug/2026:10:42:41 +0800] "GET /tcesinfo/wp-content/themes/oceanwp/assets/js/ow-slider.min.js HTTP/1.1" 200 1761 "https://2blog.ilc.edu.tw/tcesinfo/2020/11/06/%E6%9B%B4%E6%94%B9-notepad-%E9%A0%90%E8%A8%AD%E9%A1%AF%E7%A4%BA%E5%AD%97%E5%BD%A2/" "Mozilla/5.0 (Windows NT 10.0; Win64; x64) AppleWebKit/537.36 (KHTML, like Gecko) Chrome/151.0.0.0 Safari/537.36"
210.209.185.176 - - [17/Aug/2026:10:42:41 +0800] "GET /tcesinfo/wp-content/themes/oceanwp/assets/js/vendors/flickity.pkgd.min.js HTTP/1.1" 200 15048 "https://2blog.ilc.edu.tw/tcesinfo/2020/11/06/%E6%9B%B4%E6%94%B9-notepad-%E9%A0%90%E8%A8%AD%E9%A1%AF%E7%A4%BA%E5%AD%97%E5%BD%A2/" "Mozilla/5.0 (Windows NT 10.0; Win64; x64) AppleWebKit/537.36 (KHTML, like Gecko) Chrome/151.0.0.0 Safari/537.36"
210.209.185.176 - - [17/Aug/2026:10:42:41 +0800] "GET /tcesinfo/wp-content/themes/oceanwp/assets/js/scroll-effect.min.js HTTP/1.1" 200 4127 "https://2blog.ilc.edu.tw/tcesinfo/2020/11/06/%E6%9B%B4%E6%94%B9-notepad-%E9%A0%90%E8%A8%AD%E9%A1%AF%E7%A4%BA%E5%AD%97%E5%BD%A2/" "Mozilla/5.0 (Windows NT 10.0; Win64; x64) AppleWebKit/537.36 (KHTML, like Gecko) Chrome/151.0.0.0 Safari/537.36"
210.209.185.176 - - [17/Aug/2026:10:42:41 +0800] "GET /tcesinfo/wp-content/themes/oceanwp/assets/js/scroll-top.min.js HTTP/1.1" 200 3202 "https://2blog.ilc.edu.tw/tcesinfo/2020/11/06/%E6%9B%B4%E6%94%B9-notepad-%E9%A0%90%E8%A8%AD%E9%A1%AF%E7%A4%BA%E5%AD%97%E5%BD%A2/" "Mozilla/5.0 (Windows NT 10.0; Win64; x64) AppleWebKit/537.36 (KHTML, like Gecko) Chrome/151.0.0.0 Safari/537.36"
210.209.185.176 - - [17/Aug/2026:10:42:41 +0800] "GET /tcesinfo/wp-content/themes/oceanwp/assets/js/select.min.js HTTP/1.1" 200 2408 "https://2blog.ilc.edu.tw/tcesinfo/2020/11/06/%E6%9B%B4%E6%94%B9-notepad-%E9%A0%90%E8%A8%AD%E9%A1%AF%E7%A4%BA%E5%AD%97%E5%BD%A2/" "Mozilla/5.0 (Windows NT 10.0; Win64; x64) AppleWebKit/537.36 (KHTML, like Gecko) Chrome/151.0.0.0 Safari/537.36"
210.209.185.176 - - [17/Aug/2026:10:42:41 +0800] "POST /tcesinfo/wp-json/ilc-summary/v1/popular-posts HTTP/1.1" 201 1401 "https://2blog.ilc.edu.tw/tcesinfo/2020/11/06/%E6%9B%B4%E6%94%B9-notepad-%E9%A0%90%E8%A8%AD%E9%A1%AF%E7%A4%BA%E5%AD%97%E5%BD%A2/" "Mozilla/5.0 (Windows NT 10.0; Win64; x64) AppleWebKit/537.36 (KHTML, like Gecko) Chrome/151.0.0.0 Safari/537.36"
210.209.185.176 - - [17/Aug/2026:10:42:42 +0800] "GET /tcesinfo/wp-content/uploads/sites/93/2020/11/2020-11-06_213145.png HTTP/1.1" 200 25451 "https://2blog.ilc.edu.tw/tcesinfo/2020/11/06/%E6%9B%B4%E6%94%B9-notepad-%E9%A0%90%E8%A8%AD%E9%A1%AF%E7%A4%BA%E5%AD%97%E5%BD%A2/" "Mozilla/5.0 (Windows NT 10.0; Win64; x64) AppleWebKit/537.36 (KHTML, like Gecko) Chrome/151.0.0.0 Safari/537.36"
210.209.185.176 - - [17/Aug/2026:10:42:42 +0800] "GET /tcesinfo/wp-content/themes/oceanwp/assets/fonts/simple-line-icons/Simple-Line-Icons.woff2?v=2.4.0 HTTP/1.1" 200 30959 "https://2blog.ilc.edu.tw/tcesinfo/wp-content/cache/2blog.ilc.edu.tw/wpfc-minified/kpmluwvu/5wtjm.css" "Mozilla/5.0 (Windows NT 10.0; Win64; x64) AppleWebKit/537.36 (KHTML, like Gecko) Chrome/151.0.0.0 Safari/537.36"
210.209.185.176 - - [17/Aug/2026:10:42:42 +0800] "GET /tcesinfo/wp-content/uploads/sites/93/2020/11/2020-11-06_214052.png HTTP/1.1" 200 11118 "https://2blog.ilc.edu.tw/tcesinfo/2020/11/06/%E6%9B%B4%E6%94%B9-notepad-%E9%A0%90%E8%A8%AD%E9%A1%AF%E7%A4%BA%E5%AD%97%E5%BD%A2/" "Mozilla/5.0 (Windows NT 10.0; Win64; x64) AppleWebKit/537.36 (KHTML, like Gecko) Chrome/151.0.0.0 Safari/537.36"
210.209.185.176 - - [17/Aug/2026:10:42:42 +0800] "GET /tcesinfo/wp-content/themes/oceanwp/assets/fonts/fontawesome/webfonts/fa-solid-900.woff2 HTTP/1.1" 200 151246 "https://2blog.ilc.edu.tw/tcesinfo/wp-content/cache/2blog.ilc.edu.tw/wpfc-minified/kpmluwvu/5wtjm.css" "Mozilla/5.0 (Windows NT 10.0; Win64; x64) AppleWebKit/537.36 (KHTML, like Gecko) Chrome/151.0.0.0 Safari/537.36"
210.209.185.176 - - [17/Aug/2026:10:42:42 +0800] "GET /favicon.ico HTTP/1.1" 302 901 "https://2blog.ilc.edu.tw/tcesinfo/2020/11/06/%E6%9B%B4%E6%94%B9-notepad-%E9%A0%90%E8%A8%AD%E9%A1%AF%E7%A4%BA%E5%AD%97%E5%BD%A2/" "Mozilla/5.0 (Windows NT 10.0; Win64; x64) AppleWebKit/537.36 (KHTML, like Gecko) Chrome/151.0.0.0 Safari/537.36"
210.209.185.176 - - [17/Aug/2026:10:42:42 +0800] "GET /wp-includes/images/w-logo-blue-white-bg.png HTTP/1.1" 200 4946 "https://2blog.ilc.edu.tw/tcesinfo/2020/11/06/%E6%9B%B4%E6%94%B9-notepad-%E9%A0%90%E8%A8%AD%E9%A1%AF%E7%A4%BA%E5%AD%97%E5%BD%A2/" "Mozilla/5.0 (Windows NT 10.0; Win64; x64) AppleWebKit/537.36 (KHTML, like Gecko) Chrome/151.0.0.0 Safari/537.36"
2001:288:a26a:1:6923:8bf3:4374:c578 - - [17/Aug/2026:10:42:42 +0800] "POST /hsics/wp-admin/admin-ajax.php HTTP/1.1" 200 1459 "https://2blog.ilc.edu.tw/hsics/wp-admin/edit.php" "Mozilla/5.0 (Windows NT 10.0; Win64; x64) AppleWebKit/537.36 (KHTML, like Gecko) Chrome/151.0.0.0 Safari/537.36"
114.32.246.242 - - [17/Aug/2026:10:42:43 +0800] "GET /yilankindergartentest/%e5%b9%bc%e5%85%92%e5%9c%92%e9%98%b2%e7%81%bd%e8%b3%87%e6%96%99%e4%b8%8a%e5%82%b3%e5%8d%80/ HTTP/1.1" 200 24977 "https://www.google.com/" "Mozilla/5.0 (Windows NT 10.0; Win64; x64) AppleWebKit/537.36 (KHTML, like Gecko) Chrome/151.0.0.0 Safari/537.36"
66.249.68.130 - - [17/Aug/2026:10:42:44 +0800] "GET /wp-login.php?action=ilc_logout&_wpnonce=020ea612b9&redirect_to=//svilanalma.ml/143wwwilcedutwQMJ380 HTTP/1.1" 302 8241 "-" "Mozilla/5.0 (Linux; Android 6.0.1; Nexus 5X Build/MMB29P) AppleWebKit/537.36 (KHTML, like Gecko) Chrome/150.0.7871.186 Mobile Safari/537.36 (compatible; Googlebot/2.1; +http://www.google.com/bot.html)"
52.167.144.156 - - [17/Aug/2026:10:42:44 +0800] "GET /1003/?s=what+is+the+ratio+of150cm+to+5m+%3F HTTP/1.1" 200 13774 "-" "Mozilla/5.0 AppleWebKit/537.36 (KHTML, like Gecko; compatible; bingbot/2.0; +http://www.bing.com/bingbot.htm) Chrome/116.0.1938.76 Safari/537.36"
210.209.185.176 - - [17/Aug/2026:10:42:44 +0800] "GET /tcesinfo/wp-content/uploads/sites/93/2020/11/2020-11-06_213207.png HTTP/1.1" 200 54113 "https://2blog.ilc.edu.tw/tcesinfo/2020/11/06/%E6%9B%B4%E6%94%B9-notepad-%E9%A0%90%E8%A8%AD%E9%A1%AF%E7%A4%BA%E5%AD%97%E5%BD%A2/" "Mozilla/5.0 (Windows NT 10.0; Win64; x64) AppleWebKit/537.36 (KHTML, like Gecko) Chrome/151.0.0.0 Safari/537.36"
66.249.68.200 - - [17/Aug/2026:10:42:44 +0800] "GET /26066/wp-content/cache/2blog.ilc.edu.tw/wpfc-minified/77by9jn9/5woka.css HTTP/1.1" 200 40888 "https://2blog.ilc.edu.tw/26066/author/hwalingwang38/" "Mozilla/5.0 AppleWebKit/537.36 (KHTML, like Gecko; compatible; Googlebot/2.1; +http://www.google.com/bot.html) Chrome/151.0.7922.108 Safari/537.36"
140.111.67.10 - - [17/Aug/2026:10:42:45 +0800] "GET /" 301 273 "-" "-"
2001:288:a27a:1:6ddc:2a4b:ac26:cde2 - - [17/Aug/2026:10:42:43 +0800] "POST /namt/wp-admin/admin-ajax.php HTTP/1.1" 200 1459 "https://2blog.ilc.edu.tw/namt/wp-admin/user-new.php?user_id=1731" "Mozilla/5.0 (Windows NT 10.0; Win64; x64) AppleWebKit/537.36 (KHTML, like Gecko) Chrome/151.0.0.0 Safari/537.36"
2001:288:a201::66:125 - - [17/Aug/2026:10:42:45 +0800] "GET /blog/active.php HTTP/1.1" 301 1026 "-" "-"
2001:288:a201::66:125 - - [17/Aug/2026:10:42:45 +0800] "GET /blog/active.php HTTP/1.1" 404 1084 "-" "-"
66.249.68.200 - - [17/Aug/2026:10:42:47 +0800] "GET /jtftw/wp-content/plugins/google-drive-embedder/css/gdm-blocks.css HTTP/1.1" 200 1160 "https://2blog.ilc.edu.tw/jtftw/" "Mozilla/5.0 (compatible; Googlebot/2.1; +http://www.google.com/bot.html)"
::1 - - [17/Aug/2026:10:42:47 +0800] "OPTIONS * HTTP/1.0" 200 110 "-" "Apache/2.4.68 (Ubuntu) OpenSSL/3.0.19 (internal dummy connection)"
2001:288:a241:1:dda2:d338:494f:585b - - [17/Aug/2026:10:42:48 +0800] "-" 408 339 "-" "-"
::1 - - [17/Aug/2026:10:42:48 +0800] "OPTIONS * HTTP/1.0" 200 110 "-" "Apache/2.4.68 (Ubuntu) OpenSSL/3.0.19 (internal dummy connection)"
2001:288:a241:1:dda2:d338:494f:585b - - [17/Aug/2026:10:42:49 +0800] "-" 408 4791 "-" "-"
::1 - - [17/Aug/2026:10:42:49 +0800] "OPTIONS * HTTP/1.0" 200 110 "-" "Apache/2.4.68 (Ubuntu) OpenSSL/3.0.19 (internal dummy connection)"
61.219.107.222 - - [17/Aug/2026:10:42:49 +0800] "-" 408 0 "-" "-"
140.111.67.10 - - [17/Aug/2026:10:42:50 +0800] "GET /" 301 273 "-" "-"
2001:4860:7:b10::f4 - - [17/Aug/2026:10:42:50 +0800] "GET / HTTP/1.1" 200 31593 "https://www.google.com/" "Mozilla/5.0 (Windows NT 10.0; Win64; x64) AppleWebKit/537.36 (KHTML, like Gecko) Chrome/151.0.0.0 Safari/537.36"
2402:7500:942:34cb:2158:db71:86ba:38d8 - - [17/Aug/2026:10:42:50 +0800] "GET /wp-content/uploads/sites/233/1003/1003-2438065.jpg HTTP/1.1" 200 83278 "https://2blog.ilc.edu.tw/1003/2014/03/20/%E8%AA%B2%E5%A4%96%E9%96%B1%E8%AE%80%E6%95%99%E5%AD%B8%E9%96%B1%E8%AE%80%E5%BF%83%E5%BE%97%E5%BE%88%E5%A5%BD%E5%AF%AB/" "Mozilla/5.0 (Linux; Android 10; K) AppleWebKit/537.36 (KHTML, like Gecko) Chrome/114.0.0.0 Mobile Safari/537.36"
2001:288:a241:1:dda2:d338:494f:585b - - [17/Aug/2026:10:42:50 +0800] "-" 408 339 "-" "-"
2402:7500:942:34cb:2158:db71:86ba:38d8 - - [17/Aug/2026:10:42:50 +0800] "-" 408 4796 "-" "-"
::1 - - [17/Aug/2026:10:42:50 +0800] "OPTIONS * HTTP/1.0" 200 110 "-" "Apache/2.4.68 (Ubuntu) OpenSSL/3.0.19 (internal dummy connection)"
61.220.207.156 - - [17/Aug/2026:10:42:50 +0800] "-" 408 0 "-" "-"
2402:7500:942:34cb:2158:db71:86ba:38d8 - - [17/Aug/2026:10:42:50 +0800] "GET /wp-content/uploads/sites/233/1003/1003-2438066.jpg HTTP/1.1" 200 78922 "https://2blog.ilc.edu.tw/1003/2014/03/20/%E8%AA%B2%E5%A4%96%E9%96%B1%E8%AE%80%E6%95%99%E5%AD%B8%E9%96%B1%E8%AE%80%E5%BF%83%E5%BE%97%E5%BE%88%E5%A5%BD%E5%AF%AB/" "Mozilla/5.0 (Linux; Android 10; K) AppleWebKit/537.36 (KHTML, like Gecko) Chrome/114.0.0.0 Mobile Safari/537.36"
61.222.197.204 - - [17/Aug/2026:10:42:50 +0800] "-" 408 0 "-" "-"
2001:288:a201::66:125 - - [17/Aug/2026:10:42:50 +0800] "GET /blog/active.php HTTP/1.1" 301 1026 "-" "-"
2001:288:a201::66:125 - - [17/Aug/2026:10:42:50 +0800] "GET /blog/active.php HTTP/1.1" 404 1084 "-" "-"
66.249.71.163 - - [17/Aug/2026:10:42:49 +0800] "GET /wp-login.php?action=ilc_logout&_wpnonce=43754d0aad&redirect_to=http://worldeventspb.ru/job/9099/ HTTP/1.1" 302 8249 "-" "Mozilla/5.0 (Linux; Android 6.0.1; Nexus 5X Build/MMB29P) AppleWebKit/537.36 (KHTML, like Gecko) Chrome/150.0.7871.186 Mobile Safari/537.36 (compatible; GoogleOther)"
::1 - - [17/Aug/2026:10:42:51 +0800] "OPTIONS * HTTP/1.0" 200 110 "-" "Apache/2.4.68 (Ubuntu) OpenSSL/3.0.19 (internal dummy connection)"
66.249.68.200 - - [17/Aug/2026:10:42:51 +0800] "GET /wp-content/uploads/sites/2783/6425/6425-845255.doc HTTP/1.1" 200 53830 "-" "Mozilla/5.0 (Linux; Android 6.0.1; Nexus 5X Build/MMB29P) AppleWebKit/537.36 (KHTML, like Gecko) Chrome/150.0.7871.186 Mobile Safari/537.36 (compatible; Googlebot/2.1; +http://www.google.com/bot.html)"
::1 - - [17/Aug/2026:10:42:52 +0800] "OPTIONS * HTTP/1.0" 200 110 "-" "Apache/2.4.68 (Ubuntu) OpenSSL/3.0.19 (internal dummy connection)"
::1 - - [17/Aug/2026:10:42:53 +0800] "OPTIONS * HTTP/1.0" 200 110 "-" "Apache/2.4.68 (Ubuntu) OpenSSL/3.0.19 (internal dummy connection)"
66.249.79.139 - - [17/Aug/2026:10:42:53 +0800] "GET / HTTP/1.1" 200 19169 "-" "Mozilla/5.0 (Linux; Android 6.0.1; Nexus 5X Build/MMB29P) AppleWebKit/537.36 (KHTML, like Gecko) Chrome/150.0.7871.186 Mobile Safari/537.36 (compatible; Googlebot/2.1; +http://www.google.com/bot.html)"
2001:b400:e2aa:18e4:6192:2044:2e34:f307 - - [17/Aug/2026:10:42:53 +0800] "-" 408 4796 "-" "-"
::1 - - [17/Aug/2026:10:42:54 +0800] "OPTIONS * HTTP/1.0" 200 110 "-" "Apache/2.4.68 (Ubuntu) OpenSSL/3.0.19 (internal dummy connection)"
140.111.67.10 - - [17/Aug/2026:10:42:55 +0800] "GET /" 301 273 "-" "-"
::1 - - [17/Aug/2026:10:42:55 +0800] "OPTIONS * HTTP/1.0" 200 110 "-" "Apache/2.4.68 (Ubuntu) OpenSSL/3.0.19 (internal dummy connection)"
2402:7500:942:34cb:2158:db71:86ba:38d8 - - [17/Aug/2026:10:42:55 +0800] "GET /wp-content/uploads/sites/233/1003/1003-2438067.jpg HTTP/1.1" 200 127409 "https://2blog.ilc.edu.tw/1003/2014/03/20/%E8%AA%B2%E5%A4%96%E9%96%B1%E8%AE%80%E6%95%99%E5%AD%B8%E9%96%B1%E8%AE%80%E5%BF%83%E5%BE%97%E5%BE%88%E5%A5%BD%E5%AF%AB/" "Mozilla/5.0 (Linux; Android 10; K) AppleWebKit/537.36 (KHTML, like Gecko) Chrome/114.0.0.0 Mobile Safari/537.36"
2402:7500:942:34cb:2158:db71:86ba:38d8 - - [17/Aug/2026:10:42:55 +0800] "GET /wp-content/uploads/sites/233/1003/1003-2438068.jpg HTTP/1.1" 200 79376 "https://2blog.ilc.edu.tw/1003/2014/03/20/%E8%AA%B2%E5%A4%96%E9%96%B1%E8%AE%80%E6%95%99%E5%AD%B8%E9%96%B1%E8%AE%80%E5%BF%83%E5%BE%97%E5%BE%88%E5%A5%BD%E5%AF%AB/" "Mozilla/5.0 (Linux; Android 10; K) AppleWebKit/537.36 (KHTML, like Gecko) Chrome/114.0.0.0 Mobile Safari/537.36"
2001:288:a201::66:125 - - [17/Aug/2026:10:42:55 +0800] "GET /blog/active.php HTTP/1.1" 301 1026 "-" "-"
2001:288:a201::66:125 - - [17/Aug/2026:10:42:55 +0800] "GET /blog/active.php HTTP/1.1" 404 1084 "-" "-"
::1 - - [17/Aug/2026:10:42:56 +0800] "OPTIONS * HTTP/1.0" 200 110 "-" "Apache/2.4.68 (Ubuntu) OpenSSL/3.0.19 (internal dummy connection)"
2402:7500:942:34cb:2158:db71:86ba:38d8 - - [17/Aug/2026:10:42:56 +0800] "GET /wp-content/uploads/sites/233/1003/1003-2438069.jpg HTTP/1.1" 200 91955 "https://2blog.ilc.edu.tw/1003/2014/03/20/%E8%AA%B2%E5%A4%96%E9%96%B1%E8%AE%80%E6%95%99%E5%AD%B8%E9%96%B1%E8%AE%80%E5%BF%83%E5%BE%97%E5%BE%88%E5%A5%BD%E5%AF%AB/" "Mozilla/5.0 (Linux; Android 10; K) AppleWebKit/537.36 (KHTML, like Gecko) Chrome/114.0.0.0 Mobile Safari/537.36"
2402:7500:942:34cb:2158:db71:86ba:38d8 - - [17/Aug/2026:10:42:56 +0800] "GET /wp-content/uploads/sites/233/1003/1003-2438070.jpg HTTP/1.1" 200 71699 "https://2blog.ilc.edu.tw/1003/2014/03/20/%E8%AA%B2%E5%A4%96%E9%96%B1%E8%AE%80%E6%95%99%E5%AD%B8%E9%96%B1%E8%AE%80%E5%BF%83%E5%BE%97%E5%BE%88%E5%A5%BD%E5%AF%AB/" "Mozilla/5.0 (Linux; Android 10; K) AppleWebKit/537.36 (KHTML, like Gecko) Chrome/114.0.0.0 Mobile Safari/537.36"
66.249.68.200 - - [17/Aug/2026:10:42:55 +0800] "GET /526/category/c-52835/feed/ HTTP/1.1" 200 4346 "-" "Mozilla/5.0 (Linux; Android 6.0.1; Nexus 5X Build/MMB29P) AppleWebKit/537.36 (KHTML, like Gecko) Chrome/150.0.7871.186 Mobile Safari/537.36 (compatible; Googlebot/2.1; +http://www.google.com/bot.html)"
2001:288:a26a:1:6923:8bf3:4374:c578 - - [17/Aug/2026:10:42:56 +0800] "POST /hsics/wp-admin/admin-ajax.php HTTP/1.1" 200 1459 "https://2blog.ilc.edu.tw/hsics/wp-admin/edit.php" "Mozilla/5.0 (Windows NT 10.0; Win64; x64) AppleWebKit/537.36 (KHTML, like Gecko) Chrome/151.0.0.0 Safari/537.36"
::1 - - [17/Aug/2026:10:42:57 +0800] "OPTIONS * HTTP/1.0" 200 110 "-" "Apache/2.4.68 (Ubuntu) OpenSSL/3.0.19 (internal dummy connection)"
2402:7500:942:34cb:2158:db71:86ba:38d8 - - [17/Aug/2026:10:42:57 +0800] "GET /wp-content/uploads/sites/233/1003/1003-2438071.jpg HTTP/1.1" 200 103287 "https://2blog.ilc.edu.tw/1003/2014/03/20/%E8%AA%B2%E5%A4%96%E9%96%B1%E8%AE%80%E6%95%99%E5%AD%B8%E9%96%B1%E8%AE%80%E5%BF%83%E5%BE%97%E5%BE%88%E5%A5%BD%E5%AF%AB/" "Mozilla/5.0 (Linux; Android 10; K) AppleWebKit/537.36 (KHTML, like Gecko) Chrome/114.0.0.0 Mobile Safari/537.36"
::1 - - [17/Aug/2026:10:42:58 +0800] "OPTIONS * HTTP/1.0" 200 110 "-" "Apache/2.4.68 (Ubuntu) OpenSSL/3.0.19 (internal dummy connection)"
2001:4860:7:410::fd - - [17/Aug/2026:10:42:58 +0800] "GET /11463/ HTTP/1.1" 200 27298 "https://www.google.com/" "Mozilla/5.0 (Macintosh; Intel Mac OS X 10_15_7) AppleWebKit/537.36 (KHTML, like Gecko) Chrome/151.0.0.0 Safari/537.36"
::1 - - [17/Aug/2026:10:42:59 +0800] "OPTIONS * HTTP/1.0" 200 110 "-" "Apache/2.4.68 (Ubuntu) OpenSSL/3.0.19 (internal dummy connection)"
66.249.68.133 - - [17/Aug/2026:10:42:57 +0800] "GET /wp-login.php?action=ilc_logout&_wpnonce=43754d0aad&redirect_to=https://papasstyle.ru/join/25239/ HTTP/1.1" 302 3440 "-" "Mozilla/5.0 (Linux; Android 6.0.1; Nexus 5X Build/MMB29P) AppleWebKit/537.36 (KHTML, like Gecko) Chrome/150.0.7871.186 Mobile Safari/537.36 (compatible; Googlebot/2.1; +http://www.google.com/bot.html)"
140.111.67.10 - - [17/Aug/2026:10:43:00 +0800] "GET /" 301 273 "-" "-"
::1 - - [17/Aug/2026:10:43:00 +0800] "OPTIONS * HTTP/1.0" 200 110 "-" "Apache/2.4.68 (Ubuntu) OpenSSL/3.0.19 (internal dummy connection)"
2001:288:a201::66:125 - - [17/Aug/2026:10:43:00 +0800] "GET /blog/active.php HTTP/1.1" 301 1026 "-" "-"
2001:288:a201::66:125 - - [17/Aug/2026:10:43:00 +0800] "GET /blog/active.php HTTP/1.1" 404 1084 "-" "-"
::1 - - [17/Aug/2026:10:43:01 +0800] "OPTIONS * HTTP/1.0" 200 110 "-" "Apache/2.4.68 (Ubuntu) OpenSSL/3.0.19 (internal dummy connection)"
210.209.185.176 - - [17/Aug/2026:10:43:01 +0800] "-" 408 4796 "-" "-"
2402:7500:942:34cb:2158:db71:86ba:38d8 - - [17/Aug/2026:10:43:01 +0800] "GET /wp-content/uploads/sites/233/1003/1003-2438072.jpg HTTP/1.1" 200 94451 "https://2blog.ilc.edu.tw/1003/2014/03/20/%E8%AA%B2%E5%A4%96%E9%96%B1%E8%AE%80%E6%95%99%E5%AD%B8%E9%96%B1%E8%AE%80%E5%BF%83%E5%BE%97%E5%BE%88%E5%A5%BD%E5%AF%AB/" "Mozilla/5.0 (Linux; Android 10; K) AppleWebKit/537.36 (KHTML, like Gecko) Chrome/114.0.0.0 Mobile Safari/537.36"
66.249.71.163 - - [17/Aug/2026:10:42:59 +0800] "GET /wp-login.php?action=ilc_logout&_wpnonce=43754d0aad&redirect_to=http://glebsapozhkov-test.ru/gallery/17860/ HTTP/1.1" 302 8259 "-" "Mozilla/5.0 (Linux; Android 6.0.1; Nexus 5X Build/MMB29P) AppleWebKit/537.36 (KHTML, like Gecko) Chrome/150.0.7871.186 Mobile Safari/537.36 (compatible; Googlebot/2.1; +http://www.google.com/bot.html)"
66.249.71.64 - - [17/Aug/2026:10:43:01 +0800] "GET /2341/2010/06/08/%E5%87%BD%E6%95%B8%E5%9C%96%E5%BD%A2%E6%96%B9%E7%A8%8B%E5%BC%8F%E4%BF%82%E6%95%B8%E7%9A%84%E6%AD%A3%E8%B2%A0%E8%99%9F%E5%88%A4%E6%96%B7/ HTTP/1.1" 200 16353 "-" "Mozilla/5.0 (Linux; Android 6.0.1; Nexus 5X Build/MMB29P) AppleWebKit/537.36 (KHTML, like Gecko) Chrome/150.0.7871.186 Mobile Safari/537.36 (compatible; Googlebot/2.1; +http://www.google.com/bot.html)"
210.209.185.176 - - [17/Aug/2026:10:43:02 +0800] "-" 408 4796 "-" "-"
::1 - - [17/Aug/2026:10:43:02 +0800] "OPTIONS * HTTP/1.0" 200 110 "-" "Apache/2.4.68 (Ubuntu) OpenSSL/3.0.19 (internal dummy connection)"
2402:7500:942:34cb:2158:db71:86ba:38d8 - - [17/Aug/2026:10:43:02 +0800] "GET /wp-content/uploads/sites/233/1003/1003-2438073.jpg HTTP/1.1" 200 107396 "https://2blog.ilc.edu.tw/1003/2014/03/20/%E8%AA%B2%E5%A4%96%E9%96%B1%E8%AE%80%E6%95%99%E5%AD%B8%E9%96%B1%E8%AE%80%E5%BF%83%E5%BE%97%E5%BE%88%E5%A5%BD%E5%AF%AB/" "Mozilla/5.0 (Linux; Android 10; K) AppleWebKit/537.36 (KHTML, like Gecko) Chrome/114.0.0.0 Mobile Safari/537.36"
52.167.144.156 - - [17/Aug/2026:10:43:02 +0800] "GET /1003/?s=%E6%98%8E%E7%A5%9E%E3%81%A4%E3%81%8B%E3%81%95+%E3%82%BF%E3%82%A4%E3%83%84 HTTP/1.1" 200 13803 "-" "Mozilla/5.0 AppleWebKit/537.36 (KHTML, like Gecko; compatible; bingbot/2.0; +http://www.bing.com/bingbot.htm) Chrome/116.0.1938.76 Safari/537.36"
2402:7500:942:34cb:2158:db71:86ba:38d8 - - [17/Aug/2026:10:43:03 +0800] "GET /wp-content/uploads/sites/233/1003/1003-2438074.jpg HTTP/1.1" 200 99677 "https://2blog.ilc.edu.tw/1003/2014/03/20/%E8%AA%B2%E5%A4%96%E9%96%B1%E8%AE%80%E6%95%99%E5%AD%B8%E9%96%B1%E8%AE%80%E5%BF%83%E5%BE%97%E5%BE%88%E5%A5%BD%E5%AF%AB/" "Mozilla/5.0 (Linux; Android 10; K) AppleWebKit/537.36 (KHTML, like Gecko) Chrome/114.0.0.0 Mobile Safari/537.36"
::1 - - [17/Aug/2026:10:43:03 +0800] "OPTIONS * HTTP/1.0" 200 110 "-" "Apache/2.4.68 (Ubuntu) OpenSSL/3.0.19 (internal dummy connection)"
118.165.128.35 - - [17/Aug/2026:10:43:03 +0800] "GET /wp-content/uploads/sites/3846/2026/08/%E8%BE%B2%E6%A5%AD%E9%83%A8%E5%BB%A3%E5%91%8A.jpg HTTP/1.1" 200 240914 "https://it.ilc.edu.tw/" "Mozilla/5.0 (Windows NT 10.0; Win64; x64) AppleWebKit/537.36 (KHTML, like Gecko) Chrome/150.0.0.0 Safari/537.36"
118.165.128.35 - - [17/Aug/2026:10:43:03 +0800] "GET /wp-content/uploads/sites/3846/2026/06/2026%E5%AE%9C%E8%98%AD%E7%98%8B%E5%AD%B8%E7%BF%92-%E6%9A%91%E5%81%87_%E6%95%99%E8%82%B2%E8%99%95%E9%A6%96%E9%A0%81-1440-x-1080-%E5%83%8F%E7%B4%A0.png HTTP/1.1" 200 2050723 "https://it.ilc.edu.tw/" "Mozilla/5.0 (Windows NT 10.0; Win64; x64) AppleWebKit/537.36 (KHTML, like Gecko) Chrome/150.0.0.0 Safari/537.36"
118.165.128.35 - - [17/Aug/2026:10:43:03 +0800] "GET /wp-content/uploads/sites/3846/2026/06/%E5%AE%A3%E5%82%B3%E5%9C%96%E7%89%87.png HTTP/1.1" 200 1053112 "https://it.ilc.edu.tw/" "Mozilla/5.0 (Windows NT 10.0; Win64; x64) AppleWebKit/537.36 (KHTML, like Gecko) Chrome/150.0.0.0 Safari/537.36"
2402:7500:942:34cb:2158:db71:86ba:38d8 - - [17/Aug/2026:10:43:04 +0800] "GET /wp-content/uploads/sites/233/1003/1003-2438075.jpg HTTP/1.1" 200 88544 "https://2blog.ilc.edu.tw/1003/2014/03/20/%E8%AA%B2%E5%A4%96%E9%96%B1%E8%AE%80%E6%95%99%E5%AD%B8%E9%96%B1%E8%AE%80%E5%BF%83%E5%BE%97%E5%BE%88%E5%A5%BD%E5%AF%AB/" "Mozilla/5.0 (Linux; Android 10; K) AppleWebKit/537.36 (KHTML, like Gecko) Chrome/114.0.0.0 Mobile Safari/537.36"
::1 - - [17/Aug/2026:10:43:04 +0800] "OPTIONS * HTTP/1.0" 200 110 "-" "Apache/2.4.68 (Ubuntu) OpenSSL/3.0.19 (internal dummy connection)"
140.111.67.10 - - [17/Aug/2026:10:43:05 +0800] "GET /" 301 273 "-" "-"
::1 - - [17/Aug/2026:10:43:05 +0800] "OPTIONS * HTTP/1.0" 200 110 "-" "Apache/2.4.68 (Ubuntu) OpenSSL/3.0.19 (internal dummy connection)"
2001:288:a201::66:125 - - [17/Aug/2026:10:43:05 +0800] "GET /blog/active.php HTTP/1.1" 301 1026 "-" "-"
2001:288:a201::66:125 - - [17/Aug/2026:10:43:05 +0800] "GET /blog/active.php HTTP/1.1" 404 1084 "-" "-"
66.249.71.163 - - [17/Aug/2026:10:43:04 +0800] "GET /wp-login.php?action=ilc_logout&_wpnonce=43754d0aad&redirect_to=http://tatekosta.ru/creator/33857/ HTTP/1.1" 302 3463 "-" "Mozilla/5.0 (Linux; Android 6.0.1; Nexus 5X Build/MMB29P) AppleWebKit/537.36 (KHTML, like Gecko) Chrome/150.0.7871.186 Mobile Safari/537.36 (compatible; Googlebot/2.1; +http://www.google.com/bot.html)"
::1 - - [17/Aug/2026:10:43:06 +0800] "OPTIONS * HTTP/1.0" 200 110 "-" "Apache/2.4.68 (Ubuntu) OpenSSL/3.0.19 (internal dummy connection)"
114.32.246.242 - - [17/Aug/2026:10:43:06 +0800] "GET /yilankindergartentest/wp-login.php HTTP/1.1" 200 6431 "https://2blog.ilc.edu.tw/yilankindergartentest/%e5%b9%bc%e5%85%92%e5%9c%92%e9%98%b2%e7%81%bd%e8%b3%87%e6%96%99%e4%b8%8a%e5%82%b3%e5%8d%80/" "Mozilla/5.0 (Windows NT 10.0; Win64; x64) AppleWebKit/537.36 (KHTML, like Gecko) Chrome/151.0.0.0 Safari/537.36"
66.249.68.200 - - [17/Aug/2026:10:43:06 +0800] "POST /2341/wp-json/ilc-summary/v1/popular-posts HTTP/1.1" 201 6052 "https://2blog.ilc.edu.tw/2341/2010/06/08/%E5%87%BD%E6%95%B8%E5%9C%96%E5%BD%A2%E6%96%B9%E7%A8%8B%E5%BC%8F%E4%BF%82%E6%95%B8%E7%9A%84%E6%AD%A3%E8%B2%A0%E8%99%9F%E5%88%A4%E6%96%B7/" "Mozilla/5.0 (Linux; Android 6.0.1; Nexus 5X Build/MMB29P) AppleWebKit/537.36 (KHTML, like Gecko) Chrome/150.0.7871.186 Mobile Safari/537.36 (compatible; Googlebot/2.1; +http://www.google.com/bot.html)"
::1 - - [17/Aug/2026:10:43:07 +0800] "OPTIONS * HTTP/1.0" 200 110 "-" "Apache/2.4.68 (Ubuntu) OpenSSL/3.0.19 (internal dummy connection)"
::1 - - [17/Aug/2026:10:43:08 +0800] "OPTIONS * HTTP/1.0" 200 110 "-" "Apache/2.4.68 (Ubuntu) OpenSSL/3.0.19 (internal dummy connection)"
::1 - - [17/Aug/2026:10:43:09 +0800] "OPTIONS * HTTP/1.0" 200 110 "-" "Apache/2.4.68 (Ubuntu) OpenSSL/3.0.19 (internal dummy connection)"
140.111.67.10 - - [17/Aug/2026:10:43:10 +0800] "GET /" 301 273 "-" "-"
66.249.68.136 - - [17/Aug/2026:10:43:08 +0800] "GET /wp-login.php?action=ilc_logout&_wpnonce=43754d0aad&redirect_to=http://kaspiyskinvest.ru/job/12681/ HTTP/1.1" 302 8251 "-" "Mozilla/5.0 (Linux; Android 6.0.1; Nexus 5X Build/MMB29P) AppleWebKit/537.36 (KHTML, like Gecko) Chrome/150.0.7871.186 Mobile Safari/537.36 (compatible; Googlebot/2.1; +http://www.google.com/bot.html)"
::1 - - [17/Aug/2026:10:43:10 +0800] "OPTIONS * HTTP/1.0" 200 110 "-" "Apache/2.4.68 (Ubuntu) OpenSSL/3.0.19 (internal dummy connection)"
2001:288:a201::66:125 - - [17/Aug/2026:10:43:10 +0800] "GET /blog/active.php HTTP/1.1" 301 1026 "-" "-"
2001:288:a201::66:125 - - [17/Aug/2026:10:43:10 +0800] "GET /blog/active.php HTTP/1.1" 404 1084 "-" "-"
::1 - - [17/Aug/2026:10:43:11 +0800] "OPTIONS * HTTP/1.0" 200 110 "-" "Apache/2.4.68 (Ubuntu) OpenSSL/3.0.19 (internal dummy connection)"
2001:288:a26a:1:6923:8bf3:4374:c578 - - [17/Aug/2026:10:43:11 +0800] "POST /hsics/wp-admin/admin-ajax.php HTTP/1.1" 200 1459 "https://2blog.ilc.edu.tw/hsics/wp-admin/edit.php" "Mozilla/5.0 (Windows NT 10.0; Win64; x64) AppleWebKit/537.36 (KHTML, like Gecko) Chrome/151.0.0.0 Safari/537.36"
2001:4860:7:b10::ee - - [17/Aug/2026:10:43:12 +0800] "GET /11463/ HTTP/1.1" 200 27298 "https://www.google.com/" "Mozilla/5.0 (Windows NT 10.0; Win64; x64) AppleWebKit/537.36 (KHTML, like Gecko) Chrome/151.0.0.0 Safari/537.36"
66.249.68.200 - - [17/Aug/2026:10:43:10 +0800] "GET /26150/2015/12/28/ HTTP/1.1" 200 16639 "-" "Mozilla/5.0 (Linux; Android 6.0.1; Nexus 5X Build/MMB29P) AppleWebKit/537.36 (KHTML, like Gecko) Chrome/150.0.7871.186 Mobile Safari/537.36 (compatible; Googlebot/2.1; +http://www.google.com/bot.html)"
2001:288:a22d:1:899f:c2c0:5e22:abf2 - - [17/Aug/2026:10:43:13 +0800] "GET / HTTP/1.1" 200 31593 "-" "Mozilla/5.0 (Windows NT 10.0; Win64; x64) AppleWebKit/537.36 (KHTML, like Gecko) Chrome/151.0.0.0 Safari/537.36"
114.32.246.242 - - [17/Aug/2026:10:43:13 +0800] "POST /yilankindergartentest/wp-login.php HTTP/1.1" 302 5726 "https://2blog.ilc.edu.tw/yilankindergartentest/wp-login.php" "Mozilla/5.0 (Windows NT 10.0; Win64; x64) AppleWebKit/537.36 (KHTML, like Gecko) Chrome/151.0.0.0 Safari/537.36"
2001:288:a201::67:81 - - [17/Aug/2026:10:43:12 +0800] "POST /26150/2015/12/28/?fsm_edd_37394=c6f8fe1eb5b76b9842c22c7591a3d31b HTTP/1.1" 200 13010 "-" "WordPress/6.6.7; https://2blog.ilc.edu.tw/26150"
52.167.144.220 - - [17/Aug/2026:10:43:14 +0800] "GET /?s=%E4%B8%80%E9%B3%B4%E8%AA%8D%E8%AD%89 HTTP/1.1" 200 20466 "-" "Mozilla/5.0 AppleWebKit/537.36 (KHTML, like Gecko; compatible; bingbot/2.0; +http://www.bing.com/bingbot.htm) Chrome/116.0.1938.76 Safari/537.36"
140.111.67.10 - - [17/Aug/2026:10:43:15 +0800] "GET /" 301 273 "-" "-"
66.249.68.133 - - [17/Aug/2026:10:43:13 +0800] "GET /wp-login.php?action=ilc_logout&_wpnonce=43754d0aad&redirect_to=http://worldeventspb.ru/job/40062/ HTTP/1.1" 302 3441 "-" "Mozilla/5.0 (Linux; Android 6.0.1; Nexus 5X Build/MMB29P) AppleWebKit/537.36 (KHTML, like Gecko) Chrome/150.0.7871.186 Mobile Safari/537.36 (compatible; GoogleOther)"
2001:288:a201::66:125 - - [17/Aug/2026:10:43:15 +0800] "GET /blog/active.php HTTP/1.1" 301 1026 "-" "-"
2001:288:a201::66:125 - - [17/Aug/2026:10:43:15 +0800] "GET /blog/active.php HTTP/1.1" 404 1084 "-" "-"
114.32.246.242 - - [17/Aug/2026:10:43:13 +0800] "GET /yilankindergartentest/wp-admin/ HTTP/1.1" 200 24142 "https://2blog.ilc.edu.tw/yilankindergartentest/wp-login.php" "Mozilla/5.0 (Windows NT 10.0; Win64; x64) AppleWebKit/537.36 (KHTML, like Gecko) Chrome/151.0.0.0 Safari/537.36"
114.32.246.242 - - [17/Aug/2026:10:43:15 +0800] "GET /yilankindergartentest/wp-content/plugins/wp-fastest-cache/css/style.css HTTP/1.1" 200 8457 "https://2blog.ilc.edu.tw/yilankindergartentest/wp-admin/" "Mozilla/5.0 (Windows NT 10.0; Win64; x64) AppleWebKit/537.36 (KHTML, like Gecko) Chrome/151.0.0.0 Safari/537.36"
114.32.246.242 - - [17/Aug/2026:10:43:15 +0800] "GET /yilankindergartentest/wp-includes/js/thickbox/thickbox.css HTTP/1.1" 200 1811 "https://2blog.ilc.edu.tw/yilankindergartentest/wp-admin/" "Mozilla/5.0 (Windows NT 10.0; Win64; x64) AppleWebKit/537.36 (KHTML, like Gecko) Chrome/151.0.0.0 Safari/537.36"
114.32.246.242 - - [17/Aug/2026:10:43:15 +0800] "GET /yilankindergartentest/wp-admin/load-styles.php?c=1&dir=ltr&load%5Bchunk_0%5D=dashicons,admin-bar,common,forms,admin-menu,dashboard,list-tables,edit,revisions,media,themes,about,nav-menus,wp-pointer,widgets&load%5Bchunk_1%5D=,site-icon,l10n,buttons,wp-auth-check&ver=6.6.7 HTTP/1.1" 200 101797 "https://2blog.ilc.edu.tw/yilankindergartentest/wp-admin/" "Mozilla/5.0 (Windows NT 10.0; Win64; x64) AppleWebKit/537.36 (KHTML, like Gecko) Chrome/151.0.0.0 Safari/537.36"
114.32.246.242 - - [17/Aug/2026:10:43:15 +0800] "GET /yilankindergartentest/wp-content/plugins/disable-comments/assets/css/notice.css HTTP/1.1" 200 1756 "https://2blog.ilc.edu.tw/yilankindergartentest/wp-admin/" "Mozilla/5.0 (Windows NT 10.0; Win64; x64) AppleWebKit/537.36 (KHTML, like Gecko) Chrome/151.0.0.0 Safari/537.36"
