2001:b400:e249:a953:a152:3007:99f5:730d - - [17/Aug/2026:10:49:49 +0800] "GET /wp-content/plugins/elementor-pro/assets/css/frontend.min.css HTTP/1.1" 200 44543 "https://www.ltjh.ilc.edu.tw/?page_id=70" "Mozilla/5.0 (iPhone; CPU iPhone OS 26_6_0 like Mac OS X) AppleWebKit/605.1.15 (KHTML, like Gecko) CriOS/151.0.7922.112 Mobile/15E148 Safari/604.1"
2001:b400:e249:a953:a152:3007:99f5:730d - - [17/Aug/2026:10:49:49 +0800] "GET /wp-content/uploads/sites/411/elementor/css/post-70.css HTTP/1.1" 200 970 "https://www.ltjh.ilc.edu.tw/?page_id=70" "Mozilla/5.0 (iPhone; CPU iPhone OS 26_6_0 like Mac OS X) AppleWebKit/605.1.15 (KHTML, like Gecko) CriOS/151.0.7922.112 Mobile/15E148 Safari/604.1"
2001:b400:e249:a953:a152:3007:99f5:730d - - [17/Aug/2026:10:49:49 +0800] "GET /wp-content/uploads/sites/411/elementor/css/global.css HTTP/1.1" 200 3701 "https://www.ltjh.ilc.edu.tw/?page_id=70" "Mozilla/5.0 (iPhone; CPU iPhone OS 26_6_0 like Mac OS X) AppleWebKit/605.1.15 (KHTML, like Gecko) CriOS/151.0.7922.112 Mobile/15E148 Safari/604.1"
2001:b400:e249:a953:a152:3007:99f5:730d - - [17/Aug/2026:10:49:49 +0800] "GET /wp-includes/js/jquery/jquery.min.js HTTP/1.1" 200 31359 "https://www.ltjh.ilc.edu.tw/?page_id=70" "Mozilla/5.0 (iPhone; CPU iPhone OS 26_6_0 like Mac OS X) AppleWebKit/605.1.15 (KHTML, like Gecko) CriOS/151.0.7922.112 Mobile/15E148 Safari/604.1"
2001:b400:e249:a953:a152:3007:99f5:730d - - [17/Aug/2026:10:49:49 +0800] "GET /wp-includes/js/hoverintent-js.min.js HTTP/1.1" 200 1597 "https://www.ltjh.ilc.edu.tw/?page_id=70" "Mozilla/5.0 (iPhone; CPU iPhone OS 26_6_0 like Mac OS X) AppleWebKit/605.1.15 (KHTML, like Gecko) CriOS/151.0.7922.112 Mobile/15E148 Safari/604.1"
2001:b400:e249:a953:a152:3007:99f5:730d - - [17/Aug/2026:10:49:49 +0800] "GET /wp-includes/js/jquery/jquery-migrate.min.js HTTP/1.1" 200 5752 "https://www.ltjh.ilc.edu.tw/?page_id=70" "Mozilla/5.0 (iPhone; CPU iPhone OS 26_6_0 like Mac OS X) AppleWebKit/605.1.15 (KHTML, like Gecko) CriOS/151.0.7922.112 Mobile/15E148 Safari/604.1"
2001:b400:e249:a953:a152:3007:99f5:730d - - [17/Aug/2026:10:49:49 +0800] "GET /wp-includes/js/admin-bar.min.js HTTP/1.1" 200 2237 "https://www.ltjh.ilc.edu.tw/?page_id=70" "Mozilla/5.0 (iPhone; CPU iPhone OS 26_6_0 like Mac OS X) AppleWebKit/605.1.15 (KHTML, like Gecko) CriOS/151.0.7922.112 Mobile/15E148 Safari/604.1"
2001:b400:e249:a953:a152:3007:99f5:730d - - [17/Aug/2026:10:49:49 +0800] "GET /wp-includes/js/imagesloaded.min.js HTTP/1.1" 200 2683 "https://www.ltjh.ilc.edu.tw/?page_id=70" "Mozilla/5.0 (iPhone; CPU iPhone OS 26_6_0 like Mac OS X) AppleWebKit/605.1.15 (KHTML, like Gecko) CriOS/151.0.7922.112 Mobile/15E148 Safari/604.1"
2001:b400:e249:a953:a152:3007:99f5:730d - - [17/Aug/2026:10:49:49 +0800] "GET /wp-content/themes/toujours/js/jquery.flexslider.js HTTP/1.1" 200 12795 "https://www.ltjh.ilc.edu.tw/?page_id=70" "Mozilla/5.0 (iPhone; CPU iPhone OS 26_6_0 like Mac OS X) AppleWebKit/605.1.15 (KHTML, like Gecko) CriOS/151.0.7922.112 Mobile/15E148 Safari/604.1"
2001:b400:e249:a953:a152:3007:99f5:730d - - [17/Aug/2026:10:49:49 +0800] "GET /wp-content/themes/toujours/js/navigation.js HTTP/1.1" 200 1748 "https://www.ltjh.ilc.edu.tw/?page_id=70" "Mozilla/5.0 (iPhone; CPU iPhone OS 26_6_0 like Mac OS X) AppleWebKit/605.1.15 (KHTML, like Gecko) CriOS/151.0.7922.112 Mobile/15E148 Safari/604.1"
2001:b400:e249:a953:a152:3007:99f5:730d - - [17/Aug/2026:10:49:49 +0800] "GET /wp-content/themes/toujours/js/skip-link-focus-fix.js HTTP/1.1" 200 1344 "https://www.ltjh.ilc.edu.tw/?page_id=70" "Mozilla/5.0 (iPhone; CPU iPhone OS 26_6_0 like Mac OS X) AppleWebKit/605.1.15 (KHTML, like Gecko) CriOS/151.0.7922.112 Mobile/15E148 Safari/604.1"
2001:b400:e249:a953:a152:3007:99f5:730d - - [17/Aug/2026:10:49:49 +0800] "GET /wp-includes/js/masonry.min.js HTTP/1.1" 200 8306 "https://www.ltjh.ilc.edu.tw/?page_id=70" "Mozilla/5.0 (iPhone; CPU iPhone OS 26_6_0 like Mac OS X) AppleWebKit/605.1.15 (KHTML, like Gecko) CriOS/151.0.7922.112 Mobile/15E148 Safari/604.1"
2001:b400:e249:a953:a152:3007:99f5:730d - - [17/Aug/2026:10:49:49 +0800] "GET /wp-content/themes/toujours/js/global.js HTTP/1.1" 200 2171 "https://www.ltjh.ilc.edu.tw/?page_id=70" "Mozilla/5.0 (iPhone; CPU iPhone OS 26_6_0 like Mac OS X) AppleWebKit/605.1.15 (KHTML, like Gecko) CriOS/151.0.7922.112 Mobile/15E148 Safari/604.1"
2001:b400:e249:a953:a152:3007:99f5:730d - - [17/Aug/2026:10:49:49 +0800] "GET /wp-content/plugins/elementor/assets/js/webpack.runtime.min.js HTTP/1.1" 200 3095 "https://www.ltjh.ilc.edu.tw/?page_id=70" "Mozilla/5.0 (iPhone; CPU iPhone OS 26_6_0 like Mac OS X) AppleWebKit/605.1.15 (KHTML, like Gecko) CriOS/151.0.7922.112 Mobile/15E148 Safari/604.1"
2001:b400:e249:a953:a152:3007:99f5:730d - - [17/Aug/2026:10:49:49 +0800] "GET /wp-content/plugins/elementor-pro/assets/js/webpack-pro.runtime.min.js HTTP/1.1" 200 3562 "https://www.ltjh.ilc.edu.tw/?page_id=70" "Mozilla/5.0 (iPhone; CPU iPhone OS 26_6_0 like Mac OS X) AppleWebKit/605.1.15 (KHTML, like Gecko) CriOS/151.0.7922.112 Mobile/15E148 Safari/604.1"
2001:b400:e249:a953:a152:3007:99f5:730d - - [17/Aug/2026:10:49:49 +0800] "GET /wp-includes/js/dist/hooks.min.js HTTP/1.1" 200 2421 "https://www.ltjh.ilc.edu.tw/?page_id=70" "Mozilla/5.0 (iPhone; CPU iPhone OS 26_6_0 like Mac OS X) AppleWebKit/605.1.15 (KHTML, like Gecko) CriOS/151.0.7922.112 Mobile/15E148 Safari/604.1"
2001:b400:e249:a953:a152:3007:99f5:730d - - [17/Aug/2026:10:49:49 +0800] "GET /wp-content/plugins/elementor/assets/js/frontend-modules.min.js HTTP/1.1" 200 19416 "https://www.ltjh.ilc.edu.tw/?page_id=70" "Mozilla/5.0 (iPhone; CPU iPhone OS 26_6_0 like Mac OS X) AppleWebKit/605.1.15 (KHTML, like Gecko) CriOS/151.0.7922.112 Mobile/15E148 Safari/604.1"
2001:b400:e249:a953:a152:3007:99f5:730d - - [17/Aug/2026:10:49:49 +0800] "GET /wp-includes/js/dist/i18n.min.js HTTP/1.1" 200 4547 "https://www.ltjh.ilc.edu.tw/?page_id=70" "Mozilla/5.0 (iPhone; CPU iPhone OS 26_6_0 like Mac OS X) AppleWebKit/605.1.15 (KHTML, like Gecko) CriOS/151.0.7922.112 Mobile/15E148 Safari/604.1"
2001:b400:e249:a953:a152:3007:99f5:730d - - [17/Aug/2026:10:49:49 +0800] "GET /wp-content/plugins/elementor/assets/lib/waypoints/waypoints.min.js HTTP/1.1" 200 3873 "https://www.ltjh.ilc.edu.tw/?page_id=70" "Mozilla/5.0 (iPhone; CPU iPhone OS 26_6_0 like Mac OS X) AppleWebKit/605.1.15 (KHTML, like Gecko) CriOS/151.0.7922.112 Mobile/15E148 Safari/604.1"
2001:b400:e249:a953:a152:3007:99f5:730d - - [17/Aug/2026:10:49:49 +0800] "GET /wp-includes/js/jquery/ui/core.min.js HTTP/1.1" 200 7986 "https://www.ltjh.ilc.edu.tw/?page_id=70" "Mozilla/5.0 (iPhone; CPU iPhone OS 26_6_0 like Mac OS X) AppleWebKit/605.1.15 (KHTML, like Gecko) CriOS/151.0.7922.112 Mobile/15E148 Safari/604.1"
2001:b400:e249:a953:a152:3007:99f5:730d - - [17/Aug/2026:10:49:49 +0800] "GET /wp-content/plugins/elementor-pro/assets/js/frontend.min.js HTTP/1.1" 200 7574 "https://www.ltjh.ilc.edu.tw/?page_id=70" "Mozilla/5.0 (iPhone; CPU iPhone OS 26_6_0 like Mac OS X) AppleWebKit/605.1.15 (KHTML, like Gecko) CriOS/151.0.7922.112 Mobile/15E148 Safari/604.1"
2001:b400:e249:a953:a152:3007:99f5:730d - - [17/Aug/2026:10:49:49 +0800] "GET /wp-content/plugins/elementor-pro/assets/js/elements-handlers.min.js HTTP/1.1" 200 10882 "https://www.ltjh.ilc.edu.tw/?page_id=70" "Mozilla/5.0 (iPhone; CPU iPhone OS 26_6_0 like Mac OS X) AppleWebKit/605.1.15 (KHTML, like Gecko) CriOS/151.0.7922.112 Mobile/15E148 Safari/604.1"
2001:b400:e249:a953:a152:3007:99f5:730d - - [17/Aug/2026:10:49:49 +0800] "GET /wp-content/plugins/elementor/assets/js/frontend.min.js HTTP/1.1" 200 13169 "https://www.ltjh.ilc.edu.tw/?page_id=70" "Mozilla/5.0 (iPhone; CPU iPhone OS 26_6_0 like Mac OS X) AppleWebKit/605.1.15 (KHTML, like Gecko) CriOS/151.0.7922.112 Mobile/15E148 Safari/604.1"
2001:b400:e249:a953:a152:3007:99f5:730d - - [17/Aug/2026:10:49:49 +0800] "GET /wp-content/themes/toujours/genericons/Genericons.svg HTTP/1.1" 200 78010 "https://www.ltjh.ilc.edu.tw/?page_id=70" "Mozilla/5.0 (iPhone; CPU iPhone OS 26_6_0 like Mac OS X) AppleWebKit/605.1.15 (KHTML, like Gecko) CriOS/151.0.7922.112 Mobile/15E148 Safari/604.1"
2001:b400:e249:a953:a152:3007:99f5:730d - - [17/Aug/2026:10:49:49 +0800] "GET /wp-content/themes/toujours/images/toujoursbackground20160105.png HTTP/1.1" 200 1387 "https://www.ltjh.ilc.edu.tw/?page_id=70" "Mozilla/5.0 (iPhone; CPU iPhone OS 26_6_0 like Mac OS X) AppleWebKit/605.1.15 (KHTML, like Gecko) CriOS/151.0.7922.112 Mobile/15E148 Safari/604.1"
2001:b400:e249:a953:a152:3007:99f5:730d - - [17/Aug/2026:10:49:50 +0800] "GET /wp-content/plugins/elementor/assets/js/text-editor.2c35aafbe5bf0e127950.bundle.min.js HTTP/1.1" 200 1545 "https://www.ltjh.ilc.edu.tw/?page_id=70" "Mozilla/5.0 (iPhone; CPU iPhone OS 26_6_0 like Mac OS X) AppleWebKit/605.1.15 (KHTML, like Gecko) CriOS/151.0.7922.112 Mobile/15E148 Safari/604.1"
2001:b400:e249:a953:a152:3007:99f5:730d - - [17/Aug/2026:10:49:50 +0800] "GET /ltjh/wp-content/uploads/sites/411/2019/08/ltjh_fans.jpg HTTP/1.1" 200 13344 "https://www.ltjh.ilc.edu.tw/?page_id=70" "Mozilla/5.0 (iPhone; CPU iPhone OS 26_6_0 like Mac OS X) AppleWebKit/605.1.15 (KHTML, like Gecko) CriOS/151.0.7922.112 Mobile/15E148 Safari/604.1"
2001:b400:e249:a953:a152:3007:99f5:730d - - [17/Aug/2026:10:49:50 +0800] "GET /wp-content/uploads/sites/411/2025/11/376420000A_1140189696_ATTACH1.png HTTP/1.1" 200 18436 "https://www.ltjh.ilc.edu.tw/?page_id=70" "Mozilla/5.0 (iPhone; CPU iPhone OS 26_6_0 like Mac OS X) AppleWebKit/605.1.15 (KHTML, like Gecko) CriOS/151.0.7922.112 Mobile/15E148 Safari/604.1"
2001:b400:e249:a953:a152:3007:99f5:730d - - [17/Aug/2026:10:49:49 +0800] "GET /wp-content/uploads/sites/411/2025/06/%E9%98%B2%E6%B2%BB%E6%80%A7%E9%A8%B7.png HTTP/1.1" 200 196010 "https://www.ltjh.ilc.edu.tw/?page_id=70" "Mozilla/5.0 (iPhone; CPU iPhone OS 26_6_0 like Mac OS X) AppleWebKit/605.1.15 (KHTML, like Gecko) CriOS/151.0.7922.112 Mobile/15E148 Safari/604.1"
140.111.191.135 - - [17/Aug/2026:10:49:50 +0800] "GET /wp-content/uploads/sites/1730/2023/08/%E4%B8%BB%E8%A7%92-1536x1086.jpg HTTP/1.1" 200 224202 "https://www.iedu.ilc.edu.tw/%E5%AE%9C%E8%98%AD%E7%B8%A3%E5%8E%9F%E4%BD%8F%E6%B0%91%E6%97%8F%E8%AA%9E%E6%96%87%E5%8C%96%E7%B9%AA%E6%9C%AC/" "Mozilla/5.0 (Windows NT 10.0; Win64; x64) AppleWebKit/537.36 (KHTML, like Gecko) Chrome/151.0.0.0 Safari/537.36"
140.111.191.135 - - [17/Aug/2026:10:49:50 +0800] "GET /wp-content/uploads/sites/1730/2023/08/13-1024x725.jpg HTTP/1.1" 200 118110 "https://www.iedu.ilc.edu.tw/%E5%AE%9C%E8%98%AD%E7%B8%A3%E5%8E%9F%E4%BD%8F%E6%B0%91%E6%97%8F%E8%AA%9E%E6%96%87%E5%8C%96%E7%B9%AA%E6%9C%AC/" "Mozilla/5.0 (Windows NT 10.0; Win64; x64) AppleWebKit/537.36 (KHTML, like Gecko) Chrome/151.0.0.0 Safari/537.36"
2001:b400:e249:a953:a152:3007:99f5:730d - - [17/Aug/2026:10:49:50 +0800] "GET /wp-content/uploads/sites/411/2019/08/cropped-ltjhicon-180x180.jpg HTTP/1.1" 200 18365 "-" "Mozilla/5.0 (iPhone; CPU iPhone OS 26_6_0 like Mac OS X) AppleWebKit/605.1.15 (KHTML, like Gecko) CriOS/151.0.7922.112 Mobile/15E148 Safari/604.1"
2001:b400:e249:a953:a152:3007:99f5:730d - - [17/Aug/2026:10:49:50 +0800] "GET /wp-content/uploads/sites/411/2019/08/cropped-ltjhicon-192x192.jpg HTTP/1.1" 200 19141 "-" "Mozilla/5.0 (iPhone; CPU iPhone OS 26_6_0 like Mac OS X) AppleWebKit/605.1.15 (KHTML, like Gecko) CriOS/151.0.7922.112 Mobile/15E148 Safari/604.1"
140.111.67.10 - - [17/Aug/2026:10:49:50 +0800] "GET /" 301 273 "-" "-"
140.111.67.195 - - [17/Aug/2026:10:49:49 +0800] "GET /wp-admin/admin-post.php?action=steps_ad HTTP/1.1" 200 1649 "-" "node-fetch/1.0 (+https://github.com/bitinn/node-fetch)"
140.111.67.195 - - [17/Aug/2026:10:49:50 +0800] "GET /wp-admin/admin-post.php?action=steps_ad HTTP/1.1" 200 1649 "-" "node-fetch/1.0 (+https://github.com/bitinn/node-fetch)"
2001:288:a201::66:125 - - [17/Aug/2026:10:49:50 +0800] "GET /blog/active.php HTTP/1.1" 301 1026 "-" "-"
2001:288:a201::66:125 - - [17/Aug/2026:10:49:50 +0800] "GET /blog/active.php HTTP/1.1" 404 1084 "-" "-"
2407:4b00:2c07:238b:e1b0:74c2:fa9c:9997 - - [17/Aug/2026:10:49:50 +0800] "-" 408 339 "-" "-"
::1 - - [17/Aug/2026:10:49:51 +0800] "OPTIONS * HTTP/1.0" 200 110 "-" "Apache/2.4.68 (Ubuntu) OpenSSL/3.0.19 (internal dummy connection)"
140.111.191.135 - - [17/Aug/2026:10:49:51 +0800] "GET /wp-content/uploads/sites/1730/2023/08/14-1024x725.jpg HTTP/1.1" 200 96187 "https://www.iedu.ilc.edu.tw/%E5%AE%9C%E8%98%AD%E7%B8%A3%E5%8E%9F%E4%BD%8F%E6%B0%91%E6%97%8F%E8%AA%9E%E6%96%87%E5%8C%96%E7%B9%AA%E6%9C%AC/" "Mozilla/5.0 (Windows NT 10.0; Win64; x64) AppleWebKit/537.36 (KHTML, like Gecko) Chrome/151.0.0.0 Safari/537.36"
140.111.191.135 - - [17/Aug/2026:10:49:51 +0800] "GET /wp-content/uploads/sites/1730/2023/08/%E9%A3%9B%E9%AD%9A-1536x1536.png HTTP/1.1" 200 649086 "https://www.iedu.ilc.edu.tw/%E5%AE%9C%E8%98%AD%E7%B8%A3%E5%8E%9F%E4%BD%8F%E6%B0%91%E6%97%8F%E8%AA%9E%E6%96%87%E5%8C%96%E7%B9%AA%E6%9C%AC/" "Mozilla/5.0 (Windows NT 10.0; Win64; x64) AppleWebKit/537.36 (KHTML, like Gecko) Chrome/151.0.0.0 Safari/537.36"
66.249.79.238 - - [17/Aug/2026:10:49:51 +0800] "GET /category/c-11176/c-75097/ HTTP/1.1" 200 17271 "-" "Mozilla/5.0 (Linux; Android 6.0.1; Nexus 5X Build/MMB29P) AppleWebKit/537.36 (KHTML, like Gecko) Chrome/150.0.7871.186 Mobile Safari/537.36 (compatible; Googlebot/2.1; +http://www.google.com/bot.html)"
140.111.191.135 - - [17/Aug/2026:10:49:51 +0800] "GET /wp-content/uploads/sites/1730/2023/08/15-1024x725.jpg HTTP/1.1" 200 105578 "https://www.iedu.ilc.edu.tw/%E5%AE%9C%E8%98%AD%E7%B8%A3%E5%8E%9F%E4%BD%8F%E6%B0%91%E6%97%8F%E8%AA%9E%E6%96%87%E5%8C%96%E7%B9%AA%E6%9C%AC/" "Mozilla/5.0 (Windows NT 10.0; Win64; x64) AppleWebKit/537.36 (KHTML, like Gecko) Chrome/151.0.0.0 Safari/537.36"
140.111.191.135 - - [17/Aug/2026:10:49:51 +0800] "GET /wp-content/uploads/sites/1730/2023/08/%E7%9F%B3%E9%A0%AD1120606%E6%96%B0%E5%A2%9E.png HTTP/1.1" 200 903101 "https://www.iedu.ilc.edu.tw/%E5%AE%9C%E8%98%AD%E7%B8%A3%E5%8E%9F%E4%BD%8F%E6%B0%91%E6%97%8F%E8%AA%9E%E6%96%87%E5%8C%96%E7%B9%AA%E6%9C%AC/" "Mozilla/5.0 (Windows NT 10.0; Win64; x64) AppleWebKit/537.36 (KHTML, like Gecko) Chrome/151.0.0.0 Safari/537.36"
::1 - - [17/Aug/2026:10:49:52 +0800] "OPTIONS * HTTP/1.0" 200 110 "-" "Apache/2.4.68 (Ubuntu) OpenSSL/3.0.19 (internal dummy connection)"
140.122.99.62 - - [17/Aug/2026:10:49:52 +0800] "GET /wp-content/uploads/sites/69/2025/10/%E8%AA%9E%E6%96%87%E7%AB%B6%E8%B3%BD%E7%BE%BD%E7%90%83%E5%9C%8D%E6%A3%8B-1.jpg HTTP/1.1" 200 138006 "https://www.eces.ilc.edu.tw/wp-content/uploads/sites/69/elementor/css/post-365.css" "Mozilla/5.0 (Windows NT 10.0; Win64; x64) AppleWebKit/537.36 (KHTML, like Gecko) Chrome/151.0.0.0 Safari/537.36"
140.122.99.62 - - [17/Aug/2026:10:49:52 +0800] "GET /wp-content/uploads/sites/69/2025/09/%E8%9E%A2%E5%B9%95%E6%93%B7%E5%8F%96%E7%95%AB%E9%9D%A2-2025-09-10-110335.jpg HTTP/1.1" 200 392722 "https://www.eces.ilc.edu.tw/wp-content/uploads/sites/69/elementor/css/post-365.css" "Mozilla/5.0 (Windows NT 10.0; Win64; x64) AppleWebKit/537.36 (KHTML, like Gecko) Chrome/151.0.0.0 Safari/537.36"
140.122.99.62 - - [17/Aug/2026:10:49:52 +0800] "GET /wp-content/uploads/sites/69/2025/09/1.jpg HTTP/1.1" 200 196308 "https://www.eces.ilc.edu.tw/wp-content/uploads/sites/69/elementor/css/post-365.css" "Mozilla/5.0 (Windows NT 10.0; Win64; x64) AppleWebKit/537.36 (KHTML, like Gecko) Chrome/151.0.0.0 Safari/537.36"
140.122.99.62 - - [17/Aug/2026:10:49:52 +0800] "GET /wp-content/plugins/elementor/assets/lib/font-awesome/webfonts/fa-solid-900.woff2 HTTP/1.1" 200 79223 "https://www.eces.ilc.edu.tw/wp-content/cache/www.eces.ilc.edu.tw/wpfc-minified/8m1acp3s/6vxt.css" "Mozilla/5.0 (Windows NT 10.0; Win64; x64) AppleWebKit/537.36 (KHTML, like Gecko) Chrome/151.0.0.0 Safari/537.36"
140.122.99.62 - - [17/Aug/2026:10:49:52 +0800] "GET /wp-content/plugins/elementor/assets/lib/eicons/fonts/eicons.woff2?5.30.0 HTTP/1.1" 200 98225 "https://www.eces.ilc.edu.tw/wp-content/cache/www.eces.ilc.edu.tw/wpfc-minified/g1264ben/6vxt.css" "Mozilla/5.0 (Windows NT 10.0; Win64; x64) AppleWebKit/537.36 (KHTML, like Gecko) Chrome/151.0.0.0 Safari/537.36"
140.122.99.62 - - [17/Aug/2026:10:49:52 +0800] "GET /wp-content/uploads/sites/69/2025/09/%E8%AA%9E%E6%96%87%E7%AB%B6%E8%B3%BD%E7%BE%BD%E7%90%83%E5%9C%8D%E6%A3%8B.jpg HTTP/1.1" 200 165018 "https://www.eces.ilc.edu.tw/wp-content/uploads/sites/69/elementor/css/post-365.css" "Mozilla/5.0 (Windows NT 10.0; Win64; x64) AppleWebKit/537.36 (KHTML, like Gecko) Chrome/151.0.0.0 Safari/537.36"
140.122.99.62 - - [17/Aug/2026:10:49:52 +0800] "GET /wp-content/uploads/sites/69/2025/09/3.jpg HTTP/1.1" 200 150116 "https://www.eces.ilc.edu.tw/wp-content/uploads/sites/69/elementor/css/post-365.css" "Mozilla/5.0 (Windows NT 10.0; Win64; x64) AppleWebKit/537.36 (KHTML, like Gecko) Chrome/151.0.0.0 Safari/537.36"
140.122.99.62 - - [17/Aug/2026:10:49:52 +0800] "GET /wp-content/uploads/sites/69/2025/07/1140710%E6%9F%94%E9%81%93.png HTTP/1.1" 200 677636 "https://www.eces.ilc.edu.tw/wp-content/uploads/sites/69/elementor/css/post-365.css" "Mozilla/5.0 (Windows NT 10.0; Win64; x64) AppleWebKit/537.36 (KHTML, like Gecko) Chrome/151.0.0.0 Safari/537.36"
140.122.99.62 - - [17/Aug/2026:10:49:52 +0800] "GET /wp-content/uploads/sites/69/2025/04/%E7%AC%AC%E4%BA%8C%E5%8D%81%E5%B1%86%E8%98%AD%E9%99%BD%E5%85%92%E7%AB%A5%E6%96%87%E5%AD%B8%E7%8D%8E%E4%B8%AD%E5%B9%B4%E7%B4%9A%E6%96%87%E9%AB%94%E9%A1%9E%E5%BE%97%E7%8D%8E.jpg HTTP/1.1" 200 68937 "https://www.eces.ilc.edu.tw/wp-content/uploads/sites/69/elementor/css/post-365.css" "Mozilla/5.0 (Windows NT 10.0; Win64; x64) AppleWebKit/537.36 (KHTML, like Gecko) Chrome/151.0.0.0 Safari/537.36"
140.122.99.62 - - [17/Aug/2026:10:49:52 +0800] "GET /wp-content/uploads/sites/69/2025/04/1140411.jpg HTTP/1.1" 200 159562 "https://www.eces.ilc.edu.tw/wp-content/uploads/sites/69/elementor/css/post-365.css" "Mozilla/5.0 (Windows NT 10.0; Win64; x64) AppleWebKit/537.36 (KHTML, like Gecko) Chrome/151.0.0.0 Safari/537.36"
140.122.99.62 - - [17/Aug/2026:10:49:52 +0800] "GET /wp-content/plugins/elementor-pro/assets/js/slides.fb6b9afd278bb9c5e75b.bundle.min.js HTTP/1.1" 200 2348 "https://www.eces.ilc.edu.tw/" "Mozilla/5.0 (Windows NT 10.0; Win64; x64) AppleWebKit/537.36 (KHTML, like Gecko) Chrome/151.0.0.0 Safari/537.36"
140.122.99.62 - - [17/Aug/2026:10:49:52 +0800] "GET /wp-content/plugins/elementor/assets/js/video.d11c91c1b2b642a34601.bundle.min.js HTTP/1.1" 200 2161 "https://www.eces.ilc.edu.tw/" "Mozilla/5.0 (Windows NT 10.0; Win64; x64) AppleWebKit/537.36 (KHTML, like Gecko) Chrome/151.0.0.0 Safari/537.36"
140.122.99.62 - - [17/Aug/2026:10:49:52 +0800] "GET /wp-content/plugins/elementor/assets/lib/swiper/v8/swiper.min.js?ver=8.4.5 HTTP/1.1" 200 40708 "https://www.eces.ilc.edu.tw/" "Mozilla/5.0 (Windows NT 10.0; Win64; x64) AppleWebKit/537.36 (KHTML, like Gecko) Chrome/151.0.0.0 Safari/537.36"
140.122.99.62 - - [17/Aug/2026:10:49:52 +0800] "GET /wp-content/uploads/sites/69/2026/04/%E7%A4%81%E6%BA%AA%E6%89%B6%E8%BC%AA%E7%A4%BE%E8%99%9F%E5%8F%AC%E6%8D%9011-5%E8%90%AC-%E5%85%85%E5%AF%A6%E4%BA%8C%E5%9F%8E%E5%9C%8B%E5%B0%8F%E6%95%99%E5%AD%B8%E7%92%B0%E5%A2%83.mp4 HTTP/1.1" 200 3043346 "https://www.eces.ilc.edu.tw/" "Mozilla/5.0 (Windows NT 10.0; Win64; x64) AppleWebKit/537.36 (KHTML, like Gecko) Chrome/151.0.0.0 Safari/537.36"
::1 - - [17/Aug/2026:10:49:53 +0800] "OPTIONS * HTTP/1.0" 200 110 "-" "Apache/2.4.68 (Ubuntu) OpenSSL/3.0.19 (internal dummy connection)"
2001:288:a20f:2:897b:bd1f:4107:ff56 - - [17/Aug/2026:10:49:53 +0800] "GET / HTTP/1.1" 200 32482 "-" "Mozilla/5.0 (Windows NT 10.0; Win64; x64) AppleWebKit/537.36 (KHTML, like Gecko) Chrome/151.0.0.0 Safari/537.36"
140.111.191.135 - - [17/Aug/2026:10:49:53 +0800] "GET /wp-content/uploads/sites/1730/2023/08/16-1024x725.jpg HTTP/1.1" 200 108832 "https://www.iedu.ilc.edu.tw/%E5%AE%9C%E8%98%AD%E7%B8%A3%E5%8E%9F%E4%BD%8F%E6%B0%91%E6%97%8F%E8%AA%9E%E6%96%87%E5%8C%96%E7%B9%AA%E6%9C%AC/" "Mozilla/5.0 (Windows NT 10.0; Win64; x64) AppleWebKit/537.36 (KHTML, like Gecko) Chrome/151.0.0.0 Safari/537.36"
140.111.191.135 - - [17/Aug/2026:10:49:53 +0800] "GET /wp-content/uploads/sites/1730/2023/08/%E7%94%B72.png HTTP/1.1" 200 1978622 "https://www.iedu.ilc.edu.tw/%E5%AE%9C%E8%98%AD%E7%B8%A3%E5%8E%9F%E4%BD%8F%E6%B0%91%E6%97%8F%E8%AA%9E%E6%96%87%E5%8C%96%E7%B9%AA%E6%9C%AC/" "Mozilla/5.0 (Windows NT 10.0; Win64; x64) AppleWebKit/537.36 (KHTML, like Gecko) Chrome/151.0.0.0 Safari/537.36"
2001:288:a20f:2:897b:bd1f:4107:ff56 - - [17/Aug/2026:10:49:53 +0800] "GET /wp-content/cache/www.chjh.ilc.edu.tw/wpfc-minified/78jy2wn7/6vy4.css HTTP/1.1" 200 5956 "https://www.chjh.ilc.edu.tw/" "Mozilla/5.0 (Windows NT 10.0; Win64; x64) AppleWebKit/537.36 (KHTML, like Gecko) Chrome/151.0.0.0 Safari/537.36"
2001:288:a20f:2:897b:bd1f:4107:ff56 - - [17/Aug/2026:10:49:53 +0800] "GET /wp-content/cache/www.chjh.ilc.edu.tw/wpfc-minified/ee8a0dvs/6vy4.css HTTP/1.1" 200 40884 "https://www.chjh.ilc.edu.tw/" "Mozilla/5.0 (Windows NT 10.0; Win64; x64) AppleWebKit/537.36 (KHTML, like Gecko) Chrome/151.0.0.0 Safari/537.36"
66.249.79.160 - - [17/Aug/2026:10:49:53 +0800] "GET /?p=551 HTTP/1.1" 200 21573 "-" "Mozilla/5.0 (Linux; Android 6.0.1; Nexus 5X Build/MMB29P) AppleWebKit/537.36 (KHTML, like Gecko) Chrome/150.0.7871.186 Mobile Safari/537.36 (compatible; Googlebot/2.1; +http://www.google.com/bot.html)"
2001:288:a20f:2:897b:bd1f:4107:ff56 - - [17/Aug/2026:10:49:53 +0800] "GET /wp-content/uploads/sites/1482/elementor/css/post-309.css HTTP/1.1" 200 6091 "https://www.chjh.ilc.edu.tw/" "Mozilla/5.0 (Windows NT 10.0; Win64; x64) AppleWebKit/537.36 (KHTML, like Gecko) Chrome/151.0.0.0 Safari/537.36"
2001:288:a20f:2:897b:bd1f:4107:ff56 - - [17/Aug/2026:10:49:53 +0800] "GET /wp-content/cache/www.chjh.ilc.edu.tw/wpfc-minified/4uxh7t9/6vy4.css HTTP/1.1" 200 6510 "https://www.chjh.ilc.edu.tw/" "Mozilla/5.0 (Windows NT 10.0; Win64; x64) AppleWebKit/537.36 (KHTML, like Gecko) Chrome/151.0.0.0 Safari/537.36"
2001:288:a20f:2:897b:bd1f:4107:ff56 - - [17/Aug/2026:10:49:53 +0800] "GET /wp-content/cache/www.chjh.ilc.edu.tw/wpfc-minified/9iyqo13s/6vy4.css HTTP/1.1" 200 18539 "https://www.chjh.ilc.edu.tw/" "Mozilla/5.0 (Windows NT 10.0; Win64; x64) AppleWebKit/537.36 (KHTML, like Gecko) Chrome/151.0.0.0 Safari/537.36"
2001:288:a20f:2:897b:bd1f:4107:ff56 - - [17/Aug/2026:10:49:53 +0800] "GET /wp-content/cache/www.chjh.ilc.edu.tw/wpfc-minified/e1voqedy/6vy4.css HTTP/1.1" 200 45293 "https://www.chjh.ilc.edu.tw/" "Mozilla/5.0 (Windows NT 10.0; Win64; x64) AppleWebKit/537.36 (KHTML, like Gecko) Chrome/151.0.0.0 Safari/537.36"
2001:288:a20f:2:897b:bd1f:4107:ff56 - - [17/Aug/2026:10:49:53 +0800] "GET /wp-content/uploads/sites/1482/elementor/css/post-2.css HTTP/1.1" 200 5949 "https://www.chjh.ilc.edu.tw/" "Mozilla/5.0 (Windows NT 10.0; Win64; x64) AppleWebKit/537.36 (KHTML, like Gecko) Chrome/151.0.0.0 Safari/537.36"
2001:288:a20f:2:897b:bd1f:4107:ff56 - - [17/Aug/2026:10:49:53 +0800] "GET /wp-content/cache/www.chjh.ilc.edu.tw/wpfc-minified/mc2crcdt/6vy4.js HTTP/1.1" 200 40358 "https://www.chjh.ilc.edu.tw/" "Mozilla/5.0 (Windows NT 10.0; Win64; x64) AppleWebKit/537.36 (KHTML, like Gecko) Chrome/151.0.0.0 Safari/537.36"
2001:288:a20f:2:897b:bd1f:4107:ff56 - - [17/Aug/2026:10:49:53 +0800] "GET /wp-content/uploads/sites/1482/2026/06/115%E6%9C%83%E8%80%83.jpg HTTP/1.1" 200 103282 "https://www.chjh.ilc.edu.tw/" "Mozilla/5.0 (Windows NT 10.0; Win64; x64) AppleWebKit/537.36 (KHTML, like Gecko) Chrome/151.0.0.0 Safari/537.36"
2001:288:a20f:2:897b:bd1f:4107:ff56 - - [17/Aug/2026:10:49:53 +0800] "GET /wp-content/uploads/sites/1482/2024/12/White-Minimalist-Library-Open-Hours-Instagram-Story-576x1024.png HTTP/1.1" 200 493801 "https://www.chjh.ilc.edu.tw/" "Mozilla/5.0 (Windows NT 10.0; Win64; x64) AppleWebKit/537.36 (KHTML, like Gecko) Chrome/151.0.0.0 Safari/537.36"
2001:288:a20f:2:897b:bd1f:4107:ff56 - - [17/Aug/2026:10:49:53 +0800] "GET /wp-includes/js/hoverintent-js.min.js HTTP/1.1" 200 1597 "https://www.chjh.ilc.edu.tw/" "Mozilla/5.0 (Windows NT 10.0; Win64; x64) AppleWebKit/537.36 (KHTML, like Gecko) Chrome/151.0.0.0 Safari/537.36"
2001:288:a20f:2:897b:bd1f:4107:ff56 - - [17/Aug/2026:10:49:53 +0800] "GET /wp-includes/js/admin-bar.min.js HTTP/1.1" 200 2237 "https://www.chjh.ilc.edu.tw/" "Mozilla/5.0 (Windows NT 10.0; Win64; x64) AppleWebKit/537.36 (KHTML, like Gecko) Chrome/151.0.0.0 Safari/537.36"
2001:288:a20f:2:897b:bd1f:4107:ff56 - - [17/Aug/2026:10:49:53 +0800] "GET /wp-content/uploads/sites/1482/2026/05/114%E5%AD%B8%E5%B9%B4%E5%BA%A6%E8%81%AF%E8%B3%BD%E6%88%90%E7%B8%BE.jpg HTTP/1.1" 200 123683 "https://www.chjh.ilc.edu.tw/" "Mozilla/5.0 (Windows NT 10.0; Win64; x64) AppleWebKit/537.36 (KHTML, like Gecko) Chrome/151.0.0.0 Safari/537.36"
2001:288:a20f:2:897b:bd1f:4107:ff56 - - [17/Aug/2026:10:49:53 +0800] "GET /wp-includes/js/underscore.min.js HTTP/1.1" 200 8191 "https://www.chjh.ilc.edu.tw/" "Mozilla/5.0 (Windows NT 10.0; Win64; x64) AppleWebKit/537.36 (KHTML, like Gecko) Chrome/151.0.0.0 Safari/537.36"
2001:288:a20f:2:897b:bd1f:4107:ff56 - - [17/Aug/2026:10:49:53 +0800] "GET /wp-content/uploads/sites/1482/2023/07/%E8%B3%87%E5%AE%89%E7%A0%94%E7%BF%92.png HTTP/1.1" 200 7369 "https://www.chjh.ilc.edu.tw/" "Mozilla/5.0 (Windows NT 10.0; Win64; x64) AppleWebKit/537.36 (KHTML, like Gecko) Chrome/151.0.0.0 Safari/537.36"
2001:288:a20f:2:897b:bd1f:4107:ff56 - - [17/Aug/2026:10:49:53 +0800] "GET /wp-content/plugins/elementor/assets/js/webpack.runtime.min.js HTTP/1.1" 200 3095 "https://www.chjh.ilc.edu.tw/" "Mozilla/5.0 (Windows NT 10.0; Win64; x64) AppleWebKit/537.36 (KHTML, like Gecko) Chrome/151.0.0.0 Safari/537.36"
2001:288:a20f:2:897b:bd1f:4107:ff56 - - [17/Aug/2026:10:49:53 +0800] "GET /wp-content/plugins/elementor/assets/js/frontend-modules.min.js HTTP/1.1" 200 19416 "https://www.chjh.ilc.edu.tw/" "Mozilla/5.0 (Windows NT 10.0; Win64; x64) AppleWebKit/537.36 (KHTML, like Gecko) Chrome/151.0.0.0 Safari/537.36"
2001:288:a20f:2:897b:bd1f:4107:ff56 - - [17/Aug/2026:10:49:53 +0800] "GET /wp-content/themes/huemanilc/assets/front/js/scripts.min.js HTTP/1.1" 200 27001 "https://www.chjh.ilc.edu.tw/" "Mozilla/5.0 (Windows NT 10.0; Win64; x64) AppleWebKit/537.36 (KHTML, like Gecko) Chrome/151.0.0.0 Safari/537.36"
2001:288:a20f:2:897b:bd1f:4107:ff56 - - [17/Aug/2026:10:49:53 +0800] "GET /wp-content/themes/huemanilc/assets/front/webfonts/fa-solid-900.woff2?v=5.5.0 HTTP/1.1" 200 74879 "https://www.chjh.ilc.edu.tw/wp-content/cache/www.chjh.ilc.edu.tw/wpfc-minified/e1voqedy/6vy4.css" "Mozilla/5.0 (Windows NT 10.0; Win64; x64) AppleWebKit/537.36 (KHTML, like Gecko) Chrome/151.0.0.0 Safari/537.36"
2001:288:a20f:2:897b:bd1f:4107:ff56 - - [17/Aug/2026:10:49:53 +0800] "GET /wp-content/plugins/elementor/assets/lib/waypoints/waypoints.min.js HTTP/1.1" 200 3873 "https://www.chjh.ilc.edu.tw/" "Mozilla/5.0 (Windows NT 10.0; Win64; x64) AppleWebKit/537.36 (KHTML, like Gecko) Chrome/151.0.0.0 Safari/537.36"
52.167.144.158 - - [17/Aug/2026:10:49:53 +0800] "GET /1/?s=plickers HTTP/1.1" 200 18935 "-" "Mozilla/5.0 AppleWebKit/537.36 (KHTML, like Gecko; compatible; bingbot/2.0; +http://www.bing.com/bingbot.htm) Chrome/116.0.1938.76 Safari/537.36"
2001:288:a20f:2:897b:bd1f:4107:ff56 - - [17/Aug/2026:10:49:53 +0800] "GET /wp-includes/js/jquery/ui/core.min.js HTTP/1.1" 200 7986 "https://www.chjh.ilc.edu.tw/" "Mozilla/5.0 (Windows NT 10.0; Win64; x64) AppleWebKit/537.36 (KHTML, like Gecko) Chrome/151.0.0.0 Safari/537.36"
140.111.67.195 - - [17/Aug/2026:10:49:53 +0800] "GET /wp-admin/admin-post.php?action=steps_ad HTTP/1.1" 200 1649 "-" "node-fetch/1.0 (+https://github.com/bitinn/node-fetch)"
2001:288:a20f:2:897b:bd1f:4107:ff56 - - [17/Aug/2026:10:49:53 +0800] "GET /wp-content/plugins/elementor/assets/js/frontend.min.js HTTP/1.1" 200 13169 "https://www.chjh.ilc.edu.tw/" "Mozilla/5.0 (Windows NT 10.0; Win64; x64) AppleWebKit/537.36 (KHTML, like Gecko) Chrome/151.0.0.0 Safari/537.36"
2001:288:a20f:2:897b:bd1f:4107:ff56 - - [17/Aug/2026:10:49:53 +0800] "GET /wp-content/uploads/sites/1482/2026/05/115%E5%85%A8%E4%B8%AD%E9%81%8B%E6%88%90%E7%B8%BE.jpg HTTP/1.1" 200 125380 "https://www.chjh.ilc.edu.tw/" "Mozilla/5.0 (Windows NT 10.0; Win64; x64) AppleWebKit/537.36 (KHTML, like Gecko) Chrome/151.0.0.0 Safari/537.36"
2001:288:a20f:2:897b:bd1f:4107:ff56 - - [17/Aug/2026:10:49:53 +0800] "GET /wp-content/plugins/elementor/assets/lib/eicons/fonts/eicons.woff2?5.30.0 HTTP/1.1" 200 98225 "https://www.chjh.ilc.edu.tw/wp-content/cache/www.chjh.ilc.edu.tw/wpfc-minified/e1voqedy/6vy4.css" "Mozilla/5.0 (Windows NT 10.0; Win64; x64) AppleWebKit/537.36 (KHTML, like Gecko) Chrome/151.0.0.0 Safari/537.36"
2001:288:a20f:2:897b:bd1f:4107:ff56 - - [17/Aug/2026:10:49:53 +0800] "GET /wp-content/uploads/sites/1482/2022/07/%E6%96%B0%E7%94%9F%E6%AD%A3%E5%BC%8F%E7%B7%A8%E7%8F%AD%E5%90%8D%E5%96%AE.jpg HTTP/1.1" 200 25321 "https://www.chjh.ilc.edu.tw/" "Mozilla/5.0 (Windows NT 10.0; Win64; x64) AppleWebKit/537.36 (KHTML, like Gecko) Chrome/151.0.0.0 Safari/537.36"
2001:288:a22b:1:196b:63c3:875a:9a87 - - [17/Aug/2026:10:49:53 +0800] "GET /wp-content/uploads/sites/3846/2026/08/%E8%BE%B2%E6%A5%AD%E9%83%A8%E5%BB%A3%E5%91%8A.jpg HTTP/1.1" 200 240914 "https://it.ilc.edu.tw/" "Mozilla/5.0 (Macintosh; Intel Mac OS X 10_15_7) AppleWebKit/605.1.15 (KHTML, like Gecko) Version/26.5.2 Safari/605.1.15"
2001:288:a22b:1:196b:63c3:875a:9a87 - - [17/Aug/2026:10:49:53 +0800] "GET /wp-content/uploads/sites/3846/2026/02/%E9%81%BF%E5%85%8D%E8%AA%A4%E5%85%A5%E8%A9%90%E9%A8%99%E7%B6%B2%E7%AB%99APP%E5%B0%8F%E5%B8%B8%E8%AD%98.jpg HTTP/1.1" 304 5581 "https://it.ilc.edu.tw/" "Mozilla/5.0 (Macintosh; Intel Mac OS X 10_15_7) AppleWebKit/605.1.15 (KHTML, like Gecko) Version/26.5.2 Safari/605.1.15"
2001:288:a22b:1:196b:63c3:875a:9a87 - - [17/Aug/2026:10:49:53 +0800] "GET /wp-content/uploads/sites/3846/2026/06/%E5%AE%A3%E5%82%B3%E5%9C%96%E7%89%87.png HTTP/1.1" 304 5581 "https://it.ilc.edu.tw/" "Mozilla/5.0 (Macintosh; Intel Mac OS X 10_15_7) AppleWebKit/605.1.15 (KHTML, like Gecko) Version/26.5.2 Safari/605.1.15"
2001:288:a20f:2:897b:bd1f:4107:ff56 - - [17/Aug/2026:10:49:53 +0800] "GET /wp-content/uploads/sites/1482/2026/04/%E6%AD%8C%E5%94%B1%E6%AF%94%E8%B3%BD%E7%A5%9D%E8%B3%80%E6%B5%B7%E5%A0%B1_page-0001_0-1024x576.jpg HTTP/1.1" 200 88311 "https://www.chjh.ilc.edu.tw/" "Mozilla/5.0 (Windows NT 10.0; Win64; x64) AppleWebKit/537.36 (KHTML, like Gecko) Chrome/151.0.0.0 Safari/537.36"
2001:288:a20f:2:897b:bd1f:4107:ff56 - - [17/Aug/2026:10:49:53 +0800] "GET /wp-content/uploads/sites/1482/2026/04/%E8%AE%80%E8%80%85%E5%8A%87%E5%A0%B4%E7%A5%9D%E8%B3%80%E6%B5%B7%E5%A0%B1_page-0001_0-1024x576.jpg HTTP/1.1" 200 87594 "https://www.chjh.ilc.edu.tw/" "Mozilla/5.0 (Windows NT 10.0; Win64; x64) AppleWebKit/537.36 (KHTML, like Gecko) Chrome/151.0.0.0 Safari/537.36"
2001:288:a20f:2:897b:bd1f:4107:ff56 - - [17/Aug/2026:10:49:53 +0800] "GET /wp-content/uploads/sites/1482/2026/04/%E5%96%AE%E5%AD%97%E7%8E%8B%E7%A5%9D%E8%B3%80%E6%B5%B7%E5%A0%B1_page-0001_0-1024x576.jpg HTTP/1.1" 200 105740 "https://www.chjh.ilc.edu.tw/" "Mozilla/5.0 (Windows NT 10.0; Win64; x64) AppleWebKit/537.36 (KHTML, like Gecko) Chrome/151.0.0.0 Safari/537.36"
2001:288:a22b:1:196b:63c3:875a:9a87 - - [17/Aug/2026:10:49:53 +0800] "GET /wp-content/uploads/sites/3846/2026/06/2026%E5%AE%9C%E8%98%AD%E7%98%8B%E5%AD%B8%E7%BF%92-%E6%9A%91%E5%81%87_%E6%95%99%E8%82%B2%E8%99%95%E9%A6%96%E9%A0%81-1440-x-1080-%E5%83%8F%E7%B4%A0.png HTTP/1.1" 200 2050723 "https://it.ilc.edu.tw/" "Mozilla/5.0 (Macintosh; Intel Mac OS X 10_15_7) AppleWebKit/605.1.15 (KHTML, like Gecko) Version/26.5.2 Safari/605.1.15"
2001:288:a20f:2:897b:bd1f:4107:ff56 - - [17/Aug/2026:10:49:54 +0800] "GET /wp-content/uploads/sites/1482/2026/03/%E3%80%8C114%E5%AD%B8%E5%B9%B4%E5%BA%A6%E5%85%A8%E5%9C%8B%E5%AD%B8%E7%94%9F%E9%9F%B3%E6%A8%82%E6%AF%94%E8%B3%BD%E3%80%8D%E5%80%8B%E4%BA%BA%E9%A0%85%E7%9B%AE%E5%85%A8%E5%8D%80%E6%B1%BA%E8%B3%BD-%E6%88%90%E7%B8%BE%E5%85%AC%E5%91%8A-%E5%80%8B%E4%BA%BA-1024x576.jpg HTTP/1.1" 200 105028 "https://www.chjh.ilc.edu.tw/" "Mozilla/5.0 (Windows NT 10.0; Win64; x64) AppleWebKit/537.36 (KHTML, like Gecko) Chrome/151.0.0.0 Safari/537.36"
2001:288:a20f:2:897b:bd1f:4107:ff56 - - [17/Aug/2026:10:49:54 +0800] "GET /wp-content/uploads/sites/1482/2025/12/114%E5%AD%B8%E5%B9%B4%E7%B0%A1%E5%A0%B1%E9%81%94%E4%BA%BA%E5%85%AC%E5%91%8A.jpg HTTP/1.1" 200 104018 "https://www.chjh.ilc.edu.tw/" "Mozilla/5.0 (Windows NT 10.0; Win64; x64) AppleWebKit/537.36 (KHTML, like Gecko) Chrome/151.0.0.0 Safari/537.36"
2001:288:a20f:2:897b:bd1f:4107:ff56 - - [17/Aug/2026:10:49:54 +0800] "GET /wp-content/uploads/sites/1482/2025/11/114%E5%AD%B8%E5%B9%B4%E5%BA%A6%E5%AE%9C%E8%98%AD%E7%B8%A3%E5%AD%B8%E7%94%9F%E9%9F%B3%E6%A8%82%E6%9A%A8%E5%B8%AB%E7%94%9F%E9%84%89%E5%9C%9F%E6%AD%8C%E8%AC%A0%E6%AF%94%E8%B3%BD-%E6%88%90%E7%B8%BE%E5%85%AC%E5%91%8A%E5%9C%98%E9%AB%94_0-1024x576.jpg HTTP/1.1" 200 92532 "https://www.chjh.ilc.edu.tw/" "Mozilla/5.0 (Windows NT 10.0; Win64; x64) AppleWebKit/537.36 (KHTML, like Gecko) Chrome/151.0.0.0 Safari/537.36"
2001:288:a20f:2:897b:bd1f:4107:ff56 - - [17/Aug/2026:10:49:53 +0800] "GET /wp-content/uploads/sites/1482/2026/04/%E7%A7%91%E5%B1%95%E7%AB%B6%E8%B3%BD%E6%B5%B7%E5%A0%B1-1024x572.png HTTP/1.1" 200 727375 "https://www.chjh.ilc.edu.tw/" "Mozilla/5.0 (Windows NT 10.0; Win64; x64) AppleWebKit/537.36 (KHTML, like Gecko) Chrome/151.0.0.0 Safari/537.36"
2001:288:a20f:2:897b:bd1f:4107:ff56 - - [17/Aug/2026:10:49:54 +0800] "GET /wp-content/uploads/sites/1482/2025/11/114%E5%AD%B8%E5%B9%B4%E5%BA%A6%E5%AE%9C%E8%98%AD%E7%B8%A3%E5%AD%B8%E7%94%9F%E9%9F%B3%E6%A8%82%E6%9A%A8%E5%B8%AB%E7%94%9F%E9%84%89%E5%9C%9F%E6%AD%8C%E8%AC%A0%E6%AF%94%E8%B3%BD-%E6%88%90%E7%B8%BE%E5%85%AC%E5%91%8A-%E5%80%8B%E4%BA%BA_0-1024x576.jpg HTTP/1.1" 200 128004 "https://www.chjh.ilc.edu.tw/" "Mozilla/5.0 (Windows NT 10.0; Win64; x64) AppleWebKit/537.36 (KHTML, like Gecko) Chrome/151.0.0.0 Safari/537.36"
1.170.6.184 - - [17/Aug/2026:10:49:54 +0800] "GET /wp-content/uploads/sites/233/1003/1003-3796307.jpg HTTP/1.1" 200 120498 "https://2blog.ilc.edu.tw/1003/2017/03/21/%E5%9B%9B%E4%B8%8B%E7%AC%AC3%E9%80%B1%E5%80%92%E6%95%98%E6%B3%95%E5%AF%AB%E4%BD%9C%E4%B8%80%E6%9D%9F%E9%AE%AE%E8%8A%B1/" "Mozilla/5.0 (Windows NT 10.0; Win64; x64) AppleWebKit/537.36 (KHTML, like Gecko) Chrome/151.0.0.0 Safari/537.36"
2001:288:a20f:2:897b:bd1f:4107:ff56 - - [17/Aug/2026:10:49:54 +0800] "GET /wp-content/uploads/sites/1482/2026/01/%E7%A7%91%E6%8A%80%E7%AB%B6%E8%B3%BD%E6%B5%B7%E5%A0%B1.png HTTP/1.1" 200 872970 "https://www.chjh.ilc.edu.tw/" "Mozilla/5.0 (Windows NT 10.0; Win64; x64) AppleWebKit/537.36 (KHTML, like Gecko) Chrome/151.0.0.0 Safari/537.36"
140.111.67.10 - - [17/Aug/2026:10:49:55 +0800] "GET /" 301 273 "-" "-"
2001:288:a20f:2:897b:bd1f:4107:ff56 - - [17/Aug/2026:10:49:54 +0800] "GET /wp-content/uploads/sites/1482/2026/03/%E9%87%91%E9%A0%AD%E8%85%A6-1024x571.png HTTP/1.1" 200 925785 "https://www.chjh.ilc.edu.tw/" "Mozilla/5.0 (Windows NT 10.0; Win64; x64) AppleWebKit/537.36 (KHTML, like Gecko) Chrome/151.0.0.0 Safari/537.36"
66.249.68.200 - - [17/Aug/2026:10:49:55 +0800] "GET /1279/wp-content/themes/hueman/assets/front/fonts/titillium-regular-webfont.ttf HTTP/1.1" 200 47966 "https://2blog.ilc.edu.tw/1279/category/c-83251/" "Mozilla/5.0 AppleWebKit/537.36 (KHTML, like Gecko; compatible; Googlebot/2.1; +http://www.google.com/bot.html) Chrome/150.0.7871.186 Safari/537.36"
2001:288:a20f:2:897b:bd1f:4107:ff56 - - [17/Aug/2026:10:49:54 +0800] "GET /wp-content/uploads/sites/1482/2025/11/%E7%A5%9D%E8%B3%80%E6%B5%B7%E5%A0%B1_712%E8%91%89%E5%AE%87%E7%BF%94-1024x576.jpg HTTP/1.1" 200 77480 "https://www.chjh.ilc.edu.tw/" "Mozilla/5.0 (Windows NT 10.0; Win64; x64) AppleWebKit/537.36 (KHTML, like Gecko) Chrome/151.0.0.0 Safari/537.36"
2001:288:a20f:2:897b:bd1f:4107:ff56 - - [17/Aug/2026:10:49:54 +0800] "GET /wp-content/uploads/sites/1482/2025/09/33-1024x576.jpg HTTP/1.1" 200 87435 "https://www.chjh.ilc.edu.tw/" "Mozilla/5.0 (Windows NT 10.0; Win64; x64) AppleWebKit/537.36 (KHTML, like Gecko) Chrome/151.0.0.0 Safari/537.36"
2001:288:a20f:2:897b:bd1f:4107:ff56 - - [17/Aug/2026:10:49:54 +0800] "GET /wp-content/uploads/sites/1482/2025/10/%E7%8D%B2%E7%8D%8E%E5%85%AC%E5%91%8A114%E7%BE%8E%E8%A1%93%E6%AF%94%E8%B3%BD.jpg HTTP/1.1" 200 178023 "https://www.chjh.ilc.edu.tw/" "Mozilla/5.0 (Windows NT 10.0; Win64; x64) AppleWebKit/537.36 (KHTML, like Gecko) Chrome/151.0.0.0 Safari/537.36"
2001:b400:e289:8592:5472:311e:2d43:a146 - - [17/Aug/2026:10:49:54 +0800] "GET / HTTP/1.1" 200 23394 "https://tw.search.yahoo.com/" "Mozilla/5.0 (Linux; Android 10; K) AppleWebKit/537.36 (KHTML, like Gecko) Chrome/151.0.0.0 Mobile Safari/537.36"
2001:288:a20f:2:897b:bd1f:4107:ff56 - - [17/Aug/2026:10:49:55 +0800] "GET /wp-content/uploads/sites/1482/2025/09/13-1024x576.jpg HTTP/1.1" 200 89010 "https://www.chjh.ilc.edu.tw/" "Mozilla/5.0 (Windows NT 10.0; Win64; x64) AppleWebKit/537.36 (KHTML, like Gecko) Chrome/151.0.0.0 Safari/537.36"
140.111.191.135 - - [17/Aug/2026:10:49:54 +0800] "GET /wp-content/uploads/sites/1730/2023/08/%E6%96%87%E9%9D%A2p28-29.jpg HTTP/1.1" 200 123008 "https://www.iedu.ilc.edu.tw/%E5%AE%9C%E8%98%AD%E7%B8%A3%E5%8E%9F%E4%BD%8F%E6%B0%91%E6%97%8F%E8%AA%9E%E6%96%87%E5%8C%96%E7%B9%AA%E6%9C%AC/" "Mozilla/5.0 (Windows NT 10.0; Win64; x64) AppleWebKit/537.36 (KHTML, like Gecko) Chrome/151.0.0.0 Safari/537.36"
2001:288:a20f:2:897b:bd1f:4107:ff56 - - [17/Aug/2026:10:49:55 +0800] "GET /wp-content/uploads/sites/1482/2025/09/23-1024x576.jpg HTTP/1.1" 200 96415 "https://www.chjh.ilc.edu.tw/" "Mozilla/5.0 (Windows NT 10.0; Win64; x64) AppleWebKit/537.36 (KHTML, like Gecko) Chrome/151.0.0.0 Safari/537.36"
140.111.191.135 - - [17/Aug/2026:10:49:54 +0800] "GET /wp-content/uploads/sites/1730/2023/08/17-1024x725.jpg HTTP/1.1" 200 163809 "https://www.iedu.ilc.edu.tw/%E5%AE%9C%E8%98%AD%E7%B8%A3%E5%8E%9F%E4%BD%8F%E6%B0%91%E6%97%8F%E8%AA%9E%E6%96%87%E5%8C%96%E7%B9%AA%E6%9C%AC/" "Mozilla/5.0 (Windows NT 10.0; Win64; x64) AppleWebKit/537.36 (KHTML, like Gecko) Chrome/151.0.0.0 Safari/537.36"
140.111.191.135 - - [17/Aug/2026:10:49:55 +0800] "GET /wp-content/uploads/sites/1730/2026/06/2.jpg HTTP/1.1" 200 95186 "https://www.iedu.ilc.edu.tw/%E5%AE%9C%E8%98%AD%E7%B8%A3%E5%8E%9F%E4%BD%8F%E6%B0%91%E6%97%8F%E8%AA%9E%E6%96%87%E5%8C%96%E7%B9%AA%E6%9C%AC/" "Mozilla/5.0 (Windows NT 10.0; Win64; x64) AppleWebKit/537.36 (KHTML, like Gecko) Chrome/151.0.0.0 Safari/537.36"
140.111.191.135 - - [17/Aug/2026:10:49:55 +0800] "GET /wp-content/uploads/sites/1730/2026/06/1-1024x391.jpg HTTP/1.1" 200 78845 "https://www.iedu.ilc.edu.tw/%E5%AE%9C%E8%98%AD%E7%B8%A3%E5%8E%9F%E4%BD%8F%E6%B0%91%E6%97%8F%E8%AA%9E%E6%96%87%E5%8C%96%E7%B9%AA%E6%9C%AC/" "Mozilla/5.0 (Windows NT 10.0; Win64; x64) AppleWebKit/537.36 (KHTML, like Gecko) Chrome/151.0.0.0 Safari/537.36"
2001:288:a20f:2:897b:bd1f:4107:ff56 - - [17/Aug/2026:10:49:55 +0800] "GET /wp-content/uploads/sites/1482/2025/08/26-1024x724.png HTTP/1.1" 200 164697 "https://www.chjh.ilc.edu.tw/" "Mozilla/5.0 (Windows NT 10.0; Win64; x64) AppleWebKit/537.36 (KHTML, like Gecko) Chrome/151.0.0.0 Safari/537.36"
2001:288:a20f:2:897b:bd1f:4107:ff56 - - [17/Aug/2026:10:49:55 +0800] "GET /wp-content/uploads/sites/1482/2025/08/36-1024x724.png HTTP/1.1" 200 171953 "https://www.chjh.ilc.edu.tw/" "Mozilla/5.0 (Windows NT 10.0; Win64; x64) AppleWebKit/537.36 (KHTML, like Gecko) Chrome/151.0.0.0 Safari/537.36"
2001:288:a201::66:125 - - [17/Aug/2026:10:49:55 +0800] "GET /blog/active.php HTTP/1.1" 404 1084 "-" "-"
2001:288:a201::66:125 - - [17/Aug/2026:10:49:55 +0800] "GET /blog/active.php HTTP/1.1" 301 1026 "-" "-"
2001:288:a20f:2:897b:bd1f:4107:ff56 - - [17/Aug/2026:10:49:55 +0800] "GET /wp-content/uploads/sites/1482/2025/08/14-1024x724.png HTTP/1.1" 200 163205 "https://www.chjh.ilc.edu.tw/" "Mozilla/5.0 (Windows NT 10.0; Win64; x64) AppleWebKit/537.36 (KHTML, like Gecko) Chrome/151.0.0.0 Safari/537.36"
2001:288:a20f:2:897b:bd1f:4107:ff56 - - [17/Aug/2026:10:49:55 +0800] "GET /wp-content/uploads/sites/1482/2025/08/7-1024x724.png HTTP/1.1" 200 274608 "https://www.chjh.ilc.edu.tw/" "Mozilla/5.0 (Windows NT 10.0; Win64; x64) AppleWebKit/537.36 (KHTML, like Gecko) Chrome/151.0.0.0 Safari/537.36"
2001:288:a20f:2:897b:bd1f:4107:ff56 - - [17/Aug/2026:10:49:55 +0800] "GET /wp-content/uploads/sites/1482/2025/08/6-1024x724.png HTTP/1.1" 200 283705 "https://www.chjh.ilc.edu.tw/" "Mozilla/5.0 (Windows NT 10.0; Win64; x64) AppleWebKit/537.36 (KHTML, like Gecko) Chrome/151.0.0.0 Safari/537.36"
2001:288:a20f:2:897b:bd1f:4107:ff56 - - [17/Aug/2026:10:49:55 +0800] "GET /wp-content/uploads/sites/1482/2025/08/5-1024x724.png HTTP/1.1" 200 276868 "https://www.chjh.ilc.edu.tw/" "Mozilla/5.0 (Windows NT 10.0; Win64; x64) AppleWebKit/537.36 (KHTML, like Gecko) Chrome/151.0.0.0 Safari/537.36"
2001:288:a20f:2:897b:bd1f:4107:ff56 - - [17/Aug/2026:10:49:55 +0800] "GET /wp-content/uploads/sites/1482/2025/08/4-1024x724.png HTTP/1.1" 200 273492 "https://www.chjh.ilc.edu.tw/" "Mozilla/5.0 (Windows NT 10.0; Win64; x64) AppleWebKit/537.36 (KHTML, like Gecko) Chrome/151.0.0.0 Safari/537.36"
2001:b400:e289:8592:5472:311e:2d43:a146 - - [17/Aug/2026:10:49:55 +0800] "GET /wp-content/uploads/sites/1393/2019/11/IMG_6003-scaled.jpg HTTP/1.1" 200 1175108 "https://www.cges.ilc.edu.tw/wp-content/uploads/sites/1393/elementor/css/post-189.css" "Mozilla/5.0 (Linux; Android 10; K) AppleWebKit/537.36 (KHTML, like Gecko) Chrome/151.0.0.0 Mobile Safari/537.36"
2001:288:a20f:2:897b:bd1f:4107:ff56 - - [17/Aug/2026:10:49:56 +0800] "GET /wp-content/uploads/sites/1482/2025/05/35-1-1024x724.png HTTP/1.1" 200 395898 "https://www.chjh.ilc.edu.tw/" "Mozilla/5.0 (Windows NT 10.0; Win64; x64) AppleWebKit/537.36 (KHTML, like Gecko) Chrome/151.0.0.0 Safari/537.36"
2001:b400:e289:8592:5472:311e:2d43:a146 - - [17/Aug/2026:10:49:55 +0800] "GET /wp-content/uploads/sites/1393/2019/11/376420000A_1120168031_ATTACH2-1.png HTTP/1.1" 200 1180930 "https://www.cges.ilc.edu.tw/wp-content/uploads/sites/1393/elementor/css/post-189.css" "Mozilla/5.0 (Linux; Android 10; K) AppleWebKit/537.36 (KHTML, like Gecko) Chrome/151.0.0.0 Mobile Safari/537.36"
2001:288:a20f:2:897b:bd1f:4107:ff56 - - [17/Aug/2026:10:49:56 +0800] "GET /wp-content/uploads/sites/1482/2025/04/113%E5%AD%B8%E5%B9%B4%E7%B0%A1%E5%A0%B1%E9%81%94%E4%BA%BA%E5%85%AC%E5%91%8A.png HTTP/1.1" 200 255245 "https://www.chjh.ilc.edu.tw/" "Mozilla/5.0 (Windows NT 10.0; Win64; x64) AppleWebKit/537.36 (KHTML, like Gecko) Chrome/151.0.0.0 Safari/537.36"
140.111.191.135 - - [17/Aug/2026:10:49:56 +0800] "GET /wp-content/uploads/sites/1730/2026/07/%E6%9C%AA%E5%91%BD%E5%90%8D-1-1024x361.jpg HTTP/1.1" 200 47055 "https://www.iedu.ilc.edu.tw/%E5%AE%9C%E8%98%AD%E7%B8%A3%E5%8E%9F%E4%BD%8F%E6%B0%91%E6%97%8F%E8%AA%9E%E6%96%87%E5%8C%96%E7%B9%AA%E6%9C%AC/" "Mozilla/5.0 (Windows NT 10.0; Win64; x64) AppleWebKit/537.36 (KHTML, like Gecko) Chrome/151.0.0.0 Safari/537.36"
2001:288:a20f:2:897b:bd1f:4107:ff56 - - [17/Aug/2026:10:49:56 +0800] "GET /wp-content/uploads/sites/1482/2025/05/4_3-1024x724.png HTTP/1.1" 200 396610 "https://www.chjh.ilc.edu.tw/" "Mozilla/5.0 (Windows NT 10.0; Win64; x64) AppleWebKit/537.36 (KHTML, like Gecko) Chrome/151.0.0.0 Safari/537.36"
2001:288:a20f:2:897b:bd1f:4107:ff56 - - [17/Aug/2026:10:49:54 +0800] "GET /wp-content/uploads/sites/1482/2025/11/Hanover-and-Tyke-High-School-Present-724x1024.png HTTP/1.1" 200 267038 "https://www.chjh.ilc.edu.tw/" "Mozilla/5.0 (Windows NT 10.0; Win64; x64) AppleWebKit/537.36 (KHTML, like Gecko) Chrome/151.0.0.0 Safari/537.36"
1.170.6.184 - - [17/Aug/2026:10:49:56 +0800] "GET /wp-content/uploads/sites/233/1003/1003-3796308.jpg HTTP/1.1" 200 82210 "https://2blog.ilc.edu.tw/1003/2017/03/21/%E5%9B%9B%E4%B8%8B%E7%AC%AC3%E9%80%B1%E5%80%92%E6%95%98%E6%B3%95%E5%AF%AB%E4%BD%9C%E4%B8%80%E6%9D%9F%E9%AE%AE%E8%8A%B1/" "Mozilla/5.0 (Windows NT 10.0; Win64; x64) AppleWebKit/537.36 (KHTML, like Gecko) Chrome/151.0.0.0 Safari/537.36"
2001:288:a20f:2:897b:bd1f:4107:ff56 - - [17/Aug/2026:10:49:56 +0800] "GET /wp-content/uploads/sites/1482/2025/05/25-1024x724.png HTTP/1.1" 200 399654 "https://www.chjh.ilc.edu.tw/" "Mozilla/5.0 (Windows NT 10.0; Win64; x64) AppleWebKit/537.36 (KHTML, like Gecko) Chrome/151.0.0.0 Safari/537.36"
2001:288:a20f:2:897b:bd1f:4107:ff56 - - [17/Aug/2026:10:49:56 +0800] "GET /wp-content/uploads/sites/1482/2025/04/911%E4%BD%B3%E4%BD%9C-1024x724.jpg HTTP/1.1" 200 134650 "https://www.chjh.ilc.edu.tw/" "Mozilla/5.0 (Windows NT 10.0; Win64; x64) AppleWebKit/537.36 (KHTML, like Gecko) Chrome/151.0.0.0 Safari/537.36"
2001:288:a20f:2:897b:bd1f:4107:ff56 - - [17/Aug/2026:10:49:56 +0800] "GET /wp-content/uploads/sites/1482/2025/04/13-1024x724.png HTTP/1.1" 200 586132 "https://www.chjh.ilc.edu.tw/" "Mozilla/5.0 (Windows NT 10.0; Win64; x64) AppleWebKit/537.36 (KHTML, like Gecko) Chrome/151.0.0.0 Safari/537.36"
2001:288:a20f:2:897b:bd1f:4107:ff56 - - [17/Aug/2026:10:49:56 +0800] "GET /wp-content/uploads/sites/1482/2025/04/34-1024x724.png HTTP/1.1" 200 626196 "https://www.chjh.ilc.edu.tw/" "Mozilla/5.0 (Windows NT 10.0; Win64; x64) AppleWebKit/537.36 (KHTML, like Gecko) Chrome/151.0.0.0 Safari/537.36"
2001:288:a20f:2:897b:bd1f:4107:ff56 - - [17/Aug/2026:10:49:57 +0800] "GET /wp-content/uploads/sites/1482/2025/04/Yellow-Black-and-White-Modern-Congratulations-A4-1024x724.png HTTP/1.1" 200 313832 "https://www.chjh.ilc.edu.tw/" "Mozilla/5.0 (Windows NT 10.0; Win64; x64) AppleWebKit/537.36 (KHTML, like Gecko) Chrome/151.0.0.0 Safari/537.36"
140.111.191.135 - - [17/Aug/2026:10:49:57 +0800] "GET /wp-content/uploads/sites/1730/2026/06/3-1024x379.jpg HTTP/1.1" 200 63015 "https://www.iedu.ilc.edu.tw/%E5%AE%9C%E8%98%AD%E7%B8%A3%E5%8E%9F%E4%BD%8F%E6%B0%91%E6%97%8F%E8%AA%9E%E6%96%87%E5%8C%96%E7%B9%AA%E6%9C%AC/" "Mozilla/5.0 (Windows NT 10.0; Win64; x64) AppleWebKit/537.36 (KHTML, like Gecko) Chrome/151.0.0.0 Safari/537.36"
140.111.191.135 - - [17/Aug/2026:10:49:57 +0800] "GET /wp-content/uploads/sites/1730/2026/06/6-1.jpg HTTP/1.1" 200 157736 "https://www.iedu.ilc.edu.tw/%E5%AE%9C%E8%98%AD%E7%B8%A3%E5%8E%9F%E4%BD%8F%E6%B0%91%E6%97%8F%E8%AA%9E%E6%96%87%E5%8C%96%E7%B9%AA%E6%9C%AC/" "Mozilla/5.0 (Windows NT 10.0; Win64; x64) AppleWebKit/537.36 (KHTML, like Gecko) Chrome/151.0.0.0 Safari/537.36"
140.111.67.195 - - [17/Aug/2026:10:49:57 +0800] "GET /wp-admin/admin-post.php?action=steps_ad HTTP/1.1" 200 1649 "-" "node-fetch/1.0 (+https://github.com/bitinn/node-fetch)"
2001:288:a20f:2:897b:bd1f:4107:ff56 - - [17/Aug/2026:10:49:56 +0800] "GET /wp-content/uploads/sites/1482/2025/04/24-1024x724.png HTTP/1.1" 200 635836 "https://www.chjh.ilc.edu.tw/" "Mozilla/5.0 (Windows NT 10.0; Win64; x64) AppleWebKit/537.36 (KHTML, like Gecko) Chrome/151.0.0.0 Safari/537.36"
140.111.67.195 - - [17/Aug/2026:10:49:57 +0800] "GET /wp-admin/admin-post.php?action=steps_ad HTTP/1.1" 200 1649 "-" "node-fetch/1.0 (+https://github.com/bitinn/node-fetch)"
2001:288:a20f:2:897b:bd1f:4107:ff56 - - [17/Aug/2026:10:49:57 +0800] "GET /wp-content/uploads/sites/1482/2025/03/33-1024x724.png HTTP/1.1" 200 549165 "https://www.chjh.ilc.edu.tw/" "Mozilla/5.0 (Windows NT 10.0; Win64; x64) AppleWebKit/537.36 (KHTML, like Gecko) Chrome/151.0.0.0 Safari/537.36"
2001:288:a20f:2:897b:bd1f:4107:ff56 - - [17/Aug/2026:10:49:57 +0800] "GET /wp-content/uploads/sites/1482/2025/02/%E6%9E%97%E7%87%88%E7%9B%83%E7%A7%91%E5%AD%B8%E7%AB%B6%E8%B3%BD-1024x683.png HTTP/1.1" 200 323756 "https://www.chjh.ilc.edu.tw/" "Mozilla/5.0 (Windows NT 10.0; Win64; x64) AppleWebKit/537.36 (KHTML, like Gecko) Chrome/151.0.0.0 Safari/537.36"
2001:288:a20f:2:897b:bd1f:4107:ff56 - - [17/Aug/2026:10:49:57 +0800] "GET /wp-content/uploads/sites/1482/2025/03/12-1024x724.png HTTP/1.1" 200 569352 "https://www.chjh.ilc.edu.tw/" "Mozilla/5.0 (Windows NT 10.0; Win64; x64) AppleWebKit/537.36 (KHTML, like Gecko) Chrome/151.0.0.0 Safari/537.36"
::1 - - [17/Aug/2026:10:49:58 +0800] "OPTIONS * HTTP/1.0" 200 110 "-" "Apache/2.4.68 (Ubuntu) OpenSSL/3.0.19 (internal dummy connection)"
2001:288:a20f:2:897b:bd1f:4107:ff56 - - [17/Aug/2026:10:49:57 +0800] "GET /wp-content/uploads/sites/1482/2025/03/23-1024x724.png HTTP/1.1" 200 548809 "https://www.chjh.ilc.edu.tw/" "Mozilla/5.0 (Windows NT 10.0; Win64; x64) AppleWebKit/537.36 (KHTML, like Gecko) Chrome/151.0.0.0 Safari/537.36"
2001:288:a20f:2:897b:bd1f:4107:ff56 - - [17/Aug/2026:10:49:58 +0800] "GET /wp-content/uploads/sites/1482/2025/02/Blue-and-White-Simple-Congratulations-Card-3-1024x683.png HTTP/1.1" 200 281534 "https://www.chjh.ilc.edu.tw/" "Mozilla/5.0 (Windows NT 10.0; Win64; x64) AppleWebKit/537.36 (KHTML, like Gecko) Chrome/151.0.0.0 Safari/537.36"
2001:288:66aa:1:18d5:cce6:78fe:1af - - [17/Aug/2026:10:49:58 +0800] "GET /wp-content/uploads/sites/3591/2024/02/SAMR%E6%A8%A1%E5%BC%8F01.jpg HTTP/1.1" 200 46573 "https://www.google.com/" "Mozilla/5.0 (Windows NT 10.0; Win64; x64) AppleWebKit/537.36 (KHTML, like Gecko) Chrome/151.0.0.0 Safari/537.36"
2001:288:a211:1:fc86:afbd:1d23:5f - - [17/Aug/2026:10:49:58 +0800] "GET / HTTP/1.1" 200 26048 "https://www.google.com/" "Mozilla/5.0 (Windows NT 10.0; Win64; x64) AppleWebKit/537.36 (KHTML, like Gecko) Chrome/151.0.0.0 Safari/537.36"
2001:288:a211:1:fc86:afbd:1d23:5f - - [17/Aug/2026:10:49:58 +0800] "GET /wp-content/cache/www.npes.ilc.edu.tw/wpfc-minified/dq4ay1bl/6wsd.css HTTP/1.1" 200 45694 "https://www.npes.ilc.edu.tw/" "Mozilla/5.0 (Windows NT 10.0; Win64; x64) AppleWebKit/537.36 (KHTML, like Gecko) Chrome/151.0.0.0 Safari/537.36"
52.167.144.228 - - [17/Aug/2026:10:49:58 +0800] "GET /2875/2019/09/18/%E6%95%99%E8%82%B2%E7%AC%AC12%E5%B1%86904%E7%8F%AD%E8%B6%99%E6%AD%A3%E5%A6%82%E6%99%A8%E8%AE%80%E5%88%86%E4%BA%AB/ HTTP/1.1" 200 31607 "-" "Mozilla/5.0 AppleWebKit/537.36 (KHTML, like Gecko; compatible; bingbot/2.0; +http://www.bing.com/bingbot.htm) Chrome/116.0.1938.76 Safari/537.36"
2001:288:a211:1:fc86:afbd:1d23:5f - - [17/Aug/2026:10:49:58 +0800] "GET /wp-content/cache/www.npes.ilc.edu.tw/wpfc-minified/6ym6un95/6wsd.css HTTP/1.1" 200 1161 "https://www.npes.ilc.edu.tw/" "Mozilla/5.0 (Windows NT 10.0; Win64; x64) AppleWebKit/537.36 (KHTML, like Gecko) Chrome/151.0.0.0 Safari/537.36"
