1.165.38.71 - - [17/Aug/2026:10:47:48 +0800] "GET /wp-content/plugins/newsletter/style.css HTTP/1.1" 200 2325 "https://www.kkes.ilc.edu.tw/scweb/ereport/detail.asp?nickname=aaaaaa&amp;c_id=936" "Mozilla/5.0 (Windows NT 10.0; Win64; x64) AppleWebKit/537.36 (KHTML, like Gecko) Chrome/150.0.0.0 Safari/537.36"
1.165.38.71 - - [17/Aug/2026:10:47:48 +0800] "GET /wp-content/plugins/ocean-extra/includes/admin-bar/assets/css/admin-bar.css HTTP/1.1" 200 1278 "https://www.kkes.ilc.edu.tw/scweb/ereport/detail.asp?nickname=aaaaaa&amp;c_id=936" "Mozilla/5.0 (Windows NT 10.0; Win64; x64) AppleWebKit/537.36 (KHTML, like Gecko) Chrome/150.0.0.0 Safari/537.36"
1.165.38.71 - - [17/Aug/2026:10:47:48 +0800] "GET /wp-content/plugins/ocean-extra/assets/css/widgets.css HTTP/1.1" 200 12470 "https://www.kkes.ilc.edu.tw/scweb/ereport/detail.asp?nickname=aaaaaa&amp;c_id=936" "Mozilla/5.0 (Windows NT 10.0; Win64; x64) AppleWebKit/537.36 (KHTML, like Gecko) Chrome/150.0.0.0 Safari/537.36"
1.165.38.71 - - [17/Aug/2026:10:47:48 +0800] "GET /wp-includes/js/jquery/jquery.min.js HTTP/1.1" 200 31359 "https://www.kkes.ilc.edu.tw/scweb/ereport/detail.asp?nickname=aaaaaa&amp;c_id=936" "Mozilla/5.0 (Windows NT 10.0; Win64; x64) AppleWebKit/537.36 (KHTML, like Gecko) Chrome/150.0.0.0 Safari/537.36"
1.165.38.71 - - [17/Aug/2026:10:47:48 +0800] "GET /wp-includes/js/jquery/jquery-migrate.min.js HTTP/1.1" 200 5752 "https://www.kkes.ilc.edu.tw/scweb/ereport/detail.asp?nickname=aaaaaa&amp;c_id=936" "Mozilla/5.0 (Windows NT 10.0; Win64; x64) AppleWebKit/537.36 (KHTML, like Gecko) Chrome/150.0.0.0 Safari/537.36"
1.165.38.71 - - [17/Aug/2026:10:47:48 +0800] "GET /wp-includes/js/hoverintent-js.min.js HTTP/1.1" 200 1597 "https://www.kkes.ilc.edu.tw/scweb/ereport/detail.asp?nickname=aaaaaa&amp;c_id=936" "Mozilla/5.0 (Windows NT 10.0; Win64; x64) AppleWebKit/537.36 (KHTML, like Gecko) Chrome/150.0.0.0 Safari/537.36"
1.165.38.71 - - [17/Aug/2026:10:47:48 +0800] "GET /wp-includes/js/admin-bar.min.js HTTP/1.1" 200 2237 "https://www.kkes.ilc.edu.tw/scweb/ereport/detail.asp?nickname=aaaaaa&amp;c_id=936" "Mozilla/5.0 (Windows NT 10.0; Win64; x64) AppleWebKit/537.36 (KHTML, like Gecko) Chrome/150.0.0.0 Safari/537.36"
1.165.38.71 - - [17/Aug/2026:10:47:48 +0800] "GET /wp-includes/js/imagesloaded.min.js HTTP/1.1" 200 2683 "https://www.kkes.ilc.edu.tw/scweb/ereport/detail.asp?nickname=aaaaaa&amp;c_id=936" "Mozilla/5.0 (Windows NT 10.0; Win64; x64) AppleWebKit/537.36 (KHTML, like Gecko) Chrome/150.0.0.0 Safari/537.36"
1.165.38.71 - - [17/Aug/2026:10:47:48 +0800] "GET /wp-content/themes/oceanwp/assets/js/theme.min.js HTTP/1.1" 200 5130 "https://www.kkes.ilc.edu.tw/scweb/ereport/detail.asp?nickname=aaaaaa&amp;c_id=936" "Mozilla/5.0 (Windows NT 10.0; Win64; x64) AppleWebKit/537.36 (KHTML, like Gecko) Chrome/150.0.0.0 Safari/537.36"
1.165.38.71 - - [17/Aug/2026:10:47:49 +0800] "GET /wp-content/themes/oceanwp/assets/js/drop-down-mobile-menu.min.js HTTP/1.1" 200 4663 "https://www.kkes.ilc.edu.tw/scweb/ereport/detail.asp?nickname=aaaaaa&amp;c_id=936" "Mozilla/5.0 (Windows NT 10.0; Win64; x64) AppleWebKit/537.36 (KHTML, like Gecko) Chrome/150.0.0.0 Safari/537.36"
1.165.38.71 - - [17/Aug/2026:10:47:49 +0800] "GET /wp-content/themes/oceanwp/assets/js/drop-down-search.min.js HTTP/1.1" 200 2968 "https://www.kkes.ilc.edu.tw/scweb/ereport/detail.asp?nickname=aaaaaa&amp;c_id=936" "Mozilla/5.0 (Windows NT 10.0; Win64; x64) AppleWebKit/537.36 (KHTML, like Gecko) Chrome/150.0.0.0 Safari/537.36"
1.165.38.71 - - [17/Aug/2026:10:47:49 +0800] "GET /wp-content/themes/oceanwp/assets/js/vendors/magnific-popup.min.js HTTP/1.1" 200 8270 "https://www.kkes.ilc.edu.tw/scweb/ereport/detail.asp?nickname=aaaaaa&amp;c_id=936" "Mozilla/5.0 (Windows NT 10.0; Win64; x64) AppleWebKit/537.36 (KHTML, like Gecko) Chrome/150.0.0.0 Safari/537.36"
1.165.38.71 - - [17/Aug/2026:10:47:49 +0800] "GET /wp-content/themes/oceanwp/assets/js/ow-lightbox.min.js HTTP/1.1" 200 2321 "https://www.kkes.ilc.edu.tw/scweb/ereport/detail.asp?nickname=aaaaaa&amp;c_id=936" "Mozilla/5.0 (Windows NT 10.0; Win64; x64) AppleWebKit/537.36 (KHTML, like Gecko) Chrome/150.0.0.0 Safari/537.36"
140.111.191.141 - - [17/Aug/2026:10:47:49 +0800] "-" 408 4796 "-" "-"
1.165.38.71 - - [17/Aug/2026:10:47:49 +0800] "GET /wp-content/themes/oceanwp/assets/js/ow-slider.min.js HTTP/1.1" 200 1761 "https://www.kkes.ilc.edu.tw/scweb/ereport/detail.asp?nickname=aaaaaa&amp;c_id=936" "Mozilla/5.0 (Windows NT 10.0; Win64; x64) AppleWebKit/537.36 (KHTML, like Gecko) Chrome/150.0.0.0 Safari/537.36"
1.165.38.71 - - [17/Aug/2026:10:47:49 +0800] "GET /wp-content/themes/oceanwp/assets/js/vendors/flickity.pkgd.min.js HTTP/1.1" 200 15048 "https://www.kkes.ilc.edu.tw/scweb/ereport/detail.asp?nickname=aaaaaa&amp;c_id=936" "Mozilla/5.0 (Windows NT 10.0; Win64; x64) AppleWebKit/537.36 (KHTML, like Gecko) Chrome/150.0.0.0 Safari/537.36"
1.165.38.71 - - [17/Aug/2026:10:47:49 +0800] "GET /wp-content/themes/oceanwp/assets/js/scroll-effect.min.js HTTP/1.1" 200 4127 "https://www.kkes.ilc.edu.tw/scweb/ereport/detail.asp?nickname=aaaaaa&amp;c_id=936" "Mozilla/5.0 (Windows NT 10.0; Win64; x64) AppleWebKit/537.36 (KHTML, like Gecko) Chrome/150.0.0.0 Safari/537.36"
1.165.38.71 - - [17/Aug/2026:10:47:49 +0800] "GET /wp-content/themes/oceanwp/assets/js/scroll-top.min.js HTTP/1.1" 200 3202 "https://www.kkes.ilc.edu.tw/scweb/ereport/detail.asp?nickname=aaaaaa&amp;c_id=936" "Mozilla/5.0 (Windows NT 10.0; Win64; x64) AppleWebKit/537.36 (KHTML, like Gecko) Chrome/150.0.0.0 Safari/537.36"
1.165.38.71 - - [17/Aug/2026:10:47:49 +0800] "GET /wp-content/themes/oceanwp/assets/js/select.min.js HTTP/1.1" 200 2408 "https://www.kkes.ilc.edu.tw/scweb/ereport/detail.asp?nickname=aaaaaa&amp;c_id=936" "Mozilla/5.0 (Windows NT 10.0; Win64; x64) AppleWebKit/537.36 (KHTML, like Gecko) Chrome/150.0.0.0 Safari/537.36"
1.165.38.71 - - [17/Aug/2026:10:47:49 +0800] "GET /wp-content/plugins/ocean-extra/includes/widgets/js/flickr.min.js HTTP/1.1" 200 1319 "https://www.kkes.ilc.edu.tw/scweb/ereport/detail.asp?nickname=aaaaaa&amp;c_id=936" "Mozilla/5.0 (Windows NT 10.0; Win64; x64) AppleWebKit/537.36 (KHTML, like Gecko) Chrome/150.0.0.0 Safari/537.36"
2001:b011:7800:dd35:e05f:81a6:2887:fae1 - - [17/Aug/2026:10:47:49 +0800] "-" 408 4791 "-" "-"
2001:b011:7800:dd35:e05f:81a6:2887:fae1 - - [17/Aug/2026:10:47:49 +0800] "-" 408 4791 "-" "-"
2001:b011:7800:dd35:e05f:81a6:2887:fae1 - - [17/Aug/2026:10:47:49 +0800] "-" 408 339 "-" "-"
140.111.67.10 - - [17/Aug/2026:10:47:50 +0800] "GET /" 301 273 "-" "-"
1.165.38.71 - - [17/Aug/2026:10:47:50 +0800] "GET /wp-content/themes/oceanwp/assets/fonts/fontawesome/webfonts/fa-solid-900.woff2 HTTP/1.1" 200 151246 "https://www.kkes.ilc.edu.tw/wp-content/themes/oceanwp/assets/fonts/fontawesome/css/all.min.css" "Mozilla/5.0 (Windows NT 10.0; Win64; x64) AppleWebKit/537.36 (KHTML, like Gecko) Chrome/150.0.0.0 Safari/537.36"
2001:4860:7:810::f0 - - [17/Aug/2026:10:47:50 +0800] "GET /founder/ HTTP/1.1" 200 20629 "https://www.google.com/" "Mozilla/5.0 (Windows NT 10.0; Win64; x64) AppleWebKit/537.36 (KHTML, like Gecko) Chrome/151.0.0.0 Safari/537.36"
2001:288:a201::66:125 - - [17/Aug/2026:10:47:50 +0800] "GET /blog/active.php HTTP/1.1" 301 1026 "-" "-"
140.111.67.195 - - [17/Aug/2026:10:47:50 +0800] "GET /wp-admin/admin-post.php?action=steps_ad HTTP/1.1" 200 1649 "-" "node-fetch/1.0 (+https://github.com/bitinn/node-fetch)"
2001:288:a201::66:125 - - [17/Aug/2026:10:47:50 +0800] "GET /blog/active.php HTTP/1.1" 404 1084 "-" "-"
1.165.38.71 - - [17/Aug/2026:10:47:50 +0800] "GET /wp-content/uploads/sites/2271/2024/07/cropped-cropped-cropped-132c0b2c-1a68-470b-800f-19e82a3e8b6822.jpg HTTP/1.1" 200 87602 "https://www.kkes.ilc.edu.tw/scweb/ereport/detail.asp?nickname=aaaaaa&amp;c_id=936" "Mozilla/5.0 (Windows NT 10.0; Win64; x64) AppleWebKit/537.36 (KHTML, like Gecko) Chrome/150.0.0.0 Safari/537.36"
2001:b011:7800:dd35:e05f:81a6:2887:fae1 - - [17/Aug/2026:10:47:50 +0800] "-" 408 339 "-" "-"
2001:b011:7800:dd35:e05f:81a6:2887:fae1 - - [17/Aug/2026:10:47:50 +0800] "-" 408 4791 "-" "-"
2001:b011:7800:dd35:e05f:81a6:2887:fae1 - - [17/Aug/2026:10:47:50 +0800] "-" 408 4791 "-" "-"
2001:b011:7800:dd35:e05f:81a6:2887:fae1 - - [17/Aug/2026:10:47:50 +0800] "-" 408 4791 "-" "-"
1.165.38.71 - - [17/Aug/2026:10:47:50 +0800] "GET /wp-content/themes/oceanwp/assets/fonts/simple-line-icons/Simple-Line-Icons.woff2?v=2.4.0 HTTP/1.1" 200 30959 "https://www.kkes.ilc.edu.tw/wp-content/themes/oceanwp/assets/css/third/simple-line-icons.min.css" "Mozilla/5.0 (Windows NT 10.0; Win64; x64) AppleWebKit/537.36 (KHTML, like Gecko) Chrome/150.0.0.0 Safari/537.36"
2001:b400:e2db:c5e5:cc5:c96:8440:53f0 - - [17/Aug/2026:10:47:51 +0800] "GET /wp-content/uploads/sites/3846/2026/08/%E8%BE%B2%E6%A5%AD%E9%83%A8%E5%BB%A3%E5%91%8A.jpg HTTP/1.1" 304 5581 "https://it.ilc.edu.tw/" "Mozilla/5.0 (iPhone; CPU iPhone OS 26_5_1 like Mac OS X) AppleWebKit/605.1.15 (KHTML, like Gecko) CriOS/151.0.7922.112 Mobile/15E148 Safari/604.1"
2001:b400:e2db:c5e5:cc5:c96:8440:53f0 - - [17/Aug/2026:10:47:51 +0800] "GET /wp-content/uploads/sites/3846/2026/06/%E5%AE%A3%E5%82%B3%E5%9C%96%E7%89%87.png HTTP/1.1" 304 5581 "https://it.ilc.edu.tw/" "Mozilla/5.0 (iPhone; CPU iPhone OS 26_5_1 like Mac OS X) AppleWebKit/605.1.15 (KHTML, like Gecko) CriOS/151.0.7922.112 Mobile/15E148 Safari/604.1"
2001:b400:e2db:c5e5:cc5:c96:8440:53f0 - - [17/Aug/2026:10:47:51 +0800] "GET /wp-content/uploads/sites/3846/2026/06/2026%E5%AE%9C%E8%98%AD%E7%98%8B%E5%AD%B8%E7%BF%92-%E6%9A%91%E5%81%87_%E6%95%99%E8%82%B2%E8%99%95%E9%A6%96%E9%A0%81-1440-x-1080-%E5%83%8F%E7%B4%A0.png HTTP/1.1" 304 5581 "https://it.ilc.edu.tw/" "Mozilla/5.0 (iPhone; CPU iPhone OS 26_5_1 like Mac OS X) AppleWebKit/605.1.15 (KHTML, like Gecko) CriOS/151.0.7922.112 Mobile/15E148 Safari/604.1"
140.111.67.195 - - [17/Aug/2026:10:47:52 +0800] "GET /wp-admin/admin-post.php?action=steps_ad HTTP/1.1" 200 1649 "-" "node-fetch/1.0 (+https://github.com/bitinn/node-fetch)"
::1 - - [17/Aug/2026:10:47:52 +0800] "OPTIONS * HTTP/1.0" 200 110 "-" "Apache/2.4.68 (Ubuntu) OpenSSL/3.0.19 (internal dummy connection)"
1.165.38.71 - - [17/Aug/2026:10:47:52 +0800] "GET /wp-content/uploads/sites/2271/2020/10/cropped-%E5%85%AC%E9%A4%A8%E6%A0%A1%E5%BE%BD-%E7%B4%85-32x32.png HTTP/1.1" 200 3455 "https://www.kkes.ilc.edu.tw/scweb/ereport/detail.asp?nickname=aaaaaa&amp;c_id=936" "Mozilla/5.0 (Windows NT 10.0; Win64; x64) AppleWebKit/537.36 (KHTML, like Gecko) Chrome/150.0.0.0 Safari/537.36"
::1 - - [17/Aug/2026:10:47:53 +0800] "OPTIONS * HTTP/1.0" 200 110 "-" "Apache/2.4.68 (Ubuntu) OpenSSL/3.0.19 (internal dummy connection)"
::1 - - [17/Aug/2026:10:47:54 +0800] "OPTIONS * HTTP/1.0" 200 110 "-" "Apache/2.4.68 (Ubuntu) OpenSSL/3.0.19 (internal dummy connection)"
140.111.67.10 - - [17/Aug/2026:10:47:55 +0800] "GET /" 301 273 "-" "-"
2001:288:a201::66:125 - - [17/Aug/2026:10:47:55 +0800] "GET /blog/active.php HTTP/1.1" 301 1026 "-" "-"
2001:288:a201::66:125 - - [17/Aug/2026:10:47:55 +0800] "GET /blog/active.php HTTP/1.1" 404 1084 "-" "-"
::1 - - [17/Aug/2026:10:47:55 +0800] "OPTIONS * HTTP/1.0" 200 110 "-" "Apache/2.4.68 (Ubuntu) OpenSSL/3.0.19 (internal dummy connection)"
::1 - - [17/Aug/2026:10:47:56 +0800] "OPTIONS * HTTP/1.0" 200 110 "-" "Apache/2.4.68 (Ubuntu) OpenSSL/3.0.19 (internal dummy connection)"
140.111.172.196 - - [17/Aug/2026:10:47:57 +0800] "-" 408 0 "-" "-"
140.111.172.196 - - [17/Aug/2026:10:47:57 +0800] "-" 408 0 "-" "-"
::1 - - [17/Aug/2026:10:47:57 +0800] "OPTIONS * HTTP/1.0" 200 110 "-" "Apache/2.4.68 (Ubuntu) OpenSSL/3.0.19 (internal dummy connection)"
2402:7500:578:e0b2:405e:6fff:fe7c:884b - - [17/Aug/2026:10:47:57 +0800] "-" 408 339 "-" "-"
::1 - - [17/Aug/2026:10:47:58 +0800] "OPTIONS * HTTP/1.0" 200 110 "-" "Apache/2.4.68 (Ubuntu) OpenSSL/3.0.19 (internal dummy connection)"
::1 - - [17/Aug/2026:10:47:59 +0800] "OPTIONS * HTTP/1.0" 200 110 "-" "Apache/2.4.68 (Ubuntu) OpenSSL/3.0.19 (internal dummy connection)"
140.111.67.10 - - [17/Aug/2026:10:48:00 +0800] "GET /" 301 273 "-" "-"
2001:288:a201::66:125 - - [17/Aug/2026:10:48:00 +0800] "GET /blog/active.php HTTP/1.1" 404 1084 "-" "-"
2001:288:a201::66:125 - - [17/Aug/2026:10:48:00 +0800] "GET /blog/active.php HTTP/1.1" 301 1026 "-" "-"
::1 - - [17/Aug/2026:10:48:00 +0800] "OPTIONS * HTTP/1.0" 200 110 "-" "Apache/2.4.68 (Ubuntu) OpenSSL/3.0.19 (internal dummy connection)"
::1 - - [17/Aug/2026:10:48:01 +0800] "OPTIONS * HTTP/1.0" 200 110 "-" "Apache/2.4.68 (Ubuntu) OpenSSL/3.0.19 (internal dummy connection)"
140.111.67.86 - - [17/Aug/2026:10:48:01 +0800] "GET / HTTP/1.1" 200 56292 "-" "curl/7.81.0"
2001:288:a201::67:81 - - [17/Aug/2026:10:48:01 +0800] "GET / HTTP/1.1" 200 56292 "-" "curl/7.81.0"
2001:288:a201::67:84 - - [17/Aug/2026:10:48:02 +0800] "GET / HTTP/1.1" 200 56292 "-" "curl/7.81.0"
34.195.146.77 - - [17/Aug/2026:10:48:02 +0800] "GET /wp-content/uploads/sites/311/2022/ HTTP/1.1" 200 1315 "-" "Mozilla/5.0 (Macintosh; Intel Mac OS X 10_15_7) AppleWebKit/605.1.15 (KHTML, like Gecko) Chrome/139.0.0.0 Safari/605.1.15"
::1 - - [17/Aug/2026:10:48:02 +0800] "OPTIONS * HTTP/1.0" 200 110 "-" "Apache/2.4.68 (Ubuntu) OpenSSL/3.0.19 (internal dummy connection)"
2402:7500:942:34cb:2158:db71:86ba:38d8 - - [17/Aug/2026:10:48:03 +0800] "-" 408 339 "-" "-"
2402:7500:942:34cb:2158:db71:86ba:38d8 - - [17/Aug/2026:10:48:03 +0800] "-" 408 339 "-" "-"
52.167.144.156 - - [17/Aug/2026:10:48:03 +0800] "GET /cges103/wp-content/uploads/sites/2380/2022/04/IMG_20220325_081201.jpg HTTP/1.1" 200 108954 "-" "Mozilla/5.0 AppleWebKit/537.36 (KHTML, like Gecko; compatible; bingbot/2.0; +http://www.bing.com/bingbot.htm) Chrome/116.0.1938.76 Safari/537.36"
::1 - - [17/Aug/2026:10:48:03 +0800] "OPTIONS * HTTP/1.0" 200 110 "-" "Apache/2.4.68 (Ubuntu) OpenSSL/3.0.19 (internal dummy connection)"
2001:b400:e13d:ee6a:6348:a3ce:1c68:6f88 - - [17/Aug/2026:10:48:04 +0800] "-" 408 4802 "-" "-"
140.111.67.10 - - [17/Aug/2026:10:48:05 +0800] "GET /" 301 273 "-" "-"
2001:288:a201::66:125 - - [17/Aug/2026:10:48:05 +0800] "GET /blog/active.php HTTP/1.1" 301 1026 "-" "-"
2001:288:a201::66:125 - - [17/Aug/2026:10:48:05 +0800] "GET /blog/active.php HTTP/1.1" 404 1084 "-" "-"
::1 - - [17/Aug/2026:10:48:05 +0800] "OPTIONS * HTTP/1.0" 200 110 "-" "Apache/2.4.68 (Ubuntu) OpenSSL/3.0.19 (internal dummy connection)"
140.111.67.195 - - [17/Aug/2026:10:48:06 +0800] "GET /wp-admin/admin-post.php?action=steps_ad HTTP/1.1" 200 1973 "-" "node-fetch/1.0 (+https://github.com/bitinn/node-fetch)"
::1 - - [17/Aug/2026:10:48:06 +0800] "OPTIONS * HTTP/1.0" 200 110 "-" "Apache/2.4.68 (Ubuntu) OpenSSL/3.0.19 (internal dummy connection)"
2402:7500:578:e0b2:405e:6fff:fe7c:884b - - [17/Aug/2026:10:48:09 +0800] "-" 408 339 "-" "-"
140.111.67.10 - - [17/Aug/2026:10:48:10 +0800] "GET /" 301 273 "-" "-"
2001:288:a201::66:125 - - [17/Aug/2026:10:48:10 +0800] "GET /blog/active.php HTTP/1.1" 404 1084 "-" "-"
2001:288:a201::66:125 - - [17/Aug/2026:10:48:10 +0800] "GET /blog/active.php HTTP/1.1" 301 1026 "-" "-"
::1 - - [17/Aug/2026:10:48:10 +0800] "OPTIONS * HTTP/1.0" 200 110 "-" "Apache/2.4.68 (Ubuntu) OpenSSL/3.0.19 (internal dummy connection)"
140.111.67.195 - - [17/Aug/2026:10:48:11 +0800] "GET /wp-admin/admin-post.php?action=steps_ad HTTP/1.1" 200 1649 "-" "node-fetch/1.0 (+https://github.com/bitinn/node-fetch)"
49.158.205.218 - - [17/Aug/2026:10:48:11 +0800] "GET / HTTP/1.1" 200 30087 "https://tw.search.yahoo.com/" "Mozilla/5.0 (Windows NT 10.0; Win64; x64) AppleWebKit/537.36 (KHTML, like Gecko) Chrome/151.0.0.0 Safari/537.36 Edg/151.0.0.0"
140.111.67.195 - - [17/Aug/2026:10:48:11 +0800] "GET /wp-admin/admin-post.php?action=steps_ad HTTP/1.1" 200 1649 "-" "node-fetch/1.0 (+https://github.com/bitinn/node-fetch)"
140.111.191.141 - - [17/Aug/2026:10:48:11 +0800] "-" 408 4796 "-" "-"
140.113.0.229 - - [17/Aug/2026:10:48:11 +0800] "GET /3589/ HTTP/1.1" 200 18155 "https://i.ilc.edu.tw/" "Mozilla/5.0 (Windows NT 10.0; Win64; x64) AppleWebKit/537.36 (KHTML, like Gecko) Chrome/151.0.0.0 Safari/537.36"
140.113.0.229 - - [17/Aug/2026:10:48:12 +0800] "GET /3589/wp-content/cache/2blog.ilc.edu.tw/wpfc-minified/9jl71m69/5wt40.css HTTP/1.1" 200 40886 "https://2blog.ilc.edu.tw/3589/" "Mozilla/5.0 (Windows NT 10.0; Win64; x64) AppleWebKit/537.36 (KHTML, like Gecko) Chrome/151.0.0.0 Safari/537.36"
140.113.0.229 - - [17/Aug/2026:10:48:12 +0800] "GET /3589/wp-content/cache/2blog.ilc.edu.tw/wpfc-minified/km9ixg1m/5wt40.css HTTP/1.1" 200 1496 "https://2blog.ilc.edu.tw/3589/" "Mozilla/5.0 (Windows NT 10.0; Win64; x64) AppleWebKit/537.36 (KHTML, like Gecko) Chrome/151.0.0.0 Safari/537.36"
140.113.0.229 - - [17/Aug/2026:10:48:12 +0800] "GET /3589/wp-content/cache/2blog.ilc.edu.tw/wpfc-minified/1choutpk/5wt40.css HTTP/1.1" 200 86036 "https://2blog.ilc.edu.tw/3589/" "Mozilla/5.0 (Windows NT 10.0; Win64; x64) AppleWebKit/537.36 (KHTML, like Gecko) Chrome/151.0.0.0 Safari/537.36"
140.113.0.229 - - [17/Aug/2026:10:48:12 +0800] "GET /3589/wp-content/uploads/sites/38/elementor/css/post-1039.css HTTP/1.1" 200 1269 "https://2blog.ilc.edu.tw/3589/" "Mozilla/5.0 (Windows NT 10.0; Win64; x64) AppleWebKit/537.36 (KHTML, like Gecko) Chrome/151.0.0.0 Safari/537.36"
140.113.0.229 - - [17/Aug/2026:10:48:12 +0800] "GET /3589/wp-content/cache/2blog.ilc.edu.tw/wpfc-minified/98bt4jo1/5wt40.css HTTP/1.1" 200 47263 "https://2blog.ilc.edu.tw/3589/" "Mozilla/5.0 (Windows NT 10.0; Win64; x64) AppleWebKit/537.36 (KHTML, like Gecko) Chrome/151.0.0.0 Safari/537.36"
140.113.0.229 - - [17/Aug/2026:10:48:12 +0800] "GET /3589/wp-content/uploads/sites/38/elementor/css/post-983.css HTTP/1.1" 200 1538 "https://2blog.ilc.edu.tw/3589/" "Mozilla/5.0 (Windows NT 10.0; Win64; x64) AppleWebKit/537.36 (KHTML, like Gecko) Chrome/151.0.0.0 Safari/537.36"
140.113.0.229 - - [17/Aug/2026:10:48:12 +0800] "GET /3589/wp-content/cache/2blog.ilc.edu.tw/wpfc-minified/qtjp6njw/5wt40.js HTTP/1.1" 200 35563 "https://2blog.ilc.edu.tw/3589/" "Mozilla/5.0 (Windows NT 10.0; Win64; x64) AppleWebKit/537.36 (KHTML, like Gecko) Chrome/151.0.0.0 Safari/537.36"
140.113.0.229 - - [17/Aug/2026:10:48:12 +0800] "GET /3589/wp-content/uploads/sites/38/2020/03/3589-819368.gif HTTP/1.1" 200 6398 "https://2blog.ilc.edu.tw/3589/" "Mozilla/5.0 (Windows NT 10.0; Win64; x64) AppleWebKit/537.36 (KHTML, like Gecko) Chrome/151.0.0.0 Safari/537.36"
140.113.0.229 - - [17/Aug/2026:10:48:12 +0800] "GET /3589/wp-includes/js/hoverintent-js.min.js HTTP/1.1" 200 1597 "https://2blog.ilc.edu.tw/3589/" "Mozilla/5.0 (Windows NT 10.0; Win64; x64) AppleWebKit/537.36 (KHTML, like Gecko) Chrome/151.0.0.0 Safari/537.36"
140.113.0.229 - - [17/Aug/2026:10:48:12 +0800] "GET /3589/wp-includes/js/admin-bar.min.js HTTP/1.1" 200 2237 "https://2blog.ilc.edu.tw/3589/" "Mozilla/5.0 (Windows NT 10.0; Win64; x64) AppleWebKit/537.36 (KHTML, like Gecko) Chrome/151.0.0.0 Safari/537.36"
140.113.0.229 - - [17/Aug/2026:10:48:12 +0800] "GET /3589/wp-includes/js/imagesloaded.min.js HTTP/1.1" 200 2683 "https://2blog.ilc.edu.tw/3589/" "Mozilla/5.0 (Windows NT 10.0; Win64; x64) AppleWebKit/537.36 (KHTML, like Gecko) Chrome/151.0.0.0 Safari/537.36"
140.113.0.229 - - [17/Aug/2026:10:48:12 +0800] "GET /3589/wp-content/themes/oceanwp/assets/js/theme.min.js HTTP/1.1" 200 5130 "https://2blog.ilc.edu.tw/3589/" "Mozilla/5.0 (Windows NT 10.0; Win64; x64) AppleWebKit/537.36 (KHTML, like Gecko) Chrome/151.0.0.0 Safari/537.36"
140.113.0.229 - - [17/Aug/2026:10:48:12 +0800] "GET /3589/wp-content/themes/oceanwp/assets/js/drop-down-mobile-menu.min.js HTTP/1.1" 200 4663 "https://2blog.ilc.edu.tw/3589/" "Mozilla/5.0 (Windows NT 10.0; Win64; x64) AppleWebKit/537.36 (KHTML, like Gecko) Chrome/151.0.0.0 Safari/537.36"
140.113.0.229 - - [17/Aug/2026:10:48:12 +0800] "GET /3589/wp-content/themes/oceanwp/assets/js/drop-down-search.min.js HTTP/1.1" 200 2968 "https://2blog.ilc.edu.tw/3589/" "Mozilla/5.0 (Windows NT 10.0; Win64; x64) AppleWebKit/537.36 (KHTML, like Gecko) Chrome/151.0.0.0 Safari/537.36"
140.113.0.229 - - [17/Aug/2026:10:48:12 +0800] "GET /3589/wp-content/themes/oceanwp/assets/js/vendors/magnific-popup.min.js HTTP/1.1" 200 8270 "https://2blog.ilc.edu.tw/3589/" "Mozilla/5.0 (Windows NT 10.0; Win64; x64) AppleWebKit/537.36 (KHTML, like Gecko) Chrome/151.0.0.0 Safari/537.36"
140.113.0.229 - - [17/Aug/2026:10:48:12 +0800] "GET /3589/wp-content/themes/oceanwp/assets/js/ow-lightbox.min.js HTTP/1.1" 200 2321 "https://2blog.ilc.edu.tw/3589/" "Mozilla/5.0 (Windows NT 10.0; Win64; x64) AppleWebKit/537.36 (KHTML, like Gecko) Chrome/151.0.0.0 Safari/537.36"
140.113.0.229 - - [17/Aug/2026:10:48:12 +0800] "GET /3589/wp-content/themes/oceanwp/assets/js/vendors/flickity.pkgd.min.js HTTP/1.1" 200 15048 "https://2blog.ilc.edu.tw/3589/" "Mozilla/5.0 (Windows NT 10.0; Win64; x64) AppleWebKit/537.36 (KHTML, like Gecko) Chrome/151.0.0.0 Safari/537.36"
140.113.0.229 - - [17/Aug/2026:10:48:12 +0800] "GET /3589/wp-content/themes/oceanwp/assets/js/ow-slider.min.js HTTP/1.1" 200 1761 "https://2blog.ilc.edu.tw/3589/" "Mozilla/5.0 (Windows NT 10.0; Win64; x64) AppleWebKit/537.36 (KHTML, like Gecko) Chrome/151.0.0.0 Safari/537.36"
140.113.0.229 - - [17/Aug/2026:10:48:12 +0800] "GET /3589/wp-content/themes/oceanwp/assets/js/scroll-effect.min.js HTTP/1.1" 200 4127 "https://2blog.ilc.edu.tw/3589/" "Mozilla/5.0 (Windows NT 10.0; Win64; x64) AppleWebKit/537.36 (KHTML, like Gecko) Chrome/151.0.0.0 Safari/537.36"
140.113.0.229 - - [17/Aug/2026:10:48:12 +0800] "GET /3589/wp-content/themes/oceanwp/assets/js/scroll-top.min.js HTTP/1.1" 200 3202 "https://2blog.ilc.edu.tw/3589/" "Mozilla/5.0 (Windows NT 10.0; Win64; x64) AppleWebKit/537.36 (KHTML, like Gecko) Chrome/151.0.0.0 Safari/537.36"
140.113.0.229 - - [17/Aug/2026:10:48:12 +0800] "GET /3589/wp-content/uploads/sites/38/2021/05/%E5%AE%9C%E8%98%AD%E7%B7%9A%E4%B8%8A%E5%B0%8F%E5%AD%B8%E5%A0%82%E5%B0%8FCON-01-1.png HTTP/1.1" 200 8283 "https://2blog.ilc.edu.tw/3589/" "Mozilla/5.0 (Windows NT 10.0; Win64; x64) AppleWebKit/537.36 (KHTML, like Gecko) Chrome/151.0.0.0 Safari/537.36"
140.113.0.229 - - [17/Aug/2026:10:48:12 +0800] "GET /3589/wp-content/uploads/sites/38/2020/03/3589-3524392-2.jpg HTTP/1.1" 200 131720 "https://2blog.ilc.edu.tw/3589/" "Mozilla/5.0 (Windows NT 10.0; Win64; x64) AppleWebKit/537.36 (KHTML, like Gecko) Chrome/151.0.0.0 Safari/537.36"
140.113.0.229 - - [17/Aug/2026:10:48:12 +0800] "GET /3589/wp-content/uploads/sites/38/2022/06/%E5%AD%B8%E7%94%9F%E5%B8%B3%E8%99%9F%E6%9F%A5%E8%A9%A2-01-01.png HTTP/1.1" 200 5613 "https://2blog.ilc.edu.tw/3589/" "Mozilla/5.0 (Windows NT 10.0; Win64; x64) AppleWebKit/537.36 (KHTML, like Gecko) Chrome/151.0.0.0 Safari/537.36"
140.113.0.229 - - [17/Aug/2026:10:48:12 +0800] "GET /3589/wp-content/uploads/sites/38/2020/08/3589-2195819.jpg HTTP/1.1" 200 6334 "https://2blog.ilc.edu.tw/3589/" "Mozilla/5.0 (Windows NT 10.0; Win64; x64) AppleWebKit/537.36 (KHTML, like Gecko) Chrome/151.0.0.0 Safari/537.36"
140.113.0.229 - - [17/Aug/2026:10:48:12 +0800] "GET /3589/wp-content/uploads/sites/38/elementor/thumbs/E%E5%AD%B8%E9%99%A2%E9%85%B7%E8%AA%B2%E9%9B%B2%E5%AE%8C%E6%88%90%E4%B8%B2%E6%8E%A51-01-pqx7vza8tdoyuq0ktuxcqj0ffy5c81e3exc467l2ls.png HTTP/1.1" 200 147043 "https://2blog.ilc.edu.tw/3589/" "Mozilla/5.0 (Windows NT 10.0; Win64; x64) AppleWebKit/537.36 (KHTML, like Gecko) Chrome/151.0.0.0 Safari/537.36"
140.113.0.229 - - [17/Aug/2026:10:48:12 +0800] "GET /3589/wp-content/uploads/sites/38/elementor/thumbs/-%E5%B0%B1%E6%98%AF%E8%A6%81%E7%98%8Be%E5%A4%8F%E7%98%8B%E5%AD%B8%E7%BF%92_FB%E9%AB%98%E8%A7%A3%E6%9E%90-q87x1p18xs3u0vra6pfixf2m2ajtpfs41r8raedhf4.png HTTP/1.1" 200 204930 "https://2blog.ilc.edu.tw/3589/" "Mozilla/5.0 (Windows NT 10.0; Win64; x64) AppleWebKit/537.36 (KHTML, like Gecko) Chrome/151.0.0.0 Safari/537.36"
140.113.0.229 - - [17/Aug/2026:10:48:12 +0800] "GET /3589/wp-content/uploads/sites/38/2020/08/3589-1786103.gif HTTP/1.1" 200 3926 "https://2blog.ilc.edu.tw/3589/" "Mozilla/5.0 (Windows NT 10.0; Win64; x64) AppleWebKit/537.36 (KHTML, like Gecko) Chrome/151.0.0.0 Safari/537.36"
140.113.0.229 - - [17/Aug/2026:10:48:12 +0800] "GET /3589/wp-content/uploads/sites/38/2020/08/3589-1781025.gif HTTP/1.1" 200 3922 "https://2blog.ilc.edu.tw/3589/" "Mozilla/5.0 (Windows NT 10.0; Win64; x64) AppleWebKit/537.36 (KHTML, like Gecko) Chrome/151.0.0.0 Safari/537.36"
140.113.0.229 - - [17/Aug/2026:10:48:12 +0800] "GET /3589/wp-content/uploads/sites/38/elementor/thumbs/3589-2455532-omoyaep3sxpinp8v9cce9bqfa3qifka2ziyl1j2wue.jpg HTTP/1.1" 200 19570 "https://2blog.ilc.edu.tw/3589/" "Mozilla/5.0 (Windows NT 10.0; Win64; x64) AppleWebKit/537.36 (KHTML, like Gecko) Chrome/151.0.0.0 Safari/537.36"
140.113.0.229 - - [17/Aug/2026:10:48:12 +0800] "GET /3589/wp-content/uploads/sites/38/elementor/thumbs/241430048_401482004939009_6437562896466035850_n-pdrf8c8xt0zs2rcz0mesiscup25f1whrogkah2ktca.png HTTP/1.1" 200 21682 "https://2blog.ilc.edu.tw/3589/" "Mozilla/5.0 (Windows NT 10.0; Win64; x64) AppleWebKit/537.36 (KHTML, like Gecko) Chrome/151.0.0.0 Safari/537.36"
140.113.0.229 - - [17/Aug/2026:10:48:12 +0800] "GET /3589/wp-content/themes/oceanwp/assets/js/select.min.js HTTP/1.1" 200 2408 "https://2blog.ilc.edu.tw/3589/" "Mozilla/5.0 (Windows NT 10.0; Win64; x64) AppleWebKit/537.36 (KHTML, like Gecko) Chrome/151.0.0.0 Safari/537.36"
140.113.0.229 - - [17/Aug/2026:10:48:12 +0800] "GET /3589/wp-content/plugins/elementor-pro/assets/js/webpack-pro.runtime.min.js HTTP/1.1" 200 3562 "https://2blog.ilc.edu.tw/3589/" "Mozilla/5.0 (Windows NT 10.0; Win64; x64) AppleWebKit/537.36 (KHTML, like Gecko) Chrome/151.0.0.0 Safari/537.36"
140.113.0.229 - - [17/Aug/2026:10:48:12 +0800] "GET /3589/wp-content/plugins/elementor/assets/js/webpack.runtime.min.js HTTP/1.1" 200 3095 "https://2blog.ilc.edu.tw/3589/" "Mozilla/5.0 (Windows NT 10.0; Win64; x64) AppleWebKit/537.36 (KHTML, like Gecko) Chrome/151.0.0.0 Safari/537.36"
140.113.0.229 - - [17/Aug/2026:10:48:12 +0800] "GET /3589/wp-includes/js/dist/hooks.min.js HTTP/1.1" 200 2421 "https://2blog.ilc.edu.tw/3589/" "Mozilla/5.0 (Windows NT 10.0; Win64; x64) AppleWebKit/537.36 (KHTML, like Gecko) Chrome/151.0.0.0 Safari/537.36"
140.113.0.229 - - [17/Aug/2026:10:48:12 +0800] "GET /3589/wp-content/plugins/elementor/assets/js/frontend-modules.min.js HTTP/1.1" 200 19416 "https://2blog.ilc.edu.tw/3589/" "Mozilla/5.0 (Windows NT 10.0; Win64; x64) AppleWebKit/537.36 (KHTML, like Gecko) Chrome/151.0.0.0 Safari/537.36"
140.113.0.229 - - [17/Aug/2026:10:48:12 +0800] "GET /3589/wp-includes/js/dist/i18n.min.js HTTP/1.1" 200 4547 "https://2blog.ilc.edu.tw/3589/" "Mozilla/5.0 (Windows NT 10.0; Win64; x64) AppleWebKit/537.36 (KHTML, like Gecko) Chrome/151.0.0.0 Safari/537.36"
140.113.0.229 - - [17/Aug/2026:10:48:12 +0800] "GET /3589/wp-content/plugins/elementor-pro/assets/js/frontend.min.js HTTP/1.1" 200 7574 "https://2blog.ilc.edu.tw/3589/" "Mozilla/5.0 (Windows NT 10.0; Win64; x64) AppleWebKit/537.36 (KHTML, like Gecko) Chrome/151.0.0.0 Safari/537.36"
140.113.0.229 - - [17/Aug/2026:10:48:12 +0800] "GET /3589/wp-content/plugins/elementor/assets/lib/waypoints/waypoints.min.js HTTP/1.1" 200 3873 "https://2blog.ilc.edu.tw/3589/" "Mozilla/5.0 (Windows NT 10.0; Win64; x64) AppleWebKit/537.36 (KHTML, like Gecko) Chrome/151.0.0.0 Safari/537.36"
140.113.0.229 - - [17/Aug/2026:10:48:12 +0800] "GET /3589/wp-includes/js/jquery/ui/core.min.js HTTP/1.1" 200 7986 "https://2blog.ilc.edu.tw/3589/" "Mozilla/5.0 (Windows NT 10.0; Win64; x64) AppleWebKit/537.36 (KHTML, like Gecko) Chrome/151.0.0.0 Safari/537.36"
140.113.0.229 - - [17/Aug/2026:10:48:12 +0800] "GET /3589/wp-content/plugins/elementor/assets/js/frontend.min.js HTTP/1.1" 200 13169 "https://2blog.ilc.edu.tw/3589/" "Mozilla/5.0 (Windows NT 10.0; Win64; x64) AppleWebKit/537.36 (KHTML, like Gecko) Chrome/151.0.0.0 Safari/537.36"
140.113.0.229 - - [17/Aug/2026:10:48:12 +0800] "GET /3589/wp-content/plugins/elementor-pro/assets/js/elements-handlers.min.js HTTP/1.1" 200 10882 "https://2blog.ilc.edu.tw/3589/" "Mozilla/5.0 (Windows NT 10.0; Win64; x64) AppleWebKit/537.36 (KHTML, like Gecko) Chrome/151.0.0.0 Safari/537.36"
140.113.0.229 - - [17/Aug/2026:10:48:12 +0800] "GET /3589/wp-content/plugins/elementor-pro/assets/js/load-more.bc9573b5d1f73abd80b9.bundle.min.js HTTP/1.1" 200 2424 "https://2blog.ilc.edu.tw/3589/" "Mozilla/5.0 (Windows NT 10.0; Win64; x64) AppleWebKit/537.36 (KHTML, like Gecko) Chrome/151.0.0.0 Safari/537.36"
140.113.0.229 - - [17/Aug/2026:10:48:12 +0800] "GET /3589/wp-content/plugins/elementor-pro/assets/js/posts.caaf3e27e57db8207afc.bundle.min.js HTTP/1.1" 200 2145 "https://2blog.ilc.edu.tw/3589/" "Mozilla/5.0 (Windows NT 10.0; Win64; x64) AppleWebKit/537.36 (KHTML, like Gecko) Chrome/151.0.0.0 Safari/537.36"
140.111.67.195 - - [17/Aug/2026:10:48:12 +0800] "GET /wp-admin/admin-post.php?action=steps_ad HTTP/1.1" 200 1649 "-" "node-fetch/1.0 (+https://github.com/bitinn/node-fetch)"
66.249.71.64 - - [17/Aug/2026:10:48:12 +0800] "GET /41336/category/c-112381/ HTTP/1.1" 200 24633 "-" "Mozilla/5.0 (compatible; Googlebot/2.1; +http://www.google.com/bot.html)"
2001:288:a26a:1:6923:8bf3:4374:c578 - - [17/Aug/2026:10:48:12 +0800] "POST /hsics/wp-admin/admin-ajax.php HTTP/1.1" 200 1459 "https://2blog.ilc.edu.tw/hsics/wp-admin/edit.php" "Mozilla/5.0 (Windows NT 10.0; Win64; x64) AppleWebKit/537.36 (KHTML, like Gecko) Chrome/151.0.0.0 Safari/537.36"
140.111.67.195 - - [17/Aug/2026:10:48:12 +0800] "GET /wp-admin/admin-post.php?action=steps_ad HTTP/1.1" 200 1649 "-" "node-fetch/1.0 (+https://github.com/bitinn/node-fetch)"
140.113.0.229 - - [17/Aug/2026:10:48:13 +0800] "GET /favicon.ico HTTP/1.1" 302 1030 "https://2blog.ilc.edu.tw/3589/" "Mozilla/5.0 (Windows NT 10.0; Win64; x64) AppleWebKit/537.36 (KHTML, like Gecko) Chrome/151.0.0.0 Safari/537.36"
140.113.0.229 - - [17/Aug/2026:10:48:13 +0800] "GET /wp-includes/images/w-logo-blue-white-bg.png HTTP/1.1" 200 4946 "https://2blog.ilc.edu.tw/3589/" "Mozilla/5.0 (Windows NT 10.0; Win64; x64) AppleWebKit/537.36 (KHTML, like Gecko) Chrome/151.0.0.0 Safari/537.36"
66.249.68.200 - - [17/Aug/2026:10:48:14 +0800] "GET /taiwanmilingual/wp-content/uploads/sites/3242/2021/05/7.png HTTP/1.1" 304 5571 "-" "Googlebot-Image/1.0"
140.111.67.10 - - [17/Aug/2026:10:48:15 +0800] "GET /" 301 273 "-" "-"
49.158.205.218 - - [17/Aug/2026:10:48:15 +0800] "GET / HTTP/1.1" 200 25285 "https://tw.search.yahoo.com/" "Mozilla/5.0 (Windows NT 10.0; Win64; x64) AppleWebKit/537.36 (KHTML, like Gecko) Chrome/151.0.0.0 Safari/537.36 Edg/151.0.0.0"
140.111.67.195 - - [17/Aug/2026:10:48:15 +0800] "GET /wp-admin/admin-post.php?action=steps_ad HTTP/1.1" 200 1649 "-" "node-fetch/1.0 (+https://github.com/bitinn/node-fetch)"
66.249.68.200 - - [17/Aug/2026:10:48:15 +0800] "GET /1003/2015/11/02/%E4%B8%89%E4%B8%8A%E7%AC%AC9%E9%80%B1%E6%88%90%E8%AA%9E%E5%B9%BD%E9%9D%88%EF%BD%9E%E6%81%90%E6%80%96%E5%93%A6%EF%BC%81/ HTTP/1.1" 200 13910 "-" "Mozilla/5.0 (Linux; Android 6.0.1; Nexus 5X Build/MMB29P) AppleWebKit/537.36 (KHTML, like Gecko) Chrome/150.0.7871.186 Mobile Safari/537.36 (compatible; Googlebot/2.1; +http://www.google.com/bot.html)"
2001:288:a224:1:d024:ea22:b9bb:d1 - - [17/Aug/2026:10:48:15 +0800] "GET /yceec/ HTTP/1.1" 200 22249 "-" "Mozilla/5.0 (Windows NT 10.0; Win64; x64) AppleWebKit/537.36 (KHTML, like Gecko) Chrome/151.0.0.0 Safari/537.36"
2001:288:a224:1:d024:ea22:b9bb:d1 - - [17/Aug/2026:10:48:15 +0800] "GET /yceec/wp-content/cache/2blog.ilc.edu.tw/wpfc-minified/swvqvpd/5wox5.css HTTP/1.1" 200 40887 "https://2blog.ilc.edu.tw/yceec/" "Mozilla/5.0 (Windows NT 10.0; Win64; x64) AppleWebKit/537.36 (KHTML, like Gecko) Chrome/151.0.0.0 Safari/537.36"
2001:288:a224:1:d024:ea22:b9bb:d1 - - [17/Aug/2026:10:48:15 +0800] "GET /yceec/wp-content/cache/2blog.ilc.edu.tw/wpfc-minified/jo89wcdw/5wox5.css HTTP/1.1" 200 1496 "https://2blog.ilc.edu.tw/yceec/" "Mozilla/5.0 (Windows NT 10.0; Win64; x64) AppleWebKit/537.36 (KHTML, like Gecko) Chrome/151.0.0.0 Safari/537.36"
2001:288:a224:1:d024:ea22:b9bb:d1 - - [17/Aug/2026:10:48:15 +0800] "GET /yceec/wp-content/cache/2blog.ilc.edu.tw/wpfc-minified/mm08hyzw/5wox5.css HTTP/1.1" 200 16121 "https://2blog.ilc.edu.tw/yceec/" "Mozilla/5.0 (Windows NT 10.0; Win64; x64) AppleWebKit/537.36 (KHTML, like Gecko) Chrome/151.0.0.0 Safari/537.36"
2001:288:a224:1:d024:ea22:b9bb:d1 - - [17/Aug/2026:10:48:15 +0800] "GET /yceec/wp-content/cache/2blog.ilc.edu.tw/wpfc-minified/d4ghssot/5wox5.css HTTP/1.1" 200 37877 "https://2blog.ilc.edu.tw/yceec/" "Mozilla/5.0 (Windows NT 10.0; Win64; x64) AppleWebKit/537.36 (KHTML, like Gecko) Chrome/151.0.0.0 Safari/537.36"
2001:288:a224:1:d024:ea22:b9bb:d1 - - [17/Aug/2026:10:48:15 +0800] "GET /yceec/wp-content/cache/2blog.ilc.edu.tw/wpfc-minified/ld73b6gh/5wox5.css HTTP/1.1" 200 33805 "https://2blog.ilc.edu.tw/yceec/" "Mozilla/5.0 (Windows NT 10.0; Win64; x64) AppleWebKit/537.36 (KHTML, like Gecko) Chrome/151.0.0.0 Safari/537.36"
2001:288:a224:1:d024:ea22:b9bb:d1 - - [17/Aug/2026:10:48:15 +0800] "GET /yceec/wp-content/uploads/sites/200/elementor/css/post-671.css HTTP/1.1" 200 1268 "https://2blog.ilc.edu.tw/yceec/" "Mozilla/5.0 (Windows NT 10.0; Win64; x64) AppleWebKit/537.36 (KHTML, like Gecko) Chrome/151.0.0.0 Safari/537.36"
2001:288:a224:1:d024:ea22:b9bb:d1 - - [17/Aug/2026:10:48:15 +0800] "GET /yceec/wp-content/uploads/sites/200/elementor/css/post-1648.css HTTP/1.1" 200 1948 "https://2blog.ilc.edu.tw/yceec/" "Mozilla/5.0 (Windows NT 10.0; Win64; x64) AppleWebKit/537.36 (KHTML, like Gecko) Chrome/151.0.0.0 Safari/537.36"
2001:288:a224:1:d024:ea22:b9bb:d1 - - [17/Aug/2026:10:48:15 +0800] "GET /yceec/wp-content/uploads/sites/200/elementor/css/post-1701.css HTTP/1.1" 200 3056 "https://2blog.ilc.edu.tw/yceec/" "Mozilla/5.0 (Windows NT 10.0; Win64; x64) AppleWebKit/537.36 (KHTML, like Gecko) Chrome/151.0.0.0 Safari/537.36"
2001:288:a224:1:d024:ea22:b9bb:d1 - - [17/Aug/2026:10:48:15 +0800] "GET /yceec/wp-content/cache/2blog.ilc.edu.tw/wpfc-minified/ftbuk8sd/5wox5.css HTTP/1.1" 200 47287 "https://2blog.ilc.edu.tw/yceec/" "Mozilla/5.0 (Windows NT 10.0; Win64; x64) AppleWebKit/537.36 (KHTML, like Gecko) Chrome/151.0.0.0 Safari/537.36"
2001:288:a224:1:d024:ea22:b9bb:d1 - - [17/Aug/2026:10:48:15 +0800] "GET /yceec/wp-content/cache/2blog.ilc.edu.tw/wpfc-minified/lnvkuhy8/5wox5.css HTTP/1.1" 200 13904 "https://2blog.ilc.edu.tw/yceec/" "Mozilla/5.0 (Windows NT 10.0; Win64; x64) AppleWebKit/537.36 (KHTML, like Gecko) Chrome/151.0.0.0 Safari/537.36"
2001:288:a224:1:d024:ea22:b9bb:d1 - - [17/Aug/2026:10:48:15 +0800] "GET /yceec/wp-content/uploads/sites/200/2025/12/%E6%9C%80%E6%96%B0%E6%B6%88%E6%81%AF-%E5%92%96%E8%89%B2.png HTTP/1.1" 200 35706 "https://2blog.ilc.edu.tw/yceec/" "Mozilla/5.0 (Windows NT 10.0; Win64; x64) AppleWebKit/537.36 (KHTML, like Gecko) Chrome/151.0.0.0 Safari/537.36"
2001:288:a224:1:d024:ea22:b9bb:d1 - - [17/Aug/2026:10:48:15 +0800] "GET /yceec/wp-content/cache/2blog.ilc.edu.tw/wpfc-minified/efej57fm/5wox5.js HTTP/1.1" 200 35563 "https://2blog.ilc.edu.tw/yceec/" "Mozilla/5.0 (Windows NT 10.0; Win64; x64) AppleWebKit/537.36 (KHTML, like Gecko) Chrome/151.0.0.0 Safari/537.36"
2001:288:a224:1:d024:ea22:b9bb:d1 - - [17/Aug/2026:10:48:15 +0800] "GET /yceec/wp-content/uploads/sites/200/2025/12/%E6%95%99%E8%82%B2%E8%99%95-4137-768x292%E5%8E%BB%E8%83%8C.png HTTP/1.1" 200 82909 "https://2blog.ilc.edu.tw/yceec/" "Mozilla/5.0 (Windows NT 10.0; Win64; x64) AppleWebKit/537.36 (KHTML, like Gecko) Chrome/151.0.0.0 Safari/537.36"
2001:288:a224:1:d024:ea22:b9bb:d1 - - [17/Aug/2026:10:48:15 +0800] "GET /yceec/wp-content/cache/2blog.ilc.edu.tw/wpfc-minified/lkb8ga6v/5woxg.css HTTP/1.1" 200 3465 "https://2blog.ilc.edu.tw/yceec/" "Mozilla/5.0 (Windows NT 10.0; Win64; x64) AppleWebKit/537.36 (KHTML, like Gecko) Chrome/151.0.0.0 Safari/537.36"
2001:288:a224:1:d024:ea22:b9bb:d1 - - [17/Aug/2026:10:48:15 +0800] "GET /yceec/wp-includes/js/hoverintent-js.min.js HTTP/1.1" 200 1597 "https://2blog.ilc.edu.tw/yceec/" "Mozilla/5.0 (Windows NT 10.0; Win64; x64) AppleWebKit/537.36 (KHTML, like Gecko) Chrome/151.0.0.0 Safari/537.36"
2001:288:a224:1:d024:ea22:b9bb:d1 - - [17/Aug/2026:10:48:15 +0800] "GET /yceec/wp-includes/js/admin-bar.min.js HTTP/1.1" 200 2237 "https://2blog.ilc.edu.tw/yceec/" "Mozilla/5.0 (Windows NT 10.0; Win64; x64) AppleWebKit/537.36 (KHTML, like Gecko) Chrome/151.0.0.0 Safari/537.36"
2001:288:a224:1:d024:ea22:b9bb:d1 - - [17/Aug/2026:10:48:15 +0800] "GET /yceec/wp-content/uploads/sites/200/2025/12/%E5%AE%9C%E8%98%AD%E7%B8%A3%E6%94%BF%E5%BA%9C.png HTTP/1.1" 200 60208 "https://2blog.ilc.edu.tw/yceec/" "Mozilla/5.0 (Windows NT 10.0; Win64; x64) AppleWebKit/537.36 (KHTML, like Gecko) Chrome/151.0.0.0 Safari/537.36"
140.111.67.195 - - [17/Aug/2026:10:48:15 +0800] "GET /wp-admin/admin-post.php?action=steps_ad HTTP/1.1" 200 1649 "-" "node-fetch/1.0 (+https://github.com/bitinn/node-fetch)"
2001:288:a224:1:d024:ea22:b9bb:d1 - - [17/Aug/2026:10:48:15 +0800] "GET /yceec/wp-content/themes/primer/assets/js/navigation.min.js HTTP/1.1" 200 1144 "https://2blog.ilc.edu.tw/yceec/" "Mozilla/5.0 (Windows NT 10.0; Win64; x64) AppleWebKit/537.36 (KHTML, like Gecko) Chrome/151.0.0.0 Safari/537.36"
2001:288:a224:1:d024:ea22:b9bb:d1 - - [17/Aug/2026:10:48:15 +0800] "GET /yceec/wp-content/plugins/elementor-pro/assets/lib/smartmenus/jquery.smartmenus.min.js HTTP/1.1" 200 7967 "https://2blog.ilc.edu.tw/yceec/" "Mozilla/5.0 (Windows NT 10.0; Win64; x64) AppleWebKit/537.36 (KHTML, like Gecko) Chrome/151.0.0.0 Safari/537.36"
2001:288:a224:1:d024:ea22:b9bb:d1 - - [17/Aug/2026:10:48:15 +0800] "GET /yceec/wp-includes/js/imagesloaded.min.js HTTP/1.1" 200 2683 "https://2blog.ilc.edu.tw/yceec/" "Mozilla/5.0 (Windows NT 10.0; Win64; x64) AppleWebKit/537.36 (KHTML, like Gecko) Chrome/151.0.0.0 Safari/537.36"
2001:288:a224:1:d024:ea22:b9bb:d1 - - [17/Aug/2026:10:48:15 +0800] "GET /yceec/wp-content/plugins/elementor-pro/assets/js/webpack-pro.runtime.min.js HTTP/1.1" 200 3562 "https://2blog.ilc.edu.tw/yceec/" "Mozilla/5.0 (Windows NT 10.0; Win64; x64) AppleWebKit/537.36 (KHTML, like Gecko) Chrome/151.0.0.0 Safari/537.36"
2001:288:a224:1:d024:ea22:b9bb:d1 - - [17/Aug/2026:10:48:15 +0800] "GET /yceec/wp-content/plugins/elementor/assets/js/webpack.runtime.min.js HTTP/1.1" 200 3095 "https://2blog.ilc.edu.tw/yceec/" "Mozilla/5.0 (Windows NT 10.0; Win64; x64) AppleWebKit/537.36 (KHTML, like Gecko) Chrome/151.0.0.0 Safari/537.36"
2001:288:a224:1:d024:ea22:b9bb:d1 - - [17/Aug/2026:10:48:15 +0800] "GET /yceec/wp-content/plugins/elementor/assets/js/frontend-modules.min.js HTTP/1.1" 200 19416 "https://2blog.ilc.edu.tw/yceec/" "Mozilla/5.0 (Windows NT 10.0; Win64; x64) AppleWebKit/537.36 (KHTML, like Gecko) Chrome/151.0.0.0 Safari/537.36"
2001:288:a224:1:d024:ea22:b9bb:d1 - - [17/Aug/2026:10:48:15 +0800] "GET /yceec/wp-includes/js/dist/hooks.min.js HTTP/1.1" 200 2421 "https://2blog.ilc.edu.tw/yceec/" "Mozilla/5.0 (Windows NT 10.0; Win64; x64) AppleWebKit/537.36 (KHTML, like Gecko) Chrome/151.0.0.0 Safari/537.36"
2001:288:a224:1:d024:ea22:b9bb:d1 - - [17/Aug/2026:10:48:15 +0800] "GET /yceec/wp-includes/js/dist/i18n.min.js HTTP/1.1" 200 4547 "https://2blog.ilc.edu.tw/yceec/" "Mozilla/5.0 (Windows NT 10.0; Win64; x64) AppleWebKit/537.36 (KHTML, like Gecko) Chrome/151.0.0.0 Safari/537.36"
2001:288:a224:1:d024:ea22:b9bb:d1 - - [17/Aug/2026:10:48:15 +0800] "GET /yceec/wp-content/plugins/elementor-pro/assets/js/frontend.min.js HTTP/1.1" 200 7574 "https://2blog.ilc.edu.tw/yceec/" "Mozilla/5.0 (Windows NT 10.0; Win64; x64) AppleWebKit/537.36 (KHTML, like Gecko) Chrome/151.0.0.0 Safari/537.36"
2001:288:a224:1:d024:ea22:b9bb:d1 - - [17/Aug/2026:10:48:15 +0800] "GET /yceec/wp-content/plugins/elementor/assets/lib/waypoints/waypoints.min.js HTTP/1.1" 200 3873 "https://2blog.ilc.edu.tw/yceec/" "Mozilla/5.0 (Windows NT 10.0; Win64; x64) AppleWebKit/537.36 (KHTML, like Gecko) Chrome/151.0.0.0 Safari/537.36"
2001:288:a224:1:d024:ea22:b9bb:d1 - - [17/Aug/2026:10:48:15 +0800] "GET /yceec/wp-includes/js/jquery/ui/core.min.js HTTP/1.1" 200 7986 "https://2blog.ilc.edu.tw/yceec/" "Mozilla/5.0 (Windows NT 10.0; Win64; x64) AppleWebKit/537.36 (KHTML, like Gecko) Chrome/151.0.0.0 Safari/537.36"
2001:288:a224:1:d024:ea22:b9bb:d1 - - [17/Aug/2026:10:48:15 +0800] "GET /yceec/wp-content/plugins/elementor/assets/js/frontend.min.js HTTP/1.1" 200 13169 "https://2blog.ilc.edu.tw/yceec/" "Mozilla/5.0 (Windows NT 10.0; Win64; x64) AppleWebKit/537.36 (KHTML, like Gecko) Chrome/151.0.0.0 Safari/537.36"
2001:288:a224:1:d024:ea22:b9bb:d1 - - [17/Aug/2026:10:48:15 +0800] "GET /yceec/wp-content/plugins/elementor-pro/assets/js/elements-handlers.min.js HTTP/1.1" 200 10882 "https://2blog.ilc.edu.tw/yceec/" "Mozilla/5.0 (Windows NT 10.0; Win64; x64) AppleWebKit/537.36 (KHTML, like Gecko) Chrome/151.0.0.0 Safari/537.36"
2001:288:a224:1:d024:ea22:b9bb:d1 - - [17/Aug/2026:10:48:15 +0800] "GET /yceec/wp-content/uploads/sites/200/2025/12/WEB2-1.png HTTP/1.1" 200 332665 "https://2blog.ilc.edu.tw/yceec/wp-content/uploads/sites/200/elementor/css/post-1701.css" "Mozilla/5.0 (Windows NT 10.0; Win64; x64) AppleWebKit/537.36 (KHTML, like Gecko) Chrome/151.0.0.0 Safari/537.36"
2001:288:a224:1:d024:ea22:b9bb:d1 - - [17/Aug/2026:10:48:15 +0800] "GET /yceec/wp-content/uploads/sites/200/2025/12/WEB-1.png HTTP/1.1" 200 420163 "https://2blog.ilc.edu.tw/yceec/wp-content/uploads/sites/200/elementor/css/post-1701.css" "Mozilla/5.0 (Windows NT 10.0; Win64; x64) AppleWebKit/537.36 (KHTML, like Gecko) Chrome/151.0.0.0 Safari/537.36"
2001:288:a224:1:d024:ea22:b9bb:d1 - - [17/Aug/2026:10:48:16 +0800] "GET /yceec/wp-content/plugins/elementor/assets/lib/eicons/fonts/eicons.woff2?5.30.0 HTTP/1.1" 200 98225 "https://2blog.ilc.edu.tw/yceec/wp-content/cache/2blog.ilc.edu.tw/wpfc-minified/ld73b6gh/5wox5.css" "Mozilla/5.0 (Windows NT 10.0; Win64; x64) AppleWebKit/537.36 (KHTML, like Gecko) Chrome/151.0.0.0 Safari/537.36"
2001:288:a224:1:d024:ea22:b9bb:d1 - - [17/Aug/2026:10:48:16 +0800] "GET /yceec/wp-content/plugins/elementor/assets/lib/font-awesome/webfonts/fa-solid-900.woff2 HTTP/1.1" 200 79223 "https://2blog.ilc.edu.tw/yceec/wp-content/cache/2blog.ilc.edu.tw/wpfc-minified/lnvkuhy8/5wox5.css" "Mozilla/5.0 (Windows NT 10.0; Win64; x64) AppleWebKit/537.36 (KHTML, like Gecko) Chrome/151.0.0.0 Safari/537.36"
2001:288:a224:1:d024:ea22:b9bb:d1 - - [17/Aug/2026:10:48:16 +0800] "GET /yceec/wp-content/plugins/elementor-pro/assets/js/nav-menu.e65811186e94a386ba7b.bundle.min.js HTTP/1.1" 200 2690 "https://2blog.ilc.edu.tw/yceec/" "Mozilla/5.0 (Windows NT 10.0; Win64; x64) AppleWebKit/537.36 (KHTML, like Gecko) Chrome/151.0.0.0 Safari/537.36"
2001:288:a224:1:d024:ea22:b9bb:d1 - - [17/Aug/2026:10:48:16 +0800] "GET /yceec/wp-content/plugins/elementor-pro/assets/js/slides.fb6b9afd278bb9c5e75b.bundle.min.js HTTP/1.1" 200 2348 "https://2blog.ilc.edu.tw/yceec/" "Mozilla/5.0 (Windows NT 10.0; Win64; x64) AppleWebKit/537.36 (KHTML, like Gecko) Chrome/151.0.0.0 Safari/537.36"
2001:288:a224:1:d024:ea22:b9bb:d1 - - [17/Aug/2026:10:48:16 +0800] "GET /yceec/wp-content/plugins/elementor-pro/assets/js/60745ddf42fde6647dbc.bundle.min.js HTTP/1.1" 200 9219 "https://2blog.ilc.edu.tw/yceec/" "Mozilla/5.0 (Windows NT 10.0; Win64; x64) AppleWebKit/537.36 (KHTML, like Gecko) Chrome/151.0.0.0 Safari/537.36"
2001:288:a224:1:d024:ea22:b9bb:d1 - - [17/Aug/2026:10:48:16 +0800] "GET /yceec/wp-content/plugins/elementor-pro/assets/js/search-form.a25a87283d08dad12f18.bundle.min.js HTTP/1.1" 200 1700 "https://2blog.ilc.edu.tw/yceec/" "Mozilla/5.0 (Windows NT 10.0; Win64; x64) AppleWebKit/537.36 (KHTML, like Gecko) Chrome/151.0.0.0 Safari/537.36"
2001:288:a224:1:d024:ea22:b9bb:d1 - - [17/Aug/2026:10:48:16 +0800] "GET /yceec/wp-content/plugins/elementor-pro/assets/js/table-of-contents.8fd1a0cc520a3fc67bd8.bundle.min.js HTTP/1.1" 200 3684 "https://2blog.ilc.edu.tw/yceec/" "Mozilla/5.0 (Windows NT 10.0; Win64; x64) AppleWebKit/537.36 (KHTML, like Gecko) Chrome/151.0.0.0 Safari/537.36"
2001:288:a224:1:d024:ea22:b9bb:d1 - - [17/Aug/2026:10:48:16 +0800] "GET /yceec/wp-content/plugins/elementor-pro/assets/js/social.2d2e44e8608690943f29.bundle.min.js HTTP/1.1" 200 1433 "https://2blog.ilc.edu.tw/yceec/" "Mozilla/5.0 (Windows NT 10.0; Win64; x64) AppleWebKit/537.36 (KHTML, like Gecko) Chrome/151.0.0.0 Safari/537.36"
2001:288:a224:1:d024:ea22:b9bb:d1 - - [17/Aug/2026:10:48:16 +0800] "GET /yceec/wp-content/plugins/elementor-pro/assets/js/archive-posts.d30c917134774f65dd6d.bundle.min.js HTTP/1.1" 200 3190 "https://2blog.ilc.edu.tw/yceec/" "Mozilla/5.0 (Windows NT 10.0; Win64; x64) AppleWebKit/537.36 (KHTML, like Gecko) Chrome/151.0.0.0 Safari/537.36"
2001:288:a224:1:d024:ea22:b9bb:d1 - - [17/Aug/2026:10:48:16 +0800] "GET /yceec/wp-content/plugins/elementor/assets/lib/swiper/v8/swiper.min.js?ver=8.4.5 HTTP/1.1" 200 40708 "https://2blog.ilc.edu.tw/yceec/" "Mozilla/5.0 (Windows NT 10.0; Win64; x64) AppleWebKit/537.36 (KHTML, like Gecko) Chrome/151.0.0.0 Safari/537.36"
140.111.67.195 - - [17/Aug/2026:10:48:16 +0800] "GET /wp-admin/admin-post.php?action=steps_ad HTTP/1.1" 200 1649 "-" "node-fetch/1.0 (+https://github.com/bitinn/node-fetch)"
2001:288:a201::66:125 - - [17/Aug/2026:10:48:16 +0800] "GET /blog/active.php HTTP/1.1" 404 1084 "-" "-"
2001:288:a201::66:125 - - [17/Aug/2026:10:48:16 +0800] "GET /blog/active.php HTTP/1.1" 301 1026 "-" "-"
1.170.6.184 - - [17/Aug/2026:10:48:16 +0800] "GET /1003/2017/03/21/%E5%9B%9B%E4%B8%8B%E7%AC%AC3%E9%80%B1%E5%80%92%E6%95%98%E6%B3%95%E5%AF%AB%E4%BD%9C%E4%B8%80%E6%9D%9F%E9%AE%AE%E8%8A%B1/ HTTP/1.1" 200 21334 "https://tw.search.yahoo.com/" "Mozilla/5.0 (Windows NT 10.0; Win64; x64) AppleWebKit/537.36 (KHTML, like Gecko) Chrome/151.0.0.0 Safari/537.36"
1.170.6.184 - - [17/Aug/2026:10:48:16 +0800] "GET /1003/wp-content/cache/2blog.ilc.edu.tw/wpfc-minified/mknpejql/5woub.css HTTP/1.1" 200 40886 "https://2blog.ilc.edu.tw/1003/2017/03/21/%E5%9B%9B%E4%B8%8B%E7%AC%AC3%E9%80%B1%E5%80%92%E6%95%98%E6%B3%95%E5%AF%AB%E4%BD%9C%E4%B8%80%E6%9D%9F%E9%AE%AE%E8%8A%B1/" "Mozilla/5.0 (Windows NT 10.0; Win64; x64) AppleWebKit/537.36 (KHTML, like Gecko) Chrome/151.0.0.0 Safari/537.36"
1.170.6.184 - - [17/Aug/2026:10:48:17 +0800] "GET /1003/wp-content/cache/2blog.ilc.edu.tw/wpfc-minified/8x7tn0v6/5wohd.css HTTP/1.1" 200 15980 "https://2blog.ilc.edu.tw/1003/2017/03/21/%E5%9B%9B%E4%B8%8B%E7%AC%AC3%E9%80%B1%E5%80%92%E6%95%98%E6%B3%95%E5%AF%AB%E4%BD%9C%E4%B8%80%E6%9D%9F%E9%AE%AE%E8%8A%B1/" "Mozilla/5.0 (Windows NT 10.0; Win64; x64) AppleWebKit/537.36 (KHTML, like Gecko) Chrome/151.0.0.0 Safari/537.36"
1.170.6.184 - - [17/Aug/2026:10:48:17 +0800] "GET /1003/wp-content/cache/2blog.ilc.edu.tw/wpfc-minified/lx5sg0nx/5wohd.css HTTP/1.1" 200 18290 "https://2blog.ilc.edu.tw/1003/2017/03/21/%E5%9B%9B%E4%B8%8B%E7%AC%AC3%E9%80%B1%E5%80%92%E6%95%98%E6%B3%95%E5%AF%AB%E4%BD%9C%E4%B8%80%E6%9D%9F%E9%AE%AE%E8%8A%B1/" "Mozilla/5.0 (Windows NT 10.0; Win64; x64) AppleWebKit/537.36 (KHTML, like Gecko) Chrome/151.0.0.0 Safari/537.36"
1.170.6.184 - - [17/Aug/2026:10:48:17 +0800] "GET /1003/wp-content/cache/2blog.ilc.edu.tw/wpfc-minified/7jci0eqx/5woub.js HTTP/1.1" 200 35562 "https://2blog.ilc.edu.tw/1003/2017/03/21/%E5%9B%9B%E4%B8%8B%E7%AC%AC3%E9%80%B1%E5%80%92%E6%95%98%E6%B3%95%E5%AF%AB%E4%BD%9C%E4%B8%80%E6%9D%9F%E9%AE%AE%E8%8A%B1/" "Mozilla/5.0 (Windows NT 10.0; Win64; x64) AppleWebKit/537.36 (KHTML, like Gecko) Chrome/151.0.0.0 Safari/537.36"
1.170.6.184 - - [17/Aug/2026:10:48:17 +0800] "GET /1003/wp-content/cache/2blog.ilc.edu.tw/wpfc-minified/6jx87ldu/5wohd.js HTTP/1.1" 200 1641 "https://2blog.ilc.edu.tw/1003/2017/03/21/%E5%9B%9B%E4%B8%8B%E7%AC%AC3%E9%80%B1%E5%80%92%E6%95%98%E6%B3%95%E5%AF%AB%E4%BD%9C%E4%B8%80%E6%9D%9F%E9%AE%AE%E8%8A%B1/" "Mozilla/5.0 (Windows NT 10.0; Win64; x64) AppleWebKit/537.36 (KHTML, like Gecko) Chrome/151.0.0.0 Safari/537.36"
1.170.6.184 - - [17/Aug/2026:10:48:17 +0800] "GET /1003/wp-content/cache/2blog.ilc.edu.tw/wpfc-minified/q8iljgfz/5woub.js HTTP/1.1" 200 3455 "https://2blog.ilc.edu.tw/1003/2017/03/21/%E5%9B%9B%E4%B8%8B%E7%AC%AC3%E9%80%B1%E5%80%92%E6%95%98%E6%B3%95%E5%AF%AB%E4%BD%9C%E4%B8%80%E6%9D%9F%E9%AE%AE%E8%8A%B1/" "Mozilla/5.0 (Windows NT 10.0; Win64; x64) AppleWebKit/537.36 (KHTML, like Gecko) Chrome/151.0.0.0 Safari/537.36"
1.170.6.184 - - [17/Aug/2026:10:48:17 +0800] "GET /wp-content/uploads/sites/233/1003/1003-3796290.jpg HTTP/1.1" 200 94240 "https://2blog.ilc.edu.tw/1003/2017/03/21/%E5%9B%9B%E4%B8%8B%E7%AC%AC3%E9%80%B1%E5%80%92%E6%95%98%E6%B3%95%E5%AF%AB%E4%BD%9C%E4%B8%80%E6%9D%9F%E9%AE%AE%E8%8A%B1/" "Mozilla/5.0 (Windows NT 10.0; Win64; x64) AppleWebKit/537.36 (KHTML, like Gecko) Chrome/151.0.0.0 Safari/537.36"
1.170.6.184 - - [17/Aug/2026:10:48:17 +0800] "GET /1003/wp-includes/js/hoverintent-js.min.js HTTP/1.1" 200 1597 "https://2blog.ilc.edu.tw/1003/2017/03/21/%E5%9B%9B%E4%B8%8B%E7%AC%AC3%E9%80%B1%E5%80%92%E6%95%98%E6%B3%95%E5%AF%AB%E4%BD%9C%E4%B8%80%E6%9D%9F%E9%AE%AE%E8%8A%B1/" "Mozilla/5.0 (Windows NT 10.0; Win64; x64) AppleWebKit/537.36 (KHTML, like Gecko) Chrome/151.0.0.0 Safari/537.36"
1.170.6.184 - - [17/Aug/2026:10:48:17 +0800] "GET /wp-content/uploads/sites/233/1003/1003-3796291.jpg HTTP/1.1" 200 85803 "https://2blog.ilc.edu.tw/1003/2017/03/21/%E5%9B%9B%E4%B8%8B%E7%AC%AC3%E9%80%B1%E5%80%92%E6%95%98%E6%B3%95%E5%AF%AB%E4%BD%9C%E4%B8%80%E6%9D%9F%E9%AE%AE%E8%8A%B1/" "Mozilla/5.0 (Windows NT 10.0; Win64; x64) AppleWebKit/537.36 (KHTML, like Gecko) Chrome/151.0.0.0 Safari/537.36"
1.170.6.184 - - [17/Aug/2026:10:48:17 +0800] "GET /wp-content/uploads/sites/233/1003/1003-3796292.jpg HTTP/1.1" 200 74872 "https://2blog.ilc.edu.tw/1003/2017/03/21/%E5%9B%9B%E4%B8%8B%E7%AC%AC3%E9%80%B1%E5%80%92%E6%95%98%E6%B3%95%E5%AF%AB%E4%BD%9C%E4%B8%80%E6%9D%9F%E9%AE%AE%E8%8A%B1/" "Mozilla/5.0 (Windows NT 10.0; Win64; x64) AppleWebKit/537.36 (KHTML, like Gecko) Chrome/151.0.0.0 Safari/537.36"
1.170.6.184 - - [17/Aug/2026:10:48:17 +0800] "GET /1003/wp-content/uploads/sites/233/2023/04/338250713_886939739267121_7258247398763374813_n.jpg HTTP/1.1" 200 101554 "https://2blog.ilc.edu.tw/1003/2017/03/21/%E5%9B%9B%E4%B8%8B%E7%AC%AC3%E9%80%B1%E5%80%92%E6%95%98%E6%B3%95%E5%AF%AB%E4%BD%9C%E4%B8%80%E6%9D%9F%E9%AE%AE%E8%8A%B1/" "Mozilla/5.0 (Windows NT 10.0; Win64; x64) AppleWebKit/537.36 (KHTML, like Gecko) Chrome/151.0.0.0 Safari/537.36"
