2001:288:66b5:88:f054:5461:7e18:224b - - [17/Aug/2026:10:42:25 +0800] "GET /26151/wp-content/cache/2blog.ilc.edu.tw/wpfc-minified/kxz5d64a/5wowj.css HTTP/1.1" 200 7988 "https://2blog.ilc.edu.tw/26151/2025/07/04/%E6%95%99%E5%B8%AB%E5%8F%8A%E5%AD%B8%E7%94%9F%E5%8A%A9%E7%90%86%E4%BA%BA%E5%93%A1%E6%95%99%E8%82%B2%E9%83%A8%E7%B7%9A%E4%B8%8A%E7%A0%94%E7%BF%92%E8%B3%87%E8%A8%8A/" "Mozilla/5.0 (Windows NT 10.0; Win64; x64) AppleWebKit/537.36 (KHTML, like Gecko) Chrome/151.0.0.0 Safari/537.36"
2001:288:66b5:88:f054:5461:7e18:224b - - [17/Aug/2026:10:42:25 +0800] "GET /26151/wp-content/cache/2blog.ilc.edu.tw/wpfc-minified/klk42qct/5wowj.css HTTP/1.1" 200 86849 "https://2blog.ilc.edu.tw/26151/2025/07/04/%E6%95%99%E5%B8%AB%E5%8F%8A%E5%AD%B8%E7%94%9F%E5%8A%A9%E7%90%86%E4%BA%BA%E5%93%A1%E6%95%99%E8%82%B2%E9%83%A8%E7%B7%9A%E4%B8%8A%E7%A0%94%E7%BF%92%E8%B3%87%E8%A8%8A/" "Mozilla/5.0 (Windows NT 10.0; Win64; x64) AppleWebKit/537.36 (KHTML, like Gecko) Chrome/151.0.0.0 Safari/537.36"
2001:288:66b5:88:f054:5461:7e18:224b - - [17/Aug/2026:10:42:25 +0800] "GET /26151/wp-content/cache/2blog.ilc.edu.tw/wpfc-minified/zab1kgf/5wowi.css HTTP/1.1" 200 13905 "https://2blog.ilc.edu.tw/26151/2025/07/04/%E6%95%99%E5%B8%AB%E5%8F%8A%E5%AD%B8%E7%94%9F%E5%8A%A9%E7%90%86%E4%BA%BA%E5%93%A1%E6%95%99%E8%82%B2%E9%83%A8%E7%B7%9A%E4%B8%8A%E7%A0%94%E7%BF%92%E8%B3%87%E8%A8%8A/" "Mozilla/5.0 (Windows NT 10.0; Win64; x64) AppleWebKit/537.36 (KHTML, like Gecko) Chrome/151.0.0.0 Safari/537.36"
2001:288:66b5:88:f054:5461:7e18:224b - - [17/Aug/2026:10:42:26 +0800] "GET /26151/wp-content/cache/2blog.ilc.edu.tw/wpfc-minified/e4pe9263/5wowj.js HTTP/1.1" 200 1643 "https://2blog.ilc.edu.tw/26151/2025/07/04/%E6%95%99%E5%B8%AB%E5%8F%8A%E5%AD%B8%E7%94%9F%E5%8A%A9%E7%90%86%E4%BA%BA%E5%93%A1%E6%95%99%E8%82%B2%E9%83%A8%E7%B7%9A%E4%B8%8A%E7%A0%94%E7%BF%92%E8%B3%87%E8%A8%8A/" "Mozilla/5.0 (Windows NT 10.0; Win64; x64) AppleWebKit/537.36 (KHTML, like Gecko) Chrome/151.0.0.0 Safari/537.36"
2001:288:66b5:88:f054:5461:7e18:224b - - [17/Aug/2026:10:42:26 +0800] "GET /26151/wp-content/cache/2blog.ilc.edu.tw/wpfc-minified/lavtaioi/5wowj.js HTTP/1.1" 200 35566 "https://2blog.ilc.edu.tw/26151/2025/07/04/%E6%95%99%E5%B8%AB%E5%8F%8A%E5%AD%B8%E7%94%9F%E5%8A%A9%E7%90%86%E4%BA%BA%E5%93%A1%E6%95%99%E8%82%B2%E9%83%A8%E7%B7%9A%E4%B8%8A%E7%A0%94%E7%BF%92%E8%B3%87%E8%A8%8A/" "Mozilla/5.0 (Windows NT 10.0; Win64; x64) AppleWebKit/537.36 (KHTML, like Gecko) Chrome/151.0.0.0 Safari/537.36"
2001:288:66b5:88:f054:5461:7e18:224b - - [17/Aug/2026:10:42:26 +0800] "GET /26151/wp-content/uploads/sites/1079/2021/04/123.jpg HTTP/1.1" 200 57238 "https://2blog.ilc.edu.tw/26151/2025/07/04/%E6%95%99%E5%B8%AB%E5%8F%8A%E5%AD%B8%E7%94%9F%E5%8A%A9%E7%90%86%E4%BA%BA%E5%93%A1%E6%95%99%E8%82%B2%E9%83%A8%E7%B7%9A%E4%B8%8A%E7%A0%94%E7%BF%92%E8%B3%87%E8%A8%8A/" "Mozilla/5.0 (Windows NT 10.0; Win64; x64) AppleWebKit/537.36 (KHTML, like Gecko) Chrome/151.0.0.0 Safari/537.36"
2001:288:66b5:88:f054:5461:7e18:224b - - [17/Aug/2026:10:42:26 +0800] "GET /26151/wp-includes/js/hoverintent-js.min.js HTTP/1.1" 200 1597 "https://2blog.ilc.edu.tw/26151/2025/07/04/%E6%95%99%E5%B8%AB%E5%8F%8A%E5%AD%B8%E7%94%9F%E5%8A%A9%E7%90%86%E4%BA%BA%E5%93%A1%E6%95%99%E8%82%B2%E9%83%A8%E7%B7%9A%E4%B8%8A%E7%A0%94%E7%BF%92%E8%B3%87%E8%A8%8A/" "Mozilla/5.0 (Windows NT 10.0; Win64; x64) AppleWebKit/537.36 (KHTML, like Gecko) Chrome/151.0.0.0 Safari/537.36"
2001:288:66b5:88:f054:5461:7e18:224b - - [17/Aug/2026:10:42:26 +0800] "GET /26151/wp-includes/js/admin-bar.min.js HTTP/1.1" 200 2237 "https://2blog.ilc.edu.tw/26151/2025/07/04/%E6%95%99%E5%B8%AB%E5%8F%8A%E5%AD%B8%E7%94%9F%E5%8A%A9%E7%90%86%E4%BA%BA%E5%93%A1%E6%95%99%E8%82%B2%E9%83%A8%E7%B7%9A%E4%B8%8A%E7%A0%94%E7%BF%92%E8%B3%87%E8%A8%8A/" "Mozilla/5.0 (Windows NT 10.0; Win64; x64) AppleWebKit/537.36 (KHTML, like Gecko) Chrome/151.0.0.0 Safari/537.36"
2001:288:66b5:88:f054:5461:7e18:224b - - [17/Aug/2026:10:42:26 +0800] "GET /26151/wp-includes/js/imagesloaded.min.js HTTP/1.1" 200 2683 "https://2blog.ilc.edu.tw/26151/2025/07/04/%E6%95%99%E5%B8%AB%E5%8F%8A%E5%AD%B8%E7%94%9F%E5%8A%A9%E7%90%86%E4%BA%BA%E5%93%A1%E6%95%99%E8%82%B2%E9%83%A8%E7%B7%9A%E4%B8%8A%E7%A0%94%E7%BF%92%E8%B3%87%E8%A8%8A/" "Mozilla/5.0 (Windows NT 10.0; Win64; x64) AppleWebKit/537.36 (KHTML, like Gecko) Chrome/151.0.0.0 Safari/537.36"
2001:288:66b5:88:f054:5461:7e18:224b - - [17/Aug/2026:10:42:26 +0800] "GET /26151/wp-content/themes/oceanwp/assets/js/theme.min.js HTTP/1.1" 200 5130 "https://2blog.ilc.edu.tw/26151/2025/07/04/%E6%95%99%E5%B8%AB%E5%8F%8A%E5%AD%B8%E7%94%9F%E5%8A%A9%E7%90%86%E4%BA%BA%E5%93%A1%E6%95%99%E8%82%B2%E9%83%A8%E7%B7%9A%E4%B8%8A%E7%A0%94%E7%BF%92%E8%B3%87%E8%A8%8A/" "Mozilla/5.0 (Windows NT 10.0; Win64; x64) AppleWebKit/537.36 (KHTML, like Gecko) Chrome/151.0.0.0 Safari/537.36"
2001:288:66b5:88:f054:5461:7e18:224b - - [17/Aug/2026:10:42:26 +0800] "GET /26151/wp-content/themes/oceanwp/assets/js/drop-down-mobile-menu.min.js HTTP/1.1" 200 4663 "https://2blog.ilc.edu.tw/26151/2025/07/04/%E6%95%99%E5%B8%AB%E5%8F%8A%E5%AD%B8%E7%94%9F%E5%8A%A9%E7%90%86%E4%BA%BA%E5%93%A1%E6%95%99%E8%82%B2%E9%83%A8%E7%B7%9A%E4%B8%8A%E7%A0%94%E7%BF%92%E8%B3%87%E8%A8%8A/" "Mozilla/5.0 (Windows NT 10.0; Win64; x64) AppleWebKit/537.36 (KHTML, like Gecko) Chrome/151.0.0.0 Safari/537.36"
2001:288:66b5:88:f054:5461:7e18:224b - - [17/Aug/2026:10:42:26 +0800] "GET /26151/wp-content/themes/oceanwp/assets/js/drop-down-search.min.js HTTP/1.1" 200 2968 "https://2blog.ilc.edu.tw/26151/2025/07/04/%E6%95%99%E5%B8%AB%E5%8F%8A%E5%AD%B8%E7%94%9F%E5%8A%A9%E7%90%86%E4%BA%BA%E5%93%A1%E6%95%99%E8%82%B2%E9%83%A8%E7%B7%9A%E4%B8%8A%E7%A0%94%E7%BF%92%E8%B3%87%E8%A8%8A/" "Mozilla/5.0 (Windows NT 10.0; Win64; x64) AppleWebKit/537.36 (KHTML, like Gecko) Chrome/151.0.0.0 Safari/537.36"
2001:288:66b5:88:f054:5461:7e18:224b - - [17/Aug/2026:10:42:26 +0800] "GET /26151/wp-content/themes/oceanwp/assets/js/vendors/magnific-popup.min.js HTTP/1.1" 200 8270 "https://2blog.ilc.edu.tw/26151/2025/07/04/%E6%95%99%E5%B8%AB%E5%8F%8A%E5%AD%B8%E7%94%9F%E5%8A%A9%E7%90%86%E4%BA%BA%E5%93%A1%E6%95%99%E8%82%B2%E9%83%A8%E7%B7%9A%E4%B8%8A%E7%A0%94%E7%BF%92%E8%B3%87%E8%A8%8A/" "Mozilla/5.0 (Windows NT 10.0; Win64; x64) AppleWebKit/537.36 (KHTML, like Gecko) Chrome/151.0.0.0 Safari/537.36"
2001:288:66b5:88:f054:5461:7e18:224b - - [17/Aug/2026:10:42:26 +0800] "GET /26151/wp-content/themes/oceanwp/assets/js/ow-lightbox.min.js HTTP/1.1" 200 2321 "https://2blog.ilc.edu.tw/26151/2025/07/04/%E6%95%99%E5%B8%AB%E5%8F%8A%E5%AD%B8%E7%94%9F%E5%8A%A9%E7%90%86%E4%BA%BA%E5%93%A1%E6%95%99%E8%82%B2%E9%83%A8%E7%B7%9A%E4%B8%8A%E7%A0%94%E7%BF%92%E8%B3%87%E8%A8%8A/" "Mozilla/5.0 (Windows NT 10.0; Win64; x64) AppleWebKit/537.36 (KHTML, like Gecko) Chrome/151.0.0.0 Safari/537.36"
2001:288:66b5:88:f054:5461:7e18:224b - - [17/Aug/2026:10:42:26 +0800] "GET /26151/wp-content/themes/oceanwp/assets/js/vendors/flickity.pkgd.min.js HTTP/1.1" 200 15048 "https://2blog.ilc.edu.tw/26151/2025/07/04/%E6%95%99%E5%B8%AB%E5%8F%8A%E5%AD%B8%E7%94%9F%E5%8A%A9%E7%90%86%E4%BA%BA%E5%93%A1%E6%95%99%E8%82%B2%E9%83%A8%E7%B7%9A%E4%B8%8A%E7%A0%94%E7%BF%92%E8%B3%87%E8%A8%8A/" "Mozilla/5.0 (Windows NT 10.0; Win64; x64) AppleWebKit/537.36 (KHTML, like Gecko) Chrome/151.0.0.0 Safari/537.36"
2001:288:66b5:88:f054:5461:7e18:224b - - [17/Aug/2026:10:42:26 +0800] "GET /26151/wp-content/themes/oceanwp/assets/js/ow-slider.min.js HTTP/1.1" 200 1761 "https://2blog.ilc.edu.tw/26151/2025/07/04/%E6%95%99%E5%B8%AB%E5%8F%8A%E5%AD%B8%E7%94%9F%E5%8A%A9%E7%90%86%E4%BA%BA%E5%93%A1%E6%95%99%E8%82%B2%E9%83%A8%E7%B7%9A%E4%B8%8A%E7%A0%94%E7%BF%92%E8%B3%87%E8%A8%8A/" "Mozilla/5.0 (Windows NT 10.0; Win64; x64) AppleWebKit/537.36 (KHTML, like Gecko) Chrome/151.0.0.0 Safari/537.36"
2001:288:66b5:88:f054:5461:7e18:224b - - [17/Aug/2026:10:42:26 +0800] "GET /26151/wp-content/themes/oceanwp/assets/js/scroll-effect.min.js HTTP/1.1" 200 4127 "https://2blog.ilc.edu.tw/26151/2025/07/04/%E6%95%99%E5%B8%AB%E5%8F%8A%E5%AD%B8%E7%94%9F%E5%8A%A9%E7%90%86%E4%BA%BA%E5%93%A1%E6%95%99%E8%82%B2%E9%83%A8%E7%B7%9A%E4%B8%8A%E7%A0%94%E7%BF%92%E8%B3%87%E8%A8%8A/" "Mozilla/5.0 (Windows NT 10.0; Win64; x64) AppleWebKit/537.36 (KHTML, like Gecko) Chrome/151.0.0.0 Safari/537.36"
2001:288:66b5:88:f054:5461:7e18:224b - - [17/Aug/2026:10:42:26 +0800] "GET /26151/wp-content/themes/oceanwp/assets/js/scroll-top.min.js HTTP/1.1" 200 3202 "https://2blog.ilc.edu.tw/26151/2025/07/04/%E6%95%99%E5%B8%AB%E5%8F%8A%E5%AD%B8%E7%94%9F%E5%8A%A9%E7%90%86%E4%BA%BA%E5%93%A1%E6%95%99%E8%82%B2%E9%83%A8%E7%B7%9A%E4%B8%8A%E7%A0%94%E7%BF%92%E8%B3%87%E8%A8%8A/" "Mozilla/5.0 (Windows NT 10.0; Win64; x64) AppleWebKit/537.36 (KHTML, like Gecko) Chrome/151.0.0.0 Safari/537.36"
2001:288:66b5:88:f054:5461:7e18:224b - - [17/Aug/2026:10:42:26 +0800] "GET /26151/wp-content/themes/oceanwp/assets/js/select.min.js HTTP/1.1" 200 2408 "https://2blog.ilc.edu.tw/26151/2025/07/04/%E6%95%99%E5%B8%AB%E5%8F%8A%E5%AD%B8%E7%94%9F%E5%8A%A9%E7%90%86%E4%BA%BA%E5%93%A1%E6%95%99%E8%82%B2%E9%83%A8%E7%B7%9A%E4%B8%8A%E7%A0%94%E7%BF%92%E8%B3%87%E8%A8%8A/" "Mozilla/5.0 (Windows NT 10.0; Win64; x64) AppleWebKit/537.36 (KHTML, like Gecko) Chrome/151.0.0.0 Safari/537.36"
2001:288:66b5:88:f054:5461:7e18:224b - - [17/Aug/2026:10:42:26 +0800] "GET /26151/wp-content/plugins/ocean-extra/includes/widgets/js/flickr.min.js HTTP/1.1" 200 1319 "https://2blog.ilc.edu.tw/26151/2025/07/04/%E6%95%99%E5%B8%AB%E5%8F%8A%E5%AD%B8%E7%94%9F%E5%8A%A9%E7%90%86%E4%BA%BA%E5%93%A1%E6%95%99%E8%82%B2%E9%83%A8%E7%B7%9A%E4%B8%8A%E7%A0%94%E7%BF%92%E8%B3%87%E8%A8%8A/" "Mozilla/5.0 (Windows NT 10.0; Win64; x64) AppleWebKit/537.36 (KHTML, like Gecko) Chrome/151.0.0.0 Safari/537.36"
2001:288:66b5:88:f054:5461:7e18:224b - - [17/Aug/2026:10:42:26 +0800] "GET /26151/wp-content/plugins/elementor-pro/assets/lib/sticky/jquery.sticky.min.js HTTP/1.1" 200 2422 "https://2blog.ilc.edu.tw/26151/2025/07/04/%E6%95%99%E5%B8%AB%E5%8F%8A%E5%AD%B8%E7%94%9F%E5%8A%A9%E7%90%86%E4%BA%BA%E5%93%A1%E6%95%99%E8%82%B2%E9%83%A8%E7%B7%9A%E4%B8%8A%E7%A0%94%E7%BF%92%E8%B3%87%E8%A8%8A/" "Mozilla/5.0 (Windows NT 10.0; Win64; x64) AppleWebKit/537.36 (KHTML, like Gecko) Chrome/151.0.0.0 Safari/537.36"
2001:288:66b5:88:f054:5461:7e18:224b - - [17/Aug/2026:10:42:26 +0800] "GET /26151/wp-content/plugins/elementor-pro/assets/js/webpack-pro.runtime.min.js HTTP/1.1" 200 3562 "https://2blog.ilc.edu.tw/26151/2025/07/04/%E6%95%99%E5%B8%AB%E5%8F%8A%E5%AD%B8%E7%94%9F%E5%8A%A9%E7%90%86%E4%BA%BA%E5%93%A1%E6%95%99%E8%82%B2%E9%83%A8%E7%B7%9A%E4%B8%8A%E7%A0%94%E7%BF%92%E8%B3%87%E8%A8%8A/" "Mozilla/5.0 (Windows NT 10.0; Win64; x64) AppleWebKit/537.36 (KHTML, like Gecko) Chrome/151.0.0.0 Safari/537.36"
2001:288:66b5:88:f054:5461:7e18:224b - - [17/Aug/2026:10:42:26 +0800] "GET /26151/wp-content/plugins/elementor-pro/assets/lib/smartmenus/jquery.smartmenus.min.js HTTP/1.1" 200 7967 "https://2blog.ilc.edu.tw/26151/2025/07/04/%E6%95%99%E5%B8%AB%E5%8F%8A%E5%AD%B8%E7%94%9F%E5%8A%A9%E7%90%86%E4%BA%BA%E5%93%A1%E6%95%99%E8%82%B2%E9%83%A8%E7%B7%9A%E4%B8%8A%E7%A0%94%E7%BF%92%E8%B3%87%E8%A8%8A/" "Mozilla/5.0 (Windows NT 10.0; Win64; x64) AppleWebKit/537.36 (KHTML, like Gecko) Chrome/151.0.0.0 Safari/537.36"
2001:288:66b5:88:f054:5461:7e18:224b - - [17/Aug/2026:10:42:26 +0800] "GET /26151/wp-content/plugins/elementor/assets/js/webpack.runtime.min.js HTTP/1.1" 200 3095 "https://2blog.ilc.edu.tw/26151/2025/07/04/%E6%95%99%E5%B8%AB%E5%8F%8A%E5%AD%B8%E7%94%9F%E5%8A%A9%E7%90%86%E4%BA%BA%E5%93%A1%E6%95%99%E8%82%B2%E9%83%A8%E7%B7%9A%E4%B8%8A%E7%A0%94%E7%BF%92%E8%B3%87%E8%A8%8A/" "Mozilla/5.0 (Windows NT 10.0; Win64; x64) AppleWebKit/537.36 (KHTML, like Gecko) Chrome/151.0.0.0 Safari/537.36"
2001:288:66b5:88:f054:5461:7e18:224b - - [17/Aug/2026:10:42:26 +0800] "GET /26151/wp-content/plugins/elementor/assets/js/frontend-modules.min.js HTTP/1.1" 200 19416 "https://2blog.ilc.edu.tw/26151/2025/07/04/%E6%95%99%E5%B8%AB%E5%8F%8A%E5%AD%B8%E7%94%9F%E5%8A%A9%E7%90%86%E4%BA%BA%E5%93%A1%E6%95%99%E8%82%B2%E9%83%A8%E7%B7%9A%E4%B8%8A%E7%A0%94%E7%BF%92%E8%B3%87%E8%A8%8A/" "Mozilla/5.0 (Windows NT 10.0; Win64; x64) AppleWebKit/537.36 (KHTML, like Gecko) Chrome/151.0.0.0 Safari/537.36"
2001:288:66b5:88:f054:5461:7e18:224b - - [17/Aug/2026:10:42:26 +0800] "GET /26151/wp-includes/js/dist/hooks.min.js HTTP/1.1" 200 2421 "https://2blog.ilc.edu.tw/26151/2025/07/04/%E6%95%99%E5%B8%AB%E5%8F%8A%E5%AD%B8%E7%94%9F%E5%8A%A9%E7%90%86%E4%BA%BA%E5%93%A1%E6%95%99%E8%82%B2%E9%83%A8%E7%B7%9A%E4%B8%8A%E7%A0%94%E7%BF%92%E8%B3%87%E8%A8%8A/" "Mozilla/5.0 (Windows NT 10.0; Win64; x64) AppleWebKit/537.36 (KHTML, like Gecko) Chrome/151.0.0.0 Safari/537.36"
2001:288:66b5:88:f054:5461:7e18:224b - - [17/Aug/2026:10:42:26 +0800] "GET /26151/wp-includes/js/dist/i18n.min.js HTTP/1.1" 200 4547 "https://2blog.ilc.edu.tw/26151/2025/07/04/%E6%95%99%E5%B8%AB%E5%8F%8A%E5%AD%B8%E7%94%9F%E5%8A%A9%E7%90%86%E4%BA%BA%E5%93%A1%E6%95%99%E8%82%B2%E9%83%A8%E7%B7%9A%E4%B8%8A%E7%A0%94%E7%BF%92%E8%B3%87%E8%A8%8A/" "Mozilla/5.0 (Windows NT 10.0; Win64; x64) AppleWebKit/537.36 (KHTML, like Gecko) Chrome/151.0.0.0 Safari/537.36"
2001:288:66b5:88:f054:5461:7e18:224b - - [17/Aug/2026:10:42:26 +0800] "GET /26151/wp-content/plugins/elementor-pro/assets/js/frontend.min.js HTTP/1.1" 200 7574 "https://2blog.ilc.edu.tw/26151/2025/07/04/%E6%95%99%E5%B8%AB%E5%8F%8A%E5%AD%B8%E7%94%9F%E5%8A%A9%E7%90%86%E4%BA%BA%E5%93%A1%E6%95%99%E8%82%B2%E9%83%A8%E7%B7%9A%E4%B8%8A%E7%A0%94%E7%BF%92%E8%B3%87%E8%A8%8A/" "Mozilla/5.0 (Windows NT 10.0; Win64; x64) AppleWebKit/537.36 (KHTML, like Gecko) Chrome/151.0.0.0 Safari/537.36"
2001:288:66b5:88:f054:5461:7e18:224b - - [17/Aug/2026:10:42:26 +0800] "GET /26151/wp-content/plugins/elementor/assets/lib/waypoints/waypoints.min.js HTTP/1.1" 200 3873 "https://2blog.ilc.edu.tw/26151/2025/07/04/%E6%95%99%E5%B8%AB%E5%8F%8A%E5%AD%B8%E7%94%9F%E5%8A%A9%E7%90%86%E4%BA%BA%E5%93%A1%E6%95%99%E8%82%B2%E9%83%A8%E7%B7%9A%E4%B8%8A%E7%A0%94%E7%BF%92%E8%B3%87%E8%A8%8A/" "Mozilla/5.0 (Windows NT 10.0; Win64; x64) AppleWebKit/537.36 (KHTML, like Gecko) Chrome/151.0.0.0 Safari/537.36"
2001:288:66b5:88:f054:5461:7e18:224b - - [17/Aug/2026:10:42:26 +0800] "GET /26151/wp-includes/js/jquery/ui/core.min.js HTTP/1.1" 200 7986 "https://2blog.ilc.edu.tw/26151/2025/07/04/%E6%95%99%E5%B8%AB%E5%8F%8A%E5%AD%B8%E7%94%9F%E5%8A%A9%E7%90%86%E4%BA%BA%E5%93%A1%E6%95%99%E8%82%B2%E9%83%A8%E7%B7%9A%E4%B8%8A%E7%A0%94%E7%BF%92%E8%B3%87%E8%A8%8A/" "Mozilla/5.0 (Windows NT 10.0; Win64; x64) AppleWebKit/537.36 (KHTML, like Gecko) Chrome/151.0.0.0 Safari/537.36"
2001:288:66b5:88:f054:5461:7e18:224b - - [17/Aug/2026:10:42:26 +0800] "GET /26151/wp-content/plugins/elementor/assets/js/frontend.min.js HTTP/1.1" 200 13169 "https://2blog.ilc.edu.tw/26151/2025/07/04/%E6%95%99%E5%B8%AB%E5%8F%8A%E5%AD%B8%E7%94%9F%E5%8A%A9%E7%90%86%E4%BA%BA%E5%93%A1%E6%95%99%E8%82%B2%E9%83%A8%E7%B7%9A%E4%B8%8A%E7%A0%94%E7%BF%92%E8%B3%87%E8%A8%8A/" "Mozilla/5.0 (Windows NT 10.0; Win64; x64) AppleWebKit/537.36 (KHTML, like Gecko) Chrome/151.0.0.0 Safari/537.36"
2001:288:66b5:88:f054:5461:7e18:224b - - [17/Aug/2026:10:42:26 +0800] "GET /26151/wp-content/plugins/elementor-pro/assets/js/elements-handlers.min.js HTTP/1.1" 200 10882 "https://2blog.ilc.edu.tw/26151/2025/07/04/%E6%95%99%E5%B8%AB%E5%8F%8A%E5%AD%B8%E7%94%9F%E5%8A%A9%E7%90%86%E4%BA%BA%E5%93%A1%E6%95%99%E8%82%B2%E9%83%A8%E7%B7%9A%E4%B8%8A%E7%A0%94%E7%BF%92%E8%B3%87%E8%A8%8A/" "Mozilla/5.0 (Windows NT 10.0; Win64; x64) AppleWebKit/537.36 (KHTML, like Gecko) Chrome/151.0.0.0 Safari/537.36"
2001:288:66b5:88:f054:5461:7e18:224b - - [17/Aug/2026:10:42:26 +0800] "GET /26151/wp-content/uploads/sites/1079/2021/04/1120-1-1.jpg HTTP/1.1" 200 20437 "https://2blog.ilc.edu.tw/26151/wp-content/uploads/sites/1079/elementor/css/post-2090.css" "Mozilla/5.0 (Windows NT 10.0; Win64; x64) AppleWebKit/537.36 (KHTML, like Gecko) Chrome/151.0.0.0 Safari/537.36"
2001:288:66b5:88:f054:5461:7e18:224b - - [17/Aug/2026:10:42:26 +0800] "POST /26151/wp-json/ilc-summary/v1/popular-posts HTTP/1.1" 201 1401 "https://2blog.ilc.edu.tw/26151/2025/07/04/%E6%95%99%E5%B8%AB%E5%8F%8A%E5%AD%B8%E7%94%9F%E5%8A%A9%E7%90%86%E4%BA%BA%E5%93%A1%E6%95%99%E8%82%B2%E9%83%A8%E7%B7%9A%E4%B8%8A%E7%A0%94%E7%BF%92%E8%B3%87%E8%A8%8A/" "Mozilla/5.0 (Windows NT 10.0; Win64; x64) AppleWebKit/537.36 (KHTML, like Gecko) Chrome/151.0.0.0 Safari/537.36"
2001:288:66b5:88:f054:5461:7e18:224b - - [17/Aug/2026:10:42:26 +0800] "GET /26151/wp-content/themes/oceanwp/assets/fonts/simple-line-icons/Simple-Line-Icons.woff2?v=2.4.0 HTTP/1.1" 200 30959 "https://2blog.ilc.edu.tw/26151/wp-content/cache/2blog.ilc.edu.tw/wpfc-minified/klk42qct/5wowj.css" "Mozilla/5.0 (Windows NT 10.0; Win64; x64) AppleWebKit/537.36 (KHTML, like Gecko) Chrome/151.0.0.0 Safari/537.36"
2001:288:66b5:88:f054:5461:7e18:224b - - [17/Aug/2026:10:42:26 +0800] "GET /26151/wp-content/plugins/elementor/assets/lib/font-awesome/webfonts/fa-solid-900.woff2 HTTP/1.1" 200 79223 "https://2blog.ilc.edu.tw/26151/wp-content/cache/2blog.ilc.edu.tw/wpfc-minified/zab1kgf/5wowi.css" "Mozilla/5.0 (Windows NT 10.0; Win64; x64) AppleWebKit/537.36 (KHTML, like Gecko) Chrome/151.0.0.0 Safari/537.36"
2001:288:a26a:1:6923:8bf3:4374:c578 - - [17/Aug/2026:10:42:26 +0800] "POST /hsics/wp-admin/admin-ajax.php HTTP/1.1" 200 1459 "https://2blog.ilc.edu.tw/hsics/wp-admin/edit.php" "Mozilla/5.0 (Windows NT 10.0; Win64; x64) AppleWebKit/537.36 (KHTML, like Gecko) Chrome/151.0.0.0 Safari/537.36"
2001:288:66b5:88:f054:5461:7e18:224b - - [17/Aug/2026:10:42:26 +0800] "GET /26151/wp-content/plugins/elementor-pro/assets/js/nav-menu.e65811186e94a386ba7b.bundle.min.js HTTP/1.1" 200 2690 "https://2blog.ilc.edu.tw/26151/2025/07/04/%E6%95%99%E5%B8%AB%E5%8F%8A%E5%AD%B8%E7%94%9F%E5%8A%A9%E7%90%86%E4%BA%BA%E5%93%A1%E6%95%99%E8%82%B2%E9%83%A8%E7%B7%9A%E4%B8%8A%E7%A0%94%E7%BF%92%E8%B3%87%E8%A8%8A/" "Mozilla/5.0 (Windows NT 10.0; Win64; x64) AppleWebKit/537.36 (KHTML, like Gecko) Chrome/151.0.0.0 Safari/537.36"
2001:288:66b5:88:f054:5461:7e18:224b - - [17/Aug/2026:10:42:26 +0800] "GET /26151/wp-content/plugins/elementor/assets/js/video.d11c91c1b2b642a34601.bundle.min.js HTTP/1.1" 200 2161 "https://2blog.ilc.edu.tw/26151/2025/07/04/%E6%95%99%E5%B8%AB%E5%8F%8A%E5%AD%B8%E7%94%9F%E5%8A%A9%E7%90%86%E4%BA%BA%E5%93%A1%E6%95%99%E8%82%B2%E9%83%A8%E7%B7%9A%E4%B8%8A%E7%A0%94%E7%BF%92%E8%B3%87%E8%A8%8A/" "Mozilla/5.0 (Windows NT 10.0; Win64; x64) AppleWebKit/537.36 (KHTML, like Gecko) Chrome/151.0.0.0 Safari/537.36"
52.167.144.163 - - [17/Aug/2026:10:42:26 +0800] "GET /lunch/2025/06/24/114%E5%AD%B8%E5%B9%B4%E5%BA%A6%E5%AD%B8%E6%A0%A1%E5%8D%88%E9%A4%90%E5%A7%94%E5%A4%96%E8%BE%A6%E7%90%86%E6%8E%A1%E8%B3%BC%E6%8B%9B%E6%A8%99%E6%96%87%E4%BB%B6%E7%AF%84%E4%BE%8B/ HTTP/1.1" 200 34373 "-" "Mozilla/5.0 AppleWebKit/537.36 (KHTML, like Gecko; compatible; bingbot/2.0; +http://www.bing.com/bingbot.htm) Chrome/116.0.1938.76 Safari/537.36"
2001:288:66b5:88:f054:5461:7e18:224b - - [17/Aug/2026:10:42:26 +0800] "GET /26151/wp-content/plugins/elementor/assets/lib/eicons/fonts/eicons.woff2?5.30.0 HTTP/1.1" 200 98225 "https://2blog.ilc.edu.tw/26151/wp-content/cache/2blog.ilc.edu.tw/wpfc-minified/klk42qct/5wowj.css" "Mozilla/5.0 (Windows NT 10.0; Win64; x64) AppleWebKit/537.36 (KHTML, like Gecko) Chrome/151.0.0.0 Safari/537.36"
2001:b400:e407:faf0:5aa:25f6:d54c:f2ed - - [17/Aug/2026:10:42:27 +0800] "GET /wp-content/uploads/sites/893/1279/1279-3544480.png HTTP/1.1" 200 116173 "https://www.google.com/" "Mozilla/5.0 (iPhone; CPU iPhone OS 17_6_1 like Mac OS X) AppleWebKit/605.1.15 (KHTML, like Gecko) Version/17.6 Mobile/15E148 Safari/604.1"
2001:288:66b5:88:f054:5461:7e18:224b - - [17/Aug/2026:10:42:27 +0800] "GET /favicon.ico HTTP/1.1" 302 901 "https://2blog.ilc.edu.tw/26151/2025/07/04/%E6%95%99%E5%B8%AB%E5%8F%8A%E5%AD%B8%E7%94%9F%E5%8A%A9%E7%90%86%E4%BA%BA%E5%93%A1%E6%95%99%E8%82%B2%E9%83%A8%E7%B7%9A%E4%B8%8A%E7%A0%94%E7%BF%92%E8%B3%87%E8%A8%8A/" "Mozilla/5.0 (Windows NT 10.0; Win64; x64) AppleWebKit/537.36 (KHTML, like Gecko) Chrome/151.0.0.0 Safari/537.36"
2001:288:66b5:88:f054:5461:7e18:224b - - [17/Aug/2026:10:42:27 +0800] "GET /wp-includes/images/w-logo-blue-white-bg.png HTTP/1.1" 200 4946 "https://2blog.ilc.edu.tw/26151/2025/07/04/%E6%95%99%E5%B8%AB%E5%8F%8A%E5%AD%B8%E7%94%9F%E5%8A%A9%E7%90%86%E4%BA%BA%E5%93%A1%E6%95%99%E8%82%B2%E9%83%A8%E7%B7%9A%E4%B8%8A%E7%A0%94%E7%BF%92%E8%B3%87%E8%A8%8A/" "Mozilla/5.0 (Windows NT 10.0; Win64; x64) AppleWebKit/537.36 (KHTML, like Gecko) Chrome/151.0.0.0 Safari/537.36"
2001:288:a241:1:dda2:d338:494f:585b - - [17/Aug/2026:10:42:27 +0800] "GET / HTTP/1.1" 200 27141 "-" "Mozilla/5.0 (Windows NT 10.0; Win64; x64) AppleWebKit/537.36 (KHTML, like Gecko) Chrome/151.0.0.0 Safari/537.36"
2001:288:a241:1:dda2:d338:494f:585b - - [17/Aug/2026:10:42:27 +0800] "GET /wp-content/cache/www.ilc.edu.tw/wpfc-minified/sz1rpuo/8141l.css HTTP/1.1" 304 790 "https://www.ilc.edu.tw/" "Mozilla/5.0 (Windows NT 10.0; Win64; x64) AppleWebKit/537.36 (KHTML, like Gecko) Chrome/151.0.0.0 Safari/537.36"
2001:288:a241:1:dda2:d338:494f:585b - - [17/Aug/2026:10:42:27 +0800] "GET /wp-content/cache/www.ilc.edu.tw/wpfc-minified/7ihu9bns/8141l.css HTTP/1.1" 304 790 "https://www.ilc.edu.tw/" "Mozilla/5.0 (Windows NT 10.0; Win64; x64) AppleWebKit/537.36 (KHTML, like Gecko) Chrome/151.0.0.0 Safari/537.36"
2402:7500:942:34cb:2158:db71:86ba:38d8 - - [17/Aug/2026:10:42:27 +0800] "GET /wp-content/uploads/sites/233/1003/1003-2438052.jpg HTTP/1.1" 200 108812 "https://2blog.ilc.edu.tw/1003/2014/03/20/%E8%AA%B2%E5%A4%96%E9%96%B1%E8%AE%80%E6%95%99%E5%AD%B8%E9%96%B1%E8%AE%80%E5%BF%83%E5%BE%97%E5%BE%88%E5%A5%BD%E5%AF%AB/" "Mozilla/5.0 (Linux; Android 10; K) AppleWebKit/537.36 (KHTML, like Gecko) Chrome/114.0.0.0 Mobile Safari/537.36"
2001:288:a241:1:dda2:d338:494f:585b - - [17/Aug/2026:10:42:27 +0800] "GET /wp-content/cache/www.ilc.edu.tw/wpfc-minified/fdlul8k0/8141l.css HTTP/1.1" 304 790 "https://www.ilc.edu.tw/" "Mozilla/5.0 (Windows NT 10.0; Win64; x64) AppleWebKit/537.36 (KHTML, like Gecko) Chrome/151.0.0.0 Safari/537.36"
2001:288:a241:1:dda2:d338:494f:585b - - [17/Aug/2026:10:42:27 +0800] "GET /wp-content/cache/www.ilc.edu.tw/wpfc-minified/difb1vbs/8141l.js HTTP/1.1" 304 790 "https://www.ilc.edu.tw/" "Mozilla/5.0 (Windows NT 10.0; Win64; x64) AppleWebKit/537.36 (KHTML, like Gecko) Chrome/151.0.0.0 Safari/537.36"
2001:288:a241:1:dda2:d338:494f:585b - - [17/Aug/2026:10:42:27 +0800] "GET /wp-content/cache/www.ilc.edu.tw/wpfc-minified/2encr51g/8141l.css HTTP/1.1" 304 1129 "https://www.ilc.edu.tw/" "Mozilla/5.0 (Windows NT 10.0; Win64; x64) AppleWebKit/537.36 (KHTML, like Gecko) Chrome/151.0.0.0 Safari/537.36"
2001:288:a241:1:dda2:d338:494f:585b - - [17/Aug/2026:10:42:27 +0800] "GET /wp-content/uploads/sites/3846/2026/05/05bfd164-030e-448f-b83b-37c7dcb01eec.png HTTP/1.1" 304 1129 "https://www.ilc.edu.tw/" "Mozilla/5.0 (Windows NT 10.0; Win64; x64) AppleWebKit/537.36 (KHTML, like Gecko) Chrome/151.0.0.0 Safari/537.36"
2001:288:a241:1:dda2:d338:494f:585b - - [17/Aug/2026:10:42:27 +0800] "GET /wp-content/cache/www.ilc.edu.tw/wpfc-minified/21kp93v9/8141l.css HTTP/1.1" 304 790 "https://www.ilc.edu.tw/" "Mozilla/5.0 (Windows NT 10.0; Win64; x64) AppleWebKit/537.36 (KHTML, like Gecko) Chrome/151.0.0.0 Safari/537.36"
2001:288:a241:1:dda2:d338:494f:585b - - [17/Aug/2026:10:42:27 +0800] "GET /wp-content/uploads/sites/3846/elementor/css/post-19.css HTTP/1.1" 304 790 "https://www.ilc.edu.tw/" "Mozilla/5.0 (Windows NT 10.0; Win64; x64) AppleWebKit/537.36 (KHTML, like Gecko) Chrome/151.0.0.0 Safari/537.36"
2402:7500:942:34cb:2158:db71:86ba:38d8 - - [17/Aug/2026:10:42:27 +0800] "GET /wp-content/uploads/sites/233/1003/1003-2438053.jpg HTTP/1.1" 200 76022 "https://2blog.ilc.edu.tw/1003/2014/03/20/%E8%AA%B2%E5%A4%96%E9%96%B1%E8%AE%80%E6%95%99%E5%AD%B8%E9%96%B1%E8%AE%80%E5%BF%83%E5%BE%97%E5%BE%88%E5%A5%BD%E5%AF%AB/" "Mozilla/5.0 (Linux; Android 10; K) AppleWebKit/537.36 (KHTML, like Gecko) Chrome/114.0.0.0 Mobile Safari/537.36"
2001:288:a241:1:dda2:d338:494f:585b - - [17/Aug/2026:10:42:27 +0800] "GET /wp-content/uploads/sites/3846/2026/06/2026%E5%AE%9C%E8%98%AD%E7%98%8B%E5%AD%B8%E7%BF%92-%E6%9A%91%E5%81%87_%E6%95%99%E8%82%B2%E8%99%95%E9%A6%96%E9%A0%81-1440-x-1080-%E5%83%8F%E7%B4%A0.png HTTP/1.1" 304 790 "https://www.ilc.edu.tw/" "Mozilla/5.0 (Windows NT 10.0; Win64; x64) AppleWebKit/537.36 (KHTML, like Gecko) Chrome/151.0.0.0 Safari/537.36"
2001:288:a241:1:dda2:d338:494f:585b - - [17/Aug/2026:10:42:27 +0800] "GET /wp-content/uploads/sites/3846/2026/08/%E8%BE%B2%E6%A5%AD%E9%83%A8%E5%BB%A3%E5%91%8A.jpg HTTP/1.1" 304 790 "https://www.ilc.edu.tw/" "Mozilla/5.0 (Windows NT 10.0; Win64; x64) AppleWebKit/537.36 (KHTML, like Gecko) Chrome/151.0.0.0 Safari/537.36"
2001:288:a241:1:dda2:d338:494f:585b - - [17/Aug/2026:10:42:27 +0800] "GET /wp-content/uploads/sites/3846/2026/06/%E5%AE%A3%E5%82%B3%E5%9C%96%E7%89%87.png HTTP/1.1" 304 790 "https://www.ilc.edu.tw/" "Mozilla/5.0 (Windows NT 10.0; Win64; x64) AppleWebKit/537.36 (KHTML, like Gecko) Chrome/151.0.0.0 Safari/537.36"
2001:288:a241:1:dda2:d338:494f:585b - - [17/Aug/2026:10:42:27 +0800] "GET /wp-content/uploads/sites/3846/2026/05/%E8%9E%A2%E5%B9%95%E6%93%B7%E5%8F%96%E7%95%AB%E9%9D%A2-2026-05-07-100749.png HTTP/1.1" 304 790 "https://www.ilc.edu.tw/" "Mozilla/5.0 (Windows NT 10.0; Win64; x64) AppleWebKit/537.36 (KHTML, like Gecko) Chrome/151.0.0.0 Safari/537.36"
2402:7500:942:34cb:2158:db71:86ba:38d8 - - [17/Aug/2026:10:42:28 +0800] "GET /wp-content/uploads/sites/233/1003/1003-2438054.jpg HTTP/1.1" 200 49236 "https://2blog.ilc.edu.tw/1003/2014/03/20/%E8%AA%B2%E5%A4%96%E9%96%B1%E8%AE%80%E6%95%99%E5%AD%B8%E9%96%B1%E8%AE%80%E5%BF%83%E5%BE%97%E5%BE%88%E5%A5%BD%E5%AF%AB/" "Mozilla/5.0 (Linux; Android 10; K) AppleWebKit/537.36 (KHTML, like Gecko) Chrome/114.0.0.0 Mobile Safari/537.36"
2402:7500:942:34cb:2158:db71:86ba:38d8 - - [17/Aug/2026:10:42:28 +0800] "GET /wp-content/uploads/sites/233/1003/1003-2438055.jpg HTTP/1.1" 200 90903 "https://2blog.ilc.edu.tw/1003/2014/03/20/%E8%AA%B2%E5%A4%96%E9%96%B1%E8%AE%80%E6%95%99%E5%AD%B8%E9%96%B1%E8%AE%80%E5%BF%83%E5%BE%97%E5%BE%88%E5%A5%BD%E5%AF%AB/" "Mozilla/5.0 (Linux; Android 10; K) AppleWebKit/537.36 (KHTML, like Gecko) Chrome/114.0.0.0 Mobile Safari/537.36"
2402:7500:942:34cb:2158:db71:86ba:38d8 - - [17/Aug/2026:10:42:30 +0800] "GET /wp-content/uploads/sites/233/1003/1003-2438056.jpg HTTP/1.1" 200 101943 "https://2blog.ilc.edu.tw/1003/2014/03/20/%E8%AA%B2%E5%A4%96%E9%96%B1%E8%AE%80%E6%95%99%E5%AD%B8%E9%96%B1%E8%AE%80%E5%BF%83%E5%BE%97%E5%BE%88%E5%A5%BD%E5%AF%AB/" "Mozilla/5.0 (Linux; Android 10; K) AppleWebKit/537.36 (KHTML, like Gecko) Chrome/114.0.0.0 Mobile Safari/537.36"
147.92.179.106 - - [17/Aug/2026:10:42:30 +0800] "GET /wp-content/uploads/sites/890/2025/10/106%E5%B0%8F%E7%94%9F%E7%B5%84%E5%85%A8%E5%9C%8B%E8%B3%BD%E8%A7%A3%E7%AD%94.pdf HTTP/1.1" 200 100907 "-" "facebookexternalhit/1.1;line-poker/1.0"
2001:288:a201::66:125 - - [17/Aug/2026:10:42:31 +0800] "GET /blog/active.php HTTP/1.1" 404 1084 "-" "-"
140.111.67.10 - - [17/Aug/2026:10:42:31 +0800] "GET /" 301 273 "-" "-"
2001:288:a201::66:125 - - [17/Aug/2026:10:42:31 +0800] "GET /blog/active.php HTTP/1.1" 301 1026 "-" "-"
2001:4860:7:510::f7 - - [17/Aug/2026:10:42:31 +0800] "GET /868/44532/ HTTP/1.1" 200 20625 "https://www.google.com/" "Mozilla/5.0 (Windows NT 10.0; Win64; x64) AppleWebKit/537.36 (KHTML, like Gecko) Chrome/151.0.0.0 Safari/537.36"
66.249.68.200 - - [17/Aug/2026:10:42:31 +0800] "GET /26066/author/hwalingwang38/ HTTP/1.1" 200 17505 "-" "Mozilla/5.0 (compatible; Googlebot/2.1; +http://www.google.com/bot.html)"
66.249.71.64 - - [17/Aug/2026:10:42:31 +0800] "GET /wp-content/uploads/sites/3078/18660/18660-1040824.doc HTTP/1.1" 200 49200 "-" "Mozilla/5.0 (Linux; Android 6.0.1; Nexus 5X Build/MMB29P) AppleWebKit/537.36 (KHTML, like Gecko) Chrome/150.0.7871.186 Mobile Safari/537.36 (compatible; Googlebot/2.1; +http://www.google.com/bot.html)"
2402:7500:942:34cb:2158:db71:86ba:38d8 - - [17/Aug/2026:10:42:32 +0800] "GET /wp-content/uploads/sites/233/1003/1003-2438057.jpg HTTP/1.1" 200 60284 "https://2blog.ilc.edu.tw/1003/2014/03/20/%E8%AA%B2%E5%A4%96%E9%96%B1%E8%AE%80%E6%95%99%E5%AD%B8%E9%96%B1%E8%AE%80%E5%BF%83%E5%BE%97%E5%BE%88%E5%A5%BD%E5%AF%AB/" "Mozilla/5.0 (Linux; Android 10; K) AppleWebKit/537.36 (KHTML, like Gecko) Chrome/114.0.0.0 Mobile Safari/537.36"
2402:7500:942:34cb:2158:db71:86ba:38d8 - - [17/Aug/2026:10:42:32 +0800] "GET /wp-content/uploads/sites/233/1003/1003-2438058.jpg HTTP/1.1" 200 115339 "https://2blog.ilc.edu.tw/1003/2014/03/20/%E8%AA%B2%E5%A4%96%E9%96%B1%E8%AE%80%E6%95%99%E5%AD%B8%E9%96%B1%E8%AE%80%E5%BF%83%E5%BE%97%E5%BE%88%E5%A5%BD%E5%AF%AB/" "Mozilla/5.0 (Linux; Android 10; K) AppleWebKit/537.36 (KHTML, like Gecko) Chrome/114.0.0.0 Mobile Safari/537.36"
2402:7500:942:34cb:2158:db71:86ba:38d8 - - [17/Aug/2026:10:42:33 +0800] "GET /wp-content/uploads/sites/233/1003/1003-2438059.jpg HTTP/1.1" 200 80342 "https://2blog.ilc.edu.tw/1003/2014/03/20/%E8%AA%B2%E5%A4%96%E9%96%B1%E8%AE%80%E6%95%99%E5%AD%B8%E9%96%B1%E8%AE%80%E5%BF%83%E5%BE%97%E5%BE%88%E5%A5%BD%E5%AF%AB/" "Mozilla/5.0 (Linux; Android 10; K) AppleWebKit/537.36 (KHTML, like Gecko) Chrome/114.0.0.0 Mobile Safari/537.36"
2402:7500:942:34cb:2158:db71:86ba:38d8 - - [17/Aug/2026:10:42:33 +0800] "GET /wp-content/uploads/sites/233/1003/1003-2438060.jpg HTTP/1.1" 200 86630 "https://2blog.ilc.edu.tw/1003/2014/03/20/%E8%AA%B2%E5%A4%96%E9%96%B1%E8%AE%80%E6%95%99%E5%AD%B8%E9%96%B1%E8%AE%80%E5%BF%83%E5%BE%97%E5%BE%88%E5%A5%BD%E5%AF%AB/" "Mozilla/5.0 (Linux; Android 10; K) AppleWebKit/537.36 (KHTML, like Gecko) Chrome/114.0.0.0 Mobile Safari/537.36"
66.249.68.200 - - [17/Aug/2026:10:42:33 +0800] "GET /jtftw/ HTTP/1.1" 200 26503 "-" "Mozilla/5.0 (compatible; Googlebot/2.1; +http://www.google.com/bot.html)"
::1 - - [17/Aug/2026:10:42:34 +0800] "OPTIONS * HTTP/1.0" 200 110 "-" "Apache/2.4.68 (Ubuntu) OpenSSL/3.0.19 (internal dummy connection)"
66.249.68.132 - - [17/Aug/2026:10:42:34 +0800] "GET /wp-login.php?action=ilc_logout&_wpnonce=020ea612b9&redirect_to=//agutac.ga/143wwwilcedutwHXTYZI351 HTTP/1.1" 302 8240 "-" "Mozilla/5.0 (Linux; Android 6.0.1; Nexus 5X Build/MMB29P) AppleWebKit/537.36 (KHTML, like Gecko) Chrome/150.0.7871.186 Mobile Safari/537.36 (compatible; Googlebot/2.1; +http://www.google.com/bot.html)"
140.111.67.10 - - [17/Aug/2026:10:42:35 +0800] "GET /" 301 273 "-" "-"
2407:4b00:4c06:873c:b040:c34f:3953:9a9d - - [17/Aug/2026:10:42:35 +0800] "GET / HTTP/1.1" 200 20094 "https://www.google.com/" "Mozilla/5.0 (Windows NT 10.0; Win64; x64) AppleWebKit/537.36 (KHTML, like Gecko) Chrome/151.0.0.0 Safari/537.36"
::1 - - [17/Aug/2026:10:42:35 +0800] "OPTIONS * HTTP/1.0" 200 110 "-" "Apache/2.4.68 (Ubuntu) OpenSSL/3.0.19 (internal dummy connection)"
2407:4b00:4c06:873c:b040:c34f:3953:9a9d - - [17/Aug/2026:10:42:35 +0800] "GET /wp-content/cache/www.wjjh.ilc.edu.tw/wpfc-minified/98d2uc5p/6xsc.css HTTP/1.1" 200 40885 "https://www.wjjh.ilc.edu.tw/" "Mozilla/5.0 (Windows NT 10.0; Win64; x64) AppleWebKit/537.36 (KHTML, like Gecko) Chrome/151.0.0.0 Safari/537.36"
2407:4b00:4c06:873c:b040:c34f:3953:9a9d - - [17/Aug/2026:10:42:35 +0800] "GET /wp-content/cache/www.wjjh.ilc.edu.tw/wpfc-minified/lxaahtu1/6xsc.css HTTP/1.1" 200 5959 "https://www.wjjh.ilc.edu.tw/" "Mozilla/5.0 (Windows NT 10.0; Win64; x64) AppleWebKit/537.36 (KHTML, like Gecko) Chrome/151.0.0.0 Safari/537.36"
2407:4b00:4c06:873c:b040:c34f:3953:9a9d - - [17/Aug/2026:10:42:35 +0800] "GET /wp-content/cache/www.wjjh.ilc.edu.tw/wpfc-minified/6jf9r0k4/hmh4p.css HTTP/1.1" 200 19347 "https://www.wjjh.ilc.edu.tw/" "Mozilla/5.0 (Windows NT 10.0; Win64; x64) AppleWebKit/537.36 (KHTML, like Gecko) Chrome/151.0.0.0 Safari/537.36"
2407:4b00:4c06:873c:b040:c34f:3953:9a9d - - [17/Aug/2026:10:42:35 +0800] "GET /wp-content/uploads/sites/187/elementor/css/post-304.css HTTP/1.1" 200 6038 "https://www.wjjh.ilc.edu.tw/" "Mozilla/5.0 (Windows NT 10.0; Win64; x64) AppleWebKit/537.36 (KHTML, like Gecko) Chrome/151.0.0.0 Safari/537.36"
2407:4b00:4c06:873c:b040:c34f:3953:9a9d - - [17/Aug/2026:10:42:35 +0800] "GET /wp-content/cache/www.wjjh.ilc.edu.tw/wpfc-minified/6n0b7xth/hmh4p.css HTTP/1.1" 200 19159 "https://www.wjjh.ilc.edu.tw/" "Mozilla/5.0 (Windows NT 10.0; Win64; x64) AppleWebKit/537.36 (KHTML, like Gecko) Chrome/151.0.0.0 Safari/537.36"
2407:4b00:4c06:873c:b040:c34f:3953:9a9d - - [17/Aug/2026:10:42:35 +0800] "GET /wp-content/cache/www.wjjh.ilc.edu.tw/wpfc-minified/ladqu73p/hmh4p.css HTTP/1.1" 200 51771 "https://www.wjjh.ilc.edu.tw/" "Mozilla/5.0 (Windows NT 10.0; Win64; x64) AppleWebKit/537.36 (KHTML, like Gecko) Chrome/151.0.0.0 Safari/537.36"
2407:4b00:4c06:873c:b040:c34f:3953:9a9d - - [17/Aug/2026:10:42:35 +0800] "GET /wp-content/cache/www.wjjh.ilc.edu.tw/wpfc-minified/1cyp6uvk/6xsc.js HTTP/1.1" 200 35560 "https://www.wjjh.ilc.edu.tw/" "Mozilla/5.0 (Windows NT 10.0; Win64; x64) AppleWebKit/537.36 (KHTML, like Gecko) Chrome/151.0.0.0 Safari/537.36"
2407:4b00:4c06:873c:b040:c34f:3953:9a9d - - [17/Aug/2026:10:42:35 +0800] "GET /wp-content/cache/www.wjjh.ilc.edu.tw/wpfc-minified/1rs68hx/hmh4p.js HTTP/1.1" 200 5166 "https://www.wjjh.ilc.edu.tw/" "Mozilla/5.0 (Windows NT 10.0; Win64; x64) AppleWebKit/537.36 (KHTML, like Gecko) Chrome/151.0.0.0 Safari/537.36"
2407:4b00:4c06:873c:b040:c34f:3953:9a9d - - [17/Aug/2026:10:42:35 +0800] "GET /wp-content/themes/hueman/assets/front/webfonts/fa-brands-400.woff2?v=5.15.2 HTTP/1.1" 200 79499 "https://www.wjjh.ilc.edu.tw/" "Mozilla/5.0 (Windows NT 10.0; Win64; x64) AppleWebKit/537.36 (KHTML, like Gecko) Chrome/151.0.0.0 Safari/537.36"
2001:288:a201::66:125 - - [17/Aug/2026:10:42:35 +0800] "GET /blog/active.php HTTP/1.1" 301 1026 "-" "-"
2001:288:a201::66:125 - - [17/Aug/2026:10:42:35 +0800] "GET /blog/active.php HTTP/1.1" 404 1084 "-" "-"
66.249.71.64 - - [17/Aug/2026:10:42:36 +0800] "GET /26066/wp-content/cache/2blog.ilc.edu.tw/wpfc-minified/95wwvt8c/5woka.css HTTP/1.1" 200 7607 "https://2blog.ilc.edu.tw/26066/author/hwalingwang38/" "Mozilla/5.0 AppleWebKit/537.36 (KHTML, like Gecko; compatible; Googlebot/2.1; +http://www.google.com/bot.html) Chrome/151.0.7922.108 Safari/537.36"
::1 - - [17/Aug/2026:10:42:36 +0800] "OPTIONS * HTTP/1.0" 200 110 "-" "Apache/2.4.68 (Ubuntu) OpenSSL/3.0.19 (internal dummy connection)"
::1 - - [17/Aug/2026:10:42:37 +0800] "OPTIONS * HTTP/1.0" 200 110 "-" "Apache/2.4.68 (Ubuntu) OpenSSL/3.0.19 (internal dummy connection)"
210.69.149.252 - - [17/Aug/2026:10:42:37 +0800] "GET /%E6%A0%A1%E9%95%B7/ HTTP/1.1" 200 23086 "https://www.google.com/" "Mozilla/5.0 (Windows NT 10.0; Win64; x64) AppleWebKit/537.36 (KHTML, like Gecko) Chrome/151.0.0.0 Safari/537.36"
66.249.71.64 - - [17/Aug/2026:10:42:38 +0800] "GET /26066/wp-includes/js/hoverintent-js.min.js HTTP/1.1" 200 1597 "https://2blog.ilc.edu.tw/26066/author/hwalingwang38/" "Mozilla/5.0 AppleWebKit/537.36 (KHTML, like Gecko; compatible; Googlebot/2.1; +http://www.google.com/bot.html) Chrome/151.0.7922.108 Safari/537.36"
210.69.149.252 - - [17/Aug/2026:10:42:38 +0800] "GET /wp-content/cache/www.gtes.ilc.edu.tw/wpfc-minified/20bual27/73cg.css HTTP/1.1" 200 28115 "https://www.gtes.ilc.edu.tw/%E6%A0%A1%E9%95%B7/" "Mozilla/5.0 (Windows NT 10.0; Win64; x64) AppleWebKit/537.36 (KHTML, like Gecko) Chrome/151.0.0.0 Safari/537.36"
210.69.149.252 - - [17/Aug/2026:10:42:38 +0800] "GET /wp-content/cache/www.gtes.ilc.edu.tw/wpfc-minified/qa8da8bv/73cg.css HTTP/1.1" 200 40884 "https://www.gtes.ilc.edu.tw/%E6%A0%A1%E9%95%B7/" "Mozilla/5.0 (Windows NT 10.0; Win64; x64) AppleWebKit/537.36 (KHTML, like Gecko) Chrome/151.0.0.0 Safari/537.36"
210.69.149.252 - - [17/Aug/2026:10:42:38 +0800] "GET /wp-content/cache/www.gtes.ilc.edu.tw/wpfc-minified/2bmmzjzo/73cg.js HTTP/1.1" 200 35557 "https://www.gtes.ilc.edu.tw/%E6%A0%A1%E9%95%B7/" "Mozilla/5.0 (Windows NT 10.0; Win64; x64) AppleWebKit/537.36 (KHTML, like Gecko) Chrome/151.0.0.0 Safari/537.36"
210.69.149.252 - - [17/Aug/2026:10:42:38 +0800] "GET /wp-content/cache/www.gtes.ilc.edu.tw/wpfc-minified/did31pfl/ab1z.css HTTP/1.1" 200 15782 "https://www.gtes.ilc.edu.tw/%E6%A0%A1%E9%95%B7/" "Mozilla/5.0 (Windows NT 10.0; Win64; x64) AppleWebKit/537.36 (KHTML, like Gecko) Chrome/151.0.0.0 Safari/537.36"
210.69.149.252 - - [17/Aug/2026:10:42:38 +0800] "GET /wp-content/cache/www.gtes.ilc.edu.tw/wpfc-minified/1mt3t83s/73cg.css HTTP/1.1" 200 5958 "https://www.gtes.ilc.edu.tw/%E6%A0%A1%E9%95%B7/" "Mozilla/5.0 (Windows NT 10.0; Win64; x64) AppleWebKit/537.36 (KHTML, like Gecko) Chrome/151.0.0.0 Safari/537.36"
210.69.149.252 - - [17/Aug/2026:10:42:38 +0800] "GET /wp-content/uploads/sites/73/2023/08/%E9%83%AD%E5%8F%88%E6%96%B9%E6%A0%A1%E9%95%B7.jpg HTTP/1.1" 200 70482 "https://www.gtes.ilc.edu.tw/%E6%A0%A1%E9%95%B7/" "Mozilla/5.0 (Windows NT 10.0; Win64; x64) AppleWebKit/537.36 (KHTML, like Gecko) Chrome/151.0.0.0 Safari/537.36"
2402:7500:942:34cb:2158:db71:86ba:38d8 - - [17/Aug/2026:10:42:38 +0800] "GET /wp-content/uploads/sites/233/1003/1003-2438061.jpg HTTP/1.1" 200 67526 "https://2blog.ilc.edu.tw/1003/2014/03/20/%E8%AA%B2%E5%A4%96%E9%96%B1%E8%AE%80%E6%95%99%E5%AD%B8%E9%96%B1%E8%AE%80%E5%BF%83%E5%BE%97%E5%BE%88%E5%A5%BD%E5%AF%AB/" "Mozilla/5.0 (Linux; Android 10; K) AppleWebKit/537.36 (KHTML, like Gecko) Chrome/114.0.0.0 Mobile Safari/537.36"
210.69.149.252 - - [17/Aug/2026:10:42:38 +0800] "GET /wp-content/cache/www.gtes.ilc.edu.tw/wpfc-minified/lodgpzod/ab1z.css HTTP/1.1" 200 61372 "https://www.gtes.ilc.edu.tw/%E6%A0%A1%E9%95%B7/" "Mozilla/5.0 (Windows NT 10.0; Win64; x64) AppleWebKit/537.36 (KHTML, like Gecko) Chrome/151.0.0.0 Safari/537.36"
210.69.149.252 - - [17/Aug/2026:10:42:38 +0800] "GET /wp-content/cache/www.gtes.ilc.edu.tw/wpfc-minified/e5fpwgso/73cg.css HTTP/1.1" 200 29894 "https://www.gtes.ilc.edu.tw/%E6%A0%A1%E9%95%B7/" "Mozilla/5.0 (Windows NT 10.0; Win64; x64) AppleWebKit/537.36 (KHTML, like Gecko) Chrome/151.0.0.0 Safari/537.36"
210.69.149.252 - - [17/Aug/2026:10:42:38 +0800] "GET /wp-content/uploads/sites/73/elementor/css/post-283.css HTTP/1.1" 200 1181 "https://www.gtes.ilc.edu.tw/%E6%A0%A1%E9%95%B7/" "Mozilla/5.0 (Windows NT 10.0; Win64; x64) AppleWebKit/537.36 (KHTML, like Gecko) Chrome/151.0.0.0 Safari/537.36"
210.69.149.252 - - [17/Aug/2026:10:42:38 +0800] "GET /wp-content/uploads/sites/73/elementor/css/post-629.css HTTP/1.1" 200 1269 "https://www.gtes.ilc.edu.tw/%E6%A0%A1%E9%95%B7/" "Mozilla/5.0 (Windows NT 10.0; Win64; x64) AppleWebKit/537.36 (KHTML, like Gecko) Chrome/151.0.0.0 Safari/537.36"
210.69.149.252 - - [17/Aug/2026:10:42:38 +0800] "GET /wp-content/cache/www.gtes.ilc.edu.tw/wpfc-minified/kmbl59n6/ab1z.css HTTP/1.1" 200 9635 "https://www.gtes.ilc.edu.tw/%E6%A0%A1%E9%95%B7/" "Mozilla/5.0 (Windows NT 10.0; Win64; x64) AppleWebKit/537.36 (KHTML, like Gecko) Chrome/151.0.0.0 Safari/537.36"
2407:4b00:4c06:873c:b040:c34f:3953:9a9d - - [17/Aug/2026:10:42:38 +0800] "GET /wp-content/plugins/elementor/assets/lib/font-awesome/webfonts/fa-brands-400.woff2 HTTP/1.1" 200 83000 "https://www.wjjh.ilc.edu.tw/wp-content/cache/www.wjjh.ilc.edu.tw/wpfc-minified/6n0b7xth/hmh4p.css" "Mozilla/5.0 (Windows NT 10.0; Win64; x64) AppleWebKit/537.36 (KHTML, like Gecko) Chrome/151.0.0.0 Safari/537.36"
2407:4b00:4c06:873c:b040:c34f:3953:9a9d - - [17/Aug/2026:10:42:38 +0800] "GET /wp-content/plugins/elementor/assets/lib/font-awesome/webfonts/fa-solid-900.woff2 HTTP/1.1" 200 79562 "https://www.wjjh.ilc.edu.tw/wp-content/cache/www.wjjh.ilc.edu.tw/wpfc-minified/6n0b7xth/hmh4p.css" "Mozilla/5.0 (Windows NT 10.0; Win64; x64) AppleWebKit/537.36 (KHTML, like Gecko) Chrome/151.0.0.0 Safari/537.36"
210.69.149.252 - - [17/Aug/2026:10:42:38 +0800] "GET /wp-content/cache/www.gtes.ilc.edu.tw/wpfc-minified/lwlsgrcb/73cg.css HTTP/1.1" 200 152227 "https://www.gtes.ilc.edu.tw/%E6%A0%A1%E9%95%B7/" "Mozilla/5.0 (Windows NT 10.0; Win64; x64) AppleWebKit/537.36 (KHTML, like Gecko) Chrome/151.0.0.0 Safari/537.36"
2407:4b00:4c06:873c:b040:c34f:3953:9a9d - - [17/Aug/2026:10:42:38 +0800] "GET /wp-content/cache/www.wjjh.ilc.edu.tw/wpfc-minified/f4mxje6w/hmh4p.css HTTP/1.1" 200 6409 "https://www.wjjh.ilc.edu.tw/" "Mozilla/5.0 (Windows NT 10.0; Win64; x64) AppleWebKit/537.36 (KHTML, like Gecko) Chrome/151.0.0.0 Safari/537.36"
2407:4b00:4c06:873c:b040:c34f:3953:9a9d - - [17/Aug/2026:10:42:38 +0800] "GET /wp-content/cache/www.wjjh.ilc.edu.tw/wpfc-minified/f12ye6p8/hmh4p.css HTTP/1.1" 200 9266 "https://www.wjjh.ilc.edu.tw/" "Mozilla/5.0 (Windows NT 10.0; Win64; x64) AppleWebKit/537.36 (KHTML, like Gecko) Chrome/151.0.0.0 Safari/537.36"
2407:4b00:4c06:873c:b040:c34f:3953:9a9d - - [17/Aug/2026:10:42:38 +0800] "GET /wp-includes/js/hoverintent-js.min.js HTTP/1.1" 200 1597 "https://www.wjjh.ilc.edu.tw/" "Mozilla/5.0 (Windows NT 10.0; Win64; x64) AppleWebKit/537.36 (KHTML, like Gecko) Chrome/151.0.0.0 Safari/537.36"
2407:4b00:4c06:873c:b040:c34f:3953:9a9d - - [17/Aug/2026:10:42:38 +0800] "GET /wp-includes/js/admin-bar.min.js HTTP/1.1" 200 2237 "https://www.wjjh.ilc.edu.tw/" "Mozilla/5.0 (Windows NT 10.0; Win64; x64) AppleWebKit/537.36 (KHTML, like Gecko) Chrome/151.0.0.0 Safari/537.36"
2407:4b00:4c06:873c:b040:c34f:3953:9a9d - - [17/Aug/2026:10:42:38 +0800] "GET /wp-content/uploads/sites/187/2026/03/Gemini_Generated_Image_jpege3jpege3jpeg-450x300.png HTTP/1.1" 200 252236 "https://www.wjjh.ilc.edu.tw/" "Mozilla/5.0 (Windows NT 10.0; Win64; x64) AppleWebKit/537.36 (KHTML, like Gecko) Chrome/151.0.0.0 Safari/537.36"
2407:4b00:4c06:873c:b040:c34f:3953:9a9d - - [17/Aug/2026:10:42:39 +0800] "GET /wp-includes/js/underscore.min.js HTTP/1.1" 200 8191 "https://www.wjjh.ilc.edu.tw/" "Mozilla/5.0 (Windows NT 10.0; Win64; x64) AppleWebKit/537.36 (KHTML, like Gecko) Chrome/151.0.0.0 Safari/537.36"
2407:4b00:4c06:873c:b040:c34f:3953:9a9d - - [17/Aug/2026:10:42:39 +0800] "GET /wp-content/plugins/ml-slider/assets/sliders/nivoslider/jquery.nivo.slider.pack.js HTTP/1.1" 200 3941 "https://www.wjjh.ilc.edu.tw/" "Mozilla/5.0 (Windows NT 10.0; Win64; x64) AppleWebKit/537.36 (KHTML, like Gecko) Chrome/151.0.0.0 Safari/537.36"
2407:4b00:4c06:873c:b040:c34f:3953:9a9d - - [17/Aug/2026:10:42:39 +0800] "GET /wp-content/plugins/ml-slider/assets/metaslider/script.min.js HTTP/1.1" 200 1261 "https://www.wjjh.ilc.edu.tw/" "Mozilla/5.0 (Windows NT 10.0; Win64; x64) AppleWebKit/537.36 (KHTML, like Gecko) Chrome/151.0.0.0 Safari/537.36"
2407:4b00:4c06:873c:b040:c34f:3953:9a9d - - [17/Aug/2026:10:42:38 +0800] "GET /wp-content/uploads/sites/187/2026/04/114_EEG1-450x300.png HTTP/1.1" 200 219559 "https://www.wjjh.ilc.edu.tw/" "Mozilla/5.0 (Windows NT 10.0; Win64; x64) AppleWebKit/537.36 (KHTML, like Gecko) Chrome/151.0.0.0 Safari/537.36"
2407:4b00:4c06:873c:b040:c34f:3953:9a9d - - [17/Aug/2026:10:42:38 +0800] "GET /wp-content/uploads/sites/187/2025/06/%E6%88%90%E9%95%B7%E8%87%AA%E6%88%91-%E6%8E%A2%E7%B4%A2%E6%9C%AA%E4%BE%86-1.png HTTP/1.1" 200 1013033 "https://www.wjjh.ilc.edu.tw/" "Mozilla/5.0 (Windows NT 10.0; Win64; x64) AppleWebKit/537.36 (KHTML, like Gecko) Chrome/151.0.0.0 Safari/537.36"
2407:4b00:4c06:873c:b040:c34f:3953:9a9d - - [17/Aug/2026:10:42:39 +0800] "GET /wp-content/plugins/elementor/assets/js/webpack.runtime.min.js HTTP/1.1" 200 3095 "https://www.wjjh.ilc.edu.tw/" "Mozilla/5.0 (Windows NT 10.0; Win64; x64) AppleWebKit/537.36 (KHTML, like Gecko) Chrome/151.0.0.0 Safari/537.36"
2407:4b00:4c06:873c:b040:c34f:3953:9a9d - - [17/Aug/2026:10:42:39 +0800] "GET /wp-content/plugins/elementor/assets/js/frontend-modules.min.js HTTP/1.1" 200 19416 "https://www.wjjh.ilc.edu.tw/" "Mozilla/5.0 (Windows NT 10.0; Win64; x64) AppleWebKit/537.36 (KHTML, like Gecko) Chrome/151.0.0.0 Safari/537.36"
2407:4b00:4c06:873c:b040:c34f:3953:9a9d - - [17/Aug/2026:10:42:39 +0800] "GET /wp-content/plugins/elementor/assets/lib/waypoints/waypoints.min.js HTTP/1.1" 200 3873 "https://www.wjjh.ilc.edu.tw/" "Mozilla/5.0 (Windows NT 10.0; Win64; x64) AppleWebKit/537.36 (KHTML, like Gecko) Chrome/151.0.0.0 Safari/537.36"
210.69.149.252 - - [17/Aug/2026:10:42:39 +0800] "GET /wp-includes/js/admin-bar.min.js HTTP/1.1" 200 2237 "https://www.gtes.ilc.edu.tw/%E6%A0%A1%E9%95%B7/" "Mozilla/5.0 (Windows NT 10.0; Win64; x64) AppleWebKit/537.36 (KHTML, like Gecko) Chrome/151.0.0.0 Safari/537.36"
210.69.149.252 - - [17/Aug/2026:10:42:39 +0800] "GET /wp-includes/js/hoverintent-js.min.js HTTP/1.1" 200 1597 "https://www.gtes.ilc.edu.tw/%E6%A0%A1%E9%95%B7/" "Mozilla/5.0 (Windows NT 10.0; Win64; x64) AppleWebKit/537.36 (KHTML, like Gecko) Chrome/151.0.0.0 Safari/537.36"
210.69.149.252 - - [17/Aug/2026:10:42:39 +0800] "GET /wp-includes/js/imagesloaded.min.js HTTP/1.1" 200 2683 "https://www.gtes.ilc.edu.tw/%E6%A0%A1%E9%95%B7/" "Mozilla/5.0 (Windows NT 10.0; Win64; x64) AppleWebKit/537.36 (KHTML, like Gecko) Chrome/151.0.0.0 Safari/537.36"
210.69.149.252 - - [17/Aug/2026:10:42:39 +0800] "GET /wp-content/themes/oceanwp/assets/js/theme.min.js HTTP/1.1" 200 5130 "https://www.gtes.ilc.edu.tw/%E6%A0%A1%E9%95%B7/" "Mozilla/5.0 (Windows NT 10.0; Win64; x64) AppleWebKit/537.36 (KHTML, like Gecko) Chrome/151.0.0.0 Safari/537.36"
210.69.149.252 - - [17/Aug/2026:10:42:39 +0800] "GET /wp-content/themes/oceanwp/assets/js/drop-down-search.min.js HTTP/1.1" 200 2968 "https://www.gtes.ilc.edu.tw/%E6%A0%A1%E9%95%B7/" "Mozilla/5.0 (Windows NT 10.0; Win64; x64) AppleWebKit/537.36 (KHTML, like Gecko) Chrome/151.0.0.0 Safari/537.36"
210.69.149.252 - - [17/Aug/2026:10:42:39 +0800] "GET /wp-content/themes/oceanwp/assets/js/drop-down-mobile-menu.min.js HTTP/1.1" 200 4663 "https://www.gtes.ilc.edu.tw/%E6%A0%A1%E9%95%B7/" "Mozilla/5.0 (Windows NT 10.0; Win64; x64) AppleWebKit/537.36 (KHTML, like Gecko) Chrome/151.0.0.0 Safari/537.36"
210.69.149.252 - - [17/Aug/2026:10:42:39 +0800] "GET /wp-content/themes/oceanwp/assets/js/vendors/magnific-popup.min.js HTTP/1.1" 200 8270 "https://www.gtes.ilc.edu.tw/%E6%A0%A1%E9%95%B7/" "Mozilla/5.0 (Windows NT 10.0; Win64; x64) AppleWebKit/537.36 (KHTML, like Gecko) Chrome/151.0.0.0 Safari/537.36"
2407:4b00:4c06:873c:b040:c34f:3953:9a9d - - [17/Aug/2026:10:42:39 +0800] "GET /wp-includes/js/jquery/ui/core.min.js HTTP/1.1" 200 7986 "https://www.wjjh.ilc.edu.tw/" "Mozilla/5.0 (Windows NT 10.0; Win64; x64) AppleWebKit/537.36 (KHTML, like Gecko) Chrome/151.0.0.0 Safari/537.36"
2407:4b00:4c06:873c:b040:c34f:3953:9a9d - - [17/Aug/2026:10:42:39 +0800] "GET /wp-content/plugins/elementor/assets/js/frontend.min.js HTTP/1.1" 200 13169 "https://www.wjjh.ilc.edu.tw/" "Mozilla/5.0 (Windows NT 10.0; Win64; x64) AppleWebKit/537.36 (KHTML, like Gecko) Chrome/151.0.0.0 Safari/537.36"
2402:7500:942:34cb:2158:db71:86ba:38d8 - - [17/Aug/2026:10:42:39 +0800] "GET /wp-content/uploads/sites/233/1003/1003-2438062.jpg HTTP/1.1" 200 92582 "https://2blog.ilc.edu.tw/1003/2014/03/20/%E8%AA%B2%E5%A4%96%E9%96%B1%E8%AE%80%E6%95%99%E5%AD%B8%E9%96%B1%E8%AE%80%E5%BF%83%E5%BE%97%E5%BE%88%E5%A5%BD%E5%AF%AB/" "Mozilla/5.0 (Linux; Android 10; K) AppleWebKit/537.36 (KHTML, like Gecko) Chrome/114.0.0.0 Mobile Safari/537.36"
2407:4b00:4c06:873c:b040:c34f:3953:9a9d - - [17/Aug/2026:10:42:39 +0800] "GET /wp-content/themes/hueman/assets/front/js/scripts.min.js HTTP/1.1" 200 22643 "https://www.wjjh.ilc.edu.tw/" "Mozilla/5.0 (Windows NT 10.0; Win64; x64) AppleWebKit/537.36 (KHTML, like Gecko) Chrome/151.0.0.0 Safari/537.36"
2407:4b00:4c06:873c:b040:c34f:3953:9a9d - - [17/Aug/2026:10:42:39 +0800] "GET /wp-content/uploads/sites/187/2026/03/114%E9%9F%B3%E6%A8%82%E6%AF%94%E8%B3%BD-450x300.png HTTP/1.1" 200 289268 "https://www.wjjh.ilc.edu.tw/" "Mozilla/5.0 (Windows NT 10.0; Win64; x64) AppleWebKit/537.36 (KHTML, like Gecko) Chrome/151.0.0.0 Safari/537.36"
210.69.149.252 - - [17/Aug/2026:10:42:39 +0800] "GET /wp-content/themes/oceanwp/assets/js/vendors/flickity.pkgd.min.js HTTP/1.1" 200 15048 "https://www.gtes.ilc.edu.tw/%E6%A0%A1%E9%95%B7/" "Mozilla/5.0 (Windows NT 10.0; Win64; x64) AppleWebKit/537.36 (KHTML, like Gecko) Chrome/151.0.0.0 Safari/537.36"
210.69.149.252 - - [17/Aug/2026:10:42:39 +0800] "GET /wp-content/themes/oceanwp/assets/js/ow-lightbox.min.js HTTP/1.1" 200 2321 "https://www.gtes.ilc.edu.tw/%E6%A0%A1%E9%95%B7/" "Mozilla/5.0 (Windows NT 10.0; Win64; x64) AppleWebKit/537.36 (KHTML, like Gecko) Chrome/151.0.0.0 Safari/537.36"
210.69.149.252 - - [17/Aug/2026:10:42:39 +0800] "GET /wp-content/themes/oceanwp/assets/js/ow-slider.min.js HTTP/1.1" 200 1761 "https://www.gtes.ilc.edu.tw/%E6%A0%A1%E9%95%B7/" "Mozilla/5.0 (Windows NT 10.0; Win64; x64) AppleWebKit/537.36 (KHTML, like Gecko) Chrome/151.0.0.0 Safari/537.36"
210.69.149.252 - - [17/Aug/2026:10:42:39 +0800] "GET /wp-content/themes/oceanwp/assets/js/scroll-effect.min.js HTTP/1.1" 200 4127 "https://www.gtes.ilc.edu.tw/%E6%A0%A1%E9%95%B7/" "Mozilla/5.0 (Windows NT 10.0; Win64; x64) AppleWebKit/537.36 (KHTML, like Gecko) Chrome/151.0.0.0 Safari/537.36"
210.69.149.252 - - [17/Aug/2026:10:42:39 +0800] "GET /wp-content/themes/oceanwp/assets/js/scroll-top.min.js HTTP/1.1" 200 3202 "https://www.gtes.ilc.edu.tw/%E6%A0%A1%E9%95%B7/" "Mozilla/5.0 (Windows NT 10.0; Win64; x64) AppleWebKit/537.36 (KHTML, like Gecko) Chrome/151.0.0.0 Safari/537.36"
210.69.149.252 - - [17/Aug/2026:10:42:39 +0800] "GET /wp-content/themes/oceanwp/assets/js/select.min.js HTTP/1.1" 200 2408 "https://www.gtes.ilc.edu.tw/%E6%A0%A1%E9%95%B7/" "Mozilla/5.0 (Windows NT 10.0; Win64; x64) AppleWebKit/537.36 (KHTML, like Gecko) Chrome/151.0.0.0 Safari/537.36"
210.69.149.252 - - [17/Aug/2026:10:42:39 +0800] "GET /wp-content/plugins/ocean-extra/includes/widgets/js/flickr.min.js HTTP/1.1" 200 1319 "https://www.gtes.ilc.edu.tw/%E6%A0%A1%E9%95%B7/" "Mozilla/5.0 (Windows NT 10.0; Win64; x64) AppleWebKit/537.36 (KHTML, like Gecko) Chrome/151.0.0.0 Safari/537.36"
210.69.149.252 - - [17/Aug/2026:10:42:39 +0800] "GET /wp-content/plugins/elementor/assets/lib/font-awesome/js/v4-shims.min.js HTTP/1.1" 200 5089 "https://www.gtes.ilc.edu.tw/%E6%A0%A1%E9%95%B7/" "Mozilla/5.0 (Windows NT 10.0; Win64; x64) AppleWebKit/537.36 (KHTML, like Gecko) Chrome/151.0.0.0 Safari/537.36"
210.69.149.252 - - [17/Aug/2026:10:42:39 +0800] "GET /wp-content/plugins/elementor-pro/assets/js/webpack-pro.runtime.min.js HTTP/1.1" 200 3562 "https://www.gtes.ilc.edu.tw/%E6%A0%A1%E9%95%B7/" "Mozilla/5.0 (Windows NT 10.0; Win64; x64) AppleWebKit/537.36 (KHTML, like Gecko) Chrome/151.0.0.0 Safari/537.36"
