::1 - - [17/Aug/2026:10:40:03 +0800] "OPTIONS * HTTP/1.0" 200 110 "-" "Apache/2.4.68 (Ubuntu) OpenSSL/3.0.19 (internal dummy connection)"
::1 - - [17/Aug/2026:10:40:04 +0800] "OPTIONS * HTTP/1.0" 200 110 "-" "Apache/2.4.68 (Ubuntu) OpenSSL/3.0.19 (internal dummy connection)"
140.111.67.10 - - [17/Aug/2026:10:40:05 +0800] "GET /" 301 273 "-" "-"
2001:4860:7:810::e6 - - [17/Aug/2026:10:40:05 +0800] "GET / HTTP/1.1" 200 20251 "https://www.google.com/" "Mozilla/5.0 (Windows NT 10.0; Win64; x64) AppleWebKit/537.36 (KHTML, like Gecko) Chrome/151.0.0.0 Safari/537.36"
2001:288:a201::66:125 - - [17/Aug/2026:10:40:05 +0800] "GET /blog/active.php HTTP/1.1" 301 1026 "-" "-"
2001:288:a201::66:125 - - [17/Aug/2026:10:40:05 +0800] "GET /blog/active.php HTTP/1.1" 404 1084 "-" "-"
::1 - - [17/Aug/2026:10:40:05 +0800] "OPTIONS * HTTP/1.0" 200 110 "-" "Apache/2.4.68 (Ubuntu) OpenSSL/3.0.19 (internal dummy connection)"
2001:b011:d004:3498:f4c0:9ef:dd74:3123 - - [17/Aug/2026:10:40:08 +0800] "GET /wp-content/uploads/sites/2795/7706/7706-603045.pdf HTTP/1.1" 200 265283 "https://www.google.com/" "Mozilla/5.0 (Windows NT 10.0; Win64; x64) AppleWebKit/537.36 (KHTML, like Gecko) Chrome/151.0.0.0 Safari/537.36"
2001:b011:d004:3498:f4c0:9ef:dd74:3123 - - [17/Aug/2026:10:40:09 +0800] "GET /favicon.ico HTTP/1.1" 302 5826 "https://2blog.ilc.edu.tw/wp-content/uploads/sites/2795/7706/7706-603045.pdf" "Mozilla/5.0 (Windows NT 10.0; Win64; x64) AppleWebKit/537.36 (KHTML, like Gecko) Chrome/151.0.0.0 Safari/537.36"
2001:b011:d004:3498:f4c0:9ef:dd74:3123 - - [17/Aug/2026:10:40:09 +0800] "GET /wp-includes/images/w-logo-blue-white-bg.png HTTP/1.1" 200 4946 "https://2blog.ilc.edu.tw/wp-content/uploads/sites/2795/7706/7706-603045.pdf" "Mozilla/5.0 (Windows NT 10.0; Win64; x64) AppleWebKit/537.36 (KHTML, like Gecko) Chrome/151.0.0.0 Safari/537.36"
140.111.67.10 - - [17/Aug/2026:10:40:10 +0800] "GET /" 301 273 "-" "-"
2001:288:a201::66:125 - - [17/Aug/2026:10:40:10 +0800] "GET /blog/active.php HTTP/1.1" 301 1026 "-" "-"
2001:288:a201::66:125 - - [17/Aug/2026:10:40:10 +0800] "GET /blog/active.php HTTP/1.1" 404 1084 "-" "-"
140.111.142.152 - - [17/Aug/2026:10:40:11 +0800] "-" 408 339 "-" "-"
140.111.142.152 - - [17/Aug/2026:10:40:11 +0800] "-" 408 339 "-" "-"
2001:288:a26a:1:6923:8bf3:4374:c578 - - [17/Aug/2026:10:40:11 +0800] "POST /hsics/wp-admin/admin-ajax.php HTTP/1.1" 200 1459 "https://2blog.ilc.edu.tw/hsics/wp-admin/edit.php" "Mozilla/5.0 (Windows NT 10.0; Win64; x64) AppleWebKit/537.36 (KHTML, like Gecko) Chrome/151.0.0.0 Safari/537.36"
52.167.144.166 - - [17/Aug/2026:10:40:11 +0800] "GET /?s=%E9%AB%98%E9%90%B5%E5%BB%B6%E4%BC%B8%E5%AE%9C%E8%98%AD%E5%B0%88%E6%A1%88%E7%AE%A1%E7%90%86 HTTP/1.1" 200 20516 "-" "Mozilla/5.0 AppleWebKit/537.36 (KHTML, like Gecko; compatible; bingbot/2.0; +http://www.bing.com/bingbot.htm) Chrome/116.0.1938.76 Safari/537.36"
2407:4b00:4c0d:e85:d4d4:122f:bccf:5b28 - - [17/Aug/2026:10:40:13 +0800] "GET / HTTP/1.1" 200 28989 "-" "Mozilla/5.0 (iPhone; CPU iPhone OS 18_7 like Mac OS X) AppleWebKit/605.1.15 (KHTML, like Gecko) Version/26.6 Mobile/15E148 Safari/604.1"
2407:4b00:4c0d:e85:d4d4:122f:bccf:5b28 - - [17/Aug/2026:10:40:13 +0800] "GET /wp-content/uploads/sites/1664/elementor/css/post-2.css HTTP/1.1" 304 5592 "https://www.gjes.ilc.edu.tw/" "Mozilla/5.0 (iPhone; CPU iPhone OS 18_7 like Mac OS X) AppleWebKit/605.1.15 (KHTML, like Gecko) Version/26.6 Mobile/15E148 Safari/604.1"
2401:e180:8dd1:de5:fd58:3bef:f03f:2fe6 - - [17/Aug/2026:10:40:13 +0800] "GET / HTTP/1.1" 200 30316 "-" "Mozilla/5.0 (Windows NT 10.0; Win64; x64) AppleWebKit/537.36 (KHTML, like Gecko) Chrome/151.0.0.0 Safari/537.36"
2001:288:a229:1:c483:aa76:af6c:aeb9 - - [17/Aug/2026:10:40:13 +0800] "GET /category/c-98848/ HTTP/1.1" 200 19604 "https://www.google.com/" "Mozilla/5.0 (Windows NT 10.0; Win64; x64) AppleWebKit/537.36 (KHTML, like Gecko) Chrome/151.0.0.0 Safari/537.36"
2001:288:a229:1:c483:aa76:af6c:aeb9 - - [17/Aug/2026:10:40:13 +0800] "GET /wp-content/cache/www.eces.ilc.edu.tw/wpfc-minified/edpkcht5/6vxt.css HTTP/1.1" 200 40884 "https://www.eces.ilc.edu.tw/category/c-98848/" "Mozilla/5.0 (Windows NT 10.0; Win64; x64) AppleWebKit/537.36 (KHTML, like Gecko) Chrome/151.0.0.0 Safari/537.36"
2001:288:a229:1:c483:aa76:af6c:aeb9 - - [17/Aug/2026:10:40:13 +0800] "GET /wp-content/cache/www.eces.ilc.edu.tw/wpfc-minified/2xupqllh/6vxt.css HTTP/1.1" 200 3275 "https://www.eces.ilc.edu.tw/category/c-98848/" "Mozilla/5.0 (Windows NT 10.0; Win64; x64) AppleWebKit/537.36 (KHTML, like Gecko) Chrome/151.0.0.0 Safari/537.36"
2001:288:a229:1:c483:aa76:af6c:aeb9 - - [17/Aug/2026:10:40:13 +0800] "GET /wp-content/cache/www.eces.ilc.edu.tw/wpfc-minified/224jvnls/6vyp.css HTTP/1.1" 200 15777 "https://www.eces.ilc.edu.tw/category/c-98848/" "Mozilla/5.0 (Windows NT 10.0; Win64; x64) AppleWebKit/537.36 (KHTML, like Gecko) Chrome/151.0.0.0 Safari/537.36"
2001:288:a229:1:c483:aa76:af6c:aeb9 - - [17/Aug/2026:10:40:13 +0800] "GET /wp-content/cache/www.eces.ilc.edu.tw/wpfc-minified/7701asqh/6vxt.css HTTP/1.1" 200 1157 "https://www.eces.ilc.edu.tw/category/c-98848/" "Mozilla/5.0 (Windows NT 10.0; Win64; x64) AppleWebKit/537.36 (KHTML, like Gecko) Chrome/151.0.0.0 Safari/537.36"
2001:288:a229:1:c483:aa76:af6c:aeb9 - - [17/Aug/2026:10:40:13 +0800] "GET /wp-content/cache/www.eces.ilc.edu.tw/wpfc-minified/f2v5vuw7/6vyp.css HTTP/1.1" 200 61302 "https://www.eces.ilc.edu.tw/category/c-98848/" "Mozilla/5.0 (Windows NT 10.0; Win64; x64) AppleWebKit/537.36 (KHTML, like Gecko) Chrome/151.0.0.0 Safari/537.36"
2001:288:a229:1:c483:aa76:af6c:aeb9 - - [17/Aug/2026:10:40:13 +0800] "GET /wp-content/cache/www.eces.ilc.edu.tw/wpfc-minified/lmo6ihfx/6vy4.js HTTP/1.1" 200 35557 "https://www.eces.ilc.edu.tw/category/c-98848/" "Mozilla/5.0 (Windows NT 10.0; Win64; x64) AppleWebKit/537.36 (KHTML, like Gecko) Chrome/151.0.0.0 Safari/537.36"
2001:288:a229:1:c483:aa76:af6c:aeb9 - - [17/Aug/2026:10:40:13 +0800] "GET /wp-includes/js/hoverintent-js.min.js HTTP/1.1" 200 6399 "https://www.eces.ilc.edu.tw/category/c-98848/" "Mozilla/5.0 (Windows NT 10.0; Win64; x64) AppleWebKit/537.36 (KHTML, like Gecko) Chrome/151.0.0.0 Safari/537.36"
2001:288:a229:1:c483:aa76:af6c:aeb9 - - [17/Aug/2026:10:40:13 +0800] "GET /wp-includes/js/admin-bar.min.js HTTP/1.1" 200 2237 "https://www.eces.ilc.edu.tw/category/c-98848/" "Mozilla/5.0 (Windows NT 10.0; Win64; x64) AppleWebKit/537.36 (KHTML, like Gecko) Chrome/151.0.0.0 Safari/537.36"
2001:288:a229:1:c483:aa76:af6c:aeb9 - - [17/Aug/2026:10:40:13 +0800] "GET /wp-includes/js/imagesloaded.min.js HTTP/1.1" 200 3022 "https://www.eces.ilc.edu.tw/category/c-98848/" "Mozilla/5.0 (Windows NT 10.0; Win64; x64) AppleWebKit/537.36 (KHTML, like Gecko) Chrome/151.0.0.0 Safari/537.36"
2001:288:a229:1:c483:aa76:af6c:aeb9 - - [17/Aug/2026:10:40:13 +0800] "GET /wp-content/themes/oceanwp/assets/js/theme.min.js HTTP/1.1" 200 5130 "https://www.eces.ilc.edu.tw/category/c-98848/" "Mozilla/5.0 (Windows NT 10.0; Win64; x64) AppleWebKit/537.36 (KHTML, like Gecko) Chrome/151.0.0.0 Safari/537.36"
2001:288:a229:1:c483:aa76:af6c:aeb9 - - [17/Aug/2026:10:40:13 +0800] "GET /wp-content/themes/oceanwp/assets/js/drop-down-mobile-menu.min.js HTTP/1.1" 200 4663 "https://www.eces.ilc.edu.tw/category/c-98848/" "Mozilla/5.0 (Windows NT 10.0; Win64; x64) AppleWebKit/537.36 (KHTML, like Gecko) Chrome/151.0.0.0 Safari/537.36"
2001:288:a229:1:c483:aa76:af6c:aeb9 - - [17/Aug/2026:10:40:13 +0800] "GET /wp-content/themes/oceanwp/assets/js/drop-down-search.min.js HTTP/1.1" 200 2968 "https://www.eces.ilc.edu.tw/category/c-98848/" "Mozilla/5.0 (Windows NT 10.0; Win64; x64) AppleWebKit/537.36 (KHTML, like Gecko) Chrome/151.0.0.0 Safari/537.36"
2001:288:a229:1:c483:aa76:af6c:aeb9 - - [17/Aug/2026:10:40:13 +0800] "GET /wp-content/themes/oceanwp/assets/js/vendors/magnific-popup.min.js HTTP/1.1" 200 8270 "https://www.eces.ilc.edu.tw/category/c-98848/" "Mozilla/5.0 (Windows NT 10.0; Win64; x64) AppleWebKit/537.36 (KHTML, like Gecko) Chrome/151.0.0.0 Safari/537.36"
2001:288:a229:1:c483:aa76:af6c:aeb9 - - [17/Aug/2026:10:40:13 +0800] "GET /wp-content/themes/oceanwp/assets/js/ow-lightbox.min.js HTTP/1.1" 200 2321 "https://www.eces.ilc.edu.tw/category/c-98848/" "Mozilla/5.0 (Windows NT 10.0; Win64; x64) AppleWebKit/537.36 (KHTML, like Gecko) Chrome/151.0.0.0 Safari/537.36"
2001:288:a229:1:c483:aa76:af6c:aeb9 - - [17/Aug/2026:10:40:13 +0800] "GET /wp-content/themes/oceanwp/assets/js/ow-slider.min.js HTTP/1.1" 200 1761 "https://www.eces.ilc.edu.tw/category/c-98848/" "Mozilla/5.0 (Windows NT 10.0; Win64; x64) AppleWebKit/537.36 (KHTML, like Gecko) Chrome/151.0.0.0 Safari/537.36"
2001:288:a229:1:c483:aa76:af6c:aeb9 - - [17/Aug/2026:10:40:13 +0800] "GET /wp-content/themes/oceanwp/assets/js/vendors/flickity.pkgd.min.js HTTP/1.1" 200 15048 "https://www.eces.ilc.edu.tw/category/c-98848/" "Mozilla/5.0 (Windows NT 10.0; Win64; x64) AppleWebKit/537.36 (KHTML, like Gecko) Chrome/151.0.0.0 Safari/537.36"
2001:288:a229:1:c483:aa76:af6c:aeb9 - - [17/Aug/2026:10:40:13 +0800] "GET /wp-content/themes/oceanwp/assets/js/scroll-effect.min.js HTTP/1.1" 200 4127 "https://www.eces.ilc.edu.tw/category/c-98848/" "Mozilla/5.0 (Windows NT 10.0; Win64; x64) AppleWebKit/537.36 (KHTML, like Gecko) Chrome/151.0.0.0 Safari/537.36"
2001:288:a229:1:c483:aa76:af6c:aeb9 - - [17/Aug/2026:10:40:13 +0800] "GET /wp-content/themes/oceanwp/assets/js/scroll-top.min.js HTTP/1.1" 200 3202 "https://www.eces.ilc.edu.tw/category/c-98848/" "Mozilla/5.0 (Windows NT 10.0; Win64; x64) AppleWebKit/537.36 (KHTML, like Gecko) Chrome/151.0.0.0 Safari/537.36"
2001:288:a229:1:c483:aa76:af6c:aeb9 - - [17/Aug/2026:10:40:13 +0800] "GET /wp-content/themes/oceanwp/assets/js/select.min.js HTTP/1.1" 200 2408 "https://www.eces.ilc.edu.tw/category/c-98848/" "Mozilla/5.0 (Windows NT 10.0; Win64; x64) AppleWebKit/537.36 (KHTML, like Gecko) Chrome/151.0.0.0 Safari/537.36"
2001:288:a229:1:c483:aa76:af6c:aeb9 - - [17/Aug/2026:10:40:13 +0800] "GET /wp-content/plugins/ocean-extra/includes/widgets/js/flickr.min.js HTTP/1.1" 200 1319 "https://www.eces.ilc.edu.tw/category/c-98848/" "Mozilla/5.0 (Windows NT 10.0; Win64; x64) AppleWebKit/537.36 (KHTML, like Gecko) Chrome/151.0.0.0 Safari/537.36"
2001:b400:e230:9761:1de5:7ecd:8c66:bee1 - - [17/Aug/2026:10:40:13 +0800] "POST /wp-json/wp-statistics/v2/hit HTTP/1.1" 200 6014 "https://www.gjes.ilc.edu.tw/" "Mozilla/5.0 (iPhone; CPU iPhone OS 18_7 like Mac OS X) AppleWebKit/605.1.15 (KHTML, like Gecko) Version/26.6 Mobile/15E148 Safari/604.1"
2001:288:a229:1:c483:aa76:af6c:aeb9 - - [17/Aug/2026:10:40:13 +0800] "GET /wp-content/uploads/sites/69/2020/08/35391-4242207.png HTTP/1.1" 200 372987 "https://www.eces.ilc.edu.tw/category/c-98848/" "Mozilla/5.0 (Windows NT 10.0; Win64; x64) AppleWebKit/537.36 (KHTML, like Gecko) Chrome/151.0.0.0 Safari/537.36"
2001:288:a229:1:c483:aa76:af6c:aeb9 - - [17/Aug/2026:10:40:14 +0800] "GET /wp-content/themes/oceanwp/assets/fonts/fontawesome/webfonts/fa-solid-900.woff2 HTTP/1.1" 200 151246 "https://www.eces.ilc.edu.tw/wp-content/cache/www.eces.ilc.edu.tw/wpfc-minified/f2v5vuw7/6vyp.css" "Mozilla/5.0 (Windows NT 10.0; Win64; x64) AppleWebKit/537.36 (KHTML, like Gecko) Chrome/151.0.0.0 Safari/537.36"
2001:288:a229:1:c483:aa76:af6c:aeb9 - - [17/Aug/2026:10:40:14 +0800] "GET /wp-content/themes/oceanwp/assets/fonts/simple-line-icons/Simple-Line-Icons.woff2?v=2.4.0 HTTP/1.1" 200 30959 "https://www.eces.ilc.edu.tw/wp-content/cache/www.eces.ilc.edu.tw/wpfc-minified/f2v5vuw7/6vyp.css" "Mozilla/5.0 (Windows NT 10.0; Win64; x64) AppleWebKit/537.36 (KHTML, like Gecko) Chrome/151.0.0.0 Safari/537.36"
140.111.67.10 - - [17/Aug/2026:10:40:15 +0800] "GET /" 301 273 "-" "-"
2001:288:a201::67:81 - - [17/Aug/2026:10:40:15 +0800] "POST /favicon.ico?fsm_edd_37394=eb6749853c6e56cc851dd236efabe635 HTTP/1.1" 302 5827 "-" "WordPress/6.6.7; https://www.eces.ilc.edu.tw"
2001:288:a229:1:c483:aa76:af6c:aeb9 - - [17/Aug/2026:10:40:15 +0800] "GET /favicon.ico HTTP/1.1" 302 1062 "https://www.eces.ilc.edu.tw/category/c-98848/" "Mozilla/5.0 (Windows NT 10.0; Win64; x64) AppleWebKit/537.36 (KHTML, like Gecko) Chrome/151.0.0.0 Safari/537.36"
2001:288:a229:1:c483:aa76:af6c:aeb9 - - [17/Aug/2026:10:40:15 +0800] "GET /wp-includes/images/w-logo-blue-white-bg.png HTTP/1.1" 200 4946 "https://www.eces.ilc.edu.tw/category/c-98848/" "Mozilla/5.0 (Windows NT 10.0; Win64; x64) AppleWebKit/537.36 (KHTML, like Gecko) Chrome/151.0.0.0 Safari/537.36"
2001:288:a201::66:125 - - [17/Aug/2026:10:40:15 +0800] "GET /blog/active.php HTTP/1.1" 301 1026 "-" "-"
2001:288:a201::66:125 - - [17/Aug/2026:10:40:15 +0800] "GET /blog/active.php HTTP/1.1" 404 1084 "-" "-"
2401:e180:8dd1:de5:fd58:3bef:f03f:2fe6 - - [17/Aug/2026:10:40:16 +0800] "GET /wp-content/uploads/sites/2550/elementor/css/post-177.css HTTP/1.1" 304 790 "https://www.mses.ilc.edu.tw/" "Mozilla/5.0 (Windows NT 10.0; Win64; x64) AppleWebKit/537.36 (KHTML, like Gecko) Chrome/151.0.0.0 Safari/537.36"
66.249.68.137 - - [17/Aug/2026:10:40:13 +0800] "GET /wp-login.php?action=ilc_logout&_wpnonce=43754d0aad&redirect_to=http://legal9.ru/job/30000/ HTTP/1.1" 302 8243 "-" "Mozilla/5.0 (Linux; Android 6.0.1; Nexus 5X Build/MMB29P) AppleWebKit/537.36 (KHTML, like Gecko) Chrome/150.0.7871.186 Mobile Safari/537.36 (compatible; GoogleOther)"
::1 - - [17/Aug/2026:10:40:16 +0800] "OPTIONS * HTTP/1.0" 200 110 "-" "Apache/2.4.68 (Ubuntu) OpenSSL/3.0.19 (internal dummy connection)"
::1 - - [17/Aug/2026:10:40:17 +0800] "OPTIONS * HTTP/1.0" 200 110 "-" "Apache/2.4.68 (Ubuntu) OpenSSL/3.0.19 (internal dummy connection)"
2401:e180:8dd1:de5:fd58:3bef:f03f:2fe6 - - [17/Aug/2026:10:40:17 +0800] "GET /wp-content/uploads/sites/2550/2026/07/%E9%A6%AC%E8%B3%BD%E5%9C%8B%E5%B0%8F%E9%A6%96%E9%A0%81%E6%A9%AB%E5%B9%852026.png HTTP/1.1" 304 790 "https://www.mses.ilc.edu.tw/" "Mozilla/5.0 (Windows NT 10.0; Win64; x64) AppleWebKit/537.36 (KHTML, like Gecko) Chrome/151.0.0.0 Safari/537.36"
66.249.79.165 - - [17/Aug/2026:10:40:17 +0800] "GET /wp-content/uploads/sites/1444/2020/07/DSC_3496-scaled.jpg HTTP/1.1" 200 758840 "-" "Googlebot-Image/1.0"
::1 - - [17/Aug/2026:10:40:18 +0800] "OPTIONS * HTTP/1.0" 200 110 "-" "Apache/2.4.68 (Ubuntu) OpenSSL/3.0.19 (internal dummy connection)"
::1 - - [17/Aug/2026:10:40:19 +0800] "OPTIONS * HTTP/1.0" 200 110 "-" "Apache/2.4.68 (Ubuntu) OpenSSL/3.0.19 (internal dummy connection)"
140.111.67.10 - - [17/Aug/2026:10:40:20 +0800] "GET /" 301 273 "-" "-"
2001:288:a201::66:125 - - [17/Aug/2026:10:40:20 +0800] "GET /blog/active.php HTTP/1.1" 301 1026 "-" "-"
2001:288:a201::66:125 - - [17/Aug/2026:10:40:20 +0800] "GET /blog/active.php HTTP/1.1" 404 5513 "-" "-"
178.171.81.241 - - [17/Aug/2026:10:40:22 +0800] "GET /?p=549 HTTP/1.1" 200 29457 "https://www.google.com/" "Mozilla/5.0 (Windows NT 10.0; Win64; x64) AppleWebKit/537.36 (KHTML, like Gecko) Chrome/151.0.0.0 Safari/537.36"
::1 - - [17/Aug/2026:10:40:22 +0800] "OPTIONS * HTTP/1.0" 200 110 "-" "Apache/2.4.68 (Ubuntu) OpenSSL/3.0.19 (internal dummy connection)"
66.249.68.136 - - [17/Aug/2026:10:40:20 +0800] "GET /wp-login.php?action=ilc_logout&_wpnonce=43754d0aad&redirect_to=http://biofurolan.ru/creator/25746/ HTTP/1.1" 302 8251 "-" "Mozilla/5.0 (compatible; Googlebot/2.1; +http://www.google.com/bot.html)"
52.167.144.163 - - [17/Aug/2026:10:40:23 +0800] "GET /868/44565/ HTTP/1.1" 200 25805 "-" "Mozilla/5.0 AppleWebKit/537.36 (KHTML, like Gecko; compatible; bingbot/2.0; +http://www.bing.com/bingbot.htm) Chrome/116.0.1938.76 Safari/537.36"
140.111.67.10 - - [17/Aug/2026:10:40:25 +0800] "GET /" 301 273 "-" "-"
2001:288:a201::66:125 - - [17/Aug/2026:10:40:25 +0800] "GET /blog/active.php HTTP/1.1" 301 1026 "-" "-"
2001:288:a201::66:125 - - [17/Aug/2026:10:40:25 +0800] "GET /blog/active.php HTTP/1.1" 404 1084 "-" "-"
::1 - - [17/Aug/2026:10:40:25 +0800] "OPTIONS * HTTP/1.0" 200 110 "-" "Apache/2.4.68 (Ubuntu) OpenSSL/3.0.19 (internal dummy connection)"
210.69.149.171 - - [17/Aug/2026:10:40:26 +0800] "-" 408 4801 "-" "-"
210.69.149.171 - - [17/Aug/2026:10:40:26 +0800] "-" 408 4801 "-" "-"
2001:288:a26a:1:6923:8bf3:4374:c578 - - [17/Aug/2026:10:40:26 +0800] "POST /hsics/wp-admin/admin-ajax.php HTTP/1.1" 200 1459 "https://2blog.ilc.edu.tw/hsics/wp-admin/edit.php" "Mozilla/5.0 (Windows NT 10.0; Win64; x64) AppleWebKit/537.36 (KHTML, like Gecko) Chrome/151.0.0.0 Safari/537.36"
52.167.144.228 - - [17/Aug/2026:10:40:27 +0800] "GET /32745/2022/02/ HTTP/1.1" 200 91327 "-" "Mozilla/5.0 AppleWebKit/537.36 (KHTML, like Gecko; compatible; bingbot/2.0; +http://www.bing.com/bingbot.htm) Chrome/116.0.1938.76 Safari/537.36"
2001:b011:d004:3498:f4c0:9ef:dd74:3123 - - [17/Aug/2026:10:40:28 +0800] "-" 408 4796 "-" "-"
2001:b011:d004:3498:f4c0:9ef:dd74:3123 - - [17/Aug/2026:10:40:29 +0800] "-" 408 4796 "-" "-"
140.111.67.10 - - [17/Aug/2026:10:40:30 +0800] "GET /" 301 273 "-" "-"
2407:4b00:4c02:7da7:70be:f2b:3c85:6bdd - - [17/Aug/2026:10:40:29 +0800] "GET / HTTP/1.1" 200 28022 "-" "Mozilla/5.0 (Windows NT 10.0; Win64; x64) AppleWebKit/537.36 (KHTML, like Gecko) Chrome/151.0.0.0 Safari/537.36 Edg/151.0.0.0"
66.249.71.166 - - [17/Aug/2026:10:40:26 +0800] "GET /wp-login.php?action=ilc_logout&_wpnonce=43754d0aad&redirect_to=http://biofurolan.ru/creator/43668/ HTTP/1.1" 302 3442 "-" "Mozilla/5.0 (compatible; Googlebot/2.1; +http://www.google.com/bot.html)"
2001:288:a201::66:125 - - [17/Aug/2026:10:40:30 +0800] "GET /blog/active.php HTTP/1.1" 404 1084 "-" "-"
2001:288:a201::66:125 - - [17/Aug/2026:10:40:30 +0800] "GET /blog/active.php HTTP/1.1" 301 1026 "-" "-"
140.111.141.41 - - [17/Aug/2026:10:40:30 +0800] "POST /wp-admin/admin-ajax.php HTTP/1.1" 200 1462 "https://www.gjes.ilc.edu.tw/wp-admin/edit.php?post_type=page" "Mozilla/5.0 (Windows NT 10.0; Win64; x64) AppleWebKit/537.36 (KHTML, like Gecko) Chrome/151.0.0.0 Safari/537.36"
2401:e180:8dd1:de5:fd58:3bef:f03f:2fe6 - - [17/Aug/2026:10:40:33 +0800] "-" 408 4801 "-" "-"
2001:288:a229:1:c483:aa76:af6c:aeb9 - - [17/Aug/2026:10:40:33 +0800] "-" 408 4802 "-" "-"
2001:288:a229:1:c483:aa76:af6c:aeb9 - - [17/Aug/2026:10:40:34 +0800] "-" 408 339 "-" "-"
2001:288:a229:1:c483:aa76:af6c:aeb9 - - [17/Aug/2026:10:40:34 +0800] "-" 408 4802 "-" "-"
2001:288:a229:1:c483:aa76:af6c:aeb9 - - [17/Aug/2026:10:40:34 +0800] "-" 408 4802 "-" "-"
::1 - - [17/Aug/2026:10:40:34 +0800] "OPTIONS * HTTP/1.0" 200 110 "-" "Apache/2.4.68 (Ubuntu) OpenSSL/3.0.19 (internal dummy connection)"
2001:288:a241:1:dda2:d338:494f:585b - - [17/Aug/2026:10:40:34 +0800] "-" 408 4791 "-" "-"
140.111.67.10 - - [17/Aug/2026:10:40:35 +0800] "GET /" 301 273 "-" "-"
2001:288:a201::66:125 - - [17/Aug/2026:10:40:35 +0800] "GET /blog/active.php HTTP/1.1" 404 1084 "-" "-"
2001:288:a201::66:125 - - [17/Aug/2026:10:40:35 +0800] "GET /blog/active.php HTTP/1.1" 301 1026 "-" "-"
::1 - - [17/Aug/2026:10:40:35 +0800] "OPTIONS * HTTP/1.0" 200 110 "-" "Apache/2.4.68 (Ubuntu) OpenSSL/3.0.19 (internal dummy connection)"
2001:4860:7:410::ed - - [17/Aug/2026:10:40:36 +0800] "GET /4774/ HTTP/1.1" 200 23869 "https://www.google.com/" "Mozilla/5.0 (Windows NT 10.0; Win64; x64) AppleWebKit/537.36 (KHTML, like Gecko) Chrome/151.0.0.0 Safari/537.36"
::1 - - [17/Aug/2026:10:40:36 +0800] "OPTIONS * HTTP/1.0" 200 110 "-" "Apache/2.4.68 (Ubuntu) OpenSSL/3.0.19 (internal dummy connection)"
2001:288:a252:1:413:44a0:c075:1cc7 - - [17/Aug/2026:10:40:37 +0800] "GET / HTTP/1.1" 200 31593 "-" "Mozilla/5.0 (Windows NT 10.0; Win64; x64) AppleWebKit/537.36 (KHTML, like Gecko) Chrome/151.0.0.0 Safari/537.36"
2001:288:a252:1:413:44a0:c075:1cc7 - - [17/Aug/2026:10:40:37 +0800] "GET /wp-content/uploads/sites/3846/elementor/css/post-19.css HTTP/1.1" 304 790 "https://www.ilc.edu.tw/" "Mozilla/5.0 (Windows NT 10.0; Win64; x64) AppleWebKit/537.36 (KHTML, like Gecko) Chrome/151.0.0.0 Safari/537.36"
2001:288:a252:1:413:44a0:c075:1cc7 - - [17/Aug/2026:10:40:37 +0800] "GET /wp-content/uploads/sites/3846/2026/05/05bfd164-030e-448f-b83b-37c7dcb01eec.png HTTP/1.1" 304 790 "https://www.ilc.edu.tw/" "Mozilla/5.0 (Windows NT 10.0; Win64; x64) AppleWebKit/537.36 (KHTML, like Gecko) Chrome/151.0.0.0 Safari/537.36"
2001:288:a252:1:413:44a0:c075:1cc7 - - [17/Aug/2026:10:40:37 +0800] "GET /wp-content/uploads/sites/3846/2026/08/%E8%BE%B2%E6%A5%AD%E9%83%A8%E5%BB%A3%E5%91%8A.jpg HTTP/1.1" 304 790 "https://www.ilc.edu.tw/" "Mozilla/5.0 (Windows NT 10.0; Win64; x64) AppleWebKit/537.36 (KHTML, like Gecko) Chrome/151.0.0.0 Safari/537.36"
2001:288:a252:1:413:44a0:c075:1cc7 - - [17/Aug/2026:10:40:37 +0800] "GET /wp-content/uploads/sites/3846/2026/06/2026%E5%AE%9C%E8%98%AD%E7%98%8B%E5%AD%B8%E7%BF%92-%E6%9A%91%E5%81%87_%E6%95%99%E8%82%B2%E8%99%95%E9%A6%96%E9%A0%81-1440-x-1080-%E5%83%8F%E7%B4%A0.png HTTP/1.1" 304 790 "https://www.ilc.edu.tw/" "Mozilla/5.0 (Windows NT 10.0; Win64; x64) AppleWebKit/537.36 (KHTML, like Gecko) Chrome/151.0.0.0 Safari/537.36"
2001:288:a252:1:413:44a0:c075:1cc7 - - [17/Aug/2026:10:40:37 +0800] "GET /wp-content/uploads/sites/3846/2026/05/%E8%9E%A2%E5%B9%95%E6%93%B7%E5%8F%96%E7%95%AB%E9%9D%A2-2026-05-07-100749.png HTTP/1.1" 304 1129 "https://www.ilc.edu.tw/" "Mozilla/5.0 (Windows NT 10.0; Win64; x64) AppleWebKit/537.36 (KHTML, like Gecko) Chrome/151.0.0.0 Safari/537.36"
2001:288:a252:1:413:44a0:c075:1cc7 - - [17/Aug/2026:10:40:37 +0800] "GET /wp-content/uploads/sites/3846/2025/05/%E8%AA%9E%E6%96%87%E7%AB%B6%E8%B3%BD180X50.png HTTP/1.1" 304 790 "https://www.ilc.edu.tw/" "Mozilla/5.0 (Windows NT 10.0; Win64; x64) AppleWebKit/537.36 (KHTML, like Gecko) Chrome/151.0.0.0 Safari/537.36"
::1 - - [17/Aug/2026:10:40:37 +0800] "OPTIONS * HTTP/1.0" 200 110 "-" "Apache/2.4.68 (Ubuntu) OpenSSL/3.0.19 (internal dummy connection)"
::1 - - [17/Aug/2026:10:40:38 +0800] "OPTIONS * HTTP/1.0" 200 110 "-" "Apache/2.4.68 (Ubuntu) OpenSSL/3.0.19 (internal dummy connection)"
::1 - - [17/Aug/2026:10:40:39 +0800] "OPTIONS * HTTP/1.0" 200 110 "-" "Apache/2.4.68 (Ubuntu) OpenSSL/3.0.19 (internal dummy connection)"
140.111.67.10 - - [17/Aug/2026:10:40:40 +0800] "GET /" 301 273 "-" "-"
2001:288:a201::66:125 - - [17/Aug/2026:10:40:40 +0800] "GET /blog/active.php HTTP/1.1" 301 1026 "-" "-"
2001:288:a201::66:125 - - [17/Aug/2026:10:40:40 +0800] "GET /blog/active.php HTTP/1.1" 404 1084 "-" "-"
2001:288:a241:1:e41e:b2ed:3171:1f04 - - [17/Aug/2026:10:40:41 +0800] "-" 408 4803 "-" "-"
60.244.113.180 - - [17/Aug/2026:10:40:42 +0800] "GET /11524/ HTTP/1.1" 200 22534 "https://www.google.com/" "Mozilla/5.0 (Windows NT 10.0; Win64; x64) AppleWebKit/537.36 (KHTML, like Gecko) Chrome/151.0.0.0 Safari/537.36"
66.249.71.166 - - [17/Aug/2026:10:40:40 +0800] "GET /wp-login.php?action=ilc_logout&_wpnonce=43754d0aad&redirect_to=http://hldosaaf.ru/job/82466/ HTTP/1.1" 302 3436 "-" "Mozilla/5.0 (compatible; Googlebot/2.1; +http://www.google.com/bot.html)"
60.244.113.180 - - [17/Aug/2026:10:40:42 +0800] "GET /wp-content/cache/isupport.ilc.edu.tw/wpfc-minified/jpyo1yc2/ks8w.css HTTP/1.1" 200 5961 "https://isupport.ilc.edu.tw/11524/" "Mozilla/5.0 (Windows NT 10.0; Win64; x64) AppleWebKit/537.36 (KHTML, like Gecko) Chrome/151.0.0.0 Safari/537.36"
60.244.113.180 - - [17/Aug/2026:10:40:42 +0800] "GET /wp-content/cache/isupport.ilc.edu.tw/wpfc-minified/fhgiw72a/ks8w.css HTTP/1.1" 200 40883 "https://isupport.ilc.edu.tw/11524/" "Mozilla/5.0 (Windows NT 10.0; Win64; x64) AppleWebKit/537.36 (KHTML, like Gecko) Chrome/151.0.0.0 Safari/537.36"
2001:288:a26a:1:6923:8bf3:4374:c578 - - [17/Aug/2026:10:40:41 +0800] "POST /hsics/wp-admin/admin-ajax.php HTTP/1.1" 200 1459 "https://2blog.ilc.edu.tw/hsics/wp-admin/edit.php" "Mozilla/5.0 (Windows NT 10.0; Win64; x64) AppleWebKit/537.36 (KHTML, like Gecko) Chrome/151.0.0.0 Safari/537.36"
60.244.113.180 - - [17/Aug/2026:10:40:42 +0800] "GET /wp-content/cache/isupport.ilc.edu.tw/wpfc-minified/drup3mak/ks8w.css HTTP/1.1" 200 27899 "https://isupport.ilc.edu.tw/11524/" "Mozilla/5.0 (Windows NT 10.0; Win64; x64) AppleWebKit/537.36 (KHTML, like Gecko) Chrome/151.0.0.0 Safari/537.36"
60.244.113.180 - - [17/Aug/2026:10:40:42 +0800] "GET /wp-content/cache/isupport.ilc.edu.tw/wpfc-minified/8jq1rsi9/ks8w.css HTTP/1.1" 200 53283 "https://isupport.ilc.edu.tw/11524/" "Mozilla/5.0 (Windows NT 10.0; Win64; x64) AppleWebKit/537.36 (KHTML, like Gecko) Chrome/151.0.0.0 Safari/537.36"
60.244.113.180 - - [17/Aug/2026:10:40:42 +0800] "GET /wp-content/uploads/sites/3591/elementor/css/post-3.css HTTP/1.1" 200 2101 "https://isupport.ilc.edu.tw/11524/" "Mozilla/5.0 (Windows NT 10.0; Win64; x64) AppleWebKit/537.36 (KHTML, like Gecko) Chrome/151.0.0.0 Safari/537.36"
60.244.113.180 - - [17/Aug/2026:10:40:42 +0800] "GET /wp-content/uploads/sites/3591/elementor/css/post-11524.css HTTP/1.1" 200 5764 "https://isupport.ilc.edu.tw/11524/" "Mozilla/5.0 (Windows NT 10.0; Win64; x64) AppleWebKit/537.36 (KHTML, like Gecko) Chrome/151.0.0.0 Safari/537.36"
60.244.113.180 - - [17/Aug/2026:10:40:42 +0800] "GET /wp-content/cache/isupport.ilc.edu.tw/wpfc-minified/kxdlh8d7/ks8w.css HTTP/1.1" 200 7701 "https://isupport.ilc.edu.tw/11524/" "Mozilla/5.0 (Windows NT 10.0; Win64; x64) AppleWebKit/537.36 (KHTML, like Gecko) Chrome/151.0.0.0 Safari/537.36"
60.244.113.180 - - [17/Aug/2026:10:40:42 +0800] "GET /wp-content/cache/isupport.ilc.edu.tw/wpfc-minified/lwjo9g1t/ks8w.css HTTP/1.1" 200 11147 "https://isupport.ilc.edu.tw/11524/" "Mozilla/5.0 (Windows NT 10.0; Win64; x64) AppleWebKit/537.36 (KHTML, like Gecko) Chrome/151.0.0.0 Safari/537.36"
2001:4860:7:810::ea - - [17/Aug/2026:10:40:41 +0800] "GET /31/wp-content/uploads/sites/1320/2023/11/1114%E5%9C%8B%E4%B8%AD%E6%95%99%E8%82%B2%E6%9C%83%E8%80%83%E5%AD%B8%E5%8A%9B%E5%93%81%E8%B3%AA%E7%9B%A3%E6%8E%A7%E8%B3%87%E6%96%99%E5%88%86%E6%9E%90%E8%88%87%E9%81%8B%E7%94%A8.pdf HTTP/1.1" 200 3156819 "https://www.google.com/" "Mozilla/5.0 (Windows NT 10.0; Win64; x64) AppleWebKit/537.36 (KHTML, like Gecko) Chrome/151.0.0.0 Safari/537.36"
60.244.113.180 - - [17/Aug/2026:10:40:42 +0800] "GET /wp-content/cache/isupport.ilc.edu.tw/wpfc-minified/10m74ssp/ks8x.js HTTP/1.1" 200 35551 "https://isupport.ilc.edu.tw/11524/" "Mozilla/5.0 (Windows NT 10.0; Win64; x64) AppleWebKit/537.36 (KHTML, like Gecko) Chrome/151.0.0.0 Safari/537.36"
60.244.113.180 - - [17/Aug/2026:10:40:42 +0800] "GET /wp-content/cache/isupport.ilc.edu.tw/wpfc-minified/fqv0eogw/ks8w.js HTTP/1.1" 200 1635 "https://isupport.ilc.edu.tw/11524/" "Mozilla/5.0 (Windows NT 10.0; Win64; x64) AppleWebKit/537.36 (KHTML, like Gecko) Chrome/151.0.0.0 Safari/537.36"
60.244.113.180 - - [17/Aug/2026:10:40:42 +0800] "GET /wp-content/uploads/sites/3591/2024/11/Canva%E6%95%99%E8%82%B2%E7%89%88.png HTTP/1.1" 200 112208 "https://isupport.ilc.edu.tw/11524/" "Mozilla/5.0 (Windows NT 10.0; Win64; x64) AppleWebKit/537.36 (KHTML, like Gecko) Chrome/151.0.0.0 Safari/537.36"
60.244.113.180 - - [17/Aug/2026:10:40:42 +0800] "GET /wp-content/uploads/sites/3591/2026/04/3-768x432.jpg HTTP/1.1" 200 89958 "https://isupport.ilc.edu.tw/11524/" "Mozilla/5.0 (Windows NT 10.0; Win64; x64) AppleWebKit/537.36 (KHTML, like Gecko) Chrome/151.0.0.0 Safari/537.36"
60.244.113.180 - - [17/Aug/2026:10:40:42 +0800] "GET /wp-content/uploads/sites/3591/2025/06/isupport%E9%A6%96%E9%A0%81%E6%96%87%E7%AB%A0%E5%B0%8F%E5%9C%96.png HTTP/1.1" 200 38192 "https://isupport.ilc.edu.tw/11524/" "Mozilla/5.0 (Windows NT 10.0; Win64; x64) AppleWebKit/537.36 (KHTML, like Gecko) Chrome/151.0.0.0 Safari/537.36"
60.244.113.180 - - [17/Aug/2026:10:40:42 +0800] "GET /wp-includes/js/hoverintent-js.min.js HTTP/1.1" 200 1597 "https://isupport.ilc.edu.tw/11524/" "Mozilla/5.0 (Windows NT 10.0; Win64; x64) AppleWebKit/537.36 (KHTML, like Gecko) Chrome/151.0.0.0 Safari/537.36"
60.244.113.180 - - [17/Aug/2026:10:40:42 +0800] "GET /wp-includes/js/admin-bar.min.js HTTP/1.1" 200 2237 "https://isupport.ilc.edu.tw/11524/" "Mozilla/5.0 (Windows NT 10.0; Win64; x64) AppleWebKit/537.36 (KHTML, like Gecko) Chrome/151.0.0.0 Safari/537.36"
60.244.113.180 - - [17/Aug/2026:10:40:42 +0800] "GET /wp-includes/js/imagesloaded.min.js HTTP/1.1" 200 2683 "https://isupport.ilc.edu.tw/11524/" "Mozilla/5.0 (Windows NT 10.0; Win64; x64) AppleWebKit/537.36 (KHTML, like Gecko) Chrome/151.0.0.0 Safari/537.36"
60.244.113.180 - - [17/Aug/2026:10:40:42 +0800] "GET /wp-content/themes/oceanwp/assets/js/theme.min.js HTTP/1.1" 200 5130 "https://isupport.ilc.edu.tw/11524/" "Mozilla/5.0 (Windows NT 10.0; Win64; x64) AppleWebKit/537.36 (KHTML, like Gecko) Chrome/151.0.0.0 Safari/537.36"
60.244.113.180 - - [17/Aug/2026:10:40:42 +0800] "GET /wp-content/themes/oceanwp/assets/js/vendors/sidr.js HTTP/1.1" 200 4102 "https://isupport.ilc.edu.tw/11524/" "Mozilla/5.0 (Windows NT 10.0; Win64; x64) AppleWebKit/537.36 (KHTML, like Gecko) Chrome/151.0.0.0 Safari/537.36"
60.244.113.180 - - [17/Aug/2026:10:40:42 +0800] "GET /wp-content/themes/oceanwp/assets/js/sidebar-mobile-menu.min.js HTTP/1.1" 200 4731 "https://isupport.ilc.edu.tw/11524/" "Mozilla/5.0 (Windows NT 10.0; Win64; x64) AppleWebKit/537.36 (KHTML, like Gecko) Chrome/151.0.0.0 Safari/537.36"
60.244.113.180 - - [17/Aug/2026:10:40:42 +0800] "GET /wp-content/themes/oceanwp/assets/js/drop-down-search.min.js HTTP/1.1" 200 2968 "https://isupport.ilc.edu.tw/11524/" "Mozilla/5.0 (Windows NT 10.0; Win64; x64) AppleWebKit/537.36 (KHTML, like Gecko) Chrome/151.0.0.0 Safari/537.36"
60.244.113.180 - - [17/Aug/2026:10:40:43 +0800] "GET /wp-content/themes/oceanwp/assets/js/equal-height-elements.min.js HTTP/1.1" 200 2606 "https://isupport.ilc.edu.tw/11524/" "Mozilla/5.0 (Windows NT 10.0; Win64; x64) AppleWebKit/537.36 (KHTML, like Gecko) Chrome/151.0.0.0 Safari/537.36"
60.244.113.180 - - [17/Aug/2026:10:40:43 +0800] "GET /wp-content/themes/oceanwp/assets/js/vendors/magnific-popup.min.js HTTP/1.1" 200 8270 "https://isupport.ilc.edu.tw/11524/" "Mozilla/5.0 (Windows NT 10.0; Win64; x64) AppleWebKit/537.36 (KHTML, like Gecko) Chrome/151.0.0.0 Safari/537.36"
60.244.113.180 - - [17/Aug/2026:10:40:43 +0800] "GET /wp-content/themes/oceanwp/assets/js/ow-lightbox.min.js HTTP/1.1" 200 2321 "https://isupport.ilc.edu.tw/11524/" "Mozilla/5.0 (Windows NT 10.0; Win64; x64) AppleWebKit/537.36 (KHTML, like Gecko) Chrome/151.0.0.0 Safari/537.36"
60.244.113.180 - - [17/Aug/2026:10:40:43 +0800] "GET /wp-content/themes/oceanwp/assets/js/vendors/flickity.pkgd.min.js HTTP/1.1" 200 15048 "https://isupport.ilc.edu.tw/11524/" "Mozilla/5.0 (Windows NT 10.0; Win64; x64) AppleWebKit/537.36 (KHTML, like Gecko) Chrome/151.0.0.0 Safari/537.36"
60.244.113.180 - - [17/Aug/2026:10:40:43 +0800] "GET /wp-content/themes/oceanwp/assets/js/ow-slider.min.js HTTP/1.1" 200 1761 "https://isupport.ilc.edu.tw/11524/" "Mozilla/5.0 (Windows NT 10.0; Win64; x64) AppleWebKit/537.36 (KHTML, like Gecko) Chrome/151.0.0.0 Safari/537.36"
60.244.113.180 - - [17/Aug/2026:10:40:43 +0800] "GET /wp-content/themes/oceanwp/assets/js/scroll-effect.min.js HTTP/1.1" 200 4127 "https://isupport.ilc.edu.tw/11524/" "Mozilla/5.0 (Windows NT 10.0; Win64; x64) AppleWebKit/537.36 (KHTML, like Gecko) Chrome/151.0.0.0 Safari/537.36"
60.244.113.180 - - [17/Aug/2026:10:40:43 +0800] "GET /wp-content/themes/oceanwp/assets/js/scroll-top.min.js HTTP/1.1" 200 3202 "https://isupport.ilc.edu.tw/11524/" "Mozilla/5.0 (Windows NT 10.0; Win64; x64) AppleWebKit/537.36 (KHTML, like Gecko) Chrome/151.0.0.0 Safari/537.36"
60.244.113.180 - - [17/Aug/2026:10:40:43 +0800] "GET /wp-content/themes/oceanwp/assets/js/ow-infinite-scroll.min.js HTTP/1.1" 200 8588 "https://isupport.ilc.edu.tw/11524/" "Mozilla/5.0 (Windows NT 10.0; Win64; x64) AppleWebKit/537.36 (KHTML, like Gecko) Chrome/151.0.0.0 Safari/537.36"
60.244.113.180 - - [17/Aug/2026:10:40:43 +0800] "GET /wp-content/themes/oceanwp/assets/js/select.min.js HTTP/1.1" 200 2408 "https://isupport.ilc.edu.tw/11524/" "Mozilla/5.0 (Windows NT 10.0; Win64; x64) AppleWebKit/537.36 (KHTML, like Gecko) Chrome/151.0.0.0 Safari/537.36"
60.244.113.180 - - [17/Aug/2026:10:40:43 +0800] "GET /wp-content/plugins/elementor-pro/assets/js/webpack-pro.runtime.min.js HTTP/1.1" 200 3562 "https://isupport.ilc.edu.tw/11524/" "Mozilla/5.0 (Windows NT 10.0; Win64; x64) AppleWebKit/537.36 (KHTML, like Gecko) Chrome/151.0.0.0 Safari/537.36"
60.244.113.180 - - [17/Aug/2026:10:40:43 +0800] "GET /wp-content/plugins/ocean-extra/includes/widgets/js/flickr.min.js HTTP/1.1" 200 1319 "https://isupport.ilc.edu.tw/11524/" "Mozilla/5.0 (Windows NT 10.0; Win64; x64) AppleWebKit/537.36 (KHTML, like Gecko) Chrome/151.0.0.0 Safari/537.36"
60.244.113.180 - - [17/Aug/2026:10:40:43 +0800] "GET /wp-content/plugins/elementor/assets/js/webpack.runtime.min.js HTTP/1.1" 200 3095 "https://isupport.ilc.edu.tw/11524/" "Mozilla/5.0 (Windows NT 10.0; Win64; x64) AppleWebKit/537.36 (KHTML, like Gecko) Chrome/151.0.0.0 Safari/537.36"
60.244.113.180 - - [17/Aug/2026:10:40:43 +0800] "GET /wp-includes/js/dist/hooks.min.js HTTP/1.1" 200 2421 "https://isupport.ilc.edu.tw/11524/" "Mozilla/5.0 (Windows NT 10.0; Win64; x64) AppleWebKit/537.36 (KHTML, like Gecko) Chrome/151.0.0.0 Safari/537.36"
60.244.113.180 - - [17/Aug/2026:10:40:43 +0800] "GET /wp-content/plugins/elementor/assets/js/frontend-modules.min.js HTTP/1.1" 200 19416 "https://isupport.ilc.edu.tw/11524/" "Mozilla/5.0 (Windows NT 10.0; Win64; x64) AppleWebKit/537.36 (KHTML, like Gecko) Chrome/151.0.0.0 Safari/537.36"
60.244.113.180 - - [17/Aug/2026:10:40:43 +0800] "GET /wp-includes/js/dist/i18n.min.js HTTP/1.1" 200 4547 "https://isupport.ilc.edu.tw/11524/" "Mozilla/5.0 (Windows NT 10.0; Win64; x64) AppleWebKit/537.36 (KHTML, like Gecko) Chrome/151.0.0.0 Safari/537.36"
60.244.113.180 - - [17/Aug/2026:10:40:43 +0800] "GET /wp-content/plugins/elementor-pro/assets/js/frontend.min.js HTTP/1.1" 200 7574 "https://isupport.ilc.edu.tw/11524/" "Mozilla/5.0 (Windows NT 10.0; Win64; x64) AppleWebKit/537.36 (KHTML, like Gecko) Chrome/151.0.0.0 Safari/537.36"
60.244.113.180 - - [17/Aug/2026:10:40:43 +0800] "GET /wp-content/plugins/elementor/assets/lib/waypoints/waypoints.min.js HTTP/1.1" 200 3873 "https://isupport.ilc.edu.tw/11524/" "Mozilla/5.0 (Windows NT 10.0; Win64; x64) AppleWebKit/537.36 (KHTML, like Gecko) Chrome/151.0.0.0 Safari/537.36"
60.244.113.180 - - [17/Aug/2026:10:40:43 +0800] "GET /wp-includes/js/jquery/ui/core.min.js HTTP/1.1" 200 7986 "https://isupport.ilc.edu.tw/11524/" "Mozilla/5.0 (Windows NT 10.0; Win64; x64) AppleWebKit/537.36 (KHTML, like Gecko) Chrome/151.0.0.0 Safari/537.36"
124.219.52.124 - - [17/Aug/2026:10:40:43 +0800] "GET /wp-content/uploads/sites/2550/elementor/thumbs/400%E5%96%AE%E5%AD%97%E7%8E%8B-30%E9%A1%8C-rndk1s8c88e2y0sdl5tyesu5qoxsdozx0thml7880w.png HTTP/1.1" 304 5591 "https://www.mses.ilc.edu.tw/" "Mozilla/5.0 (Windows NT 10.0; Win64; x64) AppleWebKit/537.36 (KHTML, like Gecko) Chrome/151.0.0.0 Safari/537.36"
124.219.52.124 - - [17/Aug/2026:10:40:43 +0800] "GET /wp-content/uploads/sites/2550/elementor/thumbs/Cool-English%E8%8B%B1%E8%81%BD%E7%8E%8B%E6%AF%94%E8%B3%BD-rndk1c9301s7gnfl6gxaqevbn54jqu8hamedfhvwyo.png HTTP/1.1" 304 5591 "https://www.mses.ilc.edu.tw/" "Mozilla/5.0 (Windows NT 10.0; Win64; x64) AppleWebKit/537.36 (KHTML, like Gecko) Chrome/151.0.0.0 Safari/537.36"
60.244.113.180 - - [17/Aug/2026:10:40:43 +0800] "GET /wp-content/plugins/elementor/assets/js/frontend.min.js HTTP/1.1" 200 13169 "https://isupport.ilc.edu.tw/11524/" "Mozilla/5.0 (Windows NT 10.0; Win64; x64) AppleWebKit/537.36 (KHTML, like Gecko) Chrome/151.0.0.0 Safari/537.36"
124.219.52.124 - - [17/Aug/2026:10:40:43 +0800] "GET /wp-content/uploads/sites/2550/elementor/thumbs/114%E5%AD%B8%E5%B9%B4%E5%BA%A6%E5%AE%9C%E8%98%AD%E7%B8%A3%E4%B8%AD%E5%B0%8F%E5%AD%B8%E6%B0%91%E4%BF%97%E9%AB%94%E8%82%B2%E9%8C%A6%E6%A8%99%E8%B3%BD--rndk2n90hrkjl5jbk18n730dceowfpf2530nfby8bk.png HTTP/1.1" 304 790 "https://www.mses.ilc.edu.tw/" "Mozilla/5.0 (Windows NT 10.0; Win64; x64) AppleWebKit/537.36 (KHTML, like Gecko) Chrome/151.0.0.0 Safari/537.36"
124.219.52.124 - - [17/Aug/2026:10:40:43 +0800] "GET /wp-content/uploads/sites/2550/elementor/thumbs/2026%E7%BE%A4%E5%B2%B3%E7%9B%83%E5%85%A8%E5%9C%8B%E7%BE%BD%E7%90%83%E9%8C%A6%E6%A8%99%E8%B3%BD-rndk1ogzgw8xnkxu747g4tsbd5gbiwkzoavoo3dsps.png HTTP/1.1" 304 790 "https://www.mses.ilc.edu.tw/" "Mozilla/5.0 (Windows NT 10.0; Win64; x64) AppleWebKit/537.36 (KHTML, like Gecko) Chrome/151.0.0.0 Safari/537.36"
124.219.52.124 - - [17/Aug/2026:10:40:43 +0800] "GET /wp-content/uploads/sites/2550/elementor/thumbs/Cool-English%E5%8F%A3%E8%AA%AA%E5%AD%B8%E8%8B%B1%E6%96%87-rndk1gy9y7yn2p8rf0yfkvomm2hdtbr4z9nstvoy3k.png HTTP/1.1" 304 790 "https://www.mses.ilc.edu.tw/" "Mozilla/5.0 (Windows NT 10.0; Win64; x64) AppleWebKit/537.36 (KHTML, like Gecko) Chrome/151.0.0.0 Safari/537.36"
124.219.52.124 - - [17/Aug/2026:10:40:43 +0800] "GET /wp-content/uploads/sites/2550/elementor/thumbs/114%E5%AD%B8%E5%B9%B4%E6%A0%A1%E5%85%A7%E8%AA%9E%E6%96%87%E7%AB%B6%E8%B3%BD%E6%88%90%E7%B8%BE-%E4%BA%94%E5%B9%B4%E7%B4%9A%E7%B5%84-rndk2dumlf7od1wz2x6di5drejz8aqdqrshsmkc61s.png HTTP/1.1" 304 790 "https://www.mses.ilc.edu.tw/" "Mozilla/5.0 (Windows NT 10.0; Win64; x64) AppleWebKit/537.36 (KHTML, like Gecko) Chrome/151.0.0.0 Safari/537.36"
124.219.52.124 - - [17/Aug/2026:10:40:43 +0800] "GET /wp-content/uploads/sites/2550/elementor/thumbs/115%E5%B9%B4%E5%AE%9C%E8%98%AD%E7%B8%A3%E4%B8%BB%E5%A7%94%E7%9B%83%E7%9F%AD%E6%B0%B4%E9%81%93%E6%B8%B8%E6%B3%B3%E9%8C%A6%E6%A8%99%E8%B3%BD--rndk1wxj6ekik2ljtpv399ngpmamg6ikpgr1zl195s.png HTTP/1.1" 304 790 "https://www.mses.ilc.edu.tw/" "Mozilla/5.0 (Windows NT 10.0; Win64; x64) AppleWebKit/537.36 (KHTML, like Gecko) Chrome/151.0.0.0 Safari/537.36"
60.244.113.180 - - [17/Aug/2026:10:40:43 +0800] "GET /wp-content/plugins/elementor-pro/assets/js/elements-handlers.min.js HTTP/1.1" 200 10882 "https://isupport.ilc.edu.tw/11524/" "Mozilla/5.0 (Windows NT 10.0; Win64; x64) AppleWebKit/537.36 (KHTML, like Gecko) Chrome/151.0.0.0 Safari/537.36"
60.244.113.180 - - [17/Aug/2026:10:40:43 +0800] "GET /wp-content/uploads/sites/3591/2023/04/%E6%95%B8%E4%BD%8D%E5%AD%B8%E7%BF%92%E6%94%AF%E6%8C%81%E5%B9%B3%E5%8F%B0logo_50.png HTTP/1.1" 200 3861 "https://isupport.ilc.edu.tw/11524/" "Mozilla/5.0 (Windows NT 10.0; Win64; x64) AppleWebKit/537.36 (KHTML, like Gecko) Chrome/151.0.0.0 Safari/537.36"
60.244.113.180 - - [17/Aug/2026:10:40:43 +0800] "GET /wp-content/uploads/sites/3591/2022/11/banner_%E6%96%87%E7%AB%A0%E5%85%A7%E5%AE%B9.jpg HTTP/1.1" 200 18255 "https://isupport.ilc.edu.tw/11524/" "Mozilla/5.0 (Windows NT 10.0; Win64; x64) AppleWebKit/537.36 (KHTML, like Gecko) Chrome/151.0.0.0 Safari/537.36"
124.219.52.124 - - [17/Aug/2026:10:40:43 +0800] "GET /wp-content/uploads/sites/2550/elementor/thumbs/-rfarj08uza6mkot4vf9mkti7m5bc340jbghfivct5s.png HTTP/1.1" 200 427958 "https://www.mses.ilc.edu.tw/" "Mozilla/5.0 (Windows NT 10.0; Win64; x64) AppleWebKit/537.36 (KHTML, like Gecko) Chrome/151.0.0.0 Safari/537.36"
124.219.52.124 - - [17/Aug/2026:10:40:43 +0800] "GET /wp-content/uploads/sites/2550/elementor/thumbs/6-remsmp1ur1hfl3gcmpde2sg729cl2yuqde6ofapw9s.png HTTP/1.1" 200 188395 "https://www.mses.ilc.edu.tw/" "Mozilla/5.0 (Windows NT 10.0; Win64; x64) AppleWebKit/537.36 (KHTML, like Gecko) Chrome/151.0.0.0 Safari/537.36"
60.244.113.180 - - [17/Aug/2026:10:40:43 +0800] "POST /wp-json/ilc-summary/v1/popular-posts HTTP/1.1" 201 1400 "https://isupport.ilc.edu.tw/11524/" "Mozilla/5.0 (Windows NT 10.0; Win64; x64) AppleWebKit/537.36 (KHTML, like Gecko) Chrome/151.0.0.0 Safari/537.36"
124.219.52.124 - - [17/Aug/2026:10:40:43 +0800] "GET /wp-content/uploads/sites/2550/elementor/thumbs/-rfarjdelmyon38a0qkyejq6nxjih2vgs19m88qtaqo.png HTTP/1.1" 200 448836 "https://www.mses.ilc.edu.tw/" "Mozilla/5.0 (Windows NT 10.0; Win64; x64) AppleWebKit/537.36 (KHTML, like Gecko) Chrome/151.0.0.0 Safari/537.36"
60.244.113.180 - - [17/Aug/2026:10:40:43 +0800] "GET /wp-content/themes/oceanwp/assets/fonts/fontawesome/webfonts/fa-solid-900.woff2 HTTP/1.1" 200 151246 "https://isupport.ilc.edu.tw/wp-content/cache/isupport.ilc.edu.tw/wpfc-minified/8jq1rsi9/ks8w.css" "Mozilla/5.0 (Windows NT 10.0; Win64; x64) AppleWebKit/537.36 (KHTML, like Gecko) Chrome/151.0.0.0 Safari/537.36"
60.244.113.180 - - [17/Aug/2026:10:40:43 +0800] "GET /wp-content/themes/oceanwp/assets/fonts/simple-line-icons/Simple-Line-Icons.woff2?v=2.4.0 HTTP/1.1" 200 30959 "https://isupport.ilc.edu.tw/wp-content/cache/isupport.ilc.edu.tw/wpfc-minified/8jq1rsi9/ks8w.css" "Mozilla/5.0 (Windows NT 10.0; Win64; x64) AppleWebKit/537.36 (KHTML, like Gecko) Chrome/151.0.0.0 Safari/537.36"
124.219.52.124 - - [17/Aug/2026:10:40:43 +0800] "GET /wp-content/uploads/sites/2550/elementor/thumbs/7-remsmrvdbjlajxc968l9s9qkueyoq25xds54v4lpr4.png HTTP/1.1" 200 168421 "https://www.mses.ilc.edu.tw/" "Mozilla/5.0 (Windows NT 10.0; Win64; x64) AppleWebKit/537.36 (KHTML, like Gecko) Chrome/151.0.0.0 Safari/537.36"
124.219.52.124 - - [17/Aug/2026:10:40:43 +0800] "GET /wp-content/uploads/sites/2550/elementor/thumbs/-rfarj9n8vmjhssfhcjbw9r4tk010831uor0abmyvfk.png HTTP/1.1" 200 132968 "https://www.mses.ilc.edu.tw/" "Mozilla/5.0 (Windows NT 10.0; Win64; x64) AppleWebKit/537.36 (KHTML, like Gecko) Chrome/151.0.0.0 Safari/537.36"
60.244.113.180 - - [17/Aug/2026:10:40:43 +0800] "GET /wp-content/themes/oceanwp/assets/fonts/fontawesome/webfonts/fa-regular-400.woff2 HTTP/1.1" 200 25383 "https://isupport.ilc.edu.tw/wp-content/cache/isupport.ilc.edu.tw/wpfc-minified/8jq1rsi9/ks8w.css" "Mozilla/5.0 (Windows NT 10.0; Win64; x64) AppleWebKit/537.36 (KHTML, like Gecko) Chrome/151.0.0.0 Safari/537.36"
124.219.52.124 - - [17/Aug/2026:10:40:43 +0800] "GET /wp-content/uploads/sites/2550/elementor/thumbs/10-rbj1pap7ogfjbgfc8mnqyh3t6xazvb25q82rnys4v4.jpg HTTP/1.1" 200 62167 "https://www.mses.ilc.edu.tw/" "Mozilla/5.0 (Windows NT 10.0; Win64; x64) AppleWebKit/537.36 (KHTML, like Gecko) Chrome/151.0.0.0 Safari/537.36"
124.219.52.124 - - [17/Aug/2026:10:40:43 +0800] "GET /wp-content/uploads/sites/2550/elementor/thumbs/9-rbj1p8tjascyo8i2jluhthkw05k9fwup1yrspeux7k.jpg HTTP/1.1" 200 55704 "https://www.mses.ilc.edu.tw/" "Mozilla/5.0 (Windows NT 10.0; Win64; x64) AppleWebKit/537.36 (KHTML, like Gecko) Chrome/151.0.0.0 Safari/537.36"
60.244.113.180 - - [17/Aug/2026:10:40:44 +0800] "GET /wp-content/uploads/sites/3591/2026/04/3.jpg HTTP/1.1" 200 187011 "https://isupport.ilc.edu.tw/11524/" "Mozilla/5.0 (Windows NT 10.0; Win64; x64) AppleWebKit/537.36 (KHTML, like Gecko) Chrome/151.0.0.0 Safari/537.36"
60.244.113.180 - - [17/Aug/2026:10:40:44 +0800] "GET /wp-content/uploads/sites/3591/2026/04/3-1024x576.jpg HTTP/1.1" 200 132821 "https://isupport.ilc.edu.tw/11524/" "Mozilla/5.0 (Windows NT 10.0; Win64; x64) AppleWebKit/537.36 (KHTML, like Gecko) Chrome/151.0.0.0 Safari/537.36"
60.244.113.180 - - [17/Aug/2026:10:40:44 +0800] "GET /wp-content/uploads/sites/3591/2024/11/Canva%E6%95%99%E8%82%B2%E7%89%88-300x77.png HTTP/1.1" 200 17069 "https://isupport.ilc.edu.tw/11524/" "Mozilla/5.0 (Windows NT 10.0; Win64; x64) AppleWebKit/537.36 (KHTML, like Gecko) Chrome/151.0.0.0 Safari/537.36"
60.244.113.180 - - [17/Aug/2026:10:40:44 +0800] "GET /wp-content/uploads/sites/3591/2024/11/Canva%E6%95%99%E8%82%B2%E7%89%88-768x197.png HTTP/1.1" 200 79241 "https://isupport.ilc.edu.tw/11524/" "Mozilla/5.0 (Windows NT 10.0; Win64; x64) AppleWebKit/537.36 (KHTML, like Gecko) Chrome/151.0.0.0 Safari/537.36"
60.244.113.180 - - [17/Aug/2026:10:40:44 +0800] "GET /wp-content/uploads/sites/3591/2026/04/3-300x169.jpg HTTP/1.1" 200 22526 "https://isupport.ilc.edu.tw/11524/" "Mozilla/5.0 (Windows NT 10.0; Win64; x64) AppleWebKit/537.36 (KHTML, like Gecko) Chrome/151.0.0.0 Safari/537.36"
60.244.113.180 - - [17/Aug/2026:10:40:44 +0800] "GET /wp-content/uploads/sites/3591/2026/04/3-800x450.jpg HTTP/1.1" 200 96211 "https://isupport.ilc.edu.tw/11524/" "Mozilla/5.0 (Windows NT 10.0; Win64; x64) AppleWebKit/537.36 (KHTML, like Gecko) Chrome/151.0.0.0 Safari/537.36"
52.167.144.220 - - [17/Aug/2026:10:40:44 +0800] "GET /?s=%E8%A6%BA%E7%9F%A5%E4%BA%BA%E6%96%87%E7%8D%8E HTTP/1.1" 200 20471 "-" "Mozilla/5.0 AppleWebKit/537.36 (KHTML, like Gecko; compatible; bingbot/2.0; +http://www.bing.com/bingbot.htm) Chrome/116.0.1938.76 Safari/537.36"
2001:288:a27a:1:6ddc:2a4b:ac26:cde2 - - [17/Aug/2026:10:40:42 +0800] "POST /namt/wp-admin/admin-ajax.php HTTP/1.1" 200 1459 "https://2blog.ilc.edu.tw/namt/wp-admin/user-new.php?user_id=1731" "Mozilla/5.0 (Windows NT 10.0; Win64; x64) AppleWebKit/537.36 (KHTML, like Gecko) Chrome/151.0.0.0 Safari/537.36"
140.111.67.10 - - [17/Aug/2026:10:40:45 +0800] "GET /" 301 273 "-" "-"
2001:288:a201::66:125 - - [17/Aug/2026:10:40:45 +0800] "GET /blog/active.php HTTP/1.1" 301 1026 "-" "-"
2001:288:a201::66:125 - - [17/Aug/2026:10:40:45 +0800] "GET /blog/active.php HTTP/1.1" 404 1084 "-" "-"
124.219.52.124 - - [17/Aug/2026:10:40:44 +0800] "GET /wp-content/uploads/sites/2550/2026/07/%E9%A6%AC%E8%B3%BD%E5%9C%8B%E5%B0%8F%E9%A6%96%E9%A0%81%E6%A9%AB%E5%B9%852026.png HTTP/1.1" 304 790 "https://www.mses.ilc.edu.tw/" "Mozilla/5.0 (Windows NT 10.0; Win64; x64) AppleWebKit/537.36 (KHTML, like Gecko) Chrome/151.0.0.0 Safari/537.36"
34.56.53.225 - - [17/Aug/2026:10:40:45 +0800] "GET /wp-content/uploads/sites/1763/2025/10/@%E8%8F%9C%E5%96%AE%E7%95%B0%E5%8B%95%E9%80%9A%E7%9F%A5%E6%9B%B81141029%E6%94%B9%E9%BB%91%E8%A0%94%E8%8F%87.pdf HTTP/1.1" 200 160203 "-" "Mozilla/5.0 (Macintosh; Intel Mac OS X 10_15_7) AppleWebKit/537.36 (KHTML, like Gecko) Chrome/120.0.0.0 Safari/537.36"
124.219.52.124 - - [17/Aug/2026:10:40:47 +0800] "GET /wp-content/uploads/sites/2550/2021/04/cropped-%E4%B8%8B%E8%BC%89-1-32x32.png HTTP/1.1" 200 3160 "https://www.mses.ilc.edu.tw/" "Mozilla/5.0 (Windows NT 10.0; Win64; x64) AppleWebKit/537.36 (KHTML, like Gecko) Chrome/151.0.0.0 Safari/537.36"
60.244.113.180 - - [17/Aug/2026:10:40:47 +0800] "GET /wp-content/plugins/elementor/assets/js/text-editor.2c35aafbe5bf0e127950.bundle.min.js HTTP/1.1" 200 1545 "https://isupport.ilc.edu.tw/11524/" "Mozilla/5.0 (Windows NT 10.0; Win64; x64) AppleWebKit/537.36 (KHTML, like Gecko) Chrome/151.0.0.0 Safari/537.36"
60.244.113.180 - - [17/Aug/2026:10:40:47 +0800] "GET /wp-content/plugins/elementor/assets/js/video.d11c91c1b2b642a34601.bundle.min.js HTTP/1.1" 200 2161 "https://isupport.ilc.edu.tw/11524/" "Mozilla/5.0 (Windows NT 10.0; Win64; x64) AppleWebKit/537.36 (KHTML, like Gecko) Chrome/151.0.0.0 Safari/537.36"
2001:288:a210:1:1cd1:9cf6:3448:2bb4 - - [17/Aug/2026:10:40:47 +0800] "-" 408 4803 "-" "-"
66.249.68.133 - - [17/Aug/2026:10:40:44 +0800] "GET /wp-login.php?action=ilc_logout&_wpnonce=43754d0aad&redirect_to=http://durianshop.ru/job/54358/ HTTP/1.1" 302 3438 "-" "Mozilla/5.0 (Linux; Android 6.0.1; Nexus 5X Build/MMB29P) AppleWebKit/537.36 (KHTML, like Gecko) Chrome/150.0.7871.186 Mobile Safari/537.36 (compatible; GoogleOther)"
2001:4860:7:410::f - - [17/Aug/2026:10:40:48 +0800] "GET /2341/2022/05/07/%E8%A7%A3%E6%B1%BA-google-meet-%E8%A6%96%E8%A8%8A%E7%95%AB%E9%9D%A2%E5%B7%A6%E5%8F%B3%E7%9B%B8%E5%8F%8D%E7%9A%84%E5%95%8F%E9%A1%8C/ HTTP/1.1" 200 15813 "https://www.google.com/" "Mozilla/5.0 (Windows NT 10.0; Win64; x64) AppleWebKit/537.36 (KHTML, like Gecko) Chrome/151.0.0.0 Safari/537.36"
60.244.113.180 - - [17/Aug/2026:10:40:49 +0800] "GET /wp-content/uploads/sites/3591/2022/07/cropped-%E6%95%B8%E4%BD%8D%E5%AD%B8%E7%BF%92%E6%94%AF%E6%8C%81%E5%B9%B3%E5%8F%B0logo_lg-32x32.png HTTP/1.1" 200 1779 "https://isupport.ilc.edu.tw/11524/" "Mozilla/5.0 (Windows NT 10.0; Win64; x64) AppleWebKit/537.36 (KHTML, like Gecko) Chrome/151.0.0.0 Safari/537.36"
2407:4b00:4c02:7da7:70be:f2b:3c85:6bdd - - [17/Aug/2026:10:40:49 +0800] "-" 408 339 "-" "-"
::1 - - [17/Aug/2026:10:40:49 +0800] "OPTIONS * HTTP/1.0" 200 110 "-" "Apache/2.4.68 (Ubuntu) OpenSSL/3.0.19 (internal dummy connection)"
114.24.231.188 - - [17/Aug/2026:10:40:49 +0800] "GET / HTTP/1.1" 200 30953 "-" "Mozilla/5.0 (Windows NT 10.0; Win64; x64) AppleWebKit/537.36 (KHTML, like Gecko) Chrome/151.0.0.0 Safari/537.36"
140.111.67.10 - - [17/Aug/2026:10:40:50 +0800] "GET /" 301 273 "-" "-"
114.24.231.188 - - [17/Aug/2026:10:40:50 +0800] "GET /wp-content/uploads/sites/50/elementor/css/post-232.css HTTP/1.1" 200 1419 "https://www.ksjh.ilc.edu.tw/" "Mozilla/5.0 (Windows NT 10.0; Win64; x64) AppleWebKit/537.36 (KHTML, like Gecko) Chrome/151.0.0.0 Safari/537.36"
2001:288:a201::66:125 - - [17/Aug/2026:10:40:50 +0800] "GET /blog/active.php HTTP/1.1" 301 1026 "-" "-"
2001:288:a201::66:125 - - [17/Aug/2026:10:40:50 +0800] "GET /blog/active.php HTTP/1.1" 404 1084 "-" "-"
::1 - - [17/Aug/2026:10:40:50 +0800] "OPTIONS * HTTP/1.0" 200 110 "-" "Apache/2.4.68 (Ubuntu) OpenSSL/3.0.19 (internal dummy connection)"
140.111.141.41 - - [17/Aug/2026:10:40:50 +0800] "-" 408 339 "-" "-"
::1 - - [17/Aug/2026:10:40:51 +0800] "OPTIONS * HTTP/1.0" 200 110 "-" "Apache/2.4.68 (Ubuntu) OpenSSL/3.0.19 (internal dummy connection)"
::1 - - [17/Aug/2026:10:40:52 +0800] "OPTIONS * HTTP/1.0" 200 110 "-" "Apache/2.4.68 (Ubuntu) OpenSSL/3.0.19 (internal dummy connection)"
52.167.144.228 - - [17/Aug/2026:10:40:53 +0800] "GET /wp-content/uploads/sites/2509/699/699-1438648.jpg HTTP/1.1" 200 386993 "-" "Mozilla/5.0 AppleWebKit/537.36 (KHTML, like Gecko; compatible; bingbot/2.0; +http://www.bing.com/bingbot.htm) Chrome/116.0.1938.76 Safari/537.36"
::1 - - [17/Aug/2026:10:40:53 +0800] "OPTIONS * HTTP/1.0" 200 110 "-" "Apache/2.4.68 (Ubuntu) OpenSSL/3.0.19 (internal dummy connection)"
::1 - - [17/Aug/2026:10:40:54 +0800] "OPTIONS * HTTP/1.0" 200 110 "-" "Apache/2.4.68 (Ubuntu) OpenSSL/3.0.19 (internal dummy connection)"
140.111.67.10 - - [17/Aug/2026:10:40:55 +0800] "GET /" 301 273 "-" "-"
2001:288:a201::66:125 - - [17/Aug/2026:10:40:55 +0800] "GET /blog/active.php HTTP/1.1" 301 1026 "-" "-"
2001:288:a201::66:125 - - [17/Aug/2026:10:40:55 +0800] "GET /blog/active.php HTTP/1.1" 404 1084 "-" "-"
::1 - - [17/Aug/2026:10:40:55 +0800] "OPTIONS * HTTP/1.0" 200 110 "-" "Apache/2.4.68 (Ubuntu) OpenSSL/3.0.19 (internal dummy connection)"
::1 - - [17/Aug/2026:10:40:56 +0800] "OPTIONS * HTTP/1.0" 200 110 "-" "Apache/2.4.68 (Ubuntu) OpenSSL/3.0.19 (internal dummy connection)"
2001:288:a252:1:413:44a0:c075:1cc7 - - [17/Aug/2026:10:40:57 +0800] "-" 408 339 "-" "-"
140.111.67.195 - - [17/Aug/2026:10:40:56 +0800] "GET /wp-admin/admin-post.php?action=steps_ad HTTP/1.1" 200 6425 "-" "node-fetch/1.0 (+https://github.com/bitinn/node-fetch)"
