2001:b400:e482:16d:795b:2557:4736:d08 - - [17/Aug/2026:10:47:13 +0800] "GET /wp-content/cache/isupport.ilc.edu.tw/wpfc-minified/lwjo9g1t/ks8w.css HTTP/1.1" 200 11147 "https://isupport.ilc.edu.tw/11524/" "Mozilla/5.0 (Windows NT 10.0; Win64; x64) AppleWebKit/537.36 (KHTML, like Gecko) Chrome/150.0.0.0 Safari/537.36"
2001:b400:e482:16d:795b:2557:4736:d08 - - [17/Aug/2026:10:47:13 +0800] "GET /wp-content/cache/isupport.ilc.edu.tw/wpfc-minified/jpyo1yc2/ks8w.css HTTP/1.1" 200 5961 "https://isupport.ilc.edu.tw/11524/" "Mozilla/5.0 (Windows NT 10.0; Win64; x64) AppleWebKit/537.36 (KHTML, like Gecko) Chrome/150.0.0.0 Safari/537.36"
2001:b400:e482:16d:795b:2557:4736:d08 - - [17/Aug/2026:10:47:13 +0800] "GET /wp-content/uploads/sites/3591/elementor/css/post-3.css HTTP/1.1" 200 6566 "https://isupport.ilc.edu.tw/11524/" "Mozilla/5.0 (Windows NT 10.0; Win64; x64) AppleWebKit/537.36 (KHTML, like Gecko) Chrome/150.0.0.0 Safari/537.36"
2001:b400:e482:16d:795b:2557:4736:d08 - - [17/Aug/2026:10:47:13 +0800] "GET /wp-content/cache/isupport.ilc.edu.tw/wpfc-minified/fhgiw72a/ks8w.css HTTP/1.1" 200 45687 "https://isupport.ilc.edu.tw/11524/" "Mozilla/5.0 (Windows NT 10.0; Win64; x64) AppleWebKit/537.36 (KHTML, like Gecko) Chrome/150.0.0.0 Safari/537.36"
2001:b400:e482:16d:795b:2557:4736:d08 - - [17/Aug/2026:10:47:13 +0800] "GET /wp-content/cache/isupport.ilc.edu.tw/wpfc-minified/8jq1rsi9/ks8w.css HTTP/1.1" 200 53283 "https://isupport.ilc.edu.tw/11524/" "Mozilla/5.0 (Windows NT 10.0; Win64; x64) AppleWebKit/537.36 (KHTML, like Gecko) Chrome/150.0.0.0 Safari/537.36"
2001:b400:e482:16d:795b:2557:4736:d08 - - [17/Aug/2026:10:47:13 +0800] "GET /wp-content/uploads/sites/3591/elementor/css/post-11524.css HTTP/1.1" 200 960 "https://isupport.ilc.edu.tw/11524/" "Mozilla/5.0 (Windows NT 10.0; Win64; x64) AppleWebKit/537.36 (KHTML, like Gecko) Chrome/150.0.0.0 Safari/537.36"
2001:b400:e482:16d:795b:2557:4736:d08 - - [17/Aug/2026:10:47:13 +0800] "GET /wp-content/cache/isupport.ilc.edu.tw/wpfc-minified/drup3mak/ks8w.css HTTP/1.1" 200 27560 "https://isupport.ilc.edu.tw/11524/" "Mozilla/5.0 (Windows NT 10.0; Win64; x64) AppleWebKit/537.36 (KHTML, like Gecko) Chrome/150.0.0.0 Safari/537.36"
2001:b400:e482:16d:795b:2557:4736:d08 - - [17/Aug/2026:10:47:13 +0800] "GET /wp-content/cache/isupport.ilc.edu.tw/wpfc-minified/kxdlh8d7/ks8w.css HTTP/1.1" 200 7701 "https://isupport.ilc.edu.tw/11524/" "Mozilla/5.0 (Windows NT 10.0; Win64; x64) AppleWebKit/537.36 (KHTML, like Gecko) Chrome/150.0.0.0 Safari/537.36"
2001:b400:e482:16d:795b:2557:4736:d08 - - [17/Aug/2026:10:47:13 +0800] "GET /wp-content/cache/isupport.ilc.edu.tw/wpfc-minified/fqv0eogw/ks8w.js HTTP/1.1" 200 1635 "https://isupport.ilc.edu.tw/11524/" "Mozilla/5.0 (Windows NT 10.0; Win64; x64) AppleWebKit/537.36 (KHTML, like Gecko) Chrome/150.0.0.0 Safari/537.36"
2001:b400:e482:16d:795b:2557:4736:d08 - - [17/Aug/2026:10:47:13 +0800] "GET /wp-content/cache/isupport.ilc.edu.tw/wpfc-minified/10m74ssp/ks8x.js HTTP/1.1" 200 35551 "https://isupport.ilc.edu.tw/11524/" "Mozilla/5.0 (Windows NT 10.0; Win64; x64) AppleWebKit/537.36 (KHTML, like Gecko) Chrome/150.0.0.0 Safari/537.36"
140.111.191.141 - - [17/Aug/2026:10:47:13 +0800] "GET /yceec/wp-admin/edit.php HTTP/1.1" 200 46682 "-" "Mozilla/5.0 (Windows NT 10.0; Win64; x64) AppleWebKit/537.36 (KHTML, like Gecko) Chrome/151.0.0.0 Safari/537.36"
52.167.144.158 - - [17/Aug/2026:10:47:13 +0800] "GET /blog/blog/3099 HTTP/1.1" 404 25515 "-" "Mozilla/5.0 AppleWebKit/537.36 (KHTML, like Gecko; compatible; bingbot/2.0; +http://www.bing.com/bingbot.htm) Chrome/116.0.1938.76 Safari/537.36"
2001:b400:e482:16d:795b:2557:4736:d08 - - [17/Aug/2026:10:47:13 +0800] "GET /wp-content/uploads/sites/3591/2025/06/isupport%E9%A6%96%E9%A0%81%E6%96%87%E7%AB%A0%E5%B0%8F%E5%9C%96.png HTTP/1.1" 200 38192 "https://isupport.ilc.edu.tw/11524/" "Mozilla/5.0 (Windows NT 10.0; Win64; x64) AppleWebKit/537.36 (KHTML, like Gecko) Chrome/150.0.0.0 Safari/537.36"
140.111.191.141 - - [17/Aug/2026:10:47:13 +0800] "POST /yceec/wp-admin/admin-ajax.php HTTP/1.1" 200 1120 "https://2blog.ilc.edu.tw/yceec/wp-admin/edit.php" "Mozilla/5.0 (Windows NT 10.0; Win64; x64) AppleWebKit/537.36 (KHTML, like Gecko) Chrome/151.0.0.0 Safari/537.36"
2001:b400:e482:16d:795b:2557:4736:d08 - - [17/Aug/2026:10:47:13 +0800] "GET /wp-content/uploads/sites/3591/2024/11/Canva%E6%95%99%E8%82%B2%E7%89%88.png HTTP/1.1" 200 117012 "https://isupport.ilc.edu.tw/11524/" "Mozilla/5.0 (Windows NT 10.0; Win64; x64) AppleWebKit/537.36 (KHTML, like Gecko) Chrome/150.0.0.0 Safari/537.36"
2001:b400:e482:16d:795b:2557:4736:d08 - - [17/Aug/2026:10:47:15 +0800] "GET /wp-includes/js/hoverintent-js.min.js HTTP/1.1" 200 1597 "https://isupport.ilc.edu.tw/11524/" "Mozilla/5.0 (Windows NT 10.0; Win64; x64) AppleWebKit/537.36 (KHTML, like Gecko) Chrome/150.0.0.0 Safari/537.36"
2001:b400:e482:16d:795b:2557:4736:d08 - - [17/Aug/2026:10:47:15 +0800] "GET /wp-includes/js/admin-bar.min.js HTTP/1.1" 200 2237 "https://isupport.ilc.edu.tw/11524/" "Mozilla/5.0 (Windows NT 10.0; Win64; x64) AppleWebKit/537.36 (KHTML, like Gecko) Chrome/150.0.0.0 Safari/537.36"
140.111.67.10 - - [17/Aug/2026:10:47:15 +0800] "GET /" 301 273 "-" "-"
2001:b400:e482:16d:795b:2557:4736:d08 - - [17/Aug/2026:10:47:15 +0800] "GET /wp-includes/js/imagesloaded.min.js HTTP/1.1" 200 2683 "https://isupport.ilc.edu.tw/11524/" "Mozilla/5.0 (Windows NT 10.0; Win64; x64) AppleWebKit/537.36 (KHTML, like Gecko) Chrome/150.0.0.0 Safari/537.36"
2001:b400:e482:16d:795b:2557:4736:d08 - - [17/Aug/2026:10:47:15 +0800] "GET /wp-content/themes/oceanwp/assets/js/theme.min.js HTTP/1.1" 200 5130 "https://isupport.ilc.edu.tw/11524/" "Mozilla/5.0 (Windows NT 10.0; Win64; x64) AppleWebKit/537.36 (KHTML, like Gecko) Chrome/150.0.0.0 Safari/537.36"
2001:b400:e482:16d:795b:2557:4736:d08 - - [17/Aug/2026:10:47:15 +0800] "GET /wp-content/themes/oceanwp/assets/js/vendors/sidr.js HTTP/1.1" 200 4102 "https://isupport.ilc.edu.tw/11524/" "Mozilla/5.0 (Windows NT 10.0; Win64; x64) AppleWebKit/537.36 (KHTML, like Gecko) Chrome/150.0.0.0 Safari/537.36"
2001:b400:e482:16d:795b:2557:4736:d08 - - [17/Aug/2026:10:47:15 +0800] "GET /wp-content/themes/oceanwp/assets/js/sidebar-mobile-menu.min.js HTTP/1.1" 200 4731 "https://isupport.ilc.edu.tw/11524/" "Mozilla/5.0 (Windows NT 10.0; Win64; x64) AppleWebKit/537.36 (KHTML, like Gecko) Chrome/150.0.0.0 Safari/537.36"
2001:b400:e482:16d:795b:2557:4736:d08 - - [17/Aug/2026:10:47:15 +0800] "GET /wp-content/uploads/sites/3591/2023/04/%E6%95%B8%E4%BD%8D%E5%AD%B8%E7%BF%92%E6%94%AF%E6%8C%81%E5%B9%B3%E5%8F%B0logo_50.png HTTP/1.1" 200 3861 "https://isupport.ilc.edu.tw/11524/" "Mozilla/5.0 (Windows NT 10.0; Win64; x64) AppleWebKit/537.36 (KHTML, like Gecko) Chrome/150.0.0.0 Safari/537.36"
2001:b400:e482:16d:795b:2557:4736:d08 - - [17/Aug/2026:10:47:15 +0800] "GET /wp-content/uploads/sites/3591/2022/11/banner_%E6%96%87%E7%AB%A0%E5%85%A7%E5%AE%B9.jpg HTTP/1.1" 200 18255 "https://isupport.ilc.edu.tw/11524/" "Mozilla/5.0 (Windows NT 10.0; Win64; x64) AppleWebKit/537.36 (KHTML, like Gecko) Chrome/150.0.0.0 Safari/537.36"
2001:b400:e482:16d:795b:2557:4736:d08 - - [17/Aug/2026:10:47:15 +0800] "GET /wp-content/themes/oceanwp/assets/js/drop-down-search.min.js HTTP/1.1" 200 2968 "https://isupport.ilc.edu.tw/11524/" "Mozilla/5.0 (Windows NT 10.0; Win64; x64) AppleWebKit/537.36 (KHTML, like Gecko) Chrome/150.0.0.0 Safari/537.36"
140.111.67.195 - - [17/Aug/2026:10:47:15 +0800] "GET /wp-admin/admin-post.php?action=steps_ad HTTP/1.1" 200 1649 "-" "node-fetch/1.0 (+https://github.com/bitinn/node-fetch)"
2001:b400:e482:16d:795b:2557:4736:d08 - - [17/Aug/2026:10:47:15 +0800] "POST /wp-json/ilc-summary/v1/popular-posts HTTP/1.1" 201 1400 "https://isupport.ilc.edu.tw/11524/" "Mozilla/5.0 (Windows NT 10.0; Win64; x64) AppleWebKit/537.36 (KHTML, like Gecko) Chrome/150.0.0.0 Safari/537.36"
2001:b400:e482:16d:795b:2557:4736:d08 - - [17/Aug/2026:10:47:13 +0800] "GET /wp-content/uploads/sites/3591/2026/04/3-1024x576.jpg HTTP/1.1" 200 137625 "https://isupport.ilc.edu.tw/11524/" "Mozilla/5.0 (Windows NT 10.0; Win64; x64) AppleWebKit/537.36 (KHTML, like Gecko) Chrome/150.0.0.0 Safari/537.36"
2001:288:a201::66:125 - - [17/Aug/2026:10:47:15 +0800] "GET /blog/active.php HTTP/1.1" 404 1084 "-" "-"
2001:b400:e482:16d:795b:2557:4736:d08 - - [17/Aug/2026:10:47:15 +0800] "GET /wp-content/themes/oceanwp/assets/fonts/simple-line-icons/Simple-Line-Icons.woff2?v=2.4.0 HTTP/1.1" 200 30959 "https://isupport.ilc.edu.tw/wp-content/cache/isupport.ilc.edu.tw/wpfc-minified/8jq1rsi9/ks8w.css" "Mozilla/5.0 (Windows NT 10.0; Win64; x64) AppleWebKit/537.36 (KHTML, like Gecko) Chrome/150.0.0.0 Safari/537.36"
2001:b400:e482:16d:795b:2557:4736:d08 - - [17/Aug/2026:10:47:15 +0800] "GET /wp-content/themes/oceanwp/assets/fonts/fontawesome/webfonts/fa-regular-400.woff2 HTTP/1.1" 200 25383 "https://isupport.ilc.edu.tw/wp-content/cache/isupport.ilc.edu.tw/wpfc-minified/8jq1rsi9/ks8w.css" "Mozilla/5.0 (Windows NT 10.0; Win64; x64) AppleWebKit/537.36 (KHTML, like Gecko) Chrome/150.0.0.0 Safari/537.36"
2001:288:a201::66:125 - - [17/Aug/2026:10:47:15 +0800] "GET /blog/active.php HTTP/1.1" 301 1026 "-" "-"
2001:b400:e482:16d:795b:2557:4736:d08 - - [17/Aug/2026:10:47:15 +0800] "GET /wp-content/themes/oceanwp/assets/js/equal-height-elements.min.js HTTP/1.1" 200 2606 "https://isupport.ilc.edu.tw/11524/" "Mozilla/5.0 (Windows NT 10.0; Win64; x64) AppleWebKit/537.36 (KHTML, like Gecko) Chrome/150.0.0.0 Safari/537.36"
2001:b400:e482:16d:795b:2557:4736:d08 - - [17/Aug/2026:10:47:15 +0800] "GET /wp-content/themes/oceanwp/assets/js/vendors/magnific-popup.min.js HTTP/1.1" 200 8270 "https://isupport.ilc.edu.tw/11524/" "Mozilla/5.0 (Windows NT 10.0; Win64; x64) AppleWebKit/537.36 (KHTML, like Gecko) Chrome/150.0.0.0 Safari/537.36"
2001:b400:e482:16d:795b:2557:4736:d08 - - [17/Aug/2026:10:47:15 +0800] "GET /wp-content/themes/oceanwp/assets/fonts/fontawesome/webfonts/fa-solid-900.woff2 HTTP/1.1" 200 151246 "https://isupport.ilc.edu.tw/wp-content/cache/isupport.ilc.edu.tw/wpfc-minified/8jq1rsi9/ks8w.css" "Mozilla/5.0 (Windows NT 10.0; Win64; x64) AppleWebKit/537.36 (KHTML, like Gecko) Chrome/150.0.0.0 Safari/537.36"
2001:b400:e482:16d:795b:2557:4736:d08 - - [17/Aug/2026:10:47:15 +0800] "GET /wp-content/themes/oceanwp/assets/js/ow-lightbox.min.js HTTP/1.1" 200 2321 "https://isupport.ilc.edu.tw/11524/" "Mozilla/5.0 (Windows NT 10.0; Win64; x64) AppleWebKit/537.36 (KHTML, like Gecko) Chrome/150.0.0.0 Safari/537.36"
2001:b400:e482:16d:795b:2557:4736:d08 - - [17/Aug/2026:10:47:15 +0800] "GET /wp-content/themes/oceanwp/assets/js/vendors/flickity.pkgd.min.js HTTP/1.1" 200 15048 "https://isupport.ilc.edu.tw/11524/" "Mozilla/5.0 (Windows NT 10.0; Win64; x64) AppleWebKit/537.36 (KHTML, like Gecko) Chrome/150.0.0.0 Safari/537.36"
2001:b400:e482:16d:795b:2557:4736:d08 - - [17/Aug/2026:10:47:15 +0800] "GET /wp-content/themes/oceanwp/assets/js/ow-slider.min.js HTTP/1.1" 200 1761 "https://isupport.ilc.edu.tw/11524/" "Mozilla/5.0 (Windows NT 10.0; Win64; x64) AppleWebKit/537.36 (KHTML, like Gecko) Chrome/150.0.0.0 Safari/537.36"
2001:b400:e482:16d:795b:2557:4736:d08 - - [17/Aug/2026:10:47:15 +0800] "GET /wp-content/themes/oceanwp/assets/js/scroll-effect.min.js HTTP/1.1" 200 4127 "https://isupport.ilc.edu.tw/11524/" "Mozilla/5.0 (Windows NT 10.0; Win64; x64) AppleWebKit/537.36 (KHTML, like Gecko) Chrome/150.0.0.0 Safari/537.36"
2001:b400:e482:16d:795b:2557:4736:d08 - - [17/Aug/2026:10:47:15 +0800] "GET /wp-content/themes/oceanwp/assets/js/scroll-top.min.js HTTP/1.1" 200 3202 "https://isupport.ilc.edu.tw/11524/" "Mozilla/5.0 (Windows NT 10.0; Win64; x64) AppleWebKit/537.36 (KHTML, like Gecko) Chrome/150.0.0.0 Safari/537.36"
2001:b400:e482:16d:795b:2557:4736:d08 - - [17/Aug/2026:10:47:15 +0800] "GET /wp-content/themes/oceanwp/assets/js/select.min.js HTTP/1.1" 200 2408 "https://isupport.ilc.edu.tw/11524/" "Mozilla/5.0 (Windows NT 10.0; Win64; x64) AppleWebKit/537.36 (KHTML, like Gecko) Chrome/150.0.0.0 Safari/537.36"
2001:b400:e482:16d:795b:2557:4736:d08 - - [17/Aug/2026:10:47:15 +0800] "GET /wp-content/plugins/ocean-extra/includes/widgets/js/flickr.min.js HTTP/1.1" 200 1319 "https://isupport.ilc.edu.tw/11524/" "Mozilla/5.0 (Windows NT 10.0; Win64; x64) AppleWebKit/537.36 (KHTML, like Gecko) Chrome/150.0.0.0 Safari/537.36"
2001:b400:e482:16d:795b:2557:4736:d08 - - [17/Aug/2026:10:47:15 +0800] "GET /wp-content/themes/oceanwp/assets/js/ow-infinite-scroll.min.js HTTP/1.1" 200 8588 "https://isupport.ilc.edu.tw/11524/" "Mozilla/5.0 (Windows NT 10.0; Win64; x64) AppleWebKit/537.36 (KHTML, like Gecko) Chrome/150.0.0.0 Safari/537.36"
2001:b400:e482:16d:795b:2557:4736:d08 - - [17/Aug/2026:10:47:15 +0800] "GET /wp-content/plugins/elementor-pro/assets/js/webpack-pro.runtime.min.js HTTP/1.1" 200 3562 "https://isupport.ilc.edu.tw/11524/" "Mozilla/5.0 (Windows NT 10.0; Win64; x64) AppleWebKit/537.36 (KHTML, like Gecko) Chrome/150.0.0.0 Safari/537.36"
2001:b400:e482:16d:795b:2557:4736:d08 - - [17/Aug/2026:10:47:15 +0800] "GET /wp-content/plugins/elementor/assets/js/webpack.runtime.min.js HTTP/1.1" 200 3095 "https://isupport.ilc.edu.tw/11524/" "Mozilla/5.0 (Windows NT 10.0; Win64; x64) AppleWebKit/537.36 (KHTML, like Gecko) Chrome/150.0.0.0 Safari/537.36"
2001:b400:e482:16d:795b:2557:4736:d08 - - [17/Aug/2026:10:47:15 +0800] "GET /wp-content/plugins/elementor/assets/js/frontend-modules.min.js HTTP/1.1" 200 19416 "https://isupport.ilc.edu.tw/11524/" "Mozilla/5.0 (Windows NT 10.0; Win64; x64) AppleWebKit/537.36 (KHTML, like Gecko) Chrome/150.0.0.0 Safari/537.36"
2001:b400:e482:16d:795b:2557:4736:d08 - - [17/Aug/2026:10:47:16 +0800] "GET /wp-includes/js/dist/hooks.min.js HTTP/1.1" 200 2421 "https://isupport.ilc.edu.tw/11524/" "Mozilla/5.0 (Windows NT 10.0; Win64; x64) AppleWebKit/537.36 (KHTML, like Gecko) Chrome/150.0.0.0 Safari/537.36"
2001:b400:e482:16d:795b:2557:4736:d08 - - [17/Aug/2026:10:47:16 +0800] "GET /wp-includes/js/dist/i18n.min.js HTTP/1.1" 200 4547 "https://isupport.ilc.edu.tw/11524/" "Mozilla/5.0 (Windows NT 10.0; Win64; x64) AppleWebKit/537.36 (KHTML, like Gecko) Chrome/150.0.0.0 Safari/537.36"
2001:b400:e482:16d:795b:2557:4736:d08 - - [17/Aug/2026:10:47:16 +0800] "GET /wp-content/plugins/elementor-pro/assets/js/frontend.min.js HTTP/1.1" 200 7574 "https://isupport.ilc.edu.tw/11524/" "Mozilla/5.0 (Windows NT 10.0; Win64; x64) AppleWebKit/537.36 (KHTML, like Gecko) Chrome/150.0.0.0 Safari/537.36"
2001:b400:e482:16d:795b:2557:4736:d08 - - [17/Aug/2026:10:47:16 +0800] "GET /wp-content/plugins/elementor/assets/lib/waypoints/waypoints.min.js HTTP/1.1" 200 3873 "https://isupport.ilc.edu.tw/11524/" "Mozilla/5.0 (Windows NT 10.0; Win64; x64) AppleWebKit/537.36 (KHTML, like Gecko) Chrome/150.0.0.0 Safari/537.36"
2001:b400:e482:16d:795b:2557:4736:d08 - - [17/Aug/2026:10:47:16 +0800] "GET /wp-includes/js/jquery/ui/core.min.js HTTP/1.1" 200 7986 "https://isupport.ilc.edu.tw/11524/" "Mozilla/5.0 (Windows NT 10.0; Win64; x64) AppleWebKit/537.36 (KHTML, like Gecko) Chrome/150.0.0.0 Safari/537.36"
2001:b400:e482:16d:795b:2557:4736:d08 - - [17/Aug/2026:10:47:16 +0800] "GET /wp-content/plugins/elementor/assets/js/frontend.min.js HTTP/1.1" 200 13169 "https://isupport.ilc.edu.tw/11524/" "Mozilla/5.0 (Windows NT 10.0; Win64; x64) AppleWebKit/537.36 (KHTML, like Gecko) Chrome/150.0.0.0 Safari/537.36"
2001:b400:e482:16d:795b:2557:4736:d08 - - [17/Aug/2026:10:47:16 +0800] "GET /wp-content/plugins/elementor-pro/assets/js/elements-handlers.min.js HTTP/1.1" 200 10882 "https://isupport.ilc.edu.tw/11524/" "Mozilla/5.0 (Windows NT 10.0; Win64; x64) AppleWebKit/537.36 (KHTML, like Gecko) Chrome/150.0.0.0 Safari/537.36"
52.167.144.220 - - [17/Aug/2026:10:47:16 +0800] "GET /?s=115%E5%AD%B8%E5%B9%B4%E5%BA%A6%E6%9C%9F%E4%B8%AD%E8%80%83 HTTP/1.1" 200 20491 "-" "Mozilla/5.0 AppleWebKit/537.36 (KHTML, like Gecko; compatible; bingbot/2.0; +http://www.bing.com/bingbot.htm) Chrome/116.0.1938.76 Safari/537.36"
2001:b400:e482:16d:795b:2557:4736:d08 - - [17/Aug/2026:10:47:16 +0800] "GET /wp-content/plugins/elementor/assets/js/text-editor.2c35aafbe5bf0e127950.bundle.min.js HTTP/1.1" 200 1545 "https://isupport.ilc.edu.tw/11524/" "Mozilla/5.0 (Windows NT 10.0; Win64; x64) AppleWebKit/537.36 (KHTML, like Gecko) Chrome/150.0.0.0 Safari/537.36"
2001:b400:e482:16d:795b:2557:4736:d08 - - [17/Aug/2026:10:47:16 +0800] "GET /wp-content/plugins/elementor/assets/js/video.d11c91c1b2b642a34601.bundle.min.js HTTP/1.1" 200 2161 "https://isupport.ilc.edu.tw/11524/" "Mozilla/5.0 (Windows NT 10.0; Win64; x64) AppleWebKit/537.36 (KHTML, like Gecko) Chrome/150.0.0.0 Safari/537.36"
2001:4860:7:812::df - - [17/Aug/2026:10:47:16 +0800] "GET / HTTP/1.1" 200 25942 "https://www.google.com/" "Mozilla/5.0 (X11; CrOS x86_64 14541.0.0) AppleWebKit/537.36 (KHTML, like Gecko) Chrome/150.0.0.0 Safari/537.36"
2001:b400:e482:16d:795b:2557:4736:d08 - - [17/Aug/2026:10:47:16 +0800] "GET /wp-content/uploads/sites/3591/2022/07/cropped-%E6%95%B8%E4%BD%8D%E5%AD%B8%E7%BF%92%E6%94%AF%E6%8C%81%E5%B9%B3%E5%8F%B0logo_lg-32x32.png HTTP/1.1" 200 1779 "https://isupport.ilc.edu.tw/11524/" "Mozilla/5.0 (Windows NT 10.0; Win64; x64) AppleWebKit/537.36 (KHTML, like Gecko) Chrome/150.0.0.0 Safari/537.36"
2001:4860:7:810::ea - - [17/Aug/2026:10:47:16 +0800] "GET / HTTP/1.1" 200 22438 "https://www.google.com/" "Mozilla/5.0 (Windows NT 10.0; Win64; x64) AppleWebKit/537.36 (KHTML, like Gecko) Chrome/151.0.0.0 Safari/537.36"
120.101.203.217 - - [17/Aug/2026:10:47:16 +0800] "GET /wp-content/uploads/sites/1364/2020/02/main.h1.gif HTTP/1.1" 200 11567 "https://www.iljh.ilc.edu.tw/" "Mozilla/5.0 (X11; CrOS x86_64 14541.0.0) AppleWebKit/537.36 (KHTML, like Gecko) Chrome/150.0.0.0 Safari/537.36"
140.134.76.102 - - [17/Aug/2026:10:47:17 +0800] "GET /dashen/wp-content/uploads/sites/485/2019/07/007-768x780.jpg HTTP/1.1" 200 61537 "https://2blog.ilc.edu.tw/dashen/%E8%A6%AA%E5%B8%AB%E5%90%88%E4%BD%9C%E5%A5%BD%E5%B7%A5%E5%85%B7%E2%94%80line-offical-account/" "Mozilla/5.0 (Windows NT 10.0; Win64; x64) AppleWebKit/537.36 (KHTML, like Gecko) Chrome/151.0.0.0 Safari/537.36"
2001:4860:7:410::f - - [17/Aug/2026:10:47:19 +0800] "GET /11524/ HTTP/1.1" 200 22534 "https://www.google.com/" "Mozilla/5.0 (Windows NT 10.0; Win64; x64) AppleWebKit/537.36 (KHTML, like Gecko) Chrome/151.0.0.0 Safari/537.36"
140.111.67.10 - - [17/Aug/2026:10:47:20 +0800] "GET /" 301 273 "-" "-"
2001:288:a201::66:125 - - [17/Aug/2026:10:47:20 +0800] "GET /blog/active.php HTTP/1.1" 301 1026 "-" "-"
2001:288:a201::66:125 - - [17/Aug/2026:10:47:20 +0800] "GET /blog/active.php HTTP/1.1" 404 1084 "-" "-"
::1 - - [17/Aug/2026:10:47:21 +0800] "OPTIONS * HTTP/1.0" 200 110 "-" "Apache/2.4.68 (Ubuntu) OpenSSL/3.0.19 (internal dummy connection)"
140.111.67.195 - - [17/Aug/2026:10:47:21 +0800] "GET /wp-admin/admin-post.php?action=steps_ad HTTP/1.1" 200 1973 "-" "node-fetch/1.0 (+https://github.com/bitinn/node-fetch)"
::1 - - [17/Aug/2026:10:47:22 +0800] "OPTIONS * HTTP/1.0" 200 110 "-" "Apache/2.4.68 (Ubuntu) OpenSSL/3.0.19 (internal dummy connection)"
140.111.191.141 - - [17/Aug/2026:10:47:23 +0800] "-" 408 4796 "-" "-"
::1 - - [17/Aug/2026:10:47:23 +0800] "OPTIONS * HTTP/1.0" 200 110 "-" "Apache/2.4.68 (Ubuntu) OpenSSL/3.0.19 (internal dummy connection)"
27.100.64.229 - - [17/Aug/2026:10:47:23 +0800] "GET /wp-content/cache/isupport.ilc.edu.tw/wpfc-minified/drup3mak/ks8w.css HTTP/1.1" 200 32364 "https://isupport.ilc.edu.tw/6845/" "Mozilla/5.0 (Windows NT 10.0; Win64; x64) AppleWebKit/537.36 (KHTML, like Gecko) Chrome/150.0.0.0 Safari/537.36"
27.100.64.229 - - [17/Aug/2026:10:47:23 +0800] "GET /wp-content/cache/isupport.ilc.edu.tw/wpfc-minified/lwjo9g1t/ks8w.css HTTP/1.1" 200 11147 "https://isupport.ilc.edu.tw/6845/" "Mozilla/5.0 (Windows NT 10.0; Win64; x64) AppleWebKit/537.36 (KHTML, like Gecko) Chrome/150.0.0.0 Safari/537.36"
27.100.64.229 - - [17/Aug/2026:10:47:24 +0800] "GET /wp-content/cache/isupport.ilc.edu.tw/wpfc-minified/kzsnq7g8/ks8w.css HTTP/1.1" 200 13903 "https://isupport.ilc.edu.tw/6845/" "Mozilla/5.0 (Windows NT 10.0; Win64; x64) AppleWebKit/537.36 (KHTML, like Gecko) Chrome/150.0.0.0 Safari/537.36"
27.100.64.229 - - [17/Aug/2026:10:47:24 +0800] "GET /wp-content/cache/isupport.ilc.edu.tw/wpfc-minified/10m74ssp/ks8x.js HTTP/1.1" 200 35551 "https://isupport.ilc.edu.tw/6845/" "Mozilla/5.0 (Windows NT 10.0; Win64; x64) AppleWebKit/537.36 (KHTML, like Gecko) Chrome/150.0.0.0 Safari/537.36"
27.100.64.229 - - [17/Aug/2026:10:47:24 +0800] "GET /wp-content/cache/isupport.ilc.edu.tw/wpfc-minified/fqv0eogw/ks8w.js HTTP/1.1" 200 6439 "https://isupport.ilc.edu.tw/6845/" "Mozilla/5.0 (Windows NT 10.0; Win64; x64) AppleWebKit/537.36 (KHTML, like Gecko) Chrome/150.0.0.0 Safari/537.36"
27.100.64.229 - - [17/Aug/2026:10:47:24 +0800] "GET /wp-content/uploads/sites/3591/2025/09/%E6%95%B8%E4%BD%8D%E5%AD%B8%E7%BF%92%E7%B2%BE%E9%80%B2%E6%96%B9%E6%A1%88%E5%85%BC%E8%BC%94%E5%85%A5%E6%A0%A1%E8%BC%94%E5%B0%8E%E8%AA%AA%E6%98%8E-768x486.png HTTP/1.1" 200 67609 "https://isupport.ilc.edu.tw/6845/" "Mozilla/5.0 (Windows NT 10.0; Win64; x64) AppleWebKit/537.36 (KHTML, like Gecko) Chrome/150.0.0.0 Safari/537.36"
27.100.64.229 - - [17/Aug/2026:10:47:24 +0800] "GET /wp-content/uploads/sites/3591/2025/09/%E6%95%B8%E4%BD%8D%E5%AD%B8%E7%BF%92%E7%B2%BE%E9%80%B2%E6%96%B9%E6%A1%88%E5%85%BC%E8%BC%94%E5%85%A5%E6%A0%A1%E8%BC%94%E5%B0%8E%E8%AA%AA%E6%98%8E2-1-768x795.png HTTP/1.1" 200 80799 "https://isupport.ilc.edu.tw/6845/" "Mozilla/5.0 (Windows NT 10.0; Win64; x64) AppleWebKit/537.36 (KHTML, like Gecko) Chrome/150.0.0.0 Safari/537.36"
27.100.64.229 - - [17/Aug/2026:10:47:24 +0800] "GET /wp-content/uploads/sites/3591/2022/06/%E6%96%B0%E7%94%9F%E5%9C%8B%E5%B0%8F%E7%A4%BE%E6%9C%83%E6%9C%89e%E6%80%9D.png HTTP/1.1" 200 38193 "https://isupport.ilc.edu.tw/6845/" "Mozilla/5.0 (Windows NT 10.0; Win64; x64) AppleWebKit/537.36 (KHTML, like Gecko) Chrome/150.0.0.0 Safari/537.36"
27.100.64.229 - - [17/Aug/2026:10:47:24 +0800] "GET /wp-includes/js/hoverintent-js.min.js HTTP/1.1" 200 1597 "https://isupport.ilc.edu.tw/6845/" "Mozilla/5.0 (Windows NT 10.0; Win64; x64) AppleWebKit/537.36 (KHTML, like Gecko) Chrome/150.0.0.0 Safari/537.36"
27.100.64.229 - - [17/Aug/2026:10:47:24 +0800] "GET /wp-includes/js/admin-bar.min.js HTTP/1.1" 200 2237 "https://isupport.ilc.edu.tw/6845/" "Mozilla/5.0 (Windows NT 10.0; Win64; x64) AppleWebKit/537.36 (KHTML, like Gecko) Chrome/150.0.0.0 Safari/537.36"
27.100.64.229 - - [17/Aug/2026:10:47:24 +0800] "GET /wp-includes/js/imagesloaded.min.js HTTP/1.1" 200 2683 "https://isupport.ilc.edu.tw/6845/" "Mozilla/5.0 (Windows NT 10.0; Win64; x64) AppleWebKit/537.36 (KHTML, like Gecko) Chrome/150.0.0.0 Safari/537.36"
27.100.64.229 - - [17/Aug/2026:10:47:24 +0800] "GET /wp-content/themes/oceanwp/assets/js/theme.min.js HTTP/1.1" 200 5130 "https://isupport.ilc.edu.tw/6845/" "Mozilla/5.0 (Windows NT 10.0; Win64; x64) AppleWebKit/537.36 (KHTML, like Gecko) Chrome/150.0.0.0 Safari/537.36"
27.100.64.229 - - [17/Aug/2026:10:47:25 +0800] "GET /wp-content/themes/oceanwp/assets/js/vendors/magnific-popup.min.js HTTP/1.1" 200 8270 "https://isupport.ilc.edu.tw/6845/" "Mozilla/5.0 (Windows NT 10.0; Win64; x64) AppleWebKit/537.36 (KHTML, like Gecko) Chrome/150.0.0.0 Safari/537.36"
140.111.67.10 - - [17/Aug/2026:10:47:25 +0800] "GET /" 301 273 "-" "-"
27.100.64.229 - - [17/Aug/2026:10:47:25 +0800] "GET /wp-content/plugins/elementor/assets/lib/eicons/fonts/eicons.woff2?5.30.0 HTTP/1.1" 200 98225 "https://isupport.ilc.edu.tw/wp-content/cache/isupport.ilc.edu.tw/wpfc-minified/drup3mak/ks8w.css" "Mozilla/5.0 (Windows NT 10.0; Win64; x64) AppleWebKit/537.36 (KHTML, like Gecko) Chrome/150.0.0.0 Safari/537.36"
27.100.64.229 - - [17/Aug/2026:10:47:25 +0800] "POST /wp-json/ilc-summary/v1/popular-posts HTTP/1.1" 201 1399 "https://isupport.ilc.edu.tw/6845/" "Mozilla/5.0 (Windows NT 10.0; Win64; x64) AppleWebKit/537.36 (KHTML, like Gecko) Chrome/150.0.0.0 Safari/537.36"
27.100.64.229 - - [17/Aug/2026:10:47:25 +0800] "GET /wp-content/themes/oceanwp/assets/js/ow-slider.min.js HTTP/1.1" 200 1761 "https://isupport.ilc.edu.tw/6845/" "Mozilla/5.0 (Windows NT 10.0; Win64; x64) AppleWebKit/537.36 (KHTML, like Gecko) Chrome/150.0.0.0 Safari/537.36"
27.100.64.229 - - [17/Aug/2026:10:47:25 +0800] "GET /wp-content/themes/oceanwp/assets/js/scroll-effect.min.js HTTP/1.1" 200 4127 "https://isupport.ilc.edu.tw/6845/" "Mozilla/5.0 (Windows NT 10.0; Win64; x64) AppleWebKit/537.36 (KHTML, like Gecko) Chrome/150.0.0.0 Safari/537.36"
27.100.64.229 - - [17/Aug/2026:10:47:25 +0800] "GET /wp-content/themes/oceanwp/assets/js/vendors/sidr.js HTTP/1.1" 200 4102 "https://isupport.ilc.edu.tw/6845/" "Mozilla/5.0 (Windows NT 10.0; Win64; x64) AppleWebKit/537.36 (KHTML, like Gecko) Chrome/150.0.0.0 Safari/537.36"
2001:288:a201::66:125 - - [17/Aug/2026:10:47:25 +0800] "GET /blog/active.php HTTP/1.1" 301 1026 "-" "-"
27.100.64.229 - - [17/Aug/2026:10:47:25 +0800] "GET /wp-content/plugins/ocean-extra/includes/widgets/js/flickr.min.js HTTP/1.1" 200 1319 "https://isupport.ilc.edu.tw/6845/" "Mozilla/5.0 (Windows NT 10.0; Win64; x64) AppleWebKit/537.36 (KHTML, like Gecko) Chrome/150.0.0.0 Safari/537.36"
2001:288:a201::66:125 - - [17/Aug/2026:10:47:25 +0800] "GET /blog/active.php HTTP/1.1" 404 1084 "-" "-"
27.100.64.229 - - [17/Aug/2026:10:47:25 +0800] "GET /wp-content/plugins/elementor-pro/assets/js/webpack-pro.runtime.min.js HTTP/1.1" 200 3562 "https://isupport.ilc.edu.tw/6845/" "Mozilla/5.0 (Windows NT 10.0; Win64; x64) AppleWebKit/537.36 (KHTML, like Gecko) Chrome/150.0.0.0 Safari/537.36"
27.100.64.229 - - [17/Aug/2026:10:47:25 +0800] "GET /wp-includes/js/dist/hooks.min.js HTTP/1.1" 200 2421 "https://isupport.ilc.edu.tw/6845/" "Mozilla/5.0 (Windows NT 10.0; Win64; x64) AppleWebKit/537.36 (KHTML, like Gecko) Chrome/150.0.0.0 Safari/537.36"
27.100.64.229 - - [17/Aug/2026:10:47:25 +0800] "GET /wp-content/plugins/elementor-pro/assets/js/frontend.min.js HTTP/1.1" 200 7574 "https://isupport.ilc.edu.tw/6845/" "Mozilla/5.0 (Windows NT 10.0; Win64; x64) AppleWebKit/537.36 (KHTML, like Gecko) Chrome/150.0.0.0 Safari/537.36"
27.100.64.229 - - [17/Aug/2026:10:47:26 +0800] "GET /wp-content/plugins/elementor/assets/js/frontend.min.js HTTP/1.1" 200 13169 "https://isupport.ilc.edu.tw/6845/" "Mozilla/5.0 (Windows NT 10.0; Win64; x64) AppleWebKit/537.36 (KHTML, like Gecko) Chrome/150.0.0.0 Safari/537.36"
2001:4860:7:510::f6 - - [17/Aug/2026:10:47:26 +0800] "GET /tcesinfo/2020/08/31/%E7%A1%AC%E7%A2%9F%E4%BF%9D%E5%9B%BA%E6%9F%A5%E8%A9%A2/ HTTP/1.1" 200 15372 "https://www.google.com/" "Mozilla/5.0 (Windows NT 10.0; Win64; x64) AppleWebKit/537.36 (KHTML, like Gecko) Chrome/151.0.0.0 Safari/537.36"
27.100.64.229 - - [17/Aug/2026:10:47:26 +0800] "GET /wp-content/plugins/elementor/assets/lib/waypoints/waypoints.min.js HTTP/1.1" 200 3873 "https://isupport.ilc.edu.tw/6845/" "Mozilla/5.0 (Windows NT 10.0; Win64; x64) AppleWebKit/537.36 (KHTML, like Gecko) Chrome/150.0.0.0 Safari/537.36"
2001:b400:e482:16d:795b:2557:4736:d08 - - [17/Aug/2026:10:47:26 +0800] "GET /wp-content/uploads/sites/3591/2022/07/cropped-%E6%95%B8%E4%BD%8D%E5%AD%B8%E7%BF%92%E6%94%AF%E6%8C%81%E5%B9%B3%E5%8F%B0logo_lg-192x192.png HTTP/1.1" 200 7458 "https://isupport.ilc.edu.tw/11524/" "Mozilla/5.0 (Windows NT 10.0; Win64; x64) AppleWebKit/537.36 (KHTML, like Gecko) Chrome/150.0.0.0 Safari/537.36"
118.165.149.53 - - [17/Aug/2026:10:47:27 +0800] "GET /wp-content/uploads/sites/3846/2023/07/%E6%95%99%E8%82%B2%E8%99%95%E5%85%AB%E5%A4%A7%E6%96%B9%E9%87%9D.png HTTP/1.1" 200 200327 "https://it.ilc.edu.tw/" "Mozilla/5.0 (Macintosh; Intel Mac OS X 10_15_7) AppleWebKit/537.36 (KHTML, like Gecko) Chrome/151.0.0.0 Safari/537.36"
27.100.64.229 - - [17/Aug/2026:10:47:27 +0800] "GET /wp-content/plugins/elementor-pro/assets/js/table-of-contents.8fd1a0cc520a3fc67bd8.bundle.min.js HTTP/1.1" 200 3684 "https://isupport.ilc.edu.tw/6845/" "Mozilla/5.0 (Windows NT 10.0; Win64; x64) AppleWebKit/537.36 (KHTML, like Gecko) Chrome/150.0.0.0 Safari/537.36"
2001:288:a20f:1:3154:290d:6a00:b2c0 - - [17/Aug/2026:10:47:27 +0800] "GET /blog/blog/22563 HTTP/1.1" 301 1063 "-" "Mozilla/5.0 (Windows NT 10.0; Win64; x64) AppleWebKit/537.36 (KHTML, like Gecko) Chrome/151.0.0.0 Safari/537.36"
140.111.67.195 - - [17/Aug/2026:10:47:27 +0800] "GET /wp-admin/admin-post.php?action=steps_ad HTTP/1.1" 200 1973 "-" "node-fetch/1.0 (+https://github.com/bitinn/node-fetch)"
118.165.149.53 - - [17/Aug/2026:10:47:28 +0800] "GET /wp-content/uploads/sites/3846/2026/02/%E9%81%BF%E5%85%8D%E8%AA%A4%E5%85%A5%E8%A9%90%E9%A8%99%E7%B6%B2%E7%AB%99APP%E5%B0%8F%E5%B8%B8%E8%AD%98.jpg HTTP/1.1" 200 454833 "https://it.ilc.edu.tw/" "Mozilla/5.0 (Macintosh; Intel Mac OS X 10_15_7) AppleWebKit/537.36 (KHTML, like Gecko) Chrome/151.0.0.0 Safari/537.36"
27.100.64.229 - - [17/Aug/2026:10:47:28 +0800] "GET /wp-includes/js/wp-emoji-release.min.js HTTP/1.1" 200 5942 "https://isupport.ilc.edu.tw/6845/" "Mozilla/5.0 (Windows NT 10.0; Win64; x64) AppleWebKit/537.36 (KHTML, like Gecko) Chrome/150.0.0.0 Safari/537.36"
118.165.149.53 - - [17/Aug/2026:10:47:28 +0800] "GET /wp-content/uploads/sites/3846/2026/08/%E8%BE%B2%E6%A5%AD%E9%83%A8%E5%BB%A3%E5%91%8A.jpg HTTP/1.1" 200 236462 "https://it.ilc.edu.tw/" "Mozilla/5.0 (Macintosh; Intel Mac OS X 10_15_7) AppleWebKit/537.36 (KHTML, like Gecko) Chrome/151.0.0.0 Safari/537.36"
118.165.149.53 - - [17/Aug/2026:10:47:28 +0800] "GET /wp-content/uploads/sites/3846/2026/06/%E5%AE%A3%E5%82%B3%E5%9C%96%E7%89%87.png HTTP/1.1" 200 1053112 "https://it.ilc.edu.tw/" "Mozilla/5.0 (Macintosh; Intel Mac OS X 10_15_7) AppleWebKit/537.36 (KHTML, like Gecko) Chrome/151.0.0.0 Safari/537.36"
118.165.149.53 - - [17/Aug/2026:10:47:28 +0800] "GET /wp-content/uploads/sites/3846/2026/06/2026%E5%AE%9C%E8%98%AD%E7%98%8B%E5%AD%B8%E7%BF%92-%E6%9A%91%E5%81%87_%E6%95%99%E8%82%B2%E8%99%95%E9%A6%96%E9%A0%81-1440-x-1080-%E5%83%8F%E7%B4%A0.png HTTP/1.1" 200 2046271 "https://it.ilc.edu.tw/" "Mozilla/5.0 (Macintosh; Intel Mac OS X 10_15_7) AppleWebKit/537.36 (KHTML, like Gecko) Chrome/151.0.0.0 Safari/537.36"
140.111.191.141 - - [17/Aug/2026:10:47:28 +0800] "POST /yceec/wp-admin/admin-ajax.php HTTP/1.1" 200 5916 "https://2blog.ilc.edu.tw/yceec/wp-admin/edit.php" "Mozilla/5.0 (Windows NT 10.0; Win64; x64) AppleWebKit/537.36 (KHTML, like Gecko) Chrome/151.0.0.0 Safari/537.36"
2001:b011:7800:dd35:e05f:81a6:2887:fae1 - - [17/Aug/2026:10:47:29 +0800] "GET / HTTP/1.1" 200 31593 "-" "Mozilla/5.0 (Windows NT 10.0; Win64; x64) AppleWebKit/537.36 (KHTML, like Gecko) Chrome/151.0.0.0 Safari/537.36"
2001:b011:7800:dd35:e05f:81a6:2887:fae1 - - [17/Aug/2026:10:47:29 +0800] "GET /wp-content/cache/www.ilc.edu.tw/wpfc-minified/sz1rpuo/8141l.css HTTP/1.1" 304 790 "https://www.ilc.edu.tw/" "Mozilla/5.0 (Windows NT 10.0; Win64; x64) AppleWebKit/537.36 (KHTML, like Gecko) Chrome/151.0.0.0 Safari/537.36"
2001:b011:7800:dd35:e05f:81a6:2887:fae1 - - [17/Aug/2026:10:47:29 +0800] "GET /wp-content/cache/www.ilc.edu.tw/wpfc-minified/7ihu9bns/8141l.css HTTP/1.1" 304 790 "https://www.ilc.edu.tw/" "Mozilla/5.0 (Windows NT 10.0; Win64; x64) AppleWebKit/537.36 (KHTML, like Gecko) Chrome/151.0.0.0 Safari/537.36"
2001:b011:7800:dd35:e05f:81a6:2887:fae1 - - [17/Aug/2026:10:47:29 +0800] "GET /wp-content/cache/www.ilc.edu.tw/wpfc-minified/fdlul8k0/8141l.css HTTP/1.1" 304 790 "https://www.ilc.edu.tw/" "Mozilla/5.0 (Windows NT 10.0; Win64; x64) AppleWebKit/537.36 (KHTML, like Gecko) Chrome/151.0.0.0 Safari/537.36"
2001:b011:7800:dd35:e05f:81a6:2887:fae1 - - [17/Aug/2026:10:47:29 +0800] "GET /wp-content/cache/www.ilc.edu.tw/wpfc-minified/2encr51g/8141l.css HTTP/1.1" 304 790 "https://www.ilc.edu.tw/" "Mozilla/5.0 (Windows NT 10.0; Win64; x64) AppleWebKit/537.36 (KHTML, like Gecko) Chrome/151.0.0.0 Safari/537.36"
2001:b011:7800:dd35:e05f:81a6:2887:fae1 - - [17/Aug/2026:10:47:29 +0800] "GET /wp-content/uploads/sites/3846/elementor/css/post-19.css HTTP/1.1" 304 790 "https://www.ilc.edu.tw/" "Mozilla/5.0 (Windows NT 10.0; Win64; x64) AppleWebKit/537.36 (KHTML, like Gecko) Chrome/151.0.0.0 Safari/537.36"
2001:b011:7800:dd35:e05f:81a6:2887:fae1 - - [17/Aug/2026:10:47:29 +0800] "GET /wp-content/cache/www.ilc.edu.tw/wpfc-minified/difb1vbs/8141l.js HTTP/1.1" 304 790 "https://www.ilc.edu.tw/" "Mozilla/5.0 (Windows NT 10.0; Win64; x64) AppleWebKit/537.36 (KHTML, like Gecko) Chrome/151.0.0.0 Safari/537.36"
2001:b011:7800:dd35:e05f:81a6:2887:fae1 - - [17/Aug/2026:10:47:29 +0800] "GET /wp-content/cache/www.ilc.edu.tw/wpfc-minified/21kp93v9/8141l.css HTTP/1.1" 304 790 "https://www.ilc.edu.tw/" "Mozilla/5.0 (Windows NT 10.0; Win64; x64) AppleWebKit/537.36 (KHTML, like Gecko) Chrome/151.0.0.0 Safari/537.36"
2001:b011:7800:dd35:e05f:81a6:2887:fae1 - - [17/Aug/2026:10:47:29 +0800] "GET /wp-content/uploads/sites/3846/2026/05/05bfd164-030e-448f-b83b-37c7dcb01eec.png HTTP/1.1" 304 790 "https://www.ilc.edu.tw/" "Mozilla/5.0 (Windows NT 10.0; Win64; x64) AppleWebKit/537.36 (KHTML, like Gecko) Chrome/151.0.0.0 Safari/537.36"
2001:b011:7800:dd35:e05f:81a6:2887:fae1 - - [17/Aug/2026:10:47:29 +0800] "GET /wp-content/uploads/sites/3846/2026/05/%E8%9E%A2%E5%B9%95%E6%93%B7%E5%8F%96%E7%95%AB%E9%9D%A2-2026-05-07-100749.png HTTP/1.1" 304 790 "https://www.ilc.edu.tw/" "Mozilla/5.0 (Windows NT 10.0; Win64; x64) AppleWebKit/537.36 (KHTML, like Gecko) Chrome/151.0.0.0 Safari/537.36"
2402:7500:578:e0b2:405e:6fff:fe7c:884b - - [17/Aug/2026:10:47:29 +0800] "-" 408 339 "-" "-"
2001:b011:7800:dd35:e05f:81a6:2887:fae1 - - [17/Aug/2026:10:47:30 +0800] "GET /wp-content/uploads/sites/3846/2023/05/cropped-%E6%95%99%E8%82%B2%E8%99%95logo-32x32.jpg HTTP/1.1" 200 1571 "https://www.ilc.edu.tw/" "Mozilla/5.0 (Windows NT 10.0; Win64; x64) AppleWebKit/537.36 (KHTML, like Gecko) Chrome/151.0.0.0 Safari/537.36"
140.111.67.10 - - [17/Aug/2026:10:47:30 +0800] "GET /" 301 273 "-" "-"
2001:288:a201::66:125 - - [17/Aug/2026:10:47:30 +0800] "GET /blog/active.php HTTP/1.1" 404 1084 "-" "-"
2001:288:a201::66:125 - - [17/Aug/2026:10:47:30 +0800] "GET /blog/active.php HTTP/1.1" 301 1026 "-" "-"
140.134.76.102 - - [17/Aug/2026:10:47:32 +0800] "GET /dashen/wp-content/uploads/sites/485/2019/07/008-663x1024.jpg HTTP/1.1" 200 62670 "https://2blog.ilc.edu.tw/dashen/%E8%A6%AA%E5%B8%AB%E5%90%88%E4%BD%9C%E5%A5%BD%E5%B7%A5%E5%85%B7%E2%94%80line-offical-account/" "Mozilla/5.0 (Windows NT 10.0; Win64; x64) AppleWebKit/537.36 (KHTML, like Gecko) Chrome/151.0.0.0 Safari/537.36"
27.100.64.229 - - [17/Aug/2026:10:47:32 +0800] "GET /wp-content/uploads/sites/3591/2022/07/cropped-%E6%95%B8%E4%BD%8D%E5%AD%B8%E7%BF%92%E6%94%AF%E6%8C%81%E5%B9%B3%E5%8F%B0logo_lg-32x32.png HTTP/1.1" 200 1779 "https://isupport.ilc.edu.tw/6845/" "Mozilla/5.0 (Windows NT 10.0; Win64; x64) AppleWebKit/537.36 (KHTML, like Gecko) Chrome/150.0.0.0 Safari/537.36"
::1 - - [17/Aug/2026:10:47:32 +0800] "OPTIONS * HTTP/1.0" 200 110 "-" "Apache/2.4.68 (Ubuntu) OpenSSL/3.0.19 (internal dummy connection)"
::1 - - [17/Aug/2026:10:47:33 +0800] "OPTIONS * HTTP/1.0" 200 110 "-" "Apache/2.4.68 (Ubuntu) OpenSSL/3.0.19 (internal dummy connection)"
2001:4860:7:510::fd - - [17/Aug/2026:10:47:33 +0800] "GET /2019/03/20/%E5%B0%8F%E4%B8%80%E6%8B%9B%E7%94%9F%E5%BD%B1%E7%89%87/ HTTP/1.1" 200 22181 "https://www.google.com/" "Mozilla/5.0 (Windows NT 10.0; Win64; x64) AppleWebKit/537.36 (KHTML, like Gecko) Chrome/151.0.0.0 Safari/537.36"
::1 - - [17/Aug/2026:10:47:34 +0800] "OPTIONS * HTTP/1.0" 200 110 "-" "Apache/2.4.68 (Ubuntu) OpenSSL/3.0.19 (internal dummy connection)"
140.111.67.10 - - [17/Aug/2026:10:47:35 +0800] "GET /" 301 273 "-" "-"
140.134.76.102 - - [17/Aug/2026:10:47:35 +0800] "GET /dashen/wp-content/uploads/sites/485/2019/07/009.jpg HTTP/1.1" 200 31229 "https://2blog.ilc.edu.tw/dashen/%E8%A6%AA%E5%B8%AB%E5%90%88%E4%BD%9C%E5%A5%BD%E5%B7%A5%E5%85%B7%E2%94%80line-offical-account/" "Mozilla/5.0 (Windows NT 10.0; Win64; x64) AppleWebKit/537.36 (KHTML, like Gecko) Chrome/151.0.0.0 Safari/537.36"
2001:288:a201::66:125 - - [17/Aug/2026:10:47:35 +0800] "GET /blog/active.php HTTP/1.1" 301 1026 "-" "-"
2001:288:a201::66:125 - - [17/Aug/2026:10:47:35 +0800] "GET /blog/active.php HTTP/1.1" 404 1084 "-" "-"
::1 - - [17/Aug/2026:10:47:35 +0800] "OPTIONS * HTTP/1.0" 200 110 "-" "Apache/2.4.68 (Ubuntu) OpenSSL/3.0.19 (internal dummy connection)"
140.134.76.102 - - [17/Aug/2026:10:47:36 +0800] "GET /dashen/wp-content/uploads/sites/485/2019/07/010-675x1024.jpg HTTP/1.1" 200 57637 "https://2blog.ilc.edu.tw/dashen/%E8%A6%AA%E5%B8%AB%E5%90%88%E4%BD%9C%E5%A5%BD%E5%B7%A5%E5%85%B7%E2%94%80line-offical-account/" "Mozilla/5.0 (Windows NT 10.0; Win64; x64) AppleWebKit/537.36 (KHTML, like Gecko) Chrome/151.0.0.0 Safari/537.36"
::1 - - [17/Aug/2026:10:47:36 +0800] "OPTIONS * HTTP/1.0" 200 110 "-" "Apache/2.4.68 (Ubuntu) OpenSSL/3.0.19 (internal dummy connection)"
::1 - - [17/Aug/2026:10:47:37 +0800] "OPTIONS * HTTP/1.0" 200 110 "-" "Apache/2.4.68 (Ubuntu) OpenSSL/3.0.19 (internal dummy connection)"
1.165.182.99 - - [17/Aug/2026:10:47:38 +0800] "GET http://www.kkes.ilc.edu.tw/scweb/ereport/detail.asp?nickname=aaaaaa&amp;c_id=936 HTTP/1.1" 301 1050 "-" "Mozilla/5.0 (Windows NT 10.0; Win64; x64) AppleWebKit/537.36 (KHTML, like Gecko) Chrome/151.0.0.0 Safari/537.36"
140.111.67.195 - - [17/Aug/2026:10:47:38 +0800] "GET /wp-admin/admin-post.php?action=steps_ad HTTP/1.1" 200 1973 "-" "node-fetch/1.0 (+https://github.com/bitinn/node-fetch)"
2001:288:a251:1:cce9:4283:51f9:58a4 - - [17/Aug/2026:10:47:39 +0800] "-" 408 4791 "-" "-"
140.111.67.10 - - [17/Aug/2026:10:47:40 +0800] "GET /" 301 273 "-" "-"
2001:288:a201::66:125 - - [17/Aug/2026:10:47:40 +0800] "GET /blog/active.php HTTP/1.1" 301 1026 "-" "-"
2001:288:a201::66:125 - - [17/Aug/2026:10:47:40 +0800] "GET /blog/active.php HTTP/1.1" 404 1084 "-" "-"
2001:4860:7:810::eb - - [17/Aug/2026:10:47:40 +0800] "GET /1003/2017/07/25/%E6%8E%A5%E6%96%B0%E7%8F%AD%E6%BA%96%E5%82%992%E5%BA%A7%E4%BD%8D%E5%AE%89%E6%8E%92/ HTTP/1.1" 200 19633 "https://www.google.com/" "Mozilla/5.0 (Windows NT 10.0; Win64; x64) AppleWebKit/537.36 (KHTML, like Gecko) Chrome/151.0.0.0 Safari/537.36"
210.61.198.67 - - [17/Aug/2026:10:47:41 +0800] "GET /wp-content/cache/www.ghjh.ilc.edu.tw/wpfc-minified/qgo2hbb/6vxl.css HTTP/1.1" 200 5962 "https://www.ghjh.ilc.edu.tw/" "Mozilla/5.0 (Windows NT 10.0; Win64; x64) AppleWebKit/537.36 (KHTML, like Gecko) Chrome/151.0.0.0 Safari/537.36"
210.61.198.67 - - [17/Aug/2026:10:47:41 +0800] "GET /wp-content/cache/www.ghjh.ilc.edu.tw/wpfc-minified/eenfdh94/6vxl.css HTTP/1.1" 200 20587 "https://www.ghjh.ilc.edu.tw/" "Mozilla/5.0 (Windows NT 10.0; Win64; x64) AppleWebKit/537.36 (KHTML, like Gecko) Chrome/151.0.0.0 Safari/537.36"
210.61.198.67 - - [17/Aug/2026:10:47:41 +0800] "GET /wp-content/cache/www.ghjh.ilc.edu.tw/wpfc-minified/9a7r7kpk/6vxl.css HTTP/1.1" 200 45695 "https://www.ghjh.ilc.edu.tw/" "Mozilla/5.0 (Windows NT 10.0; Win64; x64) AppleWebKit/537.36 (KHTML, like Gecko) Chrome/151.0.0.0 Safari/537.36"
210.61.198.67 - - [17/Aug/2026:10:47:41 +0800] "GET /wp-content/cache/www.ghjh.ilc.edu.tw/wpfc-minified/d6oxvho1/6vxl.js HTTP/1.1" 200 35559 "https://www.ghjh.ilc.edu.tw/" "Mozilla/5.0 (Windows NT 10.0; Win64; x64) AppleWebKit/537.36 (KHTML, like Gecko) Chrome/151.0.0.0 Safari/537.36"
210.61.198.67 - - [17/Aug/2026:10:47:41 +0800] "GET /wp-content/cache/www.ghjh.ilc.edu.tw/wpfc-minified/fqg4yllu/6vxl.css HTTP/1.1" 200 62788 "https://www.ghjh.ilc.edu.tw/" "Mozilla/5.0 (Windows NT 10.0; Win64; x64) AppleWebKit/537.36 (KHTML, like Gecko) Chrome/151.0.0.0 Safari/537.36"
210.61.198.67 - - [17/Aug/2026:10:47:41 +0800] "GET /wp-content/uploads/sites/3157/2021/04/m1_01t01.png HTTP/1.1" 200 12702 "https://www.ghjh.ilc.edu.tw/" "Mozilla/5.0 (Windows NT 10.0; Win64; x64) AppleWebKit/537.36 (KHTML, like Gecko) Chrome/151.0.0.0 Safari/537.36"
210.61.198.67 - - [17/Aug/2026:10:47:41 +0800] "GET /wp-content/cache/www.ghjh.ilc.edu.tw/wpfc-minified/7z1v8m27/6vxl.js HTTP/1.1" 200 3453 "https://www.ghjh.ilc.edu.tw/" "Mozilla/5.0 (Windows NT 10.0; Win64; x64) AppleWebKit/537.36 (KHTML, like Gecko) Chrome/151.0.0.0 Safari/537.36"
210.61.198.67 - - [17/Aug/2026:10:47:41 +0800] "GET /wp-content/uploads/sites/3157/2021/04/m1_01t02.png HTTP/1.1" 200 11116 "https://www.ghjh.ilc.edu.tw/" "Mozilla/5.0 (Windows NT 10.0; Win64; x64) AppleWebKit/537.36 (KHTML, like Gecko) Chrome/151.0.0.0 Safari/537.36"
210.61.198.67 - - [17/Aug/2026:10:47:41 +0800] "GET /wp-includes/js/hoverintent-js.min.js HTTP/1.1" 200 1597 "https://www.ghjh.ilc.edu.tw/" "Mozilla/5.0 (Windows NT 10.0; Win64; x64) AppleWebKit/537.36 (KHTML, like Gecko) Chrome/151.0.0.0 Safari/537.36"
210.61.198.67 - - [17/Aug/2026:10:47:41 +0800] "GET /wp-includes/js/admin-bar.min.js HTTP/1.1" 200 2237 "https://www.ghjh.ilc.edu.tw/" "Mozilla/5.0 (Windows NT 10.0; Win64; x64) AppleWebKit/537.36 (KHTML, like Gecko) Chrome/151.0.0.0 Safari/537.36"
210.61.198.67 - - [17/Aug/2026:10:47:41 +0800] "GET /wp-includes/js/imagesloaded.min.js HTTP/1.1" 200 2683 "https://www.ghjh.ilc.edu.tw/" "Mozilla/5.0 (Windows NT 10.0; Win64; x64) AppleWebKit/537.36 (KHTML, like Gecko) Chrome/151.0.0.0 Safari/537.36"
210.61.198.67 - - [17/Aug/2026:10:47:41 +0800] "GET /wp-content/themes/oceanwp/assets/js/theme.min.js HTTP/1.1" 200 5130 "https://www.ghjh.ilc.edu.tw/" "Mozilla/5.0 (Windows NT 10.0; Win64; x64) AppleWebKit/537.36 (KHTML, like Gecko) Chrome/151.0.0.0 Safari/537.36"
210.61.198.67 - - [17/Aug/2026:10:47:41 +0800] "GET /wp-content/themes/oceanwp/assets/js/full-screen-menu.min.js HTTP/1.1" 200 4064 "https://www.ghjh.ilc.edu.tw/" "Mozilla/5.0 (Windows NT 10.0; Win64; x64) AppleWebKit/537.36 (KHTML, like Gecko) Chrome/151.0.0.0 Safari/537.36"
210.61.198.67 - - [17/Aug/2026:10:47:41 +0800] "GET /wp-content/themes/oceanwp/assets/js/drop-down-mobile-menu.min.js HTTP/1.1" 200 4663 "https://www.ghjh.ilc.edu.tw/" "Mozilla/5.0 (Windows NT 10.0; Win64; x64) AppleWebKit/537.36 (KHTML, like Gecko) Chrome/151.0.0.0 Safari/537.36"
210.61.198.67 - - [17/Aug/2026:10:47:41 +0800] "GET /wp-content/themes/oceanwp/assets/js/drop-down-search.min.js HTTP/1.1" 200 2968 "https://www.ghjh.ilc.edu.tw/" "Mozilla/5.0 (Windows NT 10.0; Win64; x64) AppleWebKit/537.36 (KHTML, like Gecko) Chrome/151.0.0.0 Safari/537.36"
210.61.198.67 - - [17/Aug/2026:10:47:41 +0800] "GET /wp-content/themes/oceanwp/assets/js/vendors/magnific-popup.min.js HTTP/1.1" 200 13071 "https://www.ghjh.ilc.edu.tw/" "Mozilla/5.0 (Windows NT 10.0; Win64; x64) AppleWebKit/537.36 (KHTML, like Gecko) Chrome/151.0.0.0 Safari/537.36"
210.61.198.67 - - [17/Aug/2026:10:47:41 +0800] "GET /wp-content/themes/oceanwp/assets/js/ow-lightbox.min.js HTTP/1.1" 200 2321 "https://www.ghjh.ilc.edu.tw/" "Mozilla/5.0 (Windows NT 10.0; Win64; x64) AppleWebKit/537.36 (KHTML, like Gecko) Chrome/151.0.0.0 Safari/537.36"
210.61.198.67 - - [17/Aug/2026:10:47:41 +0800] "GET /wp-content/themes/oceanwp/assets/js/vendors/flickity.pkgd.min.js HTTP/1.1" 200 15048 "https://www.ghjh.ilc.edu.tw/" "Mozilla/5.0 (Windows NT 10.0; Win64; x64) AppleWebKit/537.36 (KHTML, like Gecko) Chrome/151.0.0.0 Safari/537.36"
210.61.198.67 - - [17/Aug/2026:10:47:41 +0800] "GET /wp-content/themes/oceanwp/assets/js/ow-slider.min.js HTTP/1.1" 200 1761 "https://www.ghjh.ilc.edu.tw/" "Mozilla/5.0 (Windows NT 10.0; Win64; x64) AppleWebKit/537.36 (KHTML, like Gecko) Chrome/151.0.0.0 Safari/537.36"
210.61.198.67 - - [17/Aug/2026:10:47:41 +0800] "GET /wp-content/themes/oceanwp/assets/js/select.min.js HTTP/1.1" 200 2747 "https://www.ghjh.ilc.edu.tw/" "Mozilla/5.0 (Windows NT 10.0; Win64; x64) AppleWebKit/537.36 (KHTML, like Gecko) Chrome/151.0.0.0 Safari/537.36"
210.61.198.67 - - [17/Aug/2026:10:47:41 +0800] "GET /wp-content/themes/oceanwp/assets/js/scroll-top.min.js HTTP/1.1" 200 3541 "https://www.ghjh.ilc.edu.tw/" "Mozilla/5.0 (Windows NT 10.0; Win64; x64) AppleWebKit/537.36 (KHTML, like Gecko) Chrome/151.0.0.0 Safari/537.36"
210.61.198.67 - - [17/Aug/2026:10:47:41 +0800] "GET /wp-content/themes/oceanwp/assets/js/scroll-effect.min.js HTTP/1.1" 200 4127 "https://www.ghjh.ilc.edu.tw/" "Mozilla/5.0 (Windows NT 10.0; Win64; x64) AppleWebKit/537.36 (KHTML, like Gecko) Chrome/151.0.0.0 Safari/537.36"
210.61.198.67 - - [17/Aug/2026:10:47:41 +0800] "GET /wp-content/plugins/ocean-extra/includes/widgets/js/flickr.min.js HTTP/1.1" 200 1319 "https://www.ghjh.ilc.edu.tw/" "Mozilla/5.0 (Windows NT 10.0; Win64; x64) AppleWebKit/537.36 (KHTML, like Gecko) Chrome/151.0.0.0 Safari/537.36"
210.61.198.67 - - [17/Aug/2026:10:47:41 +0800] "GET /wp-content/uploads/sites/3157/2021/04/cropped-ghjh01.jpg HTTP/1.1" 200 93335 "https://www.ghjh.ilc.edu.tw/" "Mozilla/5.0 (Windows NT 10.0; Win64; x64) AppleWebKit/537.36 (KHTML, like Gecko) Chrome/151.0.0.0 Safari/537.36"
210.61.198.67 - - [17/Aug/2026:10:47:41 +0800] "GET /wp-content/themes/oceanwp/assets/fonts/fontawesome/webfonts/fa-solid-900.woff2 HTTP/1.1" 200 151246 "https://www.ghjh.ilc.edu.tw/wp-content/cache/www.ghjh.ilc.edu.tw/wpfc-minified/fqg4yllu/6vxl.css" "Mozilla/5.0 (Windows NT 10.0; Win64; x64) AppleWebKit/537.36 (KHTML, like Gecko) Chrome/151.0.0.0 Safari/537.36"
210.61.198.67 - - [17/Aug/2026:10:47:41 +0800] "GET /wp-content/themes/oceanwp/assets/fonts/simple-line-icons/Simple-Line-Icons.woff2?v=2.4.0 HTTP/1.1" 200 30959 "https://www.ghjh.ilc.edu.tw/wp-content/cache/www.ghjh.ilc.edu.tw/wpfc-minified/fqg4yllu/6vxl.css" "Mozilla/5.0 (Windows NT 10.0; Win64; x64) AppleWebKit/537.36 (KHTML, like Gecko) Chrome/151.0.0.0 Safari/537.36"
140.111.67.195 - - [17/Aug/2026:10:47:41 +0800] "GET /wp-admin/admin-post.php?action=steps_ad HTTP/1.1" 200 1649 "-" "node-fetch/1.0 (+https://github.com/bitinn/node-fetch)"
2402:7500:578:e0b2:405e:6fff:fe7c:884b - - [17/Aug/2026:10:47:42 +0800] "-" 408 339 "-" "-"
210.61.198.67 - - [17/Aug/2026:10:47:42 +0800] "GET /wp-content/uploads/sites/3157/2021/04/cropped-ghjhnew02-32x32.png HTTP/1.1" 200 3413 "https://www.ghjh.ilc.edu.tw/" "Mozilla/5.0 (Windows NT 10.0; Win64; x64) AppleWebKit/537.36 (KHTML, like Gecko) Chrome/151.0.0.0 Safari/537.36"
2001:4860:7:810::de - - [17/Aug/2026:10:47:43 +0800] "GET /2341/2020/05/03/4f-%E5%BC%95%E5%B0%8E%E6%80%9D%E8%80%83%E6%B3%95/ HTTP/1.1" 200 17436 "https://www.google.com/" "Mozilla/5.0 (Windows NT 10.0; Win64; x64) AppleWebKit/537.36 (KHTML, like Gecko) Chrome/135.0.0.0 Safari/537.36"
2001:288:a27a:1:6ddc:2a4b:ac26:cde2 - - [17/Aug/2026:10:47:42 +0800] "POST /namt/wp-admin/admin-ajax.php HTTP/1.1" 200 1459 "https://2blog.ilc.edu.tw/namt/wp-admin/user-new.php?user_id=1731" "Mozilla/5.0 (Windows NT 10.0; Win64; x64) AppleWebKit/537.36 (KHTML, like Gecko) Chrome/151.0.0.0 Safari/537.36"
2001:288:a22e:1:a223:d608:9399:9719 - - [17/Aug/2026:10:47:44 +0800] "-" 408 4791 "-" "-"
1.165.38.71 - - [17/Aug/2026:10:47:44 +0800] "GET /scweb/ereport/detail.asp?nickname=aaaaaa&amp;c_id=936 HTTP/1.1" 404 74178 "-" "Mozilla/5.0 (Windows NT 10.0; Win64; x64) AppleWebKit/537.36 (KHTML, like Gecko) Chrome/150.0.0.0 Safari/537.36"
140.111.67.10 - - [17/Aug/2026:10:47:45 +0800] "GET /" 301 273 "-" "-"
2001:288:a201::66:125 - - [17/Aug/2026:10:47:45 +0800] "GET /blog/active.php HTTP/1.1" 301 1026 "-" "-"
2001:288:a201::66:125 - - [17/Aug/2026:10:47:45 +0800] "GET /blog/active.php HTTP/1.1" 404 1084 "-" "-"
140.111.67.195 - - [17/Aug/2026:10:47:45 +0800] "GET /wp-admin/admin-post.php?action=steps_ad HTTP/1.1" 200 1649 "-" "node-fetch/1.0 (+https://github.com/bitinn/node-fetch)"
1.165.38.71 - - [17/Aug/2026:10:47:46 +0800] "GET /wp-includes/css/dashicons.min.css HTTP/1.1" 200 36736 "https://www.kkes.ilc.edu.tw/scweb/ereport/detail.asp?nickname=aaaaaa&amp;c_id=936" "Mozilla/5.0 (Windows NT 10.0; Win64; x64) AppleWebKit/537.36 (KHTML, like Gecko) Chrome/150.0.0.0 Safari/537.36"
1.165.38.71 - - [17/Aug/2026:10:47:46 +0800] "GET /wp-includes/css/admin-bar.min.css HTTP/1.1" 200 4685 "https://www.kkes.ilc.edu.tw/scweb/ereport/detail.asp?nickname=aaaaaa&amp;c_id=936" "Mozilla/5.0 (Windows NT 10.0; Win64; x64) AppleWebKit/537.36 (KHTML, like Gecko) Chrome/150.0.0.0 Safari/537.36"
::1 - - [17/Aug/2026:10:47:46 +0800] "OPTIONS * HTTP/1.0" 200 110 "-" "Apache/2.4.68 (Ubuntu) OpenSSL/3.0.19 (internal dummy connection)"
1.165.38.71 - - [17/Aug/2026:10:47:47 +0800] "GET /wp-includes/css/dist/block-library/style.min.css HTTP/1.1" 200 16119 "https://www.kkes.ilc.edu.tw/scweb/ereport/detail.asp?nickname=aaaaaa&amp;c_id=936" "Mozilla/5.0 (Windows NT 10.0; Win64; x64) AppleWebKit/537.36 (KHTML, like Gecko) Chrome/150.0.0.0 Safari/537.36"
1.165.38.71 - - [17/Aug/2026:10:47:47 +0800] "GET /wp-content/plugins/google-drive-embedder/css/gdm-blocks.css HTTP/1.1" 200 1499 "https://www.kkes.ilc.edu.tw/scweb/ereport/detail.asp?nickname=aaaaaa&amp;c_id=936" "Mozilla/5.0 (Windows NT 10.0; Win64; x64) AppleWebKit/537.36 (KHTML, like Gecko) Chrome/150.0.0.0 Safari/537.36"
1.165.38.71 - - [17/Aug/2026:10:47:47 +0800] "GET /wp-content/themes/oceanwp/assets/css/style.min.css HTTP/1.1" 200 28200 "https://www.kkes.ilc.edu.tw/scweb/ereport/detail.asp?nickname=aaaaaa&amp;c_id=936" "Mozilla/5.0 (Windows NT 10.0; Win64; x64) AppleWebKit/537.36 (KHTML, like Gecko) Chrome/150.0.0.0 Safari/537.36"
1.165.38.71 - - [17/Aug/2026:10:47:47 +0800] "GET /wp-content/themes/oceanwp-child-theme-master3/style.css HTTP/1.1" 200 6893 "https://www.kkes.ilc.edu.tw/scweb/ereport/detail.asp?nickname=aaaaaa&amp;c_id=936" "Mozilla/5.0 (Windows NT 10.0; Win64; x64) AppleWebKit/537.36 (KHTML, like Gecko) Chrome/150.0.0.0 Safari/537.36"
1.165.38.71 - - [17/Aug/2026:10:47:47 +0800] "GET /wp-content/themes/oceanwp/assets/fonts/fontawesome/css/all.min.css HTTP/1.1" 200 23385 "https://www.kkes.ilc.edu.tw/scweb/ereport/detail.asp?nickname=aaaaaa&amp;c_id=936" "Mozilla/5.0 (Windows NT 10.0; Win64; x64) AppleWebKit/537.36 (KHTML, like Gecko) Chrome/150.0.0.0 Safari/537.36"
1.165.38.71 - - [17/Aug/2026:10:47:48 +0800] "GET /wp-content/themes/oceanwp/assets/css/third/simple-line-icons.min.css HTTP/1.1" 200 8121 "https://www.kkes.ilc.edu.tw/scweb/ereport/detail.asp?nickname=aaaaaa&amp;c_id=936" "Mozilla/5.0 (Windows NT 10.0; Win64; x64) AppleWebKit/537.36 (KHTML, like Gecko) Chrome/150.0.0.0 Safari/537.36"
