2401:e180:88e8:1194:5c42:55ff:feb3:f931 - - [17/Aug/2026:10:48:43 +0800] "GET /wp-content/uploads/sites/1482/2024/04/%E5%96%AE%E5%AD%97%E7%8E%8B-1024x724.jpg HTTP/1.1" 200 154840 "https://www.chjh.ilc.edu.tw/" "Mozilla/5.0 (Linux; Android 10; K) AppleWebKit/537.36 (KHTML, like Gecko) Chrome/150.0.0.0 Mobile Safari/537.36"
2401:e180:88e8:1194:5c42:55ff:feb3:f931 - - [17/Aug/2026:10:48:43 +0800] "GET /wp-content/uploads/sites/1482/2024/04/2-1024x724.jpg HTTP/1.1" 200 153494 "https://www.chjh.ilc.edu.tw/" "Mozilla/5.0 (Linux; Android 10; K) AppleWebKit/537.36 (KHTML, like Gecko) Chrome/150.0.0.0 Mobile Safari/537.36"
2401:e180:88e8:1194:5c42:55ff:feb3:f931 - - [17/Aug/2026:10:48:43 +0800] "GET /wp-content/uploads/sites/1482/2024/03/%E9%99%B3%E6%98%B1%E7%91%8B%E5%85%A8%E5%9C%8B-%E9%AB%98%E8%83%A1-1024x576.jpg HTTP/1.1" 200 102800 "https://www.chjh.ilc.edu.tw/" "Mozilla/5.0 (Linux; Android 10; K) AppleWebKit/537.36 (KHTML, like Gecko) Chrome/150.0.0.0 Mobile Safari/537.36"
2401:e180:88e8:1194:5c42:55ff:feb3:f931 - - [17/Aug/2026:10:48:43 +0800] "GET /wp-content/uploads/sites/1482/2024/03/%E7%8F%BE%E4%BB%A3%E8%88%9E-1024x576.jpg HTTP/1.1" 200 79157 "https://www.chjh.ilc.edu.tw/" "Mozilla/5.0 (Linux; Android 10; K) AppleWebKit/537.36 (KHTML, like Gecko) Chrome/150.0.0.0 Mobile Safari/537.36"
2401:e180:88e8:1194:5c42:55ff:feb3:f931 - - [17/Aug/2026:10:48:43 +0800] "GET /wp-content/uploads/sites/1482/2024/03/%E7%B5%B2%E7%AB%B9%E7%89%B9%E5%84%AA-1024x576.jpg HTTP/1.1" 200 89021 "https://www.chjh.ilc.edu.tw/" "Mozilla/5.0 (Linux; Android 10; K) AppleWebKit/537.36 (KHTML, like Gecko) Chrome/150.0.0.0 Mobile Safari/537.36"
2401:e180:88e8:1194:5c42:55ff:feb3:f931 - - [17/Aug/2026:10:48:43 +0800] "GET /wp-content/uploads/sites/1482/2024/01/1706524861030-1024x579.jpg HTTP/1.1" 200 96830 "https://www.chjh.ilc.edu.tw/" "Mozilla/5.0 (Linux; Android 10; K) AppleWebKit/537.36 (KHTML, like Gecko) Chrome/150.0.0.0 Mobile Safari/537.36"
2401:e180:88e8:1194:5c42:55ff:feb3:f931 - - [17/Aug/2026:10:48:43 +0800] "GET /wp-content/uploads/sites/1482/2024/01/1706524854228-1024x574.jpg HTTP/1.1" 200 91046 "https://www.chjh.ilc.edu.tw/" "Mozilla/5.0 (Linux; Android 10; K) AppleWebKit/537.36 (KHTML, like Gecko) Chrome/150.0.0.0 Mobile Safari/537.36"
2401:e180:88e8:1194:5c42:55ff:feb3:f931 - - [17/Aug/2026:10:48:43 +0800] "GET /wp-content/uploads/sites/1482/2024/01/U15.%E6%9E%97%E5%AD%9F%E5%B8%86.jpg HTTP/1.1" 200 106388 "https://www.chjh.ilc.edu.tw/" "Mozilla/5.0 (Linux; Android 10; K) AppleWebKit/537.36 (KHTML, like Gecko) Chrome/150.0.0.0 Mobile Safari/537.36"
2401:e180:88e8:1194:5c42:55ff:feb3:f931 - - [17/Aug/2026:10:48:43 +0800] "GET /wp-content/uploads/sites/1482/2024/01/112%E5%AD%B8%E5%B9%B4%E5%BA%A6%E7%A7%91%E6%8A%80%E7%AB%B6%E8%B3%BD-1024x576.jpg HTTP/1.1" 200 139408 "https://www.chjh.ilc.edu.tw/" "Mozilla/5.0 (Linux; Android 10; K) AppleWebKit/537.36 (KHTML, like Gecko) Chrome/150.0.0.0 Mobile Safari/537.36"
2401:e180:88e8:1194:5c42:55ff:feb3:f931 - - [17/Aug/2026:10:48:43 +0800] "GET /wp-content/uploads/sites/1482/2023/12/112%E5%AE%9C%E8%98%AD%E5%8D%80%E9%A0%90%E8%B3%BD%E6%88%90%E7%B8%BE.jpg HTTP/1.1" 200 124410 "https://www.chjh.ilc.edu.tw/" "Mozilla/5.0 (Linux; Android 10; K) AppleWebKit/537.36 (KHTML, like Gecko) Chrome/150.0.0.0 Mobile Safari/537.36"
2401:e180:88e8:1194:5c42:55ff:feb3:f931 - - [17/Aug/2026:10:48:43 +0800] "GET /wp-content/uploads/sites/1482/2023/12/112%E7%94%B0%E5%BE%91%E6%88%90%E7%B8%BE.jpg HTTP/1.1" 200 146710 "https://www.chjh.ilc.edu.tw/" "Mozilla/5.0 (Linux; Android 10; K) AppleWebKit/537.36 (KHTML, like Gecko) Chrome/150.0.0.0 Mobile Safari/537.36"
2401:e180:88e8:1194:5c42:55ff:feb3:f931 - - [17/Aug/2026:10:48:43 +0800] "GET /wp-content/uploads/sites/1482/2023/12/112%E4%B8%AD%E5%B0%8F%E5%AD%B8%E8%B7%86%E6%8B%B3%E9%81%93%E6%88%90%E7%B8%BE.jpg HTTP/1.1" 200 124638 "https://www.chjh.ilc.edu.tw/" "Mozilla/5.0 (Linux; Android 10; K) AppleWebKit/537.36 (KHTML, like Gecko) Chrome/150.0.0.0 Mobile Safari/537.36"
2401:e180:88e8:1194:5c42:55ff:feb3:f931 - - [17/Aug/2026:10:48:43 +0800] "GET /wp-content/uploads/sites/1482/2023/12/112%E4%B8%AD%E5%B0%8F%E5%AD%B8%E6%A1%8C%E7%90%83%E6%88%90%E7%B8%BE.jpg HTTP/1.1" 200 168319 "https://www.chjh.ilc.edu.tw/" "Mozilla/5.0 (Linux; Android 10; K) AppleWebKit/537.36 (KHTML, like Gecko) Chrome/150.0.0.0 Mobile Safari/537.36"
2401:e180:88e8:1194:5c42:55ff:feb3:f931 - - [17/Aug/2026:10:48:43 +0800] "GET /wp-content/uploads/sites/1482/2023/12/112%E4%B8%AD%E5%B0%8F%E5%AD%B8%E7%BE%BD%E7%90%83%E6%88%90%E7%B8%BE.jpg HTTP/1.1" 200 149114 "https://www.chjh.ilc.edu.tw/" "Mozilla/5.0 (Linux; Android 10; K) AppleWebKit/537.36 (KHTML, like Gecko) Chrome/150.0.0.0 Mobile Safari/537.36"
2401:e180:88e8:1194:5c42:55ff:feb3:f931 - - [17/Aug/2026:10:48:43 +0800] "GET /wp-content/plugins/elementor/assets/js/image-carousel.4455c6362492d9067512.bundle.min.js HTTP/1.1" 200 1176 "https://www.chjh.ilc.edu.tw/" "Mozilla/5.0 (Linux; Android 10; K) AppleWebKit/537.36 (KHTML, like Gecko) Chrome/150.0.0.0 Mobile Safari/537.36"
2401:e180:88e8:1194:5c42:55ff:feb3:f931 - - [17/Aug/2026:10:48:43 +0800] "GET /wp-content/plugins/elementor/assets/lib/swiper/v8/swiper.min.js?ver=8.4.5 HTTP/1.1" 200 40708 "https://www.chjh.ilc.edu.tw/" "Mozilla/5.0 (Linux; Android 10; K) AppleWebKit/537.36 (KHTML, like Gecko) Chrome/150.0.0.0 Mobile Safari/537.36"
66.249.68.136 - - [17/Aug/2026:10:48:42 +0800] "GET /wp-login.php?action=ilc_logout&_wpnonce=43754d0aad&redirect_to=http://okzaem.ru/job/88470/ HTTP/1.1" 302 8243 "-" "Mozilla/5.0 (Linux; Android 6.0.1; Nexus 5X Build/MMB29P) AppleWebKit/537.36 (KHTML, like Gecko) Chrome/150.0.7871.186 Mobile Safari/537.36 (compatible; Googlebot/2.1; +http://www.google.com/bot.html)"
2001:288:a27a:1:6ddc:2a4b:ac26:cde2 - - [17/Aug/2026:10:48:42 +0800] "POST /namt/wp-admin/admin-ajax.php HTTP/1.1" 200 1459 "https://2blog.ilc.edu.tw/namt/wp-admin/user-new.php?user_id=1731" "Mozilla/5.0 (Windows NT 10.0; Win64; x64) AppleWebKit/537.36 (KHTML, like Gecko) Chrome/151.0.0.0 Safari/537.36"
1.170.6.184 - - [17/Aug/2026:10:48:44 +0800] "GET /wp-content/uploads/sites/233/1003/1003-3796580.jpg HTTP/1.1" 200 97282 "https://2blog.ilc.edu.tw/1003/2017/03/21/%E5%9B%9B%E4%B8%8B%E7%AC%AC3%E9%80%B1%E5%80%92%E6%95%98%E6%B3%95%E5%AF%AB%E4%BD%9C%E4%B8%80%E6%9D%9F%E9%AE%AE%E8%8A%B1/" "Mozilla/5.0 (Windows NT 10.0; Win64; x64) AppleWebKit/537.36 (KHTML, like Gecko) Chrome/151.0.0.0 Safari/537.36"
140.111.67.10 - - [17/Aug/2026:10:48:45 +0800] "GET /" 301 273 "-" "-"
2001:288:a201::66:125 - - [17/Aug/2026:10:48:45 +0800] "GET /blog/active.php HTTP/1.1" 404 1084 "-" "-"
2001:288:a201::66:125 - - [17/Aug/2026:10:48:45 +0800] "GET /blog/active.php HTTP/1.1" 301 1026 "-" "-"
52.167.144.160 - - [17/Aug/2026:10:48:46 +0800] "GET /blog/gallery/3777/3777-616484.jpg HTTP/1.1" 301 1043 "-" "Mozilla/5.0 AppleWebKit/537.36 (KHTML, like Gecko; compatible; bingbot/2.0; +http://www.bing.com/bingbot.htm) Chrome/116.0.1938.76 Safari/537.36"
66.249.68.200 - - [17/Aug/2026:10:48:46 +0800] "GET /41336/wp-content/themes/oceanwp/assets/js/scroll-top.min.js HTTP/1.1" 200 7983 "https://2blog.ilc.edu.tw/41336/category/c-112381/" "Mozilla/5.0 AppleWebKit/537.36 (KHTML, like Gecko; compatible; Googlebot/2.1; +http://www.google.com/bot.html) Chrome/151.0.7922.108 Safari/537.36"
52.167.144.160 - - [17/Aug/2026:10:48:47 +0800] "GET /blog/blog/3862 HTTP/1.1" 301 1005 "-" "Mozilla/5.0 AppleWebKit/537.36 (KHTML, like Gecko; compatible; bingbot/2.0; +http://www.bing.com/bingbot.htm) Chrome/116.0.1938.76 Safari/537.36"
52.167.144.220 - - [17/Aug/2026:10:48:47 +0800] "GET /?s=%E5%A4%A7%E8%80%83%E4%B8%AD%E5%BF%83%E6%88%90%E7%B8%BE%E6%9F%A5%E8%A9%A2 HTTP/1.1" 200 20503 "-" "Mozilla/5.0 AppleWebKit/537.36 (KHTML, like Gecko; compatible; bingbot/2.0; +http://www.bing.com/bingbot.htm) Chrome/116.0.1938.76 Safari/537.36"
1.170.6.184 - - [17/Aug/2026:10:48:48 +0800] "GET /wp-content/uploads/sites/233/1003/1003-3796295.jpg HTTP/1.1" 200 22905 "https://2blog.ilc.edu.tw/1003/2017/03/21/%E5%9B%9B%E4%B8%8B%E7%AC%AC3%E9%80%B1%E5%80%92%E6%95%98%E6%B3%95%E5%AF%AB%E4%BD%9C%E4%B8%80%E6%9D%9F%E9%AE%AE%E8%8A%B1/" "Mozilla/5.0 (Windows NT 10.0; Win64; x64) AppleWebKit/537.36 (KHTML, like Gecko) Chrome/151.0.0.0 Safari/537.36"
140.111.67.195 - - [17/Aug/2026:10:48:48 +0800] "GET /wp-admin/admin-post.php?action=steps_ad HTTP/1.1" 200 1973 "-" "node-fetch/1.0 (+https://github.com/bitinn/node-fetch)"
140.111.67.195 - - [17/Aug/2026:10:48:48 +0800] "GET /wp-admin/admin-post.php?action=steps_ad HTTP/1.1" 200 1973 "-" "node-fetch/1.0 (+https://github.com/bitinn/node-fetch)"
140.111.67.10 - - [17/Aug/2026:10:48:50 +0800] "GET /" 301 273 "-" "-"
49.158.151.46 - - [17/Aug/2026:10:48:50 +0800] "GET /wp-content/uploads/sites/3846/2023/07/%E6%95%99%E8%82%B2%E8%99%95%E5%85%AB%E5%A4%A7%E6%96%B9%E9%87%9D.png HTTP/1.1" 200 200327 "https://it.ilc.edu.tw/" "Mozilla/5.0 (Linux; Android 16; 24094RAD4G Build/BP2A.250605.031.A3; wv) AppleWebKit/537.36 (KHTML, like Gecko) Version/4.0 Chrome/150.0.7871.181 Mobile Safari/537.36 Line/15.19.0/IAB"
2001:288:a201::66:125 - - [17/Aug/2026:10:48:50 +0800] "GET /blog/active.php HTTP/1.1" 404 1084 "-" "-"
2001:288:a201::66:125 - - [17/Aug/2026:10:48:50 +0800] "GET /blog/active.php HTTP/1.1" 301 1026 "-" "-"
66.249.71.163 - - [17/Aug/2026:10:48:47 +0800] "GET /wp-login.php?action=ilc_logout&_wpnonce=43754d0aad&redirect_to=http://katkovavideo.ru/job/21972/ HTTP/1.1" 302 8249 "-" "Mozilla/5.0 (Linux; Android 6.0.1; Nexus 5X Build/MMB29P) AppleWebKit/537.36 (KHTML, like Gecko) Chrome/150.0.7871.186 Mobile Safari/537.36 (compatible; GoogleOther)"
1.170.6.184 - - [17/Aug/2026:10:48:50 +0800] "GET /wp-content/uploads/sites/233/1003/1003-3796296.jpg HTTP/1.1" 200 11429 "https://2blog.ilc.edu.tw/1003/2017/03/21/%E5%9B%9B%E4%B8%8B%E7%AC%AC3%E9%80%B1%E5%80%92%E6%95%98%E6%B3%95%E5%AF%AB%E4%BD%9C%E4%B8%80%E6%9D%9F%E9%AE%AE%E8%8A%B1/" "Mozilla/5.0 (Windows NT 10.0; Win64; x64) AppleWebKit/537.36 (KHTML, like Gecko) Chrome/151.0.0.0 Safari/537.36"
125.227.184.85 - - [17/Aug/2026:10:48:51 +0800] "GET /wp-content/uploads/sites/888/elementor/css/post-552.css HTTP/1.1" 200 6070 "https://www.tkjh.ilc.edu.tw/" "Mozilla/5.0 (Windows NT 10.0; Win64; x64) AppleWebKit/537.36 (KHTML, like Gecko) Chrome/151.0.0.0 Safari/537.36"
125.227.184.85 - - [17/Aug/2026:10:48:51 +0800] "GET /wp-content/cache/www.tkjh.ilc.edu.tw/wpfc-minified/mbw4bt68/6vyr.css HTTP/1.1" 200 5959 "https://www.tkjh.ilc.edu.tw/" "Mozilla/5.0 (Windows NT 10.0; Win64; x64) AppleWebKit/537.36 (KHTML, like Gecko) Chrome/151.0.0.0 Safari/537.36"
125.227.184.85 - - [17/Aug/2026:10:48:51 +0800] "GET /wp-content/cache/www.tkjh.ilc.edu.tw/wpfc-minified/lxbefab0/6vyr.css HTTP/1.1" 200 45686 "https://www.tkjh.ilc.edu.tw/" "Mozilla/5.0 (Windows NT 10.0; Win64; x64) AppleWebKit/537.36 (KHTML, like Gecko) Chrome/151.0.0.0 Safari/537.36"
125.227.184.85 - - [17/Aug/2026:10:48:51 +0800] "GET /wp-content/cache/www.tkjh.ilc.edu.tw/wpfc-minified/e5cup82p/6vyr.css HTTP/1.1" 200 23341 "https://www.tkjh.ilc.edu.tw/" "Mozilla/5.0 (Windows NT 10.0; Win64; x64) AppleWebKit/537.36 (KHTML, like Gecko) Chrome/151.0.0.0 Safari/537.36"
125.227.184.85 - - [17/Aug/2026:10:48:51 +0800] "GET /wp-content/cache/www.tkjh.ilc.edu.tw/wpfc-minified/8wjksvk0/6vyr.css HTTP/1.1" 200 50095 "https://www.tkjh.ilc.edu.tw/" "Mozilla/5.0 (Windows NT 10.0; Win64; x64) AppleWebKit/537.36 (KHTML, like Gecko) Chrome/151.0.0.0 Safari/537.36"
125.227.184.85 - - [17/Aug/2026:10:48:51 +0800] "GET /wp-content/cache/www.tkjh.ilc.edu.tw/wpfc-minified/2dakbp7l/6vyr.css HTTP/1.1" 200 59371 "https://www.tkjh.ilc.edu.tw/" "Mozilla/5.0 (Windows NT 10.0; Win64; x64) AppleWebKit/537.36 (KHTML, like Gecko) Chrome/151.0.0.0 Safari/537.36"
125.227.184.85 - - [17/Aug/2026:10:48:51 +0800] "GET /wp-content/uploads/sites/888/elementor/css/post-64.css HTTP/1.1" 200 1658 "https://www.tkjh.ilc.edu.tw/" "Mozilla/5.0 (Windows NT 10.0; Win64; x64) AppleWebKit/537.36 (KHTML, like Gecko) Chrome/151.0.0.0 Safari/537.36"
125.227.184.85 - - [17/Aug/2026:10:48:51 +0800] "GET /wp-content/cache/www.tkjh.ilc.edu.tw/wpfc-minified/k24nck6h/6vyr.js HTTP/1.1" 200 35559 "https://www.tkjh.ilc.edu.tw/" "Mozilla/5.0 (Windows NT 10.0; Win64; x64) AppleWebKit/537.36 (KHTML, like Gecko) Chrome/151.0.0.0 Safari/537.36"
125.227.184.85 - - [17/Aug/2026:10:48:51 +0800] "GET /wp-content/uploads/sites/888/2019/07/108.7.30-banner.jpg HTTP/1.1" 200 478174 "https://www.tkjh.ilc.edu.tw/" "Mozilla/5.0 (Windows NT 10.0; Win64; x64) AppleWebKit/537.36 (KHTML, like Gecko) Chrome/151.0.0.0 Safari/537.36"
125.227.184.85 - - [17/Aug/2026:10:48:51 +0800] "GET /wp-content/uploads/sites/888/2023/03/1111104-60-LOGO-1024x626.jpg HTTP/1.1" 200 119194 "https://www.tkjh.ilc.edu.tw/" "Mozilla/5.0 (Windows NT 10.0; Win64; x64) AppleWebKit/537.36 (KHTML, like Gecko) Chrome/151.0.0.0 Safari/537.36"
125.227.184.85 - - [17/Aug/2026:10:48:51 +0800] "GET /wp-content/uploads/sites/888/2026/01/%E5%AE%9C%E8%98%AD%E5%8D%80%E6%A9%9F%E9%97%9C%E7%8E%8B%E5%A4%A7%E8%B3%BD.png HTTP/1.1" 200 410703 "https://www.tkjh.ilc.edu.tw/" "Mozilla/5.0 (Windows NT 10.0; Win64; x64) AppleWebKit/537.36 (KHTML, like Gecko) Chrome/151.0.0.0 Safari/537.36"
125.227.184.85 - - [17/Aug/2026:10:48:51 +0800] "GET /wp-includes/js/hoverintent-js.min.js HTTP/1.1" 200 1597 "https://www.tkjh.ilc.edu.tw/" "Mozilla/5.0 (Windows NT 10.0; Win64; x64) AppleWebKit/537.36 (KHTML, like Gecko) Chrome/151.0.0.0 Safari/537.36"
125.227.184.85 - - [17/Aug/2026:10:48:51 +0800] "GET /wp-content/uploads/sites/888/elementor/css/post-441.css HTTP/1.1" 200 1085 "https://www.tkjh.ilc.edu.tw/" "Mozilla/5.0 (Windows NT 10.0; Win64; x64) AppleWebKit/537.36 (KHTML, like Gecko) Chrome/151.0.0.0 Safari/537.36"
125.227.184.85 - - [17/Aug/2026:10:48:51 +0800] "GET /wp-content/cache/www.tkjh.ilc.edu.tw/wpfc-minified/6wws96go/6vyr.css HTTP/1.1" 200 3465 "https://www.tkjh.ilc.edu.tw/" "Mozilla/5.0 (Windows NT 10.0; Win64; x64) AppleWebKit/537.36 (KHTML, like Gecko) Chrome/151.0.0.0 Safari/537.36"
125.227.184.85 - - [17/Aug/2026:10:48:51 +0800] "GET /wp-includes/js/admin-bar.min.js HTTP/1.1" 200 2237 "https://www.tkjh.ilc.edu.tw/" "Mozilla/5.0 (Windows NT 10.0; Win64; x64) AppleWebKit/537.36 (KHTML, like Gecko) Chrome/151.0.0.0 Safari/537.36"
125.227.184.85 - - [17/Aug/2026:10:48:51 +0800] "GET /wp-includes/js/underscore.min.js HTTP/1.1" 200 8191 "https://www.tkjh.ilc.edu.tw/" "Mozilla/5.0 (Windows NT 10.0; Win64; x64) AppleWebKit/537.36 (KHTML, like Gecko) Chrome/151.0.0.0 Safari/537.36"
1.170.6.184 - - [17/Aug/2026:10:48:51 +0800] "GET /wp-content/uploads/sites/233/1003/1003-3796297.jpg HTTP/1.1" 200 61848 "https://2blog.ilc.edu.tw/1003/2017/03/21/%E5%9B%9B%E4%B8%8B%E7%AC%AC3%E9%80%B1%E5%80%92%E6%95%98%E6%B3%95%E5%AF%AB%E4%BD%9C%E4%B8%80%E6%9D%9F%E9%AE%AE%E8%8A%B1/" "Mozilla/5.0 (Windows NT 10.0; Win64; x64) AppleWebKit/537.36 (KHTML, like Gecko) Chrome/151.0.0.0 Safari/537.36"
125.227.184.85 - - [17/Aug/2026:10:48:51 +0800] "GET /wp-content/themes/huemanilc/assets/front/js/scripts.min.js HTTP/1.1" 200 27001 "https://www.tkjh.ilc.edu.tw/" "Mozilla/5.0 (Windows NT 10.0; Win64; x64) AppleWebKit/537.36 (KHTML, like Gecko) Chrome/151.0.0.0 Safari/537.36"
125.227.184.85 - - [17/Aug/2026:10:48:51 +0800] "GET /wp-includes/js/imagesloaded.min.js HTTP/1.1" 200 2683 "https://www.tkjh.ilc.edu.tw/" "Mozilla/5.0 (Windows NT 10.0; Win64; x64) AppleWebKit/537.36 (KHTML, like Gecko) Chrome/151.0.0.0 Safari/537.36"
125.227.184.85 - - [17/Aug/2026:10:48:51 +0800] "GET /wp-content/plugins/elementor-pro/assets/js/webpack-pro.runtime.min.js HTTP/1.1" 200 3562 "https://www.tkjh.ilc.edu.tw/" "Mozilla/5.0 (Windows NT 10.0; Win64; x64) AppleWebKit/537.36 (KHTML, like Gecko) Chrome/151.0.0.0 Safari/537.36"
125.227.184.85 - - [17/Aug/2026:10:48:51 +0800] "GET /wp-content/plugins/elementor/assets/js/webpack.runtime.min.js HTTP/1.1" 200 3095 "https://www.tkjh.ilc.edu.tw/" "Mozilla/5.0 (Windows NT 10.0; Win64; x64) AppleWebKit/537.36 (KHTML, like Gecko) Chrome/151.0.0.0 Safari/537.36"
125.227.184.85 - - [17/Aug/2026:10:48:51 +0800] "GET /wp-includes/js/dist/hooks.min.js HTTP/1.1" 200 2421 "https://www.tkjh.ilc.edu.tw/" "Mozilla/5.0 (Windows NT 10.0; Win64; x64) AppleWebKit/537.36 (KHTML, like Gecko) Chrome/151.0.0.0 Safari/537.36"
125.227.184.85 - - [17/Aug/2026:10:48:51 +0800] "GET /wp-content/plugins/elementor/assets/js/frontend-modules.min.js HTTP/1.1" 200 19416 "https://www.tkjh.ilc.edu.tw/" "Mozilla/5.0 (Windows NT 10.0; Win64; x64) AppleWebKit/537.36 (KHTML, like Gecko) Chrome/151.0.0.0 Safari/537.36"
125.227.184.85 - - [17/Aug/2026:10:48:52 +0800] "GET /wp-includes/js/dist/i18n.min.js HTTP/1.1" 200 4547 "https://www.tkjh.ilc.edu.tw/" "Mozilla/5.0 (Windows NT 10.0; Win64; x64) AppleWebKit/537.36 (KHTML, like Gecko) Chrome/151.0.0.0 Safari/537.36"
125.227.184.85 - - [17/Aug/2026:10:48:52 +0800] "GET /wp-content/plugins/elementor/assets/lib/waypoints/waypoints.min.js HTTP/1.1" 200 3873 "https://www.tkjh.ilc.edu.tw/" "Mozilla/5.0 (Windows NT 10.0; Win64; x64) AppleWebKit/537.36 (KHTML, like Gecko) Chrome/151.0.0.0 Safari/537.36"
125.227.184.85 - - [17/Aug/2026:10:48:52 +0800] "GET /wp-content/plugins/elementor-pro/assets/js/frontend.min.js HTTP/1.1" 200 7574 "https://www.tkjh.ilc.edu.tw/" "Mozilla/5.0 (Windows NT 10.0; Win64; x64) AppleWebKit/537.36 (KHTML, like Gecko) Chrome/151.0.0.0 Safari/537.36"
125.227.184.85 - - [17/Aug/2026:10:48:52 +0800] "GET /wp-includes/js/jquery/ui/core.min.js HTTP/1.1" 200 7986 "https://www.tkjh.ilc.edu.tw/" "Mozilla/5.0 (Windows NT 10.0; Win64; x64) AppleWebKit/537.36 (KHTML, like Gecko) Chrome/151.0.0.0 Safari/537.36"
125.227.184.85 - - [17/Aug/2026:10:48:52 +0800] "GET /wp-content/themes/huemanilc/assets/front/webfonts/fa-solid-900.woff2?v=5.5.0 HTTP/1.1" 200 74879 "https://www.tkjh.ilc.edu.tw/wp-content/cache/www.tkjh.ilc.edu.tw/wpfc-minified/8wjksvk0/6vyr.css" "Mozilla/5.0 (Windows NT 10.0; Win64; x64) AppleWebKit/537.36 (KHTML, like Gecko) Chrome/151.0.0.0 Safari/537.36"
125.227.184.85 - - [17/Aug/2026:10:48:52 +0800] "GET /wp-content/plugins/elementor/assets/lib/eicons/fonts/eicons.woff2?5.30.0 HTTP/1.1" 200 98225 "https://www.tkjh.ilc.edu.tw/wp-content/cache/www.tkjh.ilc.edu.tw/wpfc-minified/8wjksvk0/6vyr.css" "Mozilla/5.0 (Windows NT 10.0; Win64; x64) AppleWebKit/537.36 (KHTML, like Gecko) Chrome/151.0.0.0 Safari/537.36"
125.227.184.85 - - [17/Aug/2026:10:48:52 +0800] "GET /wp-content/plugins/elementor/assets/js/frontend.min.js HTTP/1.1" 200 13169 "https://www.tkjh.ilc.edu.tw/" "Mozilla/5.0 (Windows NT 10.0; Win64; x64) AppleWebKit/537.36 (KHTML, like Gecko) Chrome/151.0.0.0 Safari/537.36"
125.227.184.85 - - [17/Aug/2026:10:48:52 +0800] "GET /wp-content/uploads/sites/888/2026/07/115%E7%B7%9A%E4%B8%8A%E9%96%B1%E8%AE%80%E7%89%B9%E5%84%AA.png HTTP/1.1" 200 1605494 "https://www.tkjh.ilc.edu.tw/wp-content/uploads/sites/888/elementor/css/post-64.css" "Mozilla/5.0 (Windows NT 10.0; Win64; x64) AppleWebKit/537.36 (KHTML, like Gecko) Chrome/151.0.0.0 Safari/537.36"
125.227.184.85 - - [17/Aug/2026:10:48:52 +0800] "GET /wp-content/plugins/elementor-pro/assets/js/elements-handlers.min.js HTTP/1.1" 200 10882 "https://www.tkjh.ilc.edu.tw/" "Mozilla/5.0 (Windows NT 10.0; Win64; x64) AppleWebKit/537.36 (KHTML, like Gecko) Chrome/151.0.0.0 Safari/537.36"
125.227.184.85 - - [17/Aug/2026:10:48:52 +0800] "GET /wp-content/uploads/sites/888/2026/04/114%E8%AE%80%E8%80%85%E5%8A%87%E5%A0%B4.png HTTP/1.1" 200 1708348 "https://www.tkjh.ilc.edu.tw/wp-content/uploads/sites/888/elementor/css/post-64.css" "Mozilla/5.0 (Windows NT 10.0; Win64; x64) AppleWebKit/537.36 (KHTML, like Gecko) Chrome/151.0.0.0 Safari/537.36"
125.227.184.85 - - [17/Aug/2026:10:48:52 +0800] "GET /wp-content/uploads/sites/888/2026/03/114%E5%8F%A3%E7%90%B4%E5%90%88%E5%A5%8F%E5%85%A8%E5%9C%8B%E7%89%B9%E5%84%AA.png HTTP/1.1" 200 1566535 "https://www.tkjh.ilc.edu.tw/wp-content/uploads/sites/888/elementor/css/post-64.css" "Mozilla/5.0 (Windows NT 10.0; Win64; x64) AppleWebKit/537.36 (KHTML, like Gecko) Chrome/151.0.0.0 Safari/537.36"
125.227.184.85 - - [17/Aug/2026:10:48:52 +0800] "GET /wp-content/uploads/sites/888/2026/07/115%E7%89%B9%E6%AE%8A%E5%84%AA%E8%89%AF%E6%95%99%E5%B8%AB.png HTTP/1.1" 200 1164955 "https://www.tkjh.ilc.edu.tw/wp-content/uploads/sites/888/elementor/css/post-64.css" "Mozilla/5.0 (Windows NT 10.0; Win64; x64) AppleWebKit/537.36 (KHTML, like Gecko) Chrome/151.0.0.0 Safari/537.36"
125.227.184.85 - - [17/Aug/2026:10:48:52 +0800] "GET /wp-content/uploads/sites/888/2026/04/115%E7%A7%91%E5%B1%95%E7%8D%B2%E7%8D%8E.png HTTP/1.1" 200 2036911 "https://www.tkjh.ilc.edu.tw/wp-content/uploads/sites/888/elementor/css/post-64.css" "Mozilla/5.0 (Windows NT 10.0; Win64; x64) AppleWebKit/537.36 (KHTML, like Gecko) Chrome/151.0.0.0 Safari/537.36"
125.227.184.85 - - [17/Aug/2026:10:48:52 +0800] "GET /wp-content/uploads/sites/888/2026/05/114%E9%96%B1%E8%AE%80%E7%8D%8E.png HTTP/1.1" 200 1601192 "https://www.tkjh.ilc.edu.tw/wp-content/uploads/sites/888/elementor/css/post-64.css" "Mozilla/5.0 (Windows NT 10.0; Win64; x64) AppleWebKit/537.36 (KHTML, like Gecko) Chrome/151.0.0.0 Safari/537.36"
66.249.68.136 - - [17/Aug/2026:10:48:51 +0800] "GET /wp-login.php?action=ilc_logout&_wpnonce=43754d0aad&redirect_to=http://okzaem.ru/job/70452/ HTTP/1.1" 302 8243 "-" "Mozilla/5.0 (Linux; Android 6.0.1; Nexus 5X Build/MMB29P) AppleWebKit/537.36 (KHTML, like Gecko) Chrome/150.0.7871.186 Mobile Safari/537.36 (compatible; Googlebot/2.1; +http://www.google.com/bot.html)"
125.227.184.85 - - [17/Aug/2026:10:48:53 +0800] "GET /wp-content/themes/huemanilc/assets/front/webfonts/fa-brands-400.woff2?v=5.5.0 HTTP/1.1" 200 70613 "https://www.tkjh.ilc.edu.tw/wp-content/cache/www.tkjh.ilc.edu.tw/wpfc-minified/8wjksvk0/6vyr.css" "Mozilla/5.0 (Windows NT 10.0; Win64; x64) AppleWebKit/537.36 (KHTML, like Gecko) Chrome/151.0.0.0 Safari/537.36"
125.227.184.85 - - [17/Aug/2026:10:48:53 +0800] "GET /wp-content/uploads/sites/888/2026/03/114%E5%8F%A3%E7%90%B4%E5%9B%9B%E9%87%8D%E5%A5%8F%E5%85%A8%E5%9C%8B%E7%89%B9%E5%84%AA.png HTTP/1.1" 200 1107473 "https://www.tkjh.ilc.edu.tw/wp-content/uploads/sites/888/elementor/css/post-64.css" "Mozilla/5.0 (Windows NT 10.0; Win64; x64) AppleWebKit/537.36 (KHTML, like Gecko) Chrome/151.0.0.0 Safari/537.36"
125.227.184.85 - - [17/Aug/2026:10:48:53 +0800] "GET /wp-content/uploads/sites/888/2026/03/114%E8%88%9E%E8%B9%88%E5%85%A8%E5%9C%8B%E8%B3%BD.jpg HTTP/1.1" 200 883781 "https://www.tkjh.ilc.edu.tw/wp-content/uploads/sites/888/elementor/css/post-64.css" "Mozilla/5.0 (Windows NT 10.0; Win64; x64) AppleWebKit/537.36 (KHTML, like Gecko) Chrome/151.0.0.0 Safari/537.36"
125.227.184.85 - - [17/Aug/2026:10:48:53 +0800] "GET /wp-content/uploads/sites/888/2026/01/115%E7%99%BC%E6%98%8E%E5%B1%95%E7%8D%B2%E7%8D%8E.png HTTP/1.1" 200 1949026 "https://www.tkjh.ilc.edu.tw/wp-content/uploads/sites/888/elementor/css/post-64.css" "Mozilla/5.0 (Windows NT 10.0; Win64; x64) AppleWebKit/537.36 (KHTML, like Gecko) Chrome/151.0.0.0 Safari/537.36"
125.227.184.85 - - [17/Aug/2026:10:48:53 +0800] "GET /wp-content/uploads/sites/888/2026/03/114%E7%A7%91%E6%8A%80%E7%AB%B6%E8%B3%BD.png HTTP/1.1" 200 1443585 "https://www.tkjh.ilc.edu.tw/wp-content/uploads/sites/888/elementor/css/post-64.css" "Mozilla/5.0 (Windows NT 10.0; Win64; x64) AppleWebKit/537.36 (KHTML, like Gecko) Chrome/151.0.0.0 Safari/537.36"
2001:288:a202:0:cce5:266c:49f8:19a9 - - [17/Aug/2026:10:48:54 +0800] "-" 408 4791 "-" "-"
125.227.184.85 - - [17/Aug/2026:10:48:53 +0800] "GET /wp-content/uploads/sites/888/2025/11/114%E5%8E%9F%E4%BD%8F%E6%B0%91%E6%96%87%E5%8C%96%E7%A4%BE%E5%9C%98.png HTTP/1.1" 200 88434 "https://www.tkjh.ilc.edu.tw/wp-content/uploads/sites/888/elementor/css/post-64.css" "Mozilla/5.0 (Windows NT 10.0; Win64; x64) AppleWebKit/537.36 (KHTML, like Gecko) Chrome/151.0.0.0 Safari/537.36"
125.227.184.85 - - [17/Aug/2026:10:48:54 +0800] "GET /wp-content/uploads/sites/888/2025/11/114%E5%85%AC%E7%9B%8A%E8%A1%8C%E5%8B%95.png HTTP/1.1" 200 72390 "https://www.tkjh.ilc.edu.tw/wp-content/uploads/sites/888/elementor/css/post-64.css" "Mozilla/5.0 (Windows NT 10.0; Win64; x64) AppleWebKit/537.36 (KHTML, like Gecko) Chrome/151.0.0.0 Safari/537.36"
125.227.184.85 - - [17/Aug/2026:10:48:53 +0800] "GET /wp-content/uploads/sites/888/2025/11/S__4079630_0.jpg HTTP/1.1" 200 64368 "https://www.tkjh.ilc.edu.tw/wp-content/uploads/sites/888/elementor/css/post-64.css" "Mozilla/5.0 (Windows NT 10.0; Win64; x64) AppleWebKit/537.36 (KHTML, like Gecko) Chrome/151.0.0.0 Safari/537.36"
125.227.184.85 - - [17/Aug/2026:10:48:53 +0800] "GET /wp-content/uploads/sites/888/2025/11/S__4079629_0.jpg HTTP/1.1" 200 56346 "https://www.tkjh.ilc.edu.tw/wp-content/uploads/sites/888/elementor/css/post-64.css" "Mozilla/5.0 (Windows NT 10.0; Win64; x64) AppleWebKit/537.36 (KHTML, like Gecko) Chrome/151.0.0.0 Safari/537.36"
2407:4b00:4c05:85f9:28ce:5e1:fe24:8b3 - - [17/Aug/2026:10:48:54 +0800] "GET / HTTP/1.1" 200 25657 "https://www.google.com/" "Mozilla/5.0 (Linux; Android 10; K) AppleWebKit/537.36 (KHTML, like Gecko) Chrome/151.0.0.0 Mobile Safari/537.36"
2407:4b00:4c05:85f9:28ce:5e1:fe24:8b3 - - [17/Aug/2026:10:48:54 +0800] "GET /wp-content/cache/www.jausips.ilc.edu.tw/wpfc-minified/9lxnjvor/723u.css HTTP/1.1" 200 40902 "https://www.jausips.ilc.edu.tw/" "Mozilla/5.0 (Linux; Android 10; K) AppleWebKit/537.36 (KHTML, like Gecko) Chrome/151.0.0.0 Mobile Safari/537.36"
::1 - - [17/Aug/2026:10:48:55 +0800] "OPTIONS * HTTP/1.0" 200 110 "-" "Apache/2.4.68 (Ubuntu) OpenSSL/3.0.19 (internal dummy connection)"
2407:4b00:4c05:85f9:28ce:5e1:fe24:8b3 - - [17/Aug/2026:10:48:55 +0800] "GET /wp-content/cache/www.jausips.ilc.edu.tw/wpfc-minified/mbx29a86/8b2r0.css HTTP/1.1" 200 54978 "https://www.jausips.ilc.edu.tw/" "Mozilla/5.0 (Linux; Android 10; K) AppleWebKit/537.36 (KHTML, like Gecko) Chrome/151.0.0.0 Mobile Safari/537.36"
140.111.67.10 - - [17/Aug/2026:10:48:55 +0800] "GET /" 301 273 "-" "-"
2407:4b00:4c05:85f9:28ce:5e1:fe24:8b3 - - [17/Aug/2026:10:48:55 +0800] "GET /wp-content/cache/www.jausips.ilc.edu.tw/wpfc-minified/eqm1ro3b/723u.css HTTP/1.1" 200 7708 "https://www.jausips.ilc.edu.tw/" "Mozilla/5.0 (Linux; Android 10; K) AppleWebKit/537.36 (KHTML, like Gecko) Chrome/151.0.0.0 Mobile Safari/537.36"
2407:4b00:4c05:85f9:28ce:5e1:fe24:8b3 - - [17/Aug/2026:10:48:55 +0800] "GET /wp-content/cache/www.jausips.ilc.edu.tw/wpfc-minified/2zm2s1ok/723u.js HTTP/1.1" 200 35901 "https://www.jausips.ilc.edu.tw/" "Mozilla/5.0 (Linux; Android 10; K) AppleWebKit/537.36 (KHTML, like Gecko) Chrome/151.0.0.0 Mobile Safari/537.36"
140.111.67.195 - - [17/Aug/2026:10:48:55 +0800] "GET /wp-admin/admin-post.php?action=steps_ad HTTP/1.1" 200 1973 "-" "node-fetch/1.0 (+https://github.com/bitinn/node-fetch)"
2407:4b00:4c05:85f9:28ce:5e1:fe24:8b3 - - [17/Aug/2026:10:48:55 +0800] "GET /wp-content/themes/oceanwp/assets/fonts/fontawesome/webfonts/fa-solid-900.woff2 HTTP/1.1" 200 151246 "https://www.jausips.ilc.edu.tw/wp-content/cache/www.jausips.ilc.edu.tw/wpfc-minified/mbx29a86/8b2r0.css" "Mozilla/5.0 (Linux; Android 10; K) AppleWebKit/537.36 (KHTML, like Gecko) Chrome/151.0.0.0 Mobile Safari/537.36"
2407:4b00:4c05:85f9:28ce:5e1:fe24:8b3 - - [17/Aug/2026:10:48:55 +0800] "GET /wp-content/themes/oceanwp/assets/fonts/simple-line-icons/Simple-Line-Icons.woff2?v=2.4.0 HTTP/1.1" 200 30959 "https://www.jausips.ilc.edu.tw/wp-content/cache/www.jausips.ilc.edu.tw/wpfc-minified/mbx29a86/8b2r0.css" "Mozilla/5.0 (Linux; Android 10; K) AppleWebKit/537.36 (KHTML, like Gecko) Chrome/151.0.0.0 Mobile Safari/537.36"
1.170.6.184 - - [17/Aug/2026:10:48:55 +0800] "GET /wp-content/uploads/sites/233/1003/1003-3796298.jpg HTTP/1.1" 200 60722 "https://2blog.ilc.edu.tw/1003/2017/03/21/%E5%9B%9B%E4%B8%8B%E7%AC%AC3%E9%80%B1%E5%80%92%E6%95%98%E6%B3%95%E5%AF%AB%E4%BD%9C%E4%B8%80%E6%9D%9F%E9%AE%AE%E8%8A%B1/" "Mozilla/5.0 (Windows NT 10.0; Win64; x64) AppleWebKit/537.36 (KHTML, like Gecko) Chrome/151.0.0.0 Safari/537.36"
2001:288:a201::66:125 - - [17/Aug/2026:10:48:55 +0800] "GET /blog/active.php HTTP/1.1" 404 1084 "-" "-"
2001:288:a201::66:125 - - [17/Aug/2026:10:48:55 +0800] "GET /blog/active.php HTTP/1.1" 301 1026 "-" "-"
::1 - - [17/Aug/2026:10:48:56 +0800] "OPTIONS * HTTP/1.0" 200 110 "-" "Apache/2.4.68 (Ubuntu) OpenSSL/3.0.19 (internal dummy connection)"
140.111.67.195 - - [17/Aug/2026:10:48:56 +0800] "GET /wp-admin/admin-post.php?action=steps_ad HTTP/1.1" 200 1649 "-" "node-fetch/1.0 (+https://github.com/bitinn/node-fetch)"
118.165.142.139 - - [17/Aug/2026:10:48:56 +0800] "GET /wp-content/uploads/sites/3846/2026/06/2026%E5%AE%9C%E8%98%AD%E7%98%8B%E5%AD%B8%E7%BF%92-%E6%9A%91%E5%81%87_%E6%95%99%E8%82%B2%E8%99%95%E9%A6%96%E9%A0%81-1440-x-1080-%E5%83%8F%E7%B4%A0.png HTTP/1.1" 304 5581 "https://it.ilc.edu.tw/" "Mozilla/5.0 (Windows NT 10.0; Win64; x64) AppleWebKit/537.36 (KHTML, like Gecko) Chrome/151.0.0.0 Safari/537.36"
118.165.142.139 - - [17/Aug/2026:10:48:56 +0800] "GET /wp-content/uploads/sites/3846/2026/06/%E5%AE%A3%E5%82%B3%E5%9C%96%E7%89%87.png HTTP/1.1" 304 5581 "https://it.ilc.edu.tw/" "Mozilla/5.0 (Windows NT 10.0; Win64; x64) AppleWebKit/537.36 (KHTML, like Gecko) Chrome/151.0.0.0 Safari/537.36"
118.165.142.139 - - [17/Aug/2026:10:48:56 +0800] "GET /wp-content/uploads/sites/3846/2026/08/%E8%BE%B2%E6%A5%AD%E9%83%A8%E5%BB%A3%E5%91%8A.jpg HTTP/1.1" 304 5581 "https://it.ilc.edu.tw/" "Mozilla/5.0 (Windows NT 10.0; Win64; x64) AppleWebKit/537.36 (KHTML, like Gecko) Chrome/151.0.0.0 Safari/537.36"
66.249.68.136 - - [17/Aug/2026:10:48:54 +0800] "GET /wp-login.php?action=ilc_logout&_wpnonce=43754d0aad&redirect_to=http://multimodalgroup.ru/job/45395/ HTTP/1.1" 302 3465 "-" "Mozilla/5.0 (Linux; Android 6.0.1; Nexus 5X Build/MMB29P) AppleWebKit/537.36 (KHTML, like Gecko) Chrome/150.0.7871.186 Mobile Safari/537.36 (compatible; Googlebot/2.1; +http://www.google.com/bot.html)"
2001:288:a249:1:e8a8:b2ae:9f7f:83b0 - - [17/Aug/2026:10:48:56 +0800] "-" 408 4802 "-" "-"
2001:288:a249:1:e8a8:b2ae:9f7f:83b0 - - [17/Aug/2026:10:48:56 +0800] "-" 408 4802 "-" "-"
140.111.67.195 - - [17/Aug/2026:10:48:57 +0800] "GET /wp-admin/admin-post.php?action=steps_ad HTTP/1.1" 200 1649 "-" "node-fetch/1.0 (+https://github.com/bitinn/node-fetch)"
49.158.151.46 - - [17/Aug/2026:10:48:57 +0800] "GET /wp-content/uploads/sites/3846/2026/02/%E9%81%BF%E5%85%8D%E8%AA%A4%E5%85%A5%E8%A9%90%E9%A8%99%E7%B6%B2%E7%AB%99APP%E5%B0%8F%E5%B8%B8%E8%AD%98.jpg HTTP/1.1" 200 459624 "https://it.ilc.edu.tw/" "Mozilla/5.0 (Linux; Android 16; 24094RAD4G Build/BP2A.250605.031.A3; wv) AppleWebKit/537.36 (KHTML, like Gecko) Version/4.0 Chrome/150.0.7871.181 Mobile Safari/537.36 Line/15.19.0/IAB"
49.158.151.46 - - [17/Aug/2026:10:48:57 +0800] "GET /wp-content/uploads/sites/3846/2026/08/%E8%BE%B2%E6%A5%AD%E9%83%A8%E5%BB%A3%E5%91%8A.jpg HTTP/1.1" 200 236462 "https://it.ilc.edu.tw/" "Mozilla/5.0 (Linux; Android 16; 24094RAD4G Build/BP2A.250605.031.A3; wv) AppleWebKit/537.36 (KHTML, like Gecko) Version/4.0 Chrome/150.0.7871.181 Mobile Safari/537.36 Line/15.19.0/IAB"
2001:4860:7:810::ea - - [17/Aug/2026:10:48:58 +0800] "GET /2341/2013/08/19/%E7%B5%A6%E6%96%B0%E6%89%8B%E5%B0%8E%E5%B8%AB%E7%9A%84%E7%8F%AD%E7%B4%9A%E7%B6%93%E7%87%9F%E6%AA%94%E6%A1%88/ HTTP/1.1" 200 15695 "https://www.google.com/" "Mozilla/5.0 (Windows NT 10.0; Win64; x64) AppleWebKit/537.36 (KHTML, like Gecko) Chrome/151.0.0.0 Safari/537.36"
66.249.68.136 - - [17/Aug/2026:10:48:56 +0800] "GET /wp-login.php?key=l52op374&_wpnonce=&action=ilc_logout&redirect_to=https%3A%2F%2Fchatgpt.com%2F%3Fq%3DPlease+provide+only+the+clickable+link+for+https%3A%2F%2Fwww.aayyy.com+and+without+any+extra+content HTTP/1.1" 302 3570 "-" "Mozilla/5.0 (Linux; Android 6.0.1; Nexus 5X Build/MMB29P) AppleWebKit/537.36 (KHTML, like Gecko) Chrome/150.0.7871.186 Mobile Safari/537.36 (compatible; Googlebot/2.1; +http://www.google.com/bot.html)"
49.158.151.46 - - [17/Aug/2026:10:48:58 +0800] "GET /wp-content/uploads/sites/3846/2026/06/%E5%AE%A3%E5%82%B3%E5%9C%96%E7%89%87.png HTTP/1.1" 200 1048321 "https://it.ilc.edu.tw/" "Mozilla/5.0 (Linux; Android 16; 24094RAD4G Build/BP2A.250605.031.A3; wv) AppleWebKit/537.36 (KHTML, like Gecko) Version/4.0 Chrome/150.0.7871.181 Mobile Safari/537.36 Line/15.19.0/IAB"
136.112.134.52 - - [17/Aug/2026:10:48:58 +0800] "GET /?page_id=1144 HTTP/1.1" 301 5742 "-" "Mozilla/5.0 (Macintosh; Intel Mac OS X 10_15_7) AppleWebKit/537.36 (KHTML, like Gecko) Chrome/120.0.0.0 Safari/537.36"
66.249.71.64 - - [17/Aug/2026:10:48:58 +0800] "GET /26146/category/c-12071/feed/ HTTP/1.1" 200 7861 "-" "Mozilla/5.0 (Linux; Android 6.0.1; Nexus 5X Build/MMB29P) AppleWebKit/537.36 (KHTML, like Gecko) Chrome/150.0.7871.186 Mobile Safari/537.36 (compatible; Googlebot/2.1; +http://www.google.com/bot.html)"
52.167.144.228 - - [17/Aug/2026:10:48:59 +0800] "GET /blog/gallery/3777/3777-616484.jpg HTTP/1.1" 404 25515 "-" "Mozilla/5.0 AppleWebKit/537.36 (KHTML, like Gecko; compatible; bingbot/2.0; +http://www.bing.com/bingbot.htm) Chrome/116.0.1938.76 Safari/537.36"
2402:7500:505:ef4b:61f0:5b3b:218:9518 - - [17/Aug/2026:10:48:59 +0800] "GET /2341/wp-content/cache/2blog.ilc.edu.tw/wpfc-minified/m1gbfgyp/5wojm.css HTTP/1.1" 200 45682 "https://2blog.ilc.edu.tw/2341/2013/08/19/%E7%B5%A6%E6%96%B0%E6%89%8B%E5%B0%8E%E5%B8%AB%E7%9A%84%E7%8F%AD%E7%B4%9A%E7%B6%93%E7%87%9F%E6%AA%94%E6%A1%88/" "Mozilla/5.0 (Windows NT 10.0; Win64; x64) AppleWebKit/537.36 (KHTML, like Gecko) Chrome/151.0.0.0 Safari/537.36"
2402:7500:505:ef4b:61f0:5b3b:218:9518 - - [17/Aug/2026:10:48:59 +0800] "GET /2341/wp-content/cache/2blog.ilc.edu.tw/wpfc-minified/lmm2gzno/5wojm.css HTTP/1.1" 200 20776 "https://2blog.ilc.edu.tw/2341/2013/08/19/%E7%B5%A6%E6%96%B0%E6%89%8B%E5%B0%8E%E5%B8%AB%E7%9A%84%E7%8F%AD%E7%B4%9A%E7%B6%93%E7%87%9F%E6%AA%94%E6%A1%88/" "Mozilla/5.0 (Windows NT 10.0; Win64; x64) AppleWebKit/537.36 (KHTML, like Gecko) Chrome/151.0.0.0 Safari/537.36"
140.111.67.10 - - [17/Aug/2026:10:49:00 +0800] "GET /" 301 273 "-" "-"
2001:288:a201::66:125 - - [17/Aug/2026:10:49:00 +0800] "GET /blog/active.php HTTP/1.1" 301 1026 "-" "-"
2001:288:a201::66:125 - - [17/Aug/2026:10:49:00 +0800] "GET /blog/active.php HTTP/1.1" 404 1084 "-" "-"
49.158.151.46 - - [17/Aug/2026:10:48:57 +0800] "GET /wp-content/uploads/sites/3846/2026/06/2026%E5%AE%9C%E8%98%AD%E7%98%8B%E5%AD%B8%E7%BF%92-%E6%9A%91%E5%81%87_%E6%95%99%E8%82%B2%E8%99%95%E9%A6%96%E9%A0%81-1440-x-1080-%E5%83%8F%E7%B4%A0.png HTTP/1.1" 200 2046271 "https://it.ilc.edu.tw/" "Mozilla/5.0 (Linux; Android 16; 24094RAD4G Build/BP2A.250605.031.A3; wv) AppleWebKit/537.36 (KHTML, like Gecko) Version/4.0 Chrome/150.0.7871.181 Mobile Safari/537.36 Line/15.19.0/IAB"
140.111.75.8 - - [17/Aug/2026:10:49:01 +0800] "-" 408 4801 "-" "-"
140.111.75.8 - - [17/Aug/2026:10:49:01 +0800] "-" 408 4801 "-" "-"
2402:7500:505:ef4b:61f0:5b3b:218:9518 - - [17/Aug/2026:10:49:02 +0800] "GET /2341/wp-includes/js/hoverintent-js.min.js HTTP/1.1" 200 1936 "https://2blog.ilc.edu.tw/2341/2013/08/19/%E7%B5%A6%E6%96%B0%E6%89%8B%E5%B0%8E%E5%B8%AB%E7%9A%84%E7%8F%AD%E7%B4%9A%E7%B6%93%E7%87%9F%E6%AA%94%E6%A1%88/" "Mozilla/5.0 (Windows NT 10.0; Win64; x64) AppleWebKit/537.36 (KHTML, like Gecko) Chrome/151.0.0.0 Safari/537.36"
2402:7500:505:ef4b:61f0:5b3b:218:9518 - - [17/Aug/2026:10:49:02 +0800] "GET /2341/wp-includes/js/admin-bar.min.js HTTP/1.1" 200 2237 "https://2blog.ilc.edu.tw/2341/2013/08/19/%E7%B5%A6%E6%96%B0%E6%89%8B%E5%B0%8E%E5%B8%AB%E7%9A%84%E7%8F%AD%E7%B4%9A%E7%B6%93%E7%87%9F%E6%AA%94%E6%A1%88/" "Mozilla/5.0 (Windows NT 10.0; Win64; x64) AppleWebKit/537.36 (KHTML, like Gecko) Chrome/151.0.0.0 Safari/537.36"
2402:7500:505:ef4b:61f0:5b3b:218:9518 - - [17/Aug/2026:10:49:01 +0800] "GET /2341/wp-content/cache/2blog.ilc.edu.tw/wpfc-minified/lcp2em6x/5wojm.js HTTP/1.1" 200 1980 "https://2blog.ilc.edu.tw/2341/2013/08/19/%E7%B5%A6%E6%96%B0%E6%89%8B%E5%B0%8E%E5%B8%AB%E7%9A%84%E7%8F%AD%E7%B4%9A%E7%B6%93%E7%87%9F%E6%AA%94%E6%A1%88/" "Mozilla/5.0 (Windows NT 10.0; Win64; x64) AppleWebKit/537.36 (KHTML, like Gecko) Chrome/151.0.0.0 Safari/537.36"
2402:7500:505:ef4b:61f0:5b3b:218:9518 - - [17/Aug/2026:10:49:01 +0800] "GET /2341/wp-content/uploads/sites/450/2019/07/510c1b78-84cb-4a3e-a264-d2528e6aba38_.png HTTP/1.1" 200 7901 "https://2blog.ilc.edu.tw/2341/2013/08/19/%E7%B5%A6%E6%96%B0%E6%89%8B%E5%B0%8E%E5%B8%AB%E7%9A%84%E7%8F%AD%E7%B4%9A%E7%B6%93%E7%87%9F%E6%AA%94%E6%A1%88/" "Mozilla/5.0 (Windows NT 10.0; Win64; x64) AppleWebKit/537.36 (KHTML, like Gecko) Chrome/151.0.0.0 Safari/537.36"
2402:7500:505:ef4b:61f0:5b3b:218:9518 - - [17/Aug/2026:10:49:00 +0800] "GET /2341/wp-content/cache/2blog.ilc.edu.tw/wpfc-minified/quw4x8eh/5wojm.css HTTP/1.1" 200 13385 "https://2blog.ilc.edu.tw/2341/2013/08/19/%E7%B5%A6%E6%96%B0%E6%89%8B%E5%B0%8E%E5%B8%AB%E7%9A%84%E7%8F%AD%E7%B4%9A%E7%B6%93%E7%87%9F%E6%AA%94%E6%A1%88/" "Mozilla/5.0 (Windows NT 10.0; Win64; x64) AppleWebKit/537.36 (KHTML, like Gecko) Chrome/151.0.0.0 Safari/537.36"
2402:7500:505:ef4b:61f0:5b3b:218:9518 - - [17/Aug/2026:10:49:00 +0800] "GET /2341/wp-content/cache/2blog.ilc.edu.tw/wpfc-minified/210e8pxk/5wojm.css HTTP/1.1" 200 30657 "https://2blog.ilc.edu.tw/2341/2013/08/19/%E7%B5%A6%E6%96%B0%E6%89%8B%E5%B0%8E%E5%B8%AB%E7%9A%84%E7%8F%AD%E7%B4%9A%E7%B6%93%E7%87%9F%E6%AA%94%E6%A1%88/" "Mozilla/5.0 (Windows NT 10.0; Win64; x64) AppleWebKit/537.36 (KHTML, like Gecko) Chrome/151.0.0.0 Safari/537.36"
2402:7500:505:ef4b:61f0:5b3b:218:9518 - - [17/Aug/2026:10:49:00 +0800] "GET /2341/wp-content/cache/2blog.ilc.edu.tw/wpfc-minified/jqcetw75/5wsv7.js HTTP/1.1" 200 56125 "https://2blog.ilc.edu.tw/2341/2013/08/19/%E7%B5%A6%E6%96%B0%E6%89%8B%E5%B0%8E%E5%B8%AB%E7%9A%84%E7%8F%AD%E7%B4%9A%E7%B6%93%E7%87%9F%E6%AA%94%E6%A1%88/" "Mozilla/5.0 (Windows NT 10.0; Win64; x64) AppleWebKit/537.36 (KHTML, like Gecko) Chrome/151.0.0.0 Safari/537.36"
2402:7500:505:ef4b:61f0:5b3b:218:9518 - - [17/Aug/2026:10:49:02 +0800] "GET /2341/wp-content/themes/mynote/assets/webfonts/fa-solid-900.woff2 HTTP/1.1" 200 60555 "https://2blog.ilc.edu.tw/2341/wp-content/cache/2blog.ilc.edu.tw/wpfc-minified/210e8pxk/5wojm.css" "Mozilla/5.0 (Windows NT 10.0; Win64; x64) AppleWebKit/537.36 (KHTML, like Gecko) Chrome/151.0.0.0 Safari/537.36"
140.111.67.195 - - [17/Aug/2026:10:49:00 +0800] "GET /wp-admin/admin-post.php?action=steps_ad HTTP/1.1" 200 1649 "-" "node-fetch/1.0 (+https://github.com/bitinn/node-fetch)"
140.111.67.195 - - [17/Aug/2026:10:49:02 +0800] "GET /wp-admin/admin-post.php?action=steps_ad HTTP/1.1" 200 1973 "-" "node-fetch/1.0 (+https://github.com/bitinn/node-fetch)"
2402:7500:942:34cb:2158:db71:86ba:38d8 - - [17/Aug/2026:10:49:03 +0800] "-" 408 339 "-" "-"
2402:7500:942:34cb:2158:db71:86ba:38d8 - - [17/Aug/2026:10:49:03 +0800] "-" 408 339 "-" "-"
2402:7500:505:ef4b:61f0:5b3b:218:9518 - - [17/Aug/2026:10:49:02 +0800] "POST /2341/wp-json/ilc-summary/v1/popular-posts HTTP/1.1" 201 1400 "https://2blog.ilc.edu.tw/2341/2013/08/19/%E7%B5%A6%E6%96%B0%E6%89%8B%E5%B0%8E%E5%B8%AB%E7%9A%84%E7%8F%AD%E7%B4%9A%E7%B6%93%E7%87%9F%E6%AA%94%E6%A1%88/" "Mozilla/5.0 (Windows NT 10.0; Win64; x64) AppleWebKit/537.36 (KHTML, like Gecko) Chrome/151.0.0.0 Safari/537.36"
140.111.67.195 - - [17/Aug/2026:10:49:02 +0800] "GET /wp-admin/admin-post.php?action=steps_ad HTTP/1.1" 200 1973 "-" "node-fetch/1.0 (+https://github.com/bitinn/node-fetch)"
140.111.175.162 - - [17/Aug/2026:10:49:04 +0800] "GET /wp-content/uploads/sites/3846/2026/06/2026%E5%AE%9C%E8%98%AD%E7%98%8B%E5%AD%B8%E7%BF%92-%E6%9A%91%E5%81%87_%E6%95%99%E8%82%B2%E8%99%95%E9%A6%96%E9%A0%81-1440-x-1080-%E5%83%8F%E7%B4%A0.png HTTP/1.1" 304 5581 "https://it.ilc.edu.tw/" "Mozilla/5.0 (Windows NT 10.0; Win64; x64) AppleWebKit/537.36 (KHTML, like Gecko) Chrome/151.0.0.0 Safari/537.36"
140.111.175.162 - - [17/Aug/2026:10:49:04 +0800] "GET /wp-content/uploads/sites/3846/2026/08/%E8%BE%B2%E6%A5%AD%E9%83%A8%E5%BB%A3%E5%91%8A.jpg HTTP/1.1" 304 5581 "https://it.ilc.edu.tw/" "Mozilla/5.0 (Windows NT 10.0; Win64; x64) AppleWebKit/537.36 (KHTML, like Gecko) Chrome/151.0.0.0 Safari/537.36"
140.111.175.162 - - [17/Aug/2026:10:49:04 +0800] "GET /wp-content/uploads/sites/3846/2026/06/%E5%AE%A3%E5%82%B3%E5%9C%96%E7%89%87.png HTTP/1.1" 304 5581 "https://it.ilc.edu.tw/" "Mozilla/5.0 (Windows NT 10.0; Win64; x64) AppleWebKit/537.36 (KHTML, like Gecko) Chrome/151.0.0.0 Safari/537.36"
52.167.144.228 - - [17/Aug/2026:10:49:02 +0800] "GET /32745/2022/03/09/%E6%AF%8B%E9%80%9A%E4%BA%88%E6%88%91%E7%AD%89%E4%BA%88%E6%88%91%E6%9C%9B/ HTTP/1.1" 200 87386 "-" "Mozilla/5.0 AppleWebKit/537.36 (KHTML, like Gecko; compatible; bingbot/2.0; +http://www.bing.com/bingbot.htm) Chrome/116.0.1938.76 Safari/537.36"
66.249.71.163 - - [17/Aug/2026:10:49:01 +0800] "GET /wp-login.php?action=ilc_logout&_wpnonce=43754d0aad&redirect_to=http://urashow.ru/job/77553/ HTTP/1.1" 302 8244 "-" "Mozilla/5.0 (Linux; Android 6.0.1; Nexus 5X Build/MMB29P) AppleWebKit/537.36 (KHTML, like Gecko) Chrome/150.0.7871.186 Mobile Safari/537.36 (compatible; Googlebot/2.1; +http://www.google.com/bot.html)"
140.111.67.10 - - [17/Aug/2026:10:49:05 +0800] "GET /" 301 273 "-" "-"
66.249.71.64 - - [17/Aug/2026:10:49:05 +0800] "GET /nativelanguage/wp-content/uploads/sites/3366/2021/09/%E5%9B%9B%E5%B9%B4%E7%B4%9A%E8%87%B3%E5%85%AD%E5%B9%B4%E7%B4%9A%E5%9F%BA%E6%9C%AC%E8%A9%9E%E5%BD%99.docx HTTP/1.1" 200 1823692 "-" "Mozilla/5.0 (Linux; Android 6.0.1; Nexus 5X Build/MMB29P) AppleWebKit/537.36 (KHTML, like Gecko) Chrome/150.0.7871.186 Mobile Safari/537.36 (compatible; Googlebot/2.1; +http://www.google.com/bot.html)"
2001:288:a201::66:125 - - [17/Aug/2026:10:49:05 +0800] "GET /blog/active.php HTTP/1.1" 404 1084 "-" "-"
2001:288:a201::66:125 - - [17/Aug/2026:10:49:05 +0800] "GET /blog/active.php HTTP/1.1" 301 1026 "-" "-"
1.170.6.184 - - [17/Aug/2026:10:49:06 +0800] "GET /wp-content/uploads/sites/233/1003/1003-3796299.jpg HTTP/1.1" 200 64976 "https://2blog.ilc.edu.tw/1003/2017/03/21/%E5%9B%9B%E4%B8%8B%E7%AC%AC3%E9%80%B1%E5%80%92%E6%95%98%E6%B3%95%E5%AF%AB%E4%BD%9C%E4%B8%80%E6%9D%9F%E9%AE%AE%E8%8A%B1/" "Mozilla/5.0 (Windows NT 10.0; Win64; x64) AppleWebKit/537.36 (KHTML, like Gecko) Chrome/151.0.0.0 Safari/537.36"
66.249.68.201 - - [17/Aug/2026:10:49:06 +0800] "GET /ksespreschool/2022/11/29/ HTTP/1.1" 200 12945 "-" "Mozilla/5.0 (Linux; Android 6.0.1; Nexus 5X Build/MMB29P) AppleWebKit/537.36 (KHTML, like Gecko) Chrome/150.0.7871.186 Mobile Safari/537.36 (compatible; Googlebot/2.1; +http://www.google.com/bot.html)"
118.165.142.139 - - [17/Aug/2026:10:49:07 +0800] "-" 408 4800 "-" "-"
118.165.142.139 - - [17/Aug/2026:10:49:07 +0800] "-" 408 4800 "-" "-"
114.32.246.242 - - [17/Aug/2026:10:49:08 +0800] "POST /yilankindergartentest/wp-admin/admin-ajax.php HTTP/1.1" 200 1514 "https://2blog.ilc.edu.tw/yilankindergartentest/wp-admin/post-new.php" "Mozilla/5.0 (Windows NT 10.0; Win64; x64) AppleWebKit/537.36 (KHTML, like Gecko) Chrome/151.0.0.0 Safari/537.36"
::1 - - [17/Aug/2026:10:49:09 +0800] "OPTIONS * HTTP/1.0" 200 110 "-" "Apache/2.4.68 (Ubuntu) OpenSSL/3.0.19 (internal dummy connection)"
49.158.205.218 - - [17/Aug/2026:10:49:09 +0800] "-" 408 4802 "-" "-"
49.158.205.218 - - [17/Aug/2026:10:49:09 +0800] "-" 408 4802 "-" "-"
::1 - - [17/Aug/2026:10:49:10 +0800] "OPTIONS * HTTP/1.0" 200 110 "-" "Apache/2.4.68 (Ubuntu) OpenSSL/3.0.19 (internal dummy connection)"
140.111.67.10 - - [17/Aug/2026:10:49:10 +0800] "GET /" 301 273 "-" "-"
66.249.71.163 - - [17/Aug/2026:10:49:08 +0800] "GET /wp-login.php?action=ilc_logout&_wpnonce=43754d0aad&redirect_to=http://eshomedesign.ru/job/66523/ HTTP/1.1" 302 3462 "-" "Mozilla/5.0 (Linux; Android 6.0.1; Nexus 5X Build/MMB29P) AppleWebKit/537.36 (KHTML, like Gecko) Chrome/150.0.7871.186 Mobile Safari/537.36 (compatible; Googlebot/2.1; +http://www.google.com/bot.html)"
2001:288:a201::66:125 - - [17/Aug/2026:10:49:10 +0800] "GET /blog/active.php HTTP/1.1" 301 1026 "-" "-"
2001:288:a201::66:125 - - [17/Aug/2026:10:49:10 +0800] "GET /blog/active.php HTTP/1.1" 404 1084 "-" "-"
140.111.67.195 - - [17/Aug/2026:10:49:10 +0800] "GET /wp-admin/admin-post.php?action=steps_ad HTTP/1.1" 200 1973 "-" "node-fetch/1.0 (+https://github.com/bitinn/node-fetch)"
::1 - - [17/Aug/2026:10:49:11 +0800] "OPTIONS * HTTP/1.0" 200 110 "-" "Apache/2.4.68 (Ubuntu) OpenSSL/3.0.19 (internal dummy connection)"
::1 - - [17/Aug/2026:10:49:12 +0800] "OPTIONS * HTTP/1.0" 200 110 "-" "Apache/2.4.68 (Ubuntu) OpenSSL/3.0.19 (internal dummy connection)"
1.170.6.184 - - [17/Aug/2026:10:49:11 +0800] "GET /wp-content/uploads/sites/233/1003/1003-3796300.jpg HTTP/1.1" 200 75753 "https://2blog.ilc.edu.tw/1003/2017/03/21/%E5%9B%9B%E4%B8%8B%E7%AC%AC3%E9%80%B1%E5%80%92%E6%95%98%E6%B3%95%E5%AF%AB%E4%BD%9C%E4%B8%80%E6%9D%9F%E9%AE%AE%E8%8A%B1/" "Mozilla/5.0 (Windows NT 10.0; Win64; x64) AppleWebKit/537.36 (KHTML, like Gecko) Chrome/151.0.0.0 Safari/537.36"
66.249.71.164 - - [17/Aug/2026:10:49:10 +0800] "GET /wp-login.php?action=ilc_logout&_wpnonce=43754d0aad&redirect_to=http://urashow.ru/job/17218/ HTTP/1.1" 302 8244 "-" "Mozilla/5.0 (Linux; Android 6.0.1; Nexus 5X Build/MMB29P) AppleWebKit/537.36 (KHTML, like Gecko) Chrome/150.0.7871.186 Mobile Safari/537.36 (compatible; Googlebot/2.1; +http://www.google.com/bot.html)"
::1 - - [17/Aug/2026:10:49:13 +0800] "OPTIONS * HTTP/1.0" 200 110 "-" "Apache/2.4.68 (Ubuntu) OpenSSL/3.0.19 (internal dummy connection)"
140.111.67.195 - - [17/Aug/2026:10:49:12 +0800] "GET /wp-admin/admin-post.php?action=steps_ad HTTP/1.1" 200 1649 "-" "node-fetch/1.0 (+https://github.com/bitinn/node-fetch)"
140.111.67.195 - - [17/Aug/2026:10:49:13 +0800] "GET /wp-admin/admin-post.php?action=steps_ad HTTP/1.1" 200 1649 "-" "node-fetch/1.0 (+https://github.com/bitinn/node-fetch)"
::1 - - [17/Aug/2026:10:49:14 +0800] "OPTIONS * HTTP/1.0" 200 110 "-" "Apache/2.4.68 (Ubuntu) OpenSSL/3.0.19 (internal dummy connection)"
66.249.71.163 - - [17/Aug/2026:10:49:12 +0800] "GET /wp-login.php?action=ilc_logout&_wpnonce=43754d0aad&redirect_to=http://glebsapozhkov-test.ru/creator/31614/ HTTP/1.1" 302 3472 "-" "Mozilla/5.0 (Linux; Android 6.0.1; Nexus 5X Build/MMB29P) AppleWebKit/537.36 (KHTML, like Gecko) Chrome/150.0.7871.186 Mobile Safari/537.36 (compatible; Googlebot/2.1; +http://www.google.com/bot.html)"
140.111.67.10 - - [17/Aug/2026:10:49:15 +0800] "GET /" 301 273 "-" "-"
::1 - - [17/Aug/2026:10:49:15 +0800] "OPTIONS * HTTP/1.0" 200 110 "-" "Apache/2.4.68 (Ubuntu) OpenSSL/3.0.19 (internal dummy connection)"
2407:4b00:4c05:85f9:28ce:5e1:fe24:8b3 - - [17/Aug/2026:10:49:15 +0800] "-" 408 4808 "-" "-"
2407:4b00:4c05:85f9:28ce:5e1:fe24:8b3 - - [17/Aug/2026:10:49:15 +0800] "-" 408 4808 "-" "-"
2001:288:a201::66:125 - - [17/Aug/2026:10:49:15 +0800] "GET /blog/active.php HTTP/1.1" 404 1084 "-" "-"
2001:288:a201::66:125 - - [17/Aug/2026:10:49:15 +0800] "GET /blog/active.php HTTP/1.1" 301 1026 "-" "-"
::1 - - [17/Aug/2026:10:49:16 +0800] "OPTIONS * HTTP/1.0" 200 110 "-" "Apache/2.4.68 (Ubuntu) OpenSSL/3.0.19 (internal dummy connection)"
66.249.71.163 - - [17/Aug/2026:10:49:14 +0800] "GET /wp-login.php?action=ilc_logout&_wpnonce=43754d0aad&redirect_to=http://sewthis.ru/job/84862/ HTTP/1.1" 302 3457 "-" "Mozilla/5.0 (Linux; Android 6.0.1; Nexus 5X Build/MMB29P) AppleWebKit/537.36 (KHTML, like Gecko) Chrome/150.0.7871.186 Mobile Safari/537.36 (compatible; Googlebot/2.1; +http://www.google.com/bot.html)"
140.111.67.195 - - [17/Aug/2026:10:49:16 +0800] "GET /wp-admin/admin-post.php?action=steps_ad HTTP/1.1" 200 1649 "-" "node-fetch/1.0 (+https://github.com/bitinn/node-fetch)"
140.111.67.195 - - [17/Aug/2026:10:49:16 +0800] "GET /wp-admin/admin-post.php?action=steps_ad HTTP/1.1" 200 1973 "-" "node-fetch/1.0 (+https://github.com/bitinn/node-fetch)"
::1 - - [17/Aug/2026:10:49:17 +0800] "OPTIONS * HTTP/1.0" 200 110 "-" "Apache/2.4.68 (Ubuntu) OpenSSL/3.0.19 (internal dummy connection)"
2001:4860:7:510::ed - - [17/Aug/2026:10:49:17 +0800] "GET /11463/ HTTP/1.1" 200 27298 "https://www.google.com/" "Mozilla/5.0 (Windows NT 10.0; Win64; x64) AppleWebKit/537.36 (KHTML, like Gecko) Chrome/151.0.0.0 Safari/537.36"
1.170.6.184 - - [17/Aug/2026:10:49:17 +0800] "GET /wp-content/uploads/sites/233/1003/1003-3796302.jpg HTTP/1.1" 200 20683 "https://2blog.ilc.edu.tw/1003/2017/03/21/%E5%9B%9B%E4%B8%8B%E7%AC%AC3%E9%80%B1%E5%80%92%E6%95%98%E6%B3%95%E5%AF%AB%E4%BD%9C%E4%B8%80%E6%9D%9F%E9%AE%AE%E8%8A%B1/" "Mozilla/5.0 (Windows NT 10.0; Win64; x64) AppleWebKit/537.36 (KHTML, like Gecko) Chrome/151.0.0.0 Safari/537.36"
1.170.6.184 - - [17/Aug/2026:10:49:17 +0800] "GET /wp-content/uploads/sites/233/1003/1003-3796301.jpg HTTP/1.1" 200 25546 "https://2blog.ilc.edu.tw/1003/2017/03/21/%E5%9B%9B%E4%B8%8B%E7%AC%AC3%E9%80%B1%E5%80%92%E6%95%98%E6%B3%95%E5%AF%AB%E4%BD%9C%E4%B8%80%E6%9D%9F%E9%AE%AE%E8%8A%B1/" "Mozilla/5.0 (Windows NT 10.0; Win64; x64) AppleWebKit/537.36 (KHTML, like Gecko) Chrome/151.0.0.0 Safari/537.36"
::1 - - [17/Aug/2026:10:49:18 +0800] "OPTIONS * HTTP/1.0" 200 110 "-" "Apache/2.4.68 (Ubuntu) OpenSSL/3.0.19 (internal dummy connection)"
1.170.6.184 - - [17/Aug/2026:10:49:18 +0800] "GET /wp-content/uploads/sites/233/1003/1003-3796303.jpg HTTP/1.1" 200 85681 "https://2blog.ilc.edu.tw/1003/2017/03/21/%E5%9B%9B%E4%B8%8B%E7%AC%AC3%E9%80%B1%E5%80%92%E6%95%98%E6%B3%95%E5%AF%AB%E4%BD%9C%E4%B8%80%E6%9D%9F%E9%AE%AE%E8%8A%B1/" "Mozilla/5.0 (Windows NT 10.0; Win64; x64) AppleWebKit/537.36 (KHTML, like Gecko) Chrome/151.0.0.0 Safari/537.36"
52.167.144.228 - - [17/Aug/2026:10:49:18 +0800] "GET /131/2009/03/ HTTP/1.1" 200 17093 "-" "Mozilla/5.0 AppleWebKit/537.36 (KHTML, like Gecko; compatible; bingbot/2.0; +http://www.bing.com/bingbot.htm) Chrome/116.0.1938.76 Safari/537.36"
140.111.67.10 - - [17/Aug/2026:10:49:20 +0800] "GET /" 301 273 "-" "-"
211.22.184.58 - - [17/Aug/2026:10:49:20 +0800] "GET /1003/feed/ HTTP/1.1" 200 8778 "-" "Mozilla/5.0 (Windows NT 6.1) AppleWebKit/538.1 (KHTML, like Gecko) QuiteRSS/0.18.12 Safari/538.1"
66.249.68.136 - - [17/Aug/2026:10:49:18 +0800] "GET /wp-login.php?action=ilc_logout&_wpnonce=43754d0aad&redirect_to=http://masterfifaclub.ru/job/65963/ HTTP/1.1" 302 8251 "-" "Mozilla/5.0 (Linux; Android 6.0.1; Nexus 5X Build/MMB29P) AppleWebKit/537.36 (KHTML, like Gecko) Chrome/150.0.7871.186 Mobile Safari/537.36 (compatible; Googlebot/2.1; +http://www.google.com/bot.html)"
