2001:b400:e242:9d4e:e849:c2ce:58bd:9a48 - - [17/Aug/2026:10:43:36 +0800] "GET /wp-content/plugins/elementor/assets/lib/waypoints/waypoints.min.js HTTP/1.1" 200 3873 "https://www.waldorf.ilc.edu.tw/" "Mozilla/5.0 (Linux; Android 10; K) AppleWebKit/537.36 (KHTML, like Gecko) Chrome/151.0.0.0 Mobile Safari/537.36"
2001:b400:e242:9d4e:e849:c2ce:58bd:9a48 - - [17/Aug/2026:10:43:36 +0800] "GET /wp-includes/js/jquery/ui/core.min.js HTTP/1.1" 200 7986 "https://www.waldorf.ilc.edu.tw/" "Mozilla/5.0 (Linux; Android 10; K) AppleWebKit/537.36 (KHTML, like Gecko) Chrome/151.0.0.0 Mobile Safari/537.36"
2001:b400:e242:9d4e:e849:c2ce:58bd:9a48 - - [17/Aug/2026:10:43:36 +0800] "GET /wp-includes/js/underscore.min.js HTTP/1.1" 200 8191 "https://www.waldorf.ilc.edu.tw/" "Mozilla/5.0 (Linux; Android 10; K) AppleWebKit/537.36 (KHTML, like Gecko) Chrome/151.0.0.0 Mobile Safari/537.36"
2001:b400:e242:9d4e:e849:c2ce:58bd:9a48 - - [17/Aug/2026:10:43:36 +0800] "GET /wp-includes/js/dist/hooks.min.js HTTP/1.1" 200 2421 "https://www.waldorf.ilc.edu.tw/" "Mozilla/5.0 (Linux; Android 10; K) AppleWebKit/537.36 (KHTML, like Gecko) Chrome/151.0.0.0 Mobile Safari/537.36"
2001:b400:e242:9d4e:e849:c2ce:58bd:9a48 - - [17/Aug/2026:10:43:36 +0800] "GET /wp-content/plugins/elementor/assets/lib/font-awesome/webfonts/fa-solid-900.woff2 HTTP/1.1" 200 79223 "https://www.waldorf.ilc.edu.tw/wp-content/cache/www.waldorf.ilc.edu.tw/wpfc-minified/3pjp17l/6xg3.css" "Mozilla/5.0 (Linux; Android 10; K) AppleWebKit/537.36 (KHTML, like Gecko) Chrome/151.0.0.0 Mobile Safari/537.36"
2001:b400:e242:9d4e:e849:c2ce:58bd:9a48 - - [17/Aug/2026:10:43:36 +0800] "GET /wp-content/uploads/sites/1517/2024/07/%E5%9C%8B%E4%B8%AD%E5%8D%87%E5%AD%B8%E5%B0%88%E5%8D%80.png HTTP/1.1" 200 9911 "https://www.waldorf.ilc.edu.tw/" "Mozilla/5.0 (Linux; Android 10; K) AppleWebKit/537.36 (KHTML, like Gecko) Chrome/151.0.0.0 Mobile Safari/537.36"
2001:b400:e242:9d4e:e849:c2ce:58bd:9a48 - - [17/Aug/2026:10:43:36 +0800] "GET /wp-content/uploads/sites/1517/2024/01/%E5%8D%88%E9%A4%90%E5%B0%88%E5%8D%80.png HTTP/1.1" 200 8269 "https://www.waldorf.ilc.edu.tw/" "Mozilla/5.0 (Linux; Android 10; K) AppleWebKit/537.36 (KHTML, like Gecko) Chrome/151.0.0.0 Mobile Safari/537.36"
2001:b400:e242:9d4e:e849:c2ce:58bd:9a48 - - [17/Aug/2026:10:43:36 +0800] "GET /wp-content/uploads/sites/1517/2024/01/49827-2-1536x312.jpg HTTP/1.1" 200 94382 "https://www.waldorf.ilc.edu.tw/" "Mozilla/5.0 (Linux; Android 10; K) AppleWebKit/537.36 (KHTML, like Gecko) Chrome/151.0.0.0 Mobile Safari/537.36"
2001:b400:e242:9d4e:e849:c2ce:58bd:9a48 - - [17/Aug/2026:10:43:36 +0800] "GET /wp-content/plugins/elementor/assets/js/frontend.min.js HTTP/1.1" 200 13169 "https://www.waldorf.ilc.edu.tw/" "Mozilla/5.0 (Linux; Android 10; K) AppleWebKit/537.36 (KHTML, like Gecko) Chrome/151.0.0.0 Mobile Safari/537.36"
2001:b400:e242:9d4e:e849:c2ce:58bd:9a48 - - [17/Aug/2026:10:43:36 +0800] "GET /wp-content/plugins/elementor-pro/assets/js/elements-handlers.min.js HTTP/1.1" 200 10882 "https://www.waldorf.ilc.edu.tw/" "Mozilla/5.0 (Linux; Android 10; K) AppleWebKit/537.36 (KHTML, like Gecko) Chrome/151.0.0.0 Mobile Safari/537.36"
2001:b400:e242:9d4e:e849:c2ce:58bd:9a48 - - [17/Aug/2026:10:43:36 +0800] "GET /wp-content/themes/hueman/assets/front/js/scripts.min.js HTTP/1.1" 200 22643 "https://www.waldorf.ilc.edu.tw/" "Mozilla/5.0 (Linux; Android 10; K) AppleWebKit/537.36 (KHTML, like Gecko) Chrome/151.0.0.0 Mobile Safari/537.36"
2001:b400:e242:9d4e:e849:c2ce:58bd:9a48 - - [17/Aug/2026:10:43:37 +0800] "GET /wp-content/plugins/elementor-pro/assets/js/social.2d2e44e8608690943f29.bundle.min.js HTTP/1.1" 200 1433 "https://www.waldorf.ilc.edu.tw/" "Mozilla/5.0 (Linux; Android 10; K) AppleWebKit/537.36 (KHTML, like Gecko) Chrome/151.0.0.0 Mobile Safari/537.36"
2001:b400:e242:9d4e:e849:c2ce:58bd:9a48 - - [17/Aug/2026:10:43:37 +0800] "GET /wp-content/plugins/elementor/assets/js/text-editor.2c35aafbe5bf0e127950.bundle.min.js HTTP/1.1" 200 1545 "https://www.waldorf.ilc.edu.tw/" "Mozilla/5.0 (Linux; Android 10; K) AppleWebKit/537.36 (KHTML, like Gecko) Chrome/151.0.0.0 Mobile Safari/537.36"
2001:b400:e242:9d4e:e849:c2ce:58bd:9a48 - - [17/Aug/2026:10:43:37 +0800] "GET /wp-content/uploads/sites/1517/2024/12/%E7%89%B9%E6%95%99%E8%BC%94%E5%B0%8E%E5%B0%88%E5%8D%80.png HTTP/1.1" 200 11227 "https://www.waldorf.ilc.edu.tw/" "Mozilla/5.0 (Linux; Android 10; K) AppleWebKit/537.36 (KHTML, like Gecko) Chrome/151.0.0.0 Mobile Safari/537.36"
2001:b400:e242:9d4e:e849:c2ce:58bd:9a48 - - [17/Aug/2026:10:43:37 +0800] "GET /wp-content/plugins/elementor/assets/js/toggle.31881477c45ff5cf9d4d.bundle.min.js HTTP/1.1" 200 2281 "https://www.waldorf.ilc.edu.tw/" "Mozilla/5.0 (Linux; Android 10; K) AppleWebKit/537.36 (KHTML, like Gecko) Chrome/151.0.0.0 Mobile Safari/537.36"
66.249.68.136 - - [17/Aug/2026:10:43:36 +0800] "GET /wp-login.php?action=ilc_logout&_wpnonce=43754d0aad&redirect_to=http://masterfifaclub.ru/creator/82481/ HTTP/1.1" 302 3468 "-" "Mozilla/5.0 (Linux; Android 6.0.1; Nexus 5X Build/MMB29P) AppleWebKit/537.36 (KHTML, like Gecko) Chrome/150.0.7871.186 Mobile Safari/537.36 (compatible; Googlebot/2.1; +http://www.google.com/bot.html)"
66.249.68.200 - - [17/Aug/2026:10:43:39 +0800] "GET /babybaby/wp-content/uploads/sites/3902/2024/06/IMG_3359-300x225.jpg HTTP/1.1" 200 24757 "-" "GoogleOther-Image/1.0"
114.32.246.242 - - [17/Aug/2026:10:43:39 +0800] "GET /yilankindergartentest/category/114%e5%ad%b8%e5%b9%b4%e5%ba%a6%e4%b8%8b%e5%ad%b8%e6%9c%9f%e9%98%b2%e7%81%bd%e6%bc%94%e7%b7%b4%e8%85%b3%e6%9c%ac/ HTTP/1.1" 200 28325 "https://2blog.ilc.edu.tw/yilankindergartentest/%e5%b9%bc%e5%85%92%e5%9c%92%e9%98%b2%e7%81%bd%e8%b3%87%e6%96%99%e4%b8%8a%e5%82%b3%e5%8d%80/" "Mozilla/5.0 (Windows NT 10.0; Win64; x64) AppleWebKit/537.36 (KHTML, like Gecko) Chrome/151.0.0.0 Safari/537.36"
140.111.67.10 - - [17/Aug/2026:10:43:40 +0800] "GET /" 301 273 "-" "-"
2001:288:a201::66:125 - - [17/Aug/2026:10:43:40 +0800] "GET /blog/active.php HTTP/1.1" 404 1084 "-" "-"
2001:288:a201::66:125 - - [17/Aug/2026:10:43:40 +0800] "GET /blog/active.php HTTP/1.1" 301 1026 "-" "-"
2001:288:a24a:1:c62d:d442:1579:31f7 - - [17/Aug/2026:10:43:41 +0800] "-" 408 4791 "-" "-"
2001:288:a26a:1:6923:8bf3:4374:c578 - - [17/Aug/2026:10:43:41 +0800] "POST /hsics/wp-admin/admin-ajax.php HTTP/1.1" 200 1459 "https://2blog.ilc.edu.tw/hsics/wp-admin/edit.php" "Mozilla/5.0 (Windows NT 10.0; Win64; x64) AppleWebKit/537.36 (KHTML, like Gecko) Chrome/151.0.0.0 Safari/537.36"
66.249.71.163 - - [17/Aug/2026:10:43:40 +0800] "GET /wp-login.php?action=ilc_logout&_wpnonce=43754d0aad&redirect_to=http://aladea.ru/job/24785/ HTTP/1.1" 302 8243 "-" "Mozilla/5.0 (Linux; Android 6.0.1; Nexus 5X Build/MMB29P) AppleWebKit/537.36 (KHTML, like Gecko) Chrome/150.0.7871.186 Mobile Safari/537.36 (compatible; Googlebot/2.1; +http://www.google.com/bot.html)"
::1 - - [17/Aug/2026:10:43:43 +0800] "OPTIONS * HTTP/1.0" 200 110 "-" "Apache/2.4.68 (Ubuntu) OpenSSL/3.0.19 (internal dummy connection)"
::1 - - [17/Aug/2026:10:43:44 +0800] "OPTIONS * HTTP/1.0" 200 110 "-" "Apache/2.4.68 (Ubuntu) OpenSSL/3.0.19 (internal dummy connection)"
2001:288:a27a:1:6ddc:2a4b:ac26:cde2 - - [17/Aug/2026:10:43:42 +0800] "POST /namt/wp-admin/admin-ajax.php HTTP/1.1" 200 1459 "https://2blog.ilc.edu.tw/namt/wp-admin/user-new.php?user_id=1731" "Mozilla/5.0 (Windows NT 10.0; Win64; x64) AppleWebKit/537.36 (KHTML, like Gecko) Chrome/151.0.0.0 Safari/537.36"
140.111.67.195 - - [17/Aug/2026:10:43:44 +0800] "GET /wp-admin/admin-post.php?action=steps_ad HTTP/1.1" 200 1973 "-" "node-fetch/1.0 (+https://github.com/bitinn/node-fetch)"
2001:b400:e2f0:5445:1402:9bd:5e49:6bbc - - [17/Aug/2026:10:43:44 +0800] "GET /26150/2026/08/12/%E8%BD%89%E7%9F%A5%E5%AE%9C%E8%98%AD%E7%B8%A3%E6%94%BF%E5%BA%9C%E3%80%8C%E6%9A%96%E6%9A%96%E8%98%AD%E9%99%BD%EF%BC%8C%E5%BE%AE%E7%94%9C%E6%AD%A3%E5%A5%BD%E3%80%8D%E5%96%AE%E8%BA%AB%E8%81%AF%E8%AA%BC/ HTTP/1.1" 200 23022 "https://www.google.com/url?q=https://2blog.ilc.edu.tw/26150/2026/08/12/%25E8%25BD%2589%25E7%259F%25A5%25E5%25AE%259C%25E8%2598%25AD%25E7%25B8%25A3%25E6%2594%25BF%25E5%25BA%259C%25E3%2580%258C%25E6%259A%2596%25E6%259A%2596%25E8%2598%25AD%25E9%2599%25BD%25EF%25BC%258C%25E5%25BE%25AE%25E7%2594%259C%25E6%25AD%25A3%25E5%25A5%25BD%25E3%2580%258D%25E5%2596%25AE%25E8%25BA%25AB%25E8%2581%25AF%25E8%25AA%25BC/&sa=U&ved=2ahUKEwi4p-ONzqaWAxXElK8BHd65GhcQFnoECEwQAQ&zccpm=epi&usg=AOvVaw3dIU72r4_l7Z4kW1kBjvs8" "Mozilla/5.0 (iPhone; CPU iPhone OS 26_6_0 like Mac OS X) AppleWebKit/605.1.15 (KHTML, like Gecko) GSA/433.5.957829776 Mobile/15E148 Safari/604.1"
140.111.67.10 - - [17/Aug/2026:10:43:45 +0800] "GET /" 301 273 "-" "-"
2001:b400:e2f0:5445:1402:9bd:5e49:6bbc - - [17/Aug/2026:10:43:45 +0800] "GET /26150/wp-content/cache/2blog.ilc.edu.tw/wpfc-minified/6x0e63v1/5wols.css HTTP/1.1" 200 15782 "https://2blog.ilc.edu.tw/26150/2026/08/12/%E8%BD%89%E7%9F%A5%E5%AE%9C%E8%98%AD%E7%B8%A3%E6%94%BF%E5%BA%9C%E3%80%8C%E6%9A%96%E6%9A%96%E8%98%AD%E9%99%BD%EF%BC%8C%E5%BE%AE%E7%94%9C%E6%AD%A3%E5%A5%BD%E3%80%8D%E5%96%AE%E8%BA%AB%E8%81%AF%E8%AA%BC/" "Mozilla/5.0 (iPhone; CPU iPhone OS 26_6_0 like Mac OS X) AppleWebKit/605.1.15 (KHTML, like Gecko) GSA/433.5.957829776 Mobile/15E148 Safari/604.1"
2001:b400:e2f0:5445:1402:9bd:5e49:6bbc - - [17/Aug/2026:10:43:45 +0800] "GET /26150/wp-content/cache/2blog.ilc.edu.tw/wpfc-minified/1r2kskm2/5wols.css HTTP/1.1" 200 45684 "https://2blog.ilc.edu.tw/26150/2026/08/12/%E8%BD%89%E7%9F%A5%E5%AE%9C%E8%98%AD%E7%B8%A3%E6%94%BF%E5%BA%9C%E3%80%8C%E6%9A%96%E6%9A%96%E8%98%AD%E9%99%BD%EF%BC%8C%E5%BE%AE%E7%94%9C%E6%AD%A3%E5%A5%BD%E3%80%8D%E5%96%AE%E8%BA%AB%E8%81%AF%E8%AA%BC/" "Mozilla/5.0 (iPhone; CPU iPhone OS 26_6_0 like Mac OS X) AppleWebKit/605.1.15 (KHTML, like Gecko) GSA/433.5.957829776 Mobile/15E148 Safari/604.1"
2001:b400:e2f0:5445:1402:9bd:5e49:6bbc - - [17/Aug/2026:10:43:45 +0800] "GET /26150/wp-content/uploads/sites/67/elementor/css/post-2148.css HTTP/1.1" 200 1519 "https://2blog.ilc.edu.tw/26150/2026/08/12/%E8%BD%89%E7%9F%A5%E5%AE%9C%E8%98%AD%E7%B8%A3%E6%94%BF%E5%BA%9C%E3%80%8C%E6%9A%96%E6%9A%96%E8%98%AD%E9%99%BD%EF%BC%8C%E5%BE%AE%E7%94%9C%E6%AD%A3%E5%A5%BD%E3%80%8D%E5%96%AE%E8%BA%AB%E8%81%AF%E8%AA%BC/" "Mozilla/5.0 (iPhone; CPU iPhone OS 26_6_0 like Mac OS X) AppleWebKit/605.1.15 (KHTML, like Gecko) GSA/433.5.957829776 Mobile/15E148 Safari/604.1"
2001:b400:e2f0:5445:1402:9bd:5e49:6bbc - - [17/Aug/2026:10:43:45 +0800] "GET /26150/wp-content/cache/2blog.ilc.edu.tw/wpfc-minified/l0gr23lq/5wols.css HTTP/1.1" 200 9359 "https://2blog.ilc.edu.tw/26150/2026/08/12/%E8%BD%89%E7%9F%A5%E5%AE%9C%E8%98%AD%E7%B8%A3%E6%94%BF%E5%BA%9C%E3%80%8C%E6%9A%96%E6%9A%96%E8%98%AD%E9%99%BD%EF%BC%8C%E5%BE%AE%E7%94%9C%E6%AD%A3%E5%A5%BD%E3%80%8D%E5%96%AE%E8%BA%AB%E8%81%AF%E8%AA%BC/" "Mozilla/5.0 (iPhone; CPU iPhone OS 26_6_0 like Mac OS X) AppleWebKit/605.1.15 (KHTML, like Gecko) GSA/433.5.957829776 Mobile/15E148 Safari/604.1"
2001:b400:e2f0:5445:1402:9bd:5e49:6bbc - - [17/Aug/2026:10:43:45 +0800] "GET /26150/wp-content/cache/2blog.ilc.edu.tw/wpfc-minified/6oknv0db/5wols.js HTTP/1.1" 200 35566 "https://2blog.ilc.edu.tw/26150/2026/08/12/%E8%BD%89%E7%9F%A5%E5%AE%9C%E8%98%AD%E7%B8%A3%E6%94%BF%E5%BA%9C%E3%80%8C%E6%9A%96%E6%9A%96%E8%98%AD%E9%99%BD%EF%BC%8C%E5%BE%AE%E7%94%9C%E6%AD%A3%E5%A5%BD%E3%80%8D%E5%96%AE%E8%BA%AB%E8%81%AF%E8%AA%BC/" "Mozilla/5.0 (iPhone; CPU iPhone OS 26_6_0 like Mac OS X) AppleWebKit/605.1.15 (KHTML, like Gecko) GSA/433.5.957829776 Mobile/15E148 Safari/604.1"
2001:b400:e2f0:5445:1402:9bd:5e49:6bbc - - [17/Aug/2026:10:43:45 +0800] "GET /26150/wp-content/cache/2blog.ilc.edu.tw/wpfc-minified/2dg6ecjs/5wols.css HTTP/1.1" 200 5953 "https://2blog.ilc.edu.tw/26150/2026/08/12/%E8%BD%89%E7%9F%A5%E5%AE%9C%E8%98%AD%E7%B8%A3%E6%94%BF%E5%BA%9C%E3%80%8C%E6%9A%96%E6%9A%96%E8%98%AD%E9%99%BD%EF%BC%8C%E5%BE%AE%E7%94%9C%E6%AD%A3%E5%A5%BD%E3%80%8D%E5%96%AE%E8%BA%AB%E8%81%AF%E8%AA%BC/" "Mozilla/5.0 (iPhone; CPU iPhone OS 26_6_0 like Mac OS X) AppleWebKit/605.1.15 (KHTML, like Gecko) GSA/433.5.957829776 Mobile/15E148 Safari/604.1"
2001:b400:e2f0:5445:1402:9bd:5e49:6bbc - - [17/Aug/2026:10:43:45 +0800] "GET /26150/wp-content/cache/2blog.ilc.edu.tw/wpfc-minified/klli2thh/5wols.js HTTP/1.1" 200 2365 "https://2blog.ilc.edu.tw/26150/2026/08/12/%E8%BD%89%E7%9F%A5%E5%AE%9C%E8%98%AD%E7%B8%A3%E6%94%BF%E5%BA%9C%E3%80%8C%E6%9A%96%E6%9A%96%E8%98%AD%E9%99%BD%EF%BC%8C%E5%BE%AE%E7%94%9C%E6%AD%A3%E5%A5%BD%E3%80%8D%E5%96%AE%E8%BA%AB%E8%81%AF%E8%AA%BC/" "Mozilla/5.0 (iPhone; CPU iPhone OS 26_6_0 like Mac OS X) AppleWebKit/605.1.15 (KHTML, like Gecko) GSA/433.5.957829776 Mobile/15E148 Safari/604.1"
2001:b400:e2f0:5445:1402:9bd:5e49:6bbc - - [17/Aug/2026:10:43:45 +0800] "GET /26150/wp-content/uploads/sites/67/elementor/css/post-4937.css HTTP/1.1" 200 6066 "https://2blog.ilc.edu.tw/26150/2026/08/12/%E8%BD%89%E7%9F%A5%E5%AE%9C%E8%98%AD%E7%B8%A3%E6%94%BF%E5%BA%9C%E3%80%8C%E6%9A%96%E6%9A%96%E8%98%AD%E9%99%BD%EF%BC%8C%E5%BE%AE%E7%94%9C%E6%AD%A3%E5%A5%BD%E3%80%8D%E5%96%AE%E8%BA%AB%E8%81%AF%E8%AA%BC/" "Mozilla/5.0 (iPhone; CPU iPhone OS 26_6_0 like Mac OS X) AppleWebKit/605.1.15 (KHTML, like Gecko) GSA/433.5.957829776 Mobile/15E148 Safari/604.1"
2001:b400:e2f0:5445:1402:9bd:5e49:6bbc - - [17/Aug/2026:10:43:45 +0800] "GET /26150/wp-content/cache/2blog.ilc.edu.tw/wpfc-minified/ehsm4i5w/5wols.css HTTP/1.1" 200 52083 "https://2blog.ilc.edu.tw/26150/2026/08/12/%E8%BD%89%E7%9F%A5%E5%AE%9C%E8%98%AD%E7%B8%A3%E6%94%BF%E5%BA%9C%E3%80%8C%E6%9A%96%E6%9A%96%E8%98%AD%E9%99%BD%EF%BC%8C%E5%BE%AE%E7%94%9C%E6%AD%A3%E5%A5%BD%E3%80%8D%E5%96%AE%E8%BA%AB%E8%81%AF%E8%AA%BC/" "Mozilla/5.0 (iPhone; CPU iPhone OS 26_6_0 like Mac OS X) AppleWebKit/605.1.15 (KHTML, like Gecko) GSA/433.5.957829776 Mobile/15E148 Safari/604.1"
2001:b400:e2f0:5445:1402:9bd:5e49:6bbc - - [17/Aug/2026:10:43:45 +0800] "GET /26150/wp-includes/js/hoverintent-js.min.js HTTP/1.1" 200 1597 "https://2blog.ilc.edu.tw/26150/2026/08/12/%E8%BD%89%E7%9F%A5%E5%AE%9C%E8%98%AD%E7%B8%A3%E6%94%BF%E5%BA%9C%E3%80%8C%E6%9A%96%E6%9A%96%E8%98%AD%E9%99%BD%EF%BC%8C%E5%BE%AE%E7%94%9C%E6%AD%A3%E5%A5%BD%E3%80%8D%E5%96%AE%E8%BA%AB%E8%81%AF%E8%AA%BC/" "Mozilla/5.0 (iPhone; CPU iPhone OS 26_6_0 like Mac OS X) AppleWebKit/605.1.15 (KHTML, like Gecko) GSA/433.5.957829776 Mobile/15E148 Safari/604.1"
2001:b400:e2f0:5445:1402:9bd:5e49:6bbc - - [17/Aug/2026:10:43:45 +0800] "GET /26150/wp-content/cache/2blog.ilc.edu.tw/wpfc-minified/6zbzzhth/5wsy5.js HTTP/1.1" 200 1643 "https://2blog.ilc.edu.tw/26150/2026/08/12/%E8%BD%89%E7%9F%A5%E5%AE%9C%E8%98%AD%E7%B8%A3%E6%94%BF%E5%BA%9C%E3%80%8C%E6%9A%96%E6%9A%96%E8%98%AD%E9%99%BD%EF%BC%8C%E5%BE%AE%E7%94%9C%E6%AD%A3%E5%A5%BD%E3%80%8D%E5%96%AE%E8%BA%AB%E8%81%AF%E8%AA%BC/" "Mozilla/5.0 (iPhone; CPU iPhone OS 26_6_0 like Mac OS X) AppleWebKit/605.1.15 (KHTML, like Gecko) GSA/433.5.957829776 Mobile/15E148 Safari/604.1"
2001:b400:e2f0:5445:1402:9bd:5e49:6bbc - - [17/Aug/2026:10:43:45 +0800] "GET /26150/wp-content/uploads/sites/67/2019/09/26150-2004783.jpg HTTP/1.1" 200 82412 "https://2blog.ilc.edu.tw/26150/2026/08/12/%E8%BD%89%E7%9F%A5%E5%AE%9C%E8%98%AD%E7%B8%A3%E6%94%BF%E5%BA%9C%E3%80%8C%E6%9A%96%E6%9A%96%E8%98%AD%E9%99%BD%EF%BC%8C%E5%BE%AE%E7%94%9C%E6%AD%A3%E5%A5%BD%E3%80%8D%E5%96%AE%E8%BA%AB%E8%81%AF%E8%AA%BC/" "Mozilla/5.0 (iPhone; CPU iPhone OS 26_6_0 like Mac OS X) AppleWebKit/605.1.15 (KHTML, like Gecko) GSA/433.5.957829776 Mobile/15E148 Safari/604.1"
2001:b400:e2f0:5445:1402:9bd:5e49:6bbc - - [17/Aug/2026:10:43:45 +0800] "GET /26150/wp-includes/js/admin-bar.min.js HTTP/1.1" 200 2237 "https://2blog.ilc.edu.tw/26150/2026/08/12/%E8%BD%89%E7%9F%A5%E5%AE%9C%E8%98%AD%E7%B8%A3%E6%94%BF%E5%BA%9C%E3%80%8C%E6%9A%96%E6%9A%96%E8%98%AD%E9%99%BD%EF%BC%8C%E5%BE%AE%E7%94%9C%E6%AD%A3%E5%A5%BD%E3%80%8D%E5%96%AE%E8%BA%AB%E8%81%AF%E8%AA%BC/" "Mozilla/5.0 (iPhone; CPU iPhone OS 26_6_0 like Mac OS X) AppleWebKit/605.1.15 (KHTML, like Gecko) GSA/433.5.957829776 Mobile/15E148 Safari/604.1"
2001:b400:e2f0:5445:1402:9bd:5e49:6bbc - - [17/Aug/2026:10:43:45 +0800] "GET /26150/wp-content/cache/2blog.ilc.edu.tw/wpfc-minified/kc6fgvop/5wols.css HTTP/1.1" 200 92108 "https://2blog.ilc.edu.tw/26150/2026/08/12/%E8%BD%89%E7%9F%A5%E5%AE%9C%E8%98%AD%E7%B8%A3%E6%94%BF%E5%BA%9C%E3%80%8C%E6%9A%96%E6%9A%96%E8%98%AD%E9%99%BD%EF%BC%8C%E5%BE%AE%E7%94%9C%E6%AD%A3%E5%A5%BD%E3%80%8D%E5%96%AE%E8%BA%AB%E8%81%AF%E8%AA%BC/" "Mozilla/5.0 (iPhone; CPU iPhone OS 26_6_0 like Mac OS X) AppleWebKit/605.1.15 (KHTML, like Gecko) GSA/433.5.957829776 Mobile/15E148 Safari/604.1"
2001:b400:e2f0:5445:1402:9bd:5e49:6bbc - - [17/Aug/2026:10:43:45 +0800] "GET /26150/wp-includes/js/imagesloaded.min.js HTTP/1.1" 200 2683 "https://2blog.ilc.edu.tw/26150/2026/08/12/%E8%BD%89%E7%9F%A5%E5%AE%9C%E8%98%AD%E7%B8%A3%E6%94%BF%E5%BA%9C%E3%80%8C%E6%9A%96%E6%9A%96%E8%98%AD%E9%99%BD%EF%BC%8C%E5%BE%AE%E7%94%9C%E6%AD%A3%E5%A5%BD%E3%80%8D%E5%96%AE%E8%BA%AB%E8%81%AF%E8%AA%BC/" "Mozilla/5.0 (iPhone; CPU iPhone OS 26_6_0 like Mac OS X) AppleWebKit/605.1.15 (KHTML, like Gecko) GSA/433.5.957829776 Mobile/15E148 Safari/604.1"
2001:b400:e2f0:5445:1402:9bd:5e49:6bbc - - [17/Aug/2026:10:43:45 +0800] "GET /26150/wp-content/themes/oceanwp/assets/js/theme.min.js HTTP/1.1" 200 5130 "https://2blog.ilc.edu.tw/26150/2026/08/12/%E8%BD%89%E7%9F%A5%E5%AE%9C%E8%98%AD%E7%B8%A3%E6%94%BF%E5%BA%9C%E3%80%8C%E6%9A%96%E6%9A%96%E8%98%AD%E9%99%BD%EF%BC%8C%E5%BE%AE%E7%94%9C%E6%AD%A3%E5%A5%BD%E3%80%8D%E5%96%AE%E8%BA%AB%E8%81%AF%E8%AA%BC/" "Mozilla/5.0 (iPhone; CPU iPhone OS 26_6_0 like Mac OS X) AppleWebKit/605.1.15 (KHTML, like Gecko) GSA/433.5.957829776 Mobile/15E148 Safari/604.1"
2001:b400:e2f0:5445:1402:9bd:5e49:6bbc - - [17/Aug/2026:10:43:45 +0800] "GET /26150/wp-content/themes/oceanwp/assets/js/drop-down-search.min.js HTTP/1.1" 200 2968 "https://2blog.ilc.edu.tw/26150/2026/08/12/%E8%BD%89%E7%9F%A5%E5%AE%9C%E8%98%AD%E7%B8%A3%E6%94%BF%E5%BA%9C%E3%80%8C%E6%9A%96%E6%9A%96%E8%98%AD%E9%99%BD%EF%BC%8C%E5%BE%AE%E7%94%9C%E6%AD%A3%E5%A5%BD%E3%80%8D%E5%96%AE%E8%BA%AB%E8%81%AF%E8%AA%BC/" "Mozilla/5.0 (iPhone; CPU iPhone OS 26_6_0 like Mac OS X) AppleWebKit/605.1.15 (KHTML, like Gecko) GSA/433.5.957829776 Mobile/15E148 Safari/604.1"
2001:b400:e2f0:5445:1402:9bd:5e49:6bbc - - [17/Aug/2026:10:43:45 +0800] "GET /26150/wp-content/themes/oceanwp/assets/js/drop-down-mobile-menu.min.js HTTP/1.1" 200 4663 "https://2blog.ilc.edu.tw/26150/2026/08/12/%E8%BD%89%E7%9F%A5%E5%AE%9C%E8%98%AD%E7%B8%A3%E6%94%BF%E5%BA%9C%E3%80%8C%E6%9A%96%E6%9A%96%E8%98%AD%E9%99%BD%EF%BC%8C%E5%BE%AE%E7%94%9C%E6%AD%A3%E5%A5%BD%E3%80%8D%E5%96%AE%E8%BA%AB%E8%81%AF%E8%AA%BC/" "Mozilla/5.0 (iPhone; CPU iPhone OS 26_6_0 like Mac OS X) AppleWebKit/605.1.15 (KHTML, like Gecko) GSA/433.5.957829776 Mobile/15E148 Safari/604.1"
2001:b400:e2f0:5445:1402:9bd:5e49:6bbc - - [17/Aug/2026:10:43:45 +0800] "GET /26150/wp-content/themes/oceanwp/assets/js/vendors/magnific-popup.min.js HTTP/1.1" 200 8270 "https://2blog.ilc.edu.tw/26150/2026/08/12/%E8%BD%89%E7%9F%A5%E5%AE%9C%E8%98%AD%E7%B8%A3%E6%94%BF%E5%BA%9C%E3%80%8C%E6%9A%96%E6%9A%96%E8%98%AD%E9%99%BD%EF%BC%8C%E5%BE%AE%E7%94%9C%E6%AD%A3%E5%A5%BD%E3%80%8D%E5%96%AE%E8%BA%AB%E8%81%AF%E8%AA%BC/" "Mozilla/5.0 (iPhone; CPU iPhone OS 26_6_0 like Mac OS X) AppleWebKit/605.1.15 (KHTML, like Gecko) GSA/433.5.957829776 Mobile/15E148 Safari/604.1"
2001:b400:e2f0:5445:1402:9bd:5e49:6bbc - - [17/Aug/2026:10:43:45 +0800] "GET /26150/wp-content/themes/oceanwp/assets/js/ow-lightbox.min.js HTTP/1.1" 200 2321 "https://2blog.ilc.edu.tw/26150/2026/08/12/%E8%BD%89%E7%9F%A5%E5%AE%9C%E8%98%AD%E7%B8%A3%E6%94%BF%E5%BA%9C%E3%80%8C%E6%9A%96%E6%9A%96%E8%98%AD%E9%99%BD%EF%BC%8C%E5%BE%AE%E7%94%9C%E6%AD%A3%E5%A5%BD%E3%80%8D%E5%96%AE%E8%BA%AB%E8%81%AF%E8%AA%BC/" "Mozilla/5.0 (iPhone; CPU iPhone OS 26_6_0 like Mac OS X) AppleWebKit/605.1.15 (KHTML, like Gecko) GSA/433.5.957829776 Mobile/15E148 Safari/604.1"
2001:b400:e2f0:5445:1402:9bd:5e49:6bbc - - [17/Aug/2026:10:43:45 +0800] "GET /26150/wp-content/themes/oceanwp/assets/js/ow-slider.min.js HTTP/1.1" 200 1761 "https://2blog.ilc.edu.tw/26150/2026/08/12/%E8%BD%89%E7%9F%A5%E5%AE%9C%E8%98%AD%E7%B8%A3%E6%94%BF%E5%BA%9C%E3%80%8C%E6%9A%96%E6%9A%96%E8%98%AD%E9%99%BD%EF%BC%8C%E5%BE%AE%E7%94%9C%E6%AD%A3%E5%A5%BD%E3%80%8D%E5%96%AE%E8%BA%AB%E8%81%AF%E8%AA%BC/" "Mozilla/5.0 (iPhone; CPU iPhone OS 26_6_0 like Mac OS X) AppleWebKit/605.1.15 (KHTML, like Gecko) GSA/433.5.957829776 Mobile/15E148 Safari/604.1"
2001:b400:e2f0:5445:1402:9bd:5e49:6bbc - - [17/Aug/2026:10:43:45 +0800] "GET /26150/wp-content/themes/oceanwp/assets/js/vendors/flickity.pkgd.min.js HTTP/1.1" 200 15048 "https://2blog.ilc.edu.tw/26150/2026/08/12/%E8%BD%89%E7%9F%A5%E5%AE%9C%E8%98%AD%E7%B8%A3%E6%94%BF%E5%BA%9C%E3%80%8C%E6%9A%96%E6%9A%96%E8%98%AD%E9%99%BD%EF%BC%8C%E5%BE%AE%E7%94%9C%E6%AD%A3%E5%A5%BD%E3%80%8D%E5%96%AE%E8%BA%AB%E8%81%AF%E8%AA%BC/" "Mozilla/5.0 (iPhone; CPU iPhone OS 26_6_0 like Mac OS X) AppleWebKit/605.1.15 (KHTML, like Gecko) GSA/433.5.957829776 Mobile/15E148 Safari/604.1"
2001:b400:e2f0:5445:1402:9bd:5e49:6bbc - - [17/Aug/2026:10:43:45 +0800] "GET /26150/wp-content/themes/oceanwp/assets/js/scroll-top.min.js HTTP/1.1" 200 3202 "https://2blog.ilc.edu.tw/26150/2026/08/12/%E8%BD%89%E7%9F%A5%E5%AE%9C%E8%98%AD%E7%B8%A3%E6%94%BF%E5%BA%9C%E3%80%8C%E6%9A%96%E6%9A%96%E8%98%AD%E9%99%BD%EF%BC%8C%E5%BE%AE%E7%94%9C%E6%AD%A3%E5%A5%BD%E3%80%8D%E5%96%AE%E8%BA%AB%E8%81%AF%E8%AA%BC/" "Mozilla/5.0 (iPhone; CPU iPhone OS 26_6_0 like Mac OS X) AppleWebKit/605.1.15 (KHTML, like Gecko) GSA/433.5.957829776 Mobile/15E148 Safari/604.1"
2001:b400:e2f0:5445:1402:9bd:5e49:6bbc - - [17/Aug/2026:10:43:45 +0800] "GET /26150/wp-content/themes/oceanwp/assets/js/scroll-effect.min.js HTTP/1.1" 200 4127 "https://2blog.ilc.edu.tw/26150/2026/08/12/%E8%BD%89%E7%9F%A5%E5%AE%9C%E8%98%AD%E7%B8%A3%E6%94%BF%E5%BA%9C%E3%80%8C%E6%9A%96%E6%9A%96%E8%98%AD%E9%99%BD%EF%BC%8C%E5%BE%AE%E7%94%9C%E6%AD%A3%E5%A5%BD%E3%80%8D%E5%96%AE%E8%BA%AB%E8%81%AF%E8%AA%BC/" "Mozilla/5.0 (iPhone; CPU iPhone OS 26_6_0 like Mac OS X) AppleWebKit/605.1.15 (KHTML, like Gecko) GSA/433.5.957829776 Mobile/15E148 Safari/604.1"
2001:b400:e2f0:5445:1402:9bd:5e49:6bbc - - [17/Aug/2026:10:43:45 +0800] "GET /26150/wp-content/themes/oceanwp/assets/js/select.min.js HTTP/1.1" 200 2408 "https://2blog.ilc.edu.tw/26150/2026/08/12/%E8%BD%89%E7%9F%A5%E5%AE%9C%E8%98%AD%E7%B8%A3%E6%94%BF%E5%BA%9C%E3%80%8C%E6%9A%96%E6%9A%96%E8%98%AD%E9%99%BD%EF%BC%8C%E5%BE%AE%E7%94%9C%E6%AD%A3%E5%A5%BD%E3%80%8D%E5%96%AE%E8%BA%AB%E8%81%AF%E8%AA%BC/" "Mozilla/5.0 (iPhone; CPU iPhone OS 26_6_0 like Mac OS X) AppleWebKit/605.1.15 (KHTML, like Gecko) GSA/433.5.957829776 Mobile/15E148 Safari/604.1"
2001:b400:e2f0:5445:1402:9bd:5e49:6bbc - - [17/Aug/2026:10:43:45 +0800] "GET /26150/wp-content/plugins/ocean-extra/includes/widgets/js/flickr.min.js HTTP/1.1" 200 1319 "https://2blog.ilc.edu.tw/26150/2026/08/12/%E8%BD%89%E7%9F%A5%E5%AE%9C%E8%98%AD%E7%B8%A3%E6%94%BF%E5%BA%9C%E3%80%8C%E6%9A%96%E6%9A%96%E8%98%AD%E9%99%BD%EF%BC%8C%E5%BE%AE%E7%94%9C%E6%AD%A3%E5%A5%BD%E3%80%8D%E5%96%AE%E8%BA%AB%E8%81%AF%E8%AA%BC/" "Mozilla/5.0 (iPhone; CPU iPhone OS 26_6_0 like Mac OS X) AppleWebKit/605.1.15 (KHTML, like Gecko) GSA/433.5.957829776 Mobile/15E148 Safari/604.1"
2001:b400:e2f0:5445:1402:9bd:5e49:6bbc - - [17/Aug/2026:10:43:45 +0800] "GET /26150/wp-content/plugins/elementor-pro/assets/lib/smartmenus/jquery.smartmenus.min.js HTTP/1.1" 200 7967 "https://2blog.ilc.edu.tw/26150/2026/08/12/%E8%BD%89%E7%9F%A5%E5%AE%9C%E8%98%AD%E7%B8%A3%E6%94%BF%E5%BA%9C%E3%80%8C%E6%9A%96%E6%9A%96%E8%98%AD%E9%99%BD%EF%BC%8C%E5%BE%AE%E7%94%9C%E6%AD%A3%E5%A5%BD%E3%80%8D%E5%96%AE%E8%BA%AB%E8%81%AF%E8%AA%BC/" "Mozilla/5.0 (iPhone; CPU iPhone OS 26_6_0 like Mac OS X) AppleWebKit/605.1.15 (KHTML, like Gecko) GSA/433.5.957829776 Mobile/15E148 Safari/604.1"
2001:b400:e2f0:5445:1402:9bd:5e49:6bbc - - [17/Aug/2026:10:43:45 +0800] "GET /26150/wp-content/plugins/elementor/assets/js/webpack.runtime.min.js HTTP/1.1" 200 3095 "https://2blog.ilc.edu.tw/26150/2026/08/12/%E8%BD%89%E7%9F%A5%E5%AE%9C%E8%98%AD%E7%B8%A3%E6%94%BF%E5%BA%9C%E3%80%8C%E6%9A%96%E6%9A%96%E8%98%AD%E9%99%BD%EF%BC%8C%E5%BE%AE%E7%94%9C%E6%AD%A3%E5%A5%BD%E3%80%8D%E5%96%AE%E8%BA%AB%E8%81%AF%E8%AA%BC/" "Mozilla/5.0 (iPhone; CPU iPhone OS 26_6_0 like Mac OS X) AppleWebKit/605.1.15 (KHTML, like Gecko) GSA/433.5.957829776 Mobile/15E148 Safari/604.1"
2001:b400:e2f0:5445:1402:9bd:5e49:6bbc - - [17/Aug/2026:10:43:45 +0800] "GET /26150/wp-content/plugins/elementor-pro/assets/js/webpack-pro.runtime.min.js HTTP/1.1" 200 3562 "https://2blog.ilc.edu.tw/26150/2026/08/12/%E8%BD%89%E7%9F%A5%E5%AE%9C%E8%98%AD%E7%B8%A3%E6%94%BF%E5%BA%9C%E3%80%8C%E6%9A%96%E6%9A%96%E8%98%AD%E9%99%BD%EF%BC%8C%E5%BE%AE%E7%94%9C%E6%AD%A3%E5%A5%BD%E3%80%8D%E5%96%AE%E8%BA%AB%E8%81%AF%E8%AA%BC/" "Mozilla/5.0 (iPhone; CPU iPhone OS 26_6_0 like Mac OS X) AppleWebKit/605.1.15 (KHTML, like Gecko) GSA/433.5.957829776 Mobile/15E148 Safari/604.1"
2001:b400:e2f0:5445:1402:9bd:5e49:6bbc - - [17/Aug/2026:10:43:45 +0800] "GET /26150/wp-content/plugins/elementor/assets/js/frontend-modules.min.js HTTP/1.1" 200 19416 "https://2blog.ilc.edu.tw/26150/2026/08/12/%E8%BD%89%E7%9F%A5%E5%AE%9C%E8%98%AD%E7%B8%A3%E6%94%BF%E5%BA%9C%E3%80%8C%E6%9A%96%E6%9A%96%E8%98%AD%E9%99%BD%EF%BC%8C%E5%BE%AE%E7%94%9C%E6%AD%A3%E5%A5%BD%E3%80%8D%E5%96%AE%E8%BA%AB%E8%81%AF%E8%AA%BC/" "Mozilla/5.0 (iPhone; CPU iPhone OS 26_6_0 like Mac OS X) AppleWebKit/605.1.15 (KHTML, like Gecko) GSA/433.5.957829776 Mobile/15E148 Safari/604.1"
2001:b400:e2f0:5445:1402:9bd:5e49:6bbc - - [17/Aug/2026:10:43:45 +0800] "GET /26150/wp-includes/js/dist/hooks.min.js HTTP/1.1" 200 2421 "https://2blog.ilc.edu.tw/26150/2026/08/12/%E8%BD%89%E7%9F%A5%E5%AE%9C%E8%98%AD%E7%B8%A3%E6%94%BF%E5%BA%9C%E3%80%8C%E6%9A%96%E6%9A%96%E8%98%AD%E9%99%BD%EF%BC%8C%E5%BE%AE%E7%94%9C%E6%AD%A3%E5%A5%BD%E3%80%8D%E5%96%AE%E8%BA%AB%E8%81%AF%E8%AA%BC/" "Mozilla/5.0 (iPhone; CPU iPhone OS 26_6_0 like Mac OS X) AppleWebKit/605.1.15 (KHTML, like Gecko) GSA/433.5.957829776 Mobile/15E148 Safari/604.1"
2001:b400:e2f0:5445:1402:9bd:5e49:6bbc - - [17/Aug/2026:10:43:45 +0800] "GET /26150/wp-includes/js/dist/i18n.min.js HTTP/1.1" 200 4547 "https://2blog.ilc.edu.tw/26150/2026/08/12/%E8%BD%89%E7%9F%A5%E5%AE%9C%E8%98%AD%E7%B8%A3%E6%94%BF%E5%BA%9C%E3%80%8C%E6%9A%96%E6%9A%96%E8%98%AD%E9%99%BD%EF%BC%8C%E5%BE%AE%E7%94%9C%E6%AD%A3%E5%A5%BD%E3%80%8D%E5%96%AE%E8%BA%AB%E8%81%AF%E8%AA%BC/" "Mozilla/5.0 (iPhone; CPU iPhone OS 26_6_0 like Mac OS X) AppleWebKit/605.1.15 (KHTML, like Gecko) GSA/433.5.957829776 Mobile/15E148 Safari/604.1"
2001:b400:e2f0:5445:1402:9bd:5e49:6bbc - - [17/Aug/2026:10:43:45 +0800] "GET /26150/wp-content/plugins/elementor-pro/assets/js/frontend.min.js HTTP/1.1" 200 7574 "https://2blog.ilc.edu.tw/26150/2026/08/12/%E8%BD%89%E7%9F%A5%E5%AE%9C%E8%98%AD%E7%B8%A3%E6%94%BF%E5%BA%9C%E3%80%8C%E6%9A%96%E6%9A%96%E8%98%AD%E9%99%BD%EF%BC%8C%E5%BE%AE%E7%94%9C%E6%AD%A3%E5%A5%BD%E3%80%8D%E5%96%AE%E8%BA%AB%E8%81%AF%E8%AA%BC/" "Mozilla/5.0 (iPhone; CPU iPhone OS 26_6_0 like Mac OS X) AppleWebKit/605.1.15 (KHTML, like Gecko) GSA/433.5.957829776 Mobile/15E148 Safari/604.1"
2001:b400:e2f0:5445:1402:9bd:5e49:6bbc - - [17/Aug/2026:10:43:45 +0800] "GET /26150/wp-content/plugins/elementor/assets/lib/waypoints/waypoints.min.js HTTP/1.1" 200 3873 "https://2blog.ilc.edu.tw/26150/2026/08/12/%E8%BD%89%E7%9F%A5%E5%AE%9C%E8%98%AD%E7%B8%A3%E6%94%BF%E5%BA%9C%E3%80%8C%E6%9A%96%E6%9A%96%E8%98%AD%E9%99%BD%EF%BC%8C%E5%BE%AE%E7%94%9C%E6%AD%A3%E5%A5%BD%E3%80%8D%E5%96%AE%E8%BA%AB%E8%81%AF%E8%AA%BC/" "Mozilla/5.0 (iPhone; CPU iPhone OS 26_6_0 like Mac OS X) AppleWebKit/605.1.15 (KHTML, like Gecko) GSA/433.5.957829776 Mobile/15E148 Safari/604.1"
2001:b400:e2f0:5445:1402:9bd:5e49:6bbc - - [17/Aug/2026:10:43:45 +0800] "GET /26150/wp-content/plugins/elementor/assets/js/frontend.min.js HTTP/1.1" 200 13169 "https://2blog.ilc.edu.tw/26150/2026/08/12/%E8%BD%89%E7%9F%A5%E5%AE%9C%E8%98%AD%E7%B8%A3%E6%94%BF%E5%BA%9C%E3%80%8C%E6%9A%96%E6%9A%96%E8%98%AD%E9%99%BD%EF%BC%8C%E5%BE%AE%E7%94%9C%E6%AD%A3%E5%A5%BD%E3%80%8D%E5%96%AE%E8%BA%AB%E8%81%AF%E8%AA%BC/" "Mozilla/5.0 (iPhone; CPU iPhone OS 26_6_0 like Mac OS X) AppleWebKit/605.1.15 (KHTML, like Gecko) GSA/433.5.957829776 Mobile/15E148 Safari/604.1"
2001:b400:e2f0:5445:1402:9bd:5e49:6bbc - - [17/Aug/2026:10:43:45 +0800] "GET /26150/wp-content/plugins/elementor-pro/assets/js/elements-handlers.min.js HTTP/1.1" 200 10882 "https://2blog.ilc.edu.tw/26150/2026/08/12/%E8%BD%89%E7%9F%A5%E5%AE%9C%E8%98%AD%E7%B8%A3%E6%94%BF%E5%BA%9C%E3%80%8C%E6%9A%96%E6%9A%96%E8%98%AD%E9%99%BD%EF%BC%8C%E5%BE%AE%E7%94%9C%E6%AD%A3%E5%A5%BD%E3%80%8D%E5%96%AE%E8%BA%AB%E8%81%AF%E8%AA%BC/" "Mozilla/5.0 (iPhone; CPU iPhone OS 26_6_0 like Mac OS X) AppleWebKit/605.1.15 (KHTML, like Gecko) GSA/433.5.957829776 Mobile/15E148 Safari/604.1"
2001:b400:e2f0:5445:1402:9bd:5e49:6bbc - - [17/Aug/2026:10:43:45 +0800] "GET /26150/wp-includes/js/jquery/ui/core.min.js HTTP/1.1" 200 7986 "https://2blog.ilc.edu.tw/26150/2026/08/12/%E8%BD%89%E7%9F%A5%E5%AE%9C%E8%98%AD%E7%B8%A3%E6%94%BF%E5%BA%9C%E3%80%8C%E6%9A%96%E6%9A%96%E8%98%AD%E9%99%BD%EF%BC%8C%E5%BE%AE%E7%94%9C%E6%AD%A3%E5%A5%BD%E3%80%8D%E5%96%AE%E8%BA%AB%E8%81%AF%E8%AA%BC/" "Mozilla/5.0 (iPhone; CPU iPhone OS 26_6_0 like Mac OS X) AppleWebKit/605.1.15 (KHTML, like Gecko) GSA/433.5.957829776 Mobile/15E148 Safari/604.1"
2001:b400:e2f0:5445:1402:9bd:5e49:6bbc - - [17/Aug/2026:10:43:45 +0800] "GET /26150/wp-content/themes/oceanwp/assets/fonts/simple-line-icons/Simple-Line-Icons.woff2?v=2.4.0 HTTP/1.1" 200 30959 "https://2blog.ilc.edu.tw/26150/2026/08/12/%E8%BD%89%E7%9F%A5%E5%AE%9C%E8%98%AD%E7%B8%A3%E6%94%BF%E5%BA%9C%E3%80%8C%E6%9A%96%E6%9A%96%E8%98%AD%E9%99%BD%EF%BC%8C%E5%BE%AE%E7%94%9C%E6%AD%A3%E5%A5%BD%E3%80%8D%E5%96%AE%E8%BA%AB%E8%81%AF%E8%AA%BC/" "Mozilla/5.0 (iPhone; CPU iPhone OS 26_6_0 like Mac OS X) AppleWebKit/605.1.15 (KHTML, like Gecko) GSA/433.5.957829776 Mobile/15E148 Safari/604.1"
2001:b400:e2f0:5445:1402:9bd:5e49:6bbc - - [17/Aug/2026:10:43:45 +0800] "GET /26150/wp-content/plugins/elementor/assets/lib/eicons/fonts/eicons.woff2?5.30.0 HTTP/1.1" 200 98225 "https://2blog.ilc.edu.tw/26150/2026/08/12/%E8%BD%89%E7%9F%A5%E5%AE%9C%E8%98%AD%E7%B8%A3%E6%94%BF%E5%BA%9C%E3%80%8C%E6%9A%96%E6%9A%96%E8%98%AD%E9%99%BD%EF%BC%8C%E5%BE%AE%E7%94%9C%E6%AD%A3%E5%A5%BD%E3%80%8D%E5%96%AE%E8%BA%AB%E8%81%AF%E8%AA%BC/" "Mozilla/5.0 (iPhone; CPU iPhone OS 26_6_0 like Mac OS X) AppleWebKit/605.1.15 (KHTML, like Gecko) GSA/433.5.957829776 Mobile/15E148 Safari/604.1"
2001:b400:e2f0:5445:1402:9bd:5e49:6bbc - - [17/Aug/2026:10:43:45 +0800] "GET /26150/wp-content/themes/oceanwp/assets/fonts/fontawesome/webfonts/fa-solid-900.woff2 HTTP/1.1" 200 151246 "https://2blog.ilc.edu.tw/26150/2026/08/12/%E8%BD%89%E7%9F%A5%E5%AE%9C%E8%98%AD%E7%B8%A3%E6%94%BF%E5%BA%9C%E3%80%8C%E6%9A%96%E6%9A%96%E8%98%AD%E9%99%BD%EF%BC%8C%E5%BE%AE%E7%94%9C%E6%AD%A3%E5%A5%BD%E3%80%8D%E5%96%AE%E8%BA%AB%E8%81%AF%E8%AA%BC/" "Mozilla/5.0 (iPhone; CPU iPhone OS 26_6_0 like Mac OS X) AppleWebKit/605.1.15 (KHTML, like Gecko) GSA/433.5.957829776 Mobile/15E148 Safari/604.1"
2001:b400:e2f0:5445:1402:9bd:5e49:6bbc - - [17/Aug/2026:10:43:45 +0800] "GET /26150/wp-content/plugins/elementor-pro/assets/js/nav-menu.e65811186e94a386ba7b.bundle.min.js HTTP/1.1" 200 2690 "https://2blog.ilc.edu.tw/26150/2026/08/12/%E8%BD%89%E7%9F%A5%E5%AE%9C%E8%98%AD%E7%B8%A3%E6%94%BF%E5%BA%9C%E3%80%8C%E6%9A%96%E6%9A%96%E8%98%AD%E9%99%BD%EF%BC%8C%E5%BE%AE%E7%94%9C%E6%AD%A3%E5%A5%BD%E3%80%8D%E5%96%AE%E8%BA%AB%E8%81%AF%E8%AA%BC/" "Mozilla/5.0 (iPhone; CPU iPhone OS 26_6_0 like Mac OS X) AppleWebKit/605.1.15 (KHTML, like Gecko) GSA/433.5.957829776 Mobile/15E148 Safari/604.1"
2001:b400:e2f0:5445:1402:9bd:5e49:6bbc - - [17/Aug/2026:10:43:45 +0800] "GET /26150/wp-content/uploads/sites/67/2026/08/376420000A_1150142217_ATTACH1.jpg HTTP/1.1" 200 809916 "https://2blog.ilc.edu.tw/26150/2026/08/12/%E8%BD%89%E7%9F%A5%E5%AE%9C%E8%98%AD%E7%B8%A3%E6%94%BF%E5%BA%9C%E3%80%8C%E6%9A%96%E6%9A%96%E8%98%AD%E9%99%BD%EF%BC%8C%E5%BE%AE%E7%94%9C%E6%AD%A3%E5%A5%BD%E3%80%8D%E5%96%AE%E8%BA%AB%E8%81%AF%E8%AA%BC/" "Mozilla/5.0 (iPhone; CPU iPhone OS 26_6_0 like Mac OS X) AppleWebKit/605.1.15 (KHTML, like Gecko) GSA/433.5.957829776 Mobile/15E148 Safari/604.1"
66.249.68.136 - - [17/Aug/2026:10:43:43 +0800] "GET /wp-login.php?action=ilc_logout&_wpnonce=43754d0aad&redirect_to=http://kaspiyskinvest.ru/job/78803/ HTTP/1.1" 302 8251 "-" "Mozilla/5.0 (Linux; Android 6.0.1; Nexus 5X Build/MMB29P) AppleWebKit/537.36 (KHTML, like Gecko) Chrome/150.0.7871.186 Mobile Safari/537.36 (compatible; Googlebot/2.1; +http://www.google.com/bot.html)"
2001:b400:e2f0:5445:1402:9bd:5e49:6bbc - - [17/Aug/2026:10:43:45 +0800] "GET /26150/wp-content/uploads/sites/67/2020/03/%E6%96%B0%E5%B8%83%E8%90%BD%E6%A0%BC.png HTTP/1.1" 200 6864 "https://2blog.ilc.edu.tw/26150/2026/08/12/%E8%BD%89%E7%9F%A5%E5%AE%9C%E8%98%AD%E7%B8%A3%E6%94%BF%E5%BA%9C%E3%80%8C%E6%9A%96%E6%9A%96%E8%98%AD%E9%99%BD%EF%BC%8C%E5%BE%AE%E7%94%9C%E6%AD%A3%E5%A5%BD%E3%80%8D%E5%96%AE%E8%BA%AB%E8%81%AF%E8%AA%BC/" "Mozilla/5.0 (iPhone; CPU iPhone OS 26_6_0 like Mac OS X) AppleWebKit/605.1.15 (KHTML, like Gecko) GSA/433.5.957829776 Mobile/15E148 Safari/604.1"
2001:288:a201::66:125 - - [17/Aug/2026:10:43:45 +0800] "GET /blog/active.php HTTP/1.1" 404 1084 "-" "-"
2001:288:a201::66:125 - - [17/Aug/2026:10:43:45 +0800] "GET /blog/active.php HTTP/1.1" 301 1026 "-" "-"
140.111.67.195 - - [17/Aug/2026:10:43:45 +0800] "GET /wp-admin/admin-post.php?action=steps_ad HTTP/1.1" 200 1649 "-" "node-fetch/1.0 (+https://github.com/bitinn/node-fetch)"
192.178.15.32 - - [17/Aug/2026:10:43:46 +0800] "GET /26150/2026/08/12/%E8%BD%89%E7%9F%A5%E5%AE%9C%E8%98%AD%E7%B8%A3%E6%94%BF%E5%BA%9C%E3%80%8C%E6%9A%96%E6%9A%96%E8%98%AD%E9%99%BD%EF%BC%8C%E5%BE%AE%E7%94%9C%E6%AD%A3%E5%A5%BD%E3%80%8D%E5%96%AE%E8%BA%AB%E8%81%AF%E8%AA%BC/ HTTP/1.1" 200 23007 "-" "Mozilla/5.0 (Linux; Android 10; K) AppleWebKit/537.36 (KHTML, like Gecko) Chrome/138.0.0.0 Mobile Safari/537.36 (compatible; Google-Read-Aloud; +https://support.google.com/webmasters/answer/1061943)"
66.249.68.136 - - [17/Aug/2026:10:43:45 +0800] "GET /wp-login.php?action=ilc_logout&_wpnonce=43754d0aad&redirect_to=http://krismebrand.ru/job/32163/ HTTP/1.1" 302 3461 "-" "Mozilla/5.0 (Linux; Android 6.0.1; Nexus 5X Build/MMB29P) AppleWebKit/537.36 (KHTML, like Gecko) Chrome/150.0.7871.186 Mobile Safari/537.36 (compatible; Googlebot/2.1; +http://www.google.com/bot.html)"
192.178.15.32 - - [17/Aug/2026:10:43:47 +0800] "GET /26150/wp-content/uploads/sites/67/elementor/css/post-2148.css HTTP/1.1" 200 1519 "https://2blog.ilc.edu.tw/26150/2026/08/12/%E8%BD%89%E7%9F%A5%E5%AE%9C%E8%98%AD%E7%B8%A3%E6%94%BF%E5%BA%9C%E3%80%8C%E6%9A%96%E6%9A%96%E8%98%AD%E9%99%BD%EF%BC%8C%E5%BE%AE%E7%94%9C%E6%AD%A3%E5%A5%BD%E3%80%8D%E5%96%AE%E8%BA%AB%E8%81%AF%E8%AA%BC/" "Mozilla/5.0 (Linux; Android 10; K) AppleWebKit/537.36 (KHTML, like Gecko) Chrome/138.0.0.0 Mobile Safari/537.36 (compatible; Google-Read-Aloud; +https://support.google.com/webmasters/answer/1061943)"
2001:b400:e2f0:5445:1402:9bd:5e49:6bbc - - [17/Aug/2026:10:43:45 +0800] "POST /26150/wp-json/ilc-summary/v1/popular-posts HTTP/1.1" 201 1400 "https://2blog.ilc.edu.tw/26150/2026/08/12/%E8%BD%89%E7%9F%A5%E5%AE%9C%E8%98%AD%E7%B8%A3%E6%94%BF%E5%BA%9C%E3%80%8C%E6%9A%96%E6%9A%96%E8%98%AD%E9%99%BD%EF%BC%8C%E5%BE%AE%E7%94%9C%E6%AD%A3%E5%A5%BD%E3%80%8D%E5%96%AE%E8%BA%AB%E8%81%AF%E8%AA%BC/" "Mozilla/5.0 (iPhone; CPU iPhone OS 26_6_0 like Mac OS X) AppleWebKit/605.1.15 (KHTML, like Gecko) GSA/433.5.957829776 Mobile/15E148 Safari/604.1"
192.178.15.41 - - [17/Aug/2026:10:43:47 +0800] "GET /26150/wp-content/cache/2blog.ilc.edu.tw/wpfc-minified/l0gr23lq/5wols.css HTTP/1.1" 200 14140 "https://2blog.ilc.edu.tw/26150/2026/08/12/%E8%BD%89%E7%9F%A5%E5%AE%9C%E8%98%AD%E7%B8%A3%E6%94%BF%E5%BA%9C%E3%80%8C%E6%9A%96%E6%9A%96%E8%98%AD%E9%99%BD%EF%BC%8C%E5%BE%AE%E7%94%9C%E6%AD%A3%E5%A5%BD%E3%80%8D%E5%96%AE%E8%BA%AB%E8%81%AF%E8%AA%BC/" "Mozilla/5.0 (Linux; Android 10; K) AppleWebKit/537.36 (KHTML, like Gecko) Chrome/138.0.0.0 Mobile Safari/537.36 (compatible; Google-Read-Aloud; +https://support.google.com/webmasters/answer/1061943)"
192.178.15.32 - - [17/Aug/2026:10:43:47 +0800] "GET /26150/wp-includes/js/admin-bar.min.js HTTP/1.1" 200 7018 "https://2blog.ilc.edu.tw/26150/2026/08/12/%E8%BD%89%E7%9F%A5%E5%AE%9C%E8%98%AD%E7%B8%A3%E6%94%BF%E5%BA%9C%E3%80%8C%E6%9A%96%E6%9A%96%E8%98%AD%E9%99%BD%EF%BC%8C%E5%BE%AE%E7%94%9C%E6%AD%A3%E5%A5%BD%E3%80%8D%E5%96%AE%E8%BA%AB%E8%81%AF%E8%AA%BC/" "Mozilla/5.0 (Linux; Android 10; K) AppleWebKit/537.36 (KHTML, like Gecko) Chrome/138.0.0.0 Mobile Safari/537.36 (compatible; Google-Read-Aloud; +https://support.google.com/webmasters/answer/1061943)"
192.178.15.41 - - [17/Aug/2026:10:43:47 +0800] "GET /26150/wp-includes/js/hoverintent-js.min.js HTTP/1.1" 200 6378 "https://2blog.ilc.edu.tw/26150/2026/08/12/%E8%BD%89%E7%9F%A5%E5%AE%9C%E8%98%AD%E7%B8%A3%E6%94%BF%E5%BA%9C%E3%80%8C%E6%9A%96%E6%9A%96%E8%98%AD%E9%99%BD%EF%BC%8C%E5%BE%AE%E7%94%9C%E6%AD%A3%E5%A5%BD%E3%80%8D%E5%96%AE%E8%BA%AB%E8%81%AF%E8%AA%BC/" "Mozilla/5.0 (Linux; Android 10; K) AppleWebKit/537.36 (KHTML, like Gecko) Chrome/138.0.0.0 Mobile Safari/537.36 (compatible; Google-Read-Aloud; +https://support.google.com/webmasters/answer/1061943)"
192.178.15.41 - - [17/Aug/2026:10:43:47 +0800] "GET /26150/wp-content/uploads/sites/67/elementor/css/post-4937.css HTTP/1.1" 200 6051 "https://2blog.ilc.edu.tw/26150/2026/08/12/%E8%BD%89%E7%9F%A5%E5%AE%9C%E8%98%AD%E7%B8%A3%E6%94%BF%E5%BA%9C%E3%80%8C%E6%9A%96%E6%9A%96%E8%98%AD%E9%99%BD%EF%BC%8C%E5%BE%AE%E7%94%9C%E6%AD%A3%E5%A5%BD%E3%80%8D%E5%96%AE%E8%BA%AB%E8%81%AF%E8%AA%BC/" "Mozilla/5.0 (Linux; Android 10; K) AppleWebKit/537.36 (KHTML, like Gecko) Chrome/138.0.0.0 Mobile Safari/537.36 (compatible; Google-Read-Aloud; +https://support.google.com/webmasters/answer/1061943)"
192.178.15.32 - - [17/Aug/2026:10:43:47 +0800] "GET /26150/wp-content/cache/2blog.ilc.edu.tw/wpfc-minified/ehsm4i5w/5wols.css HTTP/1.1" 200 47287 "https://2blog.ilc.edu.tw/26150/2026/08/12/%E8%BD%89%E7%9F%A5%E5%AE%9C%E8%98%AD%E7%B8%A3%E6%94%BF%E5%BA%9C%E3%80%8C%E6%9A%96%E6%9A%96%E8%98%AD%E9%99%BD%EF%BC%8C%E5%BE%AE%E7%94%9C%E6%AD%A3%E5%A5%BD%E3%80%8D%E5%96%AE%E8%BA%AB%E8%81%AF%E8%AA%BC/" "Mozilla/5.0 (Linux; Android 10; K) AppleWebKit/537.36 (KHTML, like Gecko) Chrome/138.0.0.0 Mobile Safari/537.36 (compatible; Google-Read-Aloud; +https://support.google.com/webmasters/answer/1061943)"
192.178.15.32 - - [17/Aug/2026:10:43:47 +0800] "GET /26150/wp-content/cache/2blog.ilc.edu.tw/wpfc-minified/6zbzzhth/5wsy5.js HTTP/1.1" 200 6424 "https://2blog.ilc.edu.tw/26150/2026/08/12/%E8%BD%89%E7%9F%A5%E5%AE%9C%E8%98%AD%E7%B8%A3%E6%94%BF%E5%BA%9C%E3%80%8C%E6%9A%96%E6%9A%96%E8%98%AD%E9%99%BD%EF%BC%8C%E5%BE%AE%E7%94%9C%E6%AD%A3%E5%A5%BD%E3%80%8D%E5%96%AE%E8%BA%AB%E8%81%AF%E8%AA%BC/" "Mozilla/5.0 (Linux; Android 10; K) AppleWebKit/537.36 (KHTML, like Gecko) Chrome/138.0.0.0 Mobile Safari/537.36 (compatible; Google-Read-Aloud; +https://support.google.com/webmasters/answer/1061943)"
192.178.15.41 - - [17/Aug/2026:10:43:47 +0800] "GET /26150/wp-content/cache/2blog.ilc.edu.tw/wpfc-minified/6x0e63v1/5wols.css HTTP/1.1" 200 20563 "https://2blog.ilc.edu.tw/26150/2026/08/12/%E8%BD%89%E7%9F%A5%E5%AE%9C%E8%98%AD%E7%B8%A3%E6%94%BF%E5%BA%9C%E3%80%8C%E6%9A%96%E6%9A%96%E8%98%AD%E9%99%BD%EF%BC%8C%E5%BE%AE%E7%94%9C%E6%AD%A3%E5%A5%BD%E3%80%8D%E5%96%AE%E8%BA%AB%E8%81%AF%E8%AA%BC/" "Mozilla/5.0 (Linux; Android 10; K) AppleWebKit/537.36 (KHTML, like Gecko) Chrome/138.0.0.0 Mobile Safari/537.36 (compatible; Google-Read-Aloud; +https://support.google.com/webmasters/answer/1061943)"
192.178.15.41 - - [17/Aug/2026:10:43:47 +0800] "GET /26150/wp-content/cache/2blog.ilc.edu.tw/wpfc-minified/1r2kskm2/5wols.css HTTP/1.1" 200 45669 "https://2blog.ilc.edu.tw/26150/2026/08/12/%E8%BD%89%E7%9F%A5%E5%AE%9C%E8%98%AD%E7%B8%A3%E6%94%BF%E5%BA%9C%E3%80%8C%E6%9A%96%E6%9A%96%E8%98%AD%E9%99%BD%EF%BC%8C%E5%BE%AE%E7%94%9C%E6%AD%A3%E5%A5%BD%E3%80%8D%E5%96%AE%E8%BA%AB%E8%81%AF%E8%AA%BC/" "Mozilla/5.0 (Linux; Android 10; K) AppleWebKit/537.36 (KHTML, like Gecko) Chrome/138.0.0.0 Mobile Safari/537.36 (compatible; Google-Read-Aloud; +https://support.google.com/webmasters/answer/1061943)"
192.178.15.32 - - [17/Aug/2026:10:43:47 +0800] "GET /26150/wp-content/cache/2blog.ilc.edu.tw/wpfc-minified/kc6fgvop/5wols.css HTTP/1.1" 200 92093 "https://2blog.ilc.edu.tw/26150/2026/08/12/%E8%BD%89%E7%9F%A5%E5%AE%9C%E8%98%AD%E7%B8%A3%E6%94%BF%E5%BA%9C%E3%80%8C%E6%9A%96%E6%9A%96%E8%98%AD%E9%99%BD%EF%BC%8C%E5%BE%AE%E7%94%9C%E6%AD%A3%E5%A5%BD%E3%80%8D%E5%96%AE%E8%BA%AB%E8%81%AF%E8%AA%BC/" "Mozilla/5.0 (Linux; Android 10; K) AppleWebKit/537.36 (KHTML, like Gecko) Chrome/138.0.0.0 Mobile Safari/537.36 (compatible; Google-Read-Aloud; +https://support.google.com/webmasters/answer/1061943)"
192.178.15.40 - - [17/Aug/2026:10:43:47 +0800] "GET /26150/wp-content/cache/2blog.ilc.edu.tw/wpfc-minified/1r2kskm2/5wols.css HTTP/1.1" 200 45669 "https://2blog.ilc.edu.tw/26150/2026/08/12/%E8%BD%89%E7%9F%A5%E5%AE%9C%E8%98%AD%E7%B8%A3%E6%94%BF%E5%BA%9C%E3%80%8C%E6%9A%96%E6%9A%96%E8%98%AD%E9%99%BD%EF%BC%8C%E5%BE%AE%E7%94%9C%E6%AD%A3%E5%A5%BD%E3%80%8D%E5%96%AE%E8%BA%AB%E8%81%AF%E8%AA%BC/" "Mozilla/5.0 (Linux; Android 10; K) AppleWebKit/537.36 (KHTML, like Gecko) Chrome/138.0.0.0 Mobile Safari/537.36 (compatible; Google-Read-Aloud; +https://support.google.com/webmasters/answer/1061943)"
192.178.15.32 - - [17/Aug/2026:10:43:47 +0800] "GET /26150/wp-content/uploads/sites/67/elementor/css/post-2148.css HTTP/1.1" 200 6300 "https://2blog.ilc.edu.tw/26150/2026/08/12/%E8%BD%89%E7%9F%A5%E5%AE%9C%E8%98%AD%E7%B8%A3%E6%94%BF%E5%BA%9C%E3%80%8C%E6%9A%96%E6%9A%96%E8%98%AD%E9%99%BD%EF%BC%8C%E5%BE%AE%E7%94%9C%E6%AD%A3%E5%A5%BD%E3%80%8D%E5%96%AE%E8%BA%AB%E8%81%AF%E8%AA%BC/" "Mozilla/5.0 (Linux; Android 10; K) AppleWebKit/537.36 (KHTML, like Gecko) Chrome/138.0.0.0 Mobile Safari/537.36 (compatible; Google-Read-Aloud; +https://support.google.com/webmasters/answer/1061943)"
114.32.246.242 - - [17/Aug/2026:10:43:47 +0800] "GET /yilankindergartentest/wp-admin/profile.php HTTP/1.1" 200 29316 "https://2blog.ilc.edu.tw/yilankindergartentest/category/114%e5%ad%b8%e5%b9%b4%e5%ba%a6%e4%b8%8b%e5%ad%b8%e6%9c%9f%e9%98%b2%e7%81%bd%e6%bc%94%e7%b7%b4%e8%85%b3%e6%9c%ac/" "Mozilla/5.0 (Windows NT 10.0; Win64; x64) AppleWebKit/537.36 (KHTML, like Gecko) Chrome/151.0.0.0 Safari/537.36"
114.32.246.242 - - [17/Aug/2026:10:43:47 +0800] "GET /yilankindergartentest/wp-admin/js/application-passwords.min.js HTTP/1.1" 200 1992 "https://2blog.ilc.edu.tw/yilankindergartentest/wp-admin/profile.php" "Mozilla/5.0 (Windows NT 10.0; Win64; x64) AppleWebKit/537.36 (KHTML, like Gecko) Chrome/151.0.0.0 Safari/537.36"
192.178.15.32 - - [17/Aug/2026:10:43:48 +0800] "GET /26150/wp-includes/js/imagesloaded.min.js HTTP/1.1" 200 2683 "https://2blog.ilc.edu.tw/26150/2026/08/12/%E8%BD%89%E7%9F%A5%E5%AE%9C%E8%98%AD%E7%B8%A3%E6%94%BF%E5%BA%9C%E3%80%8C%E6%9A%96%E6%9A%96%E8%98%AD%E9%99%BD%EF%BC%8C%E5%BE%AE%E7%94%9C%E6%AD%A3%E5%A5%BD%E3%80%8D%E5%96%AE%E8%BA%AB%E8%81%AF%E8%AA%BC/" "Mozilla/5.0 (Linux; Android 10; K) AppleWebKit/537.36 (KHTML, like Gecko) Chrome/138.0.0.0 Mobile Safari/537.36 (compatible; Google-Read-Aloud; +https://support.google.com/webmasters/answer/1061943)"
2402:7500:942:34cb:2158:db71:86ba:38d8 - - [17/Aug/2026:10:43:48 +0800] "GET /wp-content/uploads/sites/233/1003/1003-2438080.jpg HTTP/1.1" 200 83004 "https://2blog.ilc.edu.tw/1003/2014/03/20/%E8%AA%B2%E5%A4%96%E9%96%B1%E8%AE%80%E6%95%99%E5%AD%B8%E9%96%B1%E8%AE%80%E5%BF%83%E5%BE%97%E5%BE%88%E5%A5%BD%E5%AF%AB/" "Mozilla/5.0 (Linux; Android 10; K) AppleWebKit/537.36 (KHTML, like Gecko) Chrome/114.0.0.0 Mobile Safari/537.36"
2001:b400:e2f0:5445:1402:9bd:5e49:6bbc - - [17/Aug/2026:10:43:46 +0800] "GET /26150/?attachment_id=9622 HTTP/1.1" 301 5998 "https://2blog.ilc.edu.tw/26150/2026/08/12/%E8%BD%89%E7%9F%A5%E5%AE%9C%E8%98%AD%E7%B8%A3%E6%94%BF%E5%BA%9C%E3%80%8C%E6%9A%96%E6%9A%96%E8%98%AD%E9%99%BD%EF%BC%8C%E5%BE%AE%E7%94%9C%E6%AD%A3%E5%A5%BD%E3%80%8D%E5%96%AE%E8%BA%AB%E8%81%AF%E8%AA%BC/" "Mozilla/5.0 (iPhone; CPU iPhone OS 26_6_0 like Mac OS X) AppleWebKit/605.1.15 (KHTML, like Gecko) GSA/433.5.957829776 Mobile/15E148 Safari/604.1"
140.111.67.195 - - [17/Aug/2026:10:43:48 +0800] "GET /wp-admin/admin-post.php?action=steps_ad HTTP/1.1" 200 1649 "-" "node-fetch/1.0 (+https://github.com/bitinn/node-fetch)"
2001:b400:e2f0:5445:1402:9bd:5e49:6bbc - - [17/Aug/2026:10:43:48 +0800] "GET /26150/2026/08/12/%e8%bd%89%e7%9f%a5%e5%ae%9c%e8%98%ad%e7%b8%a3%e6%94%bf%e5%ba%9c%e3%80%8c%e6%9a%96%e6%9a%96%e8%98%ad%e9%99%bd%ef%bc%8c%e5%be%ae%e7%94%9c%e6%ad%a3%e5%a5%bd%e3%80%8d%e5%96%ae%e8%ba%ab%e8%81%af%e8%aa%bc/376420000a_1150142217_attach1/ HTTP/1.1" 200 16665 "https://2blog.ilc.edu.tw/26150/2026/08/12/%E8%BD%89%E7%9F%A5%E5%AE%9C%E8%98%AD%E7%B8%A3%E6%94%BF%E5%BA%9C%E3%80%8C%E6%9A%96%E6%9A%96%E8%98%AD%E9%99%BD%EF%BC%8C%E5%BE%AE%E7%94%9C%E6%AD%A3%E5%A5%BD%E3%80%8D%E5%96%AE%E8%BA%AB%E8%81%AF%E8%AA%BC/" "Mozilla/5.0 (iPhone; CPU iPhone OS 26_6_0 like Mac OS X) AppleWebKit/605.1.15 (KHTML, like Gecko) GSA/433.5.957829776 Mobile/15E148 Safari/604.1"
2001:b400:e2f0:5445:1402:9bd:5e49:6bbc - - [17/Aug/2026:10:43:48 +0800] "GET /26150/wp-content/uploads/sites/67/2025/12/%E6%88%91%E5%AE%B6%E5%AD%A9%E5%AD%90%E8%A6%81%E4%B8%8A%E5%AD%B8-%E6%98%93%E8%AE%80%E7%89%88-logo.png HTTP/1.1" 200 72358 "https://2blog.ilc.edu.tw/26150/2026/08/12/%e8%bd%89%e7%9f%a5%e5%ae%9c%e8%98%ad%e7%b8%a3%e6%94%bf%e5%ba%9c%e3%80%8c%e6%9a%96%e6%9a%96%e8%98%ad%e9%99%bd%ef%bc%8c%e5%be%ae%e7%94%9c%e6%ad%a3%e5%a5%bd%e3%80%8d%e5%96%ae%e8%ba%ab%e8%81%af%e8%aa%bc/376420000a_1150142217_attach1/" "Mozilla/5.0 (iPhone; CPU iPhone OS 26_6_0 like Mac OS X) AppleWebKit/605.1.15 (KHTML, like Gecko) GSA/433.5.957829776 Mobile/15E148 Safari/604.1"
2001:b400:e2f0:5445:1402:9bd:5e49:6bbc - - [17/Aug/2026:10:43:48 +0800] "GET /26150/wp-content/uploads/sites/67/2026/06/%E8%9E%A2%E5%B9%95%E6%93%B7%E5%8F%96%E7%95%AB%E9%9D%A2-2026-06-02-140653.png HTTP/1.1" 200 166691 "https://2blog.ilc.edu.tw/26150/2026/08/12/%e8%bd%89%e7%9f%a5%e5%ae%9c%e8%98%ad%e7%b8%a3%e6%94%bf%e5%ba%9c%e3%80%8c%e6%9a%96%e6%9a%96%e8%98%ad%e9%99%bd%ef%bc%8c%e5%be%ae%e7%94%9c%e6%ad%a3%e5%a5%bd%e3%80%8d%e5%96%ae%e8%ba%ab%e8%81%af%e8%aa%bc/376420000a_1150142217_attach1/" "Mozilla/5.0 (iPhone; CPU iPhone OS 26_6_0 like Mac OS X) AppleWebKit/605.1.15 (KHTML, like Gecko) GSA/433.5.957829776 Mobile/15E148 Safari/604.1"
192.178.15.41 - - [17/Aug/2026:10:43:49 +0800] "GET /26150/wp-content/plugins/ocean-extra/includes/widgets/js/flickr.min.js HTTP/1.1" 200 1319 "https://2blog.ilc.edu.tw/26150/2026/08/12/%E8%BD%89%E7%9F%A5%E5%AE%9C%E8%98%AD%E7%B8%A3%E6%94%BF%E5%BA%9C%E3%80%8C%E6%9A%96%E6%9A%96%E8%98%AD%E9%99%BD%EF%BC%8C%E5%BE%AE%E7%94%9C%E6%AD%A3%E5%A5%BD%E3%80%8D%E5%96%AE%E8%BA%AB%E8%81%AF%E8%AA%BC/" "Mozilla/5.0 (Linux; Android 10; K) AppleWebKit/537.36 (KHTML, like Gecko) Chrome/138.0.0.0 Mobile Safari/537.36 (compatible; Google-Read-Aloud; +https://support.google.com/webmasters/answer/1061943)"
192.178.15.41 - - [17/Aug/2026:10:43:49 +0800] "GET /26150/wp-content/plugins/elementor-pro/assets/js/frontend.min.js HTTP/1.1" 200 7574 "https://2blog.ilc.edu.tw/26150/2026/08/12/%E8%BD%89%E7%9F%A5%E5%AE%9C%E8%98%AD%E7%B8%A3%E6%94%BF%E5%BA%9C%E3%80%8C%E6%9A%96%E6%9A%96%E8%98%AD%E9%99%BD%EF%BC%8C%E5%BE%AE%E7%94%9C%E6%AD%A3%E5%A5%BD%E3%80%8D%E5%96%AE%E8%BA%AB%E8%81%AF%E8%AA%BC/" "Mozilla/5.0 (Linux; Android 10; K) AppleWebKit/537.36 (KHTML, like Gecko) Chrome/138.0.0.0 Mobile Safari/537.36 (compatible; Google-Read-Aloud; +https://support.google.com/webmasters/answer/1061943)"
192.178.15.32 - - [17/Aug/2026:10:43:49 +0800] "GET /26150/wp-content/themes/oceanwp/assets/js/select.min.js HTTP/1.1" 200 2408 "https://2blog.ilc.edu.tw/26150/2026/08/12/%E8%BD%89%E7%9F%A5%E5%AE%9C%E8%98%AD%E7%B8%A3%E6%94%BF%E5%BA%9C%E3%80%8C%E6%9A%96%E6%9A%96%E8%98%AD%E9%99%BD%EF%BC%8C%E5%BE%AE%E7%94%9C%E6%AD%A3%E5%A5%BD%E3%80%8D%E5%96%AE%E8%BA%AB%E8%81%AF%E8%AA%BC/" "Mozilla/5.0 (Linux; Android 10; K) AppleWebKit/537.36 (KHTML, like Gecko) Chrome/138.0.0.0 Mobile Safari/537.36 (compatible; Google-Read-Aloud; +https://support.google.com/webmasters/answer/1061943)"
192.178.15.32 - - [17/Aug/2026:10:43:49 +0800] "GET /26150/wp-includes/js/dist/hooks.min.js HTTP/1.1" 200 2421 "https://2blog.ilc.edu.tw/26150/2026/08/12/%E8%BD%89%E7%9F%A5%E5%AE%9C%E8%98%AD%E7%B8%A3%E6%94%BF%E5%BA%9C%E3%80%8C%E6%9A%96%E6%9A%96%E8%98%AD%E9%99%BD%EF%BC%8C%E5%BE%AE%E7%94%9C%E6%AD%A3%E5%A5%BD%E3%80%8D%E5%96%AE%E8%BA%AB%E8%81%AF%E8%AA%BC/" "Mozilla/5.0 (Linux; Android 10; K) AppleWebKit/537.36 (KHTML, like Gecko) Chrome/138.0.0.0 Mobile Safari/537.36 (compatible; Google-Read-Aloud; +https://support.google.com/webmasters/answer/1061943)"
192.178.15.41 - - [17/Aug/2026:10:43:49 +0800] "GET /26150/wp-content/plugins/elementor-pro/assets/lib/smartmenus/jquery.smartmenus.min.js HTTP/1.1" 200 7967 "https://2blog.ilc.edu.tw/26150/2026/08/12/%E8%BD%89%E7%9F%A5%E5%AE%9C%E8%98%AD%E7%B8%A3%E6%94%BF%E5%BA%9C%E3%80%8C%E6%9A%96%E6%9A%96%E8%98%AD%E9%99%BD%EF%BC%8C%E5%BE%AE%E7%94%9C%E6%AD%A3%E5%A5%BD%E3%80%8D%E5%96%AE%E8%BA%AB%E8%81%AF%E8%AA%BC/" "Mozilla/5.0 (Linux; Android 10; K) AppleWebKit/537.36 (KHTML, like Gecko) Chrome/138.0.0.0 Mobile Safari/537.36 (compatible; Google-Read-Aloud; +https://support.google.com/webmasters/answer/1061943)"
192.178.15.40 - - [17/Aug/2026:10:43:49 +0800] "GET /26150/wp-content/plugins/elementor-pro/assets/js/elements-handlers.min.js HTTP/1.1" 200 10882 "https://2blog.ilc.edu.tw/26150/2026/08/12/%E8%BD%89%E7%9F%A5%E5%AE%9C%E8%98%AD%E7%B8%A3%E6%94%BF%E5%BA%9C%E3%80%8C%E6%9A%96%E6%9A%96%E8%98%AD%E9%99%BD%EF%BC%8C%E5%BE%AE%E7%94%9C%E6%AD%A3%E5%A5%BD%E3%80%8D%E5%96%AE%E8%BA%AB%E8%81%AF%E8%AA%BC/" "Mozilla/5.0 (Linux; Android 10; K) AppleWebKit/537.36 (KHTML, like Gecko) Chrome/138.0.0.0 Mobile Safari/537.36 (compatible; Google-Read-Aloud; +https://support.google.com/webmasters/answer/1061943)"
