60.250.124.107 - - [17/Aug/2026:10:41:22 +0800] "GET /28/wp-content/uploads/sites/286/2019/10/cropped-%E8%87%AA%E5%8B%95%E5%A5%BD%E4%B8%89%E9%9D%A2%E4%B9%9D%E9%A0%85%E8%8B%B1%E6%96%87%E7%89%88-1.png HTTP/1.1" 200 558005 "https://2blog.ilc.edu.tw/28/2007/01/04/%E6%95%99%E9%83%A8%E8%A9%95%E9%91%91%E6%95%99%E7%A7%91%E6%9B%B8-%E8%8B%B1%E8%AA%9E%E7%89%88%E6%9C%AC%E6%9C%80%E5%A4%9A-%E5%B7%AE%E7%95%B0%E6%9C%80%E5%A4%A7/" "Mozilla/5.0 (Windows NT 10.0; Win64; x64) AppleWebKit/537.36 (KHTML, like Gecko) Chrome/151.0.0.0 Safari/537.36"
60.250.124.107 - - [17/Aug/2026:10:41:22 +0800] "GET /28/wp-includes/js/admin-bar.min.js HTTP/1.1" 200 2237 "https://2blog.ilc.edu.tw/28/2007/01/04/%E6%95%99%E9%83%A8%E8%A9%95%E9%91%91%E6%95%99%E7%A7%91%E6%9B%B8-%E8%8B%B1%E8%AA%9E%E7%89%88%E6%9C%AC%E6%9C%80%E5%A4%9A-%E5%B7%AE%E7%95%B0%E6%9C%80%E5%A4%A7/" "Mozilla/5.0 (Windows NT 10.0; Win64; x64) AppleWebKit/537.36 (KHTML, like Gecko) Chrome/151.0.0.0 Safari/537.36"
60.250.124.107 - - [17/Aug/2026:10:41:22 +0800] "GET /28/wp-content/themes/sketch/js/navigation.js HTTP/1.1" 200 1602 "https://2blog.ilc.edu.tw/28/2007/01/04/%E6%95%99%E9%83%A8%E8%A9%95%E9%91%91%E6%95%99%E7%A7%91%E6%9B%B8-%E8%8B%B1%E8%AA%9E%E7%89%88%E6%9C%AC%E6%9C%80%E5%A4%9A-%E5%B7%AE%E7%95%B0%E6%9C%80%E5%A4%A7/" "Mozilla/5.0 (Windows NT 10.0; Win64; x64) AppleWebKit/537.36 (KHTML, like Gecko) Chrome/151.0.0.0 Safari/537.36"
60.250.124.107 - - [17/Aug/2026:10:41:22 +0800] "GET /28/wp-content/themes/sketch/js/skip-link-focus-fix.js HTTP/1.1" 200 1215 "https://2blog.ilc.edu.tw/28/2007/01/04/%E6%95%99%E9%83%A8%E8%A9%95%E9%91%91%E6%95%99%E7%A7%91%E6%9B%B8-%E8%8B%B1%E8%AA%9E%E7%89%88%E6%9C%AC%E6%9C%80%E5%A4%9A-%E5%B7%AE%E7%95%B0%E6%9C%80%E5%A4%A7/" "Mozilla/5.0 (Windows NT 10.0; Win64; x64) AppleWebKit/537.36 (KHTML, like Gecko) Chrome/151.0.0.0 Safari/537.36"
60.250.124.107 - - [17/Aug/2026:10:41:22 +0800] "POST /28/wp-json/ilc-summary/v1/popular-posts HTTP/1.1" 201 1269 "https://2blog.ilc.edu.tw/28/2007/01/04/%E6%95%99%E9%83%A8%E8%A9%95%E9%91%91%E6%95%99%E7%A7%91%E6%9B%B8-%E8%8B%B1%E8%AA%9E%E7%89%88%E6%9C%AC%E6%9C%80%E5%A4%9A-%E5%B7%AE%E7%95%B0%E6%9C%80%E5%A4%A7/" "Mozilla/5.0 (Windows NT 10.0; Win64; x64) AppleWebKit/537.36 (KHTML, like Gecko) Chrome/151.0.0.0 Safari/537.36"
60.250.124.107 - - [17/Aug/2026:10:41:23 +0800] "GET /favicon.ico HTTP/1.1" 302 901 "https://2blog.ilc.edu.tw/28/2007/01/04/%E6%95%99%E9%83%A8%E8%A9%95%E9%91%91%E6%95%99%E7%A7%91%E6%9B%B8-%E8%8B%B1%E8%AA%9E%E7%89%88%E6%9C%AC%E6%9C%80%E5%A4%9A-%E5%B7%AE%E7%95%B0%E6%9C%80%E5%A4%A7/" "Mozilla/5.0 (Windows NT 10.0; Win64; x64) AppleWebKit/537.36 (KHTML, like Gecko) Chrome/151.0.0.0 Safari/537.36"
60.250.124.107 - - [17/Aug/2026:10:41:23 +0800] "GET /wp-includes/images/w-logo-blue-white-bg.png HTTP/1.1" 200 4946 "https://2blog.ilc.edu.tw/28/2007/01/04/%E6%95%99%E9%83%A8%E8%A9%95%E9%91%91%E6%95%99%E7%A7%91%E6%9B%B8-%E8%8B%B1%E8%AA%9E%E7%89%88%E6%9C%AC%E6%9C%80%E5%A4%9A-%E5%B7%AE%E7%95%B0%E6%9C%80%E5%A4%A7/" "Mozilla/5.0 (Windows NT 10.0; Win64; x64) AppleWebKit/537.36 (KHTML, like Gecko) Chrome/151.0.0.0 Safari/537.36"
140.111.67.10 - - [17/Aug/2026:10:41:25 +0800] "GET /" 301 273 "-" "-"
2001:288:a201::66:125 - - [17/Aug/2026:10:41:25 +0800] "GET /blog/active.php HTTP/1.1" 301 1026 "-" "-"
2001:288:a201::66:125 - - [17/Aug/2026:10:41:25 +0800] "GET /blog/active.php HTTP/1.1" 404 1084 "-" "-"
2001:288:a26a:1:6923:8bf3:4374:c578 - - [17/Aug/2026:10:41:26 +0800] "POST /hsics/wp-admin/admin-ajax.php HTTP/1.1" 200 1459 "https://2blog.ilc.edu.tw/hsics/wp-admin/edit.php" "Mozilla/5.0 (Windows NT 10.0; Win64; x64) AppleWebKit/537.36 (KHTML, like Gecko) Chrome/151.0.0.0 Safari/537.36"
118.165.153.111 - - [17/Aug/2026:10:41:28 +0800] "-" 408 4791 "-" "-"
::1 - - [17/Aug/2026:10:41:29 +0800] "OPTIONS * HTTP/1.0" 200 110 "-" "Apache/2.4.68 (Ubuntu) OpenSSL/3.0.19 (internal dummy connection)"
140.111.67.10 - - [17/Aug/2026:10:41:30 +0800] "GET /" 301 273 "-" "-"
2001:288:a201::66:125 - - [17/Aug/2026:10:41:30 +0800] "GET /blog/active.php HTTP/1.1" 301 1026 "-" "-"
2001:288:a201::66:125 - - [17/Aug/2026:10:41:30 +0800] "GET /blog/active.php HTTP/1.1" 404 1084 "-" "-"
2001:b011:d004:3498:f4c0:9ef:dd74:3123 - - [17/Aug/2026:10:41:30 +0800] "-" 408 339 "-" "-"
2001:b011:d004:3498:f4c0:9ef:dd74:3123 - - [17/Aug/2026:10:41:30 +0800] "-" 408 339 "-" "-"
2001:b011:d004:3498:f4c0:9ef:dd74:3123 - - [17/Aug/2026:10:41:31 +0800] "-" 408 339 "-" "-"
::1 - - [17/Aug/2026:10:41:33 +0800] "OPTIONS * HTTP/1.0" 200 110 "-" "Apache/2.4.68 (Ubuntu) OpenSSL/3.0.19 (internal dummy connection)"
114.32.246.242 - - [17/Aug/2026:10:41:33 +0800] "GET /yilankindergartentest/%e5%b9%bc%e5%85%92%e5%9c%92%e9%98%b2%e7%81%bd%e8%b3%87%e6%96%99%e4%b8%8a%e5%82%b3%e5%8d%80/ HTTP/1.1" 200 29841 "https://www.google.com/" "Mozilla/5.0 (Windows NT 10.0; Win64; x64) AppleWebKit/537.36 (KHTML, like Gecko) Chrome/151.0.0.0 Safari/537.36"
114.32.246.242 - - [17/Aug/2026:10:41:33 +0800] "GET /yilankindergartentest/wp-content/cache/2blog.ilc.edu.tw/wpfc-minified/k13fn5az/5wu1y.css HTTP/1.1" 200 40913 "https://2blog.ilc.edu.tw/yilankindergartentest/%e5%b9%bc%e5%85%92%e5%9c%92%e9%98%b2%e7%81%bd%e8%b3%87%e6%96%99%e4%b8%8a%e5%82%b3%e5%8d%80/" "Mozilla/5.0 (Windows NT 10.0; Win64; x64) AppleWebKit/537.36 (KHTML, like Gecko) Chrome/151.0.0.0 Safari/537.36"
114.32.246.242 - - [17/Aug/2026:10:41:33 +0800] "GET /yilankindergartentest/wp-content/cache/2blog.ilc.edu.tw/wpfc-minified/8xon4f9d/5wu1y.css HTTP/1.1" 200 1496 "https://2blog.ilc.edu.tw/yilankindergartentest/%e5%b9%bc%e5%85%92%e5%9c%92%e9%98%b2%e7%81%bd%e8%b3%87%e6%96%99%e4%b8%8a%e5%82%b3%e5%8d%80/" "Mozilla/5.0 (Windows NT 10.0; Win64; x64) AppleWebKit/537.36 (KHTML, like Gecko) Chrome/151.0.0.0 Safari/537.36"
114.32.246.242 - - [17/Aug/2026:10:41:33 +0800] "GET /yilankindergartentest/wp-content/cache/2blog.ilc.edu.tw/wpfc-minified/6k2m1vyd/7ptos.css HTTP/1.1" 200 6507 "https://2blog.ilc.edu.tw/yilankindergartentest/%e5%b9%bc%e5%85%92%e5%9c%92%e9%98%b2%e7%81%bd%e8%b3%87%e6%96%99%e4%b8%8a%e5%82%b3%e5%8d%80/" "Mozilla/5.0 (Windows NT 10.0; Win64; x64) AppleWebKit/537.36 (KHTML, like Gecko) Chrome/151.0.0.0 Safari/537.36"
114.32.246.242 - - [17/Aug/2026:10:41:33 +0800] "GET /yilankindergartentest/wp-content/cache/2blog.ilc.edu.tw/wpfc-minified/qtjfg783/5wu1y.css HTTP/1.1" 200 18318 "https://2blog.ilc.edu.tw/yilankindergartentest/%e5%b9%bc%e5%85%92%e5%9c%92%e9%98%b2%e7%81%bd%e8%b3%87%e6%96%99%e4%b8%8a%e5%82%b3%e5%8d%80/" "Mozilla/5.0 (Windows NT 10.0; Win64; x64) AppleWebKit/537.36 (KHTML, like Gecko) Chrome/151.0.0.0 Safari/537.36"
114.32.246.242 - - [17/Aug/2026:10:41:33 +0800] "GET /yilankindergartentest/wp-content/cache/2blog.ilc.edu.tw/wpfc-minified/qlc71rhu/7ptos.css HTTP/1.1" 200 27618 "https://2blog.ilc.edu.tw/yilankindergartentest/%e5%b9%bc%e5%85%92%e5%9c%92%e9%98%b2%e7%81%bd%e8%b3%87%e6%96%99%e4%b8%8a%e5%82%b3%e5%8d%80/" "Mozilla/5.0 (Windows NT 10.0; Win64; x64) AppleWebKit/537.36 (KHTML, like Gecko) Chrome/151.0.0.0 Safari/537.36"
114.32.246.242 - - [17/Aug/2026:10:41:33 +0800] "GET /yilankindergartentest/wp-content/cache/2blog.ilc.edu.tw/wpfc-minified/fs3g46f8/5wu1y.js HTTP/1.1" 200 40380 "https://2blog.ilc.edu.tw/yilankindergartentest/%e5%b9%bc%e5%85%92%e5%9c%92%e9%98%b2%e7%81%bd%e8%b3%87%e6%96%99%e4%b8%8a%e5%82%b3%e5%8d%80/" "Mozilla/5.0 (Windows NT 10.0; Win64; x64) AppleWebKit/537.36 (KHTML, like Gecko) Chrome/151.0.0.0 Safari/537.36"
114.32.246.242 - - [17/Aug/2026:10:41:33 +0800] "GET /yilankindergartentest/wp-content/uploads/sites/3484/elementor/css/post-3.css HTTP/1.1" 200 6031 "https://2blog.ilc.edu.tw/yilankindergartentest/%e5%b9%bc%e5%85%92%e5%9c%92%e9%98%b2%e7%81%bd%e8%b3%87%e6%96%99%e4%b8%8a%e5%82%b3%e5%8d%80/" "Mozilla/5.0 (Windows NT 10.0; Win64; x64) AppleWebKit/537.36 (KHTML, like Gecko) Chrome/151.0.0.0 Safari/537.36"
114.32.246.242 - - [17/Aug/2026:10:41:33 +0800] "GET /yilankindergartentest/wp-includes/js/hoverintent-js.min.js HTTP/1.1" 200 1597 "https://2blog.ilc.edu.tw/yilankindergartentest/%e5%b9%bc%e5%85%92%e5%9c%92%e9%98%b2%e7%81%bd%e8%b3%87%e6%96%99%e4%b8%8a%e5%82%b3%e5%8d%80/" "Mozilla/5.0 (Windows NT 10.0; Win64; x64) AppleWebKit/537.36 (KHTML, like Gecko) Chrome/151.0.0.0 Safari/537.36"
114.32.246.242 - - [17/Aug/2026:10:41:33 +0800] "GET /yilankindergartentest/wp-includes/js/admin-bar.min.js HTTP/1.1" 200 2237 "https://2blog.ilc.edu.tw/yilankindergartentest/%e5%b9%bc%e5%85%92%e5%9c%92%e9%98%b2%e7%81%bd%e8%b3%87%e6%96%99%e4%b8%8a%e5%82%b3%e5%8d%80/" "Mozilla/5.0 (Windows NT 10.0; Win64; x64) AppleWebKit/537.36 (KHTML, like Gecko) Chrome/151.0.0.0 Safari/537.36"
114.32.246.242 - - [17/Aug/2026:10:41:33 +0800] "GET /yilankindergartentest/wp-content/uploads/sites/3484/2022/03/cropped-cropped-228196990_4224825967632457_6292781217540444690_n-4.jpg HTTP/1.1" 200 329165 "https://2blog.ilc.edu.tw/yilankindergartentest/%e5%b9%bc%e5%85%92%e5%9c%92%e9%98%b2%e7%81%bd%e8%b3%87%e6%96%99%e4%b8%8a%e5%82%b3%e5%8d%80/" "Mozilla/5.0 (Windows NT 10.0; Win64; x64) AppleWebKit/537.36 (KHTML, like Gecko) Chrome/151.0.0.0 Safari/537.36"
114.32.246.242 - - [17/Aug/2026:10:41:33 +0800] "GET /yilankindergartentest/wp-content/uploads/sites/3484/2022/03/cropped-%E9%98%B2%E7%81%BD%E8%BC%94%E5%B0%8E%E5%9C%98LOGO-scaled-3.jpg HTTP/1.1" 200 34309 "https://2blog.ilc.edu.tw/yilankindergartentest/%e5%b9%bc%e5%85%92%e5%9c%92%e9%98%b2%e7%81%bd%e8%b3%87%e6%96%99%e4%b8%8a%e5%82%b3%e5%8d%80/" "Mozilla/5.0 (Windows NT 10.0; Win64; x64) AppleWebKit/537.36 (KHTML, like Gecko) Chrome/151.0.0.0 Safari/537.36"
114.32.246.242 - - [17/Aug/2026:10:41:33 +0800] "GET /yilankindergartentest/wp-content/themes/twentyseventeen/assets/js/global.js HTTP/1.1" 200 3495 "https://2blog.ilc.edu.tw/yilankindergartentest/%e5%b9%bc%e5%85%92%e5%9c%92%e9%98%b2%e7%81%bd%e8%b3%87%e6%96%99%e4%b8%8a%e5%82%b3%e5%8d%80/" "Mozilla/5.0 (Windows NT 10.0; Win64; x64) AppleWebKit/537.36 (KHTML, like Gecko) Chrome/151.0.0.0 Safari/537.36"
114.32.246.242 - - [17/Aug/2026:10:41:33 +0800] "GET /yilankindergartentest/wp-content/themes/twentyseventeen/assets/js/skip-link-focus-fix.js HTTP/1.1" 200 1295 "https://2blog.ilc.edu.tw/yilankindergartentest/%e5%b9%bc%e5%85%92%e5%9c%92%e9%98%b2%e7%81%bd%e8%b3%87%e6%96%99%e4%b8%8a%e5%82%b3%e5%8d%80/" "Mozilla/5.0 (Windows NT 10.0; Win64; x64) AppleWebKit/537.36 (KHTML, like Gecko) Chrome/151.0.0.0 Safari/537.36"
114.32.246.242 - - [17/Aug/2026:10:41:33 +0800] "GET /yilankindergartentest/wp-content/themes/twentyseventeen/assets/js/jquery.scrollTo.js HTTP/1.1" 200 3289 "https://2blog.ilc.edu.tw/yilankindergartentest/%e5%b9%bc%e5%85%92%e5%9c%92%e9%98%b2%e7%81%bd%e8%b3%87%e6%96%99%e4%b8%8a%e5%82%b3%e5%8d%80/" "Mozilla/5.0 (Windows NT 10.0; Win64; x64) AppleWebKit/537.36 (KHTML, like Gecko) Chrome/151.0.0.0 Safari/537.36"
114.32.246.242 - - [17/Aug/2026:10:41:33 +0800] "GET /yilankindergartentest/wp-content/themes/twentyseventeen/assets/js/navigation.js HTTP/1.1" 200 2041 "https://2blog.ilc.edu.tw/yilankindergartentest/%e5%b9%bc%e5%85%92%e5%9c%92%e9%98%b2%e7%81%bd%e8%b3%87%e6%96%99%e4%b8%8a%e5%82%b3%e5%8d%80/" "Mozilla/5.0 (Windows NT 10.0; Win64; x64) AppleWebKit/537.36 (KHTML, like Gecko) Chrome/151.0.0.0 Safari/537.36"
114.32.246.242 - - [17/Aug/2026:10:41:33 +0800] "GET /yilankindergartentest/wp-content/uploads/sites/3484/2022/03/cropped-%E9%98%B2%E7%81%BD%E8%BC%94%E5%B0%8E%E5%9C%98LOGO-scaled-2-32x32.jpg HTTP/1.1" 200 15107 "https://2blog.ilc.edu.tw/yilankindergartentest/%e5%b9%bc%e5%85%92%e5%9c%92%e9%98%b2%e7%81%bd%e8%b3%87%e6%96%99%e4%b8%8a%e5%82%b3%e5%8d%80/" "Mozilla/5.0 (Windows NT 10.0; Win64; x64) AppleWebKit/537.36 (KHTML, like Gecko) Chrome/151.0.0.0 Safari/537.36"
140.111.67.10 - - [17/Aug/2026:10:41:35 +0800] "GET /" 301 273 "-" "-"
140.111.67.195 - - [17/Aug/2026:10:41:34 +0800] "GET /wp-admin/admin-post.php?action=steps_ad HTTP/1.1" 200 6425 "-" "node-fetch/1.0 (+https://github.com/bitinn/node-fetch)"
39.10.64.140 - - [17/Aug/2026:10:41:35 +0800] "GET /wp-content/uploads/sites/3846/2026/08/%E8%BE%B2%E6%A5%AD%E9%83%A8%E5%BB%A3%E5%91%8A.jpg HTTP/1.1" 304 5581 "https://it.ilc.edu.tw/" "Mozilla/5.0 (iPhone; CPU iPhone OS 26_6_0 like Mac OS X) AppleWebKit/605.1.15 (KHTML, like Gecko) CriOS/148.0.7778.47 Mobile/15E148 Safari/604.1"
2001:288:a201::66:125 - - [17/Aug/2026:10:41:35 +0800] "GET /blog/active.php HTTP/1.1" 301 1026 "-" "-"
39.10.64.140 - - [17/Aug/2026:10:41:35 +0800] "GET /wp-content/uploads/sites/3846/2026/06/2026%E5%AE%9C%E8%98%AD%E7%98%8B%E5%AD%B8%E7%BF%92-%E6%9A%91%E5%81%87_%E6%95%99%E8%82%B2%E8%99%95%E9%A6%96%E9%A0%81-1440-x-1080-%E5%83%8F%E7%B4%A0.png HTTP/1.1" 304 5581 "https://it.ilc.edu.tw/" "Mozilla/5.0 (iPhone; CPU iPhone OS 26_6_0 like Mac OS X) AppleWebKit/605.1.15 (KHTML, like Gecko) CriOS/148.0.7778.47 Mobile/15E148 Safari/604.1"
2001:288:a201::66:125 - - [17/Aug/2026:10:41:35 +0800] "GET /blog/active.php HTTP/1.1" 404 1084 "-" "-"
120.106.130.254 - - [17/Aug/2026:10:41:36 +0800] "-" 408 4804 "-" "-"
120.106.130.254 - - [17/Aug/2026:10:41:37 +0800] "-" 408 339 "-" "-"
::1 - - [17/Aug/2026:10:41:39 +0800] "OPTIONS * HTTP/1.0" 200 110 "-" "Apache/2.4.68 (Ubuntu) OpenSSL/3.0.19 (internal dummy connection)"
140.111.67.10 - - [17/Aug/2026:10:41:40 +0800] "GET /" 301 273 "-" "-"
2001:4860:7:b10::ed - - [17/Aug/2026:10:41:40 +0800] "GET /6703/ HTTP/1.1" 200 28754 "https://www.google.com/" "Mozilla/5.0 (Macintosh; Intel Mac OS X 10_15_7) AppleWebKit/537.36 (KHTML, like Gecko) Chrome/151.0.0.0 Safari/537.36"
2001:288:a201::66:125 - - [17/Aug/2026:10:41:40 +0800] "GET /blog/active.php HTTP/1.1" 301 1026 "-" "-"
2001:288:a201::66:125 - - [17/Aug/2026:10:41:40 +0800] "GET /blog/active.php HTTP/1.1" 404 1084 "-" "-"
140.111.67.195 - - [17/Aug/2026:10:41:40 +0800] "GET /wp-admin/admin-post.php?action=steps_ad HTTP/1.1" 200 1973 "-" "node-fetch/1.0 (+https://github.com/bitinn/node-fetch)"
2402:7500:942:34cb:2158:db71:86ba:38d8 - - [17/Aug/2026:10:41:41 +0800] "GET /1003/wp-content/cache/2blog.ilc.edu.tw/wpfc-minified/mknpejql/5woub.css HTTP/1.1" 200 45682 "-" "Mozilla/5.0 (Linux; Android 10; K) AppleWebKit/537.36 (KHTML, like Gecko) Chrome/114.0.0.0 Mobile Safari/537.36"
2402:7500:942:34cb:2158:db71:86ba:38d8 - - [17/Aug/2026:10:41:41 +0800] "GET /1003/2014/03/20/%E8%AA%B2%E5%A4%96%E9%96%B1%E8%AE%80%E6%95%99%E5%AD%B8%E9%96%B1%E8%AE%80%E5%BF%83%E5%BE%97%E5%BE%88%E5%A5%BD%E5%AF%AB/ HTTP/1.1" 200 18067 "https://www.google.com/" "Mozilla/5.0 (Linux; Android 10; K) AppleWebKit/537.36 (KHTML, like Gecko) Chrome/114.0.0.0 Mobile Safari/537.36"
2402:7500:942:34cb:2158:db71:86ba:38d8 - - [17/Aug/2026:10:41:41 +0800] "GET /1003/wp-content/cache/2blog.ilc.edu.tw/wpfc-minified/8x7tn0v6/5wohd.css HTTP/1.1" 200 15980 "-" "Mozilla/5.0 (Linux; Android 10; K) AppleWebKit/537.36 (KHTML, like Gecko) Chrome/114.0.0.0 Mobile Safari/537.36"
2402:7500:942:34cb:2158:db71:86ba:38d8 - - [17/Aug/2026:10:41:41 +0800] "GET /1003/wp-content/cache/2blog.ilc.edu.tw/wpfc-minified/lx5sg0nx/5wohd.css HTTP/1.1" 200 18290 "https://2blog.ilc.edu.tw/1003/2014/03/20/%E8%AA%B2%E5%A4%96%E9%96%B1%E8%AE%80%E6%95%99%E5%AD%B8%E9%96%B1%E8%AE%80%E5%BF%83%E5%BE%97%E5%BE%88%E5%A5%BD%E5%AF%AB/" "Mozilla/5.0 (Linux; Android 10; K) AppleWebKit/537.36 (KHTML, like Gecko) Chrome/114.0.0.0 Mobile Safari/537.36"
2402:7500:942:34cb:2158:db71:86ba:38d8 - - [17/Aug/2026:10:41:41 +0800] "GET /1003/wp-content/cache/2blog.ilc.edu.tw/wpfc-minified/7jci0eqx/5woub.js HTTP/1.1" 200 35562 "https://2blog.ilc.edu.tw/1003/2014/03/20/%E8%AA%B2%E5%A4%96%E9%96%B1%E8%AE%80%E6%95%99%E5%AD%B8%E9%96%B1%E8%AE%80%E5%BF%83%E5%BE%97%E5%BE%88%E5%A5%BD%E5%AF%AB/" "Mozilla/5.0 (Linux; Android 10; K) AppleWebKit/537.36 (KHTML, like Gecko) Chrome/114.0.0.0 Mobile Safari/537.36"
2402:7500:942:34cb:2158:db71:86ba:38d8 - - [17/Aug/2026:10:41:41 +0800] "GET /1003/wp-content/cache/2blog.ilc.edu.tw/wpfc-minified/6jx87ldu/5wohd.js HTTP/1.1" 200 1641 "https://2blog.ilc.edu.tw/1003/2014/03/20/%E8%AA%B2%E5%A4%96%E9%96%B1%E8%AE%80%E6%95%99%E5%AD%B8%E9%96%B1%E8%AE%80%E5%BF%83%E5%BE%97%E5%BE%88%E5%A5%BD%E5%AF%AB/" "Mozilla/5.0 (Linux; Android 10; K) AppleWebKit/537.36 (KHTML, like Gecko) Chrome/114.0.0.0 Mobile Safari/537.36"
2402:7500:942:34cb:2158:db71:86ba:38d8 - - [17/Aug/2026:10:41:41 +0800] "GET /1003/wp-content/cache/2blog.ilc.edu.tw/wpfc-minified/q8iljgfz/5woub.js HTTP/1.1" 200 3455 "https://2blog.ilc.edu.tw/1003/2014/03/20/%E8%AA%B2%E5%A4%96%E9%96%B1%E8%AE%80%E6%95%99%E5%AD%B8%E9%96%B1%E8%AE%80%E5%BF%83%E5%BE%97%E5%BE%88%E5%A5%BD%E5%AF%AB/" "Mozilla/5.0 (Linux; Android 10; K) AppleWebKit/537.36 (KHTML, like Gecko) Chrome/114.0.0.0 Mobile Safari/537.36"
2402:7500:942:34cb:2158:db71:86ba:38d8 - - [17/Aug/2026:10:41:41 +0800] "GET /wp-content/uploads/sites/233/1003/1003-2438043.jpg HTTP/1.1" 200 49728 "https://2blog.ilc.edu.tw/1003/2014/03/20/%E8%AA%B2%E5%A4%96%E9%96%B1%E8%AE%80%E6%95%99%E5%AD%B8%E9%96%B1%E8%AE%80%E5%BF%83%E5%BE%97%E5%BE%88%E5%A5%BD%E5%AF%AB/" "Mozilla/5.0 (Linux; Android 10; K) AppleWebKit/537.36 (KHTML, like Gecko) Chrome/114.0.0.0 Mobile Safari/537.36"
2001:288:a26a:1:6923:8bf3:4374:c578 - - [17/Aug/2026:10:41:41 +0800] "POST /hsics/wp-admin/admin-ajax.php HTTP/1.1" 200 1459 "https://2blog.ilc.edu.tw/hsics/wp-admin/edit.php" "Mozilla/5.0 (Windows NT 10.0; Win64; x64) AppleWebKit/537.36 (KHTML, like Gecko) Chrome/151.0.0.0 Safari/537.36"
2402:7500:942:34cb:2158:db71:86ba:38d8 - - [17/Aug/2026:10:41:41 +0800] "GET /1003/wp-includes/js/admin-bar.min.js HTTP/1.1" 200 7033 "https://2blog.ilc.edu.tw/1003/2014/03/20/%E8%AA%B2%E5%A4%96%E9%96%B1%E8%AE%80%E6%95%99%E5%AD%B8%E9%96%B1%E8%AE%80%E5%BF%83%E5%BE%97%E5%BE%88%E5%A5%BD%E5%AF%AB/" "Mozilla/5.0 (Linux; Android 10; K) AppleWebKit/537.36 (KHTML, like Gecko) Chrome/114.0.0.0 Mobile Safari/537.36"
2402:7500:942:34cb:2158:db71:86ba:38d8 - - [17/Aug/2026:10:41:41 +0800] "GET /1003/wp-includes/js/hoverintent-js.min.js HTTP/1.1" 200 1597 "https://2blog.ilc.edu.tw/1003/2014/03/20/%E8%AA%B2%E5%A4%96%E9%96%B1%E8%AE%80%E6%95%99%E5%AD%B8%E9%96%B1%E8%AE%80%E5%BF%83%E5%BE%97%E5%BE%88%E5%A5%BD%E5%AF%AB/" "Mozilla/5.0 (Linux; Android 10; K) AppleWebKit/537.36 (KHTML, like Gecko) Chrome/114.0.0.0 Mobile Safari/537.36"
2402:7500:942:34cb:2158:db71:86ba:38d8 - - [17/Aug/2026:10:41:41 +0800] "GET /1003/wp-content/themes/textbook/assets/js/jquery.flexslider.js HTTP/1.1" 200 13140 "https://2blog.ilc.edu.tw/1003/2014/03/20/%E8%AA%B2%E5%A4%96%E9%96%B1%E8%AE%80%E6%95%99%E5%AD%B8%E9%96%B1%E8%AE%80%E5%BF%83%E5%BE%97%E5%BE%88%E5%A5%BD%E5%AF%AB/" "Mozilla/5.0 (Linux; Android 10; K) AppleWebKit/537.36 (KHTML, like Gecko) Chrome/114.0.0.0 Mobile Safari/537.36"
2402:7500:942:34cb:2158:db71:86ba:38d8 - - [17/Aug/2026:10:41:41 +0800] "GET /1003/wp-content/themes/textbook/assets/js/functions.js HTTP/1.1" 200 1934 "https://2blog.ilc.edu.tw/1003/2014/03/20/%E8%AA%B2%E5%A4%96%E9%96%B1%E8%AE%80%E6%95%99%E5%AD%B8%E9%96%B1%E8%AE%80%E5%BF%83%E5%BE%97%E5%BE%88%E5%A5%BD%E5%AF%AB/" "Mozilla/5.0 (Linux; Android 10; K) AppleWebKit/537.36 (KHTML, like Gecko) Chrome/114.0.0.0 Mobile Safari/537.36"
2402:7500:942:34cb:2158:db71:86ba:38d8 - - [17/Aug/2026:10:41:41 +0800] "GET /1003/wp-content/themes/textbook/assets/js/navigation.js HTTP/1.1" 200 2931 "https://2blog.ilc.edu.tw/1003/2014/03/20/%E8%AA%B2%E5%A4%96%E9%96%B1%E8%AE%80%E6%95%99%E5%AD%B8%E9%96%B1%E8%AE%80%E5%BF%83%E5%BE%97%E5%BE%88%E5%A5%BD%E5%AF%AB/" "Mozilla/5.0 (Linux; Android 10; K) AppleWebKit/537.36 (KHTML, like Gecko) Chrome/114.0.0.0 Mobile Safari/537.36"
2402:7500:942:34cb:2158:db71:86ba:38d8 - - [17/Aug/2026:10:41:42 +0800] "GET /1003/wp-content/themes/textbook/assets/js/skip-link-focus-fix.js HTTP/1.1" 200 1351 "https://2blog.ilc.edu.tw/1003/2014/03/20/%E8%AA%B2%E5%A4%96%E9%96%B1%E8%AE%80%E6%95%99%E5%AD%B8%E9%96%B1%E8%AE%80%E5%BF%83%E5%BE%97%E5%BE%88%E5%A5%BD%E5%AF%AB/" "Mozilla/5.0 (Linux; Android 10; K) AppleWebKit/537.36 (KHTML, like Gecko) Chrome/114.0.0.0 Mobile Safari/537.36"
2402:7500:942:34cb:2158:db71:86ba:38d8 - - [17/Aug/2026:10:41:42 +0800] "GET /wp-content/uploads/sites/233/1003/1003-2438044.jpg HTTP/1.1" 200 37195 "https://2blog.ilc.edu.tw/1003/2014/03/20/%E8%AA%B2%E5%A4%96%E9%96%B1%E8%AE%80%E6%95%99%E5%AD%B8%E9%96%B1%E8%AE%80%E5%BF%83%E5%BE%97%E5%BE%88%E5%A5%BD%E5%AF%AB/" "Mozilla/5.0 (Linux; Android 10; K) AppleWebKit/537.36 (KHTML, like Gecko) Chrome/114.0.0.0 Mobile Safari/537.36"
2402:7500:942:34cb:2158:db71:86ba:38d8 - - [17/Aug/2026:10:41:42 +0800] "GET /wp-content/uploads/sites/233/1003/1003-2438045.jpg HTTP/1.1" 200 52873 "https://2blog.ilc.edu.tw/1003/2014/03/20/%E8%AA%B2%E5%A4%96%E9%96%B1%E8%AE%80%E6%95%99%E5%AD%B8%E9%96%B1%E8%AE%80%E5%BF%83%E5%BE%97%E5%BE%88%E5%A5%BD%E5%AF%AB/" "Mozilla/5.0 (Linux; Android 10; K) AppleWebKit/537.36 (KHTML, like Gecko) Chrome/114.0.0.0 Mobile Safari/537.36"
2402:7500:942:34cb:2158:db71:86ba:38d8 - - [17/Aug/2026:10:41:42 +0800] "GET /1003/wp-content/uploads/sites/233/2023/04/338250713_886939739267121_7258247398763374813_n.jpg HTTP/1.1" 200 101554 "https://2blog.ilc.edu.tw/1003/2014/03/20/%E8%AA%B2%E5%A4%96%E9%96%B1%E8%AE%80%E6%95%99%E5%AD%B8%E9%96%B1%E8%AE%80%E5%BF%83%E5%BE%97%E5%BE%88%E5%A5%BD%E5%AF%AB/" "Mozilla/5.0 (Linux; Android 10; K) AppleWebKit/537.36 (KHTML, like Gecko) Chrome/114.0.0.0 Mobile Safari/537.36"
2402:7500:942:34cb:2158:db71:86ba:38d8 - - [17/Aug/2026:10:41:41 +0800] "POST /1003/wp-json/ilc-summary/v1/popular-posts HTTP/1.1" 201 1401 "https://2blog.ilc.edu.tw/1003/2014/03/20/%E8%AA%B2%E5%A4%96%E9%96%B1%E8%AE%80%E6%95%99%E5%AD%B8%E9%96%B1%E8%AE%80%E5%BF%83%E5%BE%97%E5%BE%88%E5%A5%BD%E5%AF%AB/" "Mozilla/5.0 (Linux; Android 10; K) AppleWebKit/537.36 (KHTML, like Gecko) Chrome/114.0.0.0 Mobile Safari/537.36"
2402:7500:942:34cb:2158:db71:86ba:38d8 - - [17/Aug/2026:10:41:42 +0800] "GET /1003/wp-content/uploads/sites/233/2019/05/84-768x768.png HTTP/1.1" 200 143126 "https://2blog.ilc.edu.tw/1003/2014/03/20/%E8%AA%B2%E5%A4%96%E9%96%B1%E8%AE%80%E6%95%99%E5%AD%B8%E9%96%B1%E8%AE%80%E5%BF%83%E5%BE%97%E5%BE%88%E5%A5%BD%E5%AF%AB/" "Mozilla/5.0 (Linux; Android 10; K) AppleWebKit/537.36 (KHTML, like Gecko) Chrome/114.0.0.0 Mobile Safari/537.36"
2402:7500:942:34cb:2158:db71:86ba:38d8 - - [17/Aug/2026:10:41:42 +0800] "GET /1003/wp-content/uploads/sites/233/2019/08/Snipaste_2019-08-25_21-24-17-1-768x381.jpg HTTP/1.1" 200 41004 "https://2blog.ilc.edu.tw/1003/2014/03/20/%E8%AA%B2%E5%A4%96%E9%96%B1%E8%AE%80%E6%95%99%E5%AD%B8%E9%96%B1%E8%AE%80%E5%BF%83%E5%BE%97%E5%BE%88%E5%A5%BD%E5%AF%AB/" "Mozilla/5.0 (Linux; Android 10; K) AppleWebKit/537.36 (KHTML, like Gecko) Chrome/114.0.0.0 Mobile Safari/537.36"
2402:7500:942:34cb:2158:db71:86ba:38d8 - - [17/Aug/2026:10:41:42 +0800] "GET /1003/wp-includes/js/wp-emoji-release.min.js HTTP/1.1" 200 5942 "https://2blog.ilc.edu.tw/1003/2014/03/20/%E8%AA%B2%E5%A4%96%E9%96%B1%E8%AE%80%E6%95%99%E5%AD%B8%E9%96%B1%E8%AE%80%E5%BF%83%E5%BE%97%E5%BE%88%E5%A5%BD%E5%AF%AB/" "Mozilla/5.0 (Linux; Android 10; K) AppleWebKit/537.36 (KHTML, like Gecko) Chrome/114.0.0.0 Mobile Safari/537.36"
122.100.113.109 - - [17/Aug/2026:10:41:41 +0800] "GET /apple-touch-icon-precomposed.png HTTP/1.1" 404 56737 "-" "NetworkingExtension/8624.4.5.10.5 Network/5812.160.9 iOS/26.6"
122.100.113.109 - - [17/Aug/2026:10:41:42 +0800] "GET /favicon.ico HTTP/1.1" 302 5887 "-" "NetworkingExtension/8624.4.5.10.5 Network/5812.160.9 iOS/26.6"
2402:7500:942:34cb:2158:db71:86ba:38d8 - - [17/Aug/2026:10:41:42 +0800] "GET /1003/wp-content/uploads/sites/233/2024/03/Snipaste_2024-03-11_23-36-51-768x536.png HTTP/1.1" 200 435397 "https://2blog.ilc.edu.tw/1003/2014/03/20/%E8%AA%B2%E5%A4%96%E9%96%B1%E8%AE%80%E6%95%99%E5%AD%B8%E9%96%B1%E8%AE%80%E5%BF%83%E5%BE%97%E5%BE%88%E5%A5%BD%E5%AF%AB/" "Mozilla/5.0 (Linux; Android 10; K) AppleWebKit/537.36 (KHTML, like Gecko) Chrome/114.0.0.0 Mobile Safari/537.36"
122.100.113.109 - - [17/Aug/2026:10:41:42 +0800] "GET /apple-touch-icon.png HTTP/1.1" 404 56737 "-" "NetworkingExtension/8624.4.5.10.5 Network/5812.160.9 iOS/26.6"
122.100.113.109 - - [17/Aug/2026:10:41:42 +0800] "GET / HTTP/1.1" 200 21946 "-" "Mozilla/5.0 (Macintosh; Intel Mac OS X 10_11_1) AppleWebKit/601.2.4 (KHTML, like Gecko) Version/9.0.1 Safari/601.2.4 facebookexternalhit/1.1 Facebot Twitterbot/1.0"
122.100.113.109 - - [17/Aug/2026:10:41:42 +0800] "GET /wp-content/uploads/sites/944/2019/10/cropped-%E6%96%87%E4%B8%AD%E7%B6%B2%E9%A0%81logo-32x32.jpg HTTP/1.1" 200 2092 "-" "NetworkingExtension/8624.4.5.10.5 Network/5812.160.9 iOS/26.6"
122.100.113.109 - - [17/Aug/2026:10:41:42 +0800] "GET /wp-content/uploads/sites/944/2019/10/cropped-%E6%96%87%E4%B8%AD%E7%B6%B2%E9%A0%81logo-32x32.jpg HTTP/1.1" 200 6891 "-" "NetworkingExtension/8624.4.5.10.5 Network/5812.160.9 iOS/26.6"
122.100.113.109 - - [17/Aug/2026:10:41:42 +0800] "GET /wp-content/uploads/sites/944/2019/10/cropped-%E6%96%87%E4%B8%AD%E7%B6%B2%E9%A0%81logo-192x192.jpg HTTP/1.1" 200 12283 "-" "NetworkingExtension/8624.4.5.10.5 Network/5812.160.9 iOS/26.6"
2402:7500:942:34cb:2158:db71:86ba:38d8 - - [17/Aug/2026:10:41:42 +0800] "GET /1003/wp-content/uploads/sites/233/2019/05/cropped-1-192x192.png HTTP/1.1" 200 37703 "https://2blog.ilc.edu.tw/1003/2014/03/20/%E8%AA%B2%E5%A4%96%E9%96%B1%E8%AE%80%E6%95%99%E5%AD%B8%E9%96%B1%E8%AE%80%E5%BF%83%E5%BE%97%E5%BE%88%E5%A5%BD%E5%AF%AB/" "Mozilla/5.0 (Linux; Android 10; K) AppleWebKit/537.36 (KHTML, like Gecko) Chrome/114.0.0.0 Mobile Safari/537.36"
2402:7500:942:34cb:2158:db71:86ba:38d8 - - [17/Aug/2026:10:41:42 +0800] "GET /1003/wp-content/uploads/sites/233/2019/05/cropped-1-180x180.png HTTP/1.1" 200 40029 "https://2blog.ilc.edu.tw/1003/2014/03/20/%E8%AA%B2%E5%A4%96%E9%96%B1%E8%AE%80%E6%95%99%E5%AD%B8%E9%96%B1%E8%AE%80%E5%BF%83%E5%BE%97%E5%BE%88%E5%A5%BD%E5%AF%AB/" "Mozilla/5.0 (Linux; Android 10; K) AppleWebKit/537.36 (KHTML, like Gecko) Chrome/114.0.0.0 Mobile Safari/537.36"
60.250.124.107 - - [17/Aug/2026:10:41:42 +0800] "-" 408 339 "-" "-"
60.250.124.107 - - [17/Aug/2026:10:41:42 +0800] "-" 408 339 "-" "-"
122.100.113.109 - - [17/Aug/2026:10:41:43 +0800] "GET /wp-content/uploads/sites/944/2019/10/cropped-%E6%96%87%E4%B8%AD%E7%B6%B2%E9%A0%81logo-180x180.jpg HTTP/1.1" 200 16117 "-" "NetworkingExtension/8624.4.5.10.5 Network/5812.160.9 iOS/26.6"
2001:4860:7:810::e4 - - [17/Aug/2026:10:41:43 +0800] "GET /4619/ HTTP/1.1" 200 22857 "https://www.google.com/" "Mozilla/5.0 (Windows NT 10.0; Win64; x64) AppleWebKit/537.36 (KHTML, like Gecko) Chrome/151.0.0.0 Safari/537.36"
140.111.67.10 - - [17/Aug/2026:10:41:45 +0800] "GET /" 301 273 "-" "-"
2001:288:a27a:1:6ddc:2a4b:ac26:cde2 - - [17/Aug/2026:10:41:42 +0800] "POST /namt/wp-admin/admin-ajax.php HTTP/1.1" 200 1459 "https://2blog.ilc.edu.tw/namt/wp-admin/user-new.php?user_id=1731" "Mozilla/5.0 (Windows NT 10.0; Win64; x64) AppleWebKit/537.36 (KHTML, like Gecko) Chrome/151.0.0.0 Safari/537.36"
2001:288:a201::66:125 - - [17/Aug/2026:10:41:45 +0800] "GET /blog/active.php HTTP/1.1" 301 1026 "-" "-"
2001:288:a201::66:125 - - [17/Aug/2026:10:41:45 +0800] "GET /blog/active.php HTTP/1.1" 404 1084 "-" "-"
114.32.246.242 - - [17/Aug/2026:10:41:45 +0800] "GET /yilankindergartentest/category/114%e5%ad%b8%e5%b9%b4%e5%ba%a6%e4%b8%8b%e5%ad%b8%e6%9c%9f%e9%98%b2%e7%81%bd%e5%bd%b1%e7%89%87/ HTTP/1.1" 200 27967 "https://2blog.ilc.edu.tw/yilankindergartentest/%e5%b9%bc%e5%85%92%e5%9c%92%e9%98%b2%e7%81%bd%e8%b3%87%e6%96%99%e4%b8%8a%e5%82%b3%e5%8d%80/" "Mozilla/5.0 (Windows NT 10.0; Win64; x64) AppleWebKit/537.36 (KHTML, like Gecko) Chrome/151.0.0.0 Safari/537.36"
114.32.246.242 - - [17/Aug/2026:10:41:45 +0800] "GET /yilankindergartentest/wp-content/cache/2blog.ilc.edu.tw/wpfc-minified/mjlra12u/5wu1y.css HTTP/1.1" 200 16121 "https://2blog.ilc.edu.tw/yilankindergartentest/category/114%e5%ad%b8%e5%b9%b4%e5%ba%a6%e4%b8%8b%e5%ad%b8%e6%9c%9f%e9%98%b2%e7%81%bd%e5%bd%b1%e7%89%87/" "Mozilla/5.0 (Windows NT 10.0; Win64; x64) AppleWebKit/537.36 (KHTML, like Gecko) Chrome/151.0.0.0 Safari/537.36"
140.111.67.195 - - [17/Aug/2026:10:41:47 +0800] "GET /wp-admin/admin-post.php?action=steps_ad HTTP/1.1" 200 1973 "-" "node-fetch/1.0 (+https://github.com/bitinn/node-fetch)"
::1 - - [17/Aug/2026:10:41:50 +0800] "OPTIONS * HTTP/1.0" 200 110 "-" "Apache/2.4.68 (Ubuntu) OpenSSL/3.0.19 (internal dummy connection)"
140.111.67.10 - - [17/Aug/2026:10:41:50 +0800] "GET /" 301 273 "-" "-"
140.111.67.195 - - [17/Aug/2026:10:41:50 +0800] "GET /wp-admin/admin-post.php?action=steps_ad HTTP/1.1" 200 1649 "-" "node-fetch/1.0 (+https://github.com/bitinn/node-fetch)"
2001:288:a201::66:125 - - [17/Aug/2026:10:41:50 +0800] "GET /blog/active.php HTTP/1.1" 301 1026 "-" "-"
2001:288:a201::66:125 - - [17/Aug/2026:10:41:50 +0800] "GET /blog/active.php HTTP/1.1" 404 1084 "-" "-"
::1 - - [17/Aug/2026:10:41:51 +0800] "OPTIONS * HTTP/1.0" 200 110 "-" "Apache/2.4.68 (Ubuntu) OpenSSL/3.0.19 (internal dummy connection)"
114.32.246.242 - - [17/Aug/2026:10:41:51 +0800] "GET /yilankindergartentest/category/114%e5%ad%b8%e5%b9%b4%e5%ba%a6%e4%b8%8b%e5%ad%b8%e6%9c%9f%e9%98%b2%e7%81%bd%e6%bc%94%e7%b7%b4%e8%85%b3%e6%9c%ac/ HTTP/1.1" 200 27681 "https://2blog.ilc.edu.tw/yilankindergartentest/category/114%e5%ad%b8%e5%b9%b4%e5%ba%a6%e4%b8%8b%e5%ad%b8%e6%9c%9f%e9%98%b2%e7%81%bd%e5%bd%b1%e7%89%87/" "Mozilla/5.0 (Windows NT 10.0; Win64; x64) AppleWebKit/537.36 (KHTML, like Gecko) Chrome/151.0.0.0 Safari/537.36"
::1 - - [17/Aug/2026:10:41:52 +0800] "OPTIONS * HTTP/1.0" 200 110 "-" "Apache/2.4.68 (Ubuntu) OpenSSL/3.0.19 (internal dummy connection)"
::1 - - [17/Aug/2026:10:41:53 +0800] "OPTIONS * HTTP/1.0" 200 110 "-" "Apache/2.4.68 (Ubuntu) OpenSSL/3.0.19 (internal dummy connection)"
::1 - - [17/Aug/2026:10:41:54 +0800] "OPTIONS * HTTP/1.0" 200 110 "-" "Apache/2.4.68 (Ubuntu) OpenSSL/3.0.19 (internal dummy connection)"
101.12.129.94 - - [17/Aug/2026:10:41:54 +0800] "GET /wp-content/uploads/sites/3846/2023/07/%E6%95%99%E8%82%B2%E8%99%95%E5%85%AB%E5%A4%A7%E6%96%B9%E9%87%9D.png HTTP/1.1" 200 200327 "https://it.ilc.edu.tw/" "Mozilla/5.0 (Linux; Android 10; K) AppleWebKit/537.36 (KHTML, like Gecko) Chrome/151.0.0.0 Mobile Safari/537.36"
140.111.67.195 - - [17/Aug/2026:10:41:54 +0800] "GET /wp-admin/admin-post.php?action=steps_ad HTTP/1.1" 200 1649 "-" "node-fetch/1.0 (+https://github.com/bitinn/node-fetch)"
::1 - - [17/Aug/2026:10:41:55 +0800] "OPTIONS * HTTP/1.0" 200 110 "-" "Apache/2.4.68 (Ubuntu) OpenSSL/3.0.19 (internal dummy connection)"
140.111.67.10 - - [17/Aug/2026:10:41:55 +0800] "GET /" 301 273 "-" "-"
2001:288:a201::66:125 - - [17/Aug/2026:10:41:55 +0800] "GET /blog/active.php HTTP/1.1" 301 1026 "-" "-"
2001:288:a201::66:125 - - [17/Aug/2026:10:41:55 +0800] "GET /blog/active.php HTTP/1.1" 404 1084 "-" "-"
2001:288:a222:1:2c34:3d25:4c5d:c084 - - [17/Aug/2026:10:41:55 +0800] "-" 408 4802 "-" "-"
2001:288:a222:1:2c34:3d25:4c5d:c084 - - [17/Aug/2026:10:41:55 +0800] "-" 408 4802 "-" "-"
2001:288:a26a:1:6923:8bf3:4374:c578 - - [17/Aug/2026:10:41:56 +0800] "POST /hsics/wp-admin/admin-ajax.php HTTP/1.1" 200 1459 "https://2blog.ilc.edu.tw/hsics/wp-admin/edit.php" "Mozilla/5.0 (Windows NT 10.0; Win64; x64) AppleWebKit/537.36 (KHTML, like Gecko) Chrome/151.0.0.0 Safari/537.36"
211.23.138.48 - - [17/Aug/2026:10:41:57 +0800] "GET / HTTP/1.1" 200 30556 "https://www.bing.com/" "Mozilla/5.0 (Windows NT 10.0; Win64; x64) AppleWebKit/537.36 (KHTML, like Gecko) Chrome/151.0.0.0 Safari/537.36 Edg/151.0.0.0"
::1 - - [17/Aug/2026:10:41:58 +0800] "OPTIONS * HTTP/1.0" 200 110 "-" "Apache/2.4.68 (Ubuntu) OpenSSL/3.0.19 (internal dummy connection)"
140.111.67.195 - - [17/Aug/2026:10:41:57 +0800] "GET /wp-admin/admin-post.php?action=steps_ad HTTP/1.1" 200 1649 "-" "node-fetch/1.0 (+https://github.com/bitinn/node-fetch)"
211.23.138.48 - - [17/Aug/2026:10:41:58 +0800] "GET /wp-content/cache/www.pces.ilc.edu.tw/wpfc-minified/8m0o15xc/6vo4.css HTTP/1.1" 200 40894 "https://www.pces.ilc.edu.tw/" "Mozilla/5.0 (Windows NT 10.0; Win64; x64) AppleWebKit/537.36 (KHTML, like Gecko) Chrome/151.0.0.0 Safari/537.36 Edg/151.0.0.0"
211.23.138.48 - - [17/Aug/2026:10:41:58 +0800] "GET /wp-content/cache/www.pces.ilc.edu.tw/wpfc-minified/8vg91md5/6vo4.css HTTP/1.1" 200 15781 "https://www.pces.ilc.edu.tw/" "Mozilla/5.0 (Windows NT 10.0; Win64; x64) AppleWebKit/537.36 (KHTML, like Gecko) Chrome/151.0.0.0 Safari/537.36 Edg/151.0.0.0"
60.250.60.147 - - [17/Aug/2026:10:41:58 +0800] "GET /wp-content/cache/www.pces.ilc.edu.tw/wpfc-minified/2yp3jown/6vo4.css HTTP/1.1" 200 5964 "https://www.pces.ilc.edu.tw/" "Mozilla/5.0 (Windows NT 10.0; Win64; x64) AppleWebKit/537.36 (KHTML, like Gecko) Chrome/151.0.0.0 Safari/537.36 Edg/151.0.0.0"
211.23.138.48 - - [17/Aug/2026:10:41:58 +0800] "GET /wp-content/uploads/sites/1663/2020/08/%E8%9E%A2%E5%B9%95%E6%93%B7%E5%8F%96%E7%95%AB%E9%9D%A2-2025-08-01-132210.png HTTP/1.1" 200 106748 "https://www.pces.ilc.edu.tw/" "Mozilla/5.0 (Windows NT 10.0; Win64; x64) AppleWebKit/537.36 (KHTML, like Gecko) Chrome/151.0.0.0 Safari/537.36 Edg/151.0.0.0"
60.250.60.147 - - [17/Aug/2026:10:41:58 +0800] "GET /wp-content/uploads/sites/1663/2025/10/%E9%B4%A8%E6%AF%94.png HTTP/1.1" 200 110836 "https://www.pces.ilc.edu.tw/" "Mozilla/5.0 (Windows NT 10.0; Win64; x64) AppleWebKit/537.36 (KHTML, like Gecko) Chrome/151.0.0.0 Safari/537.36 Edg/151.0.0.0"
210.242.36.201 - - [17/Aug/2026:10:41:58 +0800] "GET /wp-content/uploads/sites/1663/2026/02/%E5%8F%B0%E6%97%A5%E4%BA%A4%E6%B5%81%E5%BE%BD%E7%AB%A02025-2.png HTTP/1.1" 200 125919 "https://www.pces.ilc.edu.tw/" "Mozilla/5.0 (Windows NT 10.0; Win64; x64) AppleWebKit/537.36 (KHTML, like Gecko) Chrome/151.0.0.0 Safari/537.36 Edg/151.0.0.0"
61.219.107.222 - - [17/Aug/2026:10:41:58 +0800] "GET /wp-content/cache/www.pces.ilc.edu.tw/wpfc-minified/kd9ooq0r/6vo4.js HTTP/1.1" 200 40360 "https://www.pces.ilc.edu.tw/" "Mozilla/5.0 (Windows NT 10.0; Win64; x64) AppleWebKit/537.36 (KHTML, like Gecko) Chrome/151.0.0.0 Safari/537.36 Edg/151.0.0.0"
60.250.60.147 - - [17/Aug/2026:10:41:58 +0800] "GET /wp-content/cache/www.pces.ilc.edu.tw/wpfc-minified/drbl7s7o/6vo4.css HTTP/1.1" 200 54617 "https://www.pces.ilc.edu.tw/" "Mozilla/5.0 (Windows NT 10.0; Win64; x64) AppleWebKit/537.36 (KHTML, like Gecko) Chrome/151.0.0.0 Safari/537.36 Edg/151.0.0.0"
60.250.60.147 - - [17/Aug/2026:10:41:58 +0800] "GET /wp-content/uploads/sites/1663/elementor/css/post-138.css HTTP/1.1" 200 939 "https://www.pces.ilc.edu.tw/" "Mozilla/5.0 (Windows NT 10.0; Win64; x64) AppleWebKit/537.36 (KHTML, like Gecko) Chrome/151.0.0.0 Safari/537.36 Edg/151.0.0.0"
60.250.60.147 - - [17/Aug/2026:10:41:58 +0800] "GET /wp-content/cache/www.pces.ilc.edu.tw/wpfc-minified/2qbg3bbr/6vo4.css HTTP/1.1" 200 25131 "https://www.pces.ilc.edu.tw/" "Mozilla/5.0 (Windows NT 10.0; Win64; x64) AppleWebKit/537.36 (KHTML, like Gecko) Chrome/151.0.0.0 Safari/537.36 Edg/151.0.0.0"
60.250.60.147 - - [17/Aug/2026:10:41:58 +0800] "GET /wp-content/cache/www.pces.ilc.edu.tw/wpfc-minified/k0e58tkr/6vo4.css HTTP/1.1" 200 9635 "https://www.pces.ilc.edu.tw/" "Mozilla/5.0 (Windows NT 10.0; Win64; x64) AppleWebKit/537.36 (KHTML, like Gecko) Chrome/151.0.0.0 Safari/537.36 Edg/151.0.0.0"
60.250.60.147 - - [17/Aug/2026:10:41:58 +0800] "GET /wp-content/uploads/sites/1663/elementor/css/post-95.css HTTP/1.1" 200 1268 "https://www.pces.ilc.edu.tw/" "Mozilla/5.0 (Windows NT 10.0; Win64; x64) AppleWebKit/537.36 (KHTML, like Gecko) Chrome/151.0.0.0 Safari/537.36 Edg/151.0.0.0"
60.250.60.147 - - [17/Aug/2026:10:41:58 +0800] "GET /wp-content/cache/www.pces.ilc.edu.tw/wpfc-minified/max6ug5s/6vo4.css HTTP/1.1" 200 47303 "https://www.pces.ilc.edu.tw/" "Mozilla/5.0 (Windows NT 10.0; Win64; x64) AppleWebKit/537.36 (KHTML, like Gecko) Chrome/151.0.0.0 Safari/537.36 Edg/151.0.0.0"
60.250.60.147 - - [17/Aug/2026:10:41:58 +0800] "GET /wp-includes/js/hoverintent-js.min.js HTTP/1.1" 200 1597 "https://www.pces.ilc.edu.tw/" "Mozilla/5.0 (Windows NT 10.0; Win64; x64) AppleWebKit/537.36 (KHTML, like Gecko) Chrome/151.0.0.0 Safari/537.36 Edg/151.0.0.0"
60.250.60.147 - - [17/Aug/2026:10:41:58 +0800] "GET /wp-includes/js/admin-bar.min.js HTTP/1.1" 200 2237 "https://www.pces.ilc.edu.tw/" "Mozilla/5.0 (Windows NT 10.0; Win64; x64) AppleWebKit/537.36 (KHTML, like Gecko) Chrome/151.0.0.0 Safari/537.36 Edg/151.0.0.0"
60.250.60.147 - - [17/Aug/2026:10:41:58 +0800] "GET /wp-includes/js/imagesloaded.min.js HTTP/1.1" 200 2683 "https://www.pces.ilc.edu.tw/" "Mozilla/5.0 (Windows NT 10.0; Win64; x64) AppleWebKit/537.36 (KHTML, like Gecko) Chrome/151.0.0.0 Safari/537.36 Edg/151.0.0.0"
60.250.60.147 - - [17/Aug/2026:10:41:58 +0800] "GET /wp-content/themes/oceanwp/assets/js/theme.min.js HTTP/1.1" 200 5130 "https://www.pces.ilc.edu.tw/" "Mozilla/5.0 (Windows NT 10.0; Win64; x64) AppleWebKit/537.36 (KHTML, like Gecko) Chrome/151.0.0.0 Safari/537.36 Edg/151.0.0.0"
60.250.60.147 - - [17/Aug/2026:10:41:58 +0800] "GET /wp-content/themes/oceanwp/assets/js/drop-down-mobile-menu.min.js HTTP/1.1" 200 4663 "https://www.pces.ilc.edu.tw/" "Mozilla/5.0 (Windows NT 10.0; Win64; x64) AppleWebKit/537.36 (KHTML, like Gecko) Chrome/151.0.0.0 Safari/537.36 Edg/151.0.0.0"
211.23.138.48 - - [17/Aug/2026:10:41:58 +0800] "GET /wp-content/themes/oceanwp/assets/js/vendors/magnific-popup.min.js HTTP/1.1" 200 8270 "https://www.pces.ilc.edu.tw/" "Mozilla/5.0 (Windows NT 10.0; Win64; x64) AppleWebKit/537.36 (KHTML, like Gecko) Chrome/151.0.0.0 Safari/537.36 Edg/151.0.0.0"
210.242.36.201 - - [17/Aug/2026:10:41:58 +0800] "GET /wp-content/themes/oceanwp/assets/js/drop-down-search.min.js HTTP/1.1" 200 2968 "https://www.pces.ilc.edu.tw/" "Mozilla/5.0 (Windows NT 10.0; Win64; x64) AppleWebKit/537.36 (KHTML, like Gecko) Chrome/151.0.0.0 Safari/537.36 Edg/151.0.0.0"
61.219.107.222 - - [17/Aug/2026:10:41:58 +0800] "GET /wp-content/themes/oceanwp/assets/js/ow-lightbox.min.js HTTP/1.1" 200 2321 "https://www.pces.ilc.edu.tw/" "Mozilla/5.0 (Windows NT 10.0; Win64; x64) AppleWebKit/537.36 (KHTML, like Gecko) Chrome/151.0.0.0 Safari/537.36 Edg/151.0.0.0"
60.250.60.147 - - [17/Aug/2026:10:41:58 +0800] "GET /wp-content/themes/oceanwp/assets/js/vendors/flickity.pkgd.min.js HTTP/1.1" 200 15048 "https://www.pces.ilc.edu.tw/" "Mozilla/5.0 (Windows NT 10.0; Win64; x64) AppleWebKit/537.36 (KHTML, like Gecko) Chrome/151.0.0.0 Safari/537.36 Edg/151.0.0.0"
60.250.60.147 - - [17/Aug/2026:10:41:58 +0800] "GET /wp-content/themes/oceanwp/assets/js/ow-slider.min.js HTTP/1.1" 200 1761 "https://www.pces.ilc.edu.tw/" "Mozilla/5.0 (Windows NT 10.0; Win64; x64) AppleWebKit/537.36 (KHTML, like Gecko) Chrome/151.0.0.0 Safari/537.36 Edg/151.0.0.0"
211.23.138.48 - - [17/Aug/2026:10:41:58 +0800] "GET /wp-content/themes/oceanwp/assets/js/scroll-top.min.js HTTP/1.1" 200 3202 "https://www.pces.ilc.edu.tw/" "Mozilla/5.0 (Windows NT 10.0; Win64; x64) AppleWebKit/537.36 (KHTML, like Gecko) Chrome/151.0.0.0 Safari/537.36 Edg/151.0.0.0"
61.219.107.222 - - [17/Aug/2026:10:41:58 +0800] "GET /wp-content/themes/oceanwp/assets/js/select.min.js HTTP/1.1" 200 2408 "https://www.pces.ilc.edu.tw/" "Mozilla/5.0 (Windows NT 10.0; Win64; x64) AppleWebKit/537.36 (KHTML, like Gecko) Chrome/151.0.0.0 Safari/537.36 Edg/151.0.0.0"
60.250.60.147 - - [17/Aug/2026:10:41:58 +0800] "GET /wp-content/themes/oceanwp/assets/js/scroll-effect.min.js HTTP/1.1" 200 4127 "https://www.pces.ilc.edu.tw/" "Mozilla/5.0 (Windows NT 10.0; Win64; x64) AppleWebKit/537.36 (KHTML, like Gecko) Chrome/151.0.0.0 Safari/537.36 Edg/151.0.0.0"
210.242.36.201 - - [17/Aug/2026:10:41:58 +0800] "GET /wp-content/plugins/elementor-pro/assets/js/webpack-pro.runtime.min.js HTTP/1.1" 200 3562 "https://www.pces.ilc.edu.tw/" "Mozilla/5.0 (Windows NT 10.0; Win64; x64) AppleWebKit/537.36 (KHTML, like Gecko) Chrome/151.0.0.0 Safari/537.36 Edg/151.0.0.0"
60.250.60.147 - - [17/Aug/2026:10:41:58 +0800] "GET /wp-content/plugins/elementor/assets/js/webpack.runtime.min.js HTTP/1.1" 200 3095 "https://www.pces.ilc.edu.tw/" "Mozilla/5.0 (Windows NT 10.0; Win64; x64) AppleWebKit/537.36 (KHTML, like Gecko) Chrome/151.0.0.0 Safari/537.36 Edg/151.0.0.0"
210.242.36.201 - - [17/Aug/2026:10:41:58 +0800] "GET /wp-includes/js/dist/hooks.min.js HTTP/1.1" 200 2421 "https://www.pces.ilc.edu.tw/" "Mozilla/5.0 (Windows NT 10.0; Win64; x64) AppleWebKit/537.36 (KHTML, like Gecko) Chrome/151.0.0.0 Safari/537.36 Edg/151.0.0.0"
61.219.107.222 - - [17/Aug/2026:10:41:58 +0800] "GET /wp-includes/js/dist/i18n.min.js HTTP/1.1" 200 4547 "https://www.pces.ilc.edu.tw/" "Mozilla/5.0 (Windows NT 10.0; Win64; x64) AppleWebKit/537.36 (KHTML, like Gecko) Chrome/151.0.0.0 Safari/537.36 Edg/151.0.0.0"
60.250.60.147 - - [17/Aug/2026:10:41:58 +0800] "GET /wp-content/plugins/elementor/assets/lib/waypoints/waypoints.min.js HTTP/1.1" 200 3873 "https://www.pces.ilc.edu.tw/" "Mozilla/5.0 (Windows NT 10.0; Win64; x64) AppleWebKit/537.36 (KHTML, like Gecko) Chrome/151.0.0.0 Safari/537.36 Edg/151.0.0.0"
211.23.138.48 - - [17/Aug/2026:10:41:58 +0800] "GET /wp-content/plugins/elementor/assets/js/frontend-modules.min.js HTTP/1.1" 200 19416 "https://www.pces.ilc.edu.tw/" "Mozilla/5.0 (Windows NT 10.0; Win64; x64) AppleWebKit/537.36 (KHTML, like Gecko) Chrome/151.0.0.0 Safari/537.36 Edg/151.0.0.0"
60.250.60.147 - - [17/Aug/2026:10:41:58 +0800] "GET /wp-content/plugins/elementor-pro/assets/js/frontend.min.js HTTP/1.1" 200 7574 "https://www.pces.ilc.edu.tw/" "Mozilla/5.0 (Windows NT 10.0; Win64; x64) AppleWebKit/537.36 (KHTML, like Gecko) Chrome/151.0.0.0 Safari/537.36 Edg/151.0.0.0"
60.250.60.147 - - [17/Aug/2026:10:41:58 +0800] "GET /wp-includes/js/jquery/ui/core.min.js HTTP/1.1" 200 7986 "https://www.pces.ilc.edu.tw/" "Mozilla/5.0 (Windows NT 10.0; Win64; x64) AppleWebKit/537.36 (KHTML, like Gecko) Chrome/151.0.0.0 Safari/537.36 Edg/151.0.0.0"
61.219.107.222 - - [17/Aug/2026:10:41:58 +0800] "GET /wp-content/plugins/elementor-pro/assets/js/elements-handlers.min.js HTTP/1.1" 200 10882 "https://www.pces.ilc.edu.tw/" "Mozilla/5.0 (Windows NT 10.0; Win64; x64) AppleWebKit/537.36 (KHTML, like Gecko) Chrome/151.0.0.0 Safari/537.36 Edg/151.0.0.0"
211.23.138.48 - - [17/Aug/2026:10:41:58 +0800] "GET /wp-content/plugins/elementor/assets/js/frontend.min.js HTTP/1.1" 200 13169 "https://www.pces.ilc.edu.tw/" "Mozilla/5.0 (Windows NT 10.0; Win64; x64) AppleWebKit/537.36 (KHTML, like Gecko) Chrome/151.0.0.0 Safari/537.36 Edg/151.0.0.0"
60.250.60.147 - - [17/Aug/2026:10:41:58 +0800] "GET /wp-content/uploads/sites/1663/2020/11/cropped-90172194_212477336787811_8905758397861724160_o-01-1-scaled-1.jpg HTTP/1.1" 200 166692 "https://www.pces.ilc.edu.tw/" "Mozilla/5.0 (Windows NT 10.0; Win64; x64) AppleWebKit/537.36 (KHTML, like Gecko) Chrome/151.0.0.0 Safari/537.36 Edg/151.0.0.0"
60.250.60.147 - - [17/Aug/2026:10:41:58 +0800] "GET /wp-content/uploads/sites/1663/2020/08/002.jpg HTTP/1.1" 200 21887 "https://www.pces.ilc.edu.tw/" "Mozilla/5.0 (Windows NT 10.0; Win64; x64) AppleWebKit/537.36 (KHTML, like Gecko) Chrome/151.0.0.0 Safari/537.36 Edg/151.0.0.0"
60.250.60.147 - - [17/Aug/2026:10:41:58 +0800] "GET /wp-content/uploads/sites/1663/2020/08/video-1.jpg HTTP/1.1" 200 8344 "https://www.pces.ilc.edu.tw/" "Mozilla/5.0 (Windows NT 10.0; Win64; x64) AppleWebKit/537.36 (KHTML, like Gecko) Chrome/151.0.0.0 Safari/537.36 Edg/151.0.0.0"
211.23.138.48 - - [17/Aug/2026:10:41:58 +0800] "GET /wp-content/uploads/sites/1663/2020/08/36430-3651715.gif HTTP/1.1" 200 146897 "https://www.pces.ilc.edu.tw/" "Mozilla/5.0 (Windows NT 10.0; Win64; x64) AppleWebKit/537.36 (KHTML, like Gecko) Chrome/151.0.0.0 Safari/537.36 Edg/151.0.0.0"
61.219.107.222 - - [17/Aug/2026:10:41:58 +0800] "GET /wp-content/uploads/sites/1663/2020/08/01-2.jpg HTTP/1.1" 200 38055 "https://www.pces.ilc.edu.tw/" "Mozilla/5.0 (Windows NT 10.0; Win64; x64) AppleWebKit/537.36 (KHTML, like Gecko) Chrome/151.0.0.0 Safari/537.36 Edg/151.0.0.0"
60.250.60.147 - - [17/Aug/2026:10:41:58 +0800] "GET /wp-content/uploads/sites/1663/2020/08/%E8%A1%9B%E6%9C%8D%E9%83%A8%E5%9A%B4%E9%87%8D%E7%89%B9%E6%AE%8A%E5%82%B3%E6%9F%93%E6%80%A7%E8%82%BA%E7%82%8E.jpg HTTP/1.1" 200 41290 "https://www.pces.ilc.edu.tw/" "Mozilla/5.0 (Windows NT 10.0; Win64; x64) AppleWebKit/537.36 (KHTML, like Gecko) Chrome/151.0.0.0 Safari/537.36 Edg/151.0.0.0"
211.23.138.48 - - [17/Aug/2026:10:41:58 +0800] "GET /wp-content/uploads/sites/1663/2020/08/36430-4251824.jpg HTTP/1.1" 200 5261 "https://www.pces.ilc.edu.tw/" "Mozilla/5.0 (Windows NT 10.0; Win64; x64) AppleWebKit/537.36 (KHTML, like Gecko) Chrome/151.0.0.0 Safari/537.36 Edg/151.0.0.0"
61.219.107.222 - - [17/Aug/2026:10:41:58 +0800] "GET /wp-content/uploads/sites/1663/2020/09/36430-3651511.jpg HTTP/1.1" 200 24004 "https://www.pces.ilc.edu.tw/" "Mozilla/5.0 (Windows NT 10.0; Win64; x64) AppleWebKit/537.36 (KHTML, like Gecko) Chrome/151.0.0.0 Safari/537.36 Edg/151.0.0.0"
60.250.60.147 - - [17/Aug/2026:10:41:58 +0800] "GET /wp-content/uploads/sites/1663/2024/07/%E8%8B%B1%E6%96%87%E7%B6%B2%E7%AB%99LOGO1.png HTTP/1.1" 200 12388 "https://www.pces.ilc.edu.tw/" "Mozilla/5.0 (Windows NT 10.0; Win64; x64) AppleWebKit/537.36 (KHTML, like Gecko) Chrome/151.0.0.0 Safari/537.36 Edg/151.0.0.0"
60.250.60.147 - - [17/Aug/2026:10:41:58 +0800] "GET /wp-content/uploads/sites/1663/2024/10/%E6%88%AA%E5%9C%96-2024-10-31-%E6%99%9A%E4%B8%8A7.20.30-150x150.png HTTP/1.1" 200 8203 "https://www.pces.ilc.edu.tw/" "Mozilla/5.0 (Windows NT 10.0; Win64; x64) AppleWebKit/537.36 (KHTML, like Gecko) Chrome/151.0.0.0 Safari/537.36 Edg/151.0.0.0"
60.250.60.147 - - [17/Aug/2026:10:41:58 +0800] "GET /wp-content/uploads/sites/1663/2025/12/929063F7-2A6F-4CC7-BC12-B0F502C6A1A7-300x225.jpg HTTP/1.1" 200 24099 "https://www.pces.ilc.edu.tw/" "Mozilla/5.0 (Windows NT 10.0; Win64; x64) AppleWebKit/537.36 (KHTML, like Gecko) Chrome/151.0.0.0 Safari/537.36 Edg/151.0.0.0"
210.242.36.201 - - [17/Aug/2026:10:41:58 +0800] "GET /wp-content/uploads/sites/1663/2025/12/GOOGLE%E5%83%8F%E7%B0%BF%E5%B0%81%E9%9D%A2%E7%B8%AE%E5%9C%96-1-150x150.png HTTP/1.1" 200 19537 "https://www.pces.ilc.edu.tw/" "Mozilla/5.0 (Windows NT 10.0; Win64; x64) AppleWebKit/537.36 (KHTML, like Gecko) Chrome/151.0.0.0 Safari/537.36 Edg/151.0.0.0"
60.250.60.147 - - [17/Aug/2026:10:41:58 +0800] "GET /wp-content/uploads/sites/1663/2026/03/%E7%A5%A8%E9%81%B8%E7%A2%BA%E8%AA%8D-300x247.png HTTP/1.1" 200 27511 "https://www.pces.ilc.edu.tw/" "Mozilla/5.0 (Windows NT 10.0; Win64; x64) AppleWebKit/537.36 (KHTML, like Gecko) Chrome/151.0.0.0 Safari/537.36 Edg/151.0.0.0"
140.111.67.195 - - [17/Aug/2026:10:41:58 +0800] "GET /wp-admin/admin-post.php?action=steps_ad HTTP/1.1" 200 1649 "-" "node-fetch/1.0 (+https://github.com/bitinn/node-fetch)"
2001:288:a222:1:5019:768:b6d5:9a73 - - [17/Aug/2026:10:41:59 +0800] "GET /wp-content/uploads/sites/3846/2026/08/%E8%BE%B2%E6%A5%AD%E9%83%A8%E5%BB%A3%E5%91%8A.jpg HTTP/1.1" 304 5581 "https://it.ilc.edu.tw/" "Mozilla/5.0 (Windows NT 10.0; Win64; x64) AppleWebKit/537.36 (KHTML, like Gecko) Chrome/151.0.0.0 Safari/537.36"
2001:288:a222:1:5019:768:b6d5:9a73 - - [17/Aug/2026:10:41:59 +0800] "GET /wp-content/uploads/sites/3846/2026/06/2026%E5%AE%9C%E8%98%AD%E7%98%8B%E5%AD%B8%E7%BF%92-%E6%9A%91%E5%81%87_%E6%95%99%E8%82%B2%E8%99%95%E9%A6%96%E9%A0%81-1440-x-1080-%E5%83%8F%E7%B4%A0.png HTTP/1.1" 304 5581 "https://it.ilc.edu.tw/" "Mozilla/5.0 (Windows NT 10.0; Win64; x64) AppleWebKit/537.36 (KHTML, like Gecko) Chrome/151.0.0.0 Safari/537.36"
140.111.67.10 - - [17/Aug/2026:10:42:00 +0800] "GET /" 301 273 "-" "-"
2001:288:a201::66:125 - - [17/Aug/2026:10:42:00 +0800] "GET /blog/active.php HTTP/1.1" 301 1026 "-" "-"
2001:288:a201::66:125 - - [17/Aug/2026:10:42:00 +0800] "GET /blog/active.php HTTP/1.1" 404 1084 "-" "-"
114.32.246.242 - - [17/Aug/2026:10:42:01 +0800] "GET /yilankindergartentest/category/114%e5%ad%b8%e5%b9%b4%e5%ba%a6%e4%b8%8b%e5%ad%b8%e6%9c%9f%e9%98%b2%e7%81%bd%e5%bd%b1%e7%89%87/ HTTP/1.1" 200 27761 "https://2blog.ilc.edu.tw/yilankindergartentest/category/114%e5%ad%b8%e5%b9%b4%e5%ba%a6%e4%b8%8b%e5%ad%b8%e6%9c%9f%e9%98%b2%e7%81%bd%e6%bc%94%e7%b7%b4%e8%85%b3%e6%9c%ac/" "Mozilla/5.0 (Windows NT 10.0; Win64; x64) AppleWebKit/537.36 (KHTML, like Gecko) Chrome/151.0.0.0 Safari/537.36"
2001:288:a201::67:81 - - [17/Aug/2026:10:42:01 +0800] "GET / HTTP/1.1" 200 56292 "-" "curl/7.81.0"
2001:288:a201::67:84 - - [17/Aug/2026:10:42:01 +0800] "GET / HTTP/1.1" 200 56292 "-" "curl/7.81.0"
60.250.60.147 - - [17/Aug/2026:10:42:01 +0800] "GET /favicon.ico HTTP/1.1" 302 1062 "https://www.pces.ilc.edu.tw/" "Mozilla/5.0 (Windows NT 10.0; Win64; x64) AppleWebKit/537.36 (KHTML, like Gecko) Chrome/151.0.0.0 Safari/537.36 Edg/151.0.0.0"
60.250.60.147 - - [17/Aug/2026:10:42:01 +0800] "GET /wp-includes/images/w-logo-blue-white-bg.png HTTP/1.1" 200 4946 "https://www.pces.ilc.edu.tw/" "Mozilla/5.0 (Windows NT 10.0; Win64; x64) AppleWebKit/537.36 (KHTML, like Gecko) Chrome/151.0.0.0 Safari/537.36 Edg/151.0.0.0"
140.111.67.86 - - [17/Aug/2026:10:42:02 +0800] "GET / HTTP/1.1" 200 56292 "-" "curl/7.81.0"
140.111.67.195 - - [17/Aug/2026:10:42:02 +0800] "GET /wp-admin/admin-post.php?action=steps_ad HTTP/1.1" 200 1649 "-" "node-fetch/1.0 (+https://github.com/bitinn/node-fetch)"
210.242.36.201 - - [17/Aug/2026:10:42:03 +0800] "GET /wp-content/uploads/sites/1663/2020/08/36430-3651712.jpg HTTP/1.1" 200 6878 "https://www.pces.ilc.edu.tw/" "Mozilla/5.0 (Windows NT 10.0; Win64; x64) AppleWebKit/537.36 (KHTML, like Gecko) Chrome/151.0.0.0 Safari/537.36 Edg/151.0.0.0"
60.250.60.147 - - [17/Aug/2026:10:42:03 +0800] "GET /wp-content/uploads/sites/1663/2020/08/36430-4239698.jpg HTTP/1.1" 200 4964 "https://www.pces.ilc.edu.tw/" "Mozilla/5.0 (Windows NT 10.0; Win64; x64) AppleWebKit/537.36 (KHTML, like Gecko) Chrome/151.0.0.0 Safari/537.36 Edg/151.0.0.0"
60.250.60.147 - - [17/Aug/2026:10:42:03 +0800] "GET /wp-content/uploads/sites/1663/2020/08/%E7%89%A9%E4%BB%B6-3.jpg HTTP/1.1" 200 96700 "https://www.pces.ilc.edu.tw/" "Mozilla/5.0 (Windows NT 10.0; Win64; x64) AppleWebKit/537.36 (KHTML, like Gecko) Chrome/151.0.0.0 Safari/537.36 Edg/151.0.0.0"
60.250.60.147 - - [17/Aug/2026:10:42:03 +0800] "GET /wp-content/uploads/sites/1663/2020/08/36430-4239696.jpg HTTP/1.1" 200 4673 "https://www.pces.ilc.edu.tw/" "Mozilla/5.0 (Windows NT 10.0; Win64; x64) AppleWebKit/537.36 (KHTML, like Gecko) Chrome/151.0.0.0 Safari/537.36 Edg/151.0.0.0"
