114.32.246.242 - - [17/Aug/2026:10:43:15 +0800] "GET /yilankindergartentest/wp-content/plugins/admin-menu-editor-pro/extras/font-awesome/scss/font-awesome.css HTTP/1.1" 200 15412 "https://2blog.ilc.edu.tw/yilankindergartentest/wp-admin/" "Mozilla/5.0 (Windows NT 10.0; Win64; x64) AppleWebKit/537.36 (KHTML, like Gecko) Chrome/151.0.0.0 Safari/537.36"
114.32.246.242 - - [17/Aug/2026:10:43:15 +0800] "GET /yilankindergartentest/wp-admin/css/colors/ocean/colors.min.css HTTP/1.1" 200 3935 "https://2blog.ilc.edu.tw/yilankindergartentest/wp-admin/" "Mozilla/5.0 (Windows NT 10.0; Win64; x64) AppleWebKit/537.36 (KHTML, like Gecko) Chrome/151.0.0.0 Safari/537.36"
114.32.246.242 - - [17/Aug/2026:10:43:15 +0800] "GET /yilankindergartentest/wp-content/plugins/ilc-custom/asset/css/wp-notice.css?0023&ver=1.0.0 HTTP/1.1" 200 6040 "https://2blog.ilc.edu.tw/yilankindergartentest/wp-admin/" "Mozilla/5.0 (Windows NT 10.0; Win64; x64) AppleWebKit/537.36 (KHTML, like Gecko) Chrome/151.0.0.0 Safari/537.36"
114.32.246.242 - - [17/Aug/2026:10:43:15 +0800] "GET /yilankindergartentest/wp-content/plugins/ml-slider/admin/assets/css/notices.css HTTP/1.1" 200 6514 "https://2blog.ilc.edu.tw/yilankindergartentest/wp-admin/" "Mozilla/5.0 (Windows NT 10.0; Win64; x64) AppleWebKit/537.36 (KHTML, like Gecko) Chrome/151.0.0.0 Safari/537.36"
114.32.246.242 - - [17/Aug/2026:10:43:15 +0800] "GET /yilankindergartentest/wp-content/plugins/staatic/assets/admin.css HTTP/1.1" 200 2495 "https://2blog.ilc.edu.tw/yilankindergartentest/wp-admin/" "Mozilla/5.0 (Windows NT 10.0; Win64; x64) AppleWebKit/537.36 (KHTML, like Gecko) Chrome/151.0.0.0 Safari/537.36"
114.32.246.242 - - [17/Aug/2026:10:43:15 +0800] "GET /yilankindergartentest/wp-content/plugins/ml-slider/admin/assets/css/upgrade.css HTTP/1.1" 200 2042 "https://2blog.ilc.edu.tw/yilankindergartentest/wp-admin/" "Mozilla/5.0 (Windows NT 10.0; Win64; x64) AppleWebKit/537.36 (KHTML, like Gecko) Chrome/151.0.0.0 Safari/537.36"
114.32.246.242 - - [17/Aug/2026:10:43:15 +0800] "GET /yilankindergartentest/wp-content/plugins/elementor/assets/lib/eicons/css/elementor-icons.min.css HTTP/1.1" 200 4949 "https://2blog.ilc.edu.tw/yilankindergartentest/wp-admin/" "Mozilla/5.0 (Windows NT 10.0; Win64; x64) AppleWebKit/537.36 (KHTML, like Gecko) Chrome/151.0.0.0 Safari/537.36"
114.32.246.242 - - [17/Aug/2026:10:43:15 +0800] "GET /yilankindergartentest/wp-content/plugins/limit-login-attempts-reloaded/assets/css/limit-login-attempts.css HTTP/1.1" 200 21363 "https://2blog.ilc.edu.tw/yilankindergartentest/wp-admin/" "Mozilla/5.0 (Windows NT 10.0; Win64; x64) AppleWebKit/537.36 (KHTML, like Gecko) Chrome/151.0.0.0 Safari/537.36"
114.32.246.242 - - [17/Aug/2026:10:43:15 +0800] "GET /yilankindergartentest/wp-content/plugins/elementor/assets/css/common.min.css HTTP/1.1" 200 4263 "https://2blog.ilc.edu.tw/yilankindergartentest/wp-admin/" "Mozilla/5.0 (Windows NT 10.0; Win64; x64) AppleWebKit/537.36 (KHTML, like Gecko) Chrome/151.0.0.0 Safari/537.36"
114.32.246.242 - - [17/Aug/2026:10:43:15 +0800] "GET /yilankindergartentest/wp-content/plugins/elementor/assets/css/theme-light.min.css HTTP/1.1" 200 1595 "https://2blog.ilc.edu.tw/yilankindergartentest/wp-admin/" "Mozilla/5.0 (Windows NT 10.0; Win64; x64) AppleWebKit/537.36 (KHTML, like Gecko) Chrome/151.0.0.0 Safari/537.36"
114.32.246.242 - - [17/Aug/2026:10:43:15 +0800] "GET /yilankindergartentest/wp-content/plugins/elementor/assets/css/admin.min.css HTTP/1.1" 200 12919 "https://2blog.ilc.edu.tw/yilankindergartentest/wp-admin/" "Mozilla/5.0 (Windows NT 10.0; Win64; x64) AppleWebKit/537.36 (KHTML, like Gecko) Chrome/151.0.0.0 Safari/537.36"
114.32.246.242 - - [17/Aug/2026:10:43:15 +0800] "GET /yilankindergartentest/wp-content/plugins/admin-menu-editor-pro/css/admin.css HTTP/1.1" 200 2039 "https://2blog.ilc.edu.tw/yilankindergartentest/wp-admin/" "Mozilla/5.0 (Windows NT 10.0; Win64; x64) AppleWebKit/537.36 (KHTML, like Gecko) Chrome/151.0.0.0 Safari/537.36"
114.32.246.242 - - [17/Aug/2026:10:43:15 +0800] "GET /yilankindergartentest/wp-content/plugins/admin-menu-editor-pro/js/admin-helpers.js HTTP/1.1" 200 2130 "https://2blog.ilc.edu.tw/yilankindergartentest/wp-admin/" "Mozilla/5.0 (Windows NT 10.0; Win64; x64) AppleWebKit/537.36 (KHTML, like Gecko) Chrome/151.0.0.0 Safari/537.36"
114.32.246.242 - - [17/Aug/2026:10:43:15 +0800] "GET /yilankindergartentest/wp-includes/js/dist/dom-ready.min.js HTTP/1.1" 200 1199 "https://2blog.ilc.edu.tw/yilankindergartentest/wp-admin/" "Mozilla/5.0 (Windows NT 10.0; Win64; x64) AppleWebKit/537.36 (KHTML, like Gecko) Chrome/151.0.0.0 Safari/537.36"
114.32.246.242 - - [17/Aug/2026:10:43:15 +0800] "GET /yilankindergartentest/wp-admin/load-scripts.php?c=1&load%5Bchunk_0%5D=jquery-core,jquery-migrate,utils,wp-hooks&ver=6.6.7 HTTP/1.1" 200 37408 "https://2blog.ilc.edu.tw/yilankindergartentest/wp-admin/" "Mozilla/5.0 (Windows NT 10.0; Win64; x64) AppleWebKit/537.36 (KHTML, like Gecko) Chrome/151.0.0.0 Safari/537.36"
114.32.246.242 - - [17/Aug/2026:10:43:15 +0800] "GET /yilankindergartentest/wp-includes/js/dist/deprecated.min.js HTTP/1.1" 200 1325 "https://2blog.ilc.edu.tw/yilankindergartentest/wp-admin/" "Mozilla/5.0 (Windows NT 10.0; Win64; x64) AppleWebKit/537.36 (KHTML, like Gecko) Chrome/151.0.0.0 Safari/537.36"
114.32.246.242 - - [17/Aug/2026:10:43:15 +0800] "GET /yilankindergartentest/wp-includes/js/dist/vendor/moment.min.js HTTP/1.1" 200 19514 "https://2blog.ilc.edu.tw/yilankindergartentest/wp-admin/" "Mozilla/5.0 (Windows NT 10.0; Win64; x64) AppleWebKit/537.36 (KHTML, like Gecko) Chrome/151.0.0.0 Safari/537.36"
114.32.246.242 - - [17/Aug/2026:10:43:15 +0800] "GET /yilankindergartentest/wp-includes/js/dist/a11y.min.js HTTP/1.1" 200 1829 "https://2blog.ilc.edu.tw/yilankindergartentest/wp-admin/" "Mozilla/5.0 (Windows NT 10.0; Win64; x64) AppleWebKit/537.36 (KHTML, like Gecko) Chrome/151.0.0.0 Safari/537.36"
114.32.246.242 - - [17/Aug/2026:10:43:15 +0800] "GET /yilankindergartentest/wp-content/plugins/limit-login-attempts-reloaded/assets/css/fonts/stylesheet.css HTTP/1.1" 200 1213 "https://2blog.ilc.edu.tw/yilankindergartentest/wp-content/plugins/limit-login-attempts-reloaded/assets/css/limit-login-attempts.css" "Mozilla/5.0 (Windows NT 10.0; Win64; x64) AppleWebKit/537.36 (KHTML, like Gecko) Chrome/151.0.0.0 Safari/537.36"
114.32.246.242 - - [17/Aug/2026:10:43:15 +0800] "GET /yilankindergartentest/wp-includes/js/dist/url.min.js HTTP/1.1" 200 4615 "https://2blog.ilc.edu.tw/yilankindergartentest/wp-admin/" "Mozilla/5.0 (Windows NT 10.0; Win64; x64) AppleWebKit/537.36 (KHTML, like Gecko) Chrome/151.0.0.0 Safari/537.36"
114.32.246.242 - - [17/Aug/2026:10:43:15 +0800] "GET /yilankindergartentest/wp-includes/js/dist/api-fetch.min.js HTTP/1.1" 200 3212 "https://2blog.ilc.edu.tw/yilankindergartentest/wp-admin/" "Mozilla/5.0 (Windows NT 10.0; Win64; x64) AppleWebKit/537.36 (KHTML, like Gecko) Chrome/151.0.0.0 Safari/537.36"
114.32.246.242 - - [17/Aug/2026:10:43:15 +0800] "GET /yilankindergartentest/wp-includes/js/dist/date.min.js HTTP/1.1" 200 44608 "https://2blog.ilc.edu.tw/yilankindergartentest/wp-admin/" "Mozilla/5.0 (Windows NT 10.0; Win64; x64) AppleWebKit/537.36 (KHTML, like Gecko) Chrome/151.0.0.0 Safari/537.36"
114.32.246.242 - - [17/Aug/2026:10:43:15 +0800] "GET /yilankindergartentest/wp-includes/js/dist/vendor/react.min.js HTTP/1.1" 200 3535 "https://2blog.ilc.edu.tw/yilankindergartentest/wp-admin/" "Mozilla/5.0 (Windows NT 10.0; Win64; x64) AppleWebKit/537.36 (KHTML, like Gecko) Chrome/151.0.0.0 Safari/537.36"
114.32.246.242 - - [17/Aug/2026:10:43:15 +0800] "GET /yilankindergartentest/wp-includes/js/dist/vendor/react-dom.min.js HTTP/1.1" 200 43962 "https://2blog.ilc.edu.tw/yilankindergartentest/wp-admin/" "Mozilla/5.0 (Windows NT 10.0; Win64; x64) AppleWebKit/537.36 (KHTML, like Gecko) Chrome/151.0.0.0 Safari/537.36"
114.32.246.242 - - [17/Aug/2026:10:43:15 +0800] "GET /yilankindergartentest/wp-includes/js/dist/vendor/react-jsx-runtime.min.js HTTP/1.1" 200 1431 "https://2blog.ilc.edu.tw/yilankindergartentest/wp-admin/" "Mozilla/5.0 (Windows NT 10.0; Win64; x64) AppleWebKit/537.36 (KHTML, like Gecko) Chrome/151.0.0.0 Safari/537.36"
114.32.246.242 - - [17/Aug/2026:10:43:15 +0800] "GET /yilankindergartentest/wp-includes/js/dist/dom.min.js HTTP/1.1" 200 5570 "https://2blog.ilc.edu.tw/yilankindergartentest/wp-admin/" "Mozilla/5.0 (Windows NT 10.0; Win64; x64) AppleWebKit/537.36 (KHTML, like Gecko) Chrome/151.0.0.0 Safari/537.36"
114.32.246.242 - - [17/Aug/2026:10:43:15 +0800] "GET /yilankindergartentest/wp-includes/js/dist/escape-html.min.js HTTP/1.1" 200 1411 "https://2blog.ilc.edu.tw/yilankindergartentest/wp-admin/" "Mozilla/5.0 (Windows NT 10.0; Win64; x64) AppleWebKit/537.36 (KHTML, like Gecko) Chrome/151.0.0.0 Safari/537.36"
114.32.246.242 - - [17/Aug/2026:10:43:15 +0800] "GET /yilankindergartentest/wp-includes/js/dist/element.min.js HTTP/1.1" 200 5839 "https://2blog.ilc.edu.tw/yilankindergartentest/wp-admin/" "Mozilla/5.0 (Windows NT 10.0; Win64; x64) AppleWebKit/537.36 (KHTML, like Gecko) Chrome/151.0.0.0 Safari/537.36"
114.32.246.242 - - [17/Aug/2026:10:43:15 +0800] "GET /yilankindergartentest/wp-includes/js/dist/is-shallow-equal.min.js HTTP/1.1" 200 1399 "https://2blog.ilc.edu.tw/yilankindergartentest/wp-admin/" "Mozilla/5.0 (Windows NT 10.0; Win64; x64) AppleWebKit/537.36 (KHTML, like Gecko) Chrome/151.0.0.0 Safari/537.36"
114.32.246.242 - - [17/Aug/2026:10:43:15 +0800] "GET /yilankindergartentest/wp-includes/js/dist/keycodes.min.js HTTP/1.1" 200 2271 "https://2blog.ilc.edu.tw/yilankindergartentest/wp-admin/" "Mozilla/5.0 (Windows NT 10.0; Win64; x64) AppleWebKit/537.36 (KHTML, like Gecko) Chrome/151.0.0.0 Safari/537.36"
114.32.246.242 - - [17/Aug/2026:10:43:15 +0800] "GET /yilankindergartentest/wp-includes/js/dist/priority-queue.min.js HTTP/1.1" 200 2405 "https://2blog.ilc.edu.tw/yilankindergartentest/wp-admin/" "Mozilla/5.0 (Windows NT 10.0; Win64; x64) AppleWebKit/537.36 (KHTML, like Gecko) Chrome/151.0.0.0 Safari/537.36"
114.32.246.242 - - [17/Aug/2026:10:43:15 +0800] "GET /yilankindergartentest/wp-includes/js/dist/compose.min.js HTTP/1.1" 200 13933 "https://2blog.ilc.edu.tw/yilankindergartentest/wp-admin/" "Mozilla/5.0 (Windows NT 10.0; Win64; x64) AppleWebKit/537.36 (KHTML, like Gecko) Chrome/151.0.0.0 Safari/537.36"
114.32.246.242 - - [17/Aug/2026:10:43:15 +0800] "GET /yilankindergartentest/wp-includes/js/dist/private-apis.min.js HTTP/1.1" 200 1894 "https://2blog.ilc.edu.tw/yilankindergartentest/wp-admin/" "Mozilla/5.0 (Windows NT 10.0; Win64; x64) AppleWebKit/537.36 (KHTML, like Gecko) Chrome/151.0.0.0 Safari/537.36"
114.32.246.242 - - [17/Aug/2026:10:43:15 +0800] "GET /yilankindergartentest/wp-includes/js/dist/primitives.min.js HTTP/1.1" 200 1707 "https://2blog.ilc.edu.tw/yilankindergartentest/wp-admin/" "Mozilla/5.0 (Windows NT 10.0; Win64; x64) AppleWebKit/537.36 (KHTML, like Gecko) Chrome/151.0.0.0 Safari/537.36"
114.32.246.242 - - [17/Aug/2026:10:43:15 +0800] "GET /yilankindergartentest/wp-includes/js/dist/redux-routine.min.js HTTP/1.1" 200 3707 "https://2blog.ilc.edu.tw/yilankindergartentest/wp-admin/" "Mozilla/5.0 (Windows NT 10.0; Win64; x64) AppleWebKit/537.36 (KHTML, like Gecko) Chrome/151.0.0.0 Safari/537.36"
114.32.246.242 - - [17/Aug/2026:10:43:15 +0800] "GET /yilankindergartentest/wp-includes/js/dist/data.min.js HTTP/1.1" 200 10133 "https://2blog.ilc.edu.tw/yilankindergartentest/wp-admin/" "Mozilla/5.0 (Windows NT 10.0; Win64; x64) AppleWebKit/537.36 (KHTML, like Gecko) Chrome/151.0.0.0 Safari/537.36"
114.32.246.242 - - [17/Aug/2026:10:43:15 +0800] "GET /yilankindergartentest/wp-includes/js/dist/html-entities.min.js HTTP/1.1" 200 1324 "https://2blog.ilc.edu.tw/yilankindergartentest/wp-admin/" "Mozilla/5.0 (Windows NT 10.0; Win64; x64) AppleWebKit/537.36 (KHTML, like Gecko) Chrome/151.0.0.0 Safari/537.36"
114.32.246.242 - - [17/Aug/2026:10:43:15 +0800] "GET /yilankindergartentest/wp-includes/js/dist/rich-text.min.js HTTP/1.1" 200 10991 "https://2blog.ilc.edu.tw/yilankindergartentest/wp-admin/" "Mozilla/5.0 (Windows NT 10.0; Win64; x64) AppleWebKit/537.36 (KHTML, like Gecko) Chrome/151.0.0.0 Safari/537.36"
114.32.246.242 - - [17/Aug/2026:10:43:15 +0800] "GET /yilankindergartentest/wp-includes/js/dist/warning.min.js HTTP/1.1" 200 1124 "https://2blog.ilc.edu.tw/yilankindergartentest/wp-admin/" "Mozilla/5.0 (Windows NT 10.0; Win64; x64) AppleWebKit/537.36 (KHTML, like Gecko) Chrome/151.0.0.0 Safari/537.36"
114.32.246.242 - - [17/Aug/2026:10:43:15 +0800] "GET /yilankindergartentest/wp-content/plugins/limit-login-attempts-reloaded/assets/css/jquery-ui.css HTTP/1.1" 200 9414 "https://2blog.ilc.edu.tw/yilankindergartentest/wp-admin/" "Mozilla/5.0 (Windows NT 10.0; Win64; x64) AppleWebKit/537.36 (KHTML, like Gecko) Chrome/151.0.0.0 Safari/537.36"
114.32.246.242 - - [17/Aug/2026:10:43:15 +0800] "GET /yilankindergartentest/wp-admin/load-scripts.php?c=1&load%5Bchunk_0%5D=hoverIntent&ver=6.6.7 HTTP/1.1" 200 1622 "https://2blog.ilc.edu.tw/yilankindergartentest/wp-admin/" "Mozilla/5.0 (Windows NT 10.0; Win64; x64) AppleWebKit/537.36 (KHTML, like Gecko) Chrome/151.0.0.0 Safari/537.36"
114.32.246.242 - - [17/Aug/2026:10:43:15 +0800] "GET /yilankindergartentest/wp-content/plugins/staatic/assets/admin.js HTTP/1.1" 200 8876 "https://2blog.ilc.edu.tw/yilankindergartentest/wp-admin/" "Mozilla/5.0 (Windows NT 10.0; Win64; x64) AppleWebKit/537.36 (KHTML, like Gecko) Chrome/151.0.0.0 Safari/537.36"
114.32.246.242 - - [17/Aug/2026:10:43:15 +0800] "GET /yilankindergartentest/wp-content/plugins/limit-login-attempts-reloaded/assets/js/chart.umd.js HTTP/1.1" 200 70890 "https://2blog.ilc.edu.tw/yilankindergartentest/wp-admin/" "Mozilla/5.0 (Windows NT 10.0; Win64; x64) AppleWebKit/537.36 (KHTML, like Gecko) Chrome/151.0.0.0 Safari/537.36"
114.32.246.242 - - [17/Aug/2026:10:43:15 +0800] "GET /yilankindergartentest/wp-admin/js/common.min.js HTTP/1.1" 200 8210 "https://2blog.ilc.edu.tw/yilankindergartentest/wp-admin/" "Mozilla/5.0 (Windows NT 10.0; Win64; x64) AppleWebKit/537.36 (KHTML, like Gecko) Chrome/151.0.0.0 Safari/537.36"
114.32.246.242 - - [17/Aug/2026:10:43:15 +0800] "GET /yilankindergartentest/wp-includes/js/wp-ajax-response.min.js HTTP/1.1" 200 1971 "https://2blog.ilc.edu.tw/yilankindergartentest/wp-admin/" "Mozilla/5.0 (Windows NT 10.0; Win64; x64) AppleWebKit/537.36 (KHTML, like Gecko) Chrome/151.0.0.0 Safari/537.36"
114.32.246.242 - - [17/Aug/2026:10:43:15 +0800] "GET /yilankindergartentest/wp-includes/js/jquery/jquery.color.min.js HTTP/1.1" 200 3784 "https://2blog.ilc.edu.tw/yilankindergartentest/wp-admin/" "Mozilla/5.0 (Windows NT 10.0; Win64; x64) AppleWebKit/537.36 (KHTML, like Gecko) Chrome/151.0.0.0 Safari/537.36"
114.32.246.242 - - [17/Aug/2026:10:43:15 +0800] "GET /yilankindergartentest/wp-includes/js/wp-lists.min.js HTTP/1.1" 200 3414 "https://2blog.ilc.edu.tw/yilankindergartentest/wp-admin/" "Mozilla/5.0 (Windows NT 10.0; Win64; x64) AppleWebKit/537.36 (KHTML, like Gecko) Chrome/151.0.0.0 Safari/537.36"
114.32.246.242 - - [17/Aug/2026:10:43:15 +0800] "GET /yilankindergartentest/wp-includes/js/dist/components.min.js HTTP/1.1" 200 225050 "https://2blog.ilc.edu.tw/yilankindergartentest/wp-admin/" "Mozilla/5.0 (Windows NT 10.0; Win64; x64) AppleWebKit/537.36 (KHTML, like Gecko) Chrome/151.0.0.0 Safari/537.36"
114.32.246.242 - - [17/Aug/2026:10:43:15 +0800] "GET /yilankindergartentest/wp-includes/js/jquery/jquery.query.js HTTP/1.1" 200 2507 "https://2blog.ilc.edu.tw/yilankindergartentest/wp-admin/" "Mozilla/5.0 (Windows NT 10.0; Win64; x64) AppleWebKit/537.36 (KHTML, like Gecko) Chrome/151.0.0.0 Safari/537.36"
114.32.246.242 - - [17/Aug/2026:10:43:15 +0800] "GET /yilankindergartentest/wp-includes/js/quicktags.min.js HTTP/1.1" 200 4389 "https://2blog.ilc.edu.tw/yilankindergartentest/wp-admin/" "Mozilla/5.0 (Windows NT 10.0; Win64; x64) AppleWebKit/537.36 (KHTML, like Gecko) Chrome/151.0.0.0 Safari/537.36"
114.32.246.242 - - [17/Aug/2026:10:43:15 +0800] "GET /yilankindergartentest/wp-includes/js/jquery/ui/core.min.js HTTP/1.1" 200 7986 "https://2blog.ilc.edu.tw/yilankindergartentest/wp-admin/" "Mozilla/5.0 (Windows NT 10.0; Win64; x64) AppleWebKit/537.36 (KHTML, like Gecko) Chrome/151.0.0.0 Safari/537.36"
114.32.246.242 - - [17/Aug/2026:10:43:15 +0800] "GET /yilankindergartentest/wp-admin/js/edit-comments.min.js HTTP/1.1" 200 5990 "https://2blog.ilc.edu.tw/yilankindergartentest/wp-admin/" "Mozilla/5.0 (Windows NT 10.0; Win64; x64) AppleWebKit/537.36 (KHTML, like Gecko) Chrome/151.0.0.0 Safari/537.36"
114.32.246.242 - - [17/Aug/2026:10:43:15 +0800] "GET /yilankindergartentest/wp-includes/js/jquery/ui/sortable.min.js HTTP/1.1" 200 7466 "https://2blog.ilc.edu.tw/yilankindergartentest/wp-admin/" "Mozilla/5.0 (Windows NT 10.0; Win64; x64) AppleWebKit/537.36 (KHTML, like Gecko) Chrome/151.0.0.0 Safari/537.36"
114.32.246.242 - - [17/Aug/2026:10:43:15 +0800] "GET /yilankindergartentest/wp-includes/js/jquery/ui/mouse.min.js HTTP/1.1" 200 1978 "https://2blog.ilc.edu.tw/yilankindergartentest/wp-admin/" "Mozilla/5.0 (Windows NT 10.0; Win64; x64) AppleWebKit/537.36 (KHTML, like Gecko) Chrome/151.0.0.0 Safari/537.36"
114.32.246.242 - - [17/Aug/2026:10:43:15 +0800] "GET /yilankindergartentest/wp-admin/js/postbox.min.js HTTP/1.1" 200 3101 "https://2blog.ilc.edu.tw/yilankindergartentest/wp-admin/" "Mozilla/5.0 (Windows NT 10.0; Win64; x64) AppleWebKit/537.36 (KHTML, like Gecko) Chrome/151.0.0.0 Safari/537.36"
114.32.246.242 - - [17/Aug/2026:10:43:15 +0800] "GET /yilankindergartentest/wp-admin/js/dashboard.min.js HTTP/1.1" 200 3942 "https://2blog.ilc.edu.tw/yilankindergartentest/wp-admin/" "Mozilla/5.0 (Windows NT 10.0; Win64; x64) AppleWebKit/537.36 (KHTML, like Gecko) Chrome/151.0.0.0 Safari/537.36"
114.32.246.242 - - [17/Aug/2026:10:43:15 +0800] "GET /yilankindergartentest/wp-includes/js/thickbox/thickbox.js HTTP/1.1" 200 4912 "https://2blog.ilc.edu.tw/yilankindergartentest/wp-admin/" "Mozilla/5.0 (Windows NT 10.0; Win64; x64) AppleWebKit/537.36 (KHTML, like Gecko) Chrome/151.0.0.0 Safari/537.36"
114.32.246.242 - - [17/Aug/2026:10:43:15 +0800] "GET /yilankindergartentest/wp-includes/js/shortcode.min.js HTTP/1.1" 200 2025 "https://2blog.ilc.edu.tw/yilankindergartentest/wp-admin/" "Mozilla/5.0 (Windows NT 10.0; Win64; x64) AppleWebKit/537.36 (KHTML, like Gecko) Chrome/151.0.0.0 Safari/537.36"
114.32.246.242 - - [17/Aug/2026:10:43:16 +0800] "GET /yilankindergartentest/wp-admin/js/media-upload.min.js HTTP/1.1" 200 1492 "https://2blog.ilc.edu.tw/yilankindergartentest/wp-admin/" "Mozilla/5.0 (Windows NT 10.0; Win64; x64) AppleWebKit/537.36 (KHTML, like Gecko) Chrome/151.0.0.0 Safari/537.36"
114.32.246.242 - - [17/Aug/2026:10:43:16 +0800] "GET /yilankindergartentest/wp-admin/js/svg-painter.js HTTP/1.1" 200 3005 "https://2blog.ilc.edu.tw/yilankindergartentest/wp-admin/" "Mozilla/5.0 (Windows NT 10.0; Win64; x64) AppleWebKit/537.36 (KHTML, like Gecko) Chrome/151.0.0.0 Safari/537.36"
114.32.246.242 - - [17/Aug/2026:10:43:16 +0800] "GET /yilankindergartentest/wp-includes/js/wp-auth-check.min.js HTTP/1.1" 200 1652 "https://2blog.ilc.edu.tw/yilankindergartentest/wp-admin/" "Mozilla/5.0 (Windows NT 10.0; Win64; x64) AppleWebKit/537.36 (KHTML, like Gecko) Chrome/151.0.0.0 Safari/537.36"
114.32.246.242 - - [17/Aug/2026:10:43:16 +0800] "GET /yilankindergartentest/wp-includes/js/heartbeat.min.js HTTP/1.1" 200 2936 "https://2blog.ilc.edu.tw/yilankindergartentest/wp-admin/" "Mozilla/5.0 (Windows NT 10.0; Win64; x64) AppleWebKit/537.36 (KHTML, like Gecko) Chrome/151.0.0.0 Safari/537.36"
114.32.246.242 - - [17/Aug/2026:10:43:16 +0800] "GET /yilankindergartentest/wp-content/plugins/admin-menu-editor-pro/js/menu-highlight-fix.js HTTP/1.1" 200 4413 "https://2blog.ilc.edu.tw/yilankindergartentest/wp-admin/" "Mozilla/5.0 (Windows NT 10.0; Win64; x64) AppleWebKit/537.36 (KHTML, like Gecko) Chrome/151.0.0.0 Safari/537.36"
114.32.246.242 - - [17/Aug/2026:10:43:16 +0800] "GET /yilankindergartentest/wp-includes/js/jquery/ui/draggable.min.js HTTP/1.1" 200 5755 "https://2blog.ilc.edu.tw/yilankindergartentest/wp-admin/" "Mozilla/5.0 (Windows NT 10.0; Win64; x64) AppleWebKit/537.36 (KHTML, like Gecko) Chrome/151.0.0.0 Safari/537.36"
114.32.246.242 - - [17/Aug/2026:10:43:16 +0800] "GET /yilankindergartentest/wp-includes/js/backbone.min.js HTTP/1.1" 200 8884 "https://2blog.ilc.edu.tw/yilankindergartentest/wp-admin/" "Mozilla/5.0 (Windows NT 10.0; Win64; x64) AppleWebKit/537.36 (KHTML, like Gecko) Chrome/151.0.0.0 Safari/537.36"
114.32.246.242 - - [17/Aug/2026:10:43:16 +0800] "GET /yilankindergartentest/wp-content/plugins/elementor/assets/lib/backbone/backbone.marionette.min.js HTTP/1.1" 200 12449 "https://2blog.ilc.edu.tw/yilankindergartentest/wp-admin/" "Mozilla/5.0 (Windows NT 10.0; Win64; x64) AppleWebKit/537.36 (KHTML, like Gecko) Chrome/151.0.0.0 Safari/537.36"
114.32.246.242 - - [17/Aug/2026:10:43:16 +0800] "GET /yilankindergartentest/wp-content/plugins/elementor/assets/lib/backbone/backbone.radio.min.js HTTP/1.1" 200 2448 "https://2blog.ilc.edu.tw/yilankindergartentest/wp-admin/" "Mozilla/5.0 (Windows NT 10.0; Win64; x64) AppleWebKit/537.36 (KHTML, like Gecko) Chrome/151.0.0.0 Safari/537.36"
114.32.246.242 - - [17/Aug/2026:10:43:16 +0800] "GET /yilankindergartentest/wp-content/plugins/elementor/assets/js/common-modules.min.js HTTP/1.1" 200 27862 "https://2blog.ilc.edu.tw/yilankindergartentest/wp-admin/" "Mozilla/5.0 (Windows NT 10.0; Win64; x64) AppleWebKit/537.36 (KHTML, like Gecko) Chrome/151.0.0.0 Safari/537.36"
114.32.246.242 - - [17/Aug/2026:10:43:16 +0800] "GET /yilankindergartentest/wp-content/plugins/elementor/assets/lib/dialog/dialog.min.js HTTP/1.1" 200 4368 "https://2blog.ilc.edu.tw/yilankindergartentest/wp-admin/" "Mozilla/5.0 (Windows NT 10.0; Win64; x64) AppleWebKit/537.36 (KHTML, like Gecko) Chrome/151.0.0.0 Safari/537.36"
114.32.246.242 - - [17/Aug/2026:10:43:16 +0800] "GET /yilankindergartentest/wp-content/plugins/elementor/assets/js/web-cli.min.js HTTP/1.1" 200 42070 "https://2blog.ilc.edu.tw/yilankindergartentest/wp-admin/" "Mozilla/5.0 (Windows NT 10.0; Win64; x64) AppleWebKit/537.36 (KHTML, like Gecko) Chrome/151.0.0.0 Safari/537.36"
114.32.246.242 - - [17/Aug/2026:10:43:16 +0800] "GET /yilankindergartentest/wp-includes/js/api-request.min.js HTTP/1.1" 200 1469 "https://2blog.ilc.edu.tw/yilankindergartentest/wp-admin/" "Mozilla/5.0 (Windows NT 10.0; Win64; x64) AppleWebKit/537.36 (KHTML, like Gecko) Chrome/151.0.0.0 Safari/537.36"
114.32.246.242 - - [17/Aug/2026:10:43:16 +0800] "GET /yilankindergartentest/wp-content/plugins/elementor/assets/js/dev-tools.min.js HTTP/1.1" 200 3401 "https://2blog.ilc.edu.tw/yilankindergartentest/wp-admin/" "Mozilla/5.0 (Windows NT 10.0; Win64; x64) AppleWebKit/537.36 (KHTML, like Gecko) Chrome/151.0.0.0 Safari/537.36"
114.32.246.242 - - [17/Aug/2026:10:43:16 +0800] "GET /yilankindergartentest/wp-content/plugins/elementor/assets/js/common.min.js HTTP/1.1" 200 38348 "https://2blog.ilc.edu.tw/yilankindergartentest/wp-admin/" "Mozilla/5.0 (Windows NT 10.0; Win64; x64) AppleWebKit/537.36 (KHTML, like Gecko) Chrome/151.0.0.0 Safari/537.36"
114.32.246.242 - - [17/Aug/2026:10:43:16 +0800] "GET /yilankindergartentest/wp-content/plugins/elementor/assets/js/app-loader.min.js HTTP/1.1" 200 25627 "https://2blog.ilc.edu.tw/yilankindergartentest/wp-admin/" "Mozilla/5.0 (Windows NT 10.0; Win64; x64) AppleWebKit/537.36 (KHTML, like Gecko) Chrome/151.0.0.0 Safari/537.36"
114.32.246.242 - - [17/Aug/2026:10:43:16 +0800] "GET /yilankindergartentest/wp-content/plugins/elementor/assets/js/admin-modules.min.js HTTP/1.1" 200 6276 "https://2blog.ilc.edu.tw/yilankindergartentest/wp-admin/" "Mozilla/5.0 (Windows NT 10.0; Win64; x64) AppleWebKit/537.36 (KHTML, like Gecko) Chrome/151.0.0.0 Safari/537.36"
114.32.246.242 - - [17/Aug/2026:10:43:16 +0800] "GET /yilankindergartentest/wp-content/plugins/elementor/assets/js/admin.min.js HTTP/1.1" 200 15297 "https://2blog.ilc.edu.tw/yilankindergartentest/wp-admin/" "Mozilla/5.0 (Windows NT 10.0; Win64; x64) AppleWebKit/537.36 (KHTML, like Gecko) Chrome/151.0.0.0 Safari/537.36"
114.32.246.242 - - [17/Aug/2026:10:43:16 +0800] "GET /yilankindergartentest/wp-content/plugins/wp-fastest-cache/js/column.js HTTP/1.1" 200 1390 "https://2blog.ilc.edu.tw/yilankindergartentest/wp-admin/" "Mozilla/5.0 (Windows NT 10.0; Win64; x64) AppleWebKit/537.36 (KHTML, like Gecko) Chrome/151.0.0.0 Safari/537.36"
114.32.246.242 - - [17/Aug/2026:10:43:16 +0800] "GET /yilankindergartentest/wp-includes/js/jquery/ui/accordion.min.js HTTP/1.1" 200 3663 "https://2blog.ilc.edu.tw/yilankindergartentest/wp-admin/" "Mozilla/5.0 (Windows NT 10.0; Win64; x64) AppleWebKit/537.36 (KHTML, like Gecko) Chrome/151.0.0.0 Safari/537.36"
114.32.246.242 - - [17/Aug/2026:10:43:16 +0800] "GET /yilankindergartentest/wp-includes/js/wp-pointer.min.js HTTP/1.1" 200 2208 "https://2blog.ilc.edu.tw/yilankindergartentest/wp-admin/" "Mozilla/5.0 (Windows NT 10.0; Win64; x64) AppleWebKit/537.36 (KHTML, like Gecko) Chrome/151.0.0.0 Safari/537.36"
66.249.68.200 - - [17/Aug/2026:10:43:15 +0800] "GET /wp-content/uploads/sites/2820/6516/6516-2822912.docx HTTP/1.1" 200 1775738 "-" "Mozilla/5.0 (Linux; Android 6.0.1; Nexus 5X Build/MMB29P) AppleWebKit/537.36 (KHTML, like Gecko) Chrome/150.0.7871.186 Mobile Safari/537.36 (compatible; Googlebot/2.1; +http://www.google.com/bot.html)"
114.32.246.242 - - [17/Aug/2026:10:43:16 +0800] "GET /yilankindergartentest/wp-content/plugins/elementor/assets/lib/eicons/fonts/eicons.woff2?5.30.0 HTTP/1.1" 200 98225 "https://2blog.ilc.edu.tw/yilankindergartentest/wp-content/plugins/elementor/assets/lib/eicons/css/elementor-icons.min.css" "Mozilla/5.0 (Windows NT 10.0; Win64; x64) AppleWebKit/537.36 (KHTML, like Gecko) Chrome/151.0.0.0 Safari/537.36"
114.32.246.242 - - [17/Aug/2026:10:43:16 +0800] "GET /yilankindergartentest/wp-includes/js/thickbox/loadingAnimation.gif HTTP/1.1" 200 16088 "https://2blog.ilc.edu.tw/yilankindergartentest/wp-admin/" "Mozilla/5.0 (Windows NT 10.0; Win64; x64) AppleWebKit/537.36 (KHTML, like Gecko) Chrome/151.0.0.0 Safari/537.36"
2402:7500:942:34cb:2158:db71:86ba:38d8 - - [17/Aug/2026:10:43:16 +0800] "GET /wp-content/uploads/sites/233/1003/1003-2438076.jpg HTTP/1.1" 200 76814 "https://2blog.ilc.edu.tw/1003/2014/03/20/%E8%AA%B2%E5%A4%96%E9%96%B1%E8%AE%80%E6%95%99%E5%AD%B8%E9%96%B1%E8%AE%80%E5%BF%83%E5%BE%97%E5%BE%88%E5%A5%BD%E5%AF%AB/" "Mozilla/5.0 (Linux; Android 10; K) AppleWebKit/537.36 (KHTML, like Gecko) Chrome/114.0.0.0 Mobile Safari/537.36"
140.111.175.103 - - [17/Aug/2026:10:43:17 +0800] "-" 408 4804 "-" "-"
140.111.175.103 - - [17/Aug/2026:10:43:17 +0800] "-" 408 4804 "-" "-"
2402:7500:942:34cb:2158:db71:86ba:38d8 - - [17/Aug/2026:10:43:19 +0800] "GET /wp-content/uploads/sites/233/1003/1003-2438077.jpg HTTP/1.1" 200 76666 "https://2blog.ilc.edu.tw/1003/2014/03/20/%E8%AA%B2%E5%A4%96%E9%96%B1%E8%AE%80%E6%95%99%E5%AD%B8%E9%96%B1%E8%AE%80%E5%BF%83%E5%BE%97%E5%BE%88%E5%A5%BD%E5%AF%AB/" "Mozilla/5.0 (Linux; Android 10; K) AppleWebKit/537.36 (KHTML, like Gecko) Chrome/114.0.0.0 Mobile Safari/537.36"
66.249.71.163 - - [17/Aug/2026:10:43:17 +0800] "GET /wp-login.php?action=ilc_logout&_wpnonce=43754d0aad&redirect_to=http://biofurolan.ru/job/13134/ HTTP/1.1" 302 8247 "-" "Mozilla/5.0 (Linux; Android 6.0.1; Nexus 5X Build/MMB29P) AppleWebKit/537.36 (KHTML, like Gecko) Chrome/150.0.7871.186 Mobile Safari/537.36 (compatible; Googlebot/2.1; +http://www.google.com/bot.html)"
66.249.68.200 - - [17/Aug/2026:10:43:19 +0800] "GET /526/category/c-52835/ HTTP/1.1" 200 40351 "-" "Mozilla/5.0 (Linux; Android 6.0.1; Nexus 5X Build/MMB29P) AppleWebKit/537.36 (KHTML, like Gecko) Chrome/150.0.7871.186 Mobile Safari/537.36 (compatible; Googlebot/2.1; +http://www.google.com/bot.html)"
140.111.67.10 - - [17/Aug/2026:10:43:20 +0800] "GET /" 301 273 "-" "-"
::1 - - [17/Aug/2026:10:43:20 +0800] "OPTIONS * HTTP/1.0" 200 110 "-" "Apache/2.4.68 (Ubuntu) OpenSSL/3.0.19 (internal dummy connection)"
2001:288:a201::66:125 - - [17/Aug/2026:10:43:20 +0800] "GET /blog/active.php HTTP/1.1" 301 1026 "-" "-"
2001:288:a201::66:125 - - [17/Aug/2026:10:43:20 +0800] "GET /blog/active.php HTTP/1.1" 404 1084 "-" "-"
140.111.67.195 - - [17/Aug/2026:10:43:20 +0800] "GET /wp-admin/admin-post.php?action=steps_ad HTTP/1.1" 200 6425 "-" "node-fetch/1.0 (+https://github.com/bitinn/node-fetch)"
66.249.68.200 - - [17/Aug/2026:10:43:20 +0800] "GET /kkes603/2021/06/07/ HTTP/1.1" 200 9071 "-" "Mozilla/5.0 (Linux; Android 6.0.1; Nexus 5X Build/MMB29P) AppleWebKit/537.36 (KHTML, like Gecko) Chrome/150.0.7871.186 Mobile Safari/537.36 (compatible; Googlebot/2.1; +http://www.google.com/bot.html)"
140.111.67.195 - - [17/Aug/2026:10:43:21 +0800] "GET /wp-admin/admin-post.php?action=steps_ad HTTP/1.1" 200 1649 "-" "node-fetch/1.0 (+https://github.com/bitinn/node-fetch)"
::1 - - [17/Aug/2026:10:43:21 +0800] "OPTIONS * HTTP/1.0" 200 110 "-" "Apache/2.4.68 (Ubuntu) OpenSSL/3.0.19 (internal dummy connection)"
140.111.67.195 - - [17/Aug/2026:10:43:21 +0800] "GET /wp-admin/admin-post.php?action=steps_ad HTTP/1.1" 200 1649 "-" "node-fetch/1.0 (+https://github.com/bitinn/node-fetch)"
2001:288:a234:1:3503:a54c:ce45:dd1d - - [17/Aug/2026:10:43:21 +0800] "GET /wp-content/uploads/sites/3846/2026/06/%E5%AE%A3%E5%82%B3%E5%9C%96%E7%89%87.png HTTP/1.1" 304 5581 "https://it.ilc.edu.tw/" "Mozilla/5.0 (Windows NT 10.0; Win64; x64) AppleWebKit/537.36 (KHTML, like Gecko) Chrome/151.0.0.0 Safari/537.36"
2001:288:a234:1:3503:a54c:ce45:dd1d - - [17/Aug/2026:10:43:21 +0800] "GET /wp-content/uploads/sites/3846/2026/06/2026%E5%AE%9C%E8%98%AD%E7%98%8B%E5%AD%B8%E7%BF%92-%E6%9A%91%E5%81%87_%E6%95%99%E8%82%B2%E8%99%95%E9%A6%96%E9%A0%81-1440-x-1080-%E5%83%8F%E7%B4%A0.png HTTP/1.1" 304 5581 "https://it.ilc.edu.tw/" "Mozilla/5.0 (Windows NT 10.0; Win64; x64) AppleWebKit/537.36 (KHTML, like Gecko) Chrome/151.0.0.0 Safari/537.36"
2001:288:a234:1:3503:a54c:ce45:dd1d - - [17/Aug/2026:10:43:21 +0800] "GET /wp-content/uploads/sites/3846/2026/08/%E8%BE%B2%E6%A5%AD%E9%83%A8%E5%BB%A3%E5%91%8A.jpg HTTP/1.1" 304 5581 "https://it.ilc.edu.tw/" "Mozilla/5.0 (Windows NT 10.0; Win64; x64) AppleWebKit/537.36 (KHTML, like Gecko) Chrome/151.0.0.0 Safari/537.36"
140.111.67.195 - - [17/Aug/2026:10:43:22 +0800] "GET /wp-admin/admin-post.php?action=steps_ad HTTP/1.1" 200 1649 "-" "node-fetch/1.0 (+https://github.com/bitinn/node-fetch)"
::1 - - [17/Aug/2026:10:43:22 +0800] "OPTIONS * HTTP/1.0" 200 110 "-" "Apache/2.4.68 (Ubuntu) OpenSSL/3.0.19 (internal dummy connection)"
::1 - - [17/Aug/2026:10:43:23 +0800] "OPTIONS * HTTP/1.0" 200 110 "-" "Apache/2.4.68 (Ubuntu) OpenSSL/3.0.19 (internal dummy connection)"
140.111.67.195 - - [17/Aug/2026:10:43:23 +0800] "GET /wp-admin/admin-post.php?action=steps_ad HTTP/1.1" 200 1649 "-" "node-fetch/1.0 (+https://github.com/bitinn/node-fetch)"
::1 - - [17/Aug/2026:10:43:24 +0800] "OPTIONS * HTTP/1.0" 200 110 "-" "Apache/2.4.68 (Ubuntu) OpenSSL/3.0.19 (internal dummy connection)"
49.158.154.134 - - [17/Aug/2026:10:43:24 +0800] "GET /wp-content/uploads/sites/3846/2026/08/%E8%BE%B2%E6%A5%AD%E9%83%A8%E5%BB%A3%E5%91%8A.jpg HTTP/1.1" 304 5581 "https://it.ilc.edu.tw/" "Mozilla/5.0 (iPhone; CPU iPhone OS 18_7 like Mac OS X) AppleWebKit/605.1.15 (KHTML, like Gecko) Version/26.6 Mobile/15E148 Safari/604.1"
66.249.68.200 - - [17/Aug/2026:10:43:22 +0800] "GET /technology/2012/03/08/kmplayer%E5%B0%87%E6%AD%8C%E6%9B%B2%E4%B8%AD%E4%BA%BA%E8%81%B2%E6%B6%88%E9%99%A4%EF%BC%8C%E4%B8%A6%E6%93%B7%E5%8F%96%E9%9F%B3%E6%A8%82%E7%89%87%E6%AE%B5/ HTTP/1.1" 200 16694 "-" "Mozilla/5.0 (Linux; Android 6.0.1; Nexus 5X Build/MMB29P) AppleWebKit/537.36 (KHTML, like Gecko) Chrome/150.0.7871.186 Mobile Safari/537.36 (compatible; Googlebot/2.1; +http://www.google.com/bot.html)"
140.111.67.10 - - [17/Aug/2026:10:43:25 +0800] "GET /" 301 273 "-" "-"
66.249.71.202 - - [17/Aug/2026:10:43:25 +0800] "GET /wp-content/themes/oceanwp/assets/js/vendors/flickity.pkgd.min.js HTTP/1.1" 200 19835 "https://www.jses.ilc.edu.tw/" "Mozilla/5.0 (Linux; Android 6.0.1; Nexus 5X Build/MMB29P) AppleWebKit/537.36 (KHTML, like Gecko) Chrome/150.0.7871.186 Mobile Safari/537.36 (compatible; Googlebot/2.1; +http://www.google.com/bot.html)"
140.111.67.195 - - [17/Aug/2026:10:43:25 +0800] "GET /wp-admin/admin-post.php?action=steps_ad HTTP/1.1" 200 1649 "-" "node-fetch/1.0 (+https://github.com/bitinn/node-fetch)"
114.32.246.242 - - [17/Aug/2026:10:43:25 +0800] "GET /yilankindergartentest/wp-admin/my-sites.php HTTP/1.1" 200 18790 "https://2blog.ilc.edu.tw/yilankindergartentest/wp-admin/" "Mozilla/5.0 (Windows NT 10.0; Win64; x64) AppleWebKit/537.36 (KHTML, like Gecko) Chrome/151.0.0.0 Safari/537.36"
2001:288:a201::66:125 - - [17/Aug/2026:10:43:25 +0800] "GET /blog/active.php HTTP/1.1" 301 1026 "-" "-"
2001:288:a201::66:125 - - [17/Aug/2026:10:43:25 +0800] "GET /blog/active.php HTTP/1.1" 404 1084 "-" "-"
2001:288:a26a:1:6923:8bf3:4374:c578 - - [17/Aug/2026:10:43:26 +0800] "POST /hsics/wp-admin/admin-ajax.php HTTP/1.1" 200 1459 "https://2blog.ilc.edu.tw/hsics/wp-admin/edit.php" "Mozilla/5.0 (Windows NT 10.0; Win64; x64) AppleWebKit/537.36 (KHTML, like Gecko) Chrome/151.0.0.0 Safari/537.36"
114.32.246.242 - - [17/Aug/2026:10:43:28 +0800] "GET /yilankindergartentest/wp-admin/index.php HTTP/1.1" 200 24146 "https://2blog.ilc.edu.tw/yilankindergartentest/wp-admin/my-sites.php" "Mozilla/5.0 (Windows NT 10.0; Win64; x64) AppleWebKit/537.36 (KHTML, like Gecko) Chrome/151.0.0.0 Safari/537.36"
66.249.68.136 - - [17/Aug/2026:10:43:27 +0800] "GET /wp-login.php?action=ilc_logout&_wpnonce=43754d0aad&redirect_to=http://tatekosta.ru/job/14174/ HTTP/1.1" 302 8246 "-" "Mozilla/5.0 (Linux; Android 6.0.1; Nexus 5X Build/MMB29P) AppleWebKit/537.36 (KHTML, like Gecko) Chrome/150.0.7871.186 Mobile Safari/537.36 (compatible; Googlebot/2.1; +http://www.google.com/bot.html)"
2001:b011:7807:179b:c496:2dd4:9da3:6951 - - [17/Aug/2026:10:43:29 +0800] "-" 408 4791 "-" "-"
114.32.246.242 - - [17/Aug/2026:10:43:29 +0800] "GET /yilankindergartentest/ HTTP/1.1" 200 27587 "https://2blog.ilc.edu.tw/yilankindergartentest/wp-admin/index.php" "Mozilla/5.0 (Windows NT 10.0; Win64; x64) AppleWebKit/537.36 (KHTML, like Gecko) Chrome/151.0.0.0 Safari/537.36"
114.32.246.242 - - [17/Aug/2026:10:43:29 +0800] "GET /yilankindergartentest/wp-includes/css/admin-bar.min.css HTTP/1.1" 200 4685 "https://2blog.ilc.edu.tw/yilankindergartentest/" "Mozilla/5.0 (Windows NT 10.0; Win64; x64) AppleWebKit/537.36 (KHTML, like Gecko) Chrome/151.0.0.0 Safari/537.36"
114.32.246.242 - - [17/Aug/2026:10:43:29 +0800] "GET /yilankindergartentest/wp-includes/css/dist/block-library/style.min.css HTTP/1.1" 200 16119 "https://2blog.ilc.edu.tw/yilankindergartentest/" "Mozilla/5.0 (Windows NT 10.0; Win64; x64) AppleWebKit/537.36 (KHTML, like Gecko) Chrome/151.0.0.0 Safari/537.36"
114.32.246.242 - - [17/Aug/2026:10:43:29 +0800] "GET /yilankindergartentest/wp-content/plugins/google-drive-embedder/css/gdm-blocks.css HTTP/1.1" 200 1160 "https://2blog.ilc.edu.tw/yilankindergartentest/" "Mozilla/5.0 (Windows NT 10.0; Win64; x64) AppleWebKit/537.36 (KHTML, like Gecko) Chrome/151.0.0.0 Safari/537.36"
114.32.246.242 - - [17/Aug/2026:10:43:29 +0800] "GET /yilankindergartentest/wp-content/themes/twentyseventeen/assets/css/blocks.css HTTP/1.1" 200 2739 "https://2blog.ilc.edu.tw/yilankindergartentest/" "Mozilla/5.0 (Windows NT 10.0; Win64; x64) AppleWebKit/537.36 (KHTML, like Gecko) Chrome/151.0.0.0 Safari/537.36"
114.32.246.242 - - [17/Aug/2026:10:43:29 +0800] "GET /yilankindergartentest/wp-content/themes/twentyseventeen/style.css HTTP/1.1" 200 16814 "https://2blog.ilc.edu.tw/yilankindergartentest/" "Mozilla/5.0 (Windows NT 10.0; Win64; x64) AppleWebKit/537.36 (KHTML, like Gecko) Chrome/151.0.0.0 Safari/537.36"
140.111.67.10 - - [17/Aug/2026:10:43:30 +0800] "GET /" 301 273 "-" "-"
66.249.71.163 - - [17/Aug/2026:10:43:28 +0800] "GET /wp-login.php?action=ilc_logout&_wpnonce=43754d0aad&redirect_to=//enprosanscen.tk/113wwwjwesilcedutwCdF651 HTTP/1.1" 302 8258 "-" "Mozilla/5.0 (Linux; Android 6.0.1; Nexus 5X Build/MMB29P) AppleWebKit/537.36 (KHTML, like Gecko) Chrome/150.0.7871.186 Mobile Safari/537.36 (compatible; Googlebot/2.1; +http://www.google.com/bot.html)"
2001:288:a201::66:125 - - [17/Aug/2026:10:43:30 +0800] "GET /blog/active.php HTTP/1.1" 404 1084 "-" "-"
2001:288:a201::66:125 - - [17/Aug/2026:10:43:30 +0800] "GET /blog/active.php HTTP/1.1" 301 1026 "-" "-"
::1 - - [17/Aug/2026:10:43:32 +0800] "OPTIONS * HTTP/1.0" 200 110 "-" "Apache/2.4.68 (Ubuntu) OpenSSL/3.0.19 (internal dummy connection)"
66.249.68.136 - - [17/Aug/2026:10:43:30 +0800] "GET /wp-login.php?action=ilc_logout&_wpnonce=43754d0aad&redirect_to=http://krismebrand.ru/job/46223/ HTTP/1.1" 302 3461 "-" "Mozilla/5.0 (Linux; Android 6.0.1; Nexus 5X Build/MMB29P) AppleWebKit/537.36 (KHTML, like Gecko) Chrome/150.0.7871.186 Mobile Safari/537.36 (compatible; Googlebot/2.1; +http://www.google.com/bot.html)"
114.32.246.242 - - [17/Aug/2026:10:43:32 +0800] "GET /yilankindergartentest/%e5%b9%bc%e5%85%92%e5%9c%92%e9%98%b2%e7%81%bd%e8%b3%87%e6%96%99%e4%b8%8a%e5%82%b3%e5%8d%80/ HTTP/1.1" 200 25618 "https://2blog.ilc.edu.tw/yilankindergartentest/" "Mozilla/5.0 (Windows NT 10.0; Win64; x64) AppleWebKit/537.36 (KHTML, like Gecko) Chrome/151.0.0.0 Safari/537.36"
114.32.246.242 - - [17/Aug/2026:10:43:32 +0800] "GET /yilankindergartentest/wp-content/plugins/elementor/assets/css/frontend-lite.min.css HTTP/1.1" 200 18554 "https://2blog.ilc.edu.tw/yilankindergartentest/%e5%b9%bc%e5%85%92%e5%9c%92%e9%98%b2%e7%81%bd%e8%b3%87%e6%96%99%e4%b8%8a%e5%82%b3%e5%8d%80/" "Mozilla/5.0 (Windows NT 10.0; Win64; x64) AppleWebKit/537.36 (KHTML, like Gecko) Chrome/151.0.0.0 Safari/537.36"
114.32.246.242 - - [17/Aug/2026:10:43:32 +0800] "GET /yilankindergartentest/wp-content/plugins/elementor/assets/lib/swiper/v8/css/swiper.min.css HTTP/1.1" 200 5456 "https://2blog.ilc.edu.tw/yilankindergartentest/%e5%b9%bc%e5%85%92%e5%9c%92%e9%98%b2%e7%81%bd%e8%b3%87%e6%96%99%e4%b8%8a%e5%82%b3%e5%8d%80/" "Mozilla/5.0 (Windows NT 10.0; Win64; x64) AppleWebKit/537.36 (KHTML, like Gecko) Chrome/151.0.0.0 Safari/537.36"
114.32.246.242 - - [17/Aug/2026:10:43:32 +0800] "GET /yilankindergartentest/wp-content/uploads/sites/3484/elementor/css/global.css HTTP/1.1" 200 2050 "https://2blog.ilc.edu.tw/yilankindergartentest/%e5%b9%bc%e5%85%92%e5%9c%92%e9%98%b2%e7%81%bd%e8%b3%87%e6%96%99%e4%b8%8a%e5%82%b3%e5%8d%80/" "Mozilla/5.0 (Windows NT 10.0; Win64; x64) AppleWebKit/537.36 (KHTML, like Gecko) Chrome/151.0.0.0 Safari/537.36"
52.167.144.228 - - [17/Aug/2026:10:43:33 +0800] "GET /9536/2011/11/30/%E7%A4%BE%E5%8D%80%E6%97%A5%E6%9B%86-%E5%AD%9D%E5%BB%89%E7%A4%BE%E5%8D%80-%E9%97%9C%E5%BF%83%E5%A5%BD%E5%8E%9D%E9%82%8A/ HTTP/1.1" 200 14720 "-" "Mozilla/5.0 AppleWebKit/537.36 (KHTML, like Gecko; compatible; bingbot/2.0; +http://www.bing.com/bingbot.htm) Chrome/116.0.1938.76 Safari/537.36"
2001:288:a22d:1:899f:c2c0:5e22:abf2 - - [17/Aug/2026:10:43:33 +0800] "-" 408 4791 "-" "-"
2402:7500:942:34cb:2158:db71:86ba:38d8 - - [17/Aug/2026:10:43:33 +0800] "GET /wp-content/uploads/sites/233/1003/1003-2438078.jpg HTTP/1.1" 200 78587 "https://2blog.ilc.edu.tw/1003/2014/03/20/%E8%AA%B2%E5%A4%96%E9%96%B1%E8%AE%80%E6%95%99%E5%AD%B8%E9%96%B1%E8%AE%80%E5%BF%83%E5%BE%97%E5%BE%88%E5%A5%BD%E5%AF%AB/" "Mozilla/5.0 (Linux; Android 10; K) AppleWebKit/537.36 (KHTML, like Gecko) Chrome/114.0.0.0 Mobile Safari/537.36"
2402:7500:942:34cb:2158:db71:86ba:38d8 - - [17/Aug/2026:10:43:34 +0800] "GET /wp-content/uploads/sites/233/1003/1003-2438079.jpg HTTP/1.1" 200 59675 "https://2blog.ilc.edu.tw/1003/2014/03/20/%E8%AA%B2%E5%A4%96%E9%96%B1%E8%AE%80%E6%95%99%E5%AD%B8%E9%96%B1%E8%AE%80%E5%BF%83%E5%BE%97%E5%BE%88%E5%A5%BD%E5%AF%AB/" "Mozilla/5.0 (Linux; Android 10; K) AppleWebKit/537.36 (KHTML, like Gecko) Chrome/114.0.0.0 Mobile Safari/537.36"
66.249.68.136 - - [17/Aug/2026:10:43:32 +0800] "GET /wp-login.php?action=ilc_logout&_wpnonce=43754d0aad&redirect_to=http://multimodalgroup.ru/creator/6329/ HTTP/1.1" 302 3468 "-" "Mozilla/5.0 (Linux; Android 6.0.1; Nexus 5X Build/MMB29P) AppleWebKit/537.36 (KHTML, like Gecko) Chrome/150.0.7871.186 Mobile Safari/537.36 (compatible; Googlebot/2.1; +http://www.google.com/bot.html)"
140.111.67.10 - - [17/Aug/2026:10:43:35 +0800] "GET /" 301 273 "-" "-"
2001:288:a201::66:125 - - [17/Aug/2026:10:43:35 +0800] "GET /blog/active.php HTTP/1.1" 404 1084 "-" "-"
2001:288:a201::66:125 - - [17/Aug/2026:10:43:35 +0800] "GET /blog/active.php HTTP/1.1" 301 1026 "-" "-"
2407:4b00:4c02:7da7:70be:f2b:3c85:6bdd - - [17/Aug/2026:10:43:35 +0800] "-" 408 339 "-" "-"
2001:b400:e242:9d4e:e849:c2ce:58bd:9a48 - - [17/Aug/2026:10:43:34 +0800] "GET / HTTP/1.1" 200 22438 "https://www.google.com/" "Mozilla/5.0 (Linux; Android 10; K) AppleWebKit/537.36 (KHTML, like Gecko) Chrome/151.0.0.0 Mobile Safari/537.36"
66.249.68.200 - - [17/Aug/2026:10:43:35 +0800] "GET /yilankindergartentest/wp-content/uploads/sites/3484/2022/10/111-1%E8%85%B3%E6%9C%AC.docx HTTP/1.1" 200 45938 "-" "Mozilla/5.0 (Linux; Android 6.0.1; Nexus 5X Build/MMB29P) AppleWebKit/537.36 (KHTML, like Gecko) Chrome/150.0.7871.186 Mobile Safari/537.36 (compatible; Googlebot/2.1; +http://www.google.com/bot.html)"
2001:b400:e242:9d4e:e849:c2ce:58bd:9a48 - - [17/Aug/2026:10:43:36 +0800] "GET /wp-content/cache/www.waldorf.ilc.edu.tw/wpfc-minified/jpr50rx6/6xg3.css HTTP/1.1" 200 5964 "https://www.waldorf.ilc.edu.tw/" "Mozilla/5.0 (Linux; Android 10; K) AppleWebKit/537.36 (KHTML, like Gecko) Chrome/151.0.0.0 Mobile Safari/537.36"
2001:b400:e242:9d4e:e849:c2ce:58bd:9a48 - - [17/Aug/2026:10:43:36 +0800] "GET /wp-content/cache/www.waldorf.ilc.edu.tw/wpfc-minified/g1ne7hpx/6xg3.css HTTP/1.1" 200 53166 "https://www.waldorf.ilc.edu.tw/" "Mozilla/5.0 (Linux; Android 10; K) AppleWebKit/537.36 (KHTML, like Gecko) Chrome/151.0.0.0 Mobile Safari/537.36"
2001:b400:e242:9d4e:e849:c2ce:58bd:9a48 - - [17/Aug/2026:10:43:36 +0800] "GET /wp-content/cache/www.waldorf.ilc.edu.tw/wpfc-minified/ff80h2zh/6xg3.css HTTP/1.1" 200 45696 "https://www.waldorf.ilc.edu.tw/" "Mozilla/5.0 (Linux; Android 10; K) AppleWebKit/537.36 (KHTML, like Gecko) Chrome/151.0.0.0 Mobile Safari/537.36"
2001:b400:e242:9d4e:e849:c2ce:58bd:9a48 - - [17/Aug/2026:10:43:36 +0800] "GET /wp-content/cache/www.waldorf.ilc.edu.tw/wpfc-minified/lwt2mv0t/6xg3.css HTTP/1.1" 200 19350 "https://www.waldorf.ilc.edu.tw/" "Mozilla/5.0 (Linux; Android 10; K) AppleWebKit/537.36 (KHTML, like Gecko) Chrome/151.0.0.0 Mobile Safari/537.36"
2001:b400:e242:9d4e:e849:c2ce:58bd:9a48 - - [17/Aug/2026:10:43:36 +0800] "GET /wp-content/uploads/sites/1517/elementor/css/post-1413.css HTTP/1.1" 200 2011 "https://www.waldorf.ilc.edu.tw/" "Mozilla/5.0 (Linux; Android 10; K) AppleWebKit/537.36 (KHTML, like Gecko) Chrome/151.0.0.0 Mobile Safari/537.36"
2001:b400:e242:9d4e:e849:c2ce:58bd:9a48 - - [17/Aug/2026:10:43:36 +0800] "GET /wp-content/cache/www.waldorf.ilc.edu.tw/wpfc-minified/s9du8dd/6xg3.css HTTP/1.1" 200 47287 "https://www.waldorf.ilc.edu.tw/" "Mozilla/5.0 (Linux; Android 10; K) AppleWebKit/537.36 (KHTML, like Gecko) Chrome/151.0.0.0 Mobile Safari/537.36"
2001:b400:e242:9d4e:e849:c2ce:58bd:9a48 - - [17/Aug/2026:10:43:36 +0800] "GET /wp-content/cache/www.waldorf.ilc.edu.tw/wpfc-minified/3pjp17l/6xg3.css HTTP/1.1" 200 13906 "https://www.waldorf.ilc.edu.tw/" "Mozilla/5.0 (Linux; Android 10; K) AppleWebKit/537.36 (KHTML, like Gecko) Chrome/151.0.0.0 Mobile Safari/537.36"
2001:b400:e242:9d4e:e849:c2ce:58bd:9a48 - - [17/Aug/2026:10:43:36 +0800] "GET /wp-content/themes/hueman/assets/front/webfonts/fa-brands-400.woff2?v=5.15.2 HTTP/1.1" 200 79499 "https://www.waldorf.ilc.edu.tw/" "Mozilla/5.0 (Linux; Android 10; K) AppleWebKit/537.36 (KHTML, like Gecko) Chrome/151.0.0.0 Mobile Safari/537.36"
2001:b400:e242:9d4e:e849:c2ce:58bd:9a48 - - [17/Aug/2026:10:43:36 +0800] "GET /wp-content/themes/hueman/assets/front/webfonts/fa-regular-400.woff2?v=5.15.2 HTTP/1.1" 200 14439 "https://www.waldorf.ilc.edu.tw/" "Mozilla/5.0 (Linux; Android 10; K) AppleWebKit/537.36 (KHTML, like Gecko) Chrome/151.0.0.0 Mobile Safari/537.36"
2001:b400:e242:9d4e:e849:c2ce:58bd:9a48 - - [17/Aug/2026:10:43:36 +0800] "GET /wp-content/themes/hueman/assets/front/webfonts/fa-solid-900.woff2?v=5.15.2 HTTP/1.1" 200 81301 "https://www.waldorf.ilc.edu.tw/" "Mozilla/5.0 (Linux; Android 10; K) AppleWebKit/537.36 (KHTML, like Gecko) Chrome/151.0.0.0 Mobile Safari/537.36"
2001:b400:e242:9d4e:e849:c2ce:58bd:9a48 - - [17/Aug/2026:10:43:36 +0800] "GET /wp-content/themes/hueman/assets/front/fonts/titillium-lightitalic-webfont.woff HTTP/1.1" 200 27654 "https://www.waldorf.ilc.edu.tw/" "Mozilla/5.0 (Linux; Android 10; K) AppleWebKit/537.36 (KHTML, like Gecko) Chrome/151.0.0.0 Mobile Safari/537.36"
2001:b400:e242:9d4e:e849:c2ce:58bd:9a48 - - [17/Aug/2026:10:43:36 +0800] "GET /wp-content/themes/hueman/assets/front/fonts/titillium-light-webfont.woff HTTP/1.1" 200 25606 "https://www.waldorf.ilc.edu.tw/" "Mozilla/5.0 (Linux; Android 10; K) AppleWebKit/537.36 (KHTML, like Gecko) Chrome/151.0.0.0 Mobile Safari/537.36"
2001:b400:e242:9d4e:e849:c2ce:58bd:9a48 - - [17/Aug/2026:10:43:36 +0800] "GET /wp-content/themes/hueman/assets/front/fonts/titillium-regular-webfont.woff HTTP/1.1" 200 30397 "https://www.waldorf.ilc.edu.tw/" "Mozilla/5.0 (Linux; Android 10; K) AppleWebKit/537.36 (KHTML, like Gecko) Chrome/151.0.0.0 Mobile Safari/537.36"
2001:b400:e242:9d4e:e849:c2ce:58bd:9a48 - - [17/Aug/2026:10:43:36 +0800] "GET /wp-content/themes/hueman/assets/front/fonts/titillium-regularitalic-webfont.woff HTTP/1.1" 200 27821 "https://www.waldorf.ilc.edu.tw/" "Mozilla/5.0 (Linux; Android 10; K) AppleWebKit/537.36 (KHTML, like Gecko) Chrome/151.0.0.0 Mobile Safari/537.36"
2001:b400:e242:9d4e:e849:c2ce:58bd:9a48 - - [17/Aug/2026:10:43:36 +0800] "GET /wp-content/themes/hueman/assets/front/fonts/titillium-semibold-webfont.woff HTTP/1.1" 200 25626 "https://www.waldorf.ilc.edu.tw/" "Mozilla/5.0 (Linux; Android 10; K) AppleWebKit/537.36 (KHTML, like Gecko) Chrome/151.0.0.0 Mobile Safari/537.36"
2001:b400:e242:9d4e:e849:c2ce:58bd:9a48 - - [17/Aug/2026:10:43:36 +0800] "GET /wp-content/cache/www.waldorf.ilc.edu.tw/wpfc-minified/kl1hde1y/6xg3.js HTTP/1.1" 200 35563 "https://www.waldorf.ilc.edu.tw/" "Mozilla/5.0 (Linux; Android 10; K) AppleWebKit/537.36 (KHTML, like Gecko) Chrome/151.0.0.0 Mobile Safari/537.36"
2001:b400:e242:9d4e:e849:c2ce:58bd:9a48 - - [17/Aug/2026:10:43:36 +0800] "GET /wp-content/uploads/sites/1517/elementor/css/post-3740.css HTTP/1.1" 200 1307 "https://www.waldorf.ilc.edu.tw/" "Mozilla/5.0 (Linux; Android 10; K) AppleWebKit/537.36 (KHTML, like Gecko) Chrome/151.0.0.0 Mobile Safari/537.36"
2001:b400:e242:9d4e:e849:c2ce:58bd:9a48 - - [17/Aug/2026:10:43:36 +0800] "GET /wp-content/uploads/sites/1517/2024/07/%E6%A0%A1%E8%88%8D%E5%8B%B8%E5%8B%9F%E5%B0%88%E5%8D%80.png HTTP/1.1" 200 11216 "https://www.waldorf.ilc.edu.tw/" "Mozilla/5.0 (Linux; Android 10; K) AppleWebKit/537.36 (KHTML, like Gecko) Chrome/151.0.0.0 Mobile Safari/537.36"
2001:b400:e242:9d4e:e849:c2ce:58bd:9a48 - - [17/Aug/2026:10:43:36 +0800] "GET /wp-content/uploads/sites/1517/2024/08/%E5%B9%B4%E5%BA%A6%E8%AA%B2%E7%A8%8B%E8%A8%88%E7%95%AB.png HTTP/1.1" 200 10087 "https://www.waldorf.ilc.edu.tw/" "Mozilla/5.0 (Linux; Android 10; K) AppleWebKit/537.36 (KHTML, like Gecko) Chrome/151.0.0.0 Mobile Safari/537.36"
2001:b400:e242:9d4e:e849:c2ce:58bd:9a48 - - [17/Aug/2026:10:43:36 +0800] "GET /wp-content/uploads/sites/1517/2024/03/%E5%8F%8B%E5%96%84%E6%A0%A1%E5%9C%92%E5%B0%88%E5%8D%80.png HTTP/1.1" 200 10591 "https://www.waldorf.ilc.edu.tw/" "Mozilla/5.0 (Linux; Android 10; K) AppleWebKit/537.36 (KHTML, like Gecko) Chrome/151.0.0.0 Mobile Safari/537.36"
2001:b400:e242:9d4e:e849:c2ce:58bd:9a48 - - [17/Aug/2026:10:43:36 +0800] "GET /wp-includes/js/hoverintent-js.min.js HTTP/1.1" 200 1597 "https://www.waldorf.ilc.edu.tw/" "Mozilla/5.0 (Linux; Android 10; K) AppleWebKit/537.36 (KHTML, like Gecko) Chrome/151.0.0.0 Mobile Safari/537.36"
2001:b400:e242:9d4e:e849:c2ce:58bd:9a48 - - [17/Aug/2026:10:43:36 +0800] "GET /wp-content/cache/www.waldorf.ilc.edu.tw/wpfc-minified/l0srqxzl/6xg3.css HTTP/1.1" 200 3465 "https://www.waldorf.ilc.edu.tw/" "Mozilla/5.0 (Linux; Android 10; K) AppleWebKit/537.36 (KHTML, like Gecko) Chrome/151.0.0.0 Mobile Safari/537.36"
2001:b400:e242:9d4e:e849:c2ce:58bd:9a48 - - [17/Aug/2026:10:43:36 +0800] "GET /wp-includes/js/admin-bar.min.js HTTP/1.1" 200 2237 "https://www.waldorf.ilc.edu.tw/" "Mozilla/5.0 (Linux; Android 10; K) AppleWebKit/537.36 (KHTML, like Gecko) Chrome/151.0.0.0 Mobile Safari/537.36"
2001:b400:e242:9d4e:e849:c2ce:58bd:9a48 - - [17/Aug/2026:10:43:36 +0800] "GET /wp-content/plugins/elementor-pro/assets/js/webpack-pro.runtime.min.js HTTP/1.1" 200 3562 "https://www.waldorf.ilc.edu.tw/" "Mozilla/5.0 (Linux; Android 10; K) AppleWebKit/537.36 (KHTML, like Gecko) Chrome/151.0.0.0 Mobile Safari/537.36"
2001:b400:e242:9d4e:e849:c2ce:58bd:9a48 - - [17/Aug/2026:10:43:36 +0800] "GET /wp-content/plugins/elementor/assets/js/webpack.runtime.min.js HTTP/1.1" 200 3095 "https://www.waldorf.ilc.edu.tw/" "Mozilla/5.0 (Linux; Android 10; K) AppleWebKit/537.36 (KHTML, like Gecko) Chrome/151.0.0.0 Mobile Safari/537.36"
2001:b400:e242:9d4e:e849:c2ce:58bd:9a48 - - [17/Aug/2026:10:43:36 +0800] "GET /wp-includes/js/dist/i18n.min.js HTTP/1.1" 200 4547 "https://www.waldorf.ilc.edu.tw/" "Mozilla/5.0 (Linux; Android 10; K) AppleWebKit/537.36 (KHTML, like Gecko) Chrome/151.0.0.0 Mobile Safari/537.36"
2001:b400:e242:9d4e:e849:c2ce:58bd:9a48 - - [17/Aug/2026:10:43:36 +0800] "GET /wp-content/plugins/elementor/assets/js/frontend-modules.min.js HTTP/1.1" 200 19416 "https://www.waldorf.ilc.edu.tw/" "Mozilla/5.0 (Linux; Android 10; K) AppleWebKit/537.36 (KHTML, like Gecko) Chrome/151.0.0.0 Mobile Safari/537.36"
2001:b400:e242:9d4e:e849:c2ce:58bd:9a48 - - [17/Aug/2026:10:43:36 +0800] "GET /wp-content/plugins/elementor-pro/assets/js/frontend.min.js HTTP/1.1" 200 7574 "https://www.waldorf.ilc.edu.tw/" "Mozilla/5.0 (Linux; Android 10; K) AppleWebKit/537.36 (KHTML, like Gecko) Chrome/151.0.0.0 Mobile Safari/537.36"
