52.167.144.156 - - [17/Aug/2026:10:45:03 +0800] "GET /868/wp-content/uploads/sites/268/2017/12/01-1-934x2048.png HTTP/1.1" 200 1439702 "-" "Mozilla/5.0 AppleWebKit/537.36 (KHTML, like Gecko; compatible; bingbot/2.0; +http://www.bing.com/bingbot.htm) Chrome/116.0.1938.76 Safari/537.36"
::1 - - [17/Aug/2026:10:45:04 +0800] "OPTIONS * HTTP/1.0" 200 110 "-" "Apache/2.4.68 (Ubuntu) OpenSSL/3.0.19 (internal dummy connection)"
140.111.67.10 - - [17/Aug/2026:10:45:05 +0800] "GET /" 301 273 "-" "-"
::1 - - [17/Aug/2026:10:45:05 +0800] "OPTIONS * HTTP/1.0" 200 110 "-" "Apache/2.4.68 (Ubuntu) OpenSSL/3.0.19 (internal dummy connection)"
2001:288:a201::66:125 - - [17/Aug/2026:10:45:05 +0800] "GET /blog/active.php HTTP/1.1" 301 1026 "-" "-"
2001:288:a201::66:125 - - [17/Aug/2026:10:45:05 +0800] "GET /blog/active.php HTTP/1.1" 404 1084 "-" "-"
114.32.246.242 - - [17/Aug/2026:10:45:05 +0800] "GET /yilankindergartentest/%e5%b9%bc%e5%85%92%e5%9c%92%e9%98%b2%e7%81%bd%e8%b3%87%e6%96%99%e4%b8%8a%e5%82%b3%e5%8d%80/ HTTP/1.1" 200 25957 "https://www.google.com/" "Mozilla/5.0 (Windows NT 10.0; Win64; x64) AppleWebKit/537.36 (KHTML, like Gecko) Chrome/151.0.0.0 Safari/537.36"
114.32.246.242 - - [17/Aug/2026:10:45:06 +0800] "POST /yilankindergartentest/wp-admin/admin-ajax.php HTTP/1.1" 200 1120 "https://2blog.ilc.edu.tw/yilankindergartentest/wp-admin/edit.php" "Mozilla/5.0 (Windows NT 10.0; Win64; x64) AppleWebKit/537.36 (KHTML, like Gecko) Chrome/151.0.0.0 Safari/537.36"
2001:288:a22f:1:447f:128b:90b8:5108 - - [17/Aug/2026:10:45:08 +0800] "-" 408 4791 "-" "-"
2001:288:a22f:1:447f:128b:90b8:5108 - - [17/Aug/2026:10:45:08 +0800] "-" 408 4791 "-" "-"
59.125.125.181 - - [17/Aug/2026:10:45:08 +0800] "GET /wp-content/cache/www.saps.ilc.edu.tw/wpfc-minified/1nhcyqjz/7fed.css HTTP/1.1" 200 5950 "https://www.saps.ilc.edu.tw/2020/08/10/%E6%95%99%E5%8B%99%E8%99%95/" "Mozilla/5.0 (Windows NT 10.0; Win64; x64) AppleWebKit/537.36 (KHTML, like Gecko) Chrome/151.0.0.0 Safari/537.36"
59.125.125.181 - - [17/Aug/2026:10:45:08 +0800] "GET /wp-content/cache/www.saps.ilc.edu.tw/wpfc-minified/2xvtragf/aven.css HTTP/1.1" 200 20572 "https://www.saps.ilc.edu.tw/2020/08/10/%E6%95%99%E5%8B%99%E8%99%95/" "Mozilla/5.0 (Windows NT 10.0; Win64; x64) AppleWebKit/537.36 (KHTML, like Gecko) Chrome/151.0.0.0 Safari/537.36"
59.125.125.181 - - [17/Aug/2026:10:45:08 +0800] "GET /wp-content/cache/www.saps.ilc.edu.tw/wpfc-minified/e4wv91cg/7feo.css HTTP/1.1" 200 45677 "https://www.saps.ilc.edu.tw/2020/08/10/%E6%95%99%E5%8B%99%E8%99%95/" "Mozilla/5.0 (Windows NT 10.0; Win64; x64) AppleWebKit/537.36 (KHTML, like Gecko) Chrome/151.0.0.0 Safari/537.36"
66.249.68.128 - - [17/Aug/2026:10:45:05 +0800] "GET /wp-login.php?action=ilc_logout&_wpnonce=43754d0aad&redirect_to=http://durianshop.ru/job/31439/ HTTP/1.1" 302 8247 "-" "Mozilla/5.0 (Linux; Android 6.0.1; Nexus 5X Build/MMB29P) AppleWebKit/537.36 (KHTML, like Gecko) Chrome/150.0.7871.186 Mobile Safari/537.36 (compatible; Googlebot/2.1; +http://www.google.com/bot.html)"
59.125.125.181 - - [17/Aug/2026:10:45:09 +0800] "GET /wp-content/cache/www.saps.ilc.edu.tw/wpfc-minified/1s9vbqjp/aven.js HTTP/1.1" 200 6431 "https://www.saps.ilc.edu.tw/2020/08/10/%E6%95%99%E5%8B%99%E8%99%95/" "Mozilla/5.0 (Windows NT 10.0; Win64; x64) AppleWebKit/537.36 (KHTML, like Gecko) Chrome/151.0.0.0 Safari/537.36"
59.125.125.181 - - [17/Aug/2026:10:45:09 +0800] "GET /wp-content/cache/www.saps.ilc.edu.tw/wpfc-minified/6ype9tyx/7feo.js HTTP/1.1" 200 35896 "https://www.saps.ilc.edu.tw/2020/08/10/%E6%95%99%E5%8B%99%E8%99%95/" "Mozilla/5.0 (Windows NT 10.0; Win64; x64) AppleWebKit/537.36 (KHTML, like Gecko) Chrome/151.0.0.0 Safari/537.36"
59.125.125.181 - - [17/Aug/2026:10:45:09 +0800] "GET /wp-content/cache/www.saps.ilc.edu.tw/wpfc-minified/2qvlks8r/9tlxt.css HTTP/1.1" 200 61055 "https://www.saps.ilc.edu.tw/2020/08/10/%E6%95%99%E5%8B%99%E8%99%95/" "Mozilla/5.0 (Windows NT 10.0; Win64; x64) AppleWebKit/537.36 (KHTML, like Gecko) Chrome/151.0.0.0 Safari/537.36"
59.125.125.181 - - [17/Aug/2026:10:45:09 +0800] "GET /wp-includes/js/hoverintent-js.min.js HTTP/1.1" 200 1597 "https://www.saps.ilc.edu.tw/2020/08/10/%E6%95%99%E5%8B%99%E8%99%95/" "Mozilla/5.0 (Windows NT 10.0; Win64; x64) AppleWebKit/537.36 (KHTML, like Gecko) Chrome/151.0.0.0 Safari/537.36"
59.125.125.181 - - [17/Aug/2026:10:45:09 +0800] "GET /wp-includes/js/admin-bar.min.js HTTP/1.1" 200 2237 "https://www.saps.ilc.edu.tw/2020/08/10/%E6%95%99%E5%8B%99%E8%99%95/" "Mozilla/5.0 (Windows NT 10.0; Win64; x64) AppleWebKit/537.36 (KHTML, like Gecko) Chrome/151.0.0.0 Safari/537.36"
59.125.125.181 - - [17/Aug/2026:10:45:09 +0800] "GET /wp-includes/js/imagesloaded.min.js HTTP/1.1" 200 2683 "https://www.saps.ilc.edu.tw/2020/08/10/%E6%95%99%E5%8B%99%E8%99%95/" "Mozilla/5.0 (Windows NT 10.0; Win64; x64) AppleWebKit/537.36 (KHTML, like Gecko) Chrome/151.0.0.0 Safari/537.36"
59.125.125.181 - - [17/Aug/2026:10:45:09 +0800] "GET /wp-content/themes/oceanwp/assets/js/theme.min.js HTTP/1.1" 200 5130 "https://www.saps.ilc.edu.tw/2020/08/10/%E6%95%99%E5%8B%99%E8%99%95/" "Mozilla/5.0 (Windows NT 10.0; Win64; x64) AppleWebKit/537.36 (KHTML, like Gecko) Chrome/151.0.0.0 Safari/537.36"
59.125.125.181 - - [17/Aug/2026:10:45:09 +0800] "GET /wp-content/themes/oceanwp/assets/js/drop-down-mobile-menu.min.js HTTP/1.1" 200 4663 "https://www.saps.ilc.edu.tw/2020/08/10/%E6%95%99%E5%8B%99%E8%99%95/" "Mozilla/5.0 (Windows NT 10.0; Win64; x64) AppleWebKit/537.36 (KHTML, like Gecko) Chrome/151.0.0.0 Safari/537.36"
59.125.125.181 - - [17/Aug/2026:10:45:09 +0800] "GET /wp-content/themes/oceanwp/assets/js/drop-down-search.min.js HTTP/1.1" 200 2968 "https://www.saps.ilc.edu.tw/2020/08/10/%E6%95%99%E5%8B%99%E8%99%95/" "Mozilla/5.0 (Windows NT 10.0; Win64; x64) AppleWebKit/537.36 (KHTML, like Gecko) Chrome/151.0.0.0 Safari/537.36"
59.125.125.181 - - [17/Aug/2026:10:45:09 +0800] "GET /wp-content/themes/oceanwp/assets/js/ow-lightbox.min.js HTTP/1.1" 200 2321 "https://www.saps.ilc.edu.tw/2020/08/10/%E6%95%99%E5%8B%99%E8%99%95/" "Mozilla/5.0 (Windows NT 10.0; Win64; x64) AppleWebKit/537.36 (KHTML, like Gecko) Chrome/151.0.0.0 Safari/537.36"
59.125.125.181 - - [17/Aug/2026:10:45:09 +0800] "GET /wp-content/themes/oceanwp/assets/js/vendors/magnific-popup.min.js HTTP/1.1" 200 8270 "https://www.saps.ilc.edu.tw/2020/08/10/%E6%95%99%E5%8B%99%E8%99%95/" "Mozilla/5.0 (Windows NT 10.0; Win64; x64) AppleWebKit/537.36 (KHTML, like Gecko) Chrome/151.0.0.0 Safari/537.36"
59.125.125.181 - - [17/Aug/2026:10:45:09 +0800] "GET /wp-content/themes/oceanwp/assets/js/ow-slider.min.js HTTP/1.1" 200 1761 "https://www.saps.ilc.edu.tw/2020/08/10/%E6%95%99%E5%8B%99%E8%99%95/" "Mozilla/5.0 (Windows NT 10.0; Win64; x64) AppleWebKit/537.36 (KHTML, like Gecko) Chrome/151.0.0.0 Safari/537.36"
59.125.125.181 - - [17/Aug/2026:10:45:09 +0800] "GET /wp-content/themes/oceanwp/assets/js/vendors/flickity.pkgd.min.js HTTP/1.1" 200 15048 "https://www.saps.ilc.edu.tw/2020/08/10/%E6%95%99%E5%8B%99%E8%99%95/" "Mozilla/5.0 (Windows NT 10.0; Win64; x64) AppleWebKit/537.36 (KHTML, like Gecko) Chrome/151.0.0.0 Safari/537.36"
59.125.125.181 - - [17/Aug/2026:10:45:09 +0800] "GET /wp-content/themes/oceanwp/assets/js/scroll-effect.min.js HTTP/1.1" 200 4127 "https://www.saps.ilc.edu.tw/2020/08/10/%E6%95%99%E5%8B%99%E8%99%95/" "Mozilla/5.0 (Windows NT 10.0; Win64; x64) AppleWebKit/537.36 (KHTML, like Gecko) Chrome/151.0.0.0 Safari/537.36"
59.125.125.181 - - [17/Aug/2026:10:45:09 +0800] "GET /wp-content/themes/oceanwp/assets/js/scroll-top.min.js HTTP/1.1" 200 3202 "https://www.saps.ilc.edu.tw/2020/08/10/%E6%95%99%E5%8B%99%E8%99%95/" "Mozilla/5.0 (Windows NT 10.0; Win64; x64) AppleWebKit/537.36 (KHTML, like Gecko) Chrome/151.0.0.0 Safari/537.36"
59.125.125.181 - - [17/Aug/2026:10:45:09 +0800] "GET /wp-content/themes/oceanwp/assets/js/select.min.js HTTP/1.1" 200 2408 "https://www.saps.ilc.edu.tw/2020/08/10/%E6%95%99%E5%8B%99%E8%99%95/" "Mozilla/5.0 (Windows NT 10.0; Win64; x64) AppleWebKit/537.36 (KHTML, like Gecko) Chrome/151.0.0.0 Safari/537.36"
59.125.125.181 - - [17/Aug/2026:10:45:09 +0800] "GET /wp-content/plugins/ocean-extra/includes/widgets/js/flickr.min.js HTTP/1.1" 200 1319 "https://www.saps.ilc.edu.tw/2020/08/10/%E6%95%99%E5%8B%99%E8%99%95/" "Mozilla/5.0 (Windows NT 10.0; Win64; x64) AppleWebKit/537.36 (KHTML, like Gecko) Chrome/151.0.0.0 Safari/537.36"
59.125.125.181 - - [17/Aug/2026:10:45:09 +0800] "GET /wp-content/themes/oceanwp/assets/fonts/simple-line-icons/Simple-Line-Icons.woff2?v=2.4.0 HTTP/1.1" 200 30959 "https://www.saps.ilc.edu.tw/wp-content/cache/www.saps.ilc.edu.tw/wpfc-minified/2qvlks8r/9tlxt.css" "Mozilla/5.0 (Windows NT 10.0; Win64; x64) AppleWebKit/537.36 (KHTML, like Gecko) Chrome/151.0.0.0 Safari/537.36"
59.125.125.181 - - [17/Aug/2026:10:45:09 +0800] "GET /wp-content/themes/oceanwp/assets/fonts/fontawesome/webfonts/fa-solid-900.woff2 HTTP/1.1" 200 151246 "https://www.saps.ilc.edu.tw/wp-content/cache/www.saps.ilc.edu.tw/wpfc-minified/2qvlks8r/9tlxt.css" "Mozilla/5.0 (Windows NT 10.0; Win64; x64) AppleWebKit/537.36 (KHTML, like Gecko) Chrome/151.0.0.0 Safari/537.36"
114.32.246.242 - - [17/Aug/2026:10:45:09 +0800] "GET /yilankindergartentest/category/114%e5%ad%b8%e5%b9%b4%e5%ba%a6%e4%b8%8b%e5%ad%b8%e6%9c%9f%e9%98%b2%e7%81%bd%e6%95%99%e8%82%b2%e5%b7%a5%e4%bd%9c%e8%87%aa%e8%a9%95%e8%a1%a8/ HTTP/1.1" 200 28722 "https://2blog.ilc.edu.tw/yilankindergartentest/%e5%b9%bc%e5%85%92%e5%9c%92%e9%98%b2%e7%81%bd%e8%b3%87%e6%96%99%e4%b8%8a%e5%82%b3%e5%8d%80/" "Mozilla/5.0 (Windows NT 10.0; Win64; x64) AppleWebKit/537.36 (KHTML, like Gecko) Chrome/151.0.0.0 Safari/537.36"
59.125.125.181 - - [17/Aug/2026:10:45:09 +0800] "POST /wp-json/ilc-summary/v1/popular-posts HTTP/1.1" 201 1397 "https://www.saps.ilc.edu.tw/2020/08/10/%E6%95%99%E5%8B%99%E8%99%95/" "Mozilla/5.0 (Windows NT 10.0; Win64; x64) AppleWebKit/537.36 (KHTML, like Gecko) Chrome/151.0.0.0 Safari/537.36"
59.125.125.181 - - [17/Aug/2026:10:45:09 +0800] "GET /favicon.ico HTTP/1.1" 302 1062 "https://www.saps.ilc.edu.tw/2020/08/10/%E6%95%99%E5%8B%99%E8%99%95/" "Mozilla/5.0 (Windows NT 10.0; Win64; x64) AppleWebKit/537.36 (KHTML, like Gecko) Chrome/151.0.0.0 Safari/537.36"
59.125.125.181 - - [17/Aug/2026:10:45:09 +0800] "GET /wp-includes/images/w-logo-blue-white-bg.png HTTP/1.1" 200 4946 "https://www.saps.ilc.edu.tw/2020/08/10/%E6%95%99%E5%8B%99%E8%99%95/" "Mozilla/5.0 (Windows NT 10.0; Win64; x64) AppleWebKit/537.36 (KHTML, like Gecko) Chrome/151.0.0.0 Safari/537.36"
114.32.246.242 - - [17/Aug/2026:10:45:09 +0800] "GET /yilankindergartentest/wp-content/uploads/sites/3484/2026/07/114-2-%E8%8F%A9%E6%8F%90%E5%B9%BC%E5%85%92%E5%9C%92-%E9%98%B2%E7%81%BD%E6%BC%94%E7%B7%B4%E8%87%AA%E8%A9%95%E8%A1%A8-768x540.jpg HTTP/1.1" 200 109595 "https://2blog.ilc.edu.tw/yilankindergartentest/category/114%e5%ad%b8%e5%b9%b4%e5%ba%a6%e4%b8%8b%e5%ad%b8%e6%9c%9f%e9%98%b2%e7%81%bd%e6%95%99%e8%82%b2%e5%b7%a5%e4%bd%9c%e8%87%aa%e8%a9%95%e8%a1%a8/" "Mozilla/5.0 (Windows NT 10.0; Win64; x64) AppleWebKit/537.36 (KHTML, like Gecko) Chrome/151.0.0.0 Safari/537.36"
140.111.67.10 - - [17/Aug/2026:10:45:10 +0800] "GET /" 301 273 "-" "-"
114.32.246.242 - - [17/Aug/2026:10:45:09 +0800] "GET /yilankindergartentest/wp-content/uploads/sites/3484/2026/03/%E5%AE%9C%E8%98%AD%E5%B8%82%E7%AB%8B%E5%B9%BC%E5%85%92%E5%9C%92-%E6%9C%AC%E5%9C%92-114%E5%AD%B8%E5%B9%B4%E5%BA%A6%E4%B8%8B%E5%AD%B8%E6%9C%9F-%E9%98%B2%E7%81%BD%E6%95%99%E8%82%B2%E5%B7%A5%E4%BD%9C%E8%87%AA%E8%A9%95%E6%8C%87%E6%A8%99-768x543.jpg HTTP/1.1" 200 71628 "https://2blog.ilc.edu.tw/yilankindergartentest/category/114%e5%ad%b8%e5%b9%b4%e5%ba%a6%e4%b8%8b%e5%ad%b8%e6%9c%9f%e9%98%b2%e7%81%bd%e6%95%99%e8%82%b2%e5%b7%a5%e4%bd%9c%e8%87%aa%e8%a9%95%e8%a1%a8/" "Mozilla/5.0 (Windows NT 10.0; Win64; x64) AppleWebKit/537.36 (KHTML, like Gecko) Chrome/151.0.0.0 Safari/537.36"
2001:288:a201::66:125 - - [17/Aug/2026:10:45:10 +0800] "GET /blog/active.php HTTP/1.1" 301 1026 "-" "-"
2001:288:a201::66:125 - - [17/Aug/2026:10:45:10 +0800] "GET /blog/active.php HTTP/1.1" 404 1084 "-" "-"
114.32.246.242 - - [17/Aug/2026:10:45:10 +0800] "GET /yilankindergartentest/wp-content/uploads/sites/3484/2026/08/114-2%E9%98%B2%E7%81%BD%E5%B7%A5%E4%BD%9C%E8%87%AA%E8%A9%95%E8%A1%A8.pdf HTTP/1.1" 200 688199 "https://2blog.ilc.edu.tw/yilankindergartentest/category/114%e5%ad%b8%e5%b9%b4%e5%ba%a6%e4%b8%8b%e5%ad%b8%e6%9c%9f%e9%98%b2%e7%81%bd%e6%95%99%e8%82%b2%e5%b7%a5%e4%bd%9c%e8%87%aa%e8%a9%95%e8%a1%a8/" "Mozilla/5.0 (Windows NT 10.0; Win64; x64) AppleWebKit/537.36 (KHTML, like Gecko) Chrome/151.0.0.0 Safari/537.36"
114.32.246.242 - - [17/Aug/2026:10:45:10 +0800] "GET /favicon.ico HTTP/1.1" 302 1013 "https://2blog.ilc.edu.tw/yilankindergartentest/wp-content/uploads/sites/3484/2026/08/114-2%E9%98%B2%E7%81%BD%E5%B7%A5%E4%BD%9C%E8%87%AA%E8%A9%95%E8%A1%A8.pdf" "Mozilla/5.0 (Windows NT 10.0; Win64; x64) AppleWebKit/537.36 (KHTML, like Gecko) Chrome/151.0.0.0 Safari/537.36"
114.32.246.242 - - [17/Aug/2026:10:45:11 +0800] "GET /wp-includes/images/w-logo-blue-white-bg.png HTTP/1.1" 200 4946 "https://2blog.ilc.edu.tw/yilankindergartentest/wp-content/uploads/sites/3484/2026/08/114-2%E9%98%B2%E7%81%BD%E5%B7%A5%E4%BD%9C%E8%87%AA%E8%A9%95%E8%A1%A8.pdf" "Mozilla/5.0 (Windows NT 10.0; Win64; x64) AppleWebKit/537.36 (KHTML, like Gecko) Chrome/151.0.0.0 Safari/537.36"
2001:288:a26a:1:6923:8bf3:4374:c578 - - [17/Aug/2026:10:45:11 +0800] "POST /hsics/wp-admin/admin-ajax.php HTTP/1.1" 200 1459 "https://2blog.ilc.edu.tw/hsics/wp-admin/edit.php" "Mozilla/5.0 (Windows NT 10.0; Win64; x64) AppleWebKit/537.36 (KHTML, like Gecko) Chrome/151.0.0.0 Safari/537.36"
66.249.68.128 - - [17/Aug/2026:10:45:09 +0800] "GET /wp-login.php?action=ilc_logout&_wpnonce=43754d0aad&redirect_to=http://cafepuerto.ru/job/41982/ HTTP/1.1" 302 8247 "-" "Mozilla/5.0 (Linux; Android 6.0.1; Nexus 5X Build/MMB29P) AppleWebKit/537.36 (KHTML, like Gecko) Chrome/150.0.7871.186 Mobile Safari/537.36 (compatible; GoogleOther)"
59.125.125.181 - - [17/Aug/2026:10:45:13 +0800] "GET /2020/08/10/%e6%95%99%e5%8b%99%e8%99%95/ HTTP/1.1" 200 11545 "https://www.saps.ilc.edu.tw/2020/08/10/%E6%95%99%E5%8B%99%E8%99%95/" "Mozilla/5.0 (Windows NT 10.0; Win64; x64) AppleWebKit/537.36 (KHTML, like Gecko) Chrome/151.0.0.0 Safari/537.36"
136.114.178.12 - - [17/Aug/2026:10:45:10 +0800] "GET /wp-login.php?_wpnonce=43754d0aad&action=ilc_logout&redirect_to=https://londoncomim.wordpress.com/2026/06/17/finding-your-voice-in-comedy/ HTTP/1.1" 302 8249 "-" "Mozilla/5.0 (Macintosh; Intel Mac OS X 10_15_7) AppleWebKit/537.36 (KHTML, like Gecko) Chrome/120.0.0.0 Safari/537.36"
66.249.71.165 - - [17/Aug/2026:10:45:12 +0800] "POST /wp-json/ilc-summary/v1/popular-posts HTTP/1.1" 201 6184 "https://www.ltes.ilc.edu.tw/2022/11/08/111%E5%AD%B8%E5%B9%B4%E5%BA%A6-%E9%BE%8D%E6%BD%AD%E5%9C%92%E4%B8%81/" "Mozilla/5.0 (Linux; Android 6.0.1; Nexus 5X Build/MMB29P) AppleWebKit/537.36 (KHTML, like Gecko) Chrome/150.0.7871.186 Mobile Safari/537.36 (compatible; Googlebot/2.1; +http://www.google.com/bot.html)"
59.125.125.181 - - [17/Aug/2026:10:45:13 +0800] "POST /wp-json/ilc-summary/v1/popular-posts HTTP/1.1" 201 1113 "https://www.saps.ilc.edu.tw/2020/08/10/%e6%95%99%e5%8b%99%e8%99%95/" "Mozilla/5.0 (Windows NT 10.0; Win64; x64) AppleWebKit/537.36 (KHTML, like Gecko) Chrome/151.0.0.0 Safari/537.36"
2a09:bac3:5808:323::50:1d4 - - [17/Aug/2026:10:45:14 +0800] "GET /wp-content/uploads/sites/888/elementor/thumbs/1-olh1a9h9hiv9lh0i3uy37ttd6b58c6ttke08uxy4cw.jpg HTTP/1.1" 200 9154 "https://www.tkjh.ilc.edu.tw/" "Mozilla/5.0 (iPhone; CPU iPhone OS 18_7 like Mac OS X) AppleWebKit/605.1.15 (KHTML, like Gecko) Version/26.5 Mobile/15E148 Safari/604.1"
2a09:bac3:5808:323::50:1d4 - - [17/Aug/2026:10:45:14 +0800] "GET /wp-content/uploads/sites/888/elementor/thumbs/-p7bscn7acnzskmqa9b4gfd3g6kmhp7ylzk5lbogxys.png HTTP/1.1" 200 12850 "https://www.tkjh.ilc.edu.tw/" "Mozilla/5.0 (iPhone; CPU iPhone OS 18_7 like Mac OS X) AppleWebKit/605.1.15 (KHTML, like Gecko) Version/26.5 Mobile/15E148 Safari/604.1"
2a09:bac3:5808:323::50:1d4 - - [17/Aug/2026:10:45:14 +0800] "GET /wp-content/uploads/sites/888/elementor/thumbs/-olmgehmlnai69lxlk4bo7aer91mll0ipz2xnqj22ds.jpg HTTP/1.1" 200 8290 "https://www.tkjh.ilc.edu.tw/" "Mozilla/5.0 (iPhone; CPU iPhone OS 18_7 like Mac OS X) AppleWebKit/605.1.15 (KHTML, like Gecko) Version/26.5 Mobile/15E148 Safari/604.1"
140.111.67.10 - - [17/Aug/2026:10:45:15 +0800] "GET /" 301 273 "-" "-"
59.125.125.181 - - [17/Aug/2026:10:45:15 +0800] "GET / HTTP/1.1" 200 16312 "https://www.saps.ilc.edu.tw/2020/08/10/%e6%95%99%e5%8b%99%e8%99%95/" "Mozilla/5.0 (Windows NT 10.0; Win64; x64) AppleWebKit/537.36 (KHTML, like Gecko) Chrome/151.0.0.0 Safari/537.36"
59.125.125.181 - - [17/Aug/2026:10:45:15 +0800] "GET /wp-content/uploads/sites/223/elementor/css/post-715.css HTTP/1.1" 200 1607 "https://www.saps.ilc.edu.tw/" "Mozilla/5.0 (Windows NT 10.0; Win64; x64) AppleWebKit/537.36 (KHTML, like Gecko) Chrome/151.0.0.0 Safari/537.36"
59.125.125.181 - - [17/Aug/2026:10:45:15 +0800] "GET /wp-content/cache/www.saps.ilc.edu.tw/wpfc-minified/mkaqjc5l/bxwz8.css HTTP/1.1" 200 86805 "https://www.saps.ilc.edu.tw/" "Mozilla/5.0 (Windows NT 10.0; Win64; x64) AppleWebKit/537.36 (KHTML, like Gecko) Chrome/151.0.0.0 Safari/537.36"
59.125.125.181 - - [17/Aug/2026:10:45:15 +0800] "GET /wp-content/uploads/sites/223/elementor/css/post-152.css HTTP/1.1" 200 3020 "https://www.saps.ilc.edu.tw/" "Mozilla/5.0 (Windows NT 10.0; Win64; x64) AppleWebKit/537.36 (KHTML, like Gecko) Chrome/151.0.0.0 Safari/537.36"
59.125.125.181 - - [17/Aug/2026:10:45:15 +0800] "GET /wp-content/cache/www.saps.ilc.edu.tw/wpfc-minified/2108e799/7feo.js HTTP/1.1" 200 9958 "https://www.saps.ilc.edu.tw/" "Mozilla/5.0 (Windows NT 10.0; Win64; x64) AppleWebKit/537.36 (KHTML, like Gecko) Chrome/151.0.0.0 Safari/537.36"
59.125.125.181 - - [17/Aug/2026:10:45:15 +0800] "GET /wp-content/cache/www.saps.ilc.edu.tw/wpfc-minified/las95xn2/7fed.css HTTP/1.1" 200 8041 "https://www.saps.ilc.edu.tw/" "Mozilla/5.0 (Windows NT 10.0; Win64; x64) AppleWebKit/537.36 (KHTML, like Gecko) Chrome/151.0.0.0 Safari/537.36"
59.125.125.181 - - [17/Aug/2026:10:45:15 +0800] "GET /wp-content/uploads/sites/223/2019/03/logo1.png HTTP/1.1" 200 68040 "https://www.saps.ilc.edu.tw/" "Mozilla/5.0 (Windows NT 10.0; Win64; x64) AppleWebKit/537.36 (KHTML, like Gecko) Chrome/151.0.0.0 Safari/537.36"
59.125.125.181 - - [17/Aug/2026:10:45:15 +0800] "GET /wp-content/cache/www.saps.ilc.edu.tw/wpfc-minified/2xz09cjt/7fed.css HTTP/1.1" 200 64945 "https://www.saps.ilc.edu.tw/" "Mozilla/5.0 (Windows NT 10.0; Win64; x64) AppleWebKit/537.36 (KHTML, like Gecko) Chrome/151.0.0.0 Safari/537.36"
59.125.125.181 - - [17/Aug/2026:10:45:15 +0800] "GET /wp-content/cache/www.saps.ilc.edu.tw/wpfc-minified/d7zm8twu/7fed.css HTTP/1.1" 200 3465 "https://www.saps.ilc.edu.tw/" "Mozilla/5.0 (Windows NT 10.0; Win64; x64) AppleWebKit/537.36 (KHTML, like Gecko) Chrome/151.0.0.0 Safari/537.36"
59.125.125.181 - - [17/Aug/2026:10:45:15 +0800] "GET /wp-content/plugins/elementor-pro/assets/lib/smartmenus/jquery.smartmenus.min.js HTTP/1.1" 200 7967 "https://www.saps.ilc.edu.tw/" "Mozilla/5.0 (Windows NT 10.0; Win64; x64) AppleWebKit/537.36 (KHTML, like Gecko) Chrome/151.0.0.0 Safari/537.36"
2001:288:a201::66:125 - - [17/Aug/2026:10:45:15 +0800] "GET /blog/active.php HTTP/1.1" 404 1084 "-" "-"
59.125.125.181 - - [17/Aug/2026:10:45:15 +0800] "GET /wp-content/plugins/elementor-pro/assets/js/webpack-pro.runtime.min.js HTTP/1.1" 200 3562 "https://www.saps.ilc.edu.tw/" "Mozilla/5.0 (Windows NT 10.0; Win64; x64) AppleWebKit/537.36 (KHTML, like Gecko) Chrome/151.0.0.0 Safari/537.36"
59.125.125.181 - - [17/Aug/2026:10:45:15 +0800] "GET /wp-content/plugins/elementor/assets/js/webpack.runtime.min.js HTTP/1.1" 200 3095 "https://www.saps.ilc.edu.tw/" "Mozilla/5.0 (Windows NT 10.0; Win64; x64) AppleWebKit/537.36 (KHTML, like Gecko) Chrome/151.0.0.0 Safari/537.36"
59.125.125.181 - - [17/Aug/2026:10:45:15 +0800] "GET /wp-content/plugins/elementor/assets/js/frontend-modules.min.js HTTP/1.1" 200 19416 "https://www.saps.ilc.edu.tw/" "Mozilla/5.0 (Windows NT 10.0; Win64; x64) AppleWebKit/537.36 (KHTML, like Gecko) Chrome/151.0.0.0 Safari/537.36"
59.125.125.181 - - [17/Aug/2026:10:45:15 +0800] "GET /wp-includes/js/dist/hooks.min.js HTTP/1.1" 200 2421 "https://www.saps.ilc.edu.tw/" "Mozilla/5.0 (Windows NT 10.0; Win64; x64) AppleWebKit/537.36 (KHTML, like Gecko) Chrome/151.0.0.0 Safari/537.36"
59.125.125.181 - - [17/Aug/2026:10:45:15 +0800] "GET /wp-content/plugins/elementor-pro/assets/js/frontend.min.js HTTP/1.1" 200 7574 "https://www.saps.ilc.edu.tw/" "Mozilla/5.0 (Windows NT 10.0; Win64; x64) AppleWebKit/537.36 (KHTML, like Gecko) Chrome/151.0.0.0 Safari/537.36"
59.125.125.181 - - [17/Aug/2026:10:45:15 +0800] "GET /wp-includes/js/dist/i18n.min.js HTTP/1.1" 200 4547 "https://www.saps.ilc.edu.tw/" "Mozilla/5.0 (Windows NT 10.0; Win64; x64) AppleWebKit/537.36 (KHTML, like Gecko) Chrome/151.0.0.0 Safari/537.36"
59.125.125.181 - - [17/Aug/2026:10:45:15 +0800] "GET /wp-content/plugins/elementor/assets/lib/waypoints/waypoints.min.js HTTP/1.1" 200 3873 "https://www.saps.ilc.edu.tw/" "Mozilla/5.0 (Windows NT 10.0; Win64; x64) AppleWebKit/537.36 (KHTML, like Gecko) Chrome/151.0.0.0 Safari/537.36"
59.125.125.181 - - [17/Aug/2026:10:45:15 +0800] "GET /wp-includes/js/jquery/ui/core.min.js HTTP/1.1" 200 7986 "https://www.saps.ilc.edu.tw/" "Mozilla/5.0 (Windows NT 10.0; Win64; x64) AppleWebKit/537.36 (KHTML, like Gecko) Chrome/151.0.0.0 Safari/537.36"
59.125.125.181 - - [17/Aug/2026:10:45:15 +0800] "GET /wp-content/plugins/elementor/assets/js/frontend.min.js HTTP/1.1" 200 13169 "https://www.saps.ilc.edu.tw/" "Mozilla/5.0 (Windows NT 10.0; Win64; x64) AppleWebKit/537.36 (KHTML, like Gecko) Chrome/151.0.0.0 Safari/537.36"
59.125.125.181 - - [17/Aug/2026:10:45:15 +0800] "GET /wp-content/uploads/sites/223/2019/03/bb.png HTTP/1.1" 200 1518 "https://www.saps.ilc.edu.tw/wp-content/uploads/sites/223/elementor/css/post-152.css" "Mozilla/5.0 (Windows NT 10.0; Win64; x64) AppleWebKit/537.36 (KHTML, like Gecko) Chrome/151.0.0.0 Safari/537.36"
59.125.125.181 - - [17/Aug/2026:10:45:15 +0800] "GET /wp-content/plugins/elementor-pro/assets/js/elements-handlers.min.js HTTP/1.1" 200 10882 "https://www.saps.ilc.edu.tw/" "Mozilla/5.0 (Windows NT 10.0; Win64; x64) AppleWebKit/537.36 (KHTML, like Gecko) Chrome/151.0.0.0 Safari/537.36"
59.125.125.181 - - [17/Aug/2026:10:45:15 +0800] "GET /wp-content/uploads/sites/223/2026/06/615.jpg HTTP/1.1" 200 40490 "https://www.saps.ilc.edu.tw/wp-content/uploads/sites/223/elementor/css/post-152.css" "Mozilla/5.0 (Windows NT 10.0; Win64; x64) AppleWebKit/537.36 (KHTML, like Gecko) Chrome/151.0.0.0 Safari/537.36"
59.125.125.181 - - [17/Aug/2026:10:45:15 +0800] "GET /wp-content/uploads/sites/223/2026/06/115%E7%95%A2%E6%A5%AD%E5%85%B8%E8%85%A6.jpg HTTP/1.1" 200 164809 "https://www.saps.ilc.edu.tw/wp-content/uploads/sites/223/elementor/css/post-152.css" "Mozilla/5.0 (Windows NT 10.0; Win64; x64) AppleWebKit/537.36 (KHTML, like Gecko) Chrome/151.0.0.0 Safari/537.36"
59.125.125.181 - - [17/Aug/2026:10:45:15 +0800] "GET /wp-content/uploads/sites/223/2026/05/505.jpg HTTP/1.1" 200 221591 "https://www.saps.ilc.edu.tw/wp-content/uploads/sites/223/elementor/css/post-152.css" "Mozilla/5.0 (Windows NT 10.0; Win64; x64) AppleWebKit/537.36 (KHTML, like Gecko) Chrome/151.0.0.0 Safari/537.36"
59.125.125.181 - - [17/Aug/2026:10:45:15 +0800] "GET /wp-content/uploads/sites/223/2026/04/422.jpg HTTP/1.1" 200 37042 "https://www.saps.ilc.edu.tw/wp-content/uploads/sites/223/elementor/css/post-152.css" "Mozilla/5.0 (Windows NT 10.0; Win64; x64) AppleWebKit/537.36 (KHTML, like Gecko) Chrome/151.0.0.0 Safari/537.36"
59.125.125.181 - - [17/Aug/2026:10:45:15 +0800] "GET /wp-content/uploads/sites/223/2026/02/223.jpg HTTP/1.1" 200 38441 "https://www.saps.ilc.edu.tw/wp-content/uploads/sites/223/elementor/css/post-152.css" "Mozilla/5.0 (Windows NT 10.0; Win64; x64) AppleWebKit/537.36 (KHTML, like Gecko) Chrome/151.0.0.0 Safari/537.36"
2001:288:a201::66:125 - - [17/Aug/2026:10:45:15 +0800] "GET /blog/active.php HTTP/1.1" 301 1026 "-" "-"
59.125.125.181 - - [17/Aug/2026:10:45:15 +0800] "GET /wp-content/uploads/sites/223/2026/07/115%E6%9A%91%E6%9C%9F%E4%BF%9D%E8%AD%B7%E9%9D%92%E5%B0%91%E5%B9%B4%E5%AE%A3%E5%B0%8E.png HTTP/1.1" 200 1240432 "https://www.saps.ilc.edu.tw/wp-content/uploads/sites/223/elementor/css/post-152.css" "Mozilla/5.0 (Windows NT 10.0; Win64; x64) AppleWebKit/537.36 (KHTML, like Gecko) Chrome/151.0.0.0 Safari/537.36"
59.125.125.181 - - [17/Aug/2026:10:45:15 +0800] "GET /wp-content/plugins/elementor/assets/lib/eicons/fonts/eicons.woff2?5.30.0 HTTP/1.1" 200 98225 "https://www.saps.ilc.edu.tw/wp-content/cache/www.saps.ilc.edu.tw/wpfc-minified/mkaqjc5l/bxwz8.css" "Mozilla/5.0 (Windows NT 10.0; Win64; x64) AppleWebKit/537.36 (KHTML, like Gecko) Chrome/151.0.0.0 Safari/537.36"
59.125.125.181 - - [17/Aug/2026:10:45:15 +0800] "GET /wp-content/uploads/sites/223/2019/03/22_gif.gif HTTP/1.1" 200 2212 "https://www.saps.ilc.edu.tw/wp-content/uploads/sites/223/elementor/css/post-152.css" "Mozilla/5.0 (Windows NT 10.0; Win64; x64) AppleWebKit/537.36 (KHTML, like Gecko) Chrome/151.0.0.0 Safari/537.36"
59.125.125.181 - - [17/Aug/2026:10:45:15 +0800] "GET /wp-content/uploads/sites/223/2026/01/logo112.jpg HTTP/1.1" 200 89362 "https://www.saps.ilc.edu.tw/wp-content/uploads/sites/223/elementor/css/post-152.css" "Mozilla/5.0 (Windows NT 10.0; Win64; x64) AppleWebKit/537.36 (KHTML, like Gecko) Chrome/151.0.0.0 Safari/537.36"
59.125.125.181 - - [17/Aug/2026:10:45:15 +0800] "GET /wp-content/uploads/sites/223/2025/12/1224.jpg HTTP/1.1" 200 154808 "https://www.saps.ilc.edu.tw/wp-content/uploads/sites/223/elementor/css/post-152.css" "Mozilla/5.0 (Windows NT 10.0; Win64; x64) AppleWebKit/537.36 (KHTML, like Gecko) Chrome/151.0.0.0 Safari/537.36"
59.125.125.181 - - [17/Aug/2026:10:45:15 +0800] "GET /wp-content/uploads/sites/223/2025/11/1110.jpg HTTP/1.1" 200 81065 "https://www.saps.ilc.edu.tw/wp-content/uploads/sites/223/elementor/css/post-152.css" "Mozilla/5.0 (Windows NT 10.0; Win64; x64) AppleWebKit/537.36 (KHTML, like Gecko) Chrome/151.0.0.0 Safari/537.36"
59.125.125.181 - - [17/Aug/2026:10:45:15 +0800] "GET /wp-content/uploads/sites/223/2025/02/213.jpg HTTP/1.1" 200 53741 "https://www.saps.ilc.edu.tw/wp-content/uploads/sites/223/elementor/css/post-152.css" "Mozilla/5.0 (Windows NT 10.0; Win64; x64) AppleWebKit/537.36 (KHTML, like Gecko) Chrome/151.0.0.0 Safari/537.36"
59.125.125.181 - - [17/Aug/2026:10:45:15 +0800] "GET /wp-content/uploads/sites/223/2024/05/509logo.jpg HTTP/1.1" 200 118010 "https://www.saps.ilc.edu.tw/wp-content/uploads/sites/223/elementor/css/post-152.css" "Mozilla/5.0 (Windows NT 10.0; Win64; x64) AppleWebKit/537.36 (KHTML, like Gecko) Chrome/151.0.0.0 Safari/537.36"
59.125.125.181 - - [17/Aug/2026:10:45:16 +0800] "GET /wp-content/uploads/sites/223/2023/03/308logo.png HTTP/1.1" 200 296000 "https://www.saps.ilc.edu.tw/wp-content/uploads/sites/223/elementor/css/post-152.css" "Mozilla/5.0 (Windows NT 10.0; Win64; x64) AppleWebKit/537.36 (KHTML, like Gecko) Chrome/151.0.0.0 Safari/537.36"
59.125.125.181 - - [17/Aug/2026:10:45:16 +0800] "GET /wp-content/plugins/elementor-pro/assets/js/nav-menu.e65811186e94a386ba7b.bundle.min.js HTTP/1.1" 200 2690 "https://www.saps.ilc.edu.tw/" "Mozilla/5.0 (Windows NT 10.0; Win64; x64) AppleWebKit/537.36 (KHTML, like Gecko) Chrome/151.0.0.0 Safari/537.36"
59.125.125.181 - - [17/Aug/2026:10:45:16 +0800] "GET /wp-content/plugins/elementor-pro/assets/js/slides.fb6b9afd278bb9c5e75b.bundle.min.js HTTP/1.1" 200 2348 "https://www.saps.ilc.edu.tw/" "Mozilla/5.0 (Windows NT 10.0; Win64; x64) AppleWebKit/537.36 (KHTML, like Gecko) Chrome/151.0.0.0 Safari/537.36"
59.125.125.181 - - [17/Aug/2026:10:45:16 +0800] "GET /wp-content/plugins/elementor-pro/assets/js/social.2d2e44e8608690943f29.bundle.min.js HTTP/1.1" 200 1433 "https://www.saps.ilc.edu.tw/" "Mozilla/5.0 (Windows NT 10.0; Win64; x64) AppleWebKit/537.36 (KHTML, like Gecko) Chrome/151.0.0.0 Safari/537.36"
59.125.125.181 - - [17/Aug/2026:10:45:16 +0800] "GET /wp-content/plugins/elementor/assets/js/text-editor.2c35aafbe5bf0e127950.bundle.min.js HTTP/1.1" 200 1545 "https://www.saps.ilc.edu.tw/" "Mozilla/5.0 (Windows NT 10.0; Win64; x64) AppleWebKit/537.36 (KHTML, like Gecko) Chrome/151.0.0.0 Safari/537.36"
59.125.125.181 - - [17/Aug/2026:10:45:16 +0800] "GET /wp-content/plugins/elementor/assets/lib/swiper/v8/swiper.min.js?ver=8.4.5 HTTP/1.1" 200 40708 "https://www.saps.ilc.edu.tw/" "Mozilla/5.0 (Windows NT 10.0; Win64; x64) AppleWebKit/537.36 (KHTML, like Gecko) Chrome/151.0.0.0 Safari/537.36"
66.249.68.137 - - [17/Aug/2026:10:45:14 +0800] "GET /wp-login.php?action=ilc_logout&_wpnonce=43754d0aad&redirect_to=http://tatekosta.ru/creator/17662/ HTTP/1.1" 302 8250 "-" "Mozilla/5.0 (Linux; Android 6.0.1; Nexus 5X Build/MMB29P) AppleWebKit/537.36 (KHTML, like Gecko) Chrome/150.0.7871.186 Mobile Safari/537.36 (compatible; Googlebot/2.1; +http://www.google.com/bot.html)"
2001:b400:e294:38ff:4ceb:d573:fba:ad1d - - [17/Aug/2026:10:45:17 +0800] "GET /1003/2009/12/17/%e8%87%aa%e6%88%91%e8%82%af%e5%ae%9a/ HTTP/1.1" 200 18514 "https://2blog.ilc.edu.tw/1003/2009/12/17/%E5%AD%A9%E5%AD%90%E7%9A%84%E6%97%A5%E8%A8%98%E7%9C%9F%E6%98%AF%E7%B2%BE%E5%BD%A9/" "Mozilla/5.0 (iPhone; CPU iPhone OS 26_5_2 like Mac OS X) AppleWebKit/605.1.15 (KHTML, like Gecko) GSA/433.5.957829776 Mobile/15E148 Safari/604.1"
66.249.79.198 - - [17/Aug/2026:10:45:17 +0800] "GET /embed/ HTTP/1.1" 301 937 "-" "Mozilla/5.0 (Linux; Android 6.0.1; Nexus 5X Build/MMB29P) AppleWebKit/537.36 (KHTML, like Gecko) Chrome/150.0.7871.186 Mobile Safari/537.36 (compatible; Googlebot/2.1; +http://www.google.com/bot.html)"
2001:b400:e294:38ff:4ceb:d573:fba:ad1d - - [17/Aug/2026:10:45:18 +0800] "GET /wp-content/uploads/sites/233/1003/previews-med/1003-399186.jpg HTTP/1.1" 200 9895 "https://2blog.ilc.edu.tw/1003/2009/12/17/%e8%87%aa%e6%88%91%e8%82%af%e5%ae%9a/" "Mozilla/5.0 (iPhone; CPU iPhone OS 26_5_2 like Mac OS X) AppleWebKit/605.1.15 (KHTML, like Gecko) GSA/433.5.957829776 Mobile/15E148 Safari/604.1"
2001:b400:e294:38ff:4ceb:d573:fba:ad1d - - [17/Aug/2026:10:45:18 +0800] "GET /wp-content/uploads/sites/233/1003/previews-med/1003-399185.jpg HTTP/1.1" 200 9327 "https://2blog.ilc.edu.tw/1003/2009/12/17/%e8%87%aa%e6%88%91%e8%82%af%e5%ae%9a/" "Mozilla/5.0 (iPhone; CPU iPhone OS 26_5_2 like Mac OS X) AppleWebKit/605.1.15 (KHTML, like Gecko) GSA/433.5.957829776 Mobile/15E148 Safari/604.1"
2001:b400:e294:38ff:4ceb:d573:fba:ad1d - - [17/Aug/2026:10:45:18 +0800] "POST /1003/wp-json/ilc-summary/v1/popular-posts HTTP/1.1" 201 6068 "https://2blog.ilc.edu.tw/1003/2009/12/17/%e8%87%aa%e6%88%91%e8%82%af%e5%ae%9a/" "Mozilla/5.0 (iPhone; CPU iPhone OS 26_5_2 like Mac OS X) AppleWebKit/605.1.15 (KHTML, like Gecko) GSA/433.5.957829776 Mobile/15E148 Safari/604.1"
59.125.125.181 - - [17/Aug/2026:10:45:19 +0800] "GET /wp-content/plugins/elementor/assets/lib/font-awesome/webfonts/fa-solid-900.woff2 HTTP/1.1" 200 79223 "https://www.saps.ilc.edu.tw/wp-content/cache/www.saps.ilc.edu.tw/wpfc-minified/2xz09cjt/7fed.css" "Mozilla/5.0 (Windows NT 10.0; Win64; x64) AppleWebKit/537.36 (KHTML, like Gecko) Chrome/151.0.0.0 Safari/537.36"
2001:288:a220:1:bab4:8de:4778:5bd9 - - [17/Aug/2026:10:45:19 +0800] "GET /wp-content/uploads/sites/3846/2026/06/%E5%AE%A3%E5%82%B3%E5%9C%96%E7%89%87.png HTTP/1.1" 304 5581 "https://it.ilc.edu.tw/" "Mozilla/5.0 (Windows NT 10.0; Win64; x64) AppleWebKit/537.36 (KHTML, like Gecko) Chrome/151.0.0.0 Safari/537.36"
2001:288:a220:1:bab4:8de:4778:5bd9 - - [17/Aug/2026:10:45:19 +0800] "GET /wp-content/uploads/sites/3846/2026/08/%E8%BE%B2%E6%A5%AD%E9%83%A8%E5%BB%A3%E5%91%8A.jpg HTTP/1.1" 200 240914 "https://it.ilc.edu.tw/" "Mozilla/5.0 (Windows NT 10.0; Win64; x64) AppleWebKit/537.36 (KHTML, like Gecko) Chrome/151.0.0.0 Safari/537.36"
2001:288:a220:1:bab4:8de:4778:5bd9 - - [17/Aug/2026:10:45:19 +0800] "GET /wp-content/uploads/sites/3846/2026/06/2026%E5%AE%9C%E8%98%AD%E7%98%8B%E5%AD%B8%E7%BF%92-%E6%9A%91%E5%81%87_%E6%95%99%E8%82%B2%E8%99%95%E9%A6%96%E9%A0%81-1440-x-1080-%E5%83%8F%E7%B4%A0.png HTTP/1.1" 304 5581 "https://it.ilc.edu.tw/" "Mozilla/5.0 (Windows NT 10.0; Win64; x64) AppleWebKit/537.36 (KHTML, like Gecko) Chrome/151.0.0.0 Safari/537.36"
59.125.125.181 - - [17/Aug/2026:10:45:19 +0800] "GET /wp-content/uploads/sites/223/2019/03/12345-1.png HTTP/1.1" 200 2073757 "https://www.saps.ilc.edu.tw/" "Mozilla/5.0 (Windows NT 10.0; Win64; x64) AppleWebKit/537.36 (KHTML, like Gecko) Chrome/151.0.0.0 Safari/537.36"
140.111.67.10 - - [17/Aug/2026:10:45:20 +0800] "GET /" 301 273 "-" "-"
2401:e180:8df0:be89:a249:2ec0:208:359 - - [17/Aug/2026:10:45:20 +0800] "GET /26066/category/%e8%97%9d%e6%96%87%e6%af%94%e8%b3%bd/ HTTP/1.1" 200 17435 "https://lang.ilc.edu.tw/" "Mozilla/5.0 (Linux; Android 10; K) AppleWebKit/537.36 (KHTML, like Gecko) SamsungBrowser/30.0 Chrome/143.0.0.0 Mobile Safari/537.36"
140.111.191.141 - - [17/Aug/2026:10:45:18 +0800] "GET /yceec/wp-admin/ HTTP/1.1" 302 5899 "-" "Mozilla/5.0 (Windows NT 10.0; Win64; x64) AppleWebKit/537.36 (KHTML, like Gecko) Chrome/151.0.0.0 Safari/537.36"
2001:288:a201::66:125 - - [17/Aug/2026:10:45:20 +0800] "GET /blog/active.php HTTP/1.1" 404 5513 "-" "-"
2401:e180:8df0:be89:a249:2ec0:208:359 - - [17/Aug/2026:10:45:20 +0800] "GET /26066/wp-content/cache/2blog.ilc.edu.tw/wpfc-minified/f2yovvi0/5woka.css HTTP/1.1" 200 7133 "https://2blog.ilc.edu.tw/26066/category/%e8%97%9d%e6%96%87%e6%af%94%e8%b3%bd/" "Mozilla/5.0 (Linux; Android 10; K) AppleWebKit/537.36 (KHTML, like Gecko) SamsungBrowser/30.0 Chrome/143.0.0.0 Mobile Safari/537.36"
2401:e180:8df0:be89:a249:2ec0:208:359 - - [17/Aug/2026:10:45:20 +0800] "GET /26066/wp-content/cache/2blog.ilc.edu.tw/wpfc-minified/edl80z0c/5wot7.css HTTP/1.1" 200 15980 "https://2blog.ilc.edu.tw/26066/category/%e8%97%9d%e6%96%87%e6%af%94%e8%b3%bd/" "Mozilla/5.0 (Linux; Android 10; K) AppleWebKit/537.36 (KHTML, like Gecko) SamsungBrowser/30.0 Chrome/143.0.0.0 Mobile Safari/537.36"
2001:288:a201::66:125 - - [17/Aug/2026:10:45:20 +0800] "GET /blog/active.php HTTP/1.1" 301 1026 "-" "-"
140.111.191.141 - - [17/Aug/2026:10:45:20 +0800] "GET /yceec/wp-login.php?redirect_to=https%3A%2F%2F2blog.ilc.edu.tw%2Fyceec%2Fwp-admin%2F&reauth=1 HTTP/1.1" 200 8943 "-" "Mozilla/5.0 (Windows NT 10.0; Win64; x64) AppleWebKit/537.36 (KHTML, like Gecko) Chrome/151.0.0.0 Safari/537.36"
2001:b400:e2a2:b857:715d:887e:845b:f7d4 - - [17/Aug/2026:10:45:21 +0800] "GET /wp-content/uploads/sites/3846/2025/09/%E6%95%99%E8%82%B2%E8%99%95%E6%B4%BB%E5%8B%95%E5%B0%88%E5%8D%80%E5%B0%8F%E5%9C%96-2-3.png HTTP/1.1" 200 10003 "https://www.ilc.edu.tw/" "Mozilla/5.0 (Linux; Android 10; K) AppleWebKit/537.36 (KHTML, like Gecko) Chrome/150.0.0.0 Mobile Safari/537.36"
2001:4860:7:410::f4 - - [17/Aug/2026:10:45:21 +0800] "GET /6703/ HTTP/1.1" 200 28754 "https://www.google.com/" "Mozilla/5.0 (Linux; Android 10; K) AppleWebKit/537.36 (KHTML, like Gecko) Chrome/151.0.0.0 Mobile Safari/537.36"
66.249.68.136 - - [17/Aug/2026:10:45:19 +0800] "GET /wp-login.php?action=ilc_logout&_wpnonce=43754d0aad&redirect_to=//tupemeree.ml/113wwwjwesilcedutwYjA651 HTTP/1.1" 302 8255 "-" "Mozilla/5.0 (Linux; Android 6.0.1; Nexus 5X Build/MMB29P) AppleWebKit/537.36 (KHTML, like Gecko) Chrome/150.0.7871.186 Mobile Safari/537.36 (compatible; Googlebot/2.1; +http://www.google.com/bot.html)"
::1 - - [17/Aug/2026:10:45:22 +0800] "OPTIONS * HTTP/1.0" 200 110 "-" "Apache/2.4.68 (Ubuntu) OpenSSL/3.0.19 (internal dummy connection)"
66.249.68.200 - - [17/Aug/2026:10:45:22 +0800] "POST /27438/wp-json/ilc-summary/v1/popular-posts HTTP/1.1" 201 6183 "https://2blog.ilc.edu.tw/27438/2026/05/26/%E3%80%8C%E5%AE%A2%E5%AE%B6%E8%AA%9E%E5%AD%B8%E7%BF%92%E5%8F%8A%E9%AB%94%E9%A9%97%E6%B4%BB%E5%8B%95%E3%80%8D/" "Mozilla/5.0 (Linux; Android 6.0.1; Nexus 5X Build/MMB29P) AppleWebKit/537.36 (KHTML, like Gecko) Chrome/150.0.7871.186 Mobile Safari/537.36 (compatible; Googlebot/2.1; +http://www.google.com/bot.html)"
::1 - - [17/Aug/2026:10:45:24 +0800] "OPTIONS * HTTP/1.0" 200 110 "-" "Apache/2.4.68 (Ubuntu) OpenSSL/3.0.19 (internal dummy connection)"
59.125.125.181 - - [17/Aug/2026:10:45:24 +0800] "POST /wp-json/ilc-summary/v1/popular-posts HTTP/1.1" 201 1113 "https://www.saps.ilc.edu.tw/2020/08/10/%e6%95%99%e5%8b%99%e8%99%95/" "Mozilla/5.0 (Windows NT 10.0; Win64; x64) AppleWebKit/537.36 (KHTML, like Gecko) Chrome/151.0.0.0 Safari/537.36"
66.249.68.200 - - [17/Aug/2026:10:45:24 +0800] "GET /1909/2012/10/22/%E6%96%B0%E8%81%9E%E4%B8%AD%E7%9A%84%E7%A7%91%E5%AD%B8%EF%BD%9E%E5%B9%B9%E7%B4%B0%E8%83%9E%E5%B9%AB%E8%A1%B0%E7%AB%AD%E5%99%A8%E5%AE%98%E5%86%8D%E7%94%9F/ HTTP/1.1" 200 15795 "-" "Mozilla/5.0 (Linux; Android 6.0.1; Nexus 5X Build/MMB29P) AppleWebKit/537.36 (KHTML, like Gecko) Chrome/150.0.7871.186 Mobile Safari/537.36 (compatible; Googlebot/2.1; +http://www.google.com/bot.html)"
140.111.67.10 - - [17/Aug/2026:10:45:25 +0800] "GET /" 301 273 "-" "-"
2001:288:a201::66:125 - - [17/Aug/2026:10:45:25 +0800] "GET /blog/active.php HTTP/1.1" 404 1084 "-" "-"
2001:288:a201::66:125 - - [17/Aug/2026:10:45:25 +0800] "GET /blog/active.php HTTP/1.1" 301 1026 "-" "-"
2001:288:a201::67:81 - - [17/Aug/2026:10:45:26 +0800] "GET /2373/ HTTP/1.1" 200 21227 "-" "WordPress/6.6.7; https://www.djes.ilc.edu.tw"
2402:7500:578:e0b2:405e:6fff:fe7c:884b - - [17/Aug/2026:10:45:26 +0800] "-" 408 339 "-" "-"
2402:7500:578:e0b2:405e:6fff:fe7c:884b - - [17/Aug/2026:10:45:26 +0800] "-" 408 339 "-" "-"
2001:288:a201::67:81 - - [17/Aug/2026:10:45:26 +0800] "GET /2373/feed/ HTTP/1.1" 200 23016 "-" "WordPress/6.6.7; https://www.djes.ilc.edu.tw"
66.249.82.130 - - [17/Aug/2026:10:45:25 +0800] "GET /.well-known/traffic-advice HTTP/1.1" 404 96509 "-" "Chrome Privacy Preserving Prefetch Proxy"
::1 - - [17/Aug/2026:10:45:26 +0800] "OPTIONS * HTTP/1.0" 200 110 "-" "Apache/2.4.68 (Ubuntu) OpenSSL/3.0.19 (internal dummy connection)"
2401:e180:8d1c:5f21:7475:c0e9:5ab7:4093 - - [17/Aug/2026:10:45:26 +0800] "GET /apple-touch-icon-precomposed.png HTTP/1.1" 301 5768 "-" "NetworkingExtension/8624.4.5.10.5 Network/5812.160.9 iOS/26.6"
2401:e180:8d1c:5f21:7475:c0e9:5ab7:4093 - - [17/Aug/2026:10:45:26 +0800] "GET /favicon.ico HTTP/1.1" 301 5747 "-" "NetworkingExtension/8624.4.5.10.5 Network/5812.160.9 iOS/26.6"
2401:e180:8d1c:5f21:7475:c0e9:5ab7:4093 - - [17/Aug/2026:10:45:26 +0800] "GET /apple-touch-icon.png HTTP/1.1" 301 5756 "-" "NetworkingExtension/8624.4.5.10.5 Network/5812.160.9 iOS/26.6"
2001:288:a26a:1:6923:8bf3:4374:c578 - - [17/Aug/2026:10:45:26 +0800] "POST /hsics/wp-admin/admin-ajax.php HTTP/1.1" 200 1459 "https://2blog.ilc.edu.tw/hsics/wp-admin/edit.php" "Mozilla/5.0 (Windows NT 10.0; Win64; x64) AppleWebKit/537.36 (KHTML, like Gecko) Chrome/151.0.0.0 Safari/537.36"
2401:e180:8d1c:5f21:7475:c0e9:5ab7:4093 - - [17/Aug/2026:10:45:26 +0800] "GET / HTTP/1.1" 200 23612 "-" "Mozilla/5.0 (Macintosh; Intel Mac OS X 10_11_1) AppleWebKit/601.2.4 (KHTML, like Gecko) Version/9.0.1 Safari/601.2.4 facebookexternalhit/1.1 Facebot Twitterbot/1.0"
2401:e180:8d1c:5f21:7475:c0e9:5ab7:4093 - - [17/Aug/2026:10:45:26 +0800] "GET /apple-touch-icon-precomposed.png/ HTTP/1.1" 200 18794 "-" "NetworkingExtension/8624.4.5.10.5 Network/5812.160.9 iOS/26.6"
2401:e180:8d1c:5f21:7475:c0e9:5ab7:4093 - - [17/Aug/2026:10:45:26 +0800] "GET /favicon.ico/ HTTP/1.1" 200 18794 "-" "NetworkingExtension/8624.4.5.10.5 Network/5812.160.9 iOS/26.6"
2401:e180:8d1c:5f21:7475:c0e9:5ab7:4093 - - [17/Aug/2026:10:45:26 +0800] "GET /apple-touch-icon.png/ HTTP/1.1" 200 18794 "-" "NetworkingExtension/8624.4.5.10.5 Network/5812.160.9 iOS/26.6"
66.249.68.167 - - [17/Aug/2026:10:45:26 +0800] "GET /?p=918 HTTP/1.1" 200 30507 "-" "Mozilla/5.0 (Linux; Android 6.0.1; Nexus 5X Build/MMB29P) AppleWebKit/537.36 (KHTML, like Gecko) Chrome/150.0.7871.186 Mobile Safari/537.36 (compatible; Googlebot/2.1; +http://www.google.com/bot.html)"
2401:e180:8d1c:5f21:7475:c0e9:5ab7:4093 - - [17/Aug/2026:10:45:27 +0800] "GET /wp-content/uploads/sites/823/2019/07/logo-150x150.gif HTTP/1.1" 200 13772 "-" "NetworkingExtension/8624.4.5.10.5 Network/5812.160.9 iOS/26.6"
2401:e180:8d1c:5f21:7475:c0e9:5ab7:4093 - - [17/Aug/2026:10:45:27 +0800] "GET /wp-content/uploads/sites/823/2019/07/logo.gif HTTP/1.1" 200 17778 "-" "NetworkingExtension/8624.4.5.10.5 Network/5812.160.9 iOS/26.6"
2401:e180:8d1c:5f21:7475:c0e9:5ab7:4093 - - [17/Aug/2026:10:45:27 +0800] "GET /wp-content/uploads/sites/823/2019/07/logo.gif HTTP/1.1" 200 22580 "-" "NetworkingExtension/8624.4.5.10.5 Network/5812.160.9 iOS/26.6"
::1 - - [17/Aug/2026:10:45:28 +0800] "OPTIONS * HTTP/1.0" 200 110 "-" "Apache/2.4.68 (Ubuntu) OpenSSL/3.0.19 (internal dummy connection)"
140.111.191.141 - - [17/Aug/2026:10:45:28 +0800] "POST /yceec/wp-login.php HTTP/1.1" 302 10295 "https://2blog.ilc.edu.tw/yceec/wp-login.php?redirect_to=https%3A%2F%2F2blog.ilc.edu.tw%2Fyceec%2Fwp-admin%2F&reauth=1" "Mozilla/5.0 (Windows NT 10.0; Win64; x64) AppleWebKit/537.36 (KHTML, like Gecko) Chrome/151.0.0.0 Safari/537.36"
::1 - - [17/Aug/2026:10:45:29 +0800] "OPTIONS * HTTP/1.0" 200 110 "-" "Apache/2.4.68 (Ubuntu) OpenSSL/3.0.19 (internal dummy connection)"
140.111.67.10 - - [17/Aug/2026:10:45:30 +0800] "GET /" 301 273 "-" "-"
::1 - - [17/Aug/2026:10:45:30 +0800] "OPTIONS * HTTP/1.0" 200 110 "-" "Apache/2.4.68 (Ubuntu) OpenSSL/3.0.19 (internal dummy connection)"
2001:288:a201::66:125 - - [17/Aug/2026:10:45:30 +0800] "GET /blog/active.php HTTP/1.1" 301 1026 "-" "-"
2001:288:a201::66:125 - - [17/Aug/2026:10:45:30 +0800] "GET /blog/active.php HTTP/1.1" 404 1084 "-" "-"
::1 - - [17/Aug/2026:10:45:31 +0800] "OPTIONS * HTTP/1.0" 200 110 "-" "Apache/2.4.68 (Ubuntu) OpenSSL/3.0.19 (internal dummy connection)"
140.111.191.141 - - [17/Aug/2026:10:45:29 +0800] "GET /yceec/wp-admin/ HTTP/1.1" 200 34535 "https://2blog.ilc.edu.tw/yceec/wp-login.php?redirect_to=https%3A%2F%2F2blog.ilc.edu.tw%2Fyceec%2Fwp-admin%2F&reauth=1" "Mozilla/5.0 (Windows NT 10.0; Win64; x64) AppleWebKit/537.36 (KHTML, like Gecko) Chrome/151.0.0.0 Safari/537.36"
140.111.191.141 - - [17/Aug/2026:10:45:31 +0800] "GET /yceec/wp-content/plugins/wp-fastest-cache/css/style.css HTTP/1.1" 200 12914 "https://2blog.ilc.edu.tw/yceec/wp-admin/" "Mozilla/5.0 (Windows NT 10.0; Win64; x64) AppleWebKit/537.36 (KHTML, like Gecko) Chrome/151.0.0.0 Safari/537.36"
140.111.191.141 - - [17/Aug/2026:10:45:31 +0800] "GET /yceec/wp-includes/js/thickbox/thickbox.css HTTP/1.1" 200 1811 "https://2blog.ilc.edu.tw/yceec/wp-admin/" "Mozilla/5.0 (Windows NT 10.0; Win64; x64) AppleWebKit/537.36 (KHTML, like Gecko) Chrome/151.0.0.0 Safari/537.36"
140.111.191.141 - - [17/Aug/2026:10:45:31 +0800] "GET /yceec/wp-admin/load-styles.php?c=1&dir=ltr&load%5Bchunk_0%5D=dashicons,admin-bar,common,forms,admin-menu,dashboard,list-tables,edit,revisions,media,themes,about,nav-menus,wp-pointer,widgets&load%5Bchunk_1%5D=,site-icon,l10n,buttons,wp-auth-check&ver=6.6.7 HTTP/1.1" 200 101797 "https://2blog.ilc.edu.tw/yceec/wp-admin/" "Mozilla/5.0 (Windows NT 10.0; Win64; x64) AppleWebKit/537.36 (KHTML, like Gecko) Chrome/151.0.0.0 Safari/537.36"
140.111.191.141 - - [17/Aug/2026:10:45:31 +0800] "GET /yceec/wp-content/plugins/admin-menu-editor-pro/extras/font-awesome/scss/font-awesome.css HTTP/1.1" 200 15073 "https://2blog.ilc.edu.tw/yceec/wp-admin/" "Mozilla/5.0 (Windows NT 10.0; Win64; x64) AppleWebKit/537.36 (KHTML, like Gecko) Chrome/151.0.0.0 Safari/537.36"
140.111.191.141 - - [17/Aug/2026:10:45:31 +0800] "GET /yceec/wp-content/plugins/disable-comments/assets/css/notice.css HTTP/1.1" 200 1417 "https://2blog.ilc.edu.tw/yceec/wp-admin/" "Mozilla/5.0 (Windows NT 10.0; Win64; x64) AppleWebKit/537.36 (KHTML, like Gecko) Chrome/151.0.0.0 Safari/537.36"
140.111.191.141 - - [17/Aug/2026:10:45:31 +0800] "GET /yceec/wp-content/plugins/ilc-custom/asset/css/wp-notice.css?0023&ver=1.0.0 HTTP/1.1" 200 1244 "https://2blog.ilc.edu.tw/yceec/wp-admin/" "Mozilla/5.0 (Windows NT 10.0; Win64; x64) AppleWebKit/537.36 (KHTML, like Gecko) Chrome/151.0.0.0 Safari/537.36"
140.111.191.141 - - [17/Aug/2026:10:45:31 +0800] "GET /yceec/wp-content/plugins/ml-slider/admin/assets/css/notices.css HTTP/1.1" 200 1718 "https://2blog.ilc.edu.tw/yceec/wp-admin/" "Mozilla/5.0 (Windows NT 10.0; Win64; x64) AppleWebKit/537.36 (KHTML, like Gecko) Chrome/151.0.0.0 Safari/537.36"
140.111.191.141 - - [17/Aug/2026:10:45:31 +0800] "GET /yceec/wp-content/plugins/ml-slider/admin/assets/css/upgrade.css HTTP/1.1" 200 2042 "https://2blog.ilc.edu.tw/yceec/wp-admin/" "Mozilla/5.0 (Windows NT 10.0; Win64; x64) AppleWebKit/537.36 (KHTML, like Gecko) Chrome/151.0.0.0 Safari/537.36"
140.111.191.141 - - [17/Aug/2026:10:45:31 +0800] "GET /yceec/wp-content/plugins/elementor-pro/assets/css/admin.min.css HTTP/1.1" 200 3800 "https://2blog.ilc.edu.tw/yceec/wp-admin/" "Mozilla/5.0 (Windows NT 10.0; Win64; x64) AppleWebKit/537.36 (KHTML, like Gecko) Chrome/151.0.0.0 Safari/537.36"
140.111.191.141 - - [17/Aug/2026:10:45:31 +0800] "GET /yceec/wp-content/plugins/staatic/assets/admin.css HTTP/1.1" 200 2495 "https://2blog.ilc.edu.tw/yceec/wp-admin/" "Mozilla/5.0 (Windows NT 10.0; Win64; x64) AppleWebKit/537.36 (KHTML, like Gecko) Chrome/151.0.0.0 Safari/537.36"
140.111.191.141 - - [17/Aug/2026:10:45:31 +0800] "GET /yceec/wp-content/plugins/elementor/assets/lib/eicons/css/elementor-icons.min.css HTTP/1.1" 200 4949 "https://2blog.ilc.edu.tw/yceec/wp-admin/" "Mozilla/5.0 (Windows NT 10.0; Win64; x64) AppleWebKit/537.36 (KHTML, like Gecko) Chrome/151.0.0.0 Safari/537.36"
140.111.191.141 - - [17/Aug/2026:10:45:31 +0800] "GET /yceec/wp-content/plugins/limit-login-attempts-reloaded/assets/css/limit-login-attempts.css HTTP/1.1" 200 21363 "https://2blog.ilc.edu.tw/yceec/wp-admin/" "Mozilla/5.0 (Windows NT 10.0; Win64; x64) AppleWebKit/537.36 (KHTML, like Gecko) Chrome/151.0.0.0 Safari/537.36"
140.111.191.141 - - [17/Aug/2026:10:45:31 +0800] "GET /yceec/wp-content/plugins/elementor/assets/css/common.min.css HTTP/1.1" 200 4263 "https://2blog.ilc.edu.tw/yceec/wp-admin/" "Mozilla/5.0 (Windows NT 10.0; Win64; x64) AppleWebKit/537.36 (KHTML, like Gecko) Chrome/151.0.0.0 Safari/537.36"
140.111.191.141 - - [17/Aug/2026:10:45:31 +0800] "GET /yceec/wp-content/plugins/elementor/assets/css/theme-light.min.css HTTP/1.1" 200 1595 "https://2blog.ilc.edu.tw/yceec/wp-admin/" "Mozilla/5.0 (Windows NT 10.0; Win64; x64) AppleWebKit/537.36 (KHTML, like Gecko) Chrome/151.0.0.0 Safari/537.36"
140.111.191.141 - - [17/Aug/2026:10:45:31 +0800] "GET /yceec/wp-content/plugins/elementor/assets/css/admin.min.css HTTP/1.1" 200 12919 "https://2blog.ilc.edu.tw/yceec/wp-admin/" "Mozilla/5.0 (Windows NT 10.0; Win64; x64) AppleWebKit/537.36 (KHTML, like Gecko) Chrome/151.0.0.0 Safari/537.36"
140.111.191.141 - - [17/Aug/2026:10:45:31 +0800] "GET /yceec/wp-content/plugins/wp-statistics/assets/css/jqvmap/jqvmap.min.css HTTP/1.1" 200 1161 "https://2blog.ilc.edu.tw/yceec/wp-admin/" "Mozilla/5.0 (Windows NT 10.0; Win64; x64) AppleWebKit/537.36 (KHTML, like Gecko) Chrome/151.0.0.0 Safari/537.36"
140.111.191.141 - - [17/Aug/2026:10:45:31 +0800] "GET /yceec/wp-content/plugins/wp-statistics/assets/css/datepicker/daterangepicker.css HTTP/1.1" 200 3154 "https://2blog.ilc.edu.tw/yceec/wp-admin/" "Mozilla/5.0 (Windows NT 10.0; Win64; x64) AppleWebKit/537.36 (KHTML, like Gecko) Chrome/151.0.0.0 Safari/537.36"
140.111.191.141 - - [17/Aug/2026:10:45:31 +0800] "GET /yceec/wp-content/plugins/wp-statistics/assets/css/datepicker/customize.css HTTP/1.1" 200 1115 "https://2blog.ilc.edu.tw/yceec/wp-admin/" "Mozilla/5.0 (Windows NT 10.0; Win64; x64) AppleWebKit/537.36 (KHTML, like Gecko) Chrome/151.0.0.0 Safari/537.36"
140.111.191.141 - - [17/Aug/2026:10:45:31 +0800] "GET /yceec/wp-content/plugins/admin-menu-editor-pro/css/admin.css HTTP/1.1" 200 2039 "https://2blog.ilc.edu.tw/yceec/wp-admin/" "Mozilla/5.0 (Windows NT 10.0; Win64; x64) AppleWebKit/537.36 (KHTML, like Gecko) Chrome/151.0.0.0 Safari/537.36"
140.111.191.141 - - [17/Aug/2026:10:45:31 +0800] "GET /yceec/wp-content/plugins/wp-statistics/assets/css/admin.min.css HTTP/1.1" 200 116226 "https://2blog.ilc.edu.tw/yceec/wp-admin/" "Mozilla/5.0 (Windows NT 10.0; Win64; x64) AppleWebKit/537.36 (KHTML, like Gecko) Chrome/151.0.0.0 Safari/537.36"
140.111.191.141 - - [17/Aug/2026:10:45:31 +0800] "GET /yceec/wp-content/plugins/limit-login-attempts-reloaded/assets/css/fonts/stylesheet.css HTTP/1.1" 200 1213 "https://2blog.ilc.edu.tw/yceec/wp-content/plugins/limit-login-attempts-reloaded/assets/css/limit-login-attempts.css" "Mozilla/5.0 (Windows NT 10.0; Win64; x64) AppleWebKit/537.36 (KHTML, like Gecko) Chrome/151.0.0.0 Safari/537.36"
140.111.191.141 - - [17/Aug/2026:10:45:31 +0800] "GET /yceec/wp-content/plugins/admin-menu-editor-pro/js/admin-helpers.js HTTP/1.1" 200 2130 "https://2blog.ilc.edu.tw/yceec/wp-admin/" "Mozilla/5.0 (Windows NT 10.0; Win64; x64) AppleWebKit/537.36 (KHTML, like Gecko) Chrome/151.0.0.0 Safari/537.36"
140.111.191.141 - - [17/Aug/2026:10:45:31 +0800] "GET /yceec/wp-admin/load-scripts.php?c=1&load%5Bchunk_0%5D=jquery-core,jquery-migrate,utils,wp-hooks&ver=6.6.7 HTTP/1.1" 200 37408 "https://2blog.ilc.edu.tw/yceec/wp-admin/" "Mozilla/5.0 (Windows NT 10.0; Win64; x64) AppleWebKit/537.36 (KHTML, like Gecko) Chrome/151.0.0.0 Safari/537.36"
140.111.191.141 - - [17/Aug/2026:10:45:31 +0800] "GET /yceec/wp-content/plugins/wp-statistics/assets/css/plugin/tooltipster.bundle.css HTTP/1.1" 200 2837 "https://2blog.ilc.edu.tw/yceec/wp-content/plugins/wp-statistics/assets/css/admin.min.css" "Mozilla/5.0 (Windows NT 10.0; Win64; x64) AppleWebKit/537.36 (KHTML, like Gecko) Chrome/151.0.0.0 Safari/537.36"
140.111.191.141 - - [17/Aug/2026:10:45:31 +0800] "GET /yceec/wp-includes/js/dist/dom-ready.min.js HTTP/1.1" 200 1199 "https://2blog.ilc.edu.tw/yceec/wp-admin/" "Mozilla/5.0 (Windows NT 10.0; Win64; x64) AppleWebKit/537.36 (KHTML, like Gecko) Chrome/151.0.0.0 Safari/537.36"
