2001:288:a26a:1:6923:8bf3:4374:c578 - - [17/Aug/2026:10:45:56 +0800] "POST /hsics/wp-admin/admin-ajax.php HTTP/1.1" 200 1459 "https://2blog.ilc.edu.tw/hsics/wp-admin/edit.php" "Mozilla/5.0 (Windows NT 10.0; Win64; x64) AppleWebKit/537.36 (KHTML, like Gecko) Chrome/151.0.0.0 Safari/537.36"
::1 - - [17/Aug/2026:10:45:58 +0800] "OPTIONS * HTTP/1.0" 200 110 "-" "Apache/2.4.68 (Ubuntu) OpenSSL/3.0.19 (internal dummy connection)"
140.111.67.10 - - [17/Aug/2026:10:46:00 +0800] "GET /" 301 273 "-" "-"
::1 - - [17/Aug/2026:10:46:00 +0800] "OPTIONS * HTTP/1.0" 200 110 "-" "Apache/2.4.68 (Ubuntu) OpenSSL/3.0.19 (internal dummy connection)"
2001:288:a201::66:125 - - [17/Aug/2026:10:46:00 +0800] "GET /blog/active.php HTTP/1.1" 301 1026 "-" "-"
2001:288:a201::66:125 - - [17/Aug/2026:10:46:00 +0800] "GET /blog/active.php HTTP/1.1" 404 1084 "-" "-"
2001:288:a201::67:81 - - [17/Aug/2026:10:46:01 +0800] "GET / HTTP/1.1" 200 56292 "-" "curl/7.81.0"
2001:288:a241:1:d889:9da4:e2a5:46a - - [17/Aug/2026:10:46:03 +0800] "-" 408 4791 "-" "-"
2001:288:a223:1:883a:abd6:58a1:31d6 - - [17/Aug/2026:10:46:04 +0800] "-" 408 4802 "-" "-"
140.111.67.10 - - [17/Aug/2026:10:46:05 +0800] "GET /" 301 273 "-" "-"
114.32.246.242 - - [17/Aug/2026:10:46:05 +0800] "POST /yilankindergartentest/wp-admin/admin-ajax.php HTTP/1.1" 200 1514 "https://2blog.ilc.edu.tw/yilankindergartentest/wp-admin/post-new.php" "Mozilla/5.0 (Windows NT 10.0; Win64; x64) AppleWebKit/537.36 (KHTML, like Gecko) Chrome/151.0.0.0 Safari/537.36"
2001:288:a201::66:125 - - [17/Aug/2026:10:46:05 +0800] "GET /blog/active.php HTTP/1.1" 404 1084 "-" "-"
2001:288:a201::66:125 - - [17/Aug/2026:10:46:05 +0800] "GET /blog/active.php HTTP/1.1" 301 1026 "-" "-"
2001:288:a246:2:2070:74db:dbbf:3ad1 - - [17/Aug/2026:10:46:07 +0800] "-" 408 4791 "-" "-"
59.125.125.181 - - [17/Aug/2026:10:46:08 +0800] "GET /saps/2019/06/14/sa/ HTTP/1.1" 301 1276 "-" "Mozilla/5.0 (Windows NT 10.0; Win64; x64) AppleWebKit/537.36 (KHTML, like Gecko) Chrome/151.0.0.0 Safari/537.36"
59.125.125.181 - - [17/Aug/2026:10:46:08 +0800] "GET /2019/06/14/sa/ HTTP/1.1" 200 11896 "-" "Mozilla/5.0 (Windows NT 10.0; Win64; x64) AppleWebKit/537.36 (KHTML, like Gecko) Chrome/151.0.0.0 Safari/537.36"
::1 - - [17/Aug/2026:10:46:08 +0800] "OPTIONS * HTTP/1.0" 200 110 "-" "Apache/2.4.68 (Ubuntu) OpenSSL/3.0.19 (internal dummy connection)"
59.125.125.181 - - [17/Aug/2026:10:46:08 +0800] "POST /wp-json/ilc-summary/v1/popular-posts HTTP/1.1" 201 1268 "https://www.saps.ilc.edu.tw/2019/06/14/sa/" "Mozilla/5.0 (Windows NT 10.0; Win64; x64) AppleWebKit/537.36 (KHTML, like Gecko) Chrome/151.0.0.0 Safari/537.36"
140.111.67.195 - - [17/Aug/2026:10:46:09 +0800] "GET /wp-admin/admin-post.php?action=steps_ad HTTP/1.1" 200 6425 "-" "node-fetch/1.0 (+https://github.com/bitinn/node-fetch)"
140.111.67.10 - - [17/Aug/2026:10:46:10 +0800] "GET /" 301 273 "-" "-"
2001:288:a201::66:125 - - [17/Aug/2026:10:46:10 +0800] "GET /blog/active.php HTTP/1.1" 301 1026 "-" "-"
2001:288:a201::66:125 - - [17/Aug/2026:10:46:10 +0800] "GET /blog/active.php HTTP/1.1" 404 1084 "-" "-"
2001:288:a26a:1:6923:8bf3:4374:c578 - - [17/Aug/2026:10:46:11 +0800] "POST /hsics/wp-admin/admin-ajax.php HTTP/1.1" 200 1459 "https://2blog.ilc.edu.tw/hsics/wp-admin/edit.php" "Mozilla/5.0 (Windows NT 10.0; Win64; x64) AppleWebKit/537.36 (KHTML, like Gecko) Chrome/151.0.0.0 Safari/537.36"
49.159.180.102 - - [17/Aug/2026:10:46:13 +0800] "GET / HTTP/1.1" 200 20251 "https://www.google.com/url?q=https://www.kfps.ilc.edu.tw/&sa=U&sqi=2&ved=2ahUKEwi264fi0qaWAxXHm68BHT3kABwQFnoECCEQAQ&usg=AOvVaw3s8dq2c32e6DIcCYek_zLw" "Mozilla/5.0 (iPhone; CPU iPhone OS 26_6_0 like Mac OS X) AppleWebKit/605.1.15 (KHTML, like Gecko) GSA/433.5.957829776 Mobile/15E148 Safari/604.1"
49.159.180.102 - - [17/Aug/2026:10:46:13 +0800] "GET /wp-content/themes/oceanwp/assets/js/drop-down-search.min.js HTTP/1.1" 200 2968 "https://www.kfps.ilc.edu.tw/" "Mozilla/5.0 (iPhone; CPU iPhone OS 26_6_0 like Mac OS X) AppleWebKit/605.1.15 (KHTML, like Gecko) GSA/433.5.957829776 Mobile/15E148 Safari/604.1"
49.159.180.102 - - [17/Aug/2026:10:46:13 +0800] "GET /wp-content/cache/www.kfps.ilc.edu.tw/wpfc-minified/6mqw62g3/6wlp.css HTTP/1.1" 200 66108 "https://www.kfps.ilc.edu.tw/" "Mozilla/5.0 (iPhone; CPU iPhone OS 26_6_0 like Mac OS X) AppleWebKit/605.1.15 (KHTML, like Gecko) GSA/433.5.957829776 Mobile/15E148 Safari/604.1"
2001:288:a240:1:b961:82b6:4c04:193f - - [17/Aug/2026:10:46:13 +0800] "POST /wp-json/wp-statistics/v2/hit HTTP/1.1" 200 6014 "https://www.gjes.ilc.edu.tw/" "Mozilla/5.0 (Windows NT 10.0; Win64; x64) AppleWebKit/537.36 (KHTML, like Gecko) Chrome/151.0.0.0 Safari/537.36"
61.62.234.220 - - [17/Aug/2026:10:46:13 +0800] "GET /3860/2014/05/21/1-%E4%BA%A4-ka-%E3%80%80-2-%E4%BA%A4-kau-%E3%80%80-3-%E4%BA%A4-kiau-%E3%80%80-1-%E4%BA%A4%E6%98%93-ka-ia%CC%8Dh-%E3%80%80-2-%E4%BA%A4%E6%98%93-kau-i%CC%8Dk-%E3%80%80/ HTTP/1.1" 200 31598 "https://www.google.com.tw/" "Mozilla/5.0 (iPhone; CPU iPhone OS 10_2 like Mac OS X) AppleWebKit/602.3.12 (KHTML, like Gecko) Version/10.0 Mobile/14C92 Safari/602.1"
140.111.67.195 - - [17/Aug/2026:10:46:13 +0800] "GET /wp-admin/admin-post.php?action=steps_ad HTTP/1.1" 200 1649 "-" "node-fetch/1.0 (+https://github.com/bitinn/node-fetch)"
61.62.234.220 - - [17/Aug/2026:10:46:14 +0800] "GET /3860/wp-content/cache/2blog.ilc.edu.tw/wpfc-minified/dsvp51ho/5woba.css HTTP/1.1" 200 40970 "https://2blog.ilc.edu.tw/3860/2014/05/21/1-%E4%BA%A4-ka-%E3%80%80-2-%E4%BA%A4-kau-%E3%80%80-3-%E4%BA%A4-kiau-%E3%80%80-1-%E4%BA%A4%E6%98%93-ka-ia%CC%8Dh-%E3%80%80-2-%E4%BA%A4%E6%98%93-kau-i%CC%8Dk-%E3%80%80/" "Mozilla/5.0 (iPhone; CPU iPhone OS 10_2 like Mac OS X) AppleWebKit/602.3.12 (KHTML, like Gecko) Version/10.0 Mobile/14C92 Safari/602.1"
61.62.234.220 - - [17/Aug/2026:10:46:14 +0800] "GET /3860/wp-content/cache/2blog.ilc.edu.tw/wpfc-minified/dew18x1z/5wolc.js HTTP/1.1" 200 55850 "https://2blog.ilc.edu.tw/3860/2014/05/21/1-%E4%BA%A4-ka-%E3%80%80-2-%E4%BA%A4-kau-%E3%80%80-3-%E4%BA%A4-kiau-%E3%80%80-1-%E4%BA%A4%E6%98%93-ka-ia%CC%8Dh-%E3%80%80-2-%E4%BA%A4%E6%98%93-kau-i%CC%8Dk-%E3%80%80/" "Mozilla/5.0 (iPhone; CPU iPhone OS 10_2 like Mac OS X) AppleWebKit/602.3.12 (KHTML, like Gecko) Version/10.0 Mobile/14C92 Safari/602.1"
61.62.234.220 - - [17/Aug/2026:10:46:14 +0800] "GET /3860/wp-content/cache/2blog.ilc.edu.tw/wpfc-minified/6o39im4d/5woba.css HTTP/1.1" 200 16149 "https://2blog.ilc.edu.tw/3860/2014/05/21/1-%E4%BA%A4-ka-%E3%80%80-2-%E4%BA%A4-kau-%E3%80%80-3-%E4%BA%A4-kiau-%E3%80%80-1-%E4%BA%A4%E6%98%93-ka-ia%CC%8Dh-%E3%80%80-2-%E4%BA%A4%E6%98%93-kau-i%CC%8Dk-%E3%80%80/" "Mozilla/5.0 (iPhone; CPU iPhone OS 10_2 like Mac OS X) AppleWebKit/602.3.12 (KHTML, like Gecko) Version/10.0 Mobile/14C92 Safari/602.1"
61.62.234.220 - - [17/Aug/2026:10:46:14 +0800] "GET /3860/wp-content/cache/2blog.ilc.edu.tw/wpfc-minified/2n9laxoh/5wolc.css HTTP/1.1" 200 30840 "https://2blog.ilc.edu.tw/3860/2014/05/21/1-%E4%BA%A4-ka-%E3%80%80-2-%E4%BA%A4-kau-%E3%80%80-3-%E4%BA%A4-kiau-%E3%80%80-1-%E4%BA%A4%E6%98%93-ka-ia%CC%8Dh-%E3%80%80-2-%E4%BA%A4%E6%98%93-kau-i%CC%8Dk-%E3%80%80/" "Mozilla/5.0 (iPhone; CPU iPhone OS 10_2 like Mac OS X) AppleWebKit/602.3.12 (KHTML, like Gecko) Version/10.0 Mobile/14C92 Safari/602.1"
61.62.234.220 - - [17/Aug/2026:10:46:14 +0800] "GET /3860/wp-content/cache/2blog.ilc.edu.tw/wpfc-minified/ck0v2a7/5wolc.css HTTP/1.1" 200 13554 "https://2blog.ilc.edu.tw/3860/2014/05/21/1-%E4%BA%A4-ka-%E3%80%80-2-%E4%BA%A4-kau-%E3%80%80-3-%E4%BA%A4-kiau-%E3%80%80-1-%E4%BA%A4%E6%98%93-ka-ia%CC%8Dh-%E3%80%80-2-%E4%BA%A4%E6%98%93-kau-i%CC%8Dk-%E3%80%80/" "Mozilla/5.0 (iPhone; CPU iPhone OS 10_2 like Mac OS X) AppleWebKit/602.3.12 (KHTML, like Gecko) Version/10.0 Mobile/14C92 Safari/602.1"
61.62.234.220 - - [17/Aug/2026:10:46:14 +0800] "GET /3860/wp-includes/js/hoverintent-js.min.js HTTP/1.1" 200 1604 "https://2blog.ilc.edu.tw/3860/2014/05/21/1-%E4%BA%A4-ka-%E3%80%80-2-%E4%BA%A4-kau-%E3%80%80-3-%E4%BA%A4-kiau-%E3%80%80-1-%E4%BA%A4%E6%98%93-ka-ia%CC%8Dh-%E3%80%80-2-%E4%BA%A4%E6%98%93-kau-i%CC%8Dk-%E3%80%80/" "Mozilla/5.0 (iPhone; CPU iPhone OS 10_2 like Mac OS X) AppleWebKit/602.3.12 (KHTML, like Gecko) Version/10.0 Mobile/14C92 Safari/602.1"
61.62.234.220 - - [17/Aug/2026:10:46:14 +0800] "GET /3860/wp-includes/js/admin-bar.min.js HTTP/1.1" 200 2244 "https://2blog.ilc.edu.tw/3860/2014/05/21/1-%E4%BA%A4-ka-%E3%80%80-2-%E4%BA%A4-kau-%E3%80%80-3-%E4%BA%A4-kiau-%E3%80%80-1-%E4%BA%A4%E6%98%93-ka-ia%CC%8Dh-%E3%80%80-2-%E4%BA%A4%E6%98%93-kau-i%CC%8Dk-%E3%80%80/" "Mozilla/5.0 (iPhone; CPU iPhone OS 10_2 like Mac OS X) AppleWebKit/602.3.12 (KHTML, like Gecko) Version/10.0 Mobile/14C92 Safari/602.1"
140.111.67.10 - - [17/Aug/2026:10:46:15 +0800] "GET /" 301 273 "-" "-"
61.62.234.220 - - [17/Aug/2026:10:46:14 +0800] "GET /3860/wp-content/cache/2blog.ilc.edu.tw/wpfc-minified/32nbdzgi/5wolc.js HTTP/1.1" 200 1649 "https://2blog.ilc.edu.tw/3860/2014/05/21/1-%E4%BA%A4-ka-%E3%80%80-2-%E4%BA%A4-kau-%E3%80%80-3-%E4%BA%A4-kiau-%E3%80%80-1-%E4%BA%A4%E6%98%93-ka-ia%CC%8Dh-%E3%80%80-2-%E4%BA%A4%E6%98%93-kau-i%CC%8Dk-%E3%80%80/" "Mozilla/5.0 (iPhone; CPU iPhone OS 10_2 like Mac OS X) AppleWebKit/602.3.12 (KHTML, like Gecko) Version/10.0 Mobile/14C92 Safari/602.1"
61.62.234.220 - - [17/Aug/2026:10:46:14 +0800] "GET /3860/wp-content/uploads/sites/1494/2020/11/cropped-2020-11-16-1-32x32.png HTTP/1.1" 200 2267 "https://2blog.ilc.edu.tw/3860/2014/05/21/1-%E4%BA%A4-ka-%E3%80%80-2-%E4%BA%A4-kau-%E3%80%80-3-%E4%BA%A4-kiau-%E3%80%80-1-%E4%BA%A4%E6%98%93-ka-ia%CC%8Dh-%E3%80%80-2-%E4%BA%A4%E6%98%93-kau-i%CC%8Dk-%E3%80%80/" "Mozilla/5.0 (iPhone; CPU iPhone OS 10_2 like Mac OS X) AppleWebKit/602.3.12 (KHTML, like Gecko) Version/10.0 Mobile/14C92 Safari/602.1"
2001:288:a201::66:125 - - [17/Aug/2026:10:46:15 +0800] "GET /blog/active.php HTTP/1.1" 301 1026 "-" "-"
61.62.234.220 - - [17/Aug/2026:10:46:15 +0800] "GET /3860/wp-includes/js/wp-emoji-release.min.js HTTP/1.1" 200 5949 "https://2blog.ilc.edu.tw/3860/2014/05/21/1-%E4%BA%A4-ka-%E3%80%80-2-%E4%BA%A4-kau-%E3%80%80-3-%E4%BA%A4-kiau-%E3%80%80-1-%E4%BA%A4%E6%98%93-ka-ia%CC%8Dh-%E3%80%80-2-%E4%BA%A4%E6%98%93-kau-i%CC%8Dk-%E3%80%80/" "Mozilla/5.0 (iPhone; CPU iPhone OS 10_2 like Mac OS X) AppleWebKit/602.3.12 (KHTML, like Gecko) Version/10.0 Mobile/14C92 Safari/602.1"
2001:288:a201::66:125 - - [17/Aug/2026:10:46:15 +0800] "GET /blog/active.php HTTP/1.1" 404 1084 "-" "-"
61.62.234.220 - - [17/Aug/2026:10:46:15 +0800] "POST /3860/wp-json/ilc-summary/v1/popular-posts HTTP/1.1" 201 1280 "https://2blog.ilc.edu.tw/3860/2014/05/21/1-%E4%BA%A4-ka-%E3%80%80-2-%E4%BA%A4-kau-%E3%80%80-3-%E4%BA%A4-kiau-%E3%80%80-1-%E4%BA%A4%E6%98%93-ka-ia%CC%8Dh-%E3%80%80-2-%E4%BA%A4%E6%98%93-kau-i%CC%8Dk-%E3%80%80/" "Mozilla/5.0 (iPhone; CPU iPhone OS 10_2 like Mac OS X) AppleWebKit/602.3.12 (KHTML, like Gecko) Version/10.0 Mobile/14C92 Safari/602.1"
61.62.234.220 - - [17/Aug/2026:10:46:16 +0800] "GET /3860/wp-content/themes/mynote/assets/webfonts/fa-solid-900.woff2 HTTP/1.1" 200 60611 "https://2blog.ilc.edu.tw/3860/2014/05/21/1-%E4%BA%A4-ka-%E3%80%80-2-%E4%BA%A4-kau-%E3%80%80-3-%E4%BA%A4-kiau-%E3%80%80-1-%E4%BA%A4%E6%98%93-ka-ia%CC%8Dh-%E3%80%80-2-%E4%BA%A4%E6%98%93-kau-i%CC%8Dk-%E3%80%80/" "Mozilla/5.0 (iPhone; CPU iPhone OS 10_2 like Mac OS X) AppleWebKit/602.3.12 (KHTML, like Gecko) Version/10.0 Mobile/14C92 Safari/602.1"
61.62.234.220 - - [17/Aug/2026:10:46:16 +0800] "GET /3860/wp-content/themes/mynote/assets/webfonts/fa-regular-400.woff2 HTTP/1.1" 200 15817 "https://2blog.ilc.edu.tw/3860/2014/05/21/1-%E4%BA%A4-ka-%E3%80%80-2-%E4%BA%A4-kau-%E3%80%80-3-%E4%BA%A4-kiau-%E3%80%80-1-%E4%BA%A4%E6%98%93-ka-ia%CC%8Dh-%E3%80%80-2-%E4%BA%A4%E6%98%93-kau-i%CC%8Dk-%E3%80%80/" "Mozilla/5.0 (iPhone; CPU iPhone OS 10_2 like Mac OS X) AppleWebKit/602.3.12 (KHTML, like Gecko) Version/10.0 Mobile/14C92 Safari/602.1"
2001:288:a210:1:34f8:8b13:bd3d:4596 - - [17/Aug/2026:10:46:18 +0800] "-" 408 4791 "-" "-"
2001:b400:e2a2:b857:715d:887e:845b:f7d4 - - [17/Aug/2026:10:46:18 +0800] "-" 408 339 "-" "-"
140.111.67.195 - - [17/Aug/2026:10:46:19 +0800] "GET /wp-admin/admin-post.php?action=steps_ad HTTP/1.1" 200 1973 "-" "node-fetch/1.0 (+https://github.com/bitinn/node-fetch)"
140.111.67.10 - - [17/Aug/2026:10:46:20 +0800] "GET /" 301 273 "-" "-"
114.32.246.242 - - [17/Aug/2026:10:46:20 +0800] "POST /yilankindergartentest/wp-admin/admin-ajax.php HTTP/1.1" 200 1514 "https://2blog.ilc.edu.tw/yilankindergartentest/wp-admin/post-new.php" "Mozilla/5.0 (Windows NT 10.0; Win64; x64) AppleWebKit/537.36 (KHTML, like Gecko) Chrome/151.0.0.0 Safari/537.36"
52.167.144.228 - - [17/Aug/2026:10:46:20 +0800] "GET /24973/2019/11/22/%E6%A4%8D%E7%89%A9%E4%BF%97%E8%AB%BA/ HTTP/1.1" 200 17172 "-" "Mozilla/5.0 AppleWebKit/537.36 (KHTML, like Gecko; compatible; bingbot/2.0; +http://www.bing.com/bingbot.htm) Chrome/116.0.1938.76 Safari/537.36"
2001:288:a201::66:125 - - [17/Aug/2026:10:46:20 +0800] "GET /blog/active.php HTTP/1.1" 301 1026 "-" "-"
2001:288:a201::66:125 - - [17/Aug/2026:10:46:20 +0800] "GET /blog/active.php HTTP/1.1" 404 1084 "-" "-"
2401:e180:8d53:c1cf:4ce7:9abb:ed70:2815 - - [17/Aug/2026:10:46:21 +0800] "GET /%e5%ad%b8%e7%94%9f%e4%ba%8b%e5%8b%99%e8%99%95/ HTTP/1.1" 200 18877 "https://www.whjh.ilc.edu.tw/%e6%a0%a1%e9%95%b7%e5%b0%88%e5%8d%80/" "Mozilla/5.0 (iPhone; CPU iPhone OS 18_5_0 like Mac OS X) AppleWebKit/605.1.15 (KHTML, like Gecko) GSA/433.5.957829776 Mobile/15E148 Safari/604.1"
2401:e180:8d53:c1cf:4ce7:9abb:ed70:2815 - - [17/Aug/2026:10:46:21 +0800] "GET /5327/wp-content/uploads/sites/944/2019/10/stude.gif HTTP/1.1" 200 20141 "https://www.whjh.ilc.edu.tw/%e5%ad%b8%e7%94%9f%e4%ba%8b%e5%8b%99%e8%99%95/" "Mozilla/5.0 (iPhone; CPU iPhone OS 18_5_0 like Mac OS X) AppleWebKit/605.1.15 (KHTML, like Gecko) GSA/433.5.957829776 Mobile/15E148 Safari/604.1"
::1 - - [17/Aug/2026:10:46:23 +0800] "OPTIONS * HTTP/1.0" 200 110 "-" "Apache/2.4.68 (Ubuntu) OpenSSL/3.0.19 (internal dummy connection)"
::1 - - [17/Aug/2026:10:46:24 +0800] "OPTIONS * HTTP/1.0" 200 110 "-" "Apache/2.4.68 (Ubuntu) OpenSSL/3.0.19 (internal dummy connection)"
140.111.67.10 - - [17/Aug/2026:10:46:25 +0800] "GET /" 301 273 "-" "-"
140.111.67.195 - - [17/Aug/2026:10:46:25 +0800] "GET /wp-admin/admin-post.php?action=steps_ad HTTP/1.1" 200 1973 "-" "node-fetch/1.0 (+https://github.com/bitinn/node-fetch)"
2001:288:a201::66:125 - - [17/Aug/2026:10:46:25 +0800] "GET /blog/active.php HTTP/1.1" 301 1026 "-" "-"
2001:288:a201::66:125 - - [17/Aug/2026:10:46:25 +0800] "GET /blog/active.php HTTP/1.1" 404 1084 "-" "-"
140.111.67.195 - - [17/Aug/2026:10:46:25 +0800] "GET /wp-admin/admin-post.php?action=steps_ad HTTP/1.1" 200 1649 "-" "node-fetch/1.0 (+https://github.com/bitinn/node-fetch)"
59.125.125.181 - - [17/Aug/2026:10:46:26 +0800] "-" 408 339 "-" "-"
52.167.144.220 - - [17/Aug/2026:10:46:26 +0800] "GET /?s=%E4%B8%AD%E7%A7%8B%E9%80%A3%E5%81%87 HTTP/1.1" 200 20469 "-" "Mozilla/5.0 AppleWebKit/537.36 (KHTML, like Gecko; compatible; bingbot/2.0; +http://www.bing.com/bingbot.htm) Chrome/116.0.1938.76 Safari/537.36"
2001:288:a254:1:4bf5:9c0a:f9d1:81f8 - - [17/Aug/2026:10:46:27 +0800] "GET / HTTP/1.1" 200 31593 "https://www.bing.com/" "Mozilla/5.0 (Windows NT 10.0; Win64; x64) AppleWebKit/537.36 (KHTML, like Gecko) Chrome/151.0.0.0 Safari/537.36 Edg/151.0.0.0"
2001:288:a254:1:4bf5:9c0a:f9d1:81f8 - - [17/Aug/2026:10:46:27 +0800] "GET /wp-content/uploads/sites/3846/elementor/css/post-19.css HTTP/1.1" 304 790 "https://www.ilc.edu.tw/" "Mozilla/5.0 (Windows NT 10.0; Win64; x64) AppleWebKit/537.36 (KHTML, like Gecko) Chrome/151.0.0.0 Safari/537.36 Edg/151.0.0.0"
2001:288:a254:1:4bf5:9c0a:f9d1:81f8 - - [17/Aug/2026:10:46:27 +0800] "GET /wp-content/uploads/sites/3846/2026/05/05bfd164-030e-448f-b83b-37c7dcb01eec.png HTTP/1.1" 304 790 "https://www.ilc.edu.tw/" "Mozilla/5.0 (Windows NT 10.0; Win64; x64) AppleWebKit/537.36 (KHTML, like Gecko) Chrome/151.0.0.0 Safari/537.36 Edg/151.0.0.0"
2001:288:a254:1:4bf5:9c0a:f9d1:81f8 - - [17/Aug/2026:10:46:27 +0800] "GET /wp-content/uploads/sites/3846/2026/08/%E8%BE%B2%E6%A5%AD%E9%83%A8%E5%BB%A3%E5%91%8A.jpg HTTP/1.1" 304 790 "https://www.ilc.edu.tw/" "Mozilla/5.0 (Windows NT 10.0; Win64; x64) AppleWebKit/537.36 (KHTML, like Gecko) Chrome/151.0.0.0 Safari/537.36 Edg/151.0.0.0"
2001:288:a254:1:4bf5:9c0a:f9d1:81f8 - - [17/Aug/2026:10:46:27 +0800] "GET /wp-content/uploads/sites/3846/2026/06/%E5%AE%A3%E5%82%B3%E5%9C%96%E7%89%87.png HTTP/1.1" 304 5581 "https://www.ilc.edu.tw/" "Mozilla/5.0 (Windows NT 10.0; Win64; x64) AppleWebKit/537.36 (KHTML, like Gecko) Chrome/151.0.0.0 Safari/537.36 Edg/151.0.0.0"
2001:288:a254:1:4bf5:9c0a:f9d1:81f8 - - [17/Aug/2026:10:46:27 +0800] "GET /wp-content/uploads/sites/3846/2026/05/%E8%9E%A2%E5%B9%95%E6%93%B7%E5%8F%96%E7%95%AB%E9%9D%A2-2026-05-07-100749.png HTTP/1.1" 304 790 "https://www.ilc.edu.tw/" "Mozilla/5.0 (Windows NT 10.0; Win64; x64) AppleWebKit/537.36 (KHTML, like Gecko) Chrome/151.0.0.0 Safari/537.36 Edg/151.0.0.0"
140.111.67.195 - - [17/Aug/2026:10:46:27 +0800] "GET /wp-admin/admin-post.php?action=steps_ad HTTP/1.1" 200 1649 "-" "node-fetch/1.0 (+https://github.com/bitinn/node-fetch)"
2001:288:a250:1:f152:d38b:775f:8fe1 - - [17/Aug/2026:10:46:27 +0800] "GET /wp-content/uploads/sites/3846/2026/06/%E5%AE%A3%E5%82%B3%E5%9C%96%E7%89%87.png HTTP/1.1" 304 5581 "https://it.ilc.edu.tw/" "Mozilla/5.0 (Windows NT 10.0; Win64; x64) AppleWebKit/537.36 (KHTML, like Gecko) Chrome/151.0.0.0 Safari/537.36"
2001:288:a250:1:f152:d38b:775f:8fe1 - - [17/Aug/2026:10:46:27 +0800] "GET /wp-content/uploads/sites/3846/2026/08/%E8%BE%B2%E6%A5%AD%E9%83%A8%E5%BB%A3%E5%91%8A.jpg HTTP/1.1" 304 5581 "https://it.ilc.edu.tw/" "Mozilla/5.0 (Windows NT 10.0; Win64; x64) AppleWebKit/537.36 (KHTML, like Gecko) Chrome/151.0.0.0 Safari/537.36"
2001:288:a250:1:f152:d38b:775f:8fe1 - - [17/Aug/2026:10:46:27 +0800] "GET /wp-content/uploads/sites/3846/2026/06/2026%E5%AE%9C%E8%98%AD%E7%98%8B%E5%AD%B8%E7%BF%92-%E6%9A%91%E5%81%87_%E6%95%99%E8%82%B2%E8%99%95%E9%A6%96%E9%A0%81-1440-x-1080-%E5%83%8F%E7%B4%A0.png HTTP/1.1" 304 5581 "https://it.ilc.edu.tw/" "Mozilla/5.0 (Windows NT 10.0; Win64; x64) AppleWebKit/537.36 (KHTML, like Gecko) Chrome/151.0.0.0 Safari/537.36"
140.111.67.195 - - [17/Aug/2026:10:46:27 +0800] "GET /wp-admin/admin-post.php?action=steps_ad HTTP/1.1" 200 1649 "-" "node-fetch/1.0 (+https://github.com/bitinn/node-fetch)"
66.249.82.237 - - [17/Aug/2026:10:46:29 +0800] "GET /.well-known/traffic-advice HTTP/1.1" 404 94106 "-" "Chrome Privacy Preserving Prefetch Proxy"
140.111.67.10 - - [17/Aug/2026:10:46:30 +0800] "GET /" 301 273 "-" "-"
140.111.67.195 - - [17/Aug/2026:10:46:29 +0800] "GET /wp-admin/admin-post.php?action=steps_ad HTTP/1.1" 200 1649 "-" "node-fetch/1.0 (+https://github.com/bitinn/node-fetch)"
2001:288:a201::66:125 - - [17/Aug/2026:10:46:30 +0800] "GET /blog/active.php HTTP/1.1" 301 1026 "-" "-"
2001:288:a201::66:125 - - [17/Aug/2026:10:46:30 +0800] "GET /blog/active.php HTTP/1.1" 404 1084 "-" "-"
140.111.67.195 - - [17/Aug/2026:10:46:32 +0800] "GET /wp-admin/admin-post.php?action=steps_ad HTTP/1.1" 200 1649 "-" "node-fetch/1.0 (+https://github.com/bitinn/node-fetch)"
49.159.180.103 - - [17/Aug/2026:10:46:33 +0800] "-" 408 4803 "-" "-"
140.111.67.195 - - [17/Aug/2026:10:46:33 +0800] "GET /wp-admin/admin-post.php?action=steps_ad HTTP/1.1" 200 1649 "-" "node-fetch/1.0 (+https://github.com/bitinn/node-fetch)"
140.111.191.141 - - [17/Aug/2026:10:46:33 +0800] "POST /yceec/wp-admin/admin-ajax.php HTTP/1.1" 200 5916 "https://2blog.ilc.edu.tw/yceec/wp-admin/" "Mozilla/5.0 (Windows NT 10.0; Win64; x64) AppleWebKit/537.36 (KHTML, like Gecko) Chrome/151.0.0.0 Safari/537.36"
::1 - - [17/Aug/2026:10:46:34 +0800] "OPTIONS * HTTP/1.0" 200 110 "-" "Apache/2.4.68 (Ubuntu) OpenSSL/3.0.19 (internal dummy connection)"
140.111.191.141 - - [17/Aug/2026:10:46:33 +0800] "GET /yceec/wp-admin/edit.php HTTP/1.1" 200 46682 "-" "Mozilla/5.0 (Windows NT 10.0; Win64; x64) AppleWebKit/537.36 (KHTML, like Gecko) Chrome/151.0.0.0 Safari/537.36"
140.111.191.141 - - [17/Aug/2026:10:46:34 +0800] "GET /yceec/wp-includes/js/jquery/ui/autocomplete.min.js HTTP/1.1" 200 3785 "https://2blog.ilc.edu.tw/yceec/wp-admin/edit.php" "Mozilla/5.0 (Windows NT 10.0; Win64; x64) AppleWebKit/537.36 (KHTML, like Gecko) Chrome/151.0.0.0 Safari/537.36"
140.111.191.141 - - [17/Aug/2026:10:46:34 +0800] "GET /yceec/wp-includes/js/jquery/ui/menu.min.js HTTP/1.1" 200 3938 "https://2blog.ilc.edu.tw/yceec/wp-admin/edit.php" "Mozilla/5.0 (Windows NT 10.0; Win64; x64) AppleWebKit/537.36 (KHTML, like Gecko) Chrome/151.0.0.0 Safari/537.36"
140.111.191.141 - - [17/Aug/2026:10:46:34 +0800] "GET /yceec/wp-admin/js/tags-suggest.min.js HTTP/1.1" 200 1965 "https://2blog.ilc.edu.tw/yceec/wp-admin/edit.php" "Mozilla/5.0 (Windows NT 10.0; Win64; x64) AppleWebKit/537.36 (KHTML, like Gecko) Chrome/151.0.0.0 Safari/537.36"
140.111.191.141 - - [17/Aug/2026:10:46:34 +0800] "GET /yceec/wp-admin/js/inline-edit-post.min.js HTTP/1.1" 200 4144 "https://2blog.ilc.edu.tw/yceec/wp-admin/edit.php" "Mozilla/5.0 (Windows NT 10.0; Win64; x64) AppleWebKit/537.36 (KHTML, like Gecko) Chrome/151.0.0.0 Safari/537.36"
140.111.67.10 - - [17/Aug/2026:10:46:35 +0800] "GET /" 301 273 "-" "-"
114.32.246.242 - - [17/Aug/2026:10:46:35 +0800] "POST /yilankindergartentest/wp-admin/admin-ajax.php HTTP/1.1" 200 1514 "https://2blog.ilc.edu.tw/yilankindergartentest/wp-admin/post-new.php" "Mozilla/5.0 (Windows NT 10.0; Win64; x64) AppleWebKit/537.36 (KHTML, like Gecko) Chrome/151.0.0.0 Safari/537.36"
140.111.191.141 - - [17/Aug/2026:10:46:35 +0800] "POST /yceec/wp-admin/admin-ajax.php HTTP/1.1" 200 1120 "https://2blog.ilc.edu.tw/yceec/wp-admin/edit.php" "Mozilla/5.0 (Windows NT 10.0; Win64; x64) AppleWebKit/537.36 (KHTML, like Gecko) Chrome/151.0.0.0 Safari/537.36"
2001:288:a201::66:125 - - [17/Aug/2026:10:46:35 +0800] "GET /blog/active.php HTTP/1.1" 301 1026 "-" "-"
2001:288:a201::66:125 - - [17/Aug/2026:10:46:35 +0800] "GET /blog/active.php HTTP/1.1" 404 1084 "-" "-"
140.111.67.10 - - [17/Aug/2026:10:46:40 +0800] "GET /" 301 273 "-" "-"
140.134.76.102 - - [17/Aug/2026:10:46:40 +0800] "GET /dashen/wp-content/uploads/sites/485/2022/08/LINE02-768x502.jpg HTTP/1.1" 200 51456 "https://2blog.ilc.edu.tw/dashen/%E8%A6%AA%E5%B8%AB%E4%BA%92%E5%8B%95%E5%A5%BD%E7%9C%81%E4%BA%8B%E2%94%80line-%E5%AE%98%E6%96%B9%E5%B8%B3%E8%99%9F%E9%80%B2%E9%9A%8E%E7%89%88/" "Mozilla/5.0 (Windows NT 10.0; Win64; x64) AppleWebKit/537.36 (KHTML, like Gecko) Chrome/151.0.0.0 Safari/537.36"
140.111.67.195 - - [17/Aug/2026:10:46:40 +0800] "GET /wp-admin/admin-post.php?action=steps_ad HTTP/1.1" 200 1973 "-" "node-fetch/1.0 (+https://github.com/bitinn/node-fetch)"
140.134.76.102 - - [17/Aug/2026:10:46:40 +0800] "GET /dashen/wp-content/uploads/sites/485/2022/08/LINE%E4%B8%BB%E9%A0%81%E5%9C%96%E7%A4%BA640-1024x438.jpg HTTP/1.1" 200 53522 "https://2blog.ilc.edu.tw/dashen/%E8%A6%AA%E5%B8%AB%E4%BA%92%E5%8B%95%E5%A5%BD%E7%9C%81%E4%BA%8B%E2%94%80line-%E5%AE%98%E6%96%B9%E5%B8%B3%E8%99%9F%E9%80%B2%E9%9A%8E%E7%89%88/" "Mozilla/5.0 (Windows NT 10.0; Win64; x64) AppleWebKit/537.36 (KHTML, like Gecko) Chrome/151.0.0.0 Safari/537.36"
2001:288:a201::66:125 - - [17/Aug/2026:10:46:40 +0800] "GET /blog/active.php HTTP/1.1" 404 1084 "-" "-"
2001:288:a201::66:125 - - [17/Aug/2026:10:46:40 +0800] "GET /blog/active.php HTTP/1.1" 301 1026 "-" "-"
2402:7500:578:e0b2:405e:6fff:fe7c:884b - - [17/Aug/2026:10:46:41 +0800] "-" 408 339 "-" "-"
2402:7500:578:e0b2:405e:6fff:fe7c:884b - - [17/Aug/2026:10:46:41 +0800] "-" 408 339 "-" "-"
140.111.67.195 - - [17/Aug/2026:10:46:42 +0800] "GET /wp-admin/admin-post.php?action=steps_ad HTTP/1.1" 200 1649 "-" "node-fetch/1.0 (+https://github.com/bitinn/node-fetch)"
140.111.67.195 - - [17/Aug/2026:10:46:42 +0800] "GET /wp-admin/admin-post.php?action=steps_ad HTTP/1.1" 200 1649 "-" "node-fetch/1.0 (+https://github.com/bitinn/node-fetch)"
140.134.76.102 - - [17/Aug/2026:10:46:43 +0800] "GET /dashen/wp-content/uploads/sites/485/2022/08/LINE%E4%B8%BB%E5%9C%96-768x590.jpg HTTP/1.1" 200 47237 "https://2blog.ilc.edu.tw/dashen/%E8%A6%AA%E5%B8%AB%E4%BA%92%E5%8B%95%E5%A5%BD%E7%9C%81%E4%BA%8B%E2%94%80line-%E5%AE%98%E6%96%B9%E5%B8%B3%E8%99%9F%E9%80%B2%E9%9A%8E%E7%89%88/" "Mozilla/5.0 (Windows NT 10.0; Win64; x64) AppleWebKit/537.36 (KHTML, like Gecko) Chrome/151.0.0.0 Safari/537.36"
52.167.144.228 - - [17/Aug/2026:10:46:43 +0800] "GET /6554/2018/10/29/107_2-2-4_%E7%B6%A0%E8%89%B2%E5%8D%9A%E8%A6%BD%E6%9C%83%E6%9A%A8%E5%88%A9%E6%BE%A4%E7%84%9A%E5%8C%96%E5%BB%A0%E5%AD%B8%E7%BF%92%E5%96%AE-1/ HTTP/1.1" 200 16749 "-" "Mozilla/5.0 AppleWebKit/537.36 (KHTML, like Gecko; compatible; bingbot/2.0; +http://www.bing.com/bingbot.htm) Chrome/116.0.1938.76 Safari/537.36"
2001:288:a27a:1:6ddc:2a4b:ac26:cde2 - - [17/Aug/2026:10:46:42 +0800] "POST /namt/wp-admin/admin-ajax.php HTTP/1.1" 200 1459 "https://2blog.ilc.edu.tw/namt/wp-admin/user-new.php?user_id=1731" "Mozilla/5.0 (Windows NT 10.0; Win64; x64) AppleWebKit/537.36 (KHTML, like Gecko) Chrome/151.0.0.0 Safari/537.36"
140.111.67.10 - - [17/Aug/2026:10:46:45 +0800] "GET /" 301 273 "-" "-"
140.134.76.102 - - [17/Aug/2026:10:46:45 +0800] "GET /dashen/wp-content/uploads/sites/485/2022/08/%E8%A8%8A%E6%81%AF%E7%B8%BD%E8%A1%A8.jpg HTTP/1.1" 200 25186 "https://2blog.ilc.edu.tw/dashen/%E8%A6%AA%E5%B8%AB%E4%BA%92%E5%8B%95%E5%A5%BD%E7%9C%81%E4%BA%8B%E2%94%80line-%E5%AE%98%E6%96%B9%E5%B8%B3%E8%99%9F%E9%80%B2%E9%9A%8E%E7%89%88/" "Mozilla/5.0 (Windows NT 10.0; Win64; x64) AppleWebKit/537.36 (KHTML, like Gecko) Chrome/151.0.0.0 Safari/537.36"
52.167.144.228 - - [17/Aug/2026:10:46:45 +0800] "GET /6569/2013/11/30/%E7%AF%80%E8%83%BD%E6%B8%9B%E7%A2%B3%E6%8E%A8%E5%8B%95%E6%83%85%E5%BD%A2/ HTTP/1.1" 200 10809 "-" "Mozilla/5.0 AppleWebKit/537.36 (KHTML, like Gecko; compatible; bingbot/2.0; +http://www.bing.com/bingbot.htm) Chrome/116.0.1938.76 Safari/537.36"
120.101.197.98 - - [17/Aug/2026:10:46:45 +0800] "GET / HTTP/1.1" 200 29750 "-" "Mozilla/5.0 (Windows NT 10.0; Win64; x64) AppleWebKit/537.36 (KHTML, like Gecko) Chrome/151.0.0.0 Safari/537.36"
140.111.67.195 - - [17/Aug/2026:10:46:45 +0800] "GET /wp-admin/admin-post.php?action=steps_ad HTTP/1.1" 200 1649 "-" "node-fetch/1.0 (+https://github.com/bitinn/node-fetch)"
2001:288:a201::66:125 - - [17/Aug/2026:10:46:45 +0800] "GET /blog/active.php HTTP/1.1" 301 1026 "-" "-"
2001:288:a201::66:125 - - [17/Aug/2026:10:46:45 +0800] "GET /blog/active.php HTTP/1.1" 404 1084 "-" "-"
120.101.197.98 - - [17/Aug/2026:10:46:45 +0800] "GET /wp-content/cache/www.fsjh.ilc.edu.tw/wpfc-minified/k1jimmmj/6wah.css HTTP/1.1" 200 40894 "https://www.fsjh.ilc.edu.tw/" "Mozilla/5.0 (Windows NT 10.0; Win64; x64) AppleWebKit/537.36 (KHTML, like Gecko) Chrome/151.0.0.0 Safari/537.36"
120.101.197.98 - - [17/Aug/2026:10:46:45 +0800] "GET /wp-content/cache/www.fsjh.ilc.edu.tw/wpfc-minified/qkv37ig4/6wah.css HTTP/1.1" 200 1161 "https://www.fsjh.ilc.edu.tw/" "Mozilla/5.0 (Windows NT 10.0; Win64; x64) AppleWebKit/537.36 (KHTML, like Gecko) Chrome/151.0.0.0 Safari/537.36"
120.101.197.98 - - [17/Aug/2026:10:46:45 +0800] "GET /wp-content/cache/www.fsjh.ilc.edu.tw/wpfc-minified/6klmbkv7/6wah.css HTTP/1.1" 200 28117 "https://www.fsjh.ilc.edu.tw/" "Mozilla/5.0 (Windows NT 10.0; Win64; x64) AppleWebKit/537.36 (KHTML, like Gecko) Chrome/151.0.0.0 Safari/537.36"
120.101.197.98 - - [17/Aug/2026:10:46:45 +0800] "GET /wp-content/uploads/sites/2666/elementor/css/post-81.css HTTP/1.1" 200 1321 "https://www.fsjh.ilc.edu.tw/" "Mozilla/5.0 (Windows NT 10.0; Win64; x64) AppleWebKit/537.36 (KHTML, like Gecko) Chrome/151.0.0.0 Safari/537.36"
120.101.197.98 - - [17/Aug/2026:10:46:45 +0800] "GET /wp-content/uploads/sites/2666/elementor/css/post-103.css HTTP/1.1" 200 5806 "https://www.fsjh.ilc.edu.tw/" "Mozilla/5.0 (Windows NT 10.0; Win64; x64) AppleWebKit/537.36 (KHTML, like Gecko) Chrome/151.0.0.0 Safari/537.36"
120.101.197.98 - - [17/Aug/2026:10:46:45 +0800] "GET /wp-content/cache/www.fsjh.ilc.edu.tw/wpfc-minified/dj5cq5sf/6wah.css HTTP/1.1" 200 12507 "https://www.fsjh.ilc.edu.tw/" "Mozilla/5.0 (Windows NT 10.0; Win64; x64) AppleWebKit/537.36 (KHTML, like Gecko) Chrome/151.0.0.0 Safari/537.36"
120.101.197.98 - - [17/Aug/2026:10:46:45 +0800] "GET /wp-content/cache/www.fsjh.ilc.edu.tw/wpfc-minified/qa4zgiv7/6wah.css HTTP/1.1" 200 5940 "https://www.fsjh.ilc.edu.tw/" "Mozilla/5.0 (Windows NT 10.0; Win64; x64) AppleWebKit/537.36 (KHTML, like Gecko) Chrome/151.0.0.0 Safari/537.36"
120.101.197.98 - - [17/Aug/2026:10:46:45 +0800] "GET /wp-content/cache/www.fsjh.ilc.edu.tw/wpfc-minified/lco27ft0/6wah.js HTTP/1.1" 200 3453 "https://www.fsjh.ilc.edu.tw/" "Mozilla/5.0 (Windows NT 10.0; Win64; x64) AppleWebKit/537.36 (KHTML, like Gecko) Chrome/151.0.0.0 Safari/537.36"
120.101.197.98 - - [17/Aug/2026:10:46:45 +0800] "GET /wp-content/cache/www.fsjh.ilc.edu.tw/wpfc-minified/6ke5b2m4/6wah.css HTTP/1.1" 200 52105 "https://www.fsjh.ilc.edu.tw/" "Mozilla/5.0 (Windows NT 10.0; Win64; x64) AppleWebKit/537.36 (KHTML, like Gecko) Chrome/151.0.0.0 Safari/537.36"
120.101.197.98 - - [17/Aug/2026:10:46:45 +0800] "GET /wp-content/cache/www.fsjh.ilc.edu.tw/wpfc-minified/lm0klrml/6wah.css HTTP/1.1" 200 88788 "https://www.fsjh.ilc.edu.tw/" "Mozilla/5.0 (Windows NT 10.0; Win64; x64) AppleWebKit/537.36 (KHTML, like Gecko) Chrome/151.0.0.0 Safari/537.36"
120.101.197.98 - - [17/Aug/2026:10:46:45 +0800] "GET /wp-content/cache/www.fsjh.ilc.edu.tw/wpfc-minified/7z76wlqj/6wah.js HTTP/1.1" 200 35559 "https://www.fsjh.ilc.edu.tw/" "Mozilla/5.0 (Windows NT 10.0; Win64; x64) AppleWebKit/537.36 (KHTML, like Gecko) Chrome/151.0.0.0 Safari/537.36"
120.101.197.98 - - [17/Aug/2026:10:46:45 +0800] "GET /wp-content/uploads/sites/2666/2020/10/cropped-040628%E5%BE%A9%E8%88%88%E5%9C%8B%E4%B8%ADlogo-only-FSblue-2.gif HTTP/1.1" 200 11341 "https://www.fsjh.ilc.edu.tw/" "Mozilla/5.0 (Windows NT 10.0; Win64; x64) AppleWebKit/537.36 (KHTML, like Gecko) Chrome/151.0.0.0 Safari/537.36"
120.101.197.98 - - [17/Aug/2026:10:46:45 +0800] "GET /wp-includes/js/hoverintent-js.min.js HTTP/1.1" 200 1597 "https://www.fsjh.ilc.edu.tw/" "Mozilla/5.0 (Windows NT 10.0; Win64; x64) AppleWebKit/537.36 (KHTML, like Gecko) Chrome/151.0.0.0 Safari/537.36"
120.101.197.98 - - [17/Aug/2026:10:46:45 +0800] "GET /wp-includes/js/admin-bar.min.js HTTP/1.1" 200 2237 "https://www.fsjh.ilc.edu.tw/" "Mozilla/5.0 (Windows NT 10.0; Win64; x64) AppleWebKit/537.36 (KHTML, like Gecko) Chrome/151.0.0.0 Safari/537.36"
120.101.197.98 - - [17/Aug/2026:10:46:45 +0800] "GET /wp-includes/js/imagesloaded.min.js HTTP/1.1" 200 2683 "https://www.fsjh.ilc.edu.tw/" "Mozilla/5.0 (Windows NT 10.0; Win64; x64) AppleWebKit/537.36 (KHTML, like Gecko) Chrome/151.0.0.0 Safari/537.36"
120.101.197.98 - - [17/Aug/2026:10:46:45 +0800] "GET /wp-content/themes/oceanwp/assets/js/theme.min.js HTTP/1.1" 200 5130 "https://www.fsjh.ilc.edu.tw/" "Mozilla/5.0 (Windows NT 10.0; Win64; x64) AppleWebKit/537.36 (KHTML, like Gecko) Chrome/151.0.0.0 Safari/537.36"
120.101.197.98 - - [17/Aug/2026:10:46:45 +0800] "GET /wp-content/themes/oceanwp/assets/js/full-screen-mobile-menu.min.js HTTP/1.1" 200 4638 "https://www.fsjh.ilc.edu.tw/" "Mozilla/5.0 (Windows NT 10.0; Win64; x64) AppleWebKit/537.36 (KHTML, like Gecko) Chrome/151.0.0.0 Safari/537.36"
120.101.197.98 - - [17/Aug/2026:10:46:45 +0800] "GET /wp-content/themes/oceanwp/assets/js/drop-down-search.min.js HTTP/1.1" 200 2968 "https://www.fsjh.ilc.edu.tw/" "Mozilla/5.0 (Windows NT 10.0; Win64; x64) AppleWebKit/537.36 (KHTML, like Gecko) Chrome/151.0.0.0 Safari/537.36"
120.101.197.98 - - [17/Aug/2026:10:46:45 +0800] "GET /wp-content/themes/oceanwp/assets/js/vendors/magnific-popup.min.js HTTP/1.1" 200 8270 "https://www.fsjh.ilc.edu.tw/" "Mozilla/5.0 (Windows NT 10.0; Win64; x64) AppleWebKit/537.36 (KHTML, like Gecko) Chrome/151.0.0.0 Safari/537.36"
120.101.197.98 - - [17/Aug/2026:10:46:45 +0800] "GET /wp-content/themes/oceanwp/assets/js/ow-lightbox.min.js HTTP/1.1" 200 2321 "https://www.fsjh.ilc.edu.tw/" "Mozilla/5.0 (Windows NT 10.0; Win64; x64) AppleWebKit/537.36 (KHTML, like Gecko) Chrome/151.0.0.0 Safari/537.36"
120.101.197.98 - - [17/Aug/2026:10:46:45 +0800] "GET /wp-content/themes/oceanwp/assets/js/ow-slider.min.js HTTP/1.1" 200 1761 "https://www.fsjh.ilc.edu.tw/" "Mozilla/5.0 (Windows NT 10.0; Win64; x64) AppleWebKit/537.36 (KHTML, like Gecko) Chrome/151.0.0.0 Safari/537.36"
120.101.197.98 - - [17/Aug/2026:10:46:45 +0800] "GET /wp-content/themes/oceanwp/assets/js/vendors/flickity.pkgd.min.js HTTP/1.1" 200 15048 "https://www.fsjh.ilc.edu.tw/" "Mozilla/5.0 (Windows NT 10.0; Win64; x64) AppleWebKit/537.36 (KHTML, like Gecko) Chrome/151.0.0.0 Safari/537.36"
120.101.197.98 - - [17/Aug/2026:10:46:45 +0800] "GET /wp-content/themes/oceanwp/assets/js/scroll-effect.min.js HTTP/1.1" 200 4127 "https://www.fsjh.ilc.edu.tw/" "Mozilla/5.0 (Windows NT 10.0; Win64; x64) AppleWebKit/537.36 (KHTML, like Gecko) Chrome/151.0.0.0 Safari/537.36"
120.101.197.98 - - [17/Aug/2026:10:46:45 +0800] "GET /wp-content/themes/oceanwp/assets/js/scroll-top.min.js HTTP/1.1" 200 3202 "https://www.fsjh.ilc.edu.tw/" "Mozilla/5.0 (Windows NT 10.0; Win64; x64) AppleWebKit/537.36 (KHTML, like Gecko) Chrome/151.0.0.0 Safari/537.36"
120.101.197.98 - - [17/Aug/2026:10:46:45 +0800] "GET /wp-content/themes/oceanwp/assets/js/select.min.js HTTP/1.1" 200 2408 "https://www.fsjh.ilc.edu.tw/" "Mozilla/5.0 (Windows NT 10.0; Win64; x64) AppleWebKit/537.36 (KHTML, like Gecko) Chrome/151.0.0.0 Safari/537.36"
120.101.197.98 - - [17/Aug/2026:10:46:45 +0800] "GET /wp-content/plugins/ocean-extra/includes/widgets/js/flickr.min.js HTTP/1.1" 200 1319 "https://www.fsjh.ilc.edu.tw/" "Mozilla/5.0 (Windows NT 10.0; Win64; x64) AppleWebKit/537.36 (KHTML, like Gecko) Chrome/151.0.0.0 Safari/537.36"
120.101.197.98 - - [17/Aug/2026:10:46:45 +0800] "GET /wp-content/plugins/elementor-pro/assets/js/webpack-pro.runtime.min.js HTTP/1.1" 200 3562 "https://www.fsjh.ilc.edu.tw/" "Mozilla/5.0 (Windows NT 10.0; Win64; x64) AppleWebKit/537.36 (KHTML, like Gecko) Chrome/151.0.0.0 Safari/537.36"
120.101.197.98 - - [17/Aug/2026:10:46:45 +0800] "GET /wp-content/plugins/elementor/assets/js/webpack.runtime.min.js HTTP/1.1" 200 3095 "https://www.fsjh.ilc.edu.tw/" "Mozilla/5.0 (Windows NT 10.0; Win64; x64) AppleWebKit/537.36 (KHTML, like Gecko) Chrome/151.0.0.0 Safari/537.36"
120.101.197.98 - - [17/Aug/2026:10:46:45 +0800] "GET /wp-content/plugins/elementor/assets/js/frontend-modules.min.js HTTP/1.1" 200 19416 "https://www.fsjh.ilc.edu.tw/" "Mozilla/5.0 (Windows NT 10.0; Win64; x64) AppleWebKit/537.36 (KHTML, like Gecko) Chrome/151.0.0.0 Safari/537.36"
120.101.197.98 - - [17/Aug/2026:10:46:45 +0800] "GET /wp-includes/js/dist/hooks.min.js HTTP/1.1" 200 2421 "https://www.fsjh.ilc.edu.tw/" "Mozilla/5.0 (Windows NT 10.0; Win64; x64) AppleWebKit/537.36 (KHTML, like Gecko) Chrome/151.0.0.0 Safari/537.36"
120.101.197.98 - - [17/Aug/2026:10:46:45 +0800] "GET /wp-includes/js/dist/i18n.min.js HTTP/1.1" 200 4547 "https://www.fsjh.ilc.edu.tw/" "Mozilla/5.0 (Windows NT 10.0; Win64; x64) AppleWebKit/537.36 (KHTML, like Gecko) Chrome/151.0.0.0 Safari/537.36"
120.101.197.98 - - [17/Aug/2026:10:46:45 +0800] "GET /wp-content/plugins/elementor-pro/assets/js/frontend.min.js HTTP/1.1" 200 7574 "https://www.fsjh.ilc.edu.tw/" "Mozilla/5.0 (Windows NT 10.0; Win64; x64) AppleWebKit/537.36 (KHTML, like Gecko) Chrome/151.0.0.0 Safari/537.36"
120.101.197.98 - - [17/Aug/2026:10:46:45 +0800] "GET /wp-content/plugins/elementor/assets/lib/waypoints/waypoints.min.js HTTP/1.1" 200 3873 "https://www.fsjh.ilc.edu.tw/" "Mozilla/5.0 (Windows NT 10.0; Win64; x64) AppleWebKit/537.36 (KHTML, like Gecko) Chrome/151.0.0.0 Safari/537.36"
120.101.197.98 - - [17/Aug/2026:10:46:45 +0800] "GET /wp-includes/js/jquery/ui/core.min.js HTTP/1.1" 200 7986 "https://www.fsjh.ilc.edu.tw/" "Mozilla/5.0 (Windows NT 10.0; Win64; x64) AppleWebKit/537.36 (KHTML, like Gecko) Chrome/151.0.0.0 Safari/537.36"
120.101.197.98 - - [17/Aug/2026:10:46:45 +0800] "GET /wp-content/plugins/elementor/assets/js/frontend.min.js HTTP/1.1" 200 13169 "https://www.fsjh.ilc.edu.tw/" "Mozilla/5.0 (Windows NT 10.0; Win64; x64) AppleWebKit/537.36 (KHTML, like Gecko) Chrome/151.0.0.0 Safari/537.36"
120.101.197.98 - - [17/Aug/2026:10:46:45 +0800] "GET /wp-content/plugins/elementor-pro/assets/js/elements-handlers.min.js HTTP/1.1" 200 10882 "https://www.fsjh.ilc.edu.tw/" "Mozilla/5.0 (Windows NT 10.0; Win64; x64) AppleWebKit/537.36 (KHTML, like Gecko) Chrome/151.0.0.0 Safari/537.36"
52.167.144.238 - - [17/Aug/2026:10:46:45 +0800] "GET /women HTTP/1.1" 404 53500 "-" "Mozilla/5.0 AppleWebKit/537.36 (KHTML, like Gecko; compatible; bingbot/2.0; +http://www.bing.com/bingbot.htm) Chrome/116.0.1938.76 Safari/537.36"
120.101.197.98 - - [17/Aug/2026:10:46:46 +0800] "GET /wp-content/plugins/wp-dtree-30/dtree-img/join.gif HTTP/1.1" 200 894 "https://www.fsjh.ilc.edu.tw/" "Mozilla/5.0 (Windows NT 10.0; Win64; x64) AppleWebKit/537.36 (KHTML, like Gecko) Chrome/151.0.0.0 Safari/537.36"
120.101.197.98 - - [17/Aug/2026:10:46:46 +0800] "GET /wp-content/plugins/wp-dtree-30/dtree-img/joinbottom.gif HTTP/1.1" 200 891 "https://www.fsjh.ilc.edu.tw/" "Mozilla/5.0 (Windows NT 10.0; Win64; x64) AppleWebKit/537.36 (KHTML, like Gecko) Chrome/151.0.0.0 Safari/537.36"
120.101.197.98 - - [17/Aug/2026:10:46:46 +0800] "GET /wp-content/uploads/sites/2666/2021/04/bg18.gif HTTP/1.1" 200 4792 "https://www.fsjh.ilc.edu.tw/" "Mozilla/5.0 (Windows NT 10.0; Win64; x64) AppleWebKit/537.36 (KHTML, like Gecko) Chrome/151.0.0.0 Safari/537.36"
120.101.197.98 - - [17/Aug/2026:10:46:46 +0800] "GET /wp-content/uploads/sites/2666/2021/04/BLOG_Banner.jpg HTTP/1.1" 200 103266 "https://www.fsjh.ilc.edu.tw/" "Mozilla/5.0 (Windows NT 10.0; Win64; x64) AppleWebKit/537.36 (KHTML, like Gecko) Chrome/151.0.0.0 Safari/537.36"
120.101.197.98 - - [17/Aug/2026:10:46:46 +0800] "GET /wp-content/themes/oceanwp/assets/fonts/fontawesome/webfonts/fa-regular-400.woff2 HTTP/1.1" 200 25383 "https://www.fsjh.ilc.edu.tw/wp-content/cache/www.fsjh.ilc.edu.tw/wpfc-minified/lm0klrml/6wah.css" "Mozilla/5.0 (Windows NT 10.0; Win64; x64) AppleWebKit/537.36 (KHTML, like Gecko) Chrome/151.0.0.0 Safari/537.36"
2001:288:a254:1:4bf5:9c0a:f9d1:81f8 - - [17/Aug/2026:10:46:47 +0800] "-" 408 339 "-" "-"
140.111.67.195 - - [17/Aug/2026:10:46:47 +0800] "GET /wp-admin/admin-post.php?action=steps_ad HTTP/1.1" 200 1649 "-" "node-fetch/1.0 (+https://github.com/bitinn/node-fetch)"
140.111.67.195 - - [17/Aug/2026:10:46:48 +0800] "GET /wp-admin/admin-post.php?action=steps_ad HTTP/1.1" 200 1649 "-" "node-fetch/1.0 (+https://github.com/bitinn/node-fetch)"
140.111.67.10 - - [17/Aug/2026:10:46:50 +0800] "GET /" 301 273 "-" "-"
140.111.191.141 - - [17/Aug/2026:10:46:50 +0800] "POST /yceec/wp-admin/admin-ajax.php HTTP/1.1" 200 5916 "https://2blog.ilc.edu.tw/yceec/wp-admin/edit.php" "Mozilla/5.0 (Windows NT 10.0; Win64; x64) AppleWebKit/537.36 (KHTML, like Gecko) Chrome/151.0.0.0 Safari/537.36"
2001:288:a201::66:125 - - [17/Aug/2026:10:46:50 +0800] "GET /blog/active.php HTTP/1.1" 301 1026 "-" "-"
2001:288:a201::66:125 - - [17/Aug/2026:10:46:50 +0800] "GET /blog/active.php HTTP/1.1" 404 1084 "-" "-"
114.32.246.242 - - [17/Aug/2026:10:46:51 +0800] "POST /yilankindergartentest/wp-admin/admin-ajax.php HTTP/1.1" 200 1514 "https://2blog.ilc.edu.tw/yilankindergartentest/wp-admin/post-new.php" "Mozilla/5.0 (Windows NT 10.0; Win64; x64) AppleWebKit/537.36 (KHTML, like Gecko) Chrome/151.0.0.0 Safari/537.36"
2001:b400:e2a2:b857:715d:887e:845b:f7d4 - - [17/Aug/2026:10:46:52 +0800] "-" 408 339 "-" "-"
2001:288:a257:2:78ae:15ce:c450:dd18 - - [17/Aug/2026:10:46:52 +0800] "-" 408 4791 "-" "-"
2001:288:a202:0:cce5:266c:49f8:19a9 - - [17/Aug/2026:10:46:52 +0800] "GET /wp-content/uploads/sites/3846/2024/05/%E8%9E%A2%E5%B9%95%E6%93%B7%E5%8F%96%E7%95%AB%E9%9D%A2-2024-05-16-103456.png HTTP/1.1" 304 5581 "https://www.ilc.edu.tw/" "Mozilla/5.0 (Windows NT 10.0; Win64; x64) AppleWebKit/537.36 (KHTML, like Gecko) Chrome/151.0.0.0 Safari/537.36"
::1 - - [17/Aug/2026:10:46:53 +0800] "OPTIONS * HTTP/1.0" 200 110 "-" "Apache/2.4.68 (Ubuntu) OpenSSL/3.0.19 (internal dummy connection)"
52.167.144.158 - - [17/Aug/2026:10:46:53 +0800] "GET /6554/2020/10/30/%E4%BA%8C%E3%80%81%E6%95%99%E5%AD%B8%E8%88%87%E5%AE%A3%E5%B0%8E%E6%B4%BB%E5%8B%95-2/ HTTP/1.1" 200 16331 "-" "Mozilla/5.0 AppleWebKit/537.36 (KHTML, like Gecko; compatible; bingbot/2.0; +http://www.bing.com/bingbot.htm) Chrome/116.0.1938.76 Safari/537.36"
::1 - - [17/Aug/2026:10:46:54 +0800] "OPTIONS * HTTP/1.0" 200 110 "-" "Apache/2.4.68 (Ubuntu) OpenSSL/3.0.19 (internal dummy connection)"
140.111.67.195 - - [17/Aug/2026:10:46:54 +0800] "GET /wp-admin/admin-post.php?action=steps_ad HTTP/1.1" 200 1973 "-" "node-fetch/1.0 (+https://github.com/bitinn/node-fetch)"
140.111.67.10 - - [17/Aug/2026:10:46:55 +0800] "GET /" 301 273 "-" "-"
2001:288:a201::66:125 - - [17/Aug/2026:10:46:55 +0800] "GET /blog/active.php HTTP/1.1" 301 1026 "-" "-"
::1 - - [17/Aug/2026:10:46:55 +0800] "OPTIONS * HTTP/1.0" 200 110 "-" "Apache/2.4.68 (Ubuntu) OpenSSL/3.0.19 (internal dummy connection)"
2001:288:a201::66:125 - - [17/Aug/2026:10:46:55 +0800] "GET /blog/active.php HTTP/1.1" 404 1084 "-" "-"
2001:288:a22b:1:74b6:74fd:1186:8904 - - [17/Aug/2026:10:46:56 +0800] "-" 408 4791 "-" "-"
2001:4860:7:410::ed - - [17/Aug/2026:10:46:56 +0800] "GET /4061/ HTTP/1.1" 200 22783 "https://www.google.com/" "Mozilla/5.0 (Macintosh; Intel Mac OS X 10_15_7) AppleWebKit/537.36 (KHTML, like Gecko) Chrome/151.0.0.0 Safari/537.36"
::1 - - [17/Aug/2026:10:46:56 +0800] "OPTIONS * HTTP/1.0" 200 110 "-" "Apache/2.4.68 (Ubuntu) OpenSSL/3.0.19 (internal dummy connection)"
::1 - - [17/Aug/2026:10:46:57 +0800] "OPTIONS * HTTP/1.0" 200 110 "-" "Apache/2.4.68 (Ubuntu) OpenSSL/3.0.19 (internal dummy connection)"
2001:b011:7800:d68f:199e:4336:d32b:dfb9 - - [17/Aug/2026:10:46:58 +0800] "GET /fsjh/wp-content/uploads/sites/2666/2020/10/040628%E5%BE%A9%E8%88%88%E5%9C%8B%E4%B8%ADlogo-only-FSblue.gif HTTP/1.1" 200 16172 "https://www.fsjh.ilc.edu.tw/" "Mozilla/5.0 (Windows NT 10.0; Win64; x64) AppleWebKit/537.36 (KHTML, like Gecko) Chrome/151.0.0.0 Safari/537.36"
140.111.67.195 - - [17/Aug/2026:10:46:58 +0800] "GET /wp-admin/admin-post.php?action=steps_ad HTTP/1.1" 200 1649 "-" "node-fetch/1.0 (+https://github.com/bitinn/node-fetch)"
::1 - - [17/Aug/2026:10:46:58 +0800] "OPTIONS * HTTP/1.0" 200 110 "-" "Apache/2.4.68 (Ubuntu) OpenSSL/3.0.19 (internal dummy connection)"
::1 - - [17/Aug/2026:10:46:59 +0800] "OPTIONS * HTTP/1.0" 200 110 "-" "Apache/2.4.68 (Ubuntu) OpenSSL/3.0.19 (internal dummy connection)"
140.111.67.10 - - [17/Aug/2026:10:47:00 +0800] "GET /" 301 273 "-" "-"
2001:288:a201::66:125 - - [17/Aug/2026:10:47:00 +0800] "GET /blog/active.php HTTP/1.1" 301 1026 "-" "-"
2001:288:a201::66:125 - - [17/Aug/2026:10:47:00 +0800] "GET /blog/active.php HTTP/1.1" 404 1084 "-" "-"
::1 - - [17/Aug/2026:10:47:00 +0800] "OPTIONS * HTTP/1.0" 200 110 "-" "Apache/2.4.68 (Ubuntu) OpenSSL/3.0.19 (internal dummy connection)"
::1 - - [17/Aug/2026:10:47:01 +0800] "OPTIONS * HTTP/1.0" 200 110 "-" "Apache/2.4.68 (Ubuntu) OpenSSL/3.0.19 (internal dummy connection)"
::1 - - [17/Aug/2026:10:47:02 +0800] "OPTIONS * HTTP/1.0" 200 110 "-" "Apache/2.4.68 (Ubuntu) OpenSSL/3.0.19 (internal dummy connection)"
2402:7500:942:34cb:2158:db71:86ba:38d8 - - [17/Aug/2026:10:47:03 +0800] "-" 408 339 "-" "-"
2402:7500:942:34cb:2158:db71:86ba:38d8 - - [17/Aug/2026:10:47:03 +0800] "-" 408 339 "-" "-"
52.167.144.158 - - [17/Aug/2026:10:47:03 +0800] "GET /1003/?s=pHILIPPINE+fLAG+sUN HTTP/1.1" 200 13745 "-" "Mozilla/5.0 AppleWebKit/537.36 (KHTML, like Gecko; compatible; bingbot/2.0; +http://www.bing.com/bingbot.htm) Chrome/116.0.1938.76 Safari/537.36"
140.111.191.141 - - [17/Aug/2026:10:47:03 +0800] "GET /yceec/wp-admin/edit.php HTTP/1.1" 200 46682 "-" "Mozilla/5.0 (Windows NT 10.0; Win64; x64) AppleWebKit/537.36 (KHTML, like Gecko) Chrome/151.0.0.0 Safari/537.36"
140.111.191.141 - - [17/Aug/2026:10:47:04 +0800] "POST /yceec/wp-admin/admin-ajax.php HTTP/1.1" 200 1120 "https://2blog.ilc.edu.tw/yceec/wp-admin/edit.php" "Mozilla/5.0 (Windows NT 10.0; Win64; x64) AppleWebKit/537.36 (KHTML, like Gecko) Chrome/151.0.0.0 Safari/537.36"
140.134.76.102 - - [17/Aug/2026:10:47:04 +0800] "GET /dashen/%E8%A6%AA%E5%B8%AB%E5%90%88%E4%BD%9C%E5%A5%BD%E5%B7%A5%E5%85%B7%E2%94%80line-offical-account/ HTTP/1.1" 200 16327 "https://2blog.ilc.edu.tw/dashen/%E8%A6%AA%E5%B8%AB%E4%BA%92%E5%8B%95%E5%A5%BD%E7%9C%81%E4%BA%8B%E2%94%80line-%E5%AE%98%E6%96%B9%E5%B8%B3%E8%99%9F%E9%80%B2%E9%9A%8E%E7%89%88/" "Mozilla/5.0 (Windows NT 10.0; Win64; x64) AppleWebKit/537.36 (KHTML, like Gecko) Chrome/151.0.0.0 Safari/537.36"
140.134.76.102 - - [17/Aug/2026:10:47:04 +0800] "GET /dashen/wp-content/uploads/sites/485/2019/07/016.jpg HTTP/1.1" 200 54298 "https://2blog.ilc.edu.tw/dashen/%E8%A6%AA%E5%B8%AB%E5%90%88%E4%BD%9C%E5%A5%BD%E5%B7%A5%E5%85%B7%E2%94%80line-offical-account/" "Mozilla/5.0 (Windows NT 10.0; Win64; x64) AppleWebKit/537.36 (KHTML, like Gecko) Chrome/151.0.0.0 Safari/537.36"
140.134.76.102 - - [17/Aug/2026:10:47:04 +0800] "GET /dashen/wp-content/uploads/sites/485/2019/07/001-624x1024.jpg HTTP/1.1" 200 62409 "https://2blog.ilc.edu.tw/dashen/%E8%A6%AA%E5%B8%AB%E5%90%88%E4%BD%9C%E5%A5%BD%E5%B7%A5%E5%85%B7%E2%94%80line-offical-account/" "Mozilla/5.0 (Windows NT 10.0; Win64; x64) AppleWebKit/537.36 (KHTML, like Gecko) Chrome/151.0.0.0 Safari/537.36"
140.134.76.102 - - [17/Aug/2026:10:47:04 +0800] "GET /dashen/wp-content/uploads/sites/485/2019/07/003.jpg HTTP/1.1" 200 49021 "https://2blog.ilc.edu.tw/dashen/%E8%A6%AA%E5%B8%AB%E5%90%88%E4%BD%9C%E5%A5%BD%E5%B7%A5%E5%85%B7%E2%94%80line-offical-account/" "Mozilla/5.0 (Windows NT 10.0; Win64; x64) AppleWebKit/537.36 (KHTML, like Gecko) Chrome/151.0.0.0 Safari/537.36"
140.134.76.102 - - [17/Aug/2026:10:47:04 +0800] "GET /dashen/wp-content/uploads/sites/485/2019/07/002.jpg HTTP/1.1" 200 41650 "https://2blog.ilc.edu.tw/dashen/%E8%A6%AA%E5%B8%AB%E5%90%88%E4%BD%9C%E5%A5%BD%E5%B7%A5%E5%85%B7%E2%94%80line-offical-account/" "Mozilla/5.0 (Windows NT 10.0; Win64; x64) AppleWebKit/537.36 (KHTML, like Gecko) Chrome/151.0.0.0 Safari/537.36"
140.134.76.102 - - [17/Aug/2026:10:47:04 +0800] "POST /dashen/wp-json/ilc-summary/v1/popular-posts HTTP/1.1" 201 1272 "https://2blog.ilc.edu.tw/dashen/%E8%A6%AA%E5%B8%AB%E5%90%88%E4%BD%9C%E5%A5%BD%E5%B7%A5%E5%85%B7%E2%94%80line-offical-account/" "Mozilla/5.0 (Windows NT 10.0; Win64; x64) AppleWebKit/537.36 (KHTML, like Gecko) Chrome/151.0.0.0 Safari/537.36"
140.111.67.10 - - [17/Aug/2026:10:47:05 +0800] "GET /" 301 273 "-" "-"
2001:288:a201::66:125 - - [17/Aug/2026:10:47:05 +0800] "GET /blog/active.php HTTP/1.1" 301 1026 "-" "-"
2001:288:a201::66:125 - - [17/Aug/2026:10:47:05 +0800] "GET /blog/active.php HTTP/1.1" 404 1084 "-" "-"
140.134.76.102 - - [17/Aug/2026:10:47:06 +0800] "GET /dashen/wp-content/uploads/sites/485/2019/07/004-768x576.jpg HTTP/1.1" 200 33211 "https://2blog.ilc.edu.tw/dashen/%E8%A6%AA%E5%B8%AB%E5%90%88%E4%BD%9C%E5%A5%BD%E5%B7%A5%E5%85%B7%E2%94%80line-offical-account/" "Mozilla/5.0 (Windows NT 10.0; Win64; x64) AppleWebKit/537.36 (KHTML, like Gecko) Chrome/151.0.0.0 Safari/537.36"
140.134.76.102 - - [17/Aug/2026:10:47:06 +0800] "GET /dashen/wp-content/uploads/sites/485/2019/07/005.jpg HTTP/1.1" 200 58644 "https://2blog.ilc.edu.tw/dashen/%E8%A6%AA%E5%B8%AB%E5%90%88%E4%BD%9C%E5%A5%BD%E5%B7%A5%E5%85%B7%E2%94%80line-offical-account/" "Mozilla/5.0 (Windows NT 10.0; Win64; x64) AppleWebKit/537.36 (KHTML, like Gecko) Chrome/151.0.0.0 Safari/537.36"
140.134.76.102 - - [17/Aug/2026:10:47:06 +0800] "GET /dashen/wp-content/uploads/sites/485/2019/07/006.jpg HTTP/1.1" 200 56098 "https://2blog.ilc.edu.tw/dashen/%E8%A6%AA%E5%B8%AB%E5%90%88%E4%BD%9C%E5%A5%BD%E5%B7%A5%E5%85%B7%E2%94%80line-offical-account/" "Mozilla/5.0 (Windows NT 10.0; Win64; x64) AppleWebKit/537.36 (KHTML, like Gecko) Chrome/151.0.0.0 Safari/537.36"
114.32.246.242 - - [17/Aug/2026:10:47:07 +0800] "POST /yilankindergartentest/wp-admin/admin-ajax.php HTTP/1.1" 200 1514 "https://2blog.ilc.edu.tw/yilankindergartentest/wp-admin/post-new.php" "Mozilla/5.0 (Windows NT 10.0; Win64; x64) AppleWebKit/537.36 (KHTML, like Gecko) Chrome/151.0.0.0 Safari/537.36"
2402:7500:578:e0b2:405e:6fff:fe7c:884b - - [17/Aug/2026:10:47:09 +0800] "GET / HTTP/1.1" 200 12621 "https://www.google.com/" "Mozilla/5.0 (Linux; Android 10; K) AppleWebKit/537.36 (KHTML, like Gecko) Chrome/151.0.0.0 Mobile Safari/537.36"
140.111.67.10 - - [17/Aug/2026:10:47:10 +0800] "GET /" 301 273 "-" "-"
140.111.67.195 - - [17/Aug/2026:10:47:09 +0800] "GET /wp-admin/admin-post.php?action=steps_ad HTTP/1.1" 200 1973 "-" "node-fetch/1.0 (+https://github.com/bitinn/node-fetch)"
140.111.67.195 - - [17/Aug/2026:10:47:09 +0800] "GET /wp-admin/admin-post.php?action=steps_ad HTTP/1.1" 200 1973 "-" "node-fetch/1.0 (+https://github.com/bitinn/node-fetch)"
140.111.67.195 - - [17/Aug/2026:10:47:10 +0800] "GET /wp-admin/admin-post.php?action=steps_ad HTTP/1.1" 200 1649 "-" "node-fetch/1.0 (+https://github.com/bitinn/node-fetch)"
2001:288:a201::66:125 - - [17/Aug/2026:10:47:10 +0800] "GET /blog/active.php HTTP/1.1" 301 1026 "-" "-"
2001:288:a201::66:125 - - [17/Aug/2026:10:47:10 +0800] "GET /blog/active.php HTTP/1.1" 404 1084 "-" "-"
140.111.67.195 - - [17/Aug/2026:10:47:10 +0800] "GET /wp-admin/admin-post.php?action=steps_ad HTTP/1.1" 200 1649 "-" "node-fetch/1.0 (+https://github.com/bitinn/node-fetch)"
2001:288:a202:0:cce5:266c:49f8:19a9 - - [17/Aug/2026:10:47:11 +0800] "-" 408 4791 "-" "-"
140.111.67.195 - - [17/Aug/2026:10:47:12 +0800] "GET /wp-admin/admin-post.php?action=steps_ad HTTP/1.1" 200 1649 "-" "node-fetch/1.0 (+https://github.com/bitinn/node-fetch)"
2001:4860:7:410::f6 - - [17/Aug/2026:10:47:12 +0800] "GET /11524/ HTTP/1.1" 200 22534 "https://www.google.com/" "Mozilla/5.0 (Windows NT 10.0; Win64; x64) AppleWebKit/537.36 (KHTML, like Gecko) Chrome/150.0.0.0 Safari/537.36"
