60.250.60.147 - - [17/Aug/2026:10:42:03 +0800] "GET /wp-content/themes/oceanwp/assets/fonts/fontawesome/webfonts/fa-solid-900.woff2 HTTP/1.1" 200 151246 "https://www.pces.ilc.edu.tw/wp-content/cache/www.pces.ilc.edu.tw/wpfc-minified/drbl7s7o/6vo4.css" "Mozilla/5.0 (Windows NT 10.0; Win64; x64) AppleWebKit/537.36 (KHTML, like Gecko) Chrome/151.0.0.0 Safari/537.36 Edg/151.0.0.0"
60.250.60.147 - - [17/Aug/2026:10:42:03 +0800] "GET /wp-content/uploads/sites/1663/2020/08/%E7%89%A9%E4%BB%B6-4-1.png HTTP/1.1" 200 5848 "https://www.pces.ilc.edu.tw/" "Mozilla/5.0 (Windows NT 10.0; Win64; x64) AppleWebKit/537.36 (KHTML, like Gecko) Chrome/151.0.0.0 Safari/537.36 Edg/151.0.0.0"
60.250.60.147 - - [17/Aug/2026:10:42:03 +0800] "GET /wp-content/uploads/sites/1663/2020/08/012.jpg HTTP/1.1" 200 9493 "https://www.pces.ilc.edu.tw/" "Mozilla/5.0 (Windows NT 10.0; Win64; x64) AppleWebKit/537.36 (KHTML, like Gecko) Chrome/151.0.0.0 Safari/537.36 Edg/151.0.0.0"
210.242.36.201 - - [17/Aug/2026:10:42:03 +0800] "GET /wp-content/uploads/sites/1663/2020/08/%E5%9D%87%E4%B8%80.jpg HTTP/1.1" 200 6511 "https://www.pces.ilc.edu.tw/" "Mozilla/5.0 (Windows NT 10.0; Win64; x64) AppleWebKit/537.36 (KHTML, like Gecko) Chrome/151.0.0.0 Safari/537.36 Edg/151.0.0.0"
60.250.60.147 - - [17/Aug/2026:10:42:03 +0800] "GET /wp-content/uploads/sites/1663/2020/08/%E5%9B%A0%E6%9D%90%E7%B6%B2.jpg HTTP/1.1" 200 11331 "https://www.pces.ilc.edu.tw/" "Mozilla/5.0 (Windows NT 10.0; Win64; x64) AppleWebKit/537.36 (KHTML, like Gecko) Chrome/151.0.0.0 Safari/537.36 Edg/151.0.0.0"
::1 - - [17/Aug/2026:10:42:04 +0800] "OPTIONS * HTTP/1.0" 200 110 "-" "Apache/2.4.68 (Ubuntu) OpenSSL/3.0.19 (internal dummy connection)"
2402:7500:942:34cb:2158:db71:86ba:38d8 - - [17/Aug/2026:10:42:04 +0800] "GET /wp-content/uploads/sites/233/1003/1003-2438046.jpg HTTP/1.1" 200 53627 "https://2blog.ilc.edu.tw/1003/2014/03/20/%E8%AA%B2%E5%A4%96%E9%96%B1%E8%AE%80%E6%95%99%E5%AD%B8%E9%96%B1%E8%AE%80%E5%BF%83%E5%BE%97%E5%BE%88%E5%A5%BD%E5%AF%AB/" "Mozilla/5.0 (Linux; Android 10; K) AppleWebKit/537.36 (KHTML, like Gecko) Chrome/114.0.0.0 Mobile Safari/537.36"
140.111.67.10 - - [17/Aug/2026:10:42:05 +0800] "GET /" 301 273 "-" "-"
2001:288:a201::66:125 - - [17/Aug/2026:10:42:05 +0800] "GET /blog/active.php HTTP/1.1" 404 1084 "-" "-"
2001:288:a201::66:125 - - [17/Aug/2026:10:42:05 +0800] "GET /blog/active.php HTTP/1.1" 301 1026 "-" "-"
2001:4860:7:510::ef - - [17/Aug/2026:10:42:06 +0800] "GET /2226/archives/621 HTTP/1.1" 200 16600 "https://www.google.com/" "Mozilla/5.0 (Windows NT 10.0; Win64; x64) AppleWebKit/537.36 (KHTML, like Gecko) Chrome/151.0.0.0 Safari/537.36"
60.250.60.147 - - [17/Aug/2026:10:42:06 +0800] "GET /wp-content/uploads/sites/1663/2020/08/%E5%8C%97%E6%88%90%E5%9C%8B%E5%B0%8F%E7%92%B0%E5%A2%83%E6%95%99%E8%82%B2%E7%B6%B2-1024x317.png HTTP/1.1" 200 479801 "https://www.pces.ilc.edu.tw/" "Mozilla/5.0 (Windows NT 10.0; Win64; x64) AppleWebKit/537.36 (KHTML, like Gecko) Chrome/151.0.0.0 Safari/537.36 Edg/151.0.0.0"
60.250.60.147 - - [17/Aug/2026:10:42:06 +0800] "GET /wp-content/uploads/sites/1663/2020/08/%E8%9E%A2%E5%B9%95%E6%93%B7%E5%8F%96%E7%95%AB%E9%9D%A2-2025-06-03-225359.png HTTP/1.1" 200 62562 "https://www.pces.ilc.edu.tw/" "Mozilla/5.0 (Windows NT 10.0; Win64; x64) AppleWebKit/537.36 (KHTML, like Gecko) Chrome/151.0.0.0 Safari/537.36 Edg/151.0.0.0"
2001:4860:7:810::f4 - - [17/Aug/2026:10:42:06 +0800] "GET / HTTP/1.1" 200 27906 "https://www.google.com/" "Mozilla/5.0 (Windows NT 10.0; Win64; x64) AppleWebKit/537.36 (KHTML, like Gecko) Chrome/151.0.0.0 Safari/537.36"
::1 - - [17/Aug/2026:10:42:07 +0800] "OPTIONS * HTTP/1.0" 200 110 "-" "Apache/2.4.68 (Ubuntu) OpenSSL/3.0.19 (internal dummy connection)"
::1 - - [17/Aug/2026:10:42:08 +0800] "OPTIONS * HTTP/1.0" 200 110 "-" "Apache/2.4.68 (Ubuntu) OpenSSL/3.0.19 (internal dummy connection)"
2402:7500:942:34cb:2158:db71:86ba:38d8 - - [17/Aug/2026:10:42:08 +0800] "GET /wp-content/uploads/sites/233/1003/1003-2438047.jpg HTTP/1.1" 200 44731 "https://2blog.ilc.edu.tw/1003/2014/03/20/%E8%AA%B2%E5%A4%96%E9%96%B1%E8%AE%80%E6%95%99%E5%AD%B8%E9%96%B1%E8%AE%80%E5%BF%83%E5%BE%97%E5%BE%88%E5%A5%BD%E5%AF%AB/" "Mozilla/5.0 (Linux; Android 10; K) AppleWebKit/537.36 (KHTML, like Gecko) Chrome/114.0.0.0 Mobile Safari/537.36"
114.32.246.242 - - [17/Aug/2026:10:42:08 +0800] "GET /yilankindergartentest/wp-login.php HTTP/1.1" 200 6537 "https://2blog.ilc.edu.tw/yilankindergartentest/category/114%e5%ad%b8%e5%b9%b4%e5%ba%a6%e4%b8%8b%e5%ad%b8%e6%9c%9f%e9%98%b2%e7%81%bd%e5%bd%b1%e7%89%87/" "Mozilla/5.0 (Windows NT 10.0; Win64; x64) AppleWebKit/537.36 (KHTML, like Gecko) Chrome/151.0.0.0 Safari/537.36"
114.32.246.242 - - [17/Aug/2026:10:42:09 +0800] "GET /yilankindergartentest/wp-includes/js/jquery/jquery-migrate.min.js HTTP/1.1" 200 6091 "https://2blog.ilc.edu.tw/yilankindergartentest/wp-login.php" "Mozilla/5.0 (Windows NT 10.0; Win64; x64) AppleWebKit/537.36 (KHTML, like Gecko) Chrome/151.0.0.0 Safari/537.36"
114.32.246.242 - - [17/Aug/2026:10:42:09 +0800] "GET /yilankindergartentest/wp-includes/js/jquery/jquery.min.js HTTP/1.1" 200 31359 "https://2blog.ilc.edu.tw/yilankindergartentest/wp-login.php" "Mozilla/5.0 (Windows NT 10.0; Win64; x64) AppleWebKit/537.36 (KHTML, like Gecko) Chrome/151.0.0.0 Safari/537.36"
114.32.246.242 - - [17/Aug/2026:10:42:09 +0800] "GET /yilankindergartentest/wp-includes/css/dashicons.min.css HTTP/1.1" 200 36736 "https://2blog.ilc.edu.tw/yilankindergartentest/wp-login.php" "Mozilla/5.0 (Windows NT 10.0; Win64; x64) AppleWebKit/537.36 (KHTML, like Gecko) Chrome/151.0.0.0 Safari/537.36"
114.32.246.242 - - [17/Aug/2026:10:42:09 +0800] "GET /yilankindergartentest/wp-includes/css/buttons.min.css HTTP/1.1" 200 2682 "https://2blog.ilc.edu.tw/yilankindergartentest/wp-login.php" "Mozilla/5.0 (Windows NT 10.0; Win64; x64) AppleWebKit/537.36 (KHTML, like Gecko) Chrome/151.0.0.0 Safari/537.36"
114.32.246.242 - - [17/Aug/2026:10:42:09 +0800] "GET /yilankindergartentest/wp-admin/css/forms.min.css HTTP/1.1" 200 7936 "https://2blog.ilc.edu.tw/yilankindergartentest/wp-login.php" "Mozilla/5.0 (Windows NT 10.0; Win64; x64) AppleWebKit/537.36 (KHTML, like Gecko) Chrome/151.0.0.0 Safari/537.36"
114.32.246.242 - - [17/Aug/2026:10:42:09 +0800] "GET /yilankindergartentest/wp-admin/css/l10n.min.css HTTP/1.1" 200 1639 "https://2blog.ilc.edu.tw/yilankindergartentest/wp-login.php" "Mozilla/5.0 (Windows NT 10.0; Win64; x64) AppleWebKit/537.36 (KHTML, like Gecko) Chrome/151.0.0.0 Safari/537.36"
114.32.246.242 - - [17/Aug/2026:10:42:09 +0800] "GET /yilankindergartentest/wp-admin/css/login.min.css HTTP/1.1" 200 7858 "https://2blog.ilc.edu.tw/yilankindergartentest/wp-login.php" "Mozilla/5.0 (Windows NT 10.0; Win64; x64) AppleWebKit/537.36 (KHTML, like Gecko) Chrome/151.0.0.0 Safari/537.36"
114.32.246.242 - - [17/Aug/2026:10:42:09 +0800] "GET /yilankindergartentest/wp-content/plugins/simple-login-captcha/styles/login.css HTTP/1.1" 200 5945 "https://2blog.ilc.edu.tw/yilankindergartentest/wp-login.php" "Mozilla/5.0 (Windows NT 10.0; Win64; x64) AppleWebKit/537.36 (KHTML, like Gecko) Chrome/151.0.0.0 Safari/537.36"
114.32.246.242 - - [17/Aug/2026:10:42:09 +0800] "GET /yilankindergartentest/wp-content/plugins/limit-login-attempts-reloaded/assets/css/login-page-styles.css HTTP/1.1" 200 1125 "https://2blog.ilc.edu.tw/yilankindergartentest/wp-login.php" "Mozilla/5.0 (Windows NT 10.0; Win64; x64) AppleWebKit/537.36 (KHTML, like Gecko) Chrome/151.0.0.0 Safari/537.36"
114.32.246.242 - - [17/Aug/2026:10:42:09 +0800] "GET /yilankindergartentest/wp-includes/js/zxcvbn-async.min.js HTTP/1.1" 200 1135 "https://2blog.ilc.edu.tw/yilankindergartentest/wp-login.php" "Mozilla/5.0 (Windows NT 10.0; Win64; x64) AppleWebKit/537.36 (KHTML, like Gecko) Chrome/151.0.0.0 Safari/537.36"
114.32.246.242 - - [17/Aug/2026:10:42:09 +0800] "GET /yilankindergartentest/wp-content/plugins/ilc-custom-url-login/asset/js/backtoblog.js?0003&ver=6.6.7 HTTP/1.1" 200 1065 "https://2blog.ilc.edu.tw/yilankindergartentest/wp-login.php" "Mozilla/5.0 (Windows NT 10.0; Win64; x64) AppleWebKit/537.36 (KHTML, like Gecko) Chrome/151.0.0.0 Safari/537.36"
114.32.246.242 - - [17/Aug/2026:10:42:09 +0800] "GET /yilankindergartentest/wp-includes/js/dist/hooks.min.js HTTP/1.1" 200 2421 "https://2blog.ilc.edu.tw/yilankindergartentest/wp-login.php" "Mozilla/5.0 (Windows NT 10.0; Win64; x64) AppleWebKit/537.36 (KHTML, like Gecko) Chrome/151.0.0.0 Safari/537.36"
114.32.246.242 - - [17/Aug/2026:10:42:09 +0800] "GET /yilankindergartentest/wp-includes/js/dist/i18n.min.js HTTP/1.1" 200 4547 "https://2blog.ilc.edu.tw/yilankindergartentest/wp-login.php" "Mozilla/5.0 (Windows NT 10.0; Win64; x64) AppleWebKit/537.36 (KHTML, like Gecko) Chrome/151.0.0.0 Safari/537.36"
114.32.246.242 - - [17/Aug/2026:10:42:09 +0800] "GET /yilankindergartentest/wp-admin/js/password-strength-meter.min.js HTTP/1.1" 200 1500 "https://2blog.ilc.edu.tw/yilankindergartentest/wp-login.php" "Mozilla/5.0 (Windows NT 10.0; Win64; x64) AppleWebKit/537.36 (KHTML, like Gecko) Chrome/151.0.0.0 Safari/537.36"
114.32.246.242 - - [17/Aug/2026:10:42:09 +0800] "GET /yilankindergartentest/wp-includes/js/wp-util.min.js HTTP/1.1" 200 1633 "https://2blog.ilc.edu.tw/yilankindergartentest/wp-login.php" "Mozilla/5.0 (Windows NT 10.0; Win64; x64) AppleWebKit/537.36 (KHTML, like Gecko) Chrome/151.0.0.0 Safari/537.36"
114.32.246.242 - - [17/Aug/2026:10:42:09 +0800] "GET /yilankindergartentest/wp-includes/js/underscore.min.js HTTP/1.1" 200 8191 "https://2blog.ilc.edu.tw/yilankindergartentest/wp-login.php" "Mozilla/5.0 (Windows NT 10.0; Win64; x64) AppleWebKit/537.36 (KHTML, like Gecko) Chrome/151.0.0.0 Safari/537.36"
114.32.246.242 - - [17/Aug/2026:10:42:09 +0800] "GET /yilankindergartentest/wp-admin/js/user-profile.min.js HTTP/1.1" 200 3360 "https://2blog.ilc.edu.tw/yilankindergartentest/wp-login.php" "Mozilla/5.0 (Windows NT 10.0; Win64; x64) AppleWebKit/537.36 (KHTML, like Gecko) Chrome/151.0.0.0 Safari/537.36"
114.32.246.242 - - [17/Aug/2026:10:42:09 +0800] "GET /yilankindergartentest/wp-content/plugins/eip-login/images/cropped-logo.png HTTP/1.1" 200 16284 "https://2blog.ilc.edu.tw/yilankindergartentest/wp-login.php" "Mozilla/5.0 (Windows NT 10.0; Win64; x64) AppleWebKit/537.36 (KHTML, like Gecko) Chrome/151.0.0.0 Safari/537.36"
114.32.246.242 - - [17/Aug/2026:10:42:09 +0800] "GET /yilankindergartentest/wp-includes/js/zxcvbn.min.js HTTP/1.1" 200 402600 "https://2blog.ilc.edu.tw/yilankindergartentest/wp-login.php" "Mozilla/5.0 (Windows NT 10.0; Win64; x64) AppleWebKit/537.36 (KHTML, like Gecko) Chrome/151.0.0.0 Safari/537.36"
140.111.67.10 - - [17/Aug/2026:10:42:10 +0800] "GET /" 301 273 "-" "-"
60.250.60.147 - - [17/Aug/2026:10:42:10 +0800] "GET /wp-content/uploads/sites/1663/2020/09/36430-4193146.png HTTP/1.1" 200 14794 "https://www.pces.ilc.edu.tw/" "Mozilla/5.0 (Windows NT 10.0; Win64; x64) AppleWebKit/537.36 (KHTML, like Gecko) Chrome/151.0.0.0 Safari/537.36 Edg/151.0.0.0"
2001:288:a201::66:125 - - [17/Aug/2026:10:42:10 +0800] "GET /blog/active.php HTTP/1.1" 404 1084 "-" "-"
2001:288:a201::66:125 - - [17/Aug/2026:10:42:10 +0800] "GET /blog/active.php HTTP/1.1" 301 1026 "-" "-"
2001:288:a26a:1:6923:8bf3:4374:c578 - - [17/Aug/2026:10:42:11 +0800] "POST /hsics/wp-admin/admin-ajax.php HTTP/1.1" 200 1459 "https://2blog.ilc.edu.tw/hsics/wp-admin/edit.php" "Mozilla/5.0 (Windows NT 10.0; Win64; x64) AppleWebKit/537.36 (KHTML, like Gecko) Chrome/151.0.0.0 Safari/537.36"
2001:4860:7:80c::ff - - [17/Aug/2026:10:42:13 +0800] "GET / HTTP/1.1" 200 27906 "https://www.google.com/" "Mozilla/5.0 (Windows NT 10.0; Win64; x64) AppleWebKit/537.36 (KHTML, like Gecko) Chrome/151.0.0.0 Safari/537.36"
2402:7500:942:34cb:2158:db71:86ba:38d8 - - [17/Aug/2026:10:42:13 +0800] "GET /wp-content/uploads/sites/233/1003/1003-2438048.jpg HTTP/1.1" 200 104998 "https://2blog.ilc.edu.tw/1003/2014/03/20/%E8%AA%B2%E5%A4%96%E9%96%B1%E8%AE%80%E6%95%99%E5%AD%B8%E9%96%B1%E8%AE%80%E5%BF%83%E5%BE%97%E5%BE%88%E5%A5%BD%E5%AF%AB/" "Mozilla/5.0 (Linux; Android 10; K) AppleWebKit/537.36 (KHTML, like Gecko) Chrome/114.0.0.0 Mobile Safari/537.36"
2001:288:5458:172:5828:950:b2a4:ee77 - - [17/Aug/2026:10:42:13 +0800] "GET /2024/07/31/%E6%98%8A%E4%BA%9Esysreturn%E5%82%99%E4%BB%BD%E9%82%84%E5%8E%9F%E7%B3%BB%E7%B5%B1%E4%BD%BF%E7%94%A8%E8%AA%AA%E6%98%8E/ HTTP/1.1" 200 32011 "https://www.google.com/" "Mozilla/5.0 (Windows NT 10.0; Win64; x64) AppleWebKit/537.36 (KHTML, like Gecko) Chrome/151.0.0.0 Safari/537.36 Edg/151.0.0.0"
2402:7500:942:34cb:2158:db71:86ba:38d8 - - [17/Aug/2026:10:42:13 +0800] "GET /wp-content/uploads/sites/233/1003/1003-2438049.jpg HTTP/1.1" 200 67420 "https://2blog.ilc.edu.tw/1003/2014/03/20/%E8%AA%B2%E5%A4%96%E9%96%B1%E8%AE%80%E6%95%99%E5%AD%B8%E9%96%B1%E8%AE%80%E5%BF%83%E5%BE%97%E5%BE%88%E5%A5%BD%E5%AF%AB/" "Mozilla/5.0 (Linux; Android 10; K) AppleWebKit/537.36 (KHTML, like Gecko) Chrome/114.0.0.0 Mobile Safari/537.36"
2001:288:5458:172:5828:950:b2a4:ee77 - - [17/Aug/2026:10:42:13 +0800] "GET /wp-content/cache/www.yeses.ilc.edu.tw/wpfc-minified/qtr4ae6o/bfpbu.css HTTP/1.1" 200 20782 "https://www.yeses.ilc.edu.tw/2024/07/31/%E6%98%8A%E4%BA%9Esysreturn%E5%82%99%E4%BB%BD%E9%82%84%E5%8E%9F%E7%B3%BB%E7%B5%B1%E4%BD%BF%E7%94%A8%E8%AA%AA%E6%98%8E/" "Mozilla/5.0 (Windows NT 10.0; Win64; x64) AppleWebKit/537.36 (KHTML, like Gecko) Chrome/151.0.0.0 Safari/537.36 Edg/151.0.0.0"
2001:288:5458:172:5828:950:b2a4:ee77 - - [17/Aug/2026:10:42:13 +0800] "GET /wp-content/cache/www.yeses.ilc.edu.tw/wpfc-minified/4qskn9o/bflo8.css HTTP/1.1" 200 40886 "https://www.yeses.ilc.edu.tw/2024/07/31/%E6%98%8A%E4%BA%9Esysreturn%E5%82%99%E4%BB%BD%E9%82%84%E5%8E%9F%E7%B3%BB%E7%B5%B1%E4%BD%BF%E7%94%A8%E8%AA%AA%E6%98%8E/" "Mozilla/5.0 (Windows NT 10.0; Win64; x64) AppleWebKit/537.36 (KHTML, like Gecko) Chrome/151.0.0.0 Safari/537.36 Edg/151.0.0.0"
2001:288:5458:172:5828:950:b2a4:ee77 - - [17/Aug/2026:10:42:13 +0800] "GET /wp-content/cache/www.yeses.ilc.edu.tw/wpfc-minified/kentcdjr/bflo8.css HTTP/1.1" 200 18538 "https://www.yeses.ilc.edu.tw/2024/07/31/%E6%98%8A%E4%BA%9Esysreturn%E5%82%99%E4%BB%BD%E9%82%84%E5%8E%9F%E7%B3%BB%E7%B5%B1%E4%BD%BF%E7%94%A8%E8%AA%AA%E6%98%8E/" "Mozilla/5.0 (Windows NT 10.0; Win64; x64) AppleWebKit/537.36 (KHTML, like Gecko) Chrome/151.0.0.0 Safari/537.36 Edg/151.0.0.0"
2001:288:5458:172:5828:950:b2a4:ee77 - - [17/Aug/2026:10:42:13 +0800] "GET /wp-content/cache/www.yeses.ilc.edu.tw/wpfc-minified/mo6k5vl0/bflo8.css HTTP/1.1" 200 12254 "https://www.yeses.ilc.edu.tw/2024/07/31/%E6%98%8A%E4%BA%9Esysreturn%E5%82%99%E4%BB%BD%E9%82%84%E5%8E%9F%E7%B3%BB%E7%B5%B1%E4%BD%BF%E7%94%A8%E8%AA%AA%E6%98%8E/" "Mozilla/5.0 (Windows NT 10.0; Win64; x64) AppleWebKit/537.36 (KHTML, like Gecko) Chrome/151.0.0.0 Safari/537.36 Edg/151.0.0.0"
2001:288:5458:172:5828:950:b2a4:ee77 - - [17/Aug/2026:10:42:13 +0800] "GET /wp-content/cache/www.yeses.ilc.edu.tw/wpfc-minified/mas60gdk/bflo8.js HTTP/1.1" 200 35559 "https://www.yeses.ilc.edu.tw/2024/07/31/%E6%98%8A%E4%BA%9Esysreturn%E5%82%99%E4%BB%BD%E9%82%84%E5%8E%9F%E7%B3%BB%E7%B5%B1%E4%BD%BF%E7%94%A8%E8%AA%AA%E6%98%8E/" "Mozilla/5.0 (Windows NT 10.0; Win64; x64) AppleWebKit/537.36 (KHTML, like Gecko) Chrome/151.0.0.0 Safari/537.36 Edg/151.0.0.0"
2001:288:5458:172:5828:950:b2a4:ee77 - - [17/Aug/2026:10:42:13 +0800] "GET /wp-content/cache/www.yeses.ilc.edu.tw/wpfc-minified/2m6hcubm/bfrgh.js HTTP/1.1" 200 1639 "https://www.yeses.ilc.edu.tw/2024/07/31/%E6%98%8A%E4%BA%9Esysreturn%E5%82%99%E4%BB%BD%E9%82%84%E5%8E%9F%E7%B3%BB%E7%B5%B1%E4%BD%BF%E7%94%A8%E8%AA%AA%E6%98%8E/" "Mozilla/5.0 (Windows NT 10.0; Win64; x64) AppleWebKit/537.36 (KHTML, like Gecko) Chrome/151.0.0.0 Safari/537.36 Edg/151.0.0.0"
2001:288:5458:172:5828:950:b2a4:ee77 - - [17/Aug/2026:10:42:14 +0800] "GET /wp-content/uploads/sites/890/2024/07/SysReturn%E7%B8%AE%E5%9C%96NEW.jpg HTTP/1.1" 200 9350 "https://www.yeses.ilc.edu.tw/2024/07/31/%E6%98%8A%E4%BA%9Esysreturn%E5%82%99%E4%BB%BD%E9%82%84%E5%8E%9F%E7%B3%BB%E7%B5%B1%E4%BD%BF%E7%94%A8%E8%AA%AA%E6%98%8E/" "Mozilla/5.0 (Windows NT 10.0; Win64; x64) AppleWebKit/537.36 (KHTML, like Gecko) Chrome/151.0.0.0 Safari/537.36 Edg/151.0.0.0"
2001:288:5458:172:5828:950:b2a4:ee77 - - [17/Aug/2026:10:42:13 +0800] "GET /wp-content/uploads/sites/890/2024/07/02%E6%98%8A%E4%BA%9E%E9%82%84%E5%8E%9F%E8%BB%9F%E9%AB%94%E6%93%8D%E4%BD%9C%E8%AA%AA%E6%98%8E-1.jpg HTTP/1.1" 200 49754 "https://www.yeses.ilc.edu.tw/2024/07/31/%E6%98%8A%E4%BA%9Esysreturn%E5%82%99%E4%BB%BD%E9%82%84%E5%8E%9F%E7%B3%BB%E7%B5%B1%E4%BD%BF%E7%94%A8%E8%AA%AA%E6%98%8E/" "Mozilla/5.0 (Windows NT 10.0; Win64; x64) AppleWebKit/537.36 (KHTML, like Gecko) Chrome/151.0.0.0 Safari/537.36 Edg/151.0.0.0"
2001:288:5458:172:5828:950:b2a4:ee77 - - [17/Aug/2026:10:42:14 +0800] "GET /wp-content/uploads/sites/890/2024/07/01%E6%98%8A%E4%BA%9E%E9%82%84%E5%8E%9F%E8%BB%9F%E9%AB%94%E6%93%8D%E4%BD%9C%E8%AA%AA%E6%98%8E-1-1.jpg HTTP/1.1" 200 13539 "https://www.yeses.ilc.edu.tw/2024/07/31/%E6%98%8A%E4%BA%9Esysreturn%E5%82%99%E4%BB%BD%E9%82%84%E5%8E%9F%E7%B3%BB%E7%B5%B1%E4%BD%BF%E7%94%A8%E8%AA%AA%E6%98%8E/" "Mozilla/5.0 (Windows NT 10.0; Win64; x64) AppleWebKit/537.36 (KHTML, like Gecko) Chrome/151.0.0.0 Safari/537.36 Edg/151.0.0.0"
::1 - - [17/Aug/2026:10:42:14 +0800] "OPTIONS * HTTP/1.0" 200 110 "-" "Apache/2.4.68 (Ubuntu) OpenSSL/3.0.19 (internal dummy connection)"
2001:288:5458:172:5828:950:b2a4:ee77 - - [17/Aug/2026:10:42:14 +0800] "GET /wp-includes/js/hoverintent-js.min.js HTTP/1.1" 200 1597 "https://www.yeses.ilc.edu.tw/2024/07/31/%E6%98%8A%E4%BA%9Esysreturn%E5%82%99%E4%BB%BD%E9%82%84%E5%8E%9F%E7%B3%BB%E7%B5%B1%E4%BD%BF%E7%94%A8%E8%AA%AA%E6%98%8E/" "Mozilla/5.0 (Windows NT 10.0; Win64; x64) AppleWebKit/537.36 (KHTML, like Gecko) Chrome/151.0.0.0 Safari/537.36 Edg/151.0.0.0"
2001:288:5458:172:5828:950:b2a4:ee77 - - [17/Aug/2026:10:42:14 +0800] "GET /wp-includes/js/admin-bar.min.js HTTP/1.1" 200 2237 "https://www.yeses.ilc.edu.tw/2024/07/31/%E6%98%8A%E4%BA%9Esysreturn%E5%82%99%E4%BB%BD%E9%82%84%E5%8E%9F%E7%B3%BB%E7%B5%B1%E4%BD%BF%E7%94%A8%E8%AA%AA%E6%98%8E/" "Mozilla/5.0 (Windows NT 10.0; Win64; x64) AppleWebKit/537.36 (KHTML, like Gecko) Chrome/151.0.0.0 Safari/537.36 Edg/151.0.0.0"
2001:288:5458:172:5828:950:b2a4:ee77 - - [17/Aug/2026:10:42:14 +0800] "GET /wp-includes/js/underscore.min.js HTTP/1.1" 200 8191 "https://www.yeses.ilc.edu.tw/2024/07/31/%E6%98%8A%E4%BA%9Esysreturn%E5%82%99%E4%BB%BD%E9%82%84%E5%8E%9F%E7%B3%BB%E7%B5%B1%E4%BD%BF%E7%94%A8%E8%AA%AA%E6%98%8E/" "Mozilla/5.0 (Windows NT 10.0; Win64; x64) AppleWebKit/537.36 (KHTML, like Gecko) Chrome/151.0.0.0 Safari/537.36 Edg/151.0.0.0"
2001:288:5458:172:5828:950:b2a4:ee77 - - [17/Aug/2026:10:42:14 +0800] "GET /wp-content/themes/huemanilc/assets/front/js/scripts.min.js HTTP/1.1" 200 27001 "https://www.yeses.ilc.edu.tw/2024/07/31/%E6%98%8A%E4%BA%9Esysreturn%E5%82%99%E4%BB%BD%E9%82%84%E5%8E%9F%E7%B3%BB%E7%B5%B1%E4%BD%BF%E7%94%A8%E8%AA%AA%E6%98%8E/" "Mozilla/5.0 (Windows NT 10.0; Win64; x64) AppleWebKit/537.36 (KHTML, like Gecko) Chrome/151.0.0.0 Safari/537.36 Edg/151.0.0.0"
2402:7500:942:34cb:2158:db71:86ba:38d8 - - [17/Aug/2026:10:42:14 +0800] "GET /wp-content/uploads/sites/233/1003/1003-2438050.jpg HTTP/1.1" 200 81637 "https://2blog.ilc.edu.tw/1003/2014/03/20/%E8%AA%B2%E5%A4%96%E9%96%B1%E8%AE%80%E6%95%99%E5%AD%B8%E9%96%B1%E8%AE%80%E5%BF%83%E5%BE%97%E5%BE%88%E5%A5%BD%E5%AF%AB/" "Mozilla/5.0 (Linux; Android 10; K) AppleWebKit/537.36 (KHTML, like Gecko) Chrome/114.0.0.0 Mobile Safari/537.36"
2001:288:5458:172:5828:950:b2a4:ee77 - - [17/Aug/2026:10:42:14 +0800] "GET /wp-content/themes/huemanilc/assets/front/img/thumb-medium-empty.png HTTP/1.1" 200 936 "https://www.yeses.ilc.edu.tw/2024/07/31/%E6%98%8A%E4%BA%9Esysreturn%E5%82%99%E4%BB%BD%E9%82%84%E5%8E%9F%E7%B3%BB%E7%B5%B1%E4%BD%BF%E7%94%A8%E8%AA%AA%E6%98%8E/" "Mozilla/5.0 (Windows NT 10.0; Win64; x64) AppleWebKit/537.36 (KHTML, like Gecko) Chrome/151.0.0.0 Safari/537.36 Edg/151.0.0.0"
2001:288:5458:172:5828:950:b2a4:ee77 - - [17/Aug/2026:10:42:14 +0800] "GET /wp-content/themes/huemanilc/assets/front/webfonts/fa-solid-900.woff2?v=5.5.0 HTTP/1.1" 200 74879 "https://www.yeses.ilc.edu.tw/wp-content/cache/www.yeses.ilc.edu.tw/wpfc-minified/mo6k5vl0/bflo8.css" "Mozilla/5.0 (Windows NT 10.0; Win64; x64) AppleWebKit/537.36 (KHTML, like Gecko) Chrome/151.0.0.0 Safari/537.36 Edg/151.0.0.0"
2001:288:5458:172:5828:950:b2a4:ee77 - - [17/Aug/2026:10:42:14 +0800] "GET /wp-content/themes/huemanilc/assets/front/webfonts/fa-regular-400.woff2?v=5.5.0 HTTP/1.1" 200 20497 "https://www.yeses.ilc.edu.tw/wp-content/cache/www.yeses.ilc.edu.tw/wpfc-minified/mo6k5vl0/bflo8.css" "Mozilla/5.0 (Windows NT 10.0; Win64; x64) AppleWebKit/537.36 (KHTML, like Gecko) Chrome/151.0.0.0 Safari/537.36 Edg/151.0.0.0"
2001:288:5458:172:5828:950:b2a4:ee77 - - [17/Aug/2026:10:42:14 +0800] "GET /wp-content/themes/huemanilc/assets/front/webfonts/fa-brands-400.woff2?v=5.5.0 HTTP/1.1" 200 75415 "https://www.yeses.ilc.edu.tw/wp-content/cache/www.yeses.ilc.edu.tw/wpfc-minified/mo6k5vl0/bflo8.css" "Mozilla/5.0 (Windows NT 10.0; Win64; x64) AppleWebKit/537.36 (KHTML, like Gecko) Chrome/151.0.0.0 Safari/537.36 Edg/151.0.0.0"
2402:7500:942:34cb:2158:db71:86ba:38d8 - - [17/Aug/2026:10:42:15 +0800] "GET /wp-content/uploads/sites/233/1003/1003-2438051.jpg HTTP/1.1" 200 113100 "https://2blog.ilc.edu.tw/1003/2014/03/20/%E8%AA%B2%E5%A4%96%E9%96%B1%E8%AE%80%E6%95%99%E5%AD%B8%E9%96%B1%E8%AE%80%E5%BF%83%E5%BE%97%E5%BE%88%E5%A5%BD%E5%AF%AB/" "Mozilla/5.0 (Linux; Android 10; K) AppleWebKit/537.36 (KHTML, like Gecko) Chrome/114.0.0.0 Mobile Safari/537.36"
140.111.67.10 - - [17/Aug/2026:10:42:15 +0800] "GET /" 301 273 "-" "-"
2001:288:5458:172:5828:950:b2a4:ee77 - - [17/Aug/2026:10:42:14 +0800] "GET /wp-content/uploads/sites/890/2024/07/03%E6%98%8A%E4%BA%9E%E9%82%84%E5%8E%9F%E8%BB%9F%E9%AB%94%E6%93%8D%E4%BD%9C%E8%AA%AA%E6%98%8E.jpg HTTP/1.1" 200 5358 "https://www.yeses.ilc.edu.tw/2024/07/31/%E6%98%8A%E4%BA%9Esysreturn%E5%82%99%E4%BB%BD%E9%82%84%E5%8E%9F%E7%B3%BB%E7%B5%B1%E4%BD%BF%E7%94%A8%E8%AA%AA%E6%98%8E/" "Mozilla/5.0 (Windows NT 10.0; Win64; x64) AppleWebKit/537.36 (KHTML, like Gecko) Chrome/151.0.0.0 Safari/537.36 Edg/151.0.0.0"
2001:288:5458:172:5828:950:b2a4:ee77 - - [17/Aug/2026:10:42:14 +0800] "GET /wp-content/uploads/sites/890/2020/07/%E5%AE%9C%E8%98%AD%E7%B8%A3%E9%98%B2%E7%96%AB%E5%B0%88%E5%8D%80.png HTTP/1.1" 200 8378 "https://www.yeses.ilc.edu.tw/2024/07/31/%E6%98%8A%E4%BA%9Esysreturn%E5%82%99%E4%BB%BD%E9%82%84%E5%8E%9F%E7%B3%BB%E7%B5%B1%E4%BD%BF%E7%94%A8%E8%AA%AA%E6%98%8E/" "Mozilla/5.0 (Windows NT 10.0; Win64; x64) AppleWebKit/537.36 (KHTML, like Gecko) Chrome/151.0.0.0 Safari/537.36 Edg/151.0.0.0"
2001:288:5458:172:5828:950:b2a4:ee77 - - [17/Aug/2026:10:42:14 +0800] "GET /wp-content/uploads/sites/890/21744/previews-med/21744-4186110.jpg HTTP/1.1" 200 46060 "https://www.yeses.ilc.edu.tw/2024/07/31/%E6%98%8A%E4%BA%9Esysreturn%E5%82%99%E4%BB%BD%E9%82%84%E5%8E%9F%E7%B3%BB%E7%B5%B1%E4%BD%BF%E7%94%A8%E8%AA%AA%E6%98%8E/" "Mozilla/5.0 (Windows NT 10.0; Win64; x64) AppleWebKit/537.36 (KHTML, like Gecko) Chrome/151.0.0.0 Safari/537.36 Edg/151.0.0.0"
2001:288:5458:172:5828:950:b2a4:ee77 - - [17/Aug/2026:10:42:14 +0800] "GET /wp-content/uploads/sites/890/21744/previews-med/21744-4186078.jpg HTTP/1.1" 200 22592 "https://www.yeses.ilc.edu.tw/2024/07/31/%E6%98%8A%E4%BA%9Esysreturn%E5%82%99%E4%BB%BD%E9%82%84%E5%8E%9F%E7%B3%BB%E7%B5%B1%E4%BD%BF%E7%94%A8%E8%AA%AA%E6%98%8E/" "Mozilla/5.0 (Windows NT 10.0; Win64; x64) AppleWebKit/537.36 (KHTML, like Gecko) Chrome/151.0.0.0 Safari/537.36 Edg/151.0.0.0"
2001:288:5458:172:5828:950:b2a4:ee77 - - [17/Aug/2026:10:42:14 +0800] "GET /wp-content/uploads/sites/890/2023/10/eschool.jpg HTTP/1.1" 200 24272 "https://www.yeses.ilc.edu.tw/2024/07/31/%E6%98%8A%E4%BA%9Esysreturn%E5%82%99%E4%BB%BD%E9%82%84%E5%8E%9F%E7%B3%BB%E7%B5%B1%E4%BD%BF%E7%94%A8%E8%AA%AA%E6%98%8E/" "Mozilla/5.0 (Windows NT 10.0; Win64; x64) AppleWebKit/537.36 (KHTML, like Gecko) Chrome/151.0.0.0 Safari/537.36 Edg/151.0.0.0"
2001:288:5458:172:5828:950:b2a4:ee77 - - [17/Aug/2026:10:42:15 +0800] "GET /wp-content/uploads/sites/890/2021/03/menulisticon.gif HTTP/1.1" 200 1791 "https://www.yeses.ilc.edu.tw/2024/07/31/%E6%98%8A%E4%BA%9Esysreturn%E5%82%99%E4%BB%BD%E9%82%84%E5%8E%9F%E7%B3%BB%E7%B5%B1%E4%BD%BF%E7%94%A8%E8%AA%AA%E6%98%8E/" "Mozilla/5.0 (Windows NT 10.0; Win64; x64) AppleWebKit/537.36 (KHTML, like Gecko) Chrome/151.0.0.0 Safari/537.36 Edg/151.0.0.0"
2001:288:5458:172:5828:950:b2a4:ee77 - - [17/Aug/2026:10:42:14 +0800] "GET /wp-content/uploads/sites/890/2026/07/LINE_ALBUM_20260709%E9%84%89%E8%AA%9E%E6%96%87%E7%AB%B6%E8%B3%BD_260710_6.jpg HTTP/1.1" 200 469803 "https://www.yeses.ilc.edu.tw/2024/07/31/%E6%98%8A%E4%BA%9Esysreturn%E5%82%99%E4%BB%BD%E9%82%84%E5%8E%9F%E7%B3%BB%E7%B5%B1%E4%BD%BF%E7%94%A8%E8%AA%AA%E6%98%8E/" "Mozilla/5.0 (Windows NT 10.0; Win64; x64) AppleWebKit/537.36 (KHTML, like Gecko) Chrome/151.0.0.0 Safari/537.36 Edg/151.0.0.0"
2001:288:5458:172:5828:950:b2a4:ee77 - - [17/Aug/2026:10:42:14 +0800] "GET /wp-content/uploads/sites/890/2026/07/2026718%E5%9C%8B%E6%A8%82%E5%9C%98%E9%87%91%E6%A8%BD%E6%BC%94%E5%87%BA%E7%B8%AE%E5%9C%96.jpg HTTP/1.1" 200 305465 "https://www.yeses.ilc.edu.tw/2024/07/31/%E6%98%8A%E4%BA%9Esysreturn%E5%82%99%E4%BB%BD%E9%82%84%E5%8E%9F%E7%B3%BB%E7%B5%B1%E4%BD%BF%E7%94%A8%E8%AA%AA%E6%98%8E/" "Mozilla/5.0 (Windows NT 10.0; Win64; x64) AppleWebKit/537.36 (KHTML, like Gecko) Chrome/151.0.0.0 Safari/537.36 Edg/151.0.0.0"
2001:288:5458:172:5828:950:b2a4:ee77 - - [17/Aug/2026:10:42:15 +0800] "GET /wp-content/uploads/sites/890/2021/03/sep.png HTTP/1.1" 200 1030 "https://www.yeses.ilc.edu.tw/2024/07/31/%E6%98%8A%E4%BA%9Esysreturn%E5%82%99%E4%BB%BD%E9%82%84%E5%8E%9F%E7%B3%BB%E7%B5%B1%E4%BD%BF%E7%94%A8%E8%AA%AA%E6%98%8E/" "Mozilla/5.0 (Windows NT 10.0; Win64; x64) AppleWebKit/537.36 (KHTML, like Gecko) Chrome/151.0.0.0 Safari/537.36 Edg/151.0.0.0"
2001:288:5458:172:5828:950:b2a4:ee77 - - [17/Aug/2026:10:42:15 +0800] "GET /wp-content/uploads/sites/890/2021/03/3.png HTTP/1.1" 200 10335 "https://www.yeses.ilc.edu.tw/2024/07/31/%E6%98%8A%E4%BA%9Esysreturn%E5%82%99%E4%BB%BD%E9%82%84%E5%8E%9F%E7%B3%BB%E7%B5%B1%E4%BD%BF%E7%94%A8%E8%AA%AA%E6%98%8E/" "Mozilla/5.0 (Windows NT 10.0; Win64; x64) AppleWebKit/537.36 (KHTML, like Gecko) Chrome/151.0.0.0 Safari/537.36 Edg/151.0.0.0"
2001:288:5458:172:5828:950:b2a4:ee77 - - [17/Aug/2026:10:42:14 +0800] "GET /21744/wp-content/uploads/sites/890/2020/05/cropped-%E5%93%A1%E5%B1%B1%E5%9C%8B%E5%B0%8F%E7%92%B0%E7%B9%9E%E5%85%A8%E6%99%AFbanner_new.png HTTP/1.1" 200 882974 "https://www.yeses.ilc.edu.tw/2024/07/31/%E6%98%8A%E4%BA%9Esysreturn%E5%82%99%E4%BB%BD%E9%82%84%E5%8E%9F%E7%B3%BB%E7%B5%B1%E4%BD%BF%E7%94%A8%E8%AA%AA%E6%98%8E/" "Mozilla/5.0 (Windows NT 10.0; Win64; x64) AppleWebKit/537.36 (KHTML, like Gecko) Chrome/151.0.0.0 Safari/537.36 Edg/151.0.0.0"
2001:288:5458:172:5828:950:b2a4:ee77 - - [17/Aug/2026:10:42:15 +0800] "GET /wp-content/uploads/sites/890/2021/01/computer_icon.jpeg HTTP/1.1" 200 28765 "https://www.yeses.ilc.edu.tw/2024/07/31/%E6%98%8A%E4%BA%9Esysreturn%E5%82%99%E4%BB%BD%E9%82%84%E5%8E%9F%E7%B3%BB%E7%B5%B1%E4%BD%BF%E7%94%A8%E8%AA%AA%E6%98%8E/" "Mozilla/5.0 (Windows NT 10.0; Win64; x64) AppleWebKit/537.36 (KHTML, like Gecko) Chrome/151.0.0.0 Safari/537.36 Edg/151.0.0.0"
2001:288:5458:172:5828:950:b2a4:ee77 - - [17/Aug/2026:10:42:15 +0800] "GET /wp-content/uploads/sites/890/2021/03/show2.gif HTTP/1.1" 200 8858 "https://www.yeses.ilc.edu.tw/2024/07/31/%E6%98%8A%E4%BA%9Esysreturn%E5%82%99%E4%BB%BD%E9%82%84%E5%8E%9F%E7%B3%BB%E7%B5%B1%E4%BD%BF%E7%94%A8%E8%AA%AA%E6%98%8E/" "Mozilla/5.0 (Windows NT 10.0; Win64; x64) AppleWebKit/537.36 (KHTML, like Gecko) Chrome/151.0.0.0 Safari/537.36 Edg/151.0.0.0"
2001:288:5458:172:5828:950:b2a4:ee77 - - [17/Aug/2026:10:42:15 +0800] "GET /wp-content/uploads/sites/890/2021/03/6.png HTTP/1.1" 200 8862 "https://www.yeses.ilc.edu.tw/2024/07/31/%E6%98%8A%E4%BA%9Esysreturn%E5%82%99%E4%BB%BD%E9%82%84%E5%8E%9F%E7%B3%BB%E7%B5%B1%E4%BD%BF%E7%94%A8%E8%AA%AA%E6%98%8E/" "Mozilla/5.0 (Windows NT 10.0; Win64; x64) AppleWebKit/537.36 (KHTML, like Gecko) Chrome/151.0.0.0 Safari/537.36 Edg/151.0.0.0"
2001:288:5458:172:5828:950:b2a4:ee77 - - [17/Aug/2026:10:42:15 +0800] "GET /wp-content/themes/huemanilc/assets/front/img/opacity-10.png HTTP/1.1" 200 902 "https://www.yeses.ilc.edu.tw/wp-content/cache/www.yeses.ilc.edu.tw/wpfc-minified/kentcdjr/bflo8.css" "Mozilla/5.0 (Windows NT 10.0; Win64; x64) AppleWebKit/537.36 (KHTML, like Gecko) Chrome/151.0.0.0 Safari/537.36 Edg/151.0.0.0"
2001:288:5458:172:5828:950:b2a4:ee77 - - [17/Aug/2026:10:42:15 +0800] "GET /wp-content/uploads/sites/890/2026/06/20260630%E4%BC%91%E6%A5%AD%E5%BC%8F%E7%B8%AE%E5%9C%96.jpg HTTP/1.1" 200 201013 "https://www.yeses.ilc.edu.tw/2024/07/31/%E6%98%8A%E4%BA%9Esysreturn%E5%82%99%E4%BB%BD%E9%82%84%E5%8E%9F%E7%B3%BB%E7%B5%B1%E4%BD%BF%E7%94%A8%E8%AA%AA%E6%98%8E/" "Mozilla/5.0 (Windows NT 10.0; Win64; x64) AppleWebKit/537.36 (KHTML, like Gecko) Chrome/151.0.0.0 Safari/537.36 Edg/151.0.0.0"
2001:288:5458:172:5828:950:b2a4:ee77 - - [17/Aug/2026:10:42:15 +0800] "GET /wp-content/uploads/sites/890/2026/06/20260612_114%E5%AD%B8%E5%B9%B4%E5%BA%A6%E7%95%A2%E6%A5%AD%E7%94%9F%E6%A0%A1%E5%9C%92%E5%B7%A1%E7%A6%AE.jpg HTTP/1.1" 200 407807 "https://www.yeses.ilc.edu.tw/2024/07/31/%E6%98%8A%E4%BA%9Esysreturn%E5%82%99%E4%BB%BD%E9%82%84%E5%8E%9F%E7%B3%BB%E7%B5%B1%E4%BD%BF%E7%94%A8%E8%AA%AA%E6%98%8E/" "Mozilla/5.0 (Windows NT 10.0; Win64; x64) AppleWebKit/537.36 (KHTML, like Gecko) Chrome/151.0.0.0 Safari/537.36 Edg/151.0.0.0"
2001:288:5458:172:5828:950:b2a4:ee77 - - [17/Aug/2026:10:42:15 +0800] "GET /wp-content/uploads/sites/890/2026/06/20260612_%E5%93%A1%E5%B1%B1%E5%9C%8B%E5%B0%8F109%E5%B1%86%E7%95%A2%E6%A5%AD%E5%85%B8%E7%A6%AE%E7%B8%AE%E5%9C%96.jpg HTTP/1.1" 200 402667 "https://www.yeses.ilc.edu.tw/2024/07/31/%E6%98%8A%E4%BA%9Esysreturn%E5%82%99%E4%BB%BD%E9%82%84%E5%8E%9F%E7%B3%BB%E7%B5%B1%E4%BD%BF%E7%94%A8%E8%AA%AA%E6%98%8E/" "Mozilla/5.0 (Windows NT 10.0; Win64; x64) AppleWebKit/537.36 (KHTML, like Gecko) Chrome/151.0.0.0 Safari/537.36 Edg/151.0.0.0"
2001:288:5458:172:5828:950:b2a4:ee77 - - [17/Aug/2026:10:42:15 +0800] "GET /wp-content/uploads/sites/890/2026/06/20260630%E7%8F%AD%E7%B4%9A%E9%AB%94%E8%82%B2%E7%AB%B6%E8%B3%BD%E7%BE%BD%E7%90%83%E7%B8%AE%E5%9C%96.jpg HTTP/1.1" 200 238683 "https://www.yeses.ilc.edu.tw/2024/07/31/%E6%98%8A%E4%BA%9Esysreturn%E5%82%99%E4%BB%BD%E9%82%84%E5%8E%9F%E7%B3%BB%E7%B5%B1%E4%BD%BF%E7%94%A8%E8%AA%AA%E6%98%8E/" "Mozilla/5.0 (Windows NT 10.0; Win64; x64) AppleWebKit/537.36 (KHTML, like Gecko) Chrome/151.0.0.0 Safari/537.36 Edg/151.0.0.0"
2001:288:5458:172:5828:950:b2a4:ee77 - - [17/Aug/2026:10:42:15 +0800] "GET /wp-content/uploads/sites/890/2026/06/20260610%E5%85%AD%E5%B9%B4%E7%B4%9A%E7%8F%AD%E9%9A%9B%E9%AB%94%E8%82%B2%E7%AB%B6%E8%B3%BD%E7%BE%BD%E7%90%83.jpg HTTP/1.1" 200 385125 "https://www.yeses.ilc.edu.tw/2024/07/31/%E6%98%8A%E4%BA%9Esysreturn%E5%82%99%E4%BB%BD%E9%82%84%E5%8E%9F%E7%B3%BB%E7%B5%B1%E4%BD%BF%E7%94%A8%E8%AA%AA%E6%98%8E/" "Mozilla/5.0 (Windows NT 10.0; Win64; x64) AppleWebKit/537.36 (KHTML, like Gecko) Chrome/151.0.0.0 Safari/537.36 Edg/151.0.0.0"
2001:288:5458:172:5828:950:b2a4:ee77 - - [17/Aug/2026:10:42:15 +0800] "GET /wp-content/uploads/sites/890/2026/06/20260609_%E5%85%AD%E5%B9%B4%E7%B4%9A%E7%95%A2%E6%A5%AD%E7%94%9F%E9%A0%92%E7%99%BC%E6%9C%9F%E6%9C%AB%E7%8D%8E%E9%A0%85%E7%B8%AE%E5%9C%96-scaled.jpg HTTP/1.1" 200 580625 "https://www.yeses.ilc.edu.tw/2024/07/31/%E6%98%8A%E4%BA%9Esysreturn%E5%82%99%E4%BB%BD%E9%82%84%E5%8E%9F%E7%B3%BB%E7%B5%B1%E4%BD%BF%E7%94%A8%E8%AA%AA%E6%98%8E/" "Mozilla/5.0 (Windows NT 10.0; Win64; x64) AppleWebKit/537.36 (KHTML, like Gecko) Chrome/151.0.0.0 Safari/537.36 Edg/151.0.0.0"
2001:288:5458:172:5828:950:b2a4:ee77 - - [17/Aug/2026:10:42:14 +0800] "POST /wp-json/ilc-summary/v1/popular-posts HTTP/1.1" 201 1399 "https://www.yeses.ilc.edu.tw/2024/07/31/%E6%98%8A%E4%BA%9Esysreturn%E5%82%99%E4%BB%BD%E9%82%84%E5%8E%9F%E7%B3%BB%E7%B5%B1%E4%BD%BF%E7%94%A8%E8%AA%AA%E6%98%8E/" "Mozilla/5.0 (Windows NT 10.0; Win64; x64) AppleWebKit/537.36 (KHTML, like Gecko) Chrome/151.0.0.0 Safari/537.36 Edg/151.0.0.0"
114.32.246.242 - - [17/Aug/2026:10:42:13 +0800] "POST /yilankindergartentest/wp-login.php HTTP/1.1" 200 6404 "https://2blog.ilc.edu.tw/yilankindergartentest/wp-login.php" "Mozilla/5.0 (Windows NT 10.0; Win64; x64) AppleWebKit/537.36 (KHTML, like Gecko) Chrome/151.0.0.0 Safari/537.36"
2001:288:5458:172:5828:950:b2a4:ee77 - - [17/Aug/2026:10:42:15 +0800] "GET /wp-content/uploads/sites/890/2019/07/cropped--32x32.jpg HTTP/1.1" 200 2227 "https://www.yeses.ilc.edu.tw/2024/07/31/%E6%98%8A%E4%BA%9Esysreturn%E5%82%99%E4%BB%BD%E9%82%84%E5%8E%9F%E7%B3%BB%E7%B5%B1%E4%BD%BF%E7%94%A8%E8%AA%AA%E6%98%8E/" "Mozilla/5.0 (Windows NT 10.0; Win64; x64) AppleWebKit/537.36 (KHTML, like Gecko) Chrome/151.0.0.0 Safari/537.36 Edg/151.0.0.0"
2001:288:5458:172:5828:950:b2a4:ee77 - - [17/Aug/2026:10:42:15 +0800] "GET /wp-content/uploads/sites/890/2024/07/04%E6%98%8A%E4%BA%9E%E9%82%84%E5%8E%9F%E8%BB%9F%E9%AB%94%E6%93%8D%E4%BD%9C%E8%AA%AA%E6%98%8E-1.jpg HTTP/1.1" 200 19696 "https://www.yeses.ilc.edu.tw/2024/07/31/%E6%98%8A%E4%BA%9Esysreturn%E5%82%99%E4%BB%BD%E9%82%84%E5%8E%9F%E7%B3%BB%E7%B5%B1%E4%BD%BF%E7%94%A8%E8%AA%AA%E6%98%8E/" "Mozilla/5.0 (Windows NT 10.0; Win64; x64) AppleWebKit/537.36 (KHTML, like Gecko) Chrome/151.0.0.0 Safari/537.36 Edg/151.0.0.0"
2001:288:5458:172:5828:950:b2a4:ee77 - - [17/Aug/2026:10:42:15 +0800] "GET /wp-content/uploads/sites/890/2026/06/20260603_%E5%85%AD%E6%9C%88%E4%BB%BD%E5%AD%B8%E7%94%9F%E9%9B%86%E6%9C%83%E7%B8%AE%E5%9C%96-1.jpg HTTP/1.1" 200 483007 "https://www.yeses.ilc.edu.tw/2024/07/31/%E6%98%8A%E4%BA%9Esysreturn%E5%82%99%E4%BB%BD%E9%82%84%E5%8E%9F%E7%B3%BB%E7%B5%B1%E4%BD%BF%E7%94%A8%E8%AA%AA%E6%98%8E/" "Mozilla/5.0 (Windows NT 10.0; Win64; x64) AppleWebKit/537.36 (KHTML, like Gecko) Chrome/151.0.0.0 Safari/537.36 Edg/151.0.0.0"
2001:288:5458:172:5828:950:b2a4:ee77 - - [17/Aug/2026:10:42:15 +0800] "GET /wp-content/uploads/sites/890/2025/12/show3.gif HTTP/1.1" 200 1873 "https://www.yeses.ilc.edu.tw/2024/07/31/%E6%98%8A%E4%BA%9Esysreturn%E5%82%99%E4%BB%BD%E9%82%84%E5%8E%9F%E7%B3%BB%E7%B5%B1%E4%BD%BF%E7%94%A8%E8%AA%AA%E6%98%8E/" "Mozilla/5.0 (Windows NT 10.0; Win64; x64) AppleWebKit/537.36 (KHTML, like Gecko) Chrome/151.0.0.0 Safari/537.36 Edg/151.0.0.0"
2001:288:5458:172:5828:950:b2a4:ee77 - - [17/Aug/2026:10:42:15 +0800] "GET /wp-content/uploads/sites/890/2026/05/IMG_20260526_140626-scaled.jpg HTTP/1.1" 200 486038 "https://www.yeses.ilc.edu.tw/2024/07/31/%E6%98%8A%E4%BA%9Esysreturn%E5%82%99%E4%BB%BD%E9%82%84%E5%8E%9F%E7%B3%BB%E7%B5%B1%E4%BD%BF%E7%94%A8%E8%AA%AA%E6%98%8E/" "Mozilla/5.0 (Windows NT 10.0; Win64; x64) AppleWebKit/537.36 (KHTML, like Gecko) Chrome/151.0.0.0 Safari/537.36 Edg/151.0.0.0"
2001:288:5458:172:5828:950:b2a4:ee77 - - [17/Aug/2026:10:42:15 +0800] "GET /wp-content/uploads/sites/890/2024/07/05%E6%98%8A%E4%BA%9E%E9%82%84%E5%8E%9F%E8%BB%9F%E9%AB%94%E6%93%8D%E4%BD%9C%E8%AA%AA%E6%98%8E.jpg HTTP/1.1" 200 5285 "https://www.yeses.ilc.edu.tw/2024/07/31/%E6%98%8A%E4%BA%9Esysreturn%E5%82%99%E4%BB%BD%E9%82%84%E5%8E%9F%E7%B3%BB%E7%B5%B1%E4%BD%BF%E7%94%A8%E8%AA%AA%E6%98%8E/" "Mozilla/5.0 (Windows NT 10.0; Win64; x64) AppleWebKit/537.36 (KHTML, like Gecko) Chrome/151.0.0.0 Safari/537.36 Edg/151.0.0.0"
114.32.246.242 - - [17/Aug/2026:10:42:15 +0800] "POST /yilankindergartentest/wp-admin/admin-ajax.php HTTP/1.1" 200 1167 "https://2blog.ilc.edu.tw/yilankindergartentest/wp-login.php" "Mozilla/5.0 (Windows NT 10.0; Win64; x64) AppleWebKit/537.36 (KHTML, like Gecko) Chrome/151.0.0.0 Safari/537.36"
2001:288:a201::66:125 - - [17/Aug/2026:10:42:15 +0800] "GET /blog/active.php HTTP/1.1" 404 1084 "-" "-"
2001:288:a201::66:125 - - [17/Aug/2026:10:42:15 +0800] "GET /blog/active.php HTTP/1.1" 301 1026 "-" "-"
2001:288:5458:172:5828:950:b2a4:ee77 - - [17/Aug/2026:10:42:15 +0800] "GET /wp-content/uploads/sites/890/2026/05/20260519%E4%BA%8C%E5%BF%A0%E4%BA%8C%E5%AD%9D%E5%AE%A2%E8%AA%9E%E8%AA%AA%E6%95%85%E4%BA%8B%E7%B8%AE%E5%9C%96.jpg HTTP/1.1" 200 315713 "https://www.yeses.ilc.edu.tw/2024/07/31/%E6%98%8A%E4%BA%9Esysreturn%E5%82%99%E4%BB%BD%E9%82%84%E5%8E%9F%E7%B3%BB%E7%B5%B1%E4%BD%BF%E7%94%A8%E8%AA%AA%E6%98%8E/" "Mozilla/5.0 (Windows NT 10.0; Win64; x64) AppleWebKit/537.36 (KHTML, like Gecko) Chrome/151.0.0.0 Safari/537.36 Edg/151.0.0.0"
2001:288:5458:172:5828:950:b2a4:ee77 - - [17/Aug/2026:10:42:15 +0800] "GET /wp-content/uploads/sites/890/2024/07/06%E6%98%8A%E4%BA%9E%E9%82%84%E5%8E%9F%E8%BB%9F%E9%AB%94%E6%93%8D%E4%BD%9C%E8%AA%AA%E6%98%8E-1.jpg HTTP/1.1" 200 57067 "https://www.yeses.ilc.edu.tw/2024/07/31/%E6%98%8A%E4%BA%9Esysreturn%E5%82%99%E4%BB%BD%E9%82%84%E5%8E%9F%E7%B3%BB%E7%B5%B1%E4%BD%BF%E7%94%A8%E8%AA%AA%E6%98%8E/" "Mozilla/5.0 (Windows NT 10.0; Win64; x64) AppleWebKit/537.36 (KHTML, like Gecko) Chrome/151.0.0.0 Safari/537.36 Edg/151.0.0.0"
2001:288:5458:172:5828:950:b2a4:ee77 - - [17/Aug/2026:10:42:15 +0800] "GET /wp-content/uploads/sites/890/2026/05/20260508%E6%AF%8D%E8%A6%AA%E7%AF%80%E6%B4%BB%E5%8B%95%E7%B8%AE%E5%9C%96.jpg HTTP/1.1" 200 422866 "https://www.yeses.ilc.edu.tw/2024/07/31/%E6%98%8A%E4%BA%9Esysreturn%E5%82%99%E4%BB%BD%E9%82%84%E5%8E%9F%E7%B3%BB%E7%B5%B1%E4%BD%BF%E7%94%A8%E8%AA%AA%E6%98%8E/" "Mozilla/5.0 (Windows NT 10.0; Win64; x64) AppleWebKit/537.36 (KHTML, like Gecko) Chrome/151.0.0.0 Safari/537.36 Edg/151.0.0.0"
2001:288:5458:172:5828:950:b2a4:ee77 - - [17/Aug/2026:10:42:15 +0800] "GET /wp-content/uploads/sites/890/2026/05/20260506_5%E6%9C%88%E4%BB%BD%E5%AD%B8%E7%94%9F%E9%9B%86%E6%9C%83%E7%B8%AE%E5%9C%96-scaled.jpg HTTP/1.1" 200 501877 "https://www.yeses.ilc.edu.tw/2024/07/31/%E6%98%8A%E4%BA%9Esysreturn%E5%82%99%E4%BB%BD%E9%82%84%E5%8E%9F%E7%B3%BB%E7%B5%B1%E4%BD%BF%E7%94%A8%E8%AA%AA%E6%98%8E/" "Mozilla/5.0 (Windows NT 10.0; Win64; x64) AppleWebKit/537.36 (KHTML, like Gecko) Chrome/151.0.0.0 Safari/537.36 Edg/151.0.0.0"
2001:288:5458:172:5828:950:b2a4:ee77 - - [17/Aug/2026:10:42:15 +0800] "GET /wp-content/uploads/sites/890/2024/07/07%E6%98%8A%E4%BA%9E%E9%82%84%E5%8E%9F%E8%BB%9F%E9%AB%94%E6%93%8D%E4%BD%9C%E8%AA%AA%E6%98%8E.jpg HTTP/1.1" 200 4536 "https://www.yeses.ilc.edu.tw/2024/07/31/%E6%98%8A%E4%BA%9Esysreturn%E5%82%99%E4%BB%BD%E9%82%84%E5%8E%9F%E7%B3%BB%E7%B5%B1%E4%BD%BF%E7%94%A8%E8%AA%AA%E6%98%8E/" "Mozilla/5.0 (Windows NT 10.0; Win64; x64) AppleWebKit/537.36 (KHTML, like Gecko) Chrome/151.0.0.0 Safari/537.36 Edg/151.0.0.0"
2001:288:5458:172:5828:950:b2a4:ee77 - - [17/Aug/2026:10:42:15 +0800] "GET /wp-content/uploads/sites/890/2024/07/08%E6%98%8A%E4%BA%9E%E9%82%84%E5%8E%9F%E8%BB%9F%E9%AB%94%E6%93%8D%E4%BD%9C%E8%AA%AA%E6%98%8E-1.jpg HTTP/1.1" 200 53093 "https://www.yeses.ilc.edu.tw/2024/07/31/%E6%98%8A%E4%BA%9Esysreturn%E5%82%99%E4%BB%BD%E9%82%84%E5%8E%9F%E7%B3%BB%E7%B5%B1%E4%BD%BF%E7%94%A8%E8%AA%AA%E6%98%8E/" "Mozilla/5.0 (Windows NT 10.0; Win64; x64) AppleWebKit/537.36 (KHTML, like Gecko) Chrome/151.0.0.0 Safari/537.36 Edg/151.0.0.0"
2001:288:5458:172:5828:950:b2a4:ee77 - - [17/Aug/2026:10:42:15 +0800] "GET /wp-content/uploads/sites/890/2021/03/%E5%93%A1%E5%B1%B1%E5%9C%8B%E5%B0%8F%E9%98%B2%E7%96%AB%E5%B0%88%E5%8D%80icon-1.jpg HTTP/1.1" 200 10516 "https://www.yeses.ilc.edu.tw/2024/07/31/%E6%98%8A%E4%BA%9Esysreturn%E5%82%99%E4%BB%BD%E9%82%84%E5%8E%9F%E7%B3%BB%E7%B5%B1%E4%BD%BF%E7%94%A8%E8%AA%AA%E6%98%8E/" "Mozilla/5.0 (Windows NT 10.0; Win64; x64) AppleWebKit/537.36 (KHTML, like Gecko) Chrome/151.0.0.0 Safari/537.36 Edg/151.0.0.0"
2001:288:5458:172:5828:950:b2a4:ee77 - - [17/Aug/2026:10:42:15 +0800] "GET /wp-content/uploads/sites/890/2026/05/20260428%E4%BA%94%E5%B9%B4%E7%B4%9A%E6%88%B6%E5%A4%96%E6%95%99%E8%82%B2%E7%B6%A0%E8%89%B2%E5%8D%9A%E8%A6%BD%E6%9C%83%E7%B8%AE%E5%9C%96.jpg HTTP/1.1" 200 631378 "https://www.yeses.ilc.edu.tw/2024/07/31/%E6%98%8A%E4%BA%9Esysreturn%E5%82%99%E4%BB%BD%E9%82%84%E5%8E%9F%E7%B3%BB%E7%B5%B1%E4%BD%BF%E7%94%A8%E8%AA%AA%E6%98%8E/" "Mozilla/5.0 (Windows NT 10.0; Win64; x64) AppleWebKit/537.36 (KHTML, like Gecko) Chrome/151.0.0.0 Safari/537.36 Edg/151.0.0.0"
2001:288:5458:172:5828:950:b2a4:ee77 - - [17/Aug/2026:10:42:15 +0800] "GET /wp-content/uploads/sites/890/2021/03/%E5%93%A1%E5%B1%B1%E5%9C%8B%E5%B0%8F%E5%81%9C%E8%AA%B2%E4%B8%8D%E5%81%9C%E5%AD%B8icon.jpg HTTP/1.1" 200 11867 "https://www.yeses.ilc.edu.tw/2024/07/31/%E6%98%8A%E4%BA%9Esysreturn%E5%82%99%E4%BB%BD%E9%82%84%E5%8E%9F%E7%B3%BB%E7%B5%B1%E4%BD%BF%E7%94%A8%E8%AA%AA%E6%98%8E/" "Mozilla/5.0 (Windows NT 10.0; Win64; x64) AppleWebKit/537.36 (KHTML, like Gecko) Chrome/151.0.0.0 Safari/537.36 Edg/151.0.0.0"
2001:288:5458:172:5828:950:b2a4:ee77 - - [17/Aug/2026:10:42:15 +0800] "GET /wp-content/uploads/sites/890/2021/06/%E5%93%A1%E5%B1%B1%E5%9C%8B%E5%B0%8F%E7%B7%9A%E4%B8%8A%E8%AA%B2%E7%A8%8BIMEET%E8%99%9B%E6%93%AC%E6%95%99%E5%AE%A4new%E6%8C%89%E9%88%95.png HTTP/1.1" 200 59777 "https://www.yeses.ilc.edu.tw/2024/07/31/%E6%98%8A%E4%BA%9Esysreturn%E5%82%99%E4%BB%BD%E9%82%84%E5%8E%9F%E7%B3%BB%E7%B5%B1%E4%BD%BF%E7%94%A8%E8%AA%AA%E6%98%8E/" "Mozilla/5.0 (Windows NT 10.0; Win64; x64) AppleWebKit/537.36 (KHTML, like Gecko) Chrome/151.0.0.0 Safari/537.36 Edg/151.0.0.0"
2001:288:5458:172:5828:950:b2a4:ee77 - - [17/Aug/2026:10:42:15 +0800] "GET /wp-content/uploads/sites/890/2026/04/20260428%E4%BA%8C%E5%B9%B4%E7%B4%9A%E6%88%B6%E5%A4%96%E6%95%99%E8%82%B2%E7%B6%A0%E8%89%B2%E5%8D%9A%E8%A6%BD%E6%9C%83.jpg HTTP/1.1" 200 495205 "https://www.yeses.ilc.edu.tw/2024/07/31/%E6%98%8A%E4%BA%9Esysreturn%E5%82%99%E4%BB%BD%E9%82%84%E5%8E%9F%E7%B3%BB%E7%B5%B1%E4%BD%BF%E7%94%A8%E8%AA%AA%E6%98%8E/" "Mozilla/5.0 (Windows NT 10.0; Win64; x64) AppleWebKit/537.36 (KHTML, like Gecko) Chrome/151.0.0.0 Safari/537.36 Edg/151.0.0.0"
2001:288:5458:172:5828:950:b2a4:ee77 - - [17/Aug/2026:10:42:17 +0800] "GET /wp-content/uploads/sites/890/2021/09/%E5%93%A1%E5%B1%B1%E5%9C%8B%E5%B0%8F%E7%B7%9A%E4%B8%8A%E8%AA%B2%E7%A8%8B%E6%8C%89%E9%88%95.png HTTP/1.1" 200 26170 "https://www.yeses.ilc.edu.tw/2024/07/31/%E6%98%8A%E4%BA%9Esysreturn%E5%82%99%E4%BB%BD%E9%82%84%E5%8E%9F%E7%B3%BB%E7%B5%B1%E4%BD%BF%E7%94%A8%E8%AA%AA%E6%98%8E/" "Mozilla/5.0 (Windows NT 10.0; Win64; x64) AppleWebKit/537.36 (KHTML, like Gecko) Chrome/151.0.0.0 Safari/537.36 Edg/151.0.0.0"
2001:288:5458:172:5828:950:b2a4:ee77 - - [17/Aug/2026:10:42:17 +0800] "GET /wp-content/uploads/sites/890/2026/04/20260428%E5%9B%9B%E5%B9%B4%E7%B4%9A%E6%88%B6%E5%A4%96%E6%95%99%E8%82%B2%E7%B6%A0%E8%89%B2%E5%8D%9A%E8%A6%BD%E6%9C%83%E7%B8%AE%E5%9C%96.jpg HTTP/1.1" 200 371350 "https://www.yeses.ilc.edu.tw/2024/07/31/%E6%98%8A%E4%BA%9Esysreturn%E5%82%99%E4%BB%BD%E9%82%84%E5%8E%9F%E7%B3%BB%E7%B5%B1%E4%BD%BF%E7%94%A8%E8%AA%AA%E6%98%8E/" "Mozilla/5.0 (Windows NT 10.0; Win64; x64) AppleWebKit/537.36 (KHTML, like Gecko) Chrome/151.0.0.0 Safari/537.36 Edg/151.0.0.0"
2001:288:5458:172:5828:950:b2a4:ee77 - - [17/Aug/2026:10:42:17 +0800] "GET /wp-content/uploads/sites/890/2022/05/%E5%93%A1%E5%B1%B1%E5%9C%8B%E5%B0%8F%E6%95%99%E5%B8%AB%E6%9C%83%E8%AD%B0%E6%8C%89%E9%88%95.png HTTP/1.1" 200 48801 "https://www.yeses.ilc.edu.tw/2024/07/31/%E6%98%8A%E4%BA%9Esysreturn%E5%82%99%E4%BB%BD%E9%82%84%E5%8E%9F%E7%B3%BB%E7%B5%B1%E4%BD%BF%E7%94%A8%E8%AA%AA%E6%98%8E/" "Mozilla/5.0 (Windows NT 10.0; Win64; x64) AppleWebKit/537.36 (KHTML, like Gecko) Chrome/151.0.0.0 Safari/537.36 Edg/151.0.0.0"
2001:288:5458:172:5828:950:b2a4:ee77 - - [17/Aug/2026:10:42:17 +0800] "GET /wp-content/uploads/sites/890/2026/04/20260429%E4%B8%80%E5%B9%B4%E7%B4%9A%E6%88%B6%E5%A4%96%E6%95%99%E8%82%B2%E5%AE%89%E6%B0%B8%E5%BF%83%E9%A3%9F%E9%A4%A8%E7%B8%AE%E5%9C%96.jpeg HTTP/1.1" 200 129959 "https://www.yeses.ilc.edu.tw/2024/07/31/%E6%98%8A%E4%BA%9Esysreturn%E5%82%99%E4%BB%BD%E9%82%84%E5%8E%9F%E7%B3%BB%E7%B5%B1%E4%BD%BF%E7%94%A8%E8%AA%AA%E6%98%8E/" "Mozilla/5.0 (Windows NT 10.0; Win64; x64) AppleWebKit/537.36 (KHTML, like Gecko) Chrome/151.0.0.0 Safari/537.36 Edg/151.0.0.0"
2001:288:5458:172:5828:950:b2a4:ee77 - - [17/Aug/2026:10:42:17 +0800] "GET /wp-content/uploads/sites/890/2026/04/20260428%E4%B8%89%E5%B9%B4%E7%B4%9A%E6%88%B6%E5%A4%96%E6%95%99%E5%AD%B8%E5%82%B3%E8%97%9D%E4%B8%AD%E5%BF%83%E7%B8%AE%E5%9C%96.jpg HTTP/1.1" 200 844815 "https://www.yeses.ilc.edu.tw/2024/07/31/%E6%98%8A%E4%BA%9Esysreturn%E5%82%99%E4%BB%BD%E9%82%84%E5%8E%9F%E7%B3%BB%E7%B5%B1%E4%BD%BF%E7%94%A8%E8%AA%AA%E6%98%8E/" "Mozilla/5.0 (Windows NT 10.0; Win64; x64) AppleWebKit/537.36 (KHTML, like Gecko) Chrome/151.0.0.0 Safari/537.36 Edg/151.0.0.0"
140.111.67.10 - - [17/Aug/2026:10:42:20 +0800] "GET /" 301 273 "-" "-"
114.32.246.242 - - [17/Aug/2026:10:42:20 +0800] "GET /wp-login.php?openid=register HTTP/1.1" 302 1267 "https://2blog.ilc.edu.tw/yilankindergartentest/wp-login.php" "Mozilla/5.0 (Windows NT 10.0; Win64; x64) AppleWebKit/537.36 (KHTML, like Gecko) Chrome/151.0.0.0 Safari/537.36"
2001:288:a201::66:125 - - [17/Aug/2026:10:42:20 +0800] "GET /blog/active.php HTTP/1.1" 301 1026 "-" "-"
2001:288:a201::66:125 - - [17/Aug/2026:10:42:20 +0800] "GET /blog/active.php HTTP/1.1" 404 1084 "-" "-"
2001:288:5458:172:5828:950:b2a4:ee77 - - [17/Aug/2026:10:42:22 +0800] "GET /wp-content/uploads/sites/890/2024/07/09%E6%98%8A%E4%BA%9E%E9%82%84%E5%8E%9F%E8%BB%9F%E9%AB%94%E6%93%8D%E4%BD%9C%E8%AA%AA%E6%98%8E.jpg HTTP/1.1" 200 4587 "https://www.yeses.ilc.edu.tw/2024/07/31/%E6%98%8A%E4%BA%9Esysreturn%E5%82%99%E4%BB%BD%E9%82%84%E5%8E%9F%E7%B3%BB%E7%B5%B1%E4%BD%BF%E7%94%A8%E8%AA%AA%E6%98%8E/" "Mozilla/5.0 (Windows NT 10.0; Win64; x64) AppleWebKit/537.36 (KHTML, like Gecko) Chrome/151.0.0.0 Safari/537.36 Edg/151.0.0.0"
::1 - - [17/Aug/2026:10:42:23 +0800] "OPTIONS * HTTP/1.0" 200 110 "-" "Apache/2.4.68 (Ubuntu) OpenSSL/3.0.19 (internal dummy connection)"
2001:288:5458:172:5828:950:b2a4:ee77 - - [17/Aug/2026:10:42:23 +0800] "GET /wp-content/uploads/sites/890/2024/07/10%E6%98%8A%E4%BA%9E%E9%82%84%E5%8E%9F%E8%BB%9F%E9%AB%94%E6%93%8D%E4%BD%9C%E8%AA%AA%E6%98%8E.jpg HTTP/1.1" 200 21411 "https://www.yeses.ilc.edu.tw/2024/07/31/%E6%98%8A%E4%BA%9Esysreturn%E5%82%99%E4%BB%BD%E9%82%84%E5%8E%9F%E7%B3%BB%E7%B5%B1%E4%BD%BF%E7%94%A8%E8%AA%AA%E6%98%8E/" "Mozilla/5.0 (Windows NT 10.0; Win64; x64) AppleWebKit/537.36 (KHTML, like Gecko) Chrome/151.0.0.0 Safari/537.36 Edg/151.0.0.0"
::1 - - [17/Aug/2026:10:42:24 +0800] "OPTIONS * HTTP/1.0" 200 110 "-" "Apache/2.4.68 (Ubuntu) OpenSSL/3.0.19 (internal dummy connection)"
140.111.67.10 - - [17/Aug/2026:10:42:25 +0800] "GET /" 301 273 "-" "-"
::1 - - [17/Aug/2026:10:42:25 +0800] "OPTIONS * HTTP/1.0" 200 110 "-" "Apache/2.4.68 (Ubuntu) OpenSSL/3.0.19 (internal dummy connection)"
2001:288:a201::66:125 - - [17/Aug/2026:10:42:25 +0800] "GET /blog/active.php HTTP/1.1" 301 1026 "-" "-"
2001:288:a201::66:125 - - [17/Aug/2026:10:42:25 +0800] "GET /blog/active.php HTTP/1.1" 404 1084 "-" "-"
2001:288:66b5:88:f054:5461:7e18:224b - - [17/Aug/2026:10:42:25 +0800] "GET /26151/2025/07/04/%E6%95%99%E5%B8%AB%E5%8F%8A%E5%AD%B8%E7%94%9F%E5%8A%A9%E7%90%86%E4%BA%BA%E5%93%A1%E6%95%99%E8%82%B2%E9%83%A8%E7%B7%9A%E4%B8%8A%E7%A0%94%E7%BF%92%E8%B3%87%E8%A8%8A/ HTTP/1.1" 200 22695 "https://www.google.com/" "Mozilla/5.0 (Windows NT 10.0; Win64; x64) AppleWebKit/537.36 (KHTML, like Gecko) Chrome/151.0.0.0 Safari/537.36"
2001:288:66b5:88:f054:5461:7e18:224b - - [17/Aug/2026:10:42:25 +0800] "GET /26151/wp-content/cache/2blog.ilc.edu.tw/wpfc-minified/1br8unvq/5wowj.css HTTP/1.1" 200 40888 "https://2blog.ilc.edu.tw/26151/2025/07/04/%E6%95%99%E5%B8%AB%E5%8F%8A%E5%AD%B8%E7%94%9F%E5%8A%A9%E7%90%86%E4%BA%BA%E5%93%A1%E6%95%99%E8%82%B2%E9%83%A8%E7%B7%9A%E4%B8%8A%E7%A0%94%E7%BF%92%E8%B3%87%E8%A8%8A/" "Mozilla/5.0 (Windows NT 10.0; Win64; x64) AppleWebKit/537.36 (KHTML, like Gecko) Chrome/151.0.0.0 Safari/537.36"
2001:288:66b5:88:f054:5461:7e18:224b - - [17/Aug/2026:10:42:25 +0800] "GET /26151/wp-content/cache/2blog.ilc.edu.tw/wpfc-minified/knvudv50/5wowj.css HTTP/1.1" 200 15782 "https://2blog.ilc.edu.tw/26151/2025/07/04/%E6%95%99%E5%B8%AB%E5%8F%8A%E5%AD%B8%E7%94%9F%E5%8A%A9%E7%90%86%E4%BA%BA%E5%93%A1%E6%95%99%E8%82%B2%E9%83%A8%E7%B7%9A%E4%B8%8A%E7%A0%94%E7%BF%92%E8%B3%87%E8%A8%8A/" "Mozilla/5.0 (Windows NT 10.0; Win64; x64) AppleWebKit/537.36 (KHTML, like Gecko) Chrome/151.0.0.0 Safari/537.36"
2001:288:66b5:88:f054:5461:7e18:224b - - [17/Aug/2026:10:42:25 +0800] "GET /26151/wp-content/cache/2blog.ilc.edu.tw/wpfc-minified/7llzr42t/5wowj.css HTTP/1.1" 200 1496 "https://2blog.ilc.edu.tw/26151/2025/07/04/%E6%95%99%E5%B8%AB%E5%8F%8A%E5%AD%B8%E7%94%9F%E5%8A%A9%E7%90%86%E4%BA%BA%E5%93%A1%E6%95%99%E8%82%B2%E9%83%A8%E7%B7%9A%E4%B8%8A%E7%A0%94%E7%BF%92%E8%B3%87%E8%A8%8A/" "Mozilla/5.0 (Windows NT 10.0; Win64; x64) AppleWebKit/537.36 (KHTML, like Gecko) Chrome/151.0.0.0 Safari/537.36"
2001:288:66b5:88:f054:5461:7e18:224b - - [17/Aug/2026:10:42:25 +0800] "GET /26151/wp-content/uploads/sites/1079/elementor/css/post-1945.css HTTP/1.1" 200 6065 "https://2blog.ilc.edu.tw/26151/2025/07/04/%E6%95%99%E5%B8%AB%E5%8F%8A%E5%AD%B8%E7%94%9F%E5%8A%A9%E7%90%86%E4%BA%BA%E5%93%A1%E6%95%99%E8%82%B2%E9%83%A8%E7%B7%9A%E4%B8%8A%E7%A0%94%E7%BF%92%E8%B3%87%E8%A8%8A/" "Mozilla/5.0 (Windows NT 10.0; Win64; x64) AppleWebKit/537.36 (KHTML, like Gecko) Chrome/151.0.0.0 Safari/537.36"
2001:288:66b5:88:f054:5461:7e18:224b - - [17/Aug/2026:10:42:25 +0800] "GET /26151/wp-content/uploads/sites/1079/elementor/css/post-2090.css HTTP/1.1" 200 7047 "https://2blog.ilc.edu.tw/26151/2025/07/04/%E6%95%99%E5%B8%AB%E5%8F%8A%E5%AD%B8%E7%94%9F%E5%8A%A9%E7%90%86%E4%BA%BA%E5%93%A1%E6%95%99%E8%82%B2%E9%83%A8%E7%B7%9A%E4%B8%8A%E7%A0%94%E7%BF%92%E8%B3%87%E8%A8%8A/" "Mozilla/5.0 (Windows NT 10.0; Win64; x64) AppleWebKit/537.36 (KHTML, like Gecko) Chrome/151.0.0.0 Safari/537.36"
2001:288:66b5:88:f054:5461:7e18:224b - - [17/Aug/2026:10:42:25 +0800] "GET /26151/wp-content/cache/2blog.ilc.edu.tw/wpfc-minified/dhzg3i5b/5wowj.css HTTP/1.1" 200 52083 "https://2blog.ilc.edu.tw/26151/2025/07/04/%E6%95%99%E5%B8%AB%E5%8F%8A%E5%AD%B8%E7%94%9F%E5%8A%A9%E7%90%86%E4%BA%BA%E5%93%A1%E6%95%99%E8%82%B2%E9%83%A8%E7%B7%9A%E4%B8%8A%E7%A0%94%E7%BF%92%E8%B3%87%E8%A8%8A/" "Mozilla/5.0 (Windows NT 10.0; Win64; x64) AppleWebKit/537.36 (KHTML, like Gecko) Chrome/151.0.0.0 Safari/537.36"
