::1 - - [17/Aug/2026:10:34:24 +0800] "OPTIONS * HTTP/1.0" 200 110 "-" "Apache/2.4.68 (Ubuntu) OpenSSL/3.0.19 (internal dummy connection)"
52.167.144.166 - - [17/Aug/2026:10:34:24 +0800] "GET /?s=%E6%8C%89%E5%AD%B8%E5%88%86%E8%A8%88%E7%9A%84%E5%AD%B8%E8%B2%BB%E6%80%8E%E9%BA%BD%E7%AE%97 HTTP/1.1" 200 20524 "-" "Mozilla/5.0 AppleWebKit/537.36 (KHTML, like Gecko; compatible; bingbot/2.0; +http://www.bing.com/bingbot.htm) Chrome/116.0.1938.76 Safari/537.36"
140.111.67.10 - - [17/Aug/2026:10:34:25 +0800] "GET /" 301 273 "-" "-"
::1 - - [17/Aug/2026:10:34:25 +0800] "OPTIONS * HTTP/1.0" 200 110 "-" "Apache/2.4.68 (Ubuntu) OpenSSL/3.0.19 (internal dummy connection)"
2001:288:a201::66:125 - - [17/Aug/2026:10:34:25 +0800] "GET /blog/active.php HTTP/1.1" 404 1084 "-" "-"
2001:288:a201::66:125 - - [17/Aug/2026:10:34:25 +0800] "GET /blog/active.php HTTP/1.1" 301 1026 "-" "-"
2001:288:a26a:1:6923:8bf3:4374:c578 - - [17/Aug/2026:10:34:26 +0800] "POST /hsics/wp-admin/admin-ajax.php HTTP/1.1" 200 1459 "https://2blog.ilc.edu.tw/hsics/wp-admin/edit.php" "Mozilla/5.0 (Windows NT 10.0; Win64; x64) AppleWebKit/537.36 (KHTML, like Gecko) Chrome/151.0.0.0 Safari/537.36"
::1 - - [17/Aug/2026:10:34:27 +0800] "OPTIONS * HTTP/1.0" 200 110 "-" "Apache/2.4.68 (Ubuntu) OpenSSL/3.0.19 (internal dummy connection)"
::1 - - [17/Aug/2026:10:34:28 +0800] "OPTIONS * HTTP/1.0" 200 110 "-" "Apache/2.4.68 (Ubuntu) OpenSSL/3.0.19 (internal dummy connection)"
118.169.129.163 - - [17/Aug/2026:10:34:28 +0800] "GET / HTTP/1.1" 200 21872 "https://www.google.com/" "Mozilla/5.0 (Linux; Android 10; K) AppleWebKit/537.36 (KHTML, like Gecko) Chrome/151.0.0.0 Mobile Safari/537.36"
118.169.129.163 - - [17/Aug/2026:10:34:28 +0800] "GET /wp-content/cache/www.whjh.ilc.edu.tw/wpfc-minified/kxwq3nnq/6w61.css HTTP/1.1" 200 5956 "https://www.whjh.ilc.edu.tw/" "Mozilla/5.0 (Linux; Android 10; K) AppleWebKit/537.36 (KHTML, like Gecko) Chrome/151.0.0.0 Mobile Safari/537.36"
118.169.129.163 - - [17/Aug/2026:10:34:28 +0800] "GET /wp-content/cache/www.whjh.ilc.edu.tw/wpfc-minified/6xj8bvty/6w61.css HTTP/1.1" 200 40884 "https://www.whjh.ilc.edu.tw/" "Mozilla/5.0 (Linux; Android 10; K) AppleWebKit/537.36 (KHTML, like Gecko) Chrome/151.0.0.0 Mobile Safari/537.36"
118.169.129.163 - - [17/Aug/2026:10:34:28 +0800] "GET /wp-content/uploads/sites/944/elementor/css/post-836.css HTTP/1.1" 200 1608 "https://www.whjh.ilc.edu.tw/" "Mozilla/5.0 (Linux; Android 10; K) AppleWebKit/537.36 (KHTML, like Gecko) Chrome/151.0.0.0 Mobile Safari/537.36"
118.169.129.163 - - [17/Aug/2026:10:34:28 +0800] "GET /wp-content/cache/www.whjh.ilc.edu.tw/wpfc-minified/7cam4p65/6w61.css HTTP/1.1" 200 19347 "https://www.whjh.ilc.edu.tw/" "Mozilla/5.0 (Linux; Android 10; K) AppleWebKit/537.36 (KHTML, like Gecko) Chrome/151.0.0.0 Mobile Safari/537.36"
118.169.129.163 - - [17/Aug/2026:10:34:28 +0800] "GET /wp-content/uploads/sites/944/elementor/css/post-754.css HTTP/1.1" 200 958 "https://www.whjh.ilc.edu.tw/" "Mozilla/5.0 (Linux; Android 10; K) AppleWebKit/537.36 (KHTML, like Gecko) Chrome/151.0.0.0 Mobile Safari/537.36"
118.169.129.163 - - [17/Aug/2026:10:34:28 +0800] "GET /wp-content/cache/www.whjh.ilc.edu.tw/wpfc-minified/kyohlat9/6w61.css HTTP/1.1" 200 46969 "https://www.whjh.ilc.edu.tw/" "Mozilla/5.0 (Linux; Android 10; K) AppleWebKit/537.36 (KHTML, like Gecko) Chrome/151.0.0.0 Mobile Safari/537.36"
118.169.129.163 - - [17/Aug/2026:10:34:28 +0800] "GET /wp-content/cache/www.whjh.ilc.edu.tw/wpfc-minified/qjmkpdpq/6w61.css HTTP/1.1" 200 69745 "https://www.whjh.ilc.edu.tw/" "Mozilla/5.0 (Linux; Android 10; K) AppleWebKit/537.36 (KHTML, like Gecko) Chrome/151.0.0.0 Mobile Safari/537.36"
118.169.129.163 - - [17/Aug/2026:10:34:28 +0800] "GET /wp-content/cache/www.whjh.ilc.edu.tw/wpfc-minified/8imirqcp/6w61.js HTTP/1.1" 200 21760 "https://www.whjh.ilc.edu.tw/" "Mozilla/5.0 (Linux; Android 10; K) AppleWebKit/537.36 (KHTML, like Gecko) Chrome/151.0.0.0 Mobile Safari/537.36"
118.169.129.163 - - [17/Aug/2026:10:34:28 +0800] "GET /wp-content/cache/www.whjh.ilc.edu.tw/wpfc-minified/1bwbd5u0/6w61.js HTTP/1.1" 200 40358 "https://www.whjh.ilc.edu.tw/" "Mozilla/5.0 (Linux; Android 10; K) AppleWebKit/537.36 (KHTML, like Gecko) Chrome/151.0.0.0 Mobile Safari/537.36"
118.169.129.163 - - [17/Aug/2026:10:34:28 +0800] "GET /wp-content/themes/hueman/assets/front/webfonts/fa-brands-400.woff2?v=5.15.2 HTTP/1.1" 200 79499 "https://www.whjh.ilc.edu.tw/" "Mozilla/5.0 (Linux; Android 10; K) AppleWebKit/537.36 (KHTML, like Gecko) Chrome/151.0.0.0 Mobile Safari/537.36"
2001:b011:e602:9d14:e024:a4d9:cb35:543b - - [17/Aug/2026:10:34:29 +0800] "-" 408 339 "-" "-"
118.169.129.163 - - [17/Aug/2026:10:34:29 +0800] "GET /wp-content/themes/hueman/assets/front/webfonts/fa-regular-400.woff2?v=5.15.2 HTTP/1.1" 200 14439 "https://www.whjh.ilc.edu.tw/" "Mozilla/5.0 (Linux; Android 10; K) AppleWebKit/537.36 (KHTML, like Gecko) Chrome/151.0.0.0 Mobile Safari/537.36"
118.169.129.163 - - [17/Aug/2026:10:34:29 +0800] "GET /wp-content/themes/hueman/assets/front/webfonts/fa-solid-900.woff2?v=5.15.2 HTTP/1.1" 200 81301 "https://www.whjh.ilc.edu.tw/" "Mozilla/5.0 (Linux; Android 10; K) AppleWebKit/537.36 (KHTML, like Gecko) Chrome/151.0.0.0 Mobile Safari/537.36"
118.169.129.163 - - [17/Aug/2026:10:34:29 +0800] "GET /wp-content/themes/hueman/assets/front/fonts/titillium-lightitalic-webfont.woff HTTP/1.1" 200 27654 "https://www.whjh.ilc.edu.tw/" "Mozilla/5.0 (Linux; Android 10; K) AppleWebKit/537.36 (KHTML, like Gecko) Chrome/151.0.0.0 Mobile Safari/537.36"
118.169.129.163 - - [17/Aug/2026:10:34:29 +0800] "GET /wp-content/themes/hueman/assets/front/fonts/titillium-light-webfont.woff HTTP/1.1" 200 25606 "https://www.whjh.ilc.edu.tw/" "Mozilla/5.0 (Linux; Android 10; K) AppleWebKit/537.36 (KHTML, like Gecko) Chrome/151.0.0.0 Mobile Safari/537.36"
118.169.129.163 - - [17/Aug/2026:10:34:29 +0800] "GET /wp-content/themes/hueman/assets/front/fonts/titillium-regular-webfont.woff HTTP/1.1" 200 25590 "https://www.whjh.ilc.edu.tw/" "Mozilla/5.0 (Linux; Android 10; K) AppleWebKit/537.36 (KHTML, like Gecko) Chrome/151.0.0.0 Mobile Safari/537.36"
118.169.129.163 - - [17/Aug/2026:10:34:29 +0800] "GET /wp-content/themes/hueman/assets/front/fonts/titillium-regularitalic-webfont.woff HTTP/1.1" 200 27482 "https://www.whjh.ilc.edu.tw/" "Mozilla/5.0 (Linux; Android 10; K) AppleWebKit/537.36 (KHTML, like Gecko) Chrome/151.0.0.0 Mobile Safari/537.36"
118.169.129.163 - - [17/Aug/2026:10:34:29 +0800] "GET /wp-content/themes/hueman/assets/front/fonts/titillium-semibold-webfont.woff HTTP/1.1" 200 25626 "https://www.whjh.ilc.edu.tw/" "Mozilla/5.0 (Linux; Android 10; K) AppleWebKit/537.36 (KHTML, like Gecko) Chrome/151.0.0.0 Mobile Safari/537.36"
118.169.129.163 - - [17/Aug/2026:10:34:29 +0800] "GET /wp-content/uploads/sites/944/2019/10/cropped-%E6%96%87%E4%B8%ADbanner1.jpg HTTP/1.1" 200 131750 "https://www.whjh.ilc.edu.tw/" "Mozilla/5.0 (Linux; Android 10; K) AppleWebKit/537.36 (KHTML, like Gecko) Chrome/151.0.0.0 Mobile Safari/537.36"
118.169.129.163 - - [17/Aug/2026:10:34:29 +0800] "GET /wp-content/uploads/sites/944/2019/10/%E8%82%9A%E7%9A%AE%E8%88%9E_resized-150x150.jpg HTTP/1.1" 200 8512 "https://www.whjh.ilc.edu.tw/" "Mozilla/5.0 (Linux; Android 10; K) AppleWebKit/537.36 (KHTML, like Gecko) Chrome/151.0.0.0 Mobile Safari/537.36"
118.169.129.163 - - [17/Aug/2026:10:34:29 +0800] "GET /wp-content/uploads/sites/944/2019/10/%E6%9C%AC%E6%A0%A1%E6%A0%A1%E5%8F%8B%E9%BB%83%E8%8A%9D%E9%B3%B3941016%E6%89%93%E7%A0%B4%E5%85%A8%E5%9C%8B%E5%A5%B3%E5%AD%90%E9%8F%88%E7%90%83%E5%85%A8%E5%9C%8B%E7%B4%80%E9%8C%8461.54%E7%B1%B3_resized-150x150.jpg HTTP/1.1" 200 10703 "https://www.whjh.ilc.edu.tw/" "Mozilla/5.0 (Linux; Android 10; K) AppleWebKit/537.36 (KHTML, like Gecko) Chrome/151.0.0.0 Mobile Safari/537.36"
118.169.129.163 - - [17/Aug/2026:10:34:29 +0800] "GET /wp-content/uploads/sites/944/2019/10/%E6%9C%AC%E6%A0%A1%E6%A0%A1%E5%8F%8B%E9%BB%83%E5%87%A1%E7%8F%8A2018%E4%BA%9E%E9%81%8B%E5%A5%B3%E7%B1%83%E5%9C%8B%E6%89%8B_resized-150x150.jpg HTTP/1.1" 200 8515 "https://www.whjh.ilc.edu.tw/" "Mozilla/5.0 (Linux; Android 10; K) AppleWebKit/537.36 (KHTML, like Gecko) Chrome/151.0.0.0 Mobile Safari/537.36"
118.169.129.163 - - [17/Aug/2026:10:34:29 +0800] "GET /wp-content/uploads/sites/944/2019/10/%E6%9C%AC%E6%A0%A1%E6%A0%A1%E5%8F%8B%E9%99%B3%E9%88%BA%E5%90%9B2018%E4%BA%9E%E9%81%8B%E5%A5%B3%E7%B1%83%E9%9A%8A%E9%95%B7_resized-150x150.jpg HTTP/1.1" 200 10375 "https://www.whjh.ilc.edu.tw/" "Mozilla/5.0 (Linux; Android 10; K) AppleWebKit/537.36 (KHTML, like Gecko) Chrome/151.0.0.0 Mobile Safari/537.36"
118.169.129.163 - - [17/Aug/2026:10:34:29 +0800] "GET /wp-includes/js/hoverintent-js.min.js HTTP/1.1" 200 1936 "https://www.whjh.ilc.edu.tw/" "Mozilla/5.0 (Linux; Android 10; K) AppleWebKit/537.36 (KHTML, like Gecko) Chrome/151.0.0.0 Mobile Safari/537.36"
118.169.129.163 - - [17/Aug/2026:10:34:29 +0800] "GET /wp-includes/js/admin-bar.min.js HTTP/1.1" 200 2576 "https://www.whjh.ilc.edu.tw/" "Mozilla/5.0 (Linux; Android 10; K) AppleWebKit/537.36 (KHTML, like Gecko) Chrome/151.0.0.0 Mobile Safari/537.36"
118.169.129.163 - - [17/Aug/2026:10:34:29 +0800] "GET /wp-includes/js/underscore.min.js HTTP/1.1" 200 8191 "https://www.whjh.ilc.edu.tw/" "Mozilla/5.0 (Linux; Android 10; K) AppleWebKit/537.36 (KHTML, like Gecko) Chrome/151.0.0.0 Mobile Safari/537.36"
118.169.129.163 - - [17/Aug/2026:10:34:29 +0800] "GET /wp-content/plugins/elementor-pro/assets/js/webpack-pro.runtime.min.js HTTP/1.1" 200 3562 "https://www.whjh.ilc.edu.tw/" "Mozilla/5.0 (Linux; Android 10; K) AppleWebKit/537.36 (KHTML, like Gecko) Chrome/151.0.0.0 Mobile Safari/537.36"
118.169.129.163 - - [17/Aug/2026:10:34:29 +0800] "GET /wp-content/plugins/elementor/assets/js/webpack.runtime.min.js HTTP/1.1" 200 3095 "https://www.whjh.ilc.edu.tw/" "Mozilla/5.0 (Linux; Android 10; K) AppleWebKit/537.36 (KHTML, like Gecko) Chrome/151.0.0.0 Mobile Safari/537.36"
118.169.129.163 - - [17/Aug/2026:10:34:29 +0800] "GET /wp-content/plugins/elementor/assets/js/frontend-modules.min.js HTTP/1.1" 200 19416 "https://www.whjh.ilc.edu.tw/" "Mozilla/5.0 (Linux; Android 10; K) AppleWebKit/537.36 (KHTML, like Gecko) Chrome/151.0.0.0 Mobile Safari/537.36"
118.169.129.163 - - [17/Aug/2026:10:34:29 +0800] "GET /wp-includes/js/dist/hooks.min.js HTTP/1.1" 200 2421 "https://www.whjh.ilc.edu.tw/" "Mozilla/5.0 (Linux; Android 10; K) AppleWebKit/537.36 (KHTML, like Gecko) Chrome/151.0.0.0 Mobile Safari/537.36"
118.169.129.163 - - [17/Aug/2026:10:34:29 +0800] "GET /wp-includes/js/dist/i18n.min.js HTTP/1.1" 200 4547 "https://www.whjh.ilc.edu.tw/" "Mozilla/5.0 (Linux; Android 10; K) AppleWebKit/537.36 (KHTML, like Gecko) Chrome/151.0.0.0 Mobile Safari/537.36"
118.169.129.163 - - [17/Aug/2026:10:34:29 +0800] "GET /wp-content/plugins/elementor-pro/assets/js/frontend.min.js HTTP/1.1" 200 7574 "https://www.whjh.ilc.edu.tw/" "Mozilla/5.0 (Linux; Android 10; K) AppleWebKit/537.36 (KHTML, like Gecko) Chrome/151.0.0.0 Mobile Safari/537.36"
118.169.129.163 - - [17/Aug/2026:10:34:29 +0800] "GET /wp-content/plugins/elementor/assets/lib/waypoints/waypoints.min.js HTTP/1.1" 200 3873 "https://www.whjh.ilc.edu.tw/" "Mozilla/5.0 (Linux; Android 10; K) AppleWebKit/537.36 (KHTML, like Gecko) Chrome/151.0.0.0 Mobile Safari/537.36"
118.169.129.163 - - [17/Aug/2026:10:34:29 +0800] "GET /wp-includes/js/jquery/ui/core.min.js HTTP/1.1" 200 7986 "https://www.whjh.ilc.edu.tw/" "Mozilla/5.0 (Linux; Android 10; K) AppleWebKit/537.36 (KHTML, like Gecko) Chrome/151.0.0.0 Mobile Safari/537.36"
118.169.129.163 - - [17/Aug/2026:10:34:29 +0800] "GET /wp-content/plugins/elementor/assets/js/frontend.min.js HTTP/1.1" 200 13169 "https://www.whjh.ilc.edu.tw/" "Mozilla/5.0 (Linux; Android 10; K) AppleWebKit/537.36 (KHTML, like Gecko) Chrome/151.0.0.0 Mobile Safari/537.36"
118.169.129.163 - - [17/Aug/2026:10:34:29 +0800] "GET /wp-content/plugins/elementor-pro/assets/js/elements-handlers.min.js HTTP/1.1" 200 10882 "https://www.whjh.ilc.edu.tw/" "Mozilla/5.0 (Linux; Android 10; K) AppleWebKit/537.36 (KHTML, like Gecko) Chrome/151.0.0.0 Mobile Safari/537.36"
118.169.129.163 - - [17/Aug/2026:10:34:29 +0800] "GET /wp-content/uploads/sites/944/2019/10/RED_2301_resized-150x150.jpg HTTP/1.1" 200 12226 "https://www.whjh.ilc.edu.tw/" "Mozilla/5.0 (Linux; Android 10; K) AppleWebKit/537.36 (KHTML, like Gecko) Chrome/151.0.0.0 Mobile Safari/537.36"
118.169.129.163 - - [17/Aug/2026:10:34:29 +0800] "GET /wp-content/uploads/sites/944/2019/10/IMG20180314140232_resized-150x150.jpg HTTP/1.1" 200 8487 "https://www.whjh.ilc.edu.tw/" "Mozilla/5.0 (Linux; Android 10; K) AppleWebKit/537.36 (KHTML, like Gecko) Chrome/151.0.0.0 Mobile Safari/537.36"
118.169.129.163 - - [17/Aug/2026:10:34:29 +0800] "GET /wp-content/uploads/sites/944/2019/10/IMG20180306112208_1_resized-150x150.jpg HTTP/1.1" 200 8676 "https://www.whjh.ilc.edu.tw/" "Mozilla/5.0 (Linux; Android 10; K) AppleWebKit/537.36 (KHTML, like Gecko) Chrome/151.0.0.0 Mobile Safari/537.36"
118.169.129.163 - - [17/Aug/2026:10:34:29 +0800] "GET /wp-content/uploads/sites/944/2019/10/IMG_7950_resized-150x150.jpg HTTP/1.1" 200 10173 "https://www.whjh.ilc.edu.tw/" "Mozilla/5.0 (Linux; Android 10; K) AppleWebKit/537.36 (KHTML, like Gecko) Chrome/151.0.0.0 Mobile Safari/537.36"
118.169.129.163 - - [17/Aug/2026:10:34:29 +0800] "GET /wp-content/uploads/sites/944/2019/10/IMG_5604_resized-150x150.jpg HTTP/1.1" 200 11270 "https://www.whjh.ilc.edu.tw/" "Mozilla/5.0 (Linux; Android 10; K) AppleWebKit/537.36 (KHTML, like Gecko) Chrome/151.0.0.0 Mobile Safari/537.36"
118.169.129.163 - - [17/Aug/2026:10:34:29 +0800] "GET /wp-content/uploads/sites/944/2019/10/IMG_1962_resized-150x150.jpg HTTP/1.1" 200 7818 "https://www.whjh.ilc.edu.tw/" "Mozilla/5.0 (Linux; Android 10; K) AppleWebKit/537.36 (KHTML, like Gecko) Chrome/151.0.0.0 Mobile Safari/537.36"
118.169.129.163 - - [17/Aug/2026:10:34:29 +0800] "GET /wp-content/uploads/sites/944/2019/10/IMG_2185_resized-150x150.jpg HTTP/1.1" 200 10009 "https://www.whjh.ilc.edu.tw/" "Mozilla/5.0 (Linux; Android 10; K) AppleWebKit/537.36 (KHTML, like Gecko) Chrome/151.0.0.0 Mobile Safari/537.36"
118.169.129.163 - - [17/Aug/2026:10:34:29 +0800] "GET /wp-content/uploads/sites/944/2019/10/IMG_0762_resized-150x150.jpg HTTP/1.1" 200 10691 "https://www.whjh.ilc.edu.tw/" "Mozilla/5.0 (Linux; Android 10; K) AppleWebKit/537.36 (KHTML, like Gecko) Chrome/151.0.0.0 Mobile Safari/537.36"
118.169.129.163 - - [17/Aug/2026:10:34:29 +0800] "GET /wp-content/uploads/sites/944/2019/10/IMG_1528_resized-150x150.jpg HTTP/1.1" 200 9758 "https://www.whjh.ilc.edu.tw/" "Mozilla/5.0 (Linux; Android 10; K) AppleWebKit/537.36 (KHTML, like Gecko) Chrome/151.0.0.0 Mobile Safari/537.36"
118.169.129.163 - - [17/Aug/2026:10:34:29 +0800] "GET /wp-content/uploads/sites/944/2019/10/IMG_0309_resized-150x150.jpg HTTP/1.1" 200 10421 "https://www.whjh.ilc.edu.tw/" "Mozilla/5.0 (Linux; Android 10; K) AppleWebKit/537.36 (KHTML, like Gecko) Chrome/151.0.0.0 Mobile Safari/537.36"
118.169.129.163 - - [17/Aug/2026:10:34:29 +0800] "GET /wp-content/uploads/sites/944/2019/10/IMG_0121_resized-150x150.jpg HTTP/1.1" 200 11524 "https://www.whjh.ilc.edu.tw/" "Mozilla/5.0 (Linux; Android 10; K) AppleWebKit/537.36 (KHTML, like Gecko) Chrome/151.0.0.0 Mobile Safari/537.36"
118.169.129.163 - - [17/Aug/2026:10:34:29 +0800] "GET /wp-content/uploads/sites/944/2019/10/IMG_0122_resized-150x150.jpg HTTP/1.1" 200 8892 "https://www.whjh.ilc.edu.tw/" "Mozilla/5.0 (Linux; Android 10; K) AppleWebKit/537.36 (KHTML, like Gecko) Chrome/151.0.0.0 Mobile Safari/537.36"
118.169.129.163 - - [17/Aug/2026:10:34:29 +0800] "GET /wp-content/plugins/elementor/assets/lib/font-awesome/webfonts/fa-solid-900.woff2 HTTP/1.1" 200 79223 "https://www.whjh.ilc.edu.tw/wp-content/cache/www.whjh.ilc.edu.tw/wpfc-minified/qjmkpdpq/6w61.css" "Mozilla/5.0 (Linux; Android 10; K) AppleWebKit/537.36 (KHTML, like Gecko) Chrome/151.0.0.0 Mobile Safari/537.36"
118.169.129.163 - - [17/Aug/2026:10:34:29 +0800] "GET /wp-content/plugins/elementor/assets/lib/eicons/fonts/eicons.woff2?5.30.0 HTTP/1.1" 200 98225 "https://www.whjh.ilc.edu.tw/wp-content/cache/www.whjh.ilc.edu.tw/wpfc-minified/kyohlat9/6w61.css" "Mozilla/5.0 (Linux; Android 10; K) AppleWebKit/537.36 (KHTML, like Gecko) Chrome/151.0.0.0 Mobile Safari/537.36"
118.169.129.163 - - [17/Aug/2026:10:34:29 +0800] "GET /wp-content/uploads/sites/944/2019/10/DSCN2419_resized-150x150.jpg HTTP/1.1" 200 9915 "https://www.whjh.ilc.edu.tw/" "Mozilla/5.0 (Linux; Android 10; K) AppleWebKit/537.36 (KHTML, like Gecko) Chrome/151.0.0.0 Mobile Safari/537.36"
118.169.129.163 - - [17/Aug/2026:10:34:29 +0800] "GET /wp-content/uploads/sites/944/2019/10/DSC_6937_resized-150x150.jpg HTTP/1.1" 200 12595 "https://www.whjh.ilc.edu.tw/" "Mozilla/5.0 (Linux; Android 10; K) AppleWebKit/537.36 (KHTML, like Gecko) Chrome/151.0.0.0 Mobile Safari/537.36"
118.169.129.163 - - [17/Aug/2026:10:34:29 +0800] "GET /wp-content/uploads/sites/944/2019/10/DSC_6512_resized-150x150.jpg HTTP/1.1" 200 8238 "https://www.whjh.ilc.edu.tw/" "Mozilla/5.0 (Linux; Android 10; K) AppleWebKit/537.36 (KHTML, like Gecko) Chrome/151.0.0.0 Mobile Safari/537.36"
118.169.129.163 - - [17/Aug/2026:10:34:29 +0800] "GET /wp-content/uploads/sites/944/2019/10/IMG_0245-1_resized-150x150.jpg HTTP/1.1" 200 9296 "https://www.whjh.ilc.edu.tw/" "Mozilla/5.0 (Linux; Android 10; K) AppleWebKit/537.36 (KHTML, like Gecko) Chrome/151.0.0.0 Mobile Safari/537.36"
118.169.129.163 - - [17/Aug/2026:10:34:29 +0800] "GET /wp-content/uploads/sites/944/2019/10/DSC_5907_resized-150x150.jpg HTTP/1.1" 200 10636 "https://www.whjh.ilc.edu.tw/" "Mozilla/5.0 (Linux; Android 10; K) AppleWebKit/537.36 (KHTML, like Gecko) Chrome/151.0.0.0 Mobile Safari/537.36"
118.169.129.163 - - [17/Aug/2026:10:34:29 +0800] "GET /wp-content/plugins/elementor/assets/lib/font-awesome/webfonts/fa-brands-400.woff2 HTTP/1.1" 200 82661 "https://www.whjh.ilc.edu.tw/wp-content/cache/www.whjh.ilc.edu.tw/wpfc-minified/qjmkpdpq/6w61.css" "Mozilla/5.0 (Linux; Android 10; K) AppleWebKit/537.36 (KHTML, like Gecko) Chrome/151.0.0.0 Mobile Safari/537.36"
140.111.67.10 - - [17/Aug/2026:10:34:30 +0800] "GET /" 301 273 "-" "-"
118.169.129.163 - - [17/Aug/2026:10:34:29 +0800] "GET /wp-content/uploads/sites/944/2019/10/DJI_0110.jpg HTTP/1.1" 200 4944839 "https://www.whjh.ilc.edu.tw/" "Mozilla/5.0 (Linux; Android 10; K) AppleWebKit/537.36 (KHTML, like Gecko) Chrome/151.0.0.0 Mobile Safari/537.36"
118.169.129.163 - - [17/Aug/2026:10:34:29 +0800] "GET /wp-content/uploads/sites/944/2019/10/AJN_2042_resized-150x150.jpg HTTP/1.1" 200 5625 "https://www.whjh.ilc.edu.tw/" "Mozilla/5.0 (Linux; Android 10; K) AppleWebKit/537.36 (KHTML, like Gecko) Chrome/151.0.0.0 Mobile Safari/537.36"
118.169.129.163 - - [17/Aug/2026:10:34:29 +0800] "GET /wp-content/uploads/sites/944/2019/10/AJN_7271_resized-150x150.jpg HTTP/1.1" 200 9173 "https://www.whjh.ilc.edu.tw/" "Mozilla/5.0 (Linux; Android 10; K) AppleWebKit/537.36 (KHTML, like Gecko) Chrome/151.0.0.0 Mobile Safari/537.36"
118.169.129.163 - - [17/Aug/2026:10:34:30 +0800] "GET /wp-content/uploads/sites/944/2019/10/1121a0083_resized-150x150.jpg HTTP/1.1" 200 8417 "https://www.whjh.ilc.edu.tw/" "Mozilla/5.0 (Linux; Android 10; K) AppleWebKit/537.36 (KHTML, like Gecko) Chrome/151.0.0.0 Mobile Safari/537.36"
118.169.129.163 - - [17/Aug/2026:10:34:29 +0800] "GET /wp-content/uploads/sites/944/2019/10/2017.3.10-a004_resized-150x150.jpg HTTP/1.1" 200 10910 "https://www.whjh.ilc.edu.tw/" "Mozilla/5.0 (Linux; Android 10; K) AppleWebKit/537.36 (KHTML, like Gecko) Chrome/151.0.0.0 Mobile Safari/537.36"
118.169.129.163 - - [17/Aug/2026:10:34:29 +0800] "GET /wp-content/uploads/sites/944/2019/10/12299265_1070712212948165_2090299834551627172_n_resized-150x150.jpg HTTP/1.1" 200 10126 "https://www.whjh.ilc.edu.tw/" "Mozilla/5.0 (Linux; Android 10; K) AppleWebKit/537.36 (KHTML, like Gecko) Chrome/151.0.0.0 Mobile Safari/537.36"
118.169.129.163 - - [17/Aug/2026:10:34:29 +0800] "GET /wp-content/uploads/sites/944/2019/10/DAY2_171204_0059_resized-150x150.jpg HTTP/1.1" 200 7539 "https://www.whjh.ilc.edu.tw/" "Mozilla/5.0 (Linux; Android 10; K) AppleWebKit/537.36 (KHTML, like Gecko) Chrome/151.0.0.0 Mobile Safari/537.36"
118.169.129.163 - - [17/Aug/2026:10:34:30 +0800] "GET /wp-content/uploads/sites/944/2019/10/064_resized-150x150.jpg HTTP/1.1" 200 8351 "https://www.whjh.ilc.edu.tw/" "Mozilla/5.0 (Linux; Android 10; K) AppleWebKit/537.36 (KHTML, like Gecko) Chrome/151.0.0.0 Mobile Safari/537.36"
118.169.129.163 - - [17/Aug/2026:10:34:30 +0800] "GET /wp-includes/images/rss.png HTTP/1.1" 200 1434 "https://www.whjh.ilc.edu.tw/" "Mozilla/5.0 (Linux; Android 10; K) AppleWebKit/537.36 (KHTML, like Gecko) Chrome/151.0.0.0 Mobile Safari/537.36"
118.169.129.163 - - [17/Aug/2026:10:34:30 +0800] "GET /wp-content/themes/hueman/assets/front/js/scripts.min.js HTTP/1.1" 200 22643 "https://www.whjh.ilc.edu.tw/" "Mozilla/5.0 (Linux; Android 10; K) AppleWebKit/537.36 (KHTML, like Gecko) Chrome/151.0.0.0 Mobile Safari/537.36"
2001:288:a201::66:125 - - [17/Aug/2026:10:34:30 +0800] "GET /blog/active.php HTTP/1.1" 301 1026 "-" "-"
2001:288:a201::66:125 - - [17/Aug/2026:10:34:30 +0800] "GET /blog/active.php HTTP/1.1" 404 1084 "-" "-"
118.169.129.163 - - [17/Aug/2026:10:34:30 +0800] "GET /wp-content/plugins/elementor/assets/js/image-carousel.4455c6362492d9067512.bundle.min.js HTTP/1.1" 200 1176 "https://www.whjh.ilc.edu.tw/" "Mozilla/5.0 (Linux; Android 10; K) AppleWebKit/537.36 (KHTML, like Gecko) Chrome/151.0.0.0 Mobile Safari/537.36"
118.169.129.163 - - [17/Aug/2026:10:34:30 +0800] "GET /wp-content/plugins/elementor-pro/assets/js/social.2d2e44e8608690943f29.bundle.min.js HTTP/1.1" 200 1433 "https://www.whjh.ilc.edu.tw/" "Mozilla/5.0 (Linux; Android 10; K) AppleWebKit/537.36 (KHTML, like Gecko) Chrome/151.0.0.0 Mobile Safari/537.36"
118.169.129.163 - - [17/Aug/2026:10:34:30 +0800] "GET /wp-content/plugins/elementor/assets/lib/swiper/v8/swiper.min.js?ver=8.4.5 HTTP/1.1" 200 40708 "https://www.whjh.ilc.edu.tw/" "Mozilla/5.0 (Linux; Android 10; K) AppleWebKit/537.36 (KHTML, like Gecko) Chrome/151.0.0.0 Mobile Safari/537.36"
140.111.67.195 - - [17/Aug/2026:10:34:31 +0800] "GET /wp-admin/admin-post.php?action=steps_ad HTTP/1.1" 200 6425 "-" "node-fetch/1.0 (+https://github.com/bitinn/node-fetch)"
118.169.129.163 - - [17/Aug/2026:10:34:31 +0800] "GET /wp-content/uploads/sites/944/2019/10/cropped-%E6%96%87%E4%B8%AD%E7%B6%B2%E9%A0%81logo-192x192.jpg HTTP/1.1" 200 12283 "https://www.whjh.ilc.edu.tw/" "Mozilla/5.0 (Linux; Android 10; K) AppleWebKit/537.36 (KHTML, like Gecko) Chrome/151.0.0.0 Mobile Safari/537.36"
118.169.129.163 - - [17/Aug/2026:10:34:31 +0800] "GET /wp-content/uploads/sites/944/2019/10/cropped-%E6%96%87%E4%B8%AD%E7%B6%B2%E9%A0%81logo-180x180.jpg HTTP/1.1" 200 11318 "https://www.whjh.ilc.edu.tw/" "Mozilla/5.0 (Linux; Android 10; K) AppleWebKit/537.36 (KHTML, like Gecko) Chrome/151.0.0.0 Mobile Safari/537.36"
2001:288:a217:1:d1c9:646:be1d:9ecd - - [17/Aug/2026:10:34:32 +0800] "-" 408 4801 "-" "-"
140.111.67.10 - - [17/Aug/2026:10:34:35 +0800] "GET /" 301 273 "-" "-"
118.169.129.163 - - [17/Aug/2026:10:34:35 +0800] "GET /%e6%a0%a1%e9%95%b7%e5%b0%88%e5%8d%80/ HTTP/1.1" 200 14399 "https://www.whjh.ilc.edu.tw/" "Mozilla/5.0 (Linux; Android 10; K) AppleWebKit/537.36 (KHTML, like Gecko) Chrome/151.0.0.0 Mobile Safari/537.36"
118.169.129.163 - - [17/Aug/2026:10:34:35 +0800] "GET /wp-content/cache/www.whjh.ilc.edu.tw/wpfc-minified/216oqize/bbts.css HTTP/1.1" 200 15980 "https://www.whjh.ilc.edu.tw/%e6%a0%a1%e9%95%b7%e5%b0%88%e5%8d%80/" "Mozilla/5.0 (Linux; Android 10; K) AppleWebKit/537.36 (KHTML, like Gecko) Chrome/151.0.0.0 Mobile Safari/537.36"
118.169.129.163 - - [17/Aug/2026:10:34:35 +0800] "GET /wp-content/cache/www.whjh.ilc.edu.tw/wpfc-minified/md6l1czn/6w61.css HTTP/1.1" 200 13872 "https://www.whjh.ilc.edu.tw/%e6%a0%a1%e9%95%b7%e5%b0%88%e5%8d%80/" "Mozilla/5.0 (Linux; Android 10; K) AppleWebKit/537.36 (KHTML, like Gecko) Chrome/151.0.0.0 Mobile Safari/537.36"
118.169.129.163 - - [17/Aug/2026:10:34:35 +0800] "GET /wp-content/uploads/sites/944/2023/08/%E5%93%B2%E6%A6%AE%E7%94%9F%E6%B4%BB%E7%85%A7-717x1024.jpg HTTP/1.1" 200 143051 "https://www.whjh.ilc.edu.tw/%e6%a0%a1%e9%95%b7%e5%b0%88%e5%8d%80/" "Mozilla/5.0 (Linux; Android 10; K) AppleWebKit/537.36 (KHTML, like Gecko) Chrome/151.0.0.0 Mobile Safari/537.36"
118.169.129.163 - - [17/Aug/2026:10:34:35 +0800] "GET /wp-content/cache/www.whjh.ilc.edu.tw/wpfc-minified/qkurvrd/bib8.js HTTP/1.1" 200 17347 "https://www.whjh.ilc.edu.tw/%e6%a0%a1%e9%95%b7%e5%b0%88%e5%8d%80/" "Mozilla/5.0 (Linux; Android 10; K) AppleWebKit/537.36 (KHTML, like Gecko) Chrome/151.0.0.0 Mobile Safari/537.36"
2001:288:a201::66:125 - - [17/Aug/2026:10:34:35 +0800] "GET /blog/active.php HTTP/1.1" 301 1026 "-" "-"
2001:288:a201::66:125 - - [17/Aug/2026:10:34:35 +0800] "GET /blog/active.php HTTP/1.1" 404 1084 "-" "-"
178.171.80.211 - - [17/Aug/2026:10:34:37 +0800] "GET /6377/page/3/ HTTP/1.1" 200 14597 "https://www.google.com/" "Mozilla/5.0 (Windows NT 10.0; Win64; x64) AppleWebKit/537.36 (KHTML, like Gecko) Chrome/150.0.0.0 Safari/537.36"
140.111.67.195 - - [17/Aug/2026:10:34:38 +0800] "GET /wp-admin/admin-post.php?action=steps_ad HTTP/1.1" 200 1973 "-" "node-fetch/1.0 (+https://github.com/bitinn/node-fetch)"
140.111.67.10 - - [17/Aug/2026:10:34:40 +0800] "GET /" 301 273 "-" "-"
2001:288:a201::66:125 - - [17/Aug/2026:10:34:40 +0800] "GET /blog/active.php HTTP/1.1" 404 1084 "-" "-"
2001:288:a201::66:125 - - [17/Aug/2026:10:34:40 +0800] "GET /blog/active.php HTTP/1.1" 301 1026 "-" "-"
::1 - - [17/Aug/2026:10:34:41 +0800] "OPTIONS * HTTP/1.0" 200 110 "-" "Apache/2.4.68 (Ubuntu) OpenSSL/3.0.19 (internal dummy connection)"
2001:288:a26a:1:6923:8bf3:4374:c578 - - [17/Aug/2026:10:34:41 +0800] "POST /hsics/wp-admin/admin-ajax.php HTTP/1.1" 200 1459 "https://2blog.ilc.edu.tw/hsics/wp-admin/edit.php" "Mozilla/5.0 (Windows NT 10.0; Win64; x64) AppleWebKit/537.36 (KHTML, like Gecko) Chrome/151.0.0.0 Safari/537.36"
52.167.144.227 - - [17/Aug/2026:10:34:43 +0800] "GET /17160/wp-content/uploads/sites/1249/2021/05/IMG_2336-1536x1152.jpg HTTP/1.1" 200 311534 "-" "Mozilla/5.0 AppleWebKit/537.36 (KHTML, like Gecko; compatible; bingbot/2.0; +http://www.bing.com/bingbot.htm) Chrome/116.0.1938.76 Safari/537.36"
42.73.200.97 - - [17/Aug/2026:10:34:44 +0800] "GET /css/tab-view.css HTTP/1.1" 404 46671 "https://www.lmes.ilc.edu.tw/" "Mozilla/5.0 (iPhone; CPU iPhone OS 18_3_1 like Mac OS X) AppleWebKit/605.1.15 (KHTML, like Gecko) Version/18.3 Mobile/15E148 Safari/604.1"
2001:288:a27a:1:6ddc:2a4b:ac26:cde2 - - [17/Aug/2026:10:34:42 +0800] "POST /namt/wp-admin/admin-ajax.php HTTP/1.1" 200 1459 "https://2blog.ilc.edu.tw/namt/wp-admin/user-new.php?user_id=1731" "Mozilla/5.0 (Windows NT 10.0; Win64; x64) AppleWebKit/537.36 (KHTML, like Gecko) Chrome/151.0.0.0 Safari/537.36"
42.73.200.97 - - [17/Aug/2026:10:34:44 +0800] "GET /js/ajax.js HTTP/1.1" 404 46671 "https://www.lmes.ilc.edu.tw/" "Mozilla/5.0 (iPhone; CPU iPhone OS 18_3_1 like Mac OS X) AppleWebKit/605.1.15 (KHTML, like Gecko) Version/18.3 Mobile/15E148 Safari/604.1"
42.73.200.97 - - [17/Aug/2026:10:34:44 +0800] "GET /js/tab-view.js HTTP/1.1" 404 46671 "https://www.lmes.ilc.edu.tw/" "Mozilla/5.0 (iPhone; CPU iPhone OS 18_3_1 like Mac OS X) AppleWebKit/605.1.15 (KHTML, like Gecko) Version/18.3 Mobile/15E148 Safari/604.1"
140.111.67.10 - - [17/Aug/2026:10:34:45 +0800] "GET /" 301 273 "-" "-"
2001:288:a201::66:125 - - [17/Aug/2026:10:34:45 +0800] "GET /blog/active.php HTTP/1.1" 301 1026 "-" "-"
2001:288:a201::66:125 - - [17/Aug/2026:10:34:45 +0800] "GET /blog/active.php HTTP/1.1" 404 1084 "-" "-"
140.111.67.195 - - [17/Aug/2026:10:34:46 +0800] "GET /wp-admin/admin-post.php?action=steps_ad HTTP/1.1" 200 1973 "-" "node-fetch/1.0 (+https://github.com/bitinn/node-fetch)"
2001:4860:7:510::f3 - - [17/Aug/2026:10:34:48 +0800] "GET / HTTP/1.1" 200 20966 "https://www.google.com/" "Mozilla/5.0 (Linux; Android 10; K) AppleWebKit/537.36 (KHTML, like Gecko) Chrome/149.0.0.0 Mobile Safari/537.36"
147.92.179.117 - - [17/Aug/2026:10:34:45 +0800] "GET / HTTP/1.1" 200 19024 "-" "facebookexternalhit/1.1;line-poker/1.0"
2001:b011:e602:9d14:e024:a4d9:cb35:543b - - [17/Aug/2026:10:34:48 +0800] "POST /1003/wp-json/ilc-summary/v1/popular-posts HTTP/1.1" 201 1454 "https://2blog.ilc.edu.tw/1003/2026/05/27/%e3%80%90%e6%95%b8%e4%bd%8d%e5%ad%b8%e7%bf%92%e3%80%91%e3%80%90%e5%b0%8f%e4%b8%80%e5%81%a5%e5%ba%b7%e8%aa%b2%e3%80%91wayground-q%e5%8d%a1%e6%a5%b5%e9%80%9f%e5%a4%a7%e6%8c%91%e6%88%b0%ef%bc%9a%e4%b8%8d/" "Mozilla/5.0 (Windows NT 10.0; Win64; x64) AppleWebKit/537.36 (KHTML, like Gecko) Chrome/151.0.0.0 Safari/537.36"
147.92.179.108 - - [17/Aug/2026:10:34:46 +0800] "GET / HTTP/1.1" 200 19024 "-" "facebookexternalhit/1.1;line-poker/1.0"
140.111.67.10 - - [17/Aug/2026:10:34:50 +0800] "GET /" 301 273 "-" "-"
2001:288:a201::66:125 - - [17/Aug/2026:10:34:50 +0800] "GET /blog/active.php HTTP/1.1" 404 1084 "-" "-"
2001:288:a201::66:125 - - [17/Aug/2026:10:34:50 +0800] "GET /blog/active.php HTTP/1.1" 301 1026 "-" "-"
118.169.129.163 - - [17/Aug/2026:10:34:52 +0800] "GET /%e6%95%99%e5%8b%99%e8%99%95/ HTTP/1.1" 200 14285 "https://www.whjh.ilc.edu.tw/%e6%a0%a1%e9%95%b7%e5%b0%88%e5%8d%80/" "Mozilla/5.0 (Linux; Android 10; K) AppleWebKit/537.36 (KHTML, like Gecko) Chrome/151.0.0.0 Mobile Safari/537.36"
52.167.144.220 - - [17/Aug/2026:10:34:52 +0800] "GET /?s=%E5%8F%B0%E4%B8%AD%E7%A7%91%E6%8A%80%E5%A4%A7%E5%AD%B8%E7%8D%A8%E6%8B%9B115 HTTP/1.1" 200 20508 "-" "Mozilla/5.0 AppleWebKit/537.36 (KHTML, like Gecko; compatible; bingbot/2.0; +http://www.bing.com/bingbot.htm) Chrome/116.0.1938.76 Safari/537.36"
52.167.144.220 - - [17/Aug/2026:10:34:53 +0800] "GET /?s=%E5%90%8C%E8%BB%B8%E9%8E%96%E9%99%84+%E7%9B%88%E6%96%87 HTTP/1.1" 200 15606 "-" "Mozilla/5.0 AppleWebKit/537.36 (KHTML, like Gecko; compatible; bingbot/2.0; +http://www.bing.com/bingbot.htm) Chrome/116.0.1938.76 Safari/537.36"
140.111.67.10 - - [17/Aug/2026:10:34:55 +0800] "GET /" 301 273 "-" "-"
118.163.122.79 - - [17/Aug/2026:10:34:55 +0800] "GET /wp-content/uploads/sites/3591/2022/06/004.jpg HTTP/1.1" 200 16403 "https://isupport.ilc.edu.tw/1335/" "Mozilla/5.0 (Windows NT 10.0; Win64; x64) AppleWebKit/537.36 (KHTML, like Gecko) Chrome/151.0.0.0 Safari/537.36"
118.163.122.79 - - [17/Aug/2026:10:34:55 +0800] "GET /wp-content/uploads/sites/3591/2022/06/003.jpg HTTP/1.1" 200 27589 "https://isupport.ilc.edu.tw/1335/" "Mozilla/5.0 (Windows NT 10.0; Win64; x64) AppleWebKit/537.36 (KHTML, like Gecko) Chrome/151.0.0.0 Safari/537.36"
118.163.122.79 - - [17/Aug/2026:10:34:55 +0800] "GET /wp-content/uploads/sites/3591/2022/06/005.jpg HTTP/1.1" 200 16607 "https://isupport.ilc.edu.tw/1335/" "Mozilla/5.0 (Windows NT 10.0; Win64; x64) AppleWebKit/537.36 (KHTML, like Gecko) Chrome/151.0.0.0 Safari/537.36"
2001:288:a201::66:125 - - [17/Aug/2026:10:34:55 +0800] "GET /blog/active.php HTTP/1.1" 404 1084 "-" "-"
2001:288:a201::66:125 - - [17/Aug/2026:10:34:55 +0800] "GET /blog/active.php HTTP/1.1" 301 1026 "-" "-"
2001:288:a26a:1:6923:8bf3:4374:c578 - - [17/Aug/2026:10:34:56 +0800] "POST /hsics/wp-admin/admin-ajax.php HTTP/1.1" 200 1459 "https://2blog.ilc.edu.tw/hsics/wp-admin/edit.php" "Mozilla/5.0 (Windows NT 10.0; Win64; x64) AppleWebKit/537.36 (KHTML, like Gecko) Chrome/151.0.0.0 Safari/537.36"
2001:288:a212:1:289e:296d:2f10:1514 - - [17/Aug/2026:10:34:56 +0800] "-" 408 0 "-" "-"
2001:288:a212:1:289e:296d:2f10:1514 - - [17/Aug/2026:10:34:56 +0800] "-" 408 0 "-" "-"
118.169.129.163 - - [17/Aug/2026:10:34:58 +0800] "GET /%e5%ad%b8%e7%94%9f%e4%ba%8b%e5%8b%99%e8%99%95/ HTTP/1.1" 200 14417 "https://www.whjh.ilc.edu.tw/%e6%95%99%e5%8b%99%e8%99%95/" "Mozilla/5.0 (Linux; Android 10; K) AppleWebKit/537.36 (KHTML, like Gecko) Chrome/151.0.0.0 Mobile Safari/537.36"
2001:288:342e:1721:4051:2ce6:961c:c39a - - [17/Aug/2026:10:34:59 +0800] "-" 408 4796 "-" "-"
140.111.67.10 - - [17/Aug/2026:10:35:00 +0800] "GET /" 301 273 "-" "-"
2001:288:a201::66:125 - - [17/Aug/2026:10:35:00 +0800] "GET /blog/active.php HTTP/1.1" 404 1084 "-" "-"
2001:288:a201::66:125 - - [17/Aug/2026:10:35:00 +0800] "GET /blog/active.php HTTP/1.1" 301 1026 "-" "-"
2001:b011:e602:9d14:e024:a4d9:cb35:543b - - [17/Aug/2026:10:35:00 +0800] "GET /1003/wp-content/uploads/sites/233/2026/05/Snipaste_2026-05-27_15-15-27.png HTTP/1.1" 200 318331 "https://2blog.ilc.edu.tw/1003/2026/05/27/%e3%80%90%e6%95%b8%e4%bd%8d%e5%ad%b8%e7%bf%92%e3%80%91%e3%80%90%e5%b0%8f%e4%b8%80%e5%81%a5%e5%ba%b7%e8%aa%b2%e3%80%91wayground-q%e5%8d%a1%e6%a5%b5%e9%80%9f%e5%a4%a7%e6%8c%91%e6%88%b0%ef%bc%9a%e4%b8%8d/" "Mozilla/5.0 (Windows NT 10.0; Win64; x64) AppleWebKit/537.36 (KHTML, like Gecko) Chrome/151.0.0.0 Safari/537.36"
::1 - - [17/Aug/2026:10:35:01 +0800] "OPTIONS * HTTP/1.0" 200 110 "-" "Apache/2.4.68 (Ubuntu) OpenSSL/3.0.19 (internal dummy connection)"
::1 - - [17/Aug/2026:10:35:02 +0800] "OPTIONS * HTTP/1.0" 200 110 "-" "Apache/2.4.68 (Ubuntu) OpenSSL/3.0.19 (internal dummy connection)"
2001:288:a000:192:250:56ff:feae:a27e - - [17/Aug/2026:10:35:02 +0800] "HEAD / HTTP/1.1" 200 5485 "-" "Mozilla/5.0 (compatible; phpservermon/3.5.2; +https://github.com/phpservermon/phpservermon)"
52.167.144.227 - - [17/Aug/2026:10:35:02 +0800] "GET /1003/?s=%E8%B3%87%E6%96%99%E6%8E%A2%E5%8B%98%E8%88%87%E6%87%89%E7%94%A8+%E9%99%B3%E5%AE%9C%E6%AC%A3 HTTP/1.1" 200 13831 "-" "Mozilla/5.0 AppleWebKit/537.36 (KHTML, like Gecko; compatible; bingbot/2.0; +http://www.bing.com/bingbot.htm) Chrome/116.0.1938.76 Safari/537.36"
52.167.144.163 - - [17/Aug/2026:10:35:03 +0800] "GET /17160/wp-content/uploads/sites/1249/2023/09/11G3%E6%BA%9D%E9%80%9A%E9%AB%98%E6%89%8B_%E5%AF%9F%E9%A1%8F%E8%A7%80%E8%89%B2blog_08-300x225.jpg HTTP/1.1" 200 38757 "-" "Mozilla/5.0 AppleWebKit/537.36 (KHTML, like Gecko; compatible; bingbot/2.0; +http://www.bing.com/bingbot.htm) Chrome/116.0.1938.76 Safari/537.36"
140.111.67.10 - - [17/Aug/2026:10:35:05 +0800] "GET /" 301 273 "-" "-"
2001:288:a201::66:125 - - [17/Aug/2026:10:35:05 +0800] "GET /blog/active.php HTTP/1.1" 404 1084 "-" "-"
2001:288:a201::66:125 - - [17/Aug/2026:10:35:05 +0800] "GET /blog/active.php HTTP/1.1" 301 1026 "-" "-"
2001:288:a238:1:49eb:f624:3461:bd3c - - [17/Aug/2026:10:35:09 +0800] "-" 408 4802 "-" "-"
2001:288:a238:1:49eb:f624:3461:bd3c - - [17/Aug/2026:10:35:09 +0800] "-" 408 4802 "-" "-"
140.111.67.10 - - [17/Aug/2026:10:35:10 +0800] "GET /" 301 273 "-" "-"
2001:b011:e602:9d14:e024:a4d9:cb35:543b - - [17/Aug/2026:10:35:10 +0800] "GET /1003/wp-content/uploads/sites/233/2026/05/Snipaste_2026-05-27_14-53-21.png HTTP/1.1" 200 831493 "https://2blog.ilc.edu.tw/1003/2026/05/27/%e3%80%90%e6%95%b8%e4%bd%8d%e5%ad%b8%e7%bf%92%e3%80%91%e3%80%90%e5%b0%8f%e4%b8%80%e5%81%a5%e5%ba%b7%e8%aa%b2%e3%80%91wayground-q%e5%8d%a1%e6%a5%b5%e9%80%9f%e5%a4%a7%e6%8c%91%e6%88%b0%ef%bc%9a%e4%b8%8d/" "Mozilla/5.0 (Windows NT 10.0; Win64; x64) AppleWebKit/537.36 (KHTML, like Gecko) Chrome/151.0.0.0 Safari/537.36"
::1 - - [17/Aug/2026:10:35:10 +0800] "OPTIONS * HTTP/1.0" 200 110 "-" "Apache/2.4.68 (Ubuntu) OpenSSL/3.0.19 (internal dummy connection)"
2001:288:a201::66:125 - - [17/Aug/2026:10:35:10 +0800] "GET /blog/active.php HTTP/1.1" 301 1026 "-" "-"
2001:288:a201::66:125 - - [17/Aug/2026:10:35:10 +0800] "GET /blog/active.php HTTP/1.1" 404 1084 "-" "-"
2001:288:a26a:1:6923:8bf3:4374:c578 - - [17/Aug/2026:10:35:11 +0800] "POST /hsics/wp-admin/admin-ajax.php HTTP/1.1" 200 1459 "https://2blog.ilc.edu.tw/hsics/wp-admin/edit.php" "Mozilla/5.0 (Windows NT 10.0; Win64; x64) AppleWebKit/537.36 (KHTML, like Gecko) Chrome/151.0.0.0 Safari/537.36"
2001:4860:7:810::dc - - [17/Aug/2026:10:35:11 +0800] "GET / HTTP/1.1" 200 22799 "https://www.google.com/" "Mozilla/5.0 (Macintosh; Intel Mac OS X 10_15_7) AppleWebKit/537.36 (KHTML, like Gecko) Chrome/151.0.0.0 Safari/537.36"
52.167.144.227 - - [17/Aug/2026:10:35:13 +0800] "GET /6461/2012/11/23/101_%E6%9C%AC%E6%A0%A1%E5%8C%96%E7%B3%9E%E6%B1%A0%E5%A4%96%E5%8C%85%E8%99%95%E7%90%86/ HTTP/1.1" 200 15365 "-" "Mozilla/5.0 AppleWebKit/537.36 (KHTML, like Gecko; compatible; bingbot/2.0; +http://www.bing.com/bingbot.htm) Chrome/116.0.1938.76 Safari/537.36"
52.167.144.166 - - [17/Aug/2026:10:35:14 +0800] "GET /?s=%E4%B8%AD%E9%83%A8%E6%8E%A8%E8%96%A6%E5%9C%8B%E9%9A%9B%E6%95%99%E8%82%B2%E6%88%96%E5%9C%8B%E9%9A%9B%E7%A6%AE%E5%84%80%E7%9A%84%E5%B0%88%E5%AE%B6%E5%AD%B8%E8%80%85 HTTP/1.1" 200 20570 "-" "Mozilla/5.0 AppleWebKit/537.36 (KHTML, like Gecko; compatible; bingbot/2.0; +http://www.bing.com/bingbot.htm) Chrome/116.0.1938.76 Safari/537.36"
140.111.67.10 - - [17/Aug/2026:10:35:15 +0800] "GET /" 301 273 "-" "-"
52.167.144.166 - - [17/Aug/2026:10:35:15 +0800] "GET /?s=%E9%AB%98%E9%9B%84%E4%B8%AD%E6%AD%A3%E9%AB%98%E4%B8%AD%E4%BB%A3%E7%90%86%E6%95%99%E5%B8%AB%E7%94%84%E8%A9%A6 HTTP/1.1" 200 15638 "-" "Mozilla/5.0 AppleWebKit/537.36 (KHTML, like Gecko; compatible; bingbot/2.0; +http://www.bing.com/bingbot.htm) Chrome/116.0.1938.76 Safari/537.36"
2001:288:a201::66:125 - - [17/Aug/2026:10:35:15 +0800] "GET /blog/active.php HTTP/1.1" 301 1026 "-" "-"
2001:288:a201::66:125 - - [17/Aug/2026:10:35:15 +0800] "GET /blog/active.php HTTP/1.1" 404 1084 "-" "-"
2001:b011:7803:3e8f:f3ad:4d97:6798:6c33 - - [17/Aug/2026:10:35:16 +0800] "GET / HTTP/1.1" 200 28989 "https://www.google.com/" "Mozilla/5.0 (Linux; Android 10; K) AppleWebKit/537.36 (KHTML, like Gecko) Chrome/151.0.0.0 Mobile Safari/537.36"
52.167.144.227 - - [17/Aug/2026:10:35:16 +0800] "GET /wp-content/uploads/sites/1319/57/57-1966599.doc HTTP/1.1" 200 1276041 "-" "Mozilla/5.0 AppleWebKit/537.36 (KHTML, like Gecko; compatible; bingbot/2.0; +http://www.bing.com/bingbot.htm) Chrome/116.0.1938.76 Safari/537.36"
2001:b011:7803:3e8f:f3ad:4d97:6798:6c33 - - [17/Aug/2026:10:35:16 +0800] "GET /wp-content/uploads/sites/1664/elementor/css/post-2.css HTTP/1.1" 304 1129 "https://www.gjes.ilc.edu.tw/" "Mozilla/5.0 (Linux; Android 10; K) AppleWebKit/537.36 (KHTML, like Gecko) Chrome/151.0.0.0 Mobile Safari/537.36"
52.167.144.166 - - [17/Aug/2026:10:35:15 +0800] "GET /?s=%E8%8E%8A%E8%80%81%E5%B8%AB%E6%95%B8%E5%AD%B8+%E9%AB%98%E9%9B%84 HTTP/1.1" 200 15613 "-" "Mozilla/5.0 AppleWebKit/537.36 (KHTML, like Gecko; compatible; bingbot/2.0; +http://www.bing.com/bingbot.htm) Chrome/116.0.1938.76 Safari/537.36"
2001:b011:7803:3e8f:f3ad:4d97:6798:6c33 - - [17/Aug/2026:10:35:17 +0800] "GET /wp-content/uploads/sites/1664/2020/09/Image-4.jpg HTTP/1.1" 200 1167712 "https://www.gjes.ilc.edu.tw/" "Mozilla/5.0 (Linux; Android 10; K) AppleWebKit/537.36 (KHTML, like Gecko) Chrome/151.0.0.0 Mobile Safari/537.36"
2001:b011:7803:3e8f:f3ad:4d97:6798:6c33 - - [17/Aug/2026:10:35:17 +0800] "GET /wp-content/uploads/sites/1664/2020/04/1090419%E5%85%AC%E6%AD%A3%E5%9C%8B%E5%B0%8F70%E9%80%B1%E5%B9%B4%E6%A0%A1%E6%85%B6%E7%B1%8C%E5%82%99%E6%9C%83_200423_0059.jpg HTTP/1.1" 200 1108290 "https://www.gjes.ilc.edu.tw/" "Mozilla/5.0 (Linux; Android 10; K) AppleWebKit/537.36 (KHTML, like Gecko) Chrome/151.0.0.0 Mobile Safari/537.36"
2001:b011:7803:3e8f:f3ad:4d97:6798:6c33 - - [17/Aug/2026:10:35:17 +0800] "POST /wp-json/wp-statistics/v2/hit HTTP/1.1" 200 1551 "https://www.gjes.ilc.edu.tw/" "Mozilla/5.0 (Linux; Android 10; K) AppleWebKit/537.36 (KHTML, like Gecko) Chrome/151.0.0.0 Mobile Safari/537.36"
52.167.144.166 - - [17/Aug/2026:10:35:18 +0800] "GET /?s=yahoo+%E4%BF%A1%E7%AE%B1+%E7%99%BB%E5%85%A5+%E9%A6%96%E9%A0%81 HTTP/1.1" 200 15613 "-" "Mozilla/5.0 AppleWebKit/537.36 (KHTML, like Gecko; compatible; bingbot/2.0; +http://www.bing.com/bingbot.htm) Chrome/116.0.1938.76 Safari/537.36"
52.167.144.163 - - [17/Aug/2026:10:35:18 +0800] "GET /6460/2020/11/page/3/ HTTP/1.1" 200 16148 "-" "Mozilla/5.0 AppleWebKit/537.36 (KHTML, like Gecko; compatible; bingbot/2.0; +http://www.bing.com/bingbot.htm) Chrome/116.0.1938.76 Safari/537.36"
118.169.129.163 - - [17/Aug/2026:10:35:18 +0800] "-" 408 339 "-" "-"
118.169.129.163 - - [17/Aug/2026:10:35:19 +0800] "GET /%e7%b8%bd%e5%8b%99%e8%99%95/ HTTP/1.1" 200 14089 "https://www.whjh.ilc.edu.tw/%e5%ad%b8%e7%94%9f%e4%ba%8b%e5%8b%99%e8%99%95/" "Mozilla/5.0 (Linux; Android 10; K) AppleWebKit/537.36 (KHTML, like Gecko) Chrome/151.0.0.0 Mobile Safari/537.36"
140.111.67.10 - - [17/Aug/2026:10:35:20 +0800] "GET /" 301 273 "-" "-"
95.173.55.135 - - [17/Aug/2026:10:35:20 +0800] "GET /%E5%B9%BC%E5%85%92%E5%9C%92%E6%95%99%E5%AD%B8%E5%9C%98%E9%9A%8A/ HTTP/1.1" 200 23389 "-" "Mozilla/5.0 (Windows NT 10.0; Win64; x64) AppleWebKit/537.36 (KHTML, like Gecko) Chrome/149.0.0.0 Safari/537.36 Edg/149.0.0.0"
2001:288:a201::66:125 - - [17/Aug/2026:10:35:20 +0800] "GET /blog/active.php HTTP/1.1" 301 1026 "-" "-"
2001:288:a201::66:125 - - [17/Aug/2026:10:35:20 +0800] "GET /blog/active.php HTTP/1.1" 404 5513 "-" "-"
95.173.55.121 - - [17/Aug/2026:10:35:21 +0800] "GET /2024/08/01/%E6%A0%A1%E9%95%B7%E5%AE%A4/ HTTP/1.1" 200 28028 "-" "Mozilla/5.0 (Windows NT 10.0; Win64; x64) AppleWebKit/537.36 (KHTML, like Gecko) Chrome/149.0.0.0 Safari/537.36 Edg/149.0.0.0"
140.111.143.143 - - [17/Aug/2026:10:35:22 +0800] "-" 408 4803 "-" "-"
140.111.67.10 - - [17/Aug/2026:10:35:25 +0800] "GET /" 301 273 "-" "-"
2001:b011:e602:9d14:e024:a4d9:cb35:543b - - [17/Aug/2026:10:35:25 +0800] "GET /1003/wp-content/uploads/sites/233/2026/05/Snipaste_2026-05-27_15-06-56.png HTTP/1.1" 200 664125 "https://2blog.ilc.edu.tw/1003/2026/05/27/%e3%80%90%e6%95%b8%e4%bd%8d%e5%ad%b8%e7%bf%92%e3%80%91%e3%80%90%e5%b0%8f%e4%b8%80%e5%81%a5%e5%ba%b7%e8%aa%b2%e3%80%91wayground-q%e5%8d%a1%e6%a5%b5%e9%80%9f%e5%a4%a7%e6%8c%91%e6%88%b0%ef%bc%9a%e4%b8%8d/" "Mozilla/5.0 (Windows NT 10.0; Win64; x64) AppleWebKit/537.36 (KHTML, like Gecko) Chrome/151.0.0.0 Safari/537.36"
::1 - - [17/Aug/2026:10:35:25 +0800] "OPTIONS * HTTP/1.0" 200 110 "-" "Apache/2.4.68 (Ubuntu) OpenSSL/3.0.19 (internal dummy connection)"
2001:288:a201::66:125 - - [17/Aug/2026:10:35:25 +0800] "GET /blog/active.php HTTP/1.1" 301 1026 "-" "-"
2001:288:a239:1:d57d:24a3:b2b0:10ff - - [17/Aug/2026:10:35:25 +0800] "-" 408 4801 "-" "-"
2001:288:a201::66:125 - - [17/Aug/2026:10:35:25 +0800] "GET /blog/active.php HTTP/1.1" 404 1084 "-" "-"
::1 - - [17/Aug/2026:10:35:26 +0800] "OPTIONS * HTTP/1.0" 200 110 "-" "Apache/2.4.68 (Ubuntu) OpenSSL/3.0.19 (internal dummy connection)"
2001:288:a26a:1:6923:8bf3:4374:c578 - - [17/Aug/2026:10:35:26 +0800] "POST /hsics/wp-admin/admin-ajax.php HTTP/1.1" 200 1459 "https://2blog.ilc.edu.tw/hsics/wp-admin/edit.php" "Mozilla/5.0 (Windows NT 10.0; Win64; x64) AppleWebKit/537.36 (KHTML, like Gecko) Chrome/151.0.0.0 Safari/537.36"
::1 - - [17/Aug/2026:10:35:28 +0800] "OPTIONS * HTTP/1.0" 200 110 "-" "Apache/2.4.68 (Ubuntu) OpenSSL/3.0.19 (internal dummy connection)"
140.111.67.10 - - [17/Aug/2026:10:35:30 +0800] "GET /" 301 273 "-" "-"
2001:288:a201::66:125 - - [17/Aug/2026:10:35:30 +0800] "GET /blog/active.php HTTP/1.1" 301 1026 "-" "-"
2001:288:a201::66:125 - - [17/Aug/2026:10:35:30 +0800] "GET /blog/active.php HTTP/1.1" 404 1084 "-" "-"
2001:4860:7:810::f8 - - [17/Aug/2026:10:35:31 +0800] "GET / HTTP/1.1" 200 31593 "https://www.google.com/" "Mozilla/5.0 (Windows NT 10.0; Win64; x64) AppleWebKit/537.36 (KHTML, like Gecko) Chrome/151.0.0.0 Safari/537.36"
52.167.144.166 - - [17/Aug/2026:10:35:31 +0800] "GET /?s=%E9%B3%B3%E5%B1%B1%E9%9D%92%E5%B9%B4%E5%9C%8B%E4%B8%AD%E9%81%8B%E5%8B%95%E6%9C%8D HTTP/1.1" 200 20506 "-" "Mozilla/5.0 AppleWebKit/537.36 (KHTML, like Gecko; compatible; bingbot/2.0; +http://www.bing.com/bingbot.htm) Chrome/116.0.1938.76 Safari/537.36"
52.167.144.166 - - [17/Aug/2026:10:35:32 +0800] "GET /?s=%E6%95%B8%E4%BD%8D%E9%9F%B3%E6%A8%82%E5%AF%A6%E5%8B%99%E8%88%87%E6%87%89%E7%94%A8+%E8%98%87%E9%83%81%E6%83%A0 HTTP/1.1" 200 15666 "-" "Mozilla/5.0 AppleWebKit/537.36 (KHTML, like Gecko; compatible; bingbot/2.0; +http://www.bing.com/bingbot.htm) Chrome/116.0.1938.76 Safari/537.36"
140.111.67.10 - - [17/Aug/2026:10:35:35 +0800] "GET /" 301 273 "-" "-"
::1 - - [17/Aug/2026:10:35:35 +0800] "OPTIONS * HTTP/1.0" 200 110 "-" "Apache/2.4.68 (Ubuntu) OpenSSL/3.0.19 (internal dummy connection)"
2001:288:a201::66:125 - - [17/Aug/2026:10:35:35 +0800] "GET /blog/active.php HTTP/1.1" 301 1026 "-" "-"
2001:288:a201::66:125 - - [17/Aug/2026:10:35:35 +0800] "GET /blog/active.php HTTP/1.1" 404 1084 "-" "-"
118.169.129.163 - - [17/Aug/2026:10:35:39 +0800] "-" 408 339 "-" "-"
140.111.67.10 - - [17/Aug/2026:10:35:40 +0800] "GET /" 301 273 "-" "-"
::1 - - [17/Aug/2026:10:35:40 +0800] "OPTIONS * HTTP/1.0" 200 110 "-" "Apache/2.4.68 (Ubuntu) OpenSSL/3.0.19 (internal dummy connection)"
2001:288:a201::66:125 - - [17/Aug/2026:10:35:40 +0800] "GET /blog/active.php HTTP/1.1" 301 1026 "-" "-"
2001:288:a201::66:125 - - [17/Aug/2026:10:35:40 +0800] "GET /blog/active.php HTTP/1.1" 404 1084 "-" "-"
::1 - - [17/Aug/2026:10:35:41 +0800] "OPTIONS * HTTP/1.0" 200 110 "-" "Apache/2.4.68 (Ubuntu) OpenSSL/3.0.19 (internal dummy connection)"
2001:288:a26a:1:6923:8bf3:4374:c578 - - [17/Aug/2026:10:35:41 +0800] "POST /hsics/wp-admin/admin-ajax.php HTTP/1.1" 200 1459 "https://2blog.ilc.edu.tw/hsics/wp-admin/edit.php" "Mozilla/5.0 (Windows NT 10.0; Win64; x64) AppleWebKit/537.36 (KHTML, like Gecko) Chrome/151.0.0.0 Safari/537.36"
2001:4860:7:b10::f6 - - [17/Aug/2026:10:35:43 +0800] "GET / HTTP/1.1" 200 19318 "https://www.google.com/" "Mozilla/5.0 (Windows NT 10.0; Win64; x64) AppleWebKit/537.36 (KHTML, like Gecko) Chrome/151.0.0.0 Safari/537.36"
2001:288:a27a:1:6ddc:2a4b:ac26:cde2 - - [17/Aug/2026:10:35:42 +0800] "POST /namt/wp-admin/admin-ajax.php HTTP/1.1" 200 1459 "https://2blog.ilc.edu.tw/namt/wp-admin/user-new.php?user_id=1731" "Mozilla/5.0 (Windows NT 10.0; Win64; x64) AppleWebKit/537.36 (KHTML, like Gecko) Chrome/151.0.0.0 Safari/537.36"
140.111.67.10 - - [17/Aug/2026:10:35:45 +0800] "GET /" 301 273 "-" "-"
2001:288:a201::66:125 - - [17/Aug/2026:10:35:45 +0800] "GET /blog/active.php HTTP/1.1" 301 1026 "-" "-"
2001:288:a201::66:125 - - [17/Aug/2026:10:35:45 +0800] "GET /blog/active.php HTTP/1.1" 404 1084 "-" "-"
2001:b011:e602:9d14:e024:a4d9:cb35:543b - - [17/Aug/2026:10:35:45 +0800] "GET /1003/2026/04/23/%e3%80%90%e4%b8%80%e9%a0%81%e5%bc%8f%e9%96%b1%e8%ae%80%e5%a0%b1%e5%91%8a%e7%b6%b2%e9%a0%81%e4%ba%92%e5%8b%95%e7%89%88%e3%80%91/ HTTP/1.1" 200 15327 "https://2blog.ilc.edu.tw/1003/2026/05/27/%e3%80%90%e6%95%b8%e4%bd%8d%e5%ad%b8%e7%bf%92%e3%80%91%e3%80%90%e5%b0%8f%e4%b8%80%e5%81%a5%e5%ba%b7%e8%aa%b2%e3%80%91wayground-q%e5%8d%a1%e6%a5%b5%e9%80%9f%e5%a4%a7%e6%8c%91%e6%88%b0%ef%bc%9a%e4%b8%8d/" "Mozilla/5.0 (Windows NT 10.0; Win64; x64) AppleWebKit/537.36 (KHTML, like Gecko) Chrome/151.0.0.0 Safari/537.36"
2001:b011:e602:9d14:e024:a4d9:cb35:543b - - [17/Aug/2026:10:35:45 +0800] "GET /1003/wp-content/uploads/sites/233/2026/04/FireShot-Capture-017-%E4%B8%80%E9%A0%81%E5%BC%8F%E9%96%B1%E8%AE%80%E5%A0%B1%E5%91%8A%E5%B7%A5%E4%BD%9C%E5%8F%B0-%E5%B0%8F%E5%A3%81%E8%99%8E%E8%80%81%E5%B8%AB%E8%A8%AD%E8%A8%88-tmy1127-create.github.io_.png HTTP/1.1" 200 273013 "https://2blog.ilc.edu.tw/1003/2026/04/23/%e3%80%90%e4%b8%80%e9%a0%81%e5%bc%8f%e9%96%b1%e8%ae%80%e5%a0%b1%e5%91%8a%e7%b6%b2%e9%a0%81%e4%ba%92%e5%8b%95%e7%89%88%e3%80%91/" "Mozilla/5.0 (Windows NT 10.0; Win64; x64) AppleWebKit/537.36 (KHTML, like Gecko) Chrome/151.0.0.0 Safari/537.36"
2001:b011:e602:9d14:e024:a4d9:cb35:543b - - [17/Aug/2026:10:35:45 +0800] "GET /1003/wp-content/uploads/sites/233/2026/04/FireShot-Capture-017-%E4%B8%80%E9%A0%81%E5%BC%8F%E9%96%B1%E8%AE%80%E5%A0%B1%E5%91%8A%E5%B7%A5%E4%BD%9C%E5%8F%B0-%E5%B0%8F%E5%A3%81%E8%99%8E%E8%80%81%E5%B8%AB%E8%A8%AD%E8%A8%88-tmy1127-create.github.io_-1536x1446.png HTTP/1.1" 200 236645 "https://2blog.ilc.edu.tw/1003/2026/04/23/%e3%80%90%e4%b8%80%e9%a0%81%e5%bc%8f%e9%96%b1%e8%ae%80%e5%a0%b1%e5%91%8a%e7%b6%b2%e9%a0%81%e4%ba%92%e5%8b%95%e7%89%88%e3%80%91/" "Mozilla/5.0 (Windows NT 10.0; Win64; x64) AppleWebKit/537.36 (KHTML, like Gecko) Chrome/151.0.0.0 Safari/537.36"
2001:b011:e602:9d14:e024:a4d9:cb35:543b - - [17/Aug/2026:10:35:45 +0800] "POST /1003/wp-json/ilc-summary/v1/popular-posts HTTP/1.1" 201 1272 "https://2blog.ilc.edu.tw/1003/2026/04/23/%e3%80%90%e4%b8%80%e9%a0%81%e5%bc%8f%e9%96%b1%e8%ae%80%e5%a0%b1%e5%91%8a%e7%b6%b2%e9%a0%81%e4%ba%92%e5%8b%95%e7%89%88%e3%80%91/" "Mozilla/5.0 (Windows NT 10.0; Win64; x64) AppleWebKit/537.36 (KHTML, like Gecko) Chrome/151.0.0.0 Safari/537.36"
2001:b011:e602:9d14:e024:a4d9:cb35:543b - - [17/Aug/2026:10:35:48 +0800] "POST /1003/wp-json/ilc-summary/v1/popular-posts HTTP/1.1" 201 1115 "https://2blog.ilc.edu.tw/1003/2026/04/23/%e3%80%90%e4%b8%80%e9%a0%81%e5%bc%8f%e9%96%b1%e8%ae%80%e5%a0%b1%e5%91%8a%e7%b6%b2%e9%a0%81%e4%ba%92%e5%8b%95%e7%89%88%e3%80%91/" "Mozilla/5.0 (Windows NT 10.0; Win64; x64) AppleWebKit/537.36 (KHTML, like Gecko) Chrome/151.0.0.0 Safari/537.36"
140.111.67.10 - - [17/Aug/2026:10:35:50 +0800] "GET /" 301 273 "-" "-"
2001:288:a201::66:125 - - [17/Aug/2026:10:35:50 +0800] "GET /blog/active.php HTTP/1.1" 404 1084 "-" "-"
2001:288:a201::66:125 - - [17/Aug/2026:10:35:50 +0800] "GET /blog/active.php HTTP/1.1" 301 1026 "-" "-"
210.208.117.78 - - [17/Aug/2026:10:35:51 +0800] "GET / HTTP/1.1" 200 31593 "https://www.google.com/url?q=https://www.ilc.edu.tw/&sa=U&sqi=2&ved=2ahUKEwjY0rKB0KaWAxXPlK8BHZ-WCxcQFnoECEYQAQ&usg=AOvVaw1gUtOmVN2inkaoLROHtsT8" "Mozilla/5.0 (iPhone; CPU iPhone OS 26_5_1 like Mac OS X) AppleWebKit/605.1.15 (KHTML, like Gecko) GSA/384.1.800981714 Mobile/15E148 Safari/604.1"
210.208.117.78 - - [17/Aug/2026:10:35:51 +0800] "GET /wp-content/cache/www.ilc.edu.tw/wpfc-minified/sz1rpuo/8141l.css HTTP/1.1" 304 790 "https://www.ilc.edu.tw/" "Mozilla/5.0 (iPhone; CPU iPhone OS 26_5_1 like Mac OS X) AppleWebKit/605.1.15 (KHTML, like Gecko) GSA/384.1.800981714 Mobile/15E148 Safari/604.1"
210.208.117.78 - - [17/Aug/2026:10:35:51 +0800] "GET /wp-content/cache/www.ilc.edu.tw/wpfc-minified/2encr51g/8141l.css HTTP/1.1" 304 790 "https://www.ilc.edu.tw/" "Mozilla/5.0 (iPhone; CPU iPhone OS 26_5_1 like Mac OS X) AppleWebKit/605.1.15 (KHTML, like Gecko) GSA/384.1.800981714 Mobile/15E148 Safari/604.1"
