2001:288:a221:1:cc3c:2359:5033:34c7 - - [17/Aug/2026:10:38:14 +0800] "GET /wp-content/themes/oceanwp/assets/js/scroll-effect.min.js HTTP/1.1" 200 4127 "https://www.ilc.edu.tw/" "Mozilla/5.0 (Windows NT 10.0; Win64; x64) AppleWebKit/537.36 (KHTML, like Gecko) Chrome/150.0.0.0 Safari/537.36"
2001:288:a221:1:cc3c:2359:5033:34c7 - - [17/Aug/2026:10:38:14 +0800] "GET /wp-content/themes/oceanwp/assets/js/scroll-top.min.js HTTP/1.1" 200 3202 "https://www.ilc.edu.tw/" "Mozilla/5.0 (Windows NT 10.0; Win64; x64) AppleWebKit/537.36 (KHTML, like Gecko) Chrome/150.0.0.0 Safari/537.36"
2001:288:a221:1:cc3c:2359:5033:34c7 - - [17/Aug/2026:10:38:15 +0800] "GET /wp-content/themes/oceanwp/assets/js/select.min.js HTTP/1.1" 200 2408 "https://www.ilc.edu.tw/" "Mozilla/5.0 (Windows NT 10.0; Win64; x64) AppleWebKit/537.36 (KHTML, like Gecko) Chrome/150.0.0.0 Safari/537.36"
2001:288:a221:1:cc3c:2359:5033:34c7 - - [17/Aug/2026:10:38:15 +0800] "GET /wp-content/plugins/elementor-pro/assets/js/webpack-pro.runtime.min.js HTTP/1.1" 200 3562 "https://www.ilc.edu.tw/" "Mozilla/5.0 (Windows NT 10.0; Win64; x64) AppleWebKit/537.36 (KHTML, like Gecko) Chrome/150.0.0.0 Safari/537.36"
52.167.144.227 - - [17/Aug/2026:10:38:14 +0800] "GET /17160/2013/10/25/%E3%80%90%E5%9B%9B%E5%B9%B4%E7%B4%9A%E3%80%91%E6%8E%A2%E7%B4%A2-%E6%84%9F%E6%81%A9%E4%B9%8B%E6%97%85/ HTTP/1.1" 200 19336 "-" "Mozilla/5.0 AppleWebKit/537.36 (KHTML, like Gecko; compatible; bingbot/2.0; +http://www.bing.com/bingbot.htm) Chrome/116.0.1938.76 Safari/537.36"
2001:288:a221:1:cc3c:2359:5033:34c7 - - [17/Aug/2026:10:38:15 +0800] "GET /wp-content/plugins/elementor/assets/js/webpack.runtime.min.js HTTP/1.1" 200 3095 "https://www.ilc.edu.tw/" "Mozilla/5.0 (Windows NT 10.0; Win64; x64) AppleWebKit/537.36 (KHTML, like Gecko) Chrome/150.0.0.0 Safari/537.36"
2001:288:a221:1:cc3c:2359:5033:34c7 - - [17/Aug/2026:10:38:15 +0800] "GET /wp-content/plugins/elementor/assets/js/frontend-modules.min.js HTTP/1.1" 200 19416 "https://www.ilc.edu.tw/" "Mozilla/5.0 (Windows NT 10.0; Win64; x64) AppleWebKit/537.36 (KHTML, like Gecko) Chrome/150.0.0.0 Safari/537.36"
2001:288:a221:1:cc3c:2359:5033:34c7 - - [17/Aug/2026:10:38:15 +0800] "GET /wp-includes/js/dist/hooks.min.js HTTP/1.1" 200 2421 "https://www.ilc.edu.tw/" "Mozilla/5.0 (Windows NT 10.0; Win64; x64) AppleWebKit/537.36 (KHTML, like Gecko) Chrome/150.0.0.0 Safari/537.36"
2001:288:a221:1:cc3c:2359:5033:34c7 - - [17/Aug/2026:10:38:15 +0800] "GET /wp-includes/js/dist/i18n.min.js HTTP/1.1" 200 4547 "https://www.ilc.edu.tw/" "Mozilla/5.0 (Windows NT 10.0; Win64; x64) AppleWebKit/537.36 (KHTML, like Gecko) Chrome/150.0.0.0 Safari/537.36"
2001:288:a221:1:cc3c:2359:5033:34c7 - - [17/Aug/2026:10:38:15 +0800] "GET /wp-content/plugins/elementor-pro/assets/js/frontend.min.js HTTP/1.1" 200 7574 "https://www.ilc.edu.tw/" "Mozilla/5.0 (Windows NT 10.0; Win64; x64) AppleWebKit/537.36 (KHTML, like Gecko) Chrome/150.0.0.0 Safari/537.36"
2001:288:a221:1:cc3c:2359:5033:34c7 - - [17/Aug/2026:10:38:15 +0800] "GET /wp-content/plugins/elementor/assets/lib/waypoints/waypoints.min.js HTTP/1.1" 200 3873 "https://www.ilc.edu.tw/" "Mozilla/5.0 (Windows NT 10.0; Win64; x64) AppleWebKit/537.36 (KHTML, like Gecko) Chrome/150.0.0.0 Safari/537.36"
2001:288:a221:1:cc3c:2359:5033:34c7 - - [17/Aug/2026:10:38:15 +0800] "GET /wp-includes/js/jquery/ui/core.min.js HTTP/1.1" 200 7986 "https://www.ilc.edu.tw/" "Mozilla/5.0 (Windows NT 10.0; Win64; x64) AppleWebKit/537.36 (KHTML, like Gecko) Chrome/150.0.0.0 Safari/537.36"
2001:288:a221:1:cc3c:2359:5033:34c7 - - [17/Aug/2026:10:38:15 +0800] "GET /wp-content/plugins/elementor/assets/js/frontend.min.js HTTP/1.1" 200 13169 "https://www.ilc.edu.tw/" "Mozilla/5.0 (Windows NT 10.0; Win64; x64) AppleWebKit/537.36 (KHTML, like Gecko) Chrome/150.0.0.0 Safari/537.36"
2001:288:a221:1:cc3c:2359:5033:34c7 - - [17/Aug/2026:10:38:15 +0800] "GET /wp-content/plugins/elementor-pro/assets/js/elements-handlers.min.js HTTP/1.1" 200 10882 "https://www.ilc.edu.tw/" "Mozilla/5.0 (Windows NT 10.0; Win64; x64) AppleWebKit/537.36 (KHTML, like Gecko) Chrome/150.0.0.0 Safari/537.36"
2001:288:a221:1:cc3c:2359:5033:34c7 - - [17/Aug/2026:10:38:15 +0800] "GET /wp-content/uploads/sites/3846/2023/05/%E5%AE%9C%E8%98%AD%E7%B8%A3%E6%94%BF%E5%BA%9C%E6%95%99%E8%82%B2%E8%99%95logo.png HTTP/1.1" 200 16335 "https://www.ilc.edu.tw/" "Mozilla/5.0 (Windows NT 10.0; Win64; x64) AppleWebKit/537.36 (KHTML, like Gecko) Chrome/150.0.0.0 Safari/537.36"
2001:288:a221:1:cc3c:2359:5033:34c7 - - [17/Aug/2026:10:38:15 +0800] "GET /wp-content/uploads/sites/3846/2023/05/%E9%A6%96%E9%A0%81%E5%B0%8F%E6%A8%99_%E6%9C%80%E6%96%B0%E6%B6%88%E6%81%AF.png HTTP/1.1" 200 2537 "https://www.ilc.edu.tw/" "Mozilla/5.0 (Windows NT 10.0; Win64; x64) AppleWebKit/537.36 (KHTML, like Gecko) Chrome/150.0.0.0 Safari/537.36"
2001:288:a221:1:cc3c:2359:5033:34c7 - - [17/Aug/2026:10:38:15 +0800] "GET /wp-content/uploads/sites/3846/2023/05/%E5%85%AC%E5%91%8A%E6%90%9C%E5%B0%8B.png HTTP/1.1" 200 3549 "https://www.ilc.edu.tw/" "Mozilla/5.0 (Windows NT 10.0; Win64; x64) AppleWebKit/537.36 (KHTML, like Gecko) Chrome/150.0.0.0 Safari/537.36"
2001:288:a221:1:cc3c:2359:5033:34c7 - - [17/Aug/2026:10:38:15 +0800] "GET /wp-content/uploads/sites/3846/2026/08/%E8%BE%B2%E6%A5%AD%E9%83%A8%E5%BB%A3%E5%91%8A.jpg HTTP/1.1" 200 236123 "https://www.ilc.edu.tw/" "Mozilla/5.0 (Windows NT 10.0; Win64; x64) AppleWebKit/537.36 (KHTML, like Gecko) Chrome/150.0.0.0 Safari/537.36"
2001:288:a221:1:cc3c:2359:5033:34c7 - - [17/Aug/2026:10:38:15 +0800] "GET /wp-content/uploads/sites/3846/2023/07/%E6%95%99%E8%82%B2%E8%99%95%E5%85%AB%E5%A4%A7%E6%96%B9%E9%87%9D.png HTTP/1.1" 200 195536 "https://www.ilc.edu.tw/" "Mozilla/5.0 (Windows NT 10.0; Win64; x64) AppleWebKit/537.36 (KHTML, like Gecko) Chrome/150.0.0.0 Safari/537.36"
2001:288:a221:1:cc3c:2359:5033:34c7 - - [17/Aug/2026:10:38:15 +0800] "GET /wp-content/uploads/sites/3846/2026/02/%E9%81%BF%E5%85%8D%E8%AA%A4%E5%85%A5%E8%A9%90%E9%A8%99%E7%B6%B2%E7%AB%99APP%E5%B0%8F%E5%B8%B8%E8%AD%98.jpg HTTP/1.1" 200 459624 "https://www.ilc.edu.tw/" "Mozilla/5.0 (Windows NT 10.0; Win64; x64) AppleWebKit/537.36 (KHTML, like Gecko) Chrome/150.0.0.0 Safari/537.36"
2001:288:a221:1:cc3c:2359:5033:34c7 - - [17/Aug/2026:10:38:15 +0800] "GET /wp-content/uploads/sites/3846/2026/06/%E5%AE%A3%E5%82%B3%E5%9C%96%E7%89%87.png HTTP/1.1" 200 1048321 "https://www.ilc.edu.tw/" "Mozilla/5.0 (Windows NT 10.0; Win64; x64) AppleWebKit/537.36 (KHTML, like Gecko) Chrome/150.0.0.0 Safari/537.36"
2001:288:a221:1:cc3c:2359:5033:34c7 - - [17/Aug/2026:10:38:15 +0800] "GET /wp-content/uploads/sites/3846/2026/06/2026%E5%AE%9C%E8%98%AD%E7%98%8B%E5%AD%B8%E7%BF%92-%E6%9A%91%E5%81%87_%E6%95%99%E8%82%B2%E8%99%95%E9%A6%96%E9%A0%81-1440-x-1080-%E5%83%8F%E7%B4%A0.png HTTP/1.1" 200 2045932 "https://www.ilc.edu.tw/" "Mozilla/5.0 (Windows NT 10.0; Win64; x64) AppleWebKit/537.36 (KHTML, like Gecko) Chrome/150.0.0.0 Safari/537.36"
2001:288:a221:1:cc3c:2359:5033:34c7 - - [17/Aug/2026:10:38:15 +0800] "GET /wp-content/uploads/sites/3846/2025/11/%E8%9E%A2%E5%B9%95%E6%93%B7%E5%8F%96%E7%95%AB%E9%9D%A2-2025-11-27-141357.png HTTP/1.1" 200 216157 "https://www.ilc.edu.tw/" "Mozilla/5.0 (Windows NT 10.0; Win64; x64) AppleWebKit/537.36 (KHTML, like Gecko) Chrome/150.0.0.0 Safari/537.36"
2001:288:a221:1:cc3c:2359:5033:34c7 - - [17/Aug/2026:10:38:15 +0800] "GET /wp-content/uploads/sites/3846/2026/02/%E8%9E%A2%E5%B9%95%E6%93%B7%E5%8F%96%E7%95%AB%E9%9D%A2-2026-02-24-081359.png HTTP/1.1" 200 1572728 "https://www.ilc.edu.tw/" "Mozilla/5.0 (Windows NT 10.0; Win64; x64) AppleWebKit/537.36 (KHTML, like Gecko) Chrome/150.0.0.0 Safari/537.36"
2001:288:a221:1:cc3c:2359:5033:34c7 - - [17/Aug/2026:10:38:15 +0800] "GET /wp-content/uploads/sites/3846/2026/05/%E8%9E%A2%E5%B9%95%E6%93%B7%E5%8F%96%E7%95%AB%E9%9D%A2-2026-05-07-100749.png HTTP/1.1" 200 1349539 "https://www.ilc.edu.tw/" "Mozilla/5.0 (Windows NT 10.0; Win64; x64) AppleWebKit/537.36 (KHTML, like Gecko) Chrome/150.0.0.0 Safari/537.36"
74.125.215.7 - - [17/Aug/2026:10:38:15 +0800] "GET /wp-content/themes/oceanwp/assets/fonts/simple-line-icons/Simple-Line-Icons.woff2?v=2.4.0 HTTP/1.1" 200 30959 "https://www.sjes.ilc.edu.tw/wp-content/cache/www.sjes.ilc.edu.tw/wpfc-minified/1qegi0bx/av4s.css" "Mozilla/5.0 (Linux; Android 10; K) AppleWebKit/537.36 (KHTML, like Gecko) Chrome/138.0.0.0 Mobile Safari/537.36 (compatible; Google-Read-Aloud; +https://support.google.com/webmasters/answer/1061943)"
2001:288:a221:1:cc3c:2359:5033:34c7 - - [17/Aug/2026:10:38:15 +0800] "GET /wp-content/uploads/sites/3846/2025/11/%E8%9E%A2%E5%B9%95%E6%93%B7%E5%8F%96%E7%95%AB%E9%9D%A2-2025-11-10-141501.png HTTP/1.1" 200 2445011 "https://www.ilc.edu.tw/" "Mozilla/5.0 (Windows NT 10.0; Win64; x64) AppleWebKit/537.36 (KHTML, like Gecko) Chrome/150.0.0.0 Safari/537.36"
2001:288:a221:1:cc3c:2359:5033:34c7 - - [17/Aug/2026:10:38:15 +0800] "GET /wp-content/uploads/sites/3846/2025/04/%E7%AB%A5%E5%BF%83%E7%AB%A5%E9%81%8A-%E6%AD%A1%E6%A8%82%E8%98%AD%E9%99%BD-%E5%85%92%E7%AB%A5%E7%AF%80%E5%BF%AB%E6%A8%82.jpg HTTP/1.1" 200 126952 "https://www.ilc.edu.tw/" "Mozilla/5.0 (Windows NT 10.0; Win64; x64) AppleWebKit/537.36 (KHTML, like Gecko) Chrome/150.0.0.0 Safari/537.36"
2001:288:a221:1:cc3c:2359:5033:34c7 - - [17/Aug/2026:10:38:15 +0800] "GET /wp-content/uploads/sites/3846/2024/09/%E6%95%99%E5%B8%AB%E7%AF%80%E5%BD%B1%E7%89%87.jpg HTTP/1.1" 200 72504 "https://www.ilc.edu.tw/" "Mozilla/5.0 (Windows NT 10.0; Win64; x64) AppleWebKit/537.36 (KHTML, like Gecko) Chrome/150.0.0.0 Safari/537.36"
2001:288:a221:1:cc3c:2359:5033:34c7 - - [17/Aug/2026:10:38:15 +0800] "GET /wp-content/uploads/sites/3846/2023/10/C1.png HTTP/1.1" 200 342209 "https://www.ilc.edu.tw/" "Mozilla/5.0 (Windows NT 10.0; Win64; x64) AppleWebKit/537.36 (KHTML, like Gecko) Chrome/150.0.0.0 Safari/537.36"
2001:288:a221:1:cc3c:2359:5033:34c7 - - [17/Aug/2026:10:38:15 +0800] "GET /wp-content/uploads/sites/3846/2023/10/C2.png HTTP/1.1" 200 259646 "https://www.ilc.edu.tw/" "Mozilla/5.0 (Windows NT 10.0; Win64; x64) AppleWebKit/537.36 (KHTML, like Gecko) Chrome/150.0.0.0 Safari/537.36"
2001:288:a221:1:cc3c:2359:5033:34c7 - - [17/Aug/2026:10:38:15 +0800] "GET /wp-content/uploads/sites/3846/2024/08/%E8%9E%A2%E5%B9%95%E6%93%B7%E5%8F%96%E7%95%AB%E9%9D%A2-2024-08-07-151319.png HTTP/1.1" 200 2714068 "https://www.ilc.edu.tw/" "Mozilla/5.0 (Windows NT 10.0; Win64; x64) AppleWebKit/537.36 (KHTML, like Gecko) Chrome/150.0.0.0 Safari/537.36"
2001:288:a221:1:cc3c:2359:5033:34c7 - - [17/Aug/2026:10:38:15 +0800] "GET /wp-content/uploads/sites/3846/2023/10/C3.png HTTP/1.1" 200 192155 "https://www.ilc.edu.tw/" "Mozilla/5.0 (Windows NT 10.0; Win64; x64) AppleWebKit/537.36 (KHTML, like Gecko) Chrome/150.0.0.0 Safari/537.36"
2001:288:a221:1:cc3c:2359:5033:34c7 - - [17/Aug/2026:10:38:15 +0800] "GET /wp-content/uploads/sites/3846/2023/10/C4.png HTTP/1.1" 200 139328 "https://www.ilc.edu.tw/" "Mozilla/5.0 (Windows NT 10.0; Win64; x64) AppleWebKit/537.36 (KHTML, like Gecko) Chrome/150.0.0.0 Safari/537.36"
2001:288:a221:1:cc3c:2359:5033:34c7 - - [17/Aug/2026:10:38:15 +0800] "GET /wp-content/plugins/elementor/assets/lib/eicons/fonts/eicons.woff2?5.30.0 HTTP/1.1" 200 98225 "https://www.ilc.edu.tw/wp-content/cache/www.ilc.edu.tw/wpfc-minified/fdlul8k0/8141l.css" "Mozilla/5.0 (Windows NT 10.0; Win64; x64) AppleWebKit/537.36 (KHTML, like Gecko) Chrome/150.0.0.0 Safari/537.36"
2001:288:a221:1:cc3c:2359:5033:34c7 - - [17/Aug/2026:10:38:15 +0800] "GET /wp-content/uploads/sites/3846/2023/10/C5.png HTTP/1.1" 200 267535 "https://www.ilc.edu.tw/" "Mozilla/5.0 (Windows NT 10.0; Win64; x64) AppleWebKit/537.36 (KHTML, like Gecko) Chrome/150.0.0.0 Safari/537.36"
2001:288:a221:1:cc3c:2359:5033:34c7 - - [17/Aug/2026:10:38:15 +0800] "GET /wp-content/uploads/sites/3846/2023/05/%E8%B7%A8%E9%96%B1%E5%88%9D%E8%A1%B7YT.jpg HTTP/1.1" 200 579849 "https://www.ilc.edu.tw/" "Mozilla/5.0 (Windows NT 10.0; Win64; x64) AppleWebKit/537.36 (KHTML, like Gecko) Chrome/150.0.0.0 Safari/537.36"
2001:288:a221:1:cc3c:2359:5033:34c7 - - [17/Aug/2026:10:38:15 +0800] "GET /wp-content/uploads/sites/3846/2023/05/%E5%8E%9F%E6%B0%91%E6%95%99%E8%82%B2%E5%9C%A8%E5%AE%9C%E8%98%ADYT.jpg HTTP/1.1" 200 607016 "https://www.ilc.edu.tw/" "Mozilla/5.0 (Windows NT 10.0; Win64; x64) AppleWebKit/537.36 (KHTML, like Gecko) Chrome/150.0.0.0 Safari/537.36"
2001:288:a221:1:cc3c:2359:5033:34c7 - - [17/Aug/2026:10:38:15 +0800] "GET /wp-content/uploads/sites/3846/2023/05/%E5%B9%BC%E8%A6%8B%E5%B9%B8%E7%A6%8FYT.jpg HTTP/1.1" 200 664803 "https://www.ilc.edu.tw/" "Mozilla/5.0 (Windows NT 10.0; Win64; x64) AppleWebKit/537.36 (KHTML, like Gecko) Chrome/150.0.0.0 Safari/537.36"
2001:288:a221:1:cc3c:2359:5033:34c7 - - [17/Aug/2026:10:38:15 +0800] "GET /wp-content/uploads/sites/3846/2023/05/%E6%84%9BEnglishYT.jpg HTTP/1.1" 200 245320 "https://www.ilc.edu.tw/" "Mozilla/5.0 (Windows NT 10.0; Win64; x64) AppleWebKit/537.36 (KHTML, like Gecko) Chrome/150.0.0.0 Safari/537.36"
2001:288:a221:1:cc3c:2359:5033:34c7 - - [17/Aug/2026:10:38:15 +0800] "GET /wp-content/uploads/sites/3846/2025/11/%E8%9E%A2%E5%B9%95%E6%93%B7%E5%8F%96%E7%95%AB%E9%9D%A2-2025-11-13-131522.png HTTP/1.1" 200 3761926 "https://www.ilc.edu.tw/" "Mozilla/5.0 (Windows NT 10.0; Win64; x64) AppleWebKit/537.36 (KHTML, like Gecko) Chrome/150.0.0.0 Safari/537.36"
2001:288:a221:1:cc3c:2359:5033:34c7 - - [17/Aug/2026:10:38:15 +0800] "GET /wp-content/uploads/sites/3846/2023/05/%E6%B0%B4%E5%9F%9F%E5%AE%89%E5%85%A8%E5%AE%A3%E5%B0%8EYT.jpg HTTP/1.1" 200 809930 "https://www.ilc.edu.tw/" "Mozilla/5.0 (Windows NT 10.0; Win64; x64) AppleWebKit/537.36 (KHTML, like Gecko) Chrome/150.0.0.0 Safari/537.36"
2001:288:a221:1:cc3c:2359:5033:34c7 - - [17/Aug/2026:10:38:15 +0800] "GET /wp-content/uploads/sites/3846/2023/05/%E5%A6%82%E6%9E%9C%E9%9B%A8%E7%9F%A5%E9%81%93YT.jpg HTTP/1.1" 200 529331 "https://www.ilc.edu.tw/" "Mozilla/5.0 (Windows NT 10.0; Win64; x64) AppleWebKit/537.36 (KHTML, like Gecko) Chrome/150.0.0.0 Safari/537.36"
2001:288:a221:1:cc3c:2359:5033:34c7 - - [17/Aug/2026:10:38:15 +0800] "GET /wp-content/uploads/sites/3846/2025/09/YT%E5%B0%81%E9%9D%A2-1.jpg HTTP/1.1" 200 173035 "https://www.ilc.edu.tw/" "Mozilla/5.0 (Windows NT 10.0; Win64; x64) AppleWebKit/537.36 (KHTML, like Gecko) Chrome/150.0.0.0 Safari/537.36"
2001:288:a221:1:cc3c:2359:5033:34c7 - - [17/Aug/2026:10:38:15 +0800] "GET /wp-content/uploads/sites/3846/2023/05/%E9%A6%96%E9%A0%81%E5%B0%8F%E6%A8%99_%E5%BD%B1%E9%9F%B3.png HTTP/1.1" 200 2462 "https://www.ilc.edu.tw/" "Mozilla/5.0 (Windows NT 10.0; Win64; x64) AppleWebKit/537.36 (KHTML, like Gecko) Chrome/150.0.0.0 Safari/537.36"
2001:288:a221:1:cc3c:2359:5033:34c7 - - [17/Aug/2026:10:38:15 +0800] "GET /wp-content/uploads/sites/3846/2023/05/%E6%95%B8%E4%BD%8D%E5%AD%B8%E7%BF%92%E6%94%AF%E6%8C%81%E5%B9%B3%E5%8F%B0-Banner.png HTTP/1.1" 200 16589 "https://www.ilc.edu.tw/" "Mozilla/5.0 (Windows NT 10.0; Win64; x64) AppleWebKit/537.36 (KHTML, like Gecko) Chrome/150.0.0.0 Safari/537.36"
2001:288:a221:1:cc3c:2359:5033:34c7 - - [17/Aug/2026:10:38:15 +0800] "GET /wp-content/uploads/sites/3846/2023/05/%E9%A6%96%E9%A0%81%E5%B0%8F%E6%A8%99_%E6%B4%BB%E5%8B%95%E5%B0%88%E5%8D%80.png HTTP/1.1" 200 2545 "https://www.ilc.edu.tw/" "Mozilla/5.0 (Windows NT 10.0; Win64; x64) AppleWebKit/537.36 (KHTML, like Gecko) Chrome/150.0.0.0 Safari/537.36"
2001:288:a221:1:cc3c:2359:5033:34c7 - - [17/Aug/2026:10:38:15 +0800] "GET /wp-content/uploads/sites/3846/2024/05/%E8%9E%A2%E5%B9%95%E6%93%B7%E5%8F%96%E7%95%AB%E9%9D%A2-2024-05-16-103456.png HTTP/1.1" 200 2702922 "https://www.ilc.edu.tw/" "Mozilla/5.0 (Windows NT 10.0; Win64; x64) AppleWebKit/537.36 (KHTML, like Gecko) Chrome/150.0.0.0 Safari/537.36"
140.111.67.10 - - [17/Aug/2026:10:38:15 +0800] "GET /" 301 273 "-" "-"
2001:288:a201::66:125 - - [17/Aug/2026:10:38:15 +0800] "GET /blog/active.php HTTP/1.1" 404 1084 "-" "-"
2001:288:a201::66:125 - - [17/Aug/2026:10:38:15 +0800] "GET /blog/active.php HTTP/1.1" 301 1026 "-" "-"
2001:288:a221:1:cc3c:2359:5033:34c7 - - [17/Aug/2026:10:38:15 +0800] "GET /wp-content/plugins/elementor-pro/assets/js/media-carousel.aca2224ef13e6f999011.bundle.min.js HTTP/1.1" 200 2948 "https://www.ilc.edu.tw/" "Mozilla/5.0 (Windows NT 10.0; Win64; x64) AppleWebKit/537.36 (KHTML, like Gecko) Chrome/150.0.0.0 Safari/537.36"
2001:288:a221:1:cc3c:2359:5033:34c7 - - [17/Aug/2026:10:38:15 +0800] "GET /wp-content/plugins/elementor/assets/lib/swiper/v8/swiper.min.js?ver=8.4.5 HTTP/1.1" 200 40708 "https://www.ilc.edu.tw/" "Mozilla/5.0 (Windows NT 10.0; Win64; x64) AppleWebKit/537.36 (KHTML, like Gecko) Chrome/150.0.0.0 Safari/537.36"
140.111.67.195 - - [17/Aug/2026:10:38:15 +0800] "GET /wp-admin/admin-post.php?action=steps_ad HTTP/1.1" 200 1973 "-" "node-fetch/1.0 (+https://github.com/bitinn/node-fetch)"
2001:288:a221:1:cc3c:2359:5033:34c7 - - [17/Aug/2026:10:38:15 +0800] "GET /wp-content/uploads/sites/3846/2023/05/%E6%94%BF%E7%AD%96%E6%A5%AD%E5%8B%99%E5%AE%A3%E5%B0%8E-banner.png HTTP/1.1" 200 19385 "https://www.ilc.edu.tw/" "Mozilla/5.0 (Windows NT 10.0; Win64; x64) AppleWebKit/537.36 (KHTML, like Gecko) Chrome/150.0.0.0 Safari/537.36"
2001:288:a221:1:cc3c:2359:5033:34c7 - - [17/Aug/2026:10:38:15 +0800] "GET /wp-content/uploads/sites/3846/2024/01/%E7%A7%91%E6%8A%80%E9%A0%98%E5%9F%9F%E6%87%89%E7%94%A8%E7%AB%B6%E8%B3%BD.png HTTP/1.1" 200 20326 "https://www.ilc.edu.tw/" "Mozilla/5.0 (Windows NT 10.0; Win64; x64) AppleWebKit/537.36 (KHTML, like Gecko) Chrome/150.0.0.0 Safari/537.36"
74.125.215.9 - - [17/Aug/2026:10:38:15 +0800] "POST /wp-json/ilc-summary/v1/popular-posts HTTP/1.1" 201 1396 "https://www.sjes.ilc.edu.tw/2013/01/31/%E5%AD%B8%E5%8B%99%E7%B5%84/" "Mozilla/5.0 (Linux; Android 10; K) AppleWebKit/537.36 (KHTML, like Gecko) Chrome/138.0.0.0 Mobile Safari/537.36 (compatible; Google-Read-Aloud; +https://support.google.com/webmasters/answer/1061943)"
140.111.67.195 - - [17/Aug/2026:10:38:15 +0800] "GET /wp-admin/admin-post.php?action=steps_ad HTTP/1.1" 200 1649 "-" "node-fetch/1.0 (+https://github.com/bitinn/node-fetch)"
2001:288:a253:1:2033:ac4c:11b2:c9cd - - [17/Aug/2026:10:38:16 +0800] "GET /wp-content/uploads/sites/3846/2026/06/%E5%AE%A3%E5%82%B3%E5%9C%96%E7%89%87.png HTTP/1.1" 304 5581 "https://it.ilc.edu.tw/" "Mozilla/5.0 (Windows NT 10.0; Win64; x64) AppleWebKit/537.36 (KHTML, like Gecko) Chrome/151.0.0.0 Safari/537.36"
2001:288:a253:1:2033:ac4c:11b2:c9cd - - [17/Aug/2026:10:38:16 +0800] "GET /wp-content/uploads/sites/3846/2026/08/%E8%BE%B2%E6%A5%AD%E9%83%A8%E5%BB%A3%E5%91%8A.jpg HTTP/1.1" 304 5581 "https://it.ilc.edu.tw/" "Mozilla/5.0 (Windows NT 10.0; Win64; x64) AppleWebKit/537.36 (KHTML, like Gecko) Chrome/151.0.0.0 Safari/537.36"
2001:4860:7:510::f1 - - [17/Aug/2026:10:38:16 +0800] "GET / HTTP/1.1" 200 31593 "https://www.google.com/" "Mozilla/5.0 (Windows NT 10.0; Win64; x64) AppleWebKit/537.36 (KHTML, like Gecko) Chrome/151.0.0.0 Safari/537.36"
52.167.144.227 - - [17/Aug/2026:10:38:15 +0800] "GET /32745/2022/12/02/%E5%A4%A9%E9%A0%82%E6%9C%89%E4%B8%80%E7%B2%92%E5%B1%B1/ HTTP/1.1" 200 87524 "-" "Mozilla/5.0 AppleWebKit/537.36 (KHTML, like Gecko; compatible; bingbot/2.0; +http://www.bing.com/bingbot.htm) Chrome/116.0.1938.76 Safari/537.36"
140.111.67.195 - - [17/Aug/2026:10:38:16 +0800] "GET /wp-admin/admin-post.php?action=steps_ad HTTP/1.1" 200 1649 "-" "node-fetch/1.0 (+https://github.com/bitinn/node-fetch)"
::1 - - [17/Aug/2026:10:38:17 +0800] "OPTIONS * HTTP/1.0" 200 110 "-" "Apache/2.4.68 (Ubuntu) OpenSSL/3.0.19 (internal dummy connection)"
2001:288:a221:1:cc3c:2359:5033:34c7 - - [17/Aug/2026:10:38:17 +0800] "GET /wp-content/uploads/sites/3846/2023/05/cropped-%E6%95%99%E8%82%B2%E8%99%95logo-32x32.jpg HTTP/1.1" 200 1571 "https://www.ilc.edu.tw/" "Mozilla/5.0 (Windows NT 10.0; Win64; x64) AppleWebKit/537.36 (KHTML, like Gecko) Chrome/150.0.0.0 Safari/537.36"
2001:288:a202:0:cce5:266c:49f8:19a9 - - [17/Aug/2026:10:38:18 +0800] "-" 408 4791 "-" "-"
61.216.138.167 - - [17/Aug/2026:10:38:18 +0800] "GET /34/wp-content/uploads/sites/1206/2020/03/Image_0-1.png HTTP/1.1" 200 25130 "https://www.google.com/" "Mozilla/5.0 (Windows NT 10.0; Win64; x64) AppleWebKit/537.36 (KHTML, like Gecko) Chrome/151.0.0.0 Safari/537.36"
::1 - - [17/Aug/2026:10:38:18 +0800] "OPTIONS * HTTP/1.0" 200 110 "-" "Apache/2.4.68 (Ubuntu) OpenSSL/3.0.19 (internal dummy connection)"
66.249.79.197 - - [17/Aug/2026:10:38:19 +0800] "GET / HTTP/1.1" 301 1033 "-" "Mozilla/5.0 (compatible; Googlebot/2.1; +http://www.google.com/bot.html)"
::1 - - [17/Aug/2026:10:38:19 +0800] "OPTIONS * HTTP/1.0" 200 110 "-" "Apache/2.4.68 (Ubuntu) OpenSSL/3.0.19 (internal dummy connection)"
2001:b011:e003:275:97f0:fb88:9aac:398b - - [17/Aug/2026:10:38:19 +0800] "GET /?author=2993 HTTP/1.1" 200 52415 "-" "Mozilla/5.0 (Windows NT 10.0; Win64; x64) AppleWebKit/537.36 (KHTML, like Gecko) Chrome/69.0.3497.81 Safari/537.36"
140.111.67.10 - - [17/Aug/2026:10:38:20 +0800] "GET /" 301 273 "-" "-"
2001:288:a201::66:125 - - [17/Aug/2026:10:38:20 +0800] "GET /blog/active.php HTTP/1.1" 404 1084 "-" "-"
::1 - - [17/Aug/2026:10:38:20 +0800] "OPTIONS * HTTP/1.0" 200 110 "-" "Apache/2.4.68 (Ubuntu) OpenSSL/3.0.19 (internal dummy connection)"
2001:288:a201::66:125 - - [17/Aug/2026:10:38:20 +0800] "GET /blog/active.php HTTP/1.1" 301 1026 "-" "-"
2001:288:a000:192:250:56ff:feae:a27e - - [17/Aug/2026:10:38:21 +0800] "HEAD / HTTP/1.1" 200 5485 "-" "Mozilla/5.0 (compatible; phpservermon/3.5.2; +https://github.com/phpservermon/phpservermon)"
::1 - - [17/Aug/2026:10:38:21 +0800] "OPTIONS * HTTP/1.0" 200 110 "-" "Apache/2.4.68 (Ubuntu) OpenSSL/3.0.19 (internal dummy connection)"
::1 - - [17/Aug/2026:10:38:22 +0800] "OPTIONS * HTTP/1.0" 200 110 "-" "Apache/2.4.68 (Ubuntu) OpenSSL/3.0.19 (internal dummy connection)"
::1 - - [17/Aug/2026:10:38:23 +0800] "OPTIONS * HTTP/1.0" 200 110 "-" "Apache/2.4.68 (Ubuntu) OpenSSL/3.0.19 (internal dummy connection)"
2001:288:a221:1:cc3c:2359:5033:34c7 - - [17/Aug/2026:10:38:23 +0800] "GET /wp-content/themes/oceanwp/assets/fonts/fontawesome/webfonts/fa-solid-900.woff2 HTTP/1.1" 200 156037 "https://www.ilc.edu.tw/wp-content/cache/www.ilc.edu.tw/wpfc-minified/fdlul8k0/8141l.css" "Mozilla/5.0 (Windows NT 10.0; Win64; x64) AppleWebKit/537.36 (KHTML, like Gecko) Chrome/150.0.0.0 Safari/537.36"
2001:288:a221:1:cc3c:2359:5033:34c7 - - [17/Aug/2026:10:38:24 +0800] "GET /wp-content/uploads/sites/3846/2025/05/%E8%AA%9E%E6%96%87%E7%AB%B6%E8%B3%BD180X50.png HTTP/1.1" 200 10112 "https://www.ilc.edu.tw/" "Mozilla/5.0 (Windows NT 10.0; Win64; x64) AppleWebKit/537.36 (KHTML, like Gecko) Chrome/150.0.0.0 Safari/537.36"
2001:288:a221:1:cc3c:2359:5033:34c7 - - [17/Aug/2026:10:38:24 +0800] "GET /wp-content/uploads/sites/3846/2025/05/%E8%BC%AA%E6%92%AD%E5%9C%96%E8%AA%BF%E5%A4%A7%E5%B0%8F_%E6%95%99%E8%82%B2%E8%99%95%E5%B0%8Fbanner.png HTTP/1.1" 200 6999 "https://www.ilc.edu.tw/" "Mozilla/5.0 (Windows NT 10.0; Win64; x64) AppleWebKit/537.36 (KHTML, like Gecko) Chrome/150.0.0.0 Safari/537.36"
2001:288:a221:1:cc3c:2359:5033:34c7 - - [17/Aug/2026:10:38:24 +0800] "GET /wp-content/uploads/sites/3846/2024/04/%E5%AD%B8%E6%A0%A1%E7%94%A8%E5%9C%B0.png HTTP/1.1" 200 20140 "https://www.ilc.edu.tw/" "Mozilla/5.0 (Windows NT 10.0; Win64; x64) AppleWebKit/537.36 (KHTML, like Gecko) Chrome/150.0.0.0 Safari/537.36"
2001:288:a221:1:cc3c:2359:5033:34c7 - - [17/Aug/2026:10:38:24 +0800] "GET /wp-content/uploads/sites/3846/2023/05/%E8%88%9E%E8%B9%88%E6%AF%94%E8%B3%BD-banner.jpg HTTP/1.1" 200 9565 "https://www.ilc.edu.tw/" "Mozilla/5.0 (Windows NT 10.0; Win64; x64) AppleWebKit/537.36 (KHTML, like Gecko) Chrome/150.0.0.0 Safari/537.36"
2001:288:a221:1:cc3c:2359:5033:34c7 - - [17/Aug/2026:10:38:24 +0800] "GET /wp-content/uploads/sites/3846/2025/09/%E6%95%99%E8%82%B2%E8%99%95%E6%B4%BB%E5%8B%95%E5%B0%88%E5%8D%80%E5%B0%8F%E5%9C%96-3.png HTTP/1.1" 200 17171 "https://www.ilc.edu.tw/" "Mozilla/5.0 (Windows NT 10.0; Win64; x64) AppleWebKit/537.36 (KHTML, like Gecko) Chrome/150.0.0.0 Safari/537.36"
2001:288:a221:1:cc3c:2359:5033:34c7 - - [17/Aug/2026:10:38:24 +0800] "GET /wp-content/uploads/sites/3846/2025/07/%E6%95%99%E8%82%B2%E8%99%95%E9%A6%96%E9%A0%81_%E5%B0%8Fbanner_%E5%AE%9C%E8%98%AD%E7%B8%A3%E6%94%BF%E5%BA%9C%E5%9C%8B%E4%B8%AD%E5%B0%8F%E6%AD%A3%E5%B8%B8%E6%95%99%E5%AD%B8%E8%A6%96%E5%B0%8E-1.png HTTP/1.1" 200 13461 "https://www.ilc.edu.tw/" "Mozilla/5.0 (Windows NT 10.0; Win64; x64) AppleWebKit/537.36 (KHTML, like Gecko) Chrome/150.0.0.0 Safari/537.36"
2001:288:a221:1:cc3c:2359:5033:34c7 - - [17/Aug/2026:10:38:24 +0800] "GET /wp-content/uploads/sites/3846/2025/09/%E6%95%99%E8%82%B2%E8%99%95%E6%B4%BB%E5%8B%95%E5%B0%88%E5%8D%80%E5%B0%8F%E5%9C%96-4-2.png HTTP/1.1" 200 26559 "https://www.ilc.edu.tw/" "Mozilla/5.0 (Windows NT 10.0; Win64; x64) AppleWebKit/537.36 (KHTML, like Gecko) Chrome/150.0.0.0 Safari/537.36"
2001:288:a221:1:cc3c:2359:5033:34c7 - - [17/Aug/2026:10:38:24 +0800] "GET /wp-content/uploads/sites/3846/2025/09/%E6%95%99%E8%82%B2%E8%99%95%E6%B4%BB%E5%8B%95%E5%B0%88%E5%8D%80%E5%B0%8F%E5%9C%96-2-3.png HTTP/1.1" 200 9664 "https://www.ilc.edu.tw/" "Mozilla/5.0 (Windows NT 10.0; Win64; x64) AppleWebKit/537.36 (KHTML, like Gecko) Chrome/150.0.0.0 Safari/537.36"
::1 - - [17/Aug/2026:10:38:24 +0800] "OPTIONS * HTTP/1.0" 200 110 "-" "Apache/2.4.68 (Ubuntu) OpenSSL/3.0.19 (internal dummy connection)"
140.111.67.195 - - [17/Aug/2026:10:38:24 +0800] "GET /wp-admin/admin-post.php?action=steps_ad HTTP/1.1" 200 1973 "-" "node-fetch/1.0 (+https://github.com/bitinn/node-fetch)"
140.111.67.10 - - [17/Aug/2026:10:38:25 +0800] "GET /" 301 273 "-" "-"
::1 - - [17/Aug/2026:10:38:25 +0800] "OPTIONS * HTTP/1.0" 200 110 "-" "Apache/2.4.68 (Ubuntu) OpenSSL/3.0.19 (internal dummy connection)"
2001:288:a201::66:125 - - [17/Aug/2026:10:38:25 +0800] "GET /blog/active.php HTTP/1.1" 404 1084 "-" "-"
2001:288:a201::66:125 - - [17/Aug/2026:10:38:25 +0800] "GET /blog/active.php HTTP/1.1" 301 1026 "-" "-"
::1 - - [17/Aug/2026:10:38:26 +0800] "OPTIONS * HTTP/1.0" 200 110 "-" "Apache/2.4.68 (Ubuntu) OpenSSL/3.0.19 (internal dummy connection)"
2001:288:a26a:1:6923:8bf3:4374:c578 - - [17/Aug/2026:10:38:26 +0800] "POST /hsics/wp-admin/admin-ajax.php HTTP/1.1" 200 1459 "https://2blog.ilc.edu.tw/hsics/wp-admin/edit.php" "Mozilla/5.0 (Windows NT 10.0; Win64; x64) AppleWebKit/537.36 (KHTML, like Gecko) Chrome/151.0.0.0 Safari/537.36"
140.111.67.195 - - [17/Aug/2026:10:38:26 +0800] "GET /wp-admin/admin-post.php?action=steps_ad HTTP/1.1" 200 1649 "-" "node-fetch/1.0 (+https://github.com/bitinn/node-fetch)"
::1 - - [17/Aug/2026:10:38:27 +0800] "OPTIONS * HTTP/1.0" 200 110 "-" "Apache/2.4.68 (Ubuntu) OpenSSL/3.0.19 (internal dummy connection)"
140.111.67.195 - - [17/Aug/2026:10:38:27 +0800] "GET /wp-admin/admin-post.php?action=steps_ad HTTP/1.1" 200 1649 "-" "node-fetch/1.0 (+https://github.com/bitinn/node-fetch)"
::1 - - [17/Aug/2026:10:38:28 +0800] "OPTIONS * HTTP/1.0" 200 110 "-" "Apache/2.4.68 (Ubuntu) OpenSSL/3.0.19 (internal dummy connection)"
::1 - - [17/Aug/2026:10:38:29 +0800] "OPTIONS * HTTP/1.0" 200 110 "-" "Apache/2.4.68 (Ubuntu) OpenSSL/3.0.19 (internal dummy connection)"
140.111.67.10 - - [17/Aug/2026:10:38:30 +0800] "GET /" 301 273 "-" "-"
140.111.141.41 - - [17/Aug/2026:10:38:29 +0800] "POST /wp-admin/admin-ajax.php HTTP/1.1" 200 5925 "https://www.gjes.ilc.edu.tw/wp-admin/edit.php?post_type=page" "Mozilla/5.0 (Windows NT 10.0; Win64; x64) AppleWebKit/537.36 (KHTML, like Gecko) Chrome/151.0.0.0 Safari/537.36"
::1 - - [17/Aug/2026:10:38:30 +0800] "OPTIONS * HTTP/1.0" 200 110 "-" "Apache/2.4.68 (Ubuntu) OpenSSL/3.0.19 (internal dummy connection)"
2001:288:a201::66:125 - - [17/Aug/2026:10:38:30 +0800] "GET /blog/active.php HTTP/1.1" 301 1026 "-" "-"
2001:288:a201::66:125 - - [17/Aug/2026:10:38:30 +0800] "GET /blog/active.php HTTP/1.1" 404 1084 "-" "-"
140.111.67.195 - - [17/Aug/2026:10:38:30 +0800] "GET /wp-admin/admin-post.php?action=steps_ad HTTP/1.1" 200 1649 "-" "node-fetch/1.0 (+https://github.com/bitinn/node-fetch)"
::1 - - [17/Aug/2026:10:38:31 +0800] "OPTIONS * HTTP/1.0" 200 110 "-" "Apache/2.4.68 (Ubuntu) OpenSSL/3.0.19 (internal dummy connection)"
2001:4860:7:810::e7 - - [17/Aug/2026:10:38:31 +0800] "GET /3860/2024/01/01/%E8%87%BA%E8%AA%9E%E5%85%A7%E5%BA%95%E7%9A%84%E6%97%A5%E6%9C%AC%E5%A4%96%E4%BE%86%E8%AA%9E/ HTTP/1.1" 200 44110 "https://www.google.com/" "Mozilla/5.0 (Windows NT 10.0; Win64; x64) AppleWebKit/537.36 (KHTML, like Gecko) Chrome/151.0.0.0 Safari/537.36"
::1 - - [17/Aug/2026:10:38:32 +0800] "OPTIONS * HTTP/1.0" 200 110 "-" "Apache/2.4.68 (Ubuntu) OpenSSL/3.0.19 (internal dummy connection)"
140.111.67.195 - - [17/Aug/2026:10:38:32 +0800] "GET /wp-admin/admin-post.php?action=steps_ad HTTP/1.1" 200 1649 "-" "node-fetch/1.0 (+https://github.com/bitinn/node-fetch)"
::1 - - [17/Aug/2026:10:38:33 +0800] "OPTIONS * HTTP/1.0" 200 110 "-" "Apache/2.4.68 (Ubuntu) OpenSSL/3.0.19 (internal dummy connection)"
2001:288:a221:1:cc3c:2359:5033:34c7 - - [17/Aug/2026:10:38:34 +0800] "-" 408 4791 "-" "-"
2001:288:a221:1:cc3c:2359:5033:34c7 - - [17/Aug/2026:10:38:34 +0800] "-" 408 4791 "-" "-"
::1 - - [17/Aug/2026:10:38:34 +0800] "OPTIONS * HTTP/1.0" 200 110 "-" "Apache/2.4.68 (Ubuntu) OpenSSL/3.0.19 (internal dummy connection)"
140.111.67.10 - - [17/Aug/2026:10:38:35 +0800] "GET /" 301 273 "-" "-"
2001:288:a201::66:125 - - [17/Aug/2026:10:38:35 +0800] "GET /blog/active.php HTTP/1.1" 404 1084 "-" "-"
::1 - - [17/Aug/2026:10:38:35 +0800] "OPTIONS * HTTP/1.0" 200 110 "-" "Apache/2.4.68 (Ubuntu) OpenSSL/3.0.19 (internal dummy connection)"
2001:288:a201::66:125 - - [17/Aug/2026:10:38:35 +0800] "GET /blog/active.php HTTP/1.1" 301 1026 "-" "-"
66.249.68.133 - - [17/Aug/2026:10:38:34 +0800] "GET /wp-login.php?action=ilc_logout&_wpnonce=43754d0aad&redirect_to=http://legal9.ru/join/70669/ HTTP/1.1" 302 3435 "-" "Mozilla/5.0 (compatible; Googlebot/2.1; +http://www.google.com/bot.html)"
::1 - - [17/Aug/2026:10:38:36 +0800] "OPTIONS * HTTP/1.0" 200 110 "-" "Apache/2.4.68 (Ubuntu) OpenSSL/3.0.19 (internal dummy connection)"
::1 - - [17/Aug/2026:10:38:37 +0800] "OPTIONS * HTTP/1.0" 200 110 "-" "Apache/2.4.68 (Ubuntu) OpenSSL/3.0.19 (internal dummy connection)"
::1 - - [17/Aug/2026:10:38:38 +0800] "OPTIONS * HTTP/1.0" 200 110 "-" "Apache/2.4.68 (Ubuntu) OpenSSL/3.0.19 (internal dummy connection)"
2001:288:a213:1:1809:8d08:c681:1858 - - [17/Aug/2026:10:38:39 +0800] "-" 408 4791 "-" "-"
::1 - - [17/Aug/2026:10:38:39 +0800] "OPTIONS * HTTP/1.0" 200 110 "-" "Apache/2.4.68 (Ubuntu) OpenSSL/3.0.19 (internal dummy connection)"
2001:288:a213:1:1809:8d08:c681:1858 - - [17/Aug/2026:10:38:39 +0800] "-" 408 4796 "-" "-"
140.111.67.10 - - [17/Aug/2026:10:38:40 +0800] "GET /" 301 273 "-" "-"
::1 - - [17/Aug/2026:10:38:40 +0800] "OPTIONS * HTTP/1.0" 200 110 "-" "Apache/2.4.68 (Ubuntu) OpenSSL/3.0.19 (internal dummy connection)"
2001:288:a201::66:125 - - [17/Aug/2026:10:38:40 +0800] "GET /blog/active.php HTTP/1.1" 301 1026 "-" "-"
2001:288:a201::66:125 - - [17/Aug/2026:10:38:40 +0800] "GET /blog/active.php HTTP/1.1" 404 1084 "-" "-"
2001:4860:7:510::f3 - - [17/Aug/2026:10:38:41 +0800] "GET / HTTP/1.1" 200 20456 "https://www.google.com/" "Mozilla/5.0 (Windows NT 10.0; Win64; x64) AppleWebKit/537.36 (KHTML, like Gecko) Chrome/151.0.0.0 Safari/537.36"
211.72.195.139 - - [17/Aug/2026:10:38:41 +0800] "-" 408 339 "-" "-"
211.72.195.139 - - [17/Aug/2026:10:38:41 +0800] "-" 408 339 "-" "-"
211.72.195.139 - - [17/Aug/2026:10:38:41 +0800] "-" 408 339 "-" "-"
::1 - - [17/Aug/2026:10:38:41 +0800] "OPTIONS * HTTP/1.0" 200 110 "-" "Apache/2.4.68 (Ubuntu) OpenSSL/3.0.19 (internal dummy connection)"
2001:288:a26a:1:6923:8bf3:4374:c578 - - [17/Aug/2026:10:38:41 +0800] "POST /hsics/wp-admin/admin-ajax.php HTTP/1.1" 200 1459 "https://2blog.ilc.edu.tw/hsics/wp-admin/edit.php" "Mozilla/5.0 (Windows NT 10.0; Win64; x64) AppleWebKit/537.36 (KHTML, like Gecko) Chrome/151.0.0.0 Safari/537.36"
2001:b011:7806:37f1:ac95:38ac:3ee2:a571 - - [17/Aug/2026:10:38:42 +0800] "-" 408 4801 "-" "-"
2001:b011:7806:37f1:ac95:38ac:3ee2:a571 - - [17/Aug/2026:10:38:42 +0800] "-" 408 4801 "-" "-"
2001:4860:7:510::ff - - [17/Aug/2026:10:38:42 +0800] "GET /ltjhinformation/2022/08/05/%E5%B0%8E%E5%B8%AB%E7%9A%84%E5%A5%BD%E5%B9%AB%E6%89%8B_line%E5%AE%98%E6%96%B9%E5%B8%B3%E8%99%9F%E7%9A%84%E7%94%B3%E8%AB%8B%E8%A8%AD%E5%AE%9A%E8%88%87%E4%BD%BF%E7%94%A8/ HTTP/1.1" 200 15694 "https://www.google.com/" "Mozilla/5.0 (Windows NT 10.0; Win64; x64) AppleWebKit/537.36 (KHTML, like Gecko) Chrome/151.0.0.0 Safari/537.36"
::1 - - [17/Aug/2026:10:38:42 +0800] "OPTIONS * HTTP/1.0" 200 110 "-" "Apache/2.4.68 (Ubuntu) OpenSSL/3.0.19 (internal dummy connection)"
52.167.144.220 - - [17/Aug/2026:10:38:43 +0800] "GET /?s=%E6%B5%B7%E6%B4%8B%E5%A4%A7%E5%AD%B8%E5%AD%B8%E7%94%9F%E8%81%98%E5%83%B1 HTTP/1.1" 200 20483 "-" "Mozilla/5.0 AppleWebKit/537.36 (KHTML, like Gecko; compatible; bingbot/2.0; +http://www.bing.com/bingbot.htm) Chrome/116.0.1938.76 Safari/537.36"
::1 - - [17/Aug/2026:10:38:43 +0800] "OPTIONS * HTTP/1.0" 200 110 "-" "Apache/2.4.68 (Ubuntu) OpenSSL/3.0.19 (internal dummy connection)"
2001:288:a27a:1:6ddc:2a4b:ac26:cde2 - - [17/Aug/2026:10:38:42 +0800] "POST /namt/wp-admin/admin-ajax.php HTTP/1.1" 200 1459 "https://2blog.ilc.edu.tw/namt/wp-admin/user-new.php?user_id=1731" "Mozilla/5.0 (Windows NT 10.0; Win64; x64) AppleWebKit/537.36 (KHTML, like Gecko) Chrome/151.0.0.0 Safari/537.36"
2001:288:a24f:1:a840:8ba3:b2ed:fae1 - - [17/Aug/2026:10:38:44 +0800] "GET / HTTP/1.1" 200 20966 "-" "Mozilla/5.0 (Windows NT 10.0; Win64; x64) AppleWebKit/537.36 (KHTML, like Gecko) Chrome/151.0.0.0 Safari/537.36"
2001:288:a24f:1:a840:8ba3:b2ed:fae1 - - [17/Aug/2026:10:38:44 +0800] "GET /wp-content/cache/www.kases.ilc.edu.tw/wpfc-minified/7vjybq8c/6whq.css HTTP/1.1" 200 40886 "https://www.kases.ilc.edu.tw/" "Mozilla/5.0 (Windows NT 10.0; Win64; x64) AppleWebKit/537.36 (KHTML, like Gecko) Chrome/151.0.0.0 Safari/537.36"
2001:288:a24f:1:a840:8ba3:b2ed:fae1 - - [17/Aug/2026:10:38:44 +0800] "GET /wp-content/cache/www.kases.ilc.edu.tw/wpfc-minified/g36yt3u/6whq.css HTTP/1.1" 200 16116 "https://www.kases.ilc.edu.tw/" "Mozilla/5.0 (Windows NT 10.0; Win64; x64) AppleWebKit/537.36 (KHTML, like Gecko) Chrome/151.0.0.0 Safari/537.36"
2001:288:a24f:1:a840:8ba3:b2ed:fae1 - - [17/Aug/2026:10:38:44 +0800] "GET /wp-content/cache/www.kases.ilc.edu.tw/wpfc-minified/9huj6zf7/6whq.css HTTP/1.1" 200 1496 "https://www.kases.ilc.edu.tw/" "Mozilla/5.0 (Windows NT 10.0; Win64; x64) AppleWebKit/537.36 (KHTML, like Gecko) Chrome/151.0.0.0 Safari/537.36"
2001:288:a24f:1:a840:8ba3:b2ed:fae1 - - [17/Aug/2026:10:38:44 +0800] "GET /wp-content/uploads/sites/1366/2024/02/%E8%AA%B2%E7%A8%8B%E8%A8%88%E7%95%AB%E5%B0%88%E5%8D%80-2.png HTTP/1.1" 200 78279 "https://www.kases.ilc.edu.tw/" "Mozilla/5.0 (Windows NT 10.0; Win64; x64) AppleWebKit/537.36 (KHTML, like Gecko) Chrome/151.0.0.0 Safari/537.36"
2001:288:a24f:1:a840:8ba3:b2ed:fae1 - - [17/Aug/2026:10:38:44 +0800] "GET /wp-content/cache/www.kases.ilc.edu.tw/wpfc-minified/paliynt/6whq.js HTTP/1.1" 200 40360 "https://www.kases.ilc.edu.tw/" "Mozilla/5.0 (Windows NT 10.0; Win64; x64) AppleWebKit/537.36 (KHTML, like Gecko) Chrome/151.0.0.0 Safari/537.36"
2001:288:a24f:1:a840:8ba3:b2ed:fae1 - - [17/Aug/2026:10:38:44 +0800] "GET /wp-content/uploads/sites/1366/2024/02/%E6%A0%A1%E8%A8%82%E8%AA%B2%E7%A8%8B-768x126.png HTTP/1.1" 200 33373 "https://www.kases.ilc.edu.tw/" "Mozilla/5.0 (Windows NT 10.0; Win64; x64) AppleWebKit/537.36 (KHTML, like Gecko) Chrome/151.0.0.0 Safari/537.36"
2001:288:a24f:1:a840:8ba3:b2ed:fae1 - - [17/Aug/2026:10:38:44 +0800] "GET /wp-content/cache/www.kases.ilc.edu.tw/wpfc-minified/1z6wz8a/6whq.css HTTP/1.1" 200 66108 "https://www.kases.ilc.edu.tw/" "Mozilla/5.0 (Windows NT 10.0; Win64; x64) AppleWebKit/537.36 (KHTML, like Gecko) Chrome/151.0.0.0 Safari/537.36"
2001:288:a24f:1:a840:8ba3:b2ed:fae1 - - [17/Aug/2026:10:38:44 +0800] "GET /wp-content/uploads/sites/1366/2025/09/%E8%AA%B2%E7%A8%8B%E8%A8%88%E7%95%AB%E5%B0%88%E5%8D%80-7-768x292.png HTTP/1.1" 200 99351 "https://www.kases.ilc.edu.tw/" "Mozilla/5.0 (Windows NT 10.0; Win64; x64) AppleWebKit/537.36 (KHTML, like Gecko) Chrome/151.0.0.0 Safari/537.36"
2001:288:a24f:1:a840:8ba3:b2ed:fae1 - - [17/Aug/2026:10:38:44 +0800] "GET /wp-content/uploads/sites/1366/2024/02/%E8%AA%B2%E7%A8%8B%E8%A8%88%E7%95%AB%E5%B0%88%E5%8D%80-2-1.png HTTP/1.1" 404 973 "https://www.kases.ilc.edu.tw/" "Mozilla/5.0 (Windows NT 10.0; Win64; x64) AppleWebKit/537.36 (KHTML, like Gecko) Chrome/151.0.0.0 Safari/537.36"
2001:288:a24f:1:a840:8ba3:b2ed:fae1 - - [17/Aug/2026:10:38:44 +0800] "GET /wp-includes/js/hoverintent-js.min.js HTTP/1.1" 200 1597 "https://www.kases.ilc.edu.tw/" "Mozilla/5.0 (Windows NT 10.0; Win64; x64) AppleWebKit/537.36 (KHTML, like Gecko) Chrome/151.0.0.0 Safari/537.36"
2001:288:a24f:1:a840:8ba3:b2ed:fae1 - - [17/Aug/2026:10:38:44 +0800] "GET /wp-includes/js/admin-bar.min.js HTTP/1.1" 200 2237 "https://www.kases.ilc.edu.tw/" "Mozilla/5.0 (Windows NT 10.0; Win64; x64) AppleWebKit/537.36 (KHTML, like Gecko) Chrome/151.0.0.0 Safari/537.36"
2001:288:a24f:1:a840:8ba3:b2ed:fae1 - - [17/Aug/2026:10:38:44 +0800] "GET /wp-includes/js/imagesloaded.min.js HTTP/1.1" 200 2683 "https://www.kases.ilc.edu.tw/" "Mozilla/5.0 (Windows NT 10.0; Win64; x64) AppleWebKit/537.36 (KHTML, like Gecko) Chrome/151.0.0.0 Safari/537.36"
2001:288:a24f:1:a840:8ba3:b2ed:fae1 - - [17/Aug/2026:10:38:44 +0800] "GET /wp-content/themes/oceanwp/assets/js/theme.min.js HTTP/1.1" 200 5130 "https://www.kases.ilc.edu.tw/" "Mozilla/5.0 (Windows NT 10.0; Win64; x64) AppleWebKit/537.36 (KHTML, like Gecko) Chrome/151.0.0.0 Safari/537.36"
2001:288:a24f:1:a840:8ba3:b2ed:fae1 - - [17/Aug/2026:10:38:44 +0800] "GET /wp-content/themes/oceanwp/assets/js/drop-down-mobile-menu.min.js HTTP/1.1" 200 4663 "https://www.kases.ilc.edu.tw/" "Mozilla/5.0 (Windows NT 10.0; Win64; x64) AppleWebKit/537.36 (KHTML, like Gecko) Chrome/151.0.0.0 Safari/537.36"
2001:288:a24f:1:a840:8ba3:b2ed:fae1 - - [17/Aug/2026:10:38:44 +0800] "GET /wp-content/themes/oceanwp/assets/js/drop-down-search.min.js HTTP/1.1" 200 2968 "https://www.kases.ilc.edu.tw/" "Mozilla/5.0 (Windows NT 10.0; Win64; x64) AppleWebKit/537.36 (KHTML, like Gecko) Chrome/151.0.0.0 Safari/537.36"
2001:288:a24f:1:a840:8ba3:b2ed:fae1 - - [17/Aug/2026:10:38:44 +0800] "GET /wp-content/themes/oceanwp/assets/js/ow-lightbox.min.js HTTP/1.1" 200 2321 "https://www.kases.ilc.edu.tw/" "Mozilla/5.0 (Windows NT 10.0; Win64; x64) AppleWebKit/537.36 (KHTML, like Gecko) Chrome/151.0.0.0 Safari/537.36"
2001:288:a24f:1:a840:8ba3:b2ed:fae1 - - [17/Aug/2026:10:38:44 +0800] "GET /wp-content/themes/oceanwp/assets/js/vendors/magnific-popup.min.js HTTP/1.1" 200 8270 "https://www.kases.ilc.edu.tw/" "Mozilla/5.0 (Windows NT 10.0; Win64; x64) AppleWebKit/537.36 (KHTML, like Gecko) Chrome/151.0.0.0 Safari/537.36"
2001:288:a24f:1:a840:8ba3:b2ed:fae1 - - [17/Aug/2026:10:38:44 +0800] "GET /wp-content/themes/oceanwp/assets/js/ow-slider.min.js HTTP/1.1" 200 1761 "https://www.kases.ilc.edu.tw/" "Mozilla/5.0 (Windows NT 10.0; Win64; x64) AppleWebKit/537.36 (KHTML, like Gecko) Chrome/151.0.0.0 Safari/537.36"
2001:288:a24f:1:a840:8ba3:b2ed:fae1 - - [17/Aug/2026:10:38:44 +0800] "GET /wp-content/themes/oceanwp/assets/js/vendors/flickity.pkgd.min.js HTTP/1.1" 200 15048 "https://www.kases.ilc.edu.tw/" "Mozilla/5.0 (Windows NT 10.0; Win64; x64) AppleWebKit/537.36 (KHTML, like Gecko) Chrome/151.0.0.0 Safari/537.36"
2001:288:a24f:1:a840:8ba3:b2ed:fae1 - - [17/Aug/2026:10:38:44 +0800] "GET /wp-content/themes/oceanwp/assets/js/scroll-effect.min.js HTTP/1.1" 200 4127 "https://www.kases.ilc.edu.tw/" "Mozilla/5.0 (Windows NT 10.0; Win64; x64) AppleWebKit/537.36 (KHTML, like Gecko) Chrome/151.0.0.0 Safari/537.36"
2001:288:a24f:1:a840:8ba3:b2ed:fae1 - - [17/Aug/2026:10:38:44 +0800] "GET /wp-content/themes/oceanwp/assets/js/scroll-top.min.js HTTP/1.1" 200 3202 "https://www.kases.ilc.edu.tw/" "Mozilla/5.0 (Windows NT 10.0; Win64; x64) AppleWebKit/537.36 (KHTML, like Gecko) Chrome/151.0.0.0 Safari/537.36"
2001:288:a24f:1:a840:8ba3:b2ed:fae1 - - [17/Aug/2026:10:38:44 +0800] "GET /wp-content/themes/oceanwp/assets/js/select.min.js HTTP/1.1" 200 2408 "https://www.kases.ilc.edu.tw/" "Mozilla/5.0 (Windows NT 10.0; Win64; x64) AppleWebKit/537.36 (KHTML, like Gecko) Chrome/151.0.0.0 Safari/537.36"
2001:288:a24f:1:a840:8ba3:b2ed:fae1 - - [17/Aug/2026:10:38:44 +0800] "GET /wp-content/plugins/ocean-extra/includes/widgets/js/flickr.min.js HTTP/1.1" 200 1319 "https://www.kases.ilc.edu.tw/" "Mozilla/5.0 (Windows NT 10.0; Win64; x64) AppleWebKit/537.36 (KHTML, like Gecko) Chrome/151.0.0.0 Safari/537.36"
2001:288:a24f:1:a840:8ba3:b2ed:fae1 - - [17/Aug/2026:10:38:44 +0800] "GET /wp-content/uploads/sites/1366/2026/02/%E5%AE%9C%E8%98%AD%E7%B8%A3%E5%AE%9C%E8%98%AD%E5%B8%82%E5%87%B1%E6%97%8B%E5%9C%8B%E6%B0%91%E5%B0%8F%E5%AD%B8-Kai-Syuan-Elementary-School-of-Yilan-County-898-x-200-%E5%83%8F%E7%B4%A0-1.png HTTP/1.1" 200 452673 "https://www.kases.ilc.edu.tw/" "Mozilla/5.0 (Windows NT 10.0; Win64; x64) AppleWebKit/537.36 (KHTML, like Gecko) Chrome/151.0.0.0 Safari/537.36"
2001:288:a24f:1:a840:8ba3:b2ed:fae1 - - [17/Aug/2026:10:38:44 +0800] "GET /wp-content/uploads/sites/1366/2026/07/%E8%AA%B2%E7%A8%8B%E8%A8%88%E7%95%AB%E5%B0%88%E5%8D%80-25-768x125.png HTTP/1.1" 200 45593 "https://www.kases.ilc.edu.tw/" "Mozilla/5.0 (Windows NT 10.0; Win64; x64) AppleWebKit/537.36 (KHTML, like Gecko) Chrome/151.0.0.0 Safari/537.36"
2001:288:a24f:1:a840:8ba3:b2ed:fae1 - - [17/Aug/2026:10:38:44 +0800] "GET /wp-content/uploads/sites/1366/2024/02/%E6%A0%A1%E5%9C%92%E6%9C%8D%E5%8B%994-768x149.png HTTP/1.1" 200 34451 "https://www.kases.ilc.edu.tw/" "Mozilla/5.0 (Windows NT 10.0; Win64; x64) AppleWebKit/537.36 (KHTML, like Gecko) Chrome/151.0.0.0 Safari/537.36"
2001:288:a24f:1:a840:8ba3:b2ed:fae1 - - [17/Aug/2026:10:38:44 +0800] "GET /wp-content/uploads/sites/1366/2024/02/%E6%A0%A1%E5%9C%92%E6%9C%8D%E5%8B%99.png HTTP/1.1" 200 62897 "https://www.kases.ilc.edu.tw/" "Mozilla/5.0 (Windows NT 10.0; Win64; x64) AppleWebKit/537.36 (KHTML, like Gecko) Chrome/151.0.0.0 Safari/537.36"
2001:288:a24f:1:a840:8ba3:b2ed:fae1 - - [17/Aug/2026:10:38:44 +0800] "GET /wp-content/uploads/sites/1366/2024/02/%E8%AA%B2%E7%A8%8B%E8%A8%88%E7%95%AB%E5%B0%88%E5%8D%80-3-1-768x126.png HTTP/1.1" 200 39324 "https://www.kases.ilc.edu.tw/" "Mozilla/5.0 (Windows NT 10.0; Win64; x64) AppleWebKit/537.36 (KHTML, like Gecko) Chrome/151.0.0.0 Safari/537.36"
2001:288:a24f:1:a840:8ba3:b2ed:fae1 - - [17/Aug/2026:10:38:44 +0800] "GET /wp-content/uploads/sites/1366/2024/03/%E8%AA%B2%E7%A8%8B%E8%A8%88%E7%95%AB%E5%B0%88%E5%8D%80-1-768x125.png HTTP/1.1" 200 47286 "https://www.kases.ilc.edu.tw/" "Mozilla/5.0 (Windows NT 10.0; Win64; x64) AppleWebKit/537.36 (KHTML, like Gecko) Chrome/151.0.0.0 Safari/537.36"
2001:288:a24f:1:a840:8ba3:b2ed:fae1 - - [17/Aug/2026:10:38:44 +0800] "GET /wp-content/uploads/sites/1366/2024/02/%E6%A0%A1%E5%9C%92%E6%9C%8D%E5%8B%99-2-768x149.png HTTP/1.1" 200 38401 "https://www.kases.ilc.edu.tw/" "Mozilla/5.0 (Windows NT 10.0; Win64; x64) AppleWebKit/537.36 (KHTML, like Gecko) Chrome/151.0.0.0 Safari/537.36"
2001:288:a24f:1:a840:8ba3:b2ed:fae1 - - [17/Aug/2026:10:38:44 +0800] "GET /wp-content/themes/oceanwp/assets/fonts/simple-line-icons/Simple-Line-Icons.woff2?v=2.4.0 HTTP/1.1" 200 30959 "https://www.kases.ilc.edu.tw/wp-content/cache/www.kases.ilc.edu.tw/wpfc-minified/1z6wz8a/6whq.css" "Mozilla/5.0 (Windows NT 10.0; Win64; x64) AppleWebKit/537.36 (KHTML, like Gecko) Chrome/151.0.0.0 Safari/537.36"
2001:288:a24f:1:a840:8ba3:b2ed:fae1 - - [17/Aug/2026:10:38:44 +0800] "GET /wp-content/themes/oceanwp/assets/fonts/fontawesome/webfonts/fa-solid-900.woff2 HTTP/1.1" 200 151246 "https://www.kases.ilc.edu.tw/wp-content/cache/www.kases.ilc.edu.tw/wpfc-minified/1z6wz8a/6whq.css" "Mozilla/5.0 (Windows NT 10.0; Win64; x64) AppleWebKit/537.36 (KHTML, like Gecko) Chrome/151.0.0.0 Safari/537.36"
2001:288:a24f:1:a840:8ba3:b2ed:fae1 - - [17/Aug/2026:10:38:44 +0800] "GET /wp-content/uploads/sites/1366/2024/02/%E6%A0%A1%E5%9C%92%E6%9C%8D%E5%8B%99-6-768x149.png HTTP/1.1" 200 29792 "https://www.kases.ilc.edu.tw/" "Mozilla/5.0 (Windows NT 10.0; Win64; x64) AppleWebKit/537.36 (KHTML, like Gecko) Chrome/151.0.0.0 Safari/537.36"
2001:288:a24f:1:a840:8ba3:b2ed:fae1 - - [17/Aug/2026:10:38:44 +0800] "GET /wp-content/uploads/sites/1366/2026/04/%E8%AA%B2%E7%A8%8B%E8%A8%88%E7%95%AB%E5%B0%88%E5%8D%80-22-768x227.png HTTP/1.1" 200 65541 "https://www.kases.ilc.edu.tw/" "Mozilla/5.0 (Windows NT 10.0; Win64; x64) AppleWebKit/537.36 (KHTML, like Gecko) Chrome/151.0.0.0 Safari/537.36"
2001:288:a24f:1:a840:8ba3:b2ed:fae1 - - [17/Aug/2026:10:38:44 +0800] "GET /wp-content/uploads/sites/1366/2025/10/%E8%AA%B2%E7%A8%8B%E8%A8%88%E7%95%AB%E5%B0%88%E5%8D%80-11-768x148.png HTTP/1.1" 200 33141 "https://www.kases.ilc.edu.tw/" "Mozilla/5.0 (Windows NT 10.0; Win64; x64) AppleWebKit/537.36 (KHTML, like Gecko) Chrome/151.0.0.0 Safari/537.36"
2001:288:a24f:1:a840:8ba3:b2ed:fae1 - - [17/Aug/2026:10:38:44 +0800] "GET /wp-content/uploads/sites/1366/2025/11/%E8%AA%B2%E7%A8%8B%E8%A8%88%E7%95%AB%E5%B0%88%E5%8D%80-14-768x148.png HTTP/1.1" 200 47702 "https://www.kases.ilc.edu.tw/" "Mozilla/5.0 (Windows NT 10.0; Win64; x64) AppleWebKit/537.36 (KHTML, like Gecko) Chrome/151.0.0.0 Safari/537.36"
2001:288:a24f:1:a840:8ba3:b2ed:fae1 - - [17/Aug/2026:10:38:44 +0800] "GET /wp-content/uploads/sites/1366/2024/02/%E6%A0%A1%E5%9C%92%E6%9C%8D%E5%8B%99-10-768x149.png HTTP/1.1" 200 31637 "https://www.kases.ilc.edu.tw/" "Mozilla/5.0 (Windows NT 10.0; Win64; x64) AppleWebKit/537.36 (KHTML, like Gecko) Chrome/151.0.0.0 Safari/537.36"
2001:288:a24f:1:a840:8ba3:b2ed:fae1 - - [17/Aug/2026:10:38:44 +0800] "GET /wp-content/uploads/sites/1366/2024/02/%E8%AA%B2%E7%A8%8B%E8%A8%88%E7%95%AB%E5%B0%88%E5%8D%80-12-768x149.png HTTP/1.1" 200 41033 "https://www.kases.ilc.edu.tw/" "Mozilla/5.0 (Windows NT 10.0; Win64; x64) AppleWebKit/537.36 (KHTML, like Gecko) Chrome/151.0.0.0 Safari/537.36"
2001:288:a24f:1:a840:8ba3:b2ed:fae1 - - [17/Aug/2026:10:38:44 +0800] "GET /wp-content/uploads/sites/1366/2024/02/%E6%A0%A1%E5%9C%92%E6%9C%8D%E5%8B%9911-768x148.png HTTP/1.1" 200 47633 "https://www.kases.ilc.edu.tw/" "Mozilla/5.0 (Windows NT 10.0; Win64; x64) AppleWebKit/537.36 (KHTML, like Gecko) Chrome/151.0.0.0 Safari/537.36"
2001:288:a24f:1:a840:8ba3:b2ed:fae1 - - [17/Aug/2026:10:38:45 +0800] "GET /wp-content/uploads/sites/1366/2024/02/%E6%A0%A1%E5%9C%92%E6%9C%8D%E5%8B%99-1-768x149.png HTTP/1.1" 200 46489 "https://www.kases.ilc.edu.tw/" "Mozilla/5.0 (Windows NT 10.0; Win64; x64) AppleWebKit/537.36 (KHTML, like Gecko) Chrome/151.0.0.0 Safari/537.36"
140.111.67.10 - - [17/Aug/2026:10:38:45 +0800] "GET /" 301 273 "-" "-"
2001:288:a24f:1:a840:8ba3:b2ed:fae1 - - [17/Aug/2026:10:38:45 +0800] "GET /wp-content/uploads/sites/1366/2024/04/%E8%AA%B2%E7%A8%8B%E8%A8%88%E7%95%AB%E5%B0%88%E5%8D%80-2-768x148.png HTTP/1.1" 200 36913 "https://www.kases.ilc.edu.tw/" "Mozilla/5.0 (Windows NT 10.0; Win64; x64) AppleWebKit/537.36 (KHTML, like Gecko) Chrome/151.0.0.0 Safari/537.36"
2001:288:a24f:1:a840:8ba3:b2ed:fae1 - - [17/Aug/2026:10:38:45 +0800] "GET /wp-content/uploads/sites/1366/2024/05/%E8%AA%B2%E7%A8%8B%E8%A8%88%E7%95%AB%E5%B0%88%E5%8D%80-4-1-768x231.png HTTP/1.1" 200 44597 "https://www.kases.ilc.edu.tw/" "Mozilla/5.0 (Windows NT 10.0; Win64; x64) AppleWebKit/537.36 (KHTML, like Gecko) Chrome/151.0.0.0 Safari/537.36"
2001:288:a24f:1:a840:8ba3:b2ed:fae1 - - [17/Aug/2026:10:38:45 +0800] "GET /wp-content/uploads/sites/1366/2024/02/%E9%83%A8%E8%90%BD%E6%A0%BC.png HTTP/1.1" 200 54277 "https://www.kases.ilc.edu.tw/" "Mozilla/5.0 (Windows NT 10.0; Win64; x64) AppleWebKit/537.36 (KHTML, like Gecko) Chrome/151.0.0.0 Safari/537.36"
2001:288:a24f:1:a840:8ba3:b2ed:fae1 - - [17/Aug/2026:10:38:45 +0800] "GET /wp-content/uploads/sites/1366/2026/01/%E8%AA%B2%E7%A8%8B%E8%A8%88%E7%95%AB%E5%B0%88%E5%8D%80-15-768x227.png HTTP/1.1" 200 40581 "https://www.kases.ilc.edu.tw/" "Mozilla/5.0 (Windows NT 10.0; Win64; x64) AppleWebKit/537.36 (KHTML, like Gecko) Chrome/151.0.0.0 Safari/537.36"
2001:288:a24f:1:a840:8ba3:b2ed:fae1 - - [17/Aug/2026:10:38:45 +0800] "GET /wp-content/uploads/sites/1366/2024/02/%E9%83%A8%E8%90%BD%E6%A0%BC2-768x149.png HTTP/1.1" 200 32621 "https://www.kases.ilc.edu.tw/" "Mozilla/5.0 (Windows NT 10.0; Win64; x64) AppleWebKit/537.36 (KHTML, like Gecko) Chrome/151.0.0.0 Safari/537.36"
2001:288:a24f:1:a840:8ba3:b2ed:fae1 - - [17/Aug/2026:10:38:45 +0800] "GET /wp-content/uploads/sites/1366/2024/02/%E9%83%A8%E8%90%BD%E6%A0%BC3-768x149.png HTTP/1.1" 200 32696 "https://www.kases.ilc.edu.tw/" "Mozilla/5.0 (Windows NT 10.0; Win64; x64) AppleWebKit/537.36 (KHTML, like Gecko) Chrome/151.0.0.0 Safari/537.36"
2001:288:a24f:1:a840:8ba3:b2ed:fae1 - - [17/Aug/2026:10:38:45 +0800] "GET /wp-content/uploads/sites/1366/2024/02/%E6%A0%A1%E5%9C%92VR%E5%B0%8E%E8%A6%BD.png HTTP/1.1" 200 72704 "https://www.kases.ilc.edu.tw/" "Mozilla/5.0 (Windows NT 10.0; Win64; x64) AppleWebKit/537.36 (KHTML, like Gecko) Chrome/151.0.0.0 Safari/537.36"
2001:288:a24f:1:a840:8ba3:b2ed:fae1 - - [17/Aug/2026:10:38:45 +0800] "GET /wp-content/uploads/sites/1366/2020/02/vr%E5%9C%96.png HTTP/1.1" 200 25474 "https://www.kases.ilc.edu.tw/" "Mozilla/5.0 (Windows NT 10.0; Win64; x64) AppleWebKit/537.36 (KHTML, like Gecko) Chrome/151.0.0.0 Safari/537.36"
2001:288:a24f:1:a840:8ba3:b2ed:fae1 - - [17/Aug/2026:10:38:45 +0800] "GET /wp-content/uploads/sites/1366/2024/02/%E9%83%A8%E8%90%BD%E6%A0%BC-5-768x149.png HTTP/1.1" 200 31590 "https://www.kases.ilc.edu.tw/" "Mozilla/5.0 (Windows NT 10.0; Win64; x64) AppleWebKit/537.36 (KHTML, like Gecko) Chrome/151.0.0.0 Safari/537.36"
2001:288:a24f:1:a840:8ba3:b2ed:fae1 - - [17/Aug/2026:10:38:45 +0800] "GET /wp-content/uploads/sites/1366/2024/02/%E9%83%A8%E8%90%BD%E6%A0%BC4-768x149.png HTTP/1.1" 200 33133 "https://www.kases.ilc.edu.tw/" "Mozilla/5.0 (Windows NT 10.0; Win64; x64) AppleWebKit/537.36 (KHTML, like Gecko) Chrome/151.0.0.0 Safari/537.36"
