210.208.117.78 - - [17/Aug/2026:10:35:51 +0800] "GET /wp-content/cache/www.ilc.edu.tw/wpfc-minified/21kp93v9/8141l.css HTTP/1.1" 200 4167 "https://www.ilc.edu.tw/" "Mozilla/5.0 (iPhone; CPU iPhone OS 26_5_1 like Mac OS X) AppleWebKit/605.1.15 (KHTML, like Gecko) GSA/384.1.800981714 Mobile/15E148 Safari/604.1"
210.208.117.78 - - [17/Aug/2026:10:35:51 +0800] "GET /wp-content/uploads/sites/3846/elementor/css/post-3.css HTTP/1.1" 200 6090 "https://www.ilc.edu.tw/" "Mozilla/5.0 (iPhone; CPU iPhone OS 26_5_1 like Mac OS X) AppleWebKit/605.1.15 (KHTML, like Gecko) GSA/384.1.800981714 Mobile/15E148 Safari/604.1"
210.208.117.78 - - [17/Aug/2026:10:35:51 +0800] "GET /wp-content/cache/www.ilc.edu.tw/wpfc-minified/7ihu9bns/8141l.css HTTP/1.1" 200 5952 "https://www.ilc.edu.tw/" "Mozilla/5.0 (iPhone; CPU iPhone OS 26_5_1 like Mac OS X) AppleWebKit/605.1.15 (KHTML, like Gecko) GSA/384.1.800981714 Mobile/15E148 Safari/604.1"
210.208.117.78 - - [17/Aug/2026:10:35:51 +0800] "GET /wp-includes/js/admin-bar.min.js HTTP/1.1" 200 2237 "https://www.ilc.edu.tw/" "Mozilla/5.0 (iPhone; CPU iPhone OS 26_5_1 like Mac OS X) AppleWebKit/605.1.15 (KHTML, like Gecko) GSA/384.1.800981714 Mobile/15E148 Safari/604.1"
210.208.117.78 - - [17/Aug/2026:10:35:51 +0800] "GET /wp-content/uploads/sites/3846/elementor/css/post-19.css HTTP/1.1" 200 6463 "https://www.ilc.edu.tw/" "Mozilla/5.0 (iPhone; CPU iPhone OS 26_5_1 like Mac OS X) AppleWebKit/605.1.15 (KHTML, like Gecko) GSA/384.1.800981714 Mobile/15E148 Safari/604.1"
210.208.117.78 - - [17/Aug/2026:10:35:51 +0800] "GET /wp-content/cache/www.ilc.edu.tw/wpfc-minified/difb1vbs/8141l.js HTTP/1.1" 200 40340 "https://www.ilc.edu.tw/" "Mozilla/5.0 (iPhone; CPU iPhone OS 26_5_1 like Mac OS X) AppleWebKit/605.1.15 (KHTML, like Gecko) GSA/384.1.800981714 Mobile/15E148 Safari/604.1"
210.208.117.78 - - [17/Aug/2026:10:35:51 +0800] "GET /wp-content/cache/www.ilc.edu.tw/wpfc-minified/fdlul8k0/8141l.css HTTP/1.1" 200 84888 "https://www.ilc.edu.tw/" "Mozilla/5.0 (iPhone; CPU iPhone OS 26_5_1 like Mac OS X) AppleWebKit/605.1.15 (KHTML, like Gecko) GSA/384.1.800981714 Mobile/15E148 Safari/604.1"
210.208.117.78 - - [17/Aug/2026:10:35:51 +0800] "GET /wp-includes/js/imagesloaded.min.js HTTP/1.1" 200 2683 "https://www.ilc.edu.tw/" "Mozilla/5.0 (iPhone; CPU iPhone OS 26_5_1 like Mac OS X) AppleWebKit/605.1.15 (KHTML, like Gecko) GSA/384.1.800981714 Mobile/15E148 Safari/604.1"
210.208.117.78 - - [17/Aug/2026:10:35:51 +0800] "GET /wp-content/themes/oceanwp/assets/js/theme.min.js HTTP/1.1" 200 5130 "https://www.ilc.edu.tw/" "Mozilla/5.0 (iPhone; CPU iPhone OS 26_5_1 like Mac OS X) AppleWebKit/605.1.15 (KHTML, like Gecko) GSA/384.1.800981714 Mobile/15E148 Safari/604.1"
210.208.117.78 - - [17/Aug/2026:10:35:51 +0800] "GET /wp-content/themes/oceanwp/assets/js/drop-down-mobile-menu.min.js HTTP/1.1" 200 4663 "https://www.ilc.edu.tw/" "Mozilla/5.0 (iPhone; CPU iPhone OS 26_5_1 like Mac OS X) AppleWebKit/605.1.15 (KHTML, like Gecko) GSA/384.1.800981714 Mobile/15E148 Safari/604.1"
210.208.117.78 - - [17/Aug/2026:10:35:51 +0800] "GET /wp-content/themes/oceanwp/assets/js/ow-lightbox.min.js HTTP/1.1" 200 2321 "https://www.ilc.edu.tw/" "Mozilla/5.0 (iPhone; CPU iPhone OS 26_5_1 like Mac OS X) AppleWebKit/605.1.15 (KHTML, like Gecko) GSA/384.1.800981714 Mobile/15E148 Safari/604.1"
210.208.117.78 - - [17/Aug/2026:10:35:51 +0800] "GET /wp-content/themes/oceanwp/assets/js/ow-slider.min.js HTTP/1.1" 200 1761 "https://www.ilc.edu.tw/" "Mozilla/5.0 (iPhone; CPU iPhone OS 26_5_1 like Mac OS X) AppleWebKit/605.1.15 (KHTML, like Gecko) GSA/384.1.800981714 Mobile/15E148 Safari/604.1"
210.208.117.78 - - [17/Aug/2026:10:35:51 +0800] "GET /wp-content/themes/oceanwp/assets/js/scroll-effect.min.js HTTP/1.1" 200 4127 "https://www.ilc.edu.tw/" "Mozilla/5.0 (iPhone; CPU iPhone OS 26_5_1 like Mac OS X) AppleWebKit/605.1.15 (KHTML, like Gecko) GSA/384.1.800981714 Mobile/15E148 Safari/604.1"
210.208.117.78 - - [17/Aug/2026:10:35:51 +0800] "GET /wp-content/themes/oceanwp/assets/js/scroll-top.min.js HTTP/1.1" 200 3202 "https://www.ilc.edu.tw/" "Mozilla/5.0 (iPhone; CPU iPhone OS 26_5_1 like Mac OS X) AppleWebKit/605.1.15 (KHTML, like Gecko) GSA/384.1.800981714 Mobile/15E148 Safari/604.1"
210.208.117.78 - - [17/Aug/2026:10:35:51 +0800] "GET /wp-content/themes/oceanwp/assets/js/select.min.js HTTP/1.1" 200 2408 "https://www.ilc.edu.tw/" "Mozilla/5.0 (iPhone; CPU iPhone OS 26_5_1 like Mac OS X) AppleWebKit/605.1.15 (KHTML, like Gecko) GSA/384.1.800981714 Mobile/15E148 Safari/604.1"
210.208.117.78 - - [17/Aug/2026:10:35:51 +0800] "GET /wp-content/plugins/elementor/assets/js/webpack.runtime.min.js HTTP/1.1" 200 3095 "https://www.ilc.edu.tw/" "Mozilla/5.0 (iPhone; CPU iPhone OS 26_5_1 like Mac OS X) AppleWebKit/605.1.15 (KHTML, like Gecko) GSA/384.1.800981714 Mobile/15E148 Safari/604.1"
210.208.117.78 - - [17/Aug/2026:10:35:51 +0800] "GET /wp-content/plugins/elementor-pro/assets/js/webpack-pro.runtime.min.js HTTP/1.1" 200 3562 "https://www.ilc.edu.tw/" "Mozilla/5.0 (iPhone; CPU iPhone OS 26_5_1 like Mac OS X) AppleWebKit/605.1.15 (KHTML, like Gecko) GSA/384.1.800981714 Mobile/15E148 Safari/604.1"
210.208.117.78 - - [17/Aug/2026:10:35:51 +0800] "GET /wp-content/plugins/elementor/assets/js/frontend-modules.min.js HTTP/1.1" 200 19416 "https://www.ilc.edu.tw/" "Mozilla/5.0 (iPhone; CPU iPhone OS 26_5_1 like Mac OS X) AppleWebKit/605.1.15 (KHTML, like Gecko) GSA/384.1.800981714 Mobile/15E148 Safari/604.1"
210.208.117.78 - - [17/Aug/2026:10:35:51 +0800] "GET /wp-includes/js/dist/i18n.min.js HTTP/1.1" 200 4547 "https://www.ilc.edu.tw/" "Mozilla/5.0 (iPhone; CPU iPhone OS 26_5_1 like Mac OS X) AppleWebKit/605.1.15 (KHTML, like Gecko) GSA/384.1.800981714 Mobile/15E148 Safari/604.1"
210.208.117.78 - - [17/Aug/2026:10:35:51 +0800] "GET /wp-content/plugins/elementor-pro/assets/js/frontend.min.js HTTP/1.1" 200 7574 "https://www.ilc.edu.tw/" "Mozilla/5.0 (iPhone; CPU iPhone OS 26_5_1 like Mac OS X) AppleWebKit/605.1.15 (KHTML, like Gecko) GSA/384.1.800981714 Mobile/15E148 Safari/604.1"
210.208.117.78 - - [17/Aug/2026:10:35:51 +0800] "GET /wp-content/plugins/elementor/assets/lib/waypoints/waypoints.min.js HTTP/1.1" 200 3873 "https://www.ilc.edu.tw/" "Mozilla/5.0 (iPhone; CPU iPhone OS 26_5_1 like Mac OS X) AppleWebKit/605.1.15 (KHTML, like Gecko) GSA/384.1.800981714 Mobile/15E148 Safari/604.1"
210.208.117.78 - - [17/Aug/2026:10:35:51 +0800] "GET /wp-includes/js/jquery/ui/core.min.js HTTP/1.1" 200 7986 "https://www.ilc.edu.tw/" "Mozilla/5.0 (iPhone; CPU iPhone OS 26_5_1 like Mac OS X) AppleWebKit/605.1.15 (KHTML, like Gecko) GSA/384.1.800981714 Mobile/15E148 Safari/604.1"
210.208.117.78 - - [17/Aug/2026:10:35:51 +0800] "GET /wp-content/plugins/elementor/assets/js/frontend.min.js HTTP/1.1" 200 13169 "https://www.ilc.edu.tw/" "Mozilla/5.0 (iPhone; CPU iPhone OS 26_5_1 like Mac OS X) AppleWebKit/605.1.15 (KHTML, like Gecko) GSA/384.1.800981714 Mobile/15E148 Safari/604.1"
210.208.117.78 - - [17/Aug/2026:10:35:51 +0800] "GET /wp-content/uploads/sites/3846/2023/05/%E9%A6%96%E9%A0%81%E5%B0%8F%E6%A8%99_%E6%9C%80%E6%96%B0%E6%B6%88%E6%81%AF.png HTTP/1.1" 200 2537 "https://www.ilc.edu.tw/" "Mozilla/5.0 (iPhone; CPU iPhone OS 26_5_1 like Mac OS X) AppleWebKit/605.1.15 (KHTML, like Gecko) GSA/384.1.800981714 Mobile/15E148 Safari/604.1"
210.208.117.78 - - [17/Aug/2026:10:35:51 +0800] "GET /wp-content/uploads/sites/3846/2023/05/%E5%AE%9C%E8%98%AD%E7%B8%A3%E6%94%BF%E5%BA%9C%E6%95%99%E8%82%B2%E8%99%95logo.png HTTP/1.1" 200 16335 "https://www.ilc.edu.tw/" "Mozilla/5.0 (iPhone; CPU iPhone OS 26_5_1 like Mac OS X) AppleWebKit/605.1.15 (KHTML, like Gecko) GSA/384.1.800981714 Mobile/15E148 Safari/604.1"
210.208.117.78 - - [17/Aug/2026:10:35:51 +0800] "GET /wp-content/uploads/sites/3846/2023/05/%E5%85%AC%E5%91%8A%E6%90%9C%E5%B0%8B.png HTTP/1.1" 200 3549 "https://www.ilc.edu.tw/" "Mozilla/5.0 (iPhone; CPU iPhone OS 26_5_1 like Mac OS X) AppleWebKit/605.1.15 (KHTML, like Gecko) GSA/384.1.800981714 Mobile/15E148 Safari/604.1"
210.208.117.78 - - [17/Aug/2026:10:35:51 +0800] "GET /wp-content/uploads/sites/3846/2026/05/05bfd164-030e-448f-b83b-37c7dcb01eec.png HTTP/1.1" 200 3476 "https://www.ilc.edu.tw/" "Mozilla/5.0 (iPhone; CPU iPhone OS 26_5_1 like Mac OS X) AppleWebKit/605.1.15 (KHTML, like Gecko) GSA/384.1.800981714 Mobile/15E148 Safari/604.1"
210.208.117.78 - - [17/Aug/2026:10:35:51 +0800] "GET /wp-content/plugins/elementor/assets/lib/eicons/fonts/eicons.woff2?5.30.0 HTTP/1.1" 200 98225 "https://www.ilc.edu.tw/" "Mozilla/5.0 (iPhone; CPU iPhone OS 26_5_1 like Mac OS X) AppleWebKit/605.1.15 (KHTML, like Gecko) GSA/384.1.800981714 Mobile/15E148 Safari/604.1"
210.208.117.78 - - [17/Aug/2026:10:35:51 +0800] "GET /wp-content/plugins/elementor-pro/assets/js/media-carousel.aca2224ef13e6f999011.bundle.min.js HTTP/1.1" 200 2948 "https://www.ilc.edu.tw/" "Mozilla/5.0 (iPhone; CPU iPhone OS 26_5_1 like Mac OS X) AppleWebKit/605.1.15 (KHTML, like Gecko) GSA/384.1.800981714 Mobile/15E148 Safari/604.1"
210.208.117.78 - - [17/Aug/2026:10:35:51 +0800] "GET /wp-content/uploads/sites/3846/2026/05/%E8%9E%A2%E5%B9%95%E6%93%B7%E5%8F%96%E7%95%AB%E9%9D%A2-2026-05-07-100749.png HTTP/1.1" 200 1349539 "https://www.ilc.edu.tw/" "Mozilla/5.0 (iPhone; CPU iPhone OS 26_5_1 like Mac OS X) AppleWebKit/605.1.15 (KHTML, like Gecko) GSA/384.1.800981714 Mobile/15E148 Safari/604.1"
210.208.117.78 - - [17/Aug/2026:10:35:51 +0800] "GET /wp-content/plugins/elementor/assets/lib/swiper/v8/swiper.min.js?ver=8.4.5 HTTP/1.1" 200 40708 "https://www.ilc.edu.tw/" "Mozilla/5.0 (iPhone; CPU iPhone OS 26_5_1 like Mac OS X) AppleWebKit/605.1.15 (KHTML, like Gecko) GSA/384.1.800981714 Mobile/15E148 Safari/604.1"
210.208.117.78 - - [17/Aug/2026:10:35:52 +0800] "GET /wp-content/uploads/sites/3846/2025/04/%E7%AB%A5%E5%BF%83%E7%AB%A5%E9%81%8A-%E6%AD%A1%E6%A8%82%E8%98%AD%E9%99%BD-%E5%85%92%E7%AB%A5%E7%AF%80%E5%BF%AB%E6%A8%82.jpg HTTP/1.1" 200 126952 "https://www.ilc.edu.tw/" "Mozilla/5.0 (iPhone; CPU iPhone OS 26_5_1 like Mac OS X) AppleWebKit/605.1.15 (KHTML, like Gecko) GSA/384.1.800981714 Mobile/15E148 Safari/604.1"
210.208.117.78 - - [17/Aug/2026:10:35:52 +0800] "GET /wp-content/uploads/sites/3846/2025/11/%E8%9E%A2%E5%B9%95%E6%93%B7%E5%8F%96%E7%95%AB%E9%9D%A2-2025-11-27-141357.png HTTP/1.1" 200 216157 "https://www.ilc.edu.tw/" "Mozilla/5.0 (iPhone; CPU iPhone OS 26_5_1 like Mac OS X) AppleWebKit/605.1.15 (KHTML, like Gecko) GSA/384.1.800981714 Mobile/15E148 Safari/604.1"
52.167.144.163 - - [17/Aug/2026:10:35:52 +0800] "GET /1003/?s=%E7%BE%85%E6%8A%80%E6%BB%91%E9%BC%A0+%E7%BD%AE%E5%BA%95+%E5%BF%AB%E6%8D%B7%E9%8D%B5 HTTP/1.1" 200 13835 "-" "Mozilla/5.0 AppleWebKit/537.36 (KHTML, like Gecko; compatible; bingbot/2.0; +http://www.bing.com/bingbot.htm) Chrome/116.0.1938.76 Safari/537.36"
2001:b011:e602:9d14:e024:a4d9:cb35:543b - - [17/Aug/2026:10:35:52 +0800] "GET /1003/wp-content/uploads/sites/233/2026/04/675285397_826504917177674_2333144885535903906_n.jpg HTTP/1.1" 200 18929 "https://2blog.ilc.edu.tw/1003/2026/04/23/%e3%80%90%e4%b8%80%e9%a0%81%e5%bc%8f%e9%96%b1%e8%ae%80%e5%a0%b1%e5%91%8a%e7%b6%b2%e9%a0%81%e4%ba%92%e5%8b%95%e7%89%88%e3%80%91/" "Mozilla/5.0 (Windows NT 10.0; Win64; x64) AppleWebKit/537.36 (KHTML, like Gecko) Chrome/151.0.0.0 Safari/537.36"
210.208.117.78 - - [17/Aug/2026:10:35:52 +0800] "GET /wp-content/uploads/sites/3846/2024/09/%E6%95%99%E5%B8%AB%E7%AF%80%E5%BD%B1%E7%89%87.jpg HTTP/1.1" 200 72504 "https://www.ilc.edu.tw/" "Mozilla/5.0 (iPhone; CPU iPhone OS 26_5_1 like Mac OS X) AppleWebKit/605.1.15 (KHTML, like Gecko) GSA/384.1.800981714 Mobile/15E148 Safari/604.1"
210.208.117.78 - - [17/Aug/2026:10:35:52 +0800] "GET /wp-content/uploads/sites/3846/2026/02/%E8%9E%A2%E5%B9%95%E6%93%B7%E5%8F%96%E7%95%AB%E9%9D%A2-2026-02-24-081359.png HTTP/1.1" 200 1572728 "https://www.ilc.edu.tw/" "Mozilla/5.0 (iPhone; CPU iPhone OS 26_5_1 like Mac OS X) AppleWebKit/605.1.15 (KHTML, like Gecko) GSA/384.1.800981714 Mobile/15E148 Safari/604.1"
210.208.117.78 - - [17/Aug/2026:10:35:53 +0800] "GET /wp-content/uploads/sites/3846/2023/10/C1.png HTTP/1.1" 200 342209 "https://www.ilc.edu.tw/" "Mozilla/5.0 (iPhone; CPU iPhone OS 26_5_1 like Mac OS X) AppleWebKit/605.1.15 (KHTML, like Gecko) GSA/384.1.800981714 Mobile/15E148 Safari/604.1"
210.208.117.78 - - [17/Aug/2026:10:35:53 +0800] "GET /wp-content/uploads/sites/3846/2023/10/C2.png HTTP/1.1" 200 259646 "https://www.ilc.edu.tw/" "Mozilla/5.0 (iPhone; CPU iPhone OS 26_5_1 like Mac OS X) AppleWebKit/605.1.15 (KHTML, like Gecko) GSA/384.1.800981714 Mobile/15E148 Safari/604.1"
210.208.117.78 - - [17/Aug/2026:10:35:53 +0800] "GET /wp-content/uploads/sites/3846/2023/10/C3.png HTTP/1.1" 200 192155 "https://www.ilc.edu.tw/" "Mozilla/5.0 (iPhone; CPU iPhone OS 26_5_1 like Mac OS X) AppleWebKit/605.1.15 (KHTML, like Gecko) GSA/384.1.800981714 Mobile/15E148 Safari/604.1"
210.208.117.78 - - [17/Aug/2026:10:35:54 +0800] "GET /wp-content/uploads/sites/3846/2023/10/C4.png HTTP/1.1" 200 139328 "https://www.ilc.edu.tw/" "Mozilla/5.0 (iPhone; CPU iPhone OS 26_5_1 like Mac OS X) AppleWebKit/605.1.15 (KHTML, like Gecko) GSA/384.1.800981714 Mobile/15E148 Safari/604.1"
210.208.117.78 - - [17/Aug/2026:10:35:54 +0800] "GET /wp-content/uploads/sites/3846/2023/10/C5.png HTTP/1.1" 200 267535 "https://www.ilc.edu.tw/" "Mozilla/5.0 (iPhone; CPU iPhone OS 26_5_1 like Mac OS X) AppleWebKit/605.1.15 (KHTML, like Gecko) GSA/384.1.800981714 Mobile/15E148 Safari/604.1"
210.208.117.78 - - [17/Aug/2026:10:35:52 +0800] "GET /wp-content/uploads/sites/3846/2025/11/%E8%9E%A2%E5%B9%95%E6%93%B7%E5%8F%96%E7%95%AB%E9%9D%A2-2025-11-13-131522.png HTTP/1.1" 200 3035516 "https://www.ilc.edu.tw/" "Mozilla/5.0 (iPhone; CPU iPhone OS 26_5_1 like Mac OS X) AppleWebKit/605.1.15 (KHTML, like Gecko) GSA/384.1.800981714 Mobile/15E148 Safari/604.1"
210.208.117.78 - - [17/Aug/2026:10:35:52 +0800] "GET /wp-content/uploads/sites/3846/2025/11/%E8%9E%A2%E5%B9%95%E6%93%B7%E5%8F%96%E7%95%AB%E9%9D%A2-2025-11-10-141501.png HTTP/1.1" 200 2345658 "https://www.ilc.edu.tw/" "Mozilla/5.0 (iPhone; CPU iPhone OS 26_5_1 like Mac OS X) AppleWebKit/605.1.15 (KHTML, like Gecko) GSA/384.1.800981714 Mobile/15E148 Safari/604.1"
210.208.117.78 - - [17/Aug/2026:10:35:53 +0800] "GET /wp-content/uploads/sites/3846/2024/08/%E8%9E%A2%E5%B9%95%E6%93%B7%E5%8F%96%E7%95%AB%E9%9D%A2-2024-08-07-151319.png HTTP/1.1" 200 1693054 "https://www.ilc.edu.tw/" "Mozilla/5.0 (iPhone; CPU iPhone OS 26_5_1 like Mac OS X) AppleWebKit/605.1.15 (KHTML, like Gecko) GSA/384.1.800981714 Mobile/15E148 Safari/604.1"
140.111.67.10 - - [17/Aug/2026:10:35:55 +0800] "GET /" 301 273 "-" "-"
::1 - - [17/Aug/2026:10:35:55 +0800] "OPTIONS * HTTP/1.0" 200 110 "-" "Apache/2.4.68 (Ubuntu) OpenSSL/3.0.19 (internal dummy connection)"
2001:288:a201::66:125 - - [17/Aug/2026:10:35:55 +0800] "GET /blog/active.php HTTP/1.1" 301 1026 "-" "-"
2001:288:a201::66:125 - - [17/Aug/2026:10:35:55 +0800] "GET /blog/active.php HTTP/1.1" 404 1084 "-" "-"
2001:288:a26a:1:6923:8bf3:4374:c578 - - [17/Aug/2026:10:35:56 +0800] "POST /hsics/wp-admin/admin-ajax.php HTTP/1.1" 200 1459 "https://2blog.ilc.edu.tw/hsics/wp-admin/edit.php" "Mozilla/5.0 (Windows NT 10.0; Win64; x64) AppleWebKit/537.36 (KHTML, like Gecko) Chrome/151.0.0.0 Safari/537.36"
140.111.67.195 - - [17/Aug/2026:10:35:56 +0800] "GET /wp-admin/admin-post.php?action=steps_ad HTTP/1.1" 200 6425 "-" "node-fetch/1.0 (+https://github.com/bitinn/node-fetch)"
2001:4860:7:510::fd - - [17/Aug/2026:10:35:58 +0800] "GET /34/%E5%9C%98%E9%9A%8A%E6%88%90%E5%93%A1/ HTTP/1.1" 200 22997 "https://www.google.com/" "Mozilla/5.0 (Windows NT 10.0; Win64; x64) AppleWebKit/537.36 (KHTML, like Gecko) Chrome/151.0.0.0 Safari/537.36"
2001:4860:7:410::f4 - - [17/Aug/2026:10:35:58 +0800] "GET /24/2021/02/24/108%E5%9C%A8%E9%96%B1%E8%AE%80%E6%80%9D%E8%BE%A8%E4%B8%AD%E7%9C%8B%E8%A6%8B%E6%84%9B/ HTTP/1.1" 200 45593 "https://www.google.com/" "Mozilla/5.0 (Windows NT 10.0; Win64; x64) AppleWebKit/537.36 (KHTML, like Gecko) Chrome/151.0.0.0 Safari/537.36"
140.111.67.10 - - [17/Aug/2026:10:36:00 +0800] "GET /" 301 273 "-" "-"
2001:288:a201::66:125 - - [17/Aug/2026:10:36:00 +0800] "GET /blog/active.php HTTP/1.1" 404 1084 "-" "-"
2001:288:a201::66:125 - - [17/Aug/2026:10:36:00 +0800] "GET /blog/active.php HTTP/1.1" 301 1026 "-" "-"
2001:288:a201::67:81 - - [17/Aug/2026:10:36:01 +0800] "GET / HTTP/1.1" 200 56292 "-" "curl/7.81.0"
140.111.67.86 - - [17/Aug/2026:10:36:01 +0800] "GET / HTTP/1.1" 200 56292 "-" "curl/7.81.0"
2001:288:a201::67:84 - - [17/Aug/2026:10:36:01 +0800] "GET / HTTP/1.1" 200 56292 "-" "curl/7.81.0"
52.167.144.220 - - [17/Aug/2026:10:36:01 +0800] "GET /?s=%E6%BA%AB%E5%9C%8B%E6%B0%91 HTTP/1.1" 200 20452 "-" "Mozilla/5.0 AppleWebKit/537.36 (KHTML, like Gecko; compatible; bingbot/2.0; +http://www.bing.com/bingbot.htm) Chrome/116.0.1938.76 Safari/537.36"
52.167.144.220 - - [17/Aug/2026:10:36:02 +0800] "GET /?s=%E9%B3%B3%E5%B1%B1%E5%9C%8B%E4%B8%AD+%E9%81%8B%E5%8B%95%E6%9C%8D HTTP/1.1" 200 15608 "-" "Mozilla/5.0 AppleWebKit/537.36 (KHTML, like Gecko; compatible; bingbot/2.0; +http://www.bing.com/bingbot.htm) Chrome/116.0.1938.76 Safari/537.36"
::1 - - [17/Aug/2026:10:36:04 +0800] "OPTIONS * HTTP/1.0" 200 110 "-" "Apache/2.4.68 (Ubuntu) OpenSSL/3.0.19 (internal dummy connection)"
140.111.67.10 - - [17/Aug/2026:10:36:05 +0800] "GET /" 301 273 "-" "-"
140.111.67.195 - - [17/Aug/2026:10:36:05 +0800] "GET /wp-admin/admin-post.php?action=steps_ad HTTP/1.1" 200 1973 "-" "node-fetch/1.0 (+https://github.com/bitinn/node-fetch)"
2001:288:a201::66:125 - - [17/Aug/2026:10:36:05 +0800] "GET /blog/active.php HTTP/1.1" 301 1026 "-" "-"
2001:288:a201::66:125 - - [17/Aug/2026:10:36:05 +0800] "GET /blog/active.php HTTP/1.1" 404 1084 "-" "-"
52.167.144.166 - - [17/Aug/2026:10:36:06 +0800] "GET /?s=%E7%AD%86%E9%9B%BB%E7%9A%84%E9%80%9A%E9%A2%A8%E6%9E%B6 HTTP/1.1" 200 20485 "-" "Mozilla/5.0 AppleWebKit/537.36 (KHTML, like Gecko; compatible; bingbot/2.0; +http://www.bing.com/bingbot.htm) Chrome/116.0.1938.76 Safari/537.36"
2001:288:a255:1:4094:4679:6456:fb82 - - [17/Aug/2026:10:36:07 +0800] "-" 408 4791 "-" "-"
140.111.67.10 - - [17/Aug/2026:10:36:10 +0800] "GET /" 301 273 "-" "-"
2001:4860:7:510::f0 - - [17/Aug/2026:10:36:10 +0800] "GET /2341/2020/05/03/4f-%E5%BC%95%E5%B0%8E%E6%80%9D%E8%80%83%E6%B3%95/ HTTP/1.1" 200 17436 "https://www.google.com/" "Mozilla/5.0 (Windows NT 10.0; Win64; x64) AppleWebKit/537.36 (KHTML, like Gecko) Chrome/151.0.0.0 Safari/537.36"
2001:288:a201::66:125 - - [17/Aug/2026:10:36:10 +0800] "GET /blog/active.php HTTP/1.1" 404 1084 "-" "-"
140.111.67.195 - - [17/Aug/2026:10:36:10 +0800] "GET /wp-admin/admin-post.php?action=steps_ad HTTP/1.1" 200 1649 "-" "node-fetch/1.0 (+https://github.com/bitinn/node-fetch)"
2001:288:a201::66:125 - - [17/Aug/2026:10:36:10 +0800] "GET /blog/active.php HTTP/1.1" 301 1026 "-" "-"
52.167.144.163 - - [17/Aug/2026:10:36:11 +0800] "GET / HTTP/1.1" 301 852 "-" "Mozilla/5.0 AppleWebKit/537.36 (KHTML, like Gecko; compatible; bingbot/2.0; +http://www.bing.com/bingbot.htm) Chrome/116.0.1938.76 Safari/537.36"
2001:288:a26a:1:6923:8bf3:4374:c578 - - [17/Aug/2026:10:36:11 +0800] "POST /hsics/wp-admin/admin-ajax.php HTTP/1.1" 200 1459 "https://2blog.ilc.edu.tw/hsics/wp-admin/edit.php" "Mozilla/5.0 (Windows NT 10.0; Win64; x64) AppleWebKit/537.36 (KHTML, like Gecko) Chrome/151.0.0.0 Safari/537.36"
52.167.144.163 - - [17/Aug/2026:10:36:13 +0800] "GET / HTTP/1.1" 200 19741 "-" "Mozilla/5.0 AppleWebKit/537.36 (KHTML, like Gecko; compatible; bingbot/2.0; +http://www.bing.com/bingbot.htm) Chrome/116.0.1938.76 Safari/537.36"
140.111.67.195 - - [17/Aug/2026:10:36:13 +0800] "GET /wp-admin/admin-post.php?action=steps_ad HTTP/1.1" 200 1649 "-" "node-fetch/1.0 (+https://github.com/bitinn/node-fetch)"
140.111.67.195 - - [17/Aug/2026:10:36:14 +0800] "GET /wp-admin/admin-post.php?action=steps_ad HTTP/1.1" 200 1649 "-" "node-fetch/1.0 (+https://github.com/bitinn/node-fetch)"
140.111.67.10 - - [17/Aug/2026:10:36:15 +0800] "GET /" 301 273 "-" "-"
2001:288:a201::66:125 - - [17/Aug/2026:10:36:15 +0800] "GET /blog/active.php HTTP/1.1" 404 1084 "-" "-"
2001:288:a201::66:125 - - [17/Aug/2026:10:36:15 +0800] "GET /blog/active.php HTTP/1.1" 301 1026 "-" "-"
140.111.67.195 - - [17/Aug/2026:10:36:16 +0800] "GET /wp-admin/admin-post.php?action=steps_ad HTTP/1.1" 200 1649 "-" "node-fetch/1.0 (+https://github.com/bitinn/node-fetch)"
140.111.67.195 - - [17/Aug/2026:10:36:19 +0800] "GET /wp-admin/admin-post.php?action=steps_ad HTTP/1.1" 200 1649 "-" "node-fetch/1.0 (+https://github.com/bitinn/node-fetch)"
2407:4b00:4c09:80f9:3c21:aa7f:1a3c:bb2f - - [17/Aug/2026:10:36:19 +0800] "GET /wp-content/uploads/sites/3846/2026/08/%E8%BE%B2%E6%A5%AD%E9%83%A8%E5%BB%A3%E5%91%8A.jpg HTTP/1.1" 304 5581 "https://it.ilc.edu.tw/" "Mozilla/5.0 (Windows NT 10.0; Win64; x64) AppleWebKit/537.36 (KHTML, like Gecko) Chrome/151.0.0.0 Safari/537.36"
140.111.67.10 - - [17/Aug/2026:10:36:20 +0800] "GET /" 301 273 "-" "-"
2407:4b00:4c09:80f9:3c21:aa7f:1a3c:bb2f - - [17/Aug/2026:10:36:19 +0800] "GET /wp-content/uploads/sites/3846/2026/06/%E5%AE%A3%E5%82%B3%E5%9C%96%E7%89%87.png HTTP/1.1" 200 1053112 "https://it.ilc.edu.tw/" "Mozilla/5.0 (Windows NT 10.0; Win64; x64) AppleWebKit/537.36 (KHTML, like Gecko) Chrome/151.0.0.0 Safari/537.36"
2001:288:a201::66:125 - - [17/Aug/2026:10:36:20 +0800] "GET /blog/active.php HTTP/1.1" 404 1084 "-" "-"
2001:288:a201::66:125 - - [17/Aug/2026:10:36:20 +0800] "GET /blog/active.php HTTP/1.1" 301 1026 "-" "-"
2407:4b00:4c09:80f9:3c21:aa7f:1a3c:bb2f - - [17/Aug/2026:10:36:19 +0800] "GET /wp-content/uploads/sites/3846/2026/06/2026%E5%AE%9C%E8%98%AD%E7%98%8B%E5%AD%B8%E7%BF%92-%E6%9A%91%E5%81%87_%E6%95%99%E8%82%B2%E8%99%95%E9%A6%96%E9%A0%81-1440-x-1080-%E5%83%8F%E7%B4%A0.png HTTP/1.1" 200 2050723 "https://it.ilc.edu.tw/" "Mozilla/5.0 (Windows NT 10.0; Win64; x64) AppleWebKit/537.36 (KHTML, like Gecko) Chrome/151.0.0.0 Safari/537.36"
190.123.217.227 - - [17/Aug/2026:10:36:24 +0800] "GET /2019/03/15/c/ HTTP/1.1" 200 15595 "-" "Mozilla/5.0 (Windows NT 10.0; Win64; x64) AppleWebKit/537.36 (KHTML, like Gecko) Chrome/149.0.0.0 Safari/537.36 Edg/149.0.0.0"
140.111.67.10 - - [17/Aug/2026:10:36:25 +0800] "GET /" 301 273 "-" "-"
2001:288:a201::66:125 - - [17/Aug/2026:10:36:25 +0800] "GET /blog/active.php HTTP/1.1" 404 1084 "-" "-"
2001:288:a201::66:125 - - [17/Aug/2026:10:36:25 +0800] "GET /blog/active.php HTTP/1.1" 301 1026 "-" "-"
2001:288:a26a:1:6923:8bf3:4374:c578 - - [17/Aug/2026:10:36:26 +0800] "POST /hsics/wp-admin/admin-ajax.php HTTP/1.1" 200 1459 "https://2blog.ilc.edu.tw/hsics/wp-admin/edit.php" "Mozilla/5.0 (Windows NT 10.0; Win64; x64) AppleWebKit/537.36 (KHTML, like Gecko) Chrome/151.0.0.0 Safari/537.36"
::1 - - [17/Aug/2026:10:36:29 +0800] "OPTIONS * HTTP/1.0" 200 110 "-" "Apache/2.4.68 (Ubuntu) OpenSSL/3.0.19 (internal dummy connection)"
140.111.67.10 - - [17/Aug/2026:10:36:30 +0800] "GET /" 301 273 "-" "-"
2001:288:a201::66:125 - - [17/Aug/2026:10:36:30 +0800] "GET /blog/active.php HTTP/1.1" 301 1026 "-" "-"
2001:288:a201::66:125 - - [17/Aug/2026:10:36:30 +0800] "GET /blog/active.php HTTP/1.1" 404 1084 "-" "-"
2407:4b00:4c0d:d42:40a2:e801:b5b9:9606 - - [17/Aug/2026:10:36:33 +0800] "GET / HTTP/1.1" 200 25721 "https://www.google.com/" "Mozilla/5.0 (iPad; CPU OS 17_7_10 like Mac OS X) AppleWebKit/605.1.15 (KHTML, like Gecko) CriOS/137.0.7151.107 Mobile/15E148 Safari/604.1"
140.111.67.10 - - [17/Aug/2026:10:36:35 +0800] "GET /" 301 273 "-" "-"
2407:4b00:4c0d:d42:40a2:e801:b5b9:9606 - - [17/Aug/2026:10:36:35 +0800] "GET /luodong/wp-content/uploads/sites/1640/2020/04/13-1-300x203.jpg HTTP/1.1" 200 18308 "https://www.lotes.ilc.edu.tw/" "Mozilla/5.0 (iPad; CPU OS 17_7_10 like Mac OS X) AppleWebKit/605.1.15 (KHTML, like Gecko) CriOS/137.0.7151.107 Mobile/15E148 Safari/604.1"
2407:4b00:4c0d:d42:40a2:e801:b5b9:9606 - - [17/Aug/2026:10:36:35 +0800] "GET /wp-content/cache/www.lotes.ilc.edu.tw/wpfc-minified/9i9mg4bm/6vyb.css HTTP/1.1" 200 45691 "https://www.lotes.ilc.edu.tw/" "Mozilla/5.0 (iPad; CPU OS 17_7_10 like Mac OS X) AppleWebKit/605.1.15 (KHTML, like Gecko) CriOS/137.0.7151.107 Mobile/15E148 Safari/604.1"
2407:4b00:4c0d:d42:40a2:e801:b5b9:9606 - - [17/Aug/2026:10:36:35 +0800] "GET /wp-content/cache/www.lotes.ilc.edu.tw/wpfc-minified/8axcrfkt/6vyb.css HTTP/1.1" 200 25093 "https://www.lotes.ilc.edu.tw/" "Mozilla/5.0 (iPad; CPU OS 17_7_10 like Mac OS X) AppleWebKit/605.1.15 (KHTML, like Gecko) CriOS/137.0.7151.107 Mobile/15E148 Safari/604.1"
2407:4b00:4c0d:d42:40a2:e801:b5b9:9606 - - [17/Aug/2026:10:36:35 +0800] "GET /wp-content/cache/www.lotes.ilc.edu.tw/wpfc-minified/8ijnw83p/6vyb.css HTTP/1.1" 200 20582 "https://www.lotes.ilc.edu.tw/" "Mozilla/5.0 (iPad; CPU OS 17_7_10 like Mac OS X) AppleWebKit/605.1.15 (KHTML, like Gecko) CriOS/137.0.7151.107 Mobile/15E148 Safari/604.1"
2407:4b00:4c0d:d42:40a2:e801:b5b9:9606 - - [17/Aug/2026:10:36:35 +0800] "GET /wp-content/cache/www.lotes.ilc.edu.tw/wpfc-minified/mjmjzt04/6vyb.js HTTP/1.1" 200 40363 "https://www.lotes.ilc.edu.tw/" "Mozilla/5.0 (iPad; CPU OS 17_7_10 like Mac OS X) AppleWebKit/605.1.15 (KHTML, like Gecko) CriOS/137.0.7151.107 Mobile/15E148 Safari/604.1"
2407:4b00:4c0d:d42:40a2:e801:b5b9:9606 - - [17/Aug/2026:10:36:35 +0800] "GET /wp-content/uploads/sites/1640/elementor/css/post-120.css HTTP/1.1" 200 1362 "https://www.lotes.ilc.edu.tw/" "Mozilla/5.0 (iPad; CPU OS 17_7_10 like Mac OS X) AppleWebKit/605.1.15 (KHTML, like Gecko) CriOS/137.0.7151.107 Mobile/15E148 Safari/604.1"
2407:4b00:4c0d:d42:40a2:e801:b5b9:9606 - - [17/Aug/2026:10:36:35 +0800] "GET /wp-content/cache/www.lotes.ilc.edu.tw/wpfc-minified/f3kjq6g4/6vyb.css HTTP/1.1" 200 15353 "https://www.lotes.ilc.edu.tw/" "Mozilla/5.0 (iPad; CPU OS 17_7_10 like Mac OS X) AppleWebKit/605.1.15 (KHTML, like Gecko) CriOS/137.0.7151.107 Mobile/15E148 Safari/604.1"
2407:4b00:4c0d:d42:40a2:e801:b5b9:9606 - - [17/Aug/2026:10:36:35 +0800] "GET /wp-content/cache/www.lotes.ilc.edu.tw/wpfc-minified/7v2t3f1i/6vyb.css HTTP/1.1" 200 47287 "https://www.lotes.ilc.edu.tw/" "Mozilla/5.0 (iPad; CPU OS 17_7_10 like Mac OS X) AppleWebKit/605.1.15 (KHTML, like Gecko) CriOS/137.0.7151.107 Mobile/15E148 Safari/604.1"
2407:4b00:4c0d:d42:40a2:e801:b5b9:9606 - - [17/Aug/2026:10:36:35 +0800] "GET /wp-content/cache/www.lotes.ilc.edu.tw/wpfc-minified/89r6c7e0/6vyb.css HTTP/1.1" 200 5962 "https://www.lotes.ilc.edu.tw/" "Mozilla/5.0 (iPad; CPU OS 17_7_10 like Mac OS X) AppleWebKit/605.1.15 (KHTML, like Gecko) CriOS/137.0.7151.107 Mobile/15E148 Safari/604.1"
2407:4b00:4c0d:d42:40a2:e801:b5b9:9606 - - [17/Aug/2026:10:36:35 +0800] "GET /wp-content/cache/www.lotes.ilc.edu.tw/wpfc-minified/223e2on5/83pv9.css HTTP/1.1" 200 65525 "https://www.lotes.ilc.edu.tw/" "Mozilla/5.0 (iPad; CPU OS 17_7_10 like Mac OS X) AppleWebKit/605.1.15 (KHTML, like Gecko) CriOS/137.0.7151.107 Mobile/15E148 Safari/604.1"
2407:4b00:4c0d:d42:40a2:e801:b5b9:9606 - - [17/Aug/2026:10:36:35 +0800] "GET /wp-content/uploads/sites/1640/2026/08/376423200E.jpg HTTP/1.1" 200 149074 "https://www.lotes.ilc.edu.tw/" "Mozilla/5.0 (iPad; CPU OS 17_7_10 like Mac OS X) AppleWebKit/605.1.15 (KHTML, like Gecko) CriOS/137.0.7151.107 Mobile/15E148 Safari/604.1"
2407:4b00:4c0d:d42:40a2:e801:b5b9:9606 - - [17/Aug/2026:10:36:35 +0800] "GET /wp-content/uploads/sites/1640/elementor/css/post-273.css HTTP/1.1" 200 1268 "https://www.lotes.ilc.edu.tw/" "Mozilla/5.0 (iPad; CPU OS 17_7_10 like Mac OS X) AppleWebKit/605.1.15 (KHTML, like Gecko) CriOS/137.0.7151.107 Mobile/15E148 Safari/604.1"
2407:4b00:4c0d:d42:40a2:e801:b5b9:9606 - - [17/Aug/2026:10:36:35 +0800] "GET /wp-includes/js/admin-bar.min.js HTTP/1.1" 200 2237 "https://www.lotes.ilc.edu.tw/" "Mozilla/5.0 (iPad; CPU OS 17_7_10 like Mac OS X) AppleWebKit/605.1.15 (KHTML, like Gecko) CriOS/137.0.7151.107 Mobile/15E148 Safari/604.1"
2407:4b00:4c0d:d42:40a2:e801:b5b9:9606 - - [17/Aug/2026:10:36:35 +0800] "GET /wp-includes/js/hoverintent-js.min.js HTTP/1.1" 200 1597 "https://www.lotes.ilc.edu.tw/" "Mozilla/5.0 (iPad; CPU OS 17_7_10 like Mac OS X) AppleWebKit/605.1.15 (KHTML, like Gecko) CriOS/137.0.7151.107 Mobile/15E148 Safari/604.1"
2407:4b00:4c0d:d42:40a2:e801:b5b9:9606 - - [17/Aug/2026:10:36:35 +0800] "GET /wp-content/themes/oceanwp/assets/js/theme.min.js HTTP/1.1" 200 5130 "https://www.lotes.ilc.edu.tw/" "Mozilla/5.0 (iPad; CPU OS 17_7_10 like Mac OS X) AppleWebKit/605.1.15 (KHTML, like Gecko) CriOS/137.0.7151.107 Mobile/15E148 Safari/604.1"
2407:4b00:4c0d:d42:40a2:e801:b5b9:9606 - - [17/Aug/2026:10:36:35 +0800] "GET /wp-includes/js/imagesloaded.min.js HTTP/1.1" 200 2683 "https://www.lotes.ilc.edu.tw/" "Mozilla/5.0 (iPad; CPU OS 17_7_10 like Mac OS X) AppleWebKit/605.1.15 (KHTML, like Gecko) CriOS/137.0.7151.107 Mobile/15E148 Safari/604.1"
2407:4b00:4c0d:d42:40a2:e801:b5b9:9606 - - [17/Aug/2026:10:36:35 +0800] "GET /wp-content/themes/oceanwp/assets/js/drop-down-mobile-menu.min.js HTTP/1.1" 200 4663 "https://www.lotes.ilc.edu.tw/" "Mozilla/5.0 (iPad; CPU OS 17_7_10 like Mac OS X) AppleWebKit/605.1.15 (KHTML, like Gecko) CriOS/137.0.7151.107 Mobile/15E148 Safari/604.1"
2407:4b00:4c0d:d42:40a2:e801:b5b9:9606 - - [17/Aug/2026:10:36:35 +0800] "GET /wp-content/themes/oceanwp/assets/js/drop-down-search.min.js HTTP/1.1" 200 2968 "https://www.lotes.ilc.edu.tw/" "Mozilla/5.0 (iPad; CPU OS 17_7_10 like Mac OS X) AppleWebKit/605.1.15 (KHTML, like Gecko) CriOS/137.0.7151.107 Mobile/15E148 Safari/604.1"
2001:288:a201::66:125 - - [17/Aug/2026:10:36:35 +0800] "GET /blog/active.php HTTP/1.1" 301 1026 "-" "-"
2001:288:a201::66:125 - - [17/Aug/2026:10:36:35 +0800] "GET /blog/active.php HTTP/1.1" 404 1084 "-" "-"
2407:4b00:4c0d:d42:40a2:e801:b5b9:9606 - - [17/Aug/2026:10:36:35 +0800] "GET /wp-content/themes/oceanwp/assets/js/vendors/magnific-popup.min.js HTTP/1.1" 200 8270 "https://www.lotes.ilc.edu.tw/" "Mozilla/5.0 (iPad; CPU OS 17_7_10 like Mac OS X) AppleWebKit/605.1.15 (KHTML, like Gecko) CriOS/137.0.7151.107 Mobile/15E148 Safari/604.1"
2407:4b00:4c0d:d42:40a2:e801:b5b9:9606 - - [17/Aug/2026:10:36:35 +0800] "GET /wp-content/themes/oceanwp/assets/js/ow-lightbox.min.js HTTP/1.1" 200 2321 "https://www.lotes.ilc.edu.tw/" "Mozilla/5.0 (iPad; CPU OS 17_7_10 like Mac OS X) AppleWebKit/605.1.15 (KHTML, like Gecko) CriOS/137.0.7151.107 Mobile/15E148 Safari/604.1"
2407:4b00:4c0d:d42:40a2:e801:b5b9:9606 - - [17/Aug/2026:10:36:35 +0800] "GET /wp-content/themes/oceanwp/assets/js/vendors/flickity.pkgd.min.js HTTP/1.1" 200 15048 "https://www.lotes.ilc.edu.tw/" "Mozilla/5.0 (iPad; CPU OS 17_7_10 like Mac OS X) AppleWebKit/605.1.15 (KHTML, like Gecko) CriOS/137.0.7151.107 Mobile/15E148 Safari/604.1"
2407:4b00:4c0d:d42:40a2:e801:b5b9:9606 - - [17/Aug/2026:10:36:35 +0800] "GET /wp-content/themes/oceanwp/assets/js/scroll-effect.min.js HTTP/1.1" 200 4127 "https://www.lotes.ilc.edu.tw/" "Mozilla/5.0 (iPad; CPU OS 17_7_10 like Mac OS X) AppleWebKit/605.1.15 (KHTML, like Gecko) CriOS/137.0.7151.107 Mobile/15E148 Safari/604.1"
2407:4b00:4c0d:d42:40a2:e801:b5b9:9606 - - [17/Aug/2026:10:36:35 +0800] "GET /wp-content/themes/oceanwp/assets/js/ow-slider.min.js HTTP/1.1" 200 1761 "https://www.lotes.ilc.edu.tw/" "Mozilla/5.0 (iPad; CPU OS 17_7_10 like Mac OS X) AppleWebKit/605.1.15 (KHTML, like Gecko) CriOS/137.0.7151.107 Mobile/15E148 Safari/604.1"
2407:4b00:4c0d:d42:40a2:e801:b5b9:9606 - - [17/Aug/2026:10:36:35 +0800] "GET /wp-content/themes/oceanwp/assets/js/scroll-top.min.js HTTP/1.1" 200 3202 "https://www.lotes.ilc.edu.tw/" "Mozilla/5.0 (iPad; CPU OS 17_7_10 like Mac OS X) AppleWebKit/605.1.15 (KHTML, like Gecko) CriOS/137.0.7151.107 Mobile/15E148 Safari/604.1"
2407:4b00:4c0d:d42:40a2:e801:b5b9:9606 - - [17/Aug/2026:10:36:35 +0800] "GET /wp-content/plugins/ocean-extra/includes/widgets/js/flickr.min.js HTTP/1.1" 200 1319 "https://www.lotes.ilc.edu.tw/" "Mozilla/5.0 (iPad; CPU OS 17_7_10 like Mac OS X) AppleWebKit/605.1.15 (KHTML, like Gecko) CriOS/137.0.7151.107 Mobile/15E148 Safari/604.1"
2407:4b00:4c0d:d42:40a2:e801:b5b9:9606 - - [17/Aug/2026:10:36:35 +0800] "GET /wp-content/themes/oceanwp/assets/js/select.min.js HTTP/1.1" 200 2408 "https://www.lotes.ilc.edu.tw/" "Mozilla/5.0 (iPad; CPU OS 17_7_10 like Mac OS X) AppleWebKit/605.1.15 (KHTML, like Gecko) CriOS/137.0.7151.107 Mobile/15E148 Safari/604.1"
2407:4b00:4c0d:d42:40a2:e801:b5b9:9606 - - [17/Aug/2026:10:36:35 +0800] "GET /wp-includes/js/mediaelement/wp-mediaelement.min.js HTTP/1.1" 200 1417 "https://www.lotes.ilc.edu.tw/" "Mozilla/5.0 (iPad; CPU OS 17_7_10 like Mac OS X) AppleWebKit/605.1.15 (KHTML, like Gecko) CriOS/137.0.7151.107 Mobile/15E148 Safari/604.1"
2407:4b00:4c0d:d42:40a2:e801:b5b9:9606 - - [17/Aug/2026:10:36:35 +0800] "GET /wp-includes/js/mediaelement/mediaelement-and-player.min.js HTTP/1.1" 200 39802 "https://www.lotes.ilc.edu.tw/" "Mozilla/5.0 (iPad; CPU OS 17_7_10 like Mac OS X) AppleWebKit/605.1.15 (KHTML, like Gecko) CriOS/137.0.7151.107 Mobile/15E148 Safari/604.1"
2407:4b00:4c0d:d42:40a2:e801:b5b9:9606 - - [17/Aug/2026:10:36:36 +0800] "GET /wp-includes/js/mediaelement/mediaelement-migrate.min.js HTTP/1.1" 200 1419 "https://www.lotes.ilc.edu.tw/" "Mozilla/5.0 (iPad; CPU OS 17_7_10 like Mac OS X) AppleWebKit/605.1.15 (KHTML, like Gecko) CriOS/137.0.7151.107 Mobile/15E148 Safari/604.1"
2407:4b00:4c0d:d42:40a2:e801:b5b9:9606 - - [17/Aug/2026:10:36:36 +0800] "GET /wp-includes/js/mediaelement/renderers/vimeo.min.js HTTP/1.1" 200 3164 "https://www.lotes.ilc.edu.tw/" "Mozilla/5.0 (iPad; CPU OS 17_7_10 like Mac OS X) AppleWebKit/605.1.15 (KHTML, like Gecko) CriOS/137.0.7151.107 Mobile/15E148 Safari/604.1"
2407:4b00:4c0d:d42:40a2:e801:b5b9:9606 - - [17/Aug/2026:10:36:36 +0800] "GET /wp-content/plugins/elementor/assets/js/webpack.runtime.min.js HTTP/1.1" 200 3095 "https://www.lotes.ilc.edu.tw/" "Mozilla/5.0 (iPad; CPU OS 17_7_10 like Mac OS X) AppleWebKit/605.1.15 (KHTML, like Gecko) CriOS/137.0.7151.107 Mobile/15E148 Safari/604.1"
2407:4b00:4c0d:d42:40a2:e801:b5b9:9606 - - [17/Aug/2026:10:36:36 +0800] "GET /wp-content/plugins/elementor/assets/js/frontend-modules.min.js HTTP/1.1" 200 19416 "https://www.lotes.ilc.edu.tw/" "Mozilla/5.0 (iPad; CPU OS 17_7_10 like Mac OS X) AppleWebKit/605.1.15 (KHTML, like Gecko) CriOS/137.0.7151.107 Mobile/15E148 Safari/604.1"
2407:4b00:4c0d:d42:40a2:e801:b5b9:9606 - - [17/Aug/2026:10:36:36 +0800] "GET /wp-content/plugins/elementor-pro/assets/js/webpack-pro.runtime.min.js HTTP/1.1" 200 3562 "https://www.lotes.ilc.edu.tw/" "Mozilla/5.0 (iPad; CPU OS 17_7_10 like Mac OS X) AppleWebKit/605.1.15 (KHTML, like Gecko) CriOS/137.0.7151.107 Mobile/15E148 Safari/604.1"
2407:4b00:4c0d:d42:40a2:e801:b5b9:9606 - - [17/Aug/2026:10:36:36 +0800] "GET /wp-includes/js/dist/i18n.min.js HTTP/1.1" 200 4547 "https://www.lotes.ilc.edu.tw/" "Mozilla/5.0 (iPad; CPU OS 17_7_10 like Mac OS X) AppleWebKit/605.1.15 (KHTML, like Gecko) CriOS/137.0.7151.107 Mobile/15E148 Safari/604.1"
2407:4b00:4c0d:d42:40a2:e801:b5b9:9606 - - [17/Aug/2026:10:36:36 +0800] "GET /wp-includes/js/dist/hooks.min.js HTTP/1.1" 200 2421 "https://www.lotes.ilc.edu.tw/" "Mozilla/5.0 (iPad; CPU OS 17_7_10 like Mac OS X) AppleWebKit/605.1.15 (KHTML, like Gecko) CriOS/137.0.7151.107 Mobile/15E148 Safari/604.1"
2407:4b00:4c0d:d42:40a2:e801:b5b9:9606 - - [17/Aug/2026:10:36:36 +0800] "GET /wp-content/plugins/elementor/assets/lib/waypoints/waypoints.min.js HTTP/1.1" 200 3873 "https://www.lotes.ilc.edu.tw/" "Mozilla/5.0 (iPad; CPU OS 17_7_10 like Mac OS X) AppleWebKit/605.1.15 (KHTML, like Gecko) CriOS/137.0.7151.107 Mobile/15E148 Safari/604.1"
2407:4b00:4c0d:d42:40a2:e801:b5b9:9606 - - [17/Aug/2026:10:36:36 +0800] "GET /wp-content/plugins/elementor-pro/assets/js/frontend.min.js HTTP/1.1" 200 7574 "https://www.lotes.ilc.edu.tw/" "Mozilla/5.0 (iPad; CPU OS 17_7_10 like Mac OS X) AppleWebKit/605.1.15 (KHTML, like Gecko) CriOS/137.0.7151.107 Mobile/15E148 Safari/604.1"
2407:4b00:4c0d:d42:40a2:e801:b5b9:9606 - - [17/Aug/2026:10:36:36 +0800] "GET /wp-includes/js/jquery/ui/core.min.js HTTP/1.1" 200 7986 "https://www.lotes.ilc.edu.tw/" "Mozilla/5.0 (iPad; CPU OS 17_7_10 like Mac OS X) AppleWebKit/605.1.15 (KHTML, like Gecko) CriOS/137.0.7151.107 Mobile/15E148 Safari/604.1"
2407:4b00:4c0d:d42:40a2:e801:b5b9:9606 - - [17/Aug/2026:10:36:36 +0800] "GET /wp-content/plugins/elementor-pro/assets/js/elements-handlers.min.js HTTP/1.1" 200 10882 "https://www.lotes.ilc.edu.tw/" "Mozilla/5.0 (iPad; CPU OS 17_7_10 like Mac OS X) AppleWebKit/605.1.15 (KHTML, like Gecko) CriOS/137.0.7151.107 Mobile/15E148 Safari/604.1"
2407:4b00:4c0d:d42:40a2:e801:b5b9:9606 - - [17/Aug/2026:10:36:36 +0800] "GET /wp-content/plugins/elementor/assets/js/frontend.min.js HTTP/1.1" 200 13169 "https://www.lotes.ilc.edu.tw/" "Mozilla/5.0 (iPad; CPU OS 17_7_10 like Mac OS X) AppleWebKit/605.1.15 (KHTML, like Gecko) CriOS/137.0.7151.107 Mobile/15E148 Safari/604.1"
2407:4b00:4c0d:d42:40a2:e801:b5b9:9606 - - [17/Aug/2026:10:36:36 +0800] "GET /wp-content/themes/oceanwp/assets/fonts/simple-line-icons/Simple-Line-Icons.woff2?v=2.4.0 HTTP/1.1" 200 30959 "https://www.lotes.ilc.edu.tw/" "Mozilla/5.0 (iPad; CPU OS 17_7_10 like Mac OS X) AppleWebKit/605.1.15 (KHTML, like Gecko) CriOS/137.0.7151.107 Mobile/15E148 Safari/604.1"
2407:4b00:4c0d:d42:40a2:e801:b5b9:9606 - - [17/Aug/2026:10:36:36 +0800] "GET /wp-content/uploads/sites/1640/2020/04/yilan_%E9%98%B2%E7%96%AB%E5%B0%88%E5%8D%80.png HTTP/1.1" 200 107901 "https://www.lotes.ilc.edu.tw/" "Mozilla/5.0 (iPad; CPU OS 17_7_10 like Mac OS X) AppleWebKit/605.1.15 (KHTML, like Gecko) CriOS/137.0.7151.107 Mobile/15E148 Safari/604.1"
2407:4b00:4c0d:d42:40a2:e801:b5b9:9606 - - [17/Aug/2026:10:36:37 +0800] "GET /wp-content/plugins/elementor/assets/lib/eicons/fonts/eicons.woff2?5.30.0 HTTP/1.1" 200 98225 "https://www.lotes.ilc.edu.tw/" "Mozilla/5.0 (iPad; CPU OS 17_7_10 like Mac OS X) AppleWebKit/605.1.15 (KHTML, like Gecko) CriOS/137.0.7151.107 Mobile/15E148 Safari/604.1"
2407:4b00:4c0d:d42:40a2:e801:b5b9:9606 - - [17/Aug/2026:10:36:36 +0800] "GET /wp-content/themes/oceanwp/assets/fonts/fontawesome/webfonts/fa-solid-900.woff2 HTTP/1.1" 200 151246 "https://www.lotes.ilc.edu.tw/" "Mozilla/5.0 (iPad; CPU OS 17_7_10 like Mac OS X) AppleWebKit/605.1.15 (KHTML, like Gecko) CriOS/137.0.7151.107 Mobile/15E148 Safari/604.1"
2407:4b00:4c0d:d42:40a2:e801:b5b9:9606 - - [17/Aug/2026:10:36:37 +0800] "GET /wp-content/plugins/elementor-pro/assets/js/animated-headline.3efc6517c2a055f6c242.bundle.min.js HTTP/1.1" 200 3602 "https://www.lotes.ilc.edu.tw/" "Mozilla/5.0 (iPad; CPU OS 17_7_10 like Mac OS X) AppleWebKit/605.1.15 (KHTML, like Gecko) CriOS/137.0.7151.107 Mobile/15E148 Safari/604.1"
2407:4b00:4c0d:d42:40a2:e801:b5b9:9606 - - [17/Aug/2026:10:36:37 +0800] "GET /wp-content/plugins/elementor-pro/assets/js/slides.fb6b9afd278bb9c5e75b.bundle.min.js HTTP/1.1" 200 2348 "https://www.lotes.ilc.edu.tw/" "Mozilla/5.0 (iPad; CPU OS 17_7_10 like Mac OS X) AppleWebKit/605.1.15 (KHTML, like Gecko) CriOS/137.0.7151.107 Mobile/15E148 Safari/604.1"
2407:4b00:4c0d:d42:40a2:e801:b5b9:9606 - - [17/Aug/2026:10:36:37 +0800] "GET /wp-content/plugins/elementor/assets/lib/swiper/v8/swiper.min.js?ver=8.4.5 HTTP/1.1" 200 40708 "https://www.lotes.ilc.edu.tw/" "Mozilla/5.0 (iPad; CPU OS 17_7_10 like Mac OS X) AppleWebKit/605.1.15 (KHTML, like Gecko) CriOS/137.0.7151.107 Mobile/15E148 Safari/604.1"
2407:4b00:4c0d:d42:40a2:e801:b5b9:9606 - - [17/Aug/2026:10:36:37 +0800] "GET /wp-content/uploads/sites/1640/2020/04/LINE_ALBUM__240916_16.jpg HTTP/1.1" 200 559739 "https://www.lotes.ilc.edu.tw/" "Mozilla/5.0 (iPad; CPU OS 17_7_10 like Mac OS X) AppleWebKit/605.1.15 (KHTML, like Gecko) CriOS/137.0.7151.107 Mobile/15E148 Safari/604.1"
2407:4b00:4c0d:d42:40a2:e801:b5b9:9606 - - [17/Aug/2026:10:36:37 +0800] "GET /wp-content/themes/oceanwp/assets/fonts/fontawesome/webfonts/fa-regular-400.woff2 HTTP/1.1" 200 25383 "https://www.lotes.ilc.edu.tw/" "Mozilla/5.0 (iPad; CPU OS 17_7_10 like Mac OS X) AppleWebKit/605.1.15 (KHTML, like Gecko) CriOS/137.0.7151.107 Mobile/15E148 Safari/604.1"
2407:4b00:4c0d:d42:40a2:e801:b5b9:9606 - - [17/Aug/2026:10:36:37 +0800] "GET /wp-content/uploads/sites/1640/2024/05/20240520-%E7%BE%85%E6%9D%B1%E5%9C%8B%E5%B0%8F%E5%AD%B8%E6%A0%A1%E9%A1%98%E6%99%AF%E5%8F%8A%E8%AA%B2%E7%A8%8B%E7%99%BC%E5%B1%95-911x2048.jpg HTTP/1.1" 200 328823 "https://www.lotes.ilc.edu.tw/" "Mozilla/5.0 (iPad; CPU OS 17_7_10 like Mac OS X) AppleWebKit/605.1.15 (KHTML, like Gecko) CriOS/137.0.7151.107 Mobile/15E148 Safari/604.1"
2407:4b00:4c0d:d42:40a2:e801:b5b9:9606 - - [17/Aug/2026:10:36:38 +0800] "GET /wp-content/uploads/sites/1640/2020/04/LINE_ALBUM_1130913_%E9%98%B2%E7%81%BD%E6%BC%94%E7%B7%B4%E9%A0%90%E6%BC%94_240916_1.jpg HTTP/1.1" 200 1392466 "https://www.lotes.ilc.edu.tw/" "Mozilla/5.0 (iPad; CPU OS 17_7_10 like Mac OS X) AppleWebKit/605.1.15 (KHTML, like Gecko) CriOS/137.0.7151.107 Mobile/15E148 Safari/604.1"
2407:4b00:4c0d:d42:40a2:e801:b5b9:9606 - - [17/Aug/2026:10:36:37 +0800] "GET /wp-content/uploads/sites/1640/2020/04/LINE_ALBUM__240916_17.jpg HTTP/1.1" 200 483577 "https://www.lotes.ilc.edu.tw/" "Mozilla/5.0 (iPad; CPU OS 17_7_10 like Mac OS X) AppleWebKit/605.1.15 (KHTML, like Gecko) CriOS/137.0.7151.107 Mobile/15E148 Safari/604.1"
2407:4b00:4c0d:d42:40a2:e801:b5b9:9606 - - [17/Aug/2026:10:36:39 +0800] "GET /wp-content/uploads/sites/1640/2020/04/LINE_ALBUM__240916_7.jpg HTTP/1.1" 200 1720961 "https://www.lotes.ilc.edu.tw/" "Mozilla/5.0 (iPad; CPU OS 17_7_10 like Mac OS X) AppleWebKit/605.1.15 (KHTML, like Gecko) CriOS/137.0.7151.107 Mobile/15E148 Safari/604.1"
2407:4b00:4c0d:d42:40a2:e801:b5b9:9606 - - [17/Aug/2026:10:36:37 +0800] "GET /wp-content/uploads/sites/1640/2020/04/LINE_ALBUM__240916_14.jpg HTTP/1.1" 200 1818535 "https://www.lotes.ilc.edu.tw/" "Mozilla/5.0 (iPad; CPU OS 17_7_10 like Mac OS X) AppleWebKit/605.1.15 (KHTML, like Gecko) CriOS/137.0.7151.107 Mobile/15E148 Safari/604.1"
140.111.67.10 - - [17/Aug/2026:10:36:40 +0800] "GET /" 301 273 "-" "-"
2407:4b00:4c0d:d42:40a2:e801:b5b9:9606 - - [17/Aug/2026:10:36:40 +0800] "GET /wp-content/uploads/sites/1640/2020/04/LINE_ALBUM__240916_5.jpg HTTP/1.1" 200 1160260 "https://www.lotes.ilc.edu.tw/" "Mozilla/5.0 (iPad; CPU OS 17_7_10 like Mac OS X) AppleWebKit/605.1.15 (KHTML, like Gecko) CriOS/137.0.7151.107 Mobile/15E148 Safari/604.1"
2407:4b00:4c0d:d42:40a2:e801:b5b9:9606 - - [17/Aug/2026:10:36:37 +0800] "GET /wp-content/uploads/sites/1640/2020/04/LINE_ALBUM__240916_8.jpg HTTP/1.1" 200 1446930 "https://www.lotes.ilc.edu.tw/" "Mozilla/5.0 (iPad; CPU OS 17_7_10 like Mac OS X) AppleWebKit/605.1.15 (KHTML, like Gecko) CriOS/137.0.7151.107 Mobile/15E148 Safari/604.1"
2407:4b00:4c0d:d42:40a2:e801:b5b9:9606 - - [17/Aug/2026:10:36:40 +0800] "GET /wp-content/uploads/sites/1640/2020/04/LINE_ALBUM__240916_6.jpg HTTP/1.1" 200 1678884 "https://www.lotes.ilc.edu.tw/" "Mozilla/5.0 (iPad; CPU OS 17_7_10 like Mac OS X) AppleWebKit/605.1.15 (KHTML, like Gecko) CriOS/137.0.7151.107 Mobile/15E148 Safari/604.1"
2407:4b00:4c0d:d42:40a2:e801:b5b9:9606 - - [17/Aug/2026:10:36:40 +0800] "GET /wp-content/uploads/sites/1640/2020/04/LINE_ALBUM__240916_11.jpg HTTP/1.1" 200 1228124 "https://www.lotes.ilc.edu.tw/" "Mozilla/5.0 (iPad; CPU OS 17_7_10 like Mac OS X) AppleWebKit/605.1.15 (KHTML, like Gecko) CriOS/137.0.7151.107 Mobile/15E148 Safari/604.1"
2001:288:a201::66:125 - - [17/Aug/2026:10:36:40 +0800] "GET /blog/active.php HTTP/1.1" 301 1026 "-" "-"
2001:288:a201::66:125 - - [17/Aug/2026:10:36:40 +0800] "GET /blog/active.php HTTP/1.1" 404 1084 "-" "-"
2407:4b00:4c0d:d42:40a2:e801:b5b9:9606 - - [17/Aug/2026:10:36:40 +0800] "GET /wp-includes/js/mediaelement/mejs-controls.svg HTTP/1.1" 200 5429 "https://www.lotes.ilc.edu.tw/" "Mozilla/5.0 (iPad; CPU OS 17_7_10 like Mac OS X) AppleWebKit/605.1.15 (KHTML, like Gecko) CriOS/137.0.7151.107 Mobile/15E148 Safari/604.1"
2407:4b00:4c0d:d42:40a2:e801:b5b9:9606 - - [17/Aug/2026:10:36:40 +0800] "GET /wp-content/uploads/sites/1640/2020/04/LINE_ALBUM_1130913_%E9%98%B2%E7%81%BD%E6%BC%94%E7%B7%B4%E9%A0%90%E6%BC%94_240916_2.jpg HTTP/1.1" 200 1448116 "https://www.lotes.ilc.edu.tw/" "Mozilla/5.0 (iPad; CPU OS 17_7_10 like Mac OS X) AppleWebKit/605.1.15 (KHTML, like Gecko) CriOS/137.0.7151.107 Mobile/15E148 Safari/604.1"
2001:b400:e75e:cbc8:a43a:bb37:265c:bcb9 - - [17/Aug/2026:10:36:41 +0800] "GET / HTTP/1.1" 200 28264 "https://www.google.com/" "Mozilla/5.0 (Macintosh; Intel Mac OS X 10_15_7) AppleWebKit/605.1.15 (KHTML, like Gecko) Version/26.5.2 Safari/605.1.15"
2001:b400:e75e:cbc8:a43a:bb37:265c:bcb9 - - [17/Aug/2026:10:36:41 +0800] "GET /wp-content/cache/www.nses.ilc.edu.tw/wpfc-minified/7mapdogu/72dd.css HTTP/1.1" 200 45686 "https://www.nses.ilc.edu.tw/" "Mozilla/5.0 (Macintosh; Intel Mac OS X 10_15_7) AppleWebKit/605.1.15 (KHTML, like Gecko) Version/26.5.2 Safari/605.1.15"
2001:b400:e75e:cbc8:a43a:bb37:265c:bcb9 - - [17/Aug/2026:10:36:41 +0800] "GET /wp-includes/js/hoverintent-js.min.js HTTP/1.1" 200 1597 "https://www.nses.ilc.edu.tw/" "Mozilla/5.0 (Macintosh; Intel Mac OS X 10_15_7) AppleWebKit/605.1.15 (KHTML, like Gecko) Version/26.5.2 Safari/605.1.15"
2001:b400:e75e:cbc8:a43a:bb37:265c:bcb9 - - [17/Aug/2026:10:36:41 +0800] "GET /wp-content/cache/www.nses.ilc.edu.tw/wpfc-minified/jqf66u8t/72dd.css HTTP/1.1" 200 5959 "https://www.nses.ilc.edu.tw/" "Mozilla/5.0 (Macintosh; Intel Mac OS X 10_15_7) AppleWebKit/605.1.15 (KHTML, like Gecko) Version/26.5.2 Safari/605.1.15"
2001:b400:e75e:cbc8:a43a:bb37:265c:bcb9 - - [17/Aug/2026:10:36:41 +0800] "GET /wp-content/cache/www.nses.ilc.edu.tw/wpfc-minified/e4asi92t/72dd.js HTTP/1.1" 200 40358 "https://www.nses.ilc.edu.tw/" "Mozilla/5.0 (Macintosh; Intel Mac OS X 10_15_7) AppleWebKit/605.1.15 (KHTML, like Gecko) Version/26.5.2 Safari/605.1.15"
2001:b400:e75e:cbc8:a43a:bb37:265c:bcb9 - - [17/Aug/2026:10:36:41 +0800] "GET /wp-content/cache/www.nses.ilc.edu.tw/wpfc-minified/8ligkt5s/72dd.css HTTP/1.1" 200 59054 "https://www.nses.ilc.edu.tw/" "Mozilla/5.0 (Macintosh; Intel Mac OS X 10_15_7) AppleWebKit/605.1.15 (KHTML, like Gecko) Version/26.5.2 Safari/605.1.15"
2001:288:a26a:1:6923:8bf3:4374:c578 - - [17/Aug/2026:10:36:41 +0800] "POST /hsics/wp-admin/admin-ajax.php HTTP/1.1" 200 1459 "https://2blog.ilc.edu.tw/hsics/wp-admin/edit.php" "Mozilla/5.0 (Windows NT 10.0; Win64; x64) AppleWebKit/537.36 (KHTML, like Gecko) Chrome/151.0.0.0 Safari/537.36"
2001:b400:e75e:cbc8:a43a:bb37:265c:bcb9 - - [17/Aug/2026:10:36:41 +0800] "GET /wp-includes/js/admin-bar.min.js HTTP/1.1" 200 2237 "https://www.nses.ilc.edu.tw/" "Mozilla/5.0 (Macintosh; Intel Mac OS X 10_15_7) AppleWebKit/605.1.15 (KHTML, like Gecko) Version/26.5.2 Safari/605.1.15"
2001:b400:e75e:cbc8:a43a:bb37:265c:bcb9 - - [17/Aug/2026:10:36:41 +0800] "GET /wp-includes/js/imagesloaded.min.js HTTP/1.1" 200 2683 "https://www.nses.ilc.edu.tw/" "Mozilla/5.0 (Macintosh; Intel Mac OS X 10_15_7) AppleWebKit/605.1.15 (KHTML, like Gecko) Version/26.5.2 Safari/605.1.15"
2001:b400:e75e:cbc8:a43a:bb37:265c:bcb9 - - [17/Aug/2026:10:36:41 +0800] "GET /wp-content/cache/www.nses.ilc.edu.tw/wpfc-minified/moeabej5/72dd.css HTTP/1.1" 200 9124 "https://www.nses.ilc.edu.tw/" "Mozilla/5.0 (Macintosh; Intel Mac OS X 10_15_7) AppleWebKit/605.1.15 (KHTML, like Gecko) Version/26.5.2 Safari/605.1.15"
2001:b400:e75e:cbc8:a43a:bb37:265c:bcb9 - - [17/Aug/2026:10:36:41 +0800] "GET /wp-content/themes/oceanwp/assets/js/theme.min.js HTTP/1.1" 200 5130 "https://www.nses.ilc.edu.tw/" "Mozilla/5.0 (Macintosh; Intel Mac OS X 10_15_7) AppleWebKit/605.1.15 (KHTML, like Gecko) Version/26.5.2 Safari/605.1.15"
2001:b400:e75e:cbc8:a43a:bb37:265c:bcb9 - - [17/Aug/2026:10:36:41 +0800] "GET /wp-content/themes/oceanwp/assets/js/drop-down-search.min.js HTTP/1.1" 200 2968 "https://www.nses.ilc.edu.tw/" "Mozilla/5.0 (Macintosh; Intel Mac OS X 10_15_7) AppleWebKit/605.1.15 (KHTML, like Gecko) Version/26.5.2 Safari/605.1.15"
2001:b400:e75e:cbc8:a43a:bb37:265c:bcb9 - - [17/Aug/2026:10:36:41 +0800] "GET /wp-content/themes/oceanwp/assets/js/drop-down-mobile-menu.min.js HTTP/1.1" 200 4663 "https://www.nses.ilc.edu.tw/" "Mozilla/5.0 (Macintosh; Intel Mac OS X 10_15_7) AppleWebKit/605.1.15 (KHTML, like Gecko) Version/26.5.2 Safari/605.1.15"
2001:b400:e75e:cbc8:a43a:bb37:265c:bcb9 - - [17/Aug/2026:10:36:41 +0800] "GET /wp-content/themes/oceanwp/assets/js/vendors/magnific-popup.min.js HTTP/1.1" 200 8270 "https://www.nses.ilc.edu.tw/" "Mozilla/5.0 (Macintosh; Intel Mac OS X 10_15_7) AppleWebKit/605.1.15 (KHTML, like Gecko) Version/26.5.2 Safari/605.1.15"
2001:b400:e75e:cbc8:a43a:bb37:265c:bcb9 - - [17/Aug/2026:10:36:41 +0800] "GET /wp-content/themes/oceanwp/assets/js/ow-lightbox.min.js HTTP/1.1" 200 2321 "https://www.nses.ilc.edu.tw/" "Mozilla/5.0 (Macintosh; Intel Mac OS X 10_15_7) AppleWebKit/605.1.15 (KHTML, like Gecko) Version/26.5.2 Safari/605.1.15"
2001:b400:e75e:cbc8:a43a:bb37:265c:bcb9 - - [17/Aug/2026:10:36:41 +0800] "GET /wp-content/themes/oceanwp/assets/js/vendors/flickity.pkgd.min.js HTTP/1.1" 200 15048 "https://www.nses.ilc.edu.tw/" "Mozilla/5.0 (Macintosh; Intel Mac OS X 10_15_7) AppleWebKit/605.1.15 (KHTML, like Gecko) Version/26.5.2 Safari/605.1.15"
2001:b400:e75e:cbc8:a43a:bb37:265c:bcb9 - - [17/Aug/2026:10:36:41 +0800] "GET /wp-content/themes/oceanwp/assets/js/ow-slider.min.js HTTP/1.1" 200 1761 "https://www.nses.ilc.edu.tw/" "Mozilla/5.0 (Macintosh; Intel Mac OS X 10_15_7) AppleWebKit/605.1.15 (KHTML, like Gecko) Version/26.5.2 Safari/605.1.15"
2001:b400:e75e:cbc8:a43a:bb37:265c:bcb9 - - [17/Aug/2026:10:36:41 +0800] "GET /wp-content/themes/oceanwp/assets/js/scroll-top.min.js HTTP/1.1" 200 3202 "https://www.nses.ilc.edu.tw/" "Mozilla/5.0 (Macintosh; Intel Mac OS X 10_15_7) AppleWebKit/605.1.15 (KHTML, like Gecko) Version/26.5.2 Safari/605.1.15"
2001:b400:e75e:cbc8:a43a:bb37:265c:bcb9 - - [17/Aug/2026:10:36:41 +0800] "GET /wp-content/themes/oceanwp/assets/js/scroll-effect.min.js HTTP/1.1" 200 4127 "https://www.nses.ilc.edu.tw/" "Mozilla/5.0 (Macintosh; Intel Mac OS X 10_15_7) AppleWebKit/605.1.15 (KHTML, like Gecko) Version/26.5.2 Safari/605.1.15"
