36.229.196.113 - - [17/Aug/2026:10:32:45 +0800] "GET /wp-content/themes/oceanwp/assets/js/full-screen-menu.min.js HTTP/1.1" 200 4064 "https://www.ghjh.ilc.edu.tw/ghjhnew/" "Mozilla/5.0 (Windows NT 10.0; Win64; x64) AppleWebKit/537.36 (KHTML, like Gecko) Chrome/151.0.0.0 Safari/537.36"
2001:b400:e295:8b73:ecc7:4b21:cd1:3332 - - [17/Aug/2026:10:32:45 +0800] "GET /wp-content/themes/oceanwp/assets/js/theme.min.js HTTP/1.1" 200 5130 "https://www.kases.ilc.edu.tw/" "Mozilla/5.0 (iPhone; CPU iPhone OS 18_7 like Mac OS X) AppleWebKit/605.1.15 (KHTML, like Gecko) Version/26.6 Mobile/15E148 Safari/604.1"
36.229.196.113 - - [17/Aug/2026:10:32:45 +0800] "GET /wp-content/themes/oceanwp/assets/js/drop-down-mobile-menu.min.js HTTP/1.1" 200 4663 "https://www.ghjh.ilc.edu.tw/ghjhnew/" "Mozilla/5.0 (Windows NT 10.0; Win64; x64) AppleWebKit/537.36 (KHTML, like Gecko) Chrome/151.0.0.0 Safari/537.36"
36.229.196.113 - - [17/Aug/2026:10:32:45 +0800] "GET /wp-content/themes/oceanwp/assets/js/drop-down-search.min.js HTTP/1.1" 200 2968 "https://www.ghjh.ilc.edu.tw/ghjhnew/" "Mozilla/5.0 (Windows NT 10.0; Win64; x64) AppleWebKit/537.36 (KHTML, like Gecko) Chrome/151.0.0.0 Safari/537.36"
2001:b400:e295:8b73:ecc7:4b21:cd1:3332 - - [17/Aug/2026:10:32:45 +0800] "GET /wp-content/themes/oceanwp/assets/js/drop-down-mobile-menu.min.js HTTP/1.1" 200 4663 "https://www.kases.ilc.edu.tw/" "Mozilla/5.0 (iPhone; CPU iPhone OS 18_7 like Mac OS X) AppleWebKit/605.1.15 (KHTML, like Gecko) Version/26.6 Mobile/15E148 Safari/604.1"
36.229.196.113 - - [17/Aug/2026:10:32:45 +0800] "GET /wp-content/themes/oceanwp/assets/js/vendors/magnific-popup.min.js HTTP/1.1" 200 8270 "https://www.ghjh.ilc.edu.tw/ghjhnew/" "Mozilla/5.0 (Windows NT 10.0; Win64; x64) AppleWebKit/537.36 (KHTML, like Gecko) Chrome/151.0.0.0 Safari/537.36"
36.229.196.113 - - [17/Aug/2026:10:32:45 +0800] "GET /wp-content/themes/oceanwp/assets/js/ow-lightbox.min.js HTTP/1.1" 200 2321 "https://www.ghjh.ilc.edu.tw/ghjhnew/" "Mozilla/5.0 (Windows NT 10.0; Win64; x64) AppleWebKit/537.36 (KHTML, like Gecko) Chrome/151.0.0.0 Safari/537.36"
180.218.220.218 - - [17/Aug/2026:10:32:45 +0800] "GET /wp-content/uploads/sites/1984/2023/09/2023-09-25_145648.png HTTP/1.1" 200 599937 "https://www.dses.ilc.edu.tw/" "Mozilla/5.0 (iPhone; CPU iPhone OS 18_7 like Mac OS X) AppleWebKit/605.1.15 (KHTML, like Gecko) Mobile/15E148 Safari Line/26.11.0"
36.229.196.113 - - [17/Aug/2026:10:32:45 +0800] "GET /wp-content/themes/oceanwp/assets/js/vendors/flickity.pkgd.min.js HTTP/1.1" 200 15048 "https://www.ghjh.ilc.edu.tw/ghjhnew/" "Mozilla/5.0 (Windows NT 10.0; Win64; x64) AppleWebKit/537.36 (KHTML, like Gecko) Chrome/151.0.0.0 Safari/537.36"
2001:b400:e295:8b73:ecc7:4b21:cd1:3332 - - [17/Aug/2026:10:32:45 +0800] "GET /wp-content/themes/oceanwp/assets/js/drop-down-search.min.js HTTP/1.1" 200 2968 "https://www.kases.ilc.edu.tw/" "Mozilla/5.0 (iPhone; CPU iPhone OS 18_7 like Mac OS X) AppleWebKit/605.1.15 (KHTML, like Gecko) Version/26.6 Mobile/15E148 Safari/604.1"
36.229.196.113 - - [17/Aug/2026:10:32:45 +0800] "GET /wp-content/themes/oceanwp/assets/js/ow-slider.min.js HTTP/1.1" 200 1761 "https://www.ghjh.ilc.edu.tw/ghjhnew/" "Mozilla/5.0 (Windows NT 10.0; Win64; x64) AppleWebKit/537.36 (KHTML, like Gecko) Chrome/151.0.0.0 Safari/537.36"
36.229.196.113 - - [17/Aug/2026:10:32:45 +0800] "GET /wp-content/themes/oceanwp/assets/js/scroll-effect.min.js HTTP/1.1" 200 4127 "https://www.ghjh.ilc.edu.tw/ghjhnew/" "Mozilla/5.0 (Windows NT 10.0; Win64; x64) AppleWebKit/537.36 (KHTML, like Gecko) Chrome/151.0.0.0 Safari/537.36"
36.229.196.113 - - [17/Aug/2026:10:32:45 +0800] "GET /wp-content/themes/oceanwp/assets/js/scroll-top.min.js HTTP/1.1" 200 3202 "https://www.ghjh.ilc.edu.tw/ghjhnew/" "Mozilla/5.0 (Windows NT 10.0; Win64; x64) AppleWebKit/537.36 (KHTML, like Gecko) Chrome/151.0.0.0 Safari/537.36"
36.229.196.113 - - [17/Aug/2026:10:32:45 +0800] "GET /wp-content/themes/oceanwp/assets/js/select.min.js HTTP/1.1" 200 2408 "https://www.ghjh.ilc.edu.tw/ghjhnew/" "Mozilla/5.0 (Windows NT 10.0; Win64; x64) AppleWebKit/537.36 (KHTML, like Gecko) Chrome/151.0.0.0 Safari/537.36"
36.229.196.113 - - [17/Aug/2026:10:32:45 +0800] "GET /wp-content/plugins/ocean-extra/includes/widgets/js/flickr.min.js HTTP/1.1" 200 1319 "https://www.ghjh.ilc.edu.tw/ghjhnew/" "Mozilla/5.0 (Windows NT 10.0; Win64; x64) AppleWebKit/537.36 (KHTML, like Gecko) Chrome/151.0.0.0 Safari/537.36"
36.229.196.113 - - [17/Aug/2026:10:32:45 +0800] "GET /wp-content/plugins/elementor-pro/assets/js/webpack-pro.runtime.min.js HTTP/1.1" 200 3562 "https://www.ghjh.ilc.edu.tw/ghjhnew/" "Mozilla/5.0 (Windows NT 10.0; Win64; x64) AppleWebKit/537.36 (KHTML, like Gecko) Chrome/151.0.0.0 Safari/537.36"
2001:b400:e295:8b73:ecc7:4b21:cd1:3332 - - [17/Aug/2026:10:32:45 +0800] "GET /wp-content/themes/oceanwp/assets/js/vendors/magnific-popup.min.js HTTP/1.1" 200 8270 "https://www.kases.ilc.edu.tw/" "Mozilla/5.0 (iPhone; CPU iPhone OS 18_7 like Mac OS X) AppleWebKit/605.1.15 (KHTML, like Gecko) Version/26.6 Mobile/15E148 Safari/604.1"
36.229.196.113 - - [17/Aug/2026:10:32:45 +0800] "GET /wp-content/plugins/elementor/assets/js/webpack.runtime.min.js HTTP/1.1" 200 3095 "https://www.ghjh.ilc.edu.tw/ghjhnew/" "Mozilla/5.0 (Windows NT 10.0; Win64; x64) AppleWebKit/537.36 (KHTML, like Gecko) Chrome/151.0.0.0 Safari/537.36"
36.229.196.113 - - [17/Aug/2026:10:32:45 +0800] "GET /wp-includes/js/dist/i18n.min.js HTTP/1.1" 200 4547 "https://www.ghjh.ilc.edu.tw/ghjhnew/" "Mozilla/5.0 (Windows NT 10.0; Win64; x64) AppleWebKit/537.36 (KHTML, like Gecko) Chrome/151.0.0.0 Safari/537.36"
36.229.196.113 - - [17/Aug/2026:10:32:45 +0800] "GET /wp-includes/js/dist/hooks.min.js HTTP/1.1" 200 2421 "https://www.ghjh.ilc.edu.tw/ghjhnew/" "Mozilla/5.0 (Windows NT 10.0; Win64; x64) AppleWebKit/537.36 (KHTML, like Gecko) Chrome/151.0.0.0 Safari/537.36"
36.229.196.113 - - [17/Aug/2026:10:32:45 +0800] "GET /wp-content/plugins/elementor-pro/assets/js/frontend.min.js HTTP/1.1" 200 7574 "https://www.ghjh.ilc.edu.tw/ghjhnew/" "Mozilla/5.0 (Windows NT 10.0; Win64; x64) AppleWebKit/537.36 (KHTML, like Gecko) Chrome/151.0.0.0 Safari/537.36"
36.229.196.113 - - [17/Aug/2026:10:32:45 +0800] "GET /wp-content/plugins/elementor/assets/js/frontend-modules.min.js HTTP/1.1" 200 19416 "https://www.ghjh.ilc.edu.tw/ghjhnew/" "Mozilla/5.0 (Windows NT 10.0; Win64; x64) AppleWebKit/537.36 (KHTML, like Gecko) Chrome/151.0.0.0 Safari/537.36"
36.229.196.113 - - [17/Aug/2026:10:32:45 +0800] "GET /wp-content/plugins/elementor/assets/lib/waypoints/waypoints.min.js HTTP/1.1" 200 3873 "https://www.ghjh.ilc.edu.tw/ghjhnew/" "Mozilla/5.0 (Windows NT 10.0; Win64; x64) AppleWebKit/537.36 (KHTML, like Gecko) Chrome/151.0.0.0 Safari/537.36"
2001:b400:e177:20ee:ccdc:b6:9b56:992f - - [17/Aug/2026:10:32:31 +0800] "GET /wp-content/uploads/sites/1984/2023/09/IMG_8998-5-scaled.jpg HTTP/1.1" 200 568839 "https://www.dses.ilc.edu.tw/" "Mozilla/5.0 (iPhone; CPU iPhone OS 26_6_0 like Mac OS X) AppleWebKit/605.1.15 (KHTML, like Gecko) CriOS/151.0.7922.112 Mobile/15E148 Safari/604.1"
36.229.196.113 - - [17/Aug/2026:10:32:45 +0800] "GET /wp-includes/js/jquery/ui/core.min.js HTTP/1.1" 200 7986 "https://www.ghjh.ilc.edu.tw/ghjhnew/" "Mozilla/5.0 (Windows NT 10.0; Win64; x64) AppleWebKit/537.36 (KHTML, like Gecko) Chrome/151.0.0.0 Safari/537.36"
36.229.196.113 - - [17/Aug/2026:10:32:45 +0800] "GET /wp-content/plugins/elementor/assets/js/frontend.min.js HTTP/1.1" 200 13169 "https://www.ghjh.ilc.edu.tw/ghjhnew/" "Mozilla/5.0 (Windows NT 10.0; Win64; x64) AppleWebKit/537.36 (KHTML, like Gecko) Chrome/151.0.0.0 Safari/537.36"
36.229.196.113 - - [17/Aug/2026:10:32:45 +0800] "GET /wp-content/plugins/elementor-pro/assets/js/elements-handlers.min.js HTTP/1.1" 200 10882 "https://www.ghjh.ilc.edu.tw/ghjhnew/" "Mozilla/5.0 (Windows NT 10.0; Win64; x64) AppleWebKit/537.36 (KHTML, like Gecko) Chrome/151.0.0.0 Safari/537.36"
36.229.196.113 - - [17/Aug/2026:10:32:45 +0800] "GET /wp-content/uploads/sites/3157/2021/04/cropped-ghjh01.jpg HTTP/1.1" 200 93335 "https://www.ghjh.ilc.edu.tw/ghjhnew/" "Mozilla/5.0 (Windows NT 10.0; Win64; x64) AppleWebKit/537.36 (KHTML, like Gecko) Chrome/151.0.0.0 Safari/537.36"
2001:b400:e295:8b73:ecc7:4b21:cd1:3332 - - [17/Aug/2026:10:32:45 +0800] "GET /wp-content/themes/oceanwp/assets/js/ow-lightbox.min.js HTTP/1.1" 200 2321 "https://www.kases.ilc.edu.tw/" "Mozilla/5.0 (iPhone; CPU iPhone OS 18_7 like Mac OS X) AppleWebKit/605.1.15 (KHTML, like Gecko) Version/26.6 Mobile/15E148 Safari/604.1"
2001:b400:e295:8b73:ecc7:4b21:cd1:3332 - - [17/Aug/2026:10:32:45 +0800] "GET /wp-content/themes/oceanwp/assets/js/vendors/flickity.pkgd.min.js HTTP/1.1" 200 15048 "https://www.kases.ilc.edu.tw/" "Mozilla/5.0 (iPhone; CPU iPhone OS 18_7 like Mac OS X) AppleWebKit/605.1.15 (KHTML, like Gecko) Version/26.6 Mobile/15E148 Safari/604.1"
2001:b400:e295:8b73:ecc7:4b21:cd1:3332 - - [17/Aug/2026:10:32:45 +0800] "GET /wp-content/themes/oceanwp/assets/js/ow-slider.min.js HTTP/1.1" 200 1761 "https://www.kases.ilc.edu.tw/" "Mozilla/5.0 (iPhone; CPU iPhone OS 18_7 like Mac OS X) AppleWebKit/605.1.15 (KHTML, like Gecko) Version/26.6 Mobile/15E148 Safari/604.1"
2001:b400:e295:8b73:ecc7:4b21:cd1:3332 - - [17/Aug/2026:10:32:45 +0800] "GET /wp-content/themes/oceanwp/assets/js/scroll-effect.min.js HTTP/1.1" 200 4127 "https://www.kases.ilc.edu.tw/" "Mozilla/5.0 (iPhone; CPU iPhone OS 18_7 like Mac OS X) AppleWebKit/605.1.15 (KHTML, like Gecko) Version/26.6 Mobile/15E148 Safari/604.1"
2001:b400:e295:8b73:ecc7:4b21:cd1:3332 - - [17/Aug/2026:10:32:45 +0800] "GET /wp-content/themes/oceanwp/assets/js/scroll-top.min.js HTTP/1.1" 200 3202 "https://www.kases.ilc.edu.tw/" "Mozilla/5.0 (iPhone; CPU iPhone OS 18_7 like Mac OS X) AppleWebKit/605.1.15 (KHTML, like Gecko) Version/26.6 Mobile/15E148 Safari/604.1"
2001:b400:e295:8b73:ecc7:4b21:cd1:3332 - - [17/Aug/2026:10:32:45 +0800] "GET /wp-content/themes/oceanwp/assets/js/select.min.js HTTP/1.1" 200 2408 "https://www.kases.ilc.edu.tw/" "Mozilla/5.0 (iPhone; CPU iPhone OS 18_7 like Mac OS X) AppleWebKit/605.1.15 (KHTML, like Gecko) Version/26.6 Mobile/15E148 Safari/604.1"
2001:b400:e295:8b73:ecc7:4b21:cd1:3332 - - [17/Aug/2026:10:32:45 +0800] "GET /wp-content/plugins/ocean-extra/includes/widgets/js/flickr.min.js HTTP/1.1" 200 1319 "https://www.kases.ilc.edu.tw/" "Mozilla/5.0 (iPhone; CPU iPhone OS 18_7 like Mac OS X) AppleWebKit/605.1.15 (KHTML, like Gecko) Version/26.6 Mobile/15E148 Safari/604.1"
36.229.196.113 - - [17/Aug/2026:10:32:45 +0800] "GET /wp-content/plugins/elementor/assets/js/text-editor.2c35aafbe5bf0e127950.bundle.min.js HTTP/1.1" 200 1545 "https://www.ghjh.ilc.edu.tw/ghjhnew/" "Mozilla/5.0 (Windows NT 10.0; Win64; x64) AppleWebKit/537.36 (KHTML, like Gecko) Chrome/151.0.0.0 Safari/537.36"
180.218.220.218 - - [17/Aug/2026:10:32:45 +0800] "GET /wp-content/uploads/sites/1984/2023/09/2023-09-25_150338.png HTTP/1.1" 200 586523 "https://www.dses.ilc.edu.tw/" "Mozilla/5.0 (iPhone; CPU iPhone OS 18_7 like Mac OS X) AppleWebKit/605.1.15 (KHTML, like Gecko) Mobile/15E148 Safari Line/26.11.0"
180.218.220.218 - - [17/Aug/2026:10:32:46 +0800] "GET /wp-content/uploads/sites/1984/2023/10/2023-10-01_151030.png HTTP/1.1" 200 484055 "https://www.dses.ilc.edu.tw/" "Mozilla/5.0 (iPhone; CPU iPhone OS 18_7 like Mac OS X) AppleWebKit/605.1.15 (KHTML, like Gecko) Mobile/15E148 Safari Line/26.11.0"
2001:b400:e295:8b73:ecc7:4b21:cd1:3332 - - [17/Aug/2026:10:32:46 +0800] "GET /wp-content/cache/www.kases.ilc.edu.tw/wpfc-minified/g36yt3u/6whq.css HTTP/1.1" 200 20579 "https://www.kases.ilc.edu.tw/" "Mozilla/5.0 (iPhone; CPU iPhone OS 18_7 like Mac OS X) AppleWebKit/605.1.15 (KHTML, like Gecko) Version/26.6 Mobile/15E148 Safari/604.1"
180.218.220.218 - - [17/Aug/2026:10:32:46 +0800] "GET /wp-content/uploads/sites/1984/2024/02/2024-02-24_193149.png HTTP/1.1" 200 639824 "https://www.dses.ilc.edu.tw/" "Mozilla/5.0 (iPhone; CPU iPhone OS 18_7 like Mac OS X) AppleWebKit/605.1.15 (KHTML, like Gecko) Mobile/15E148 Safari Line/26.11.0"
180.218.220.218 - - [17/Aug/2026:10:32:46 +0800] "GET /wp-content/uploads/sites/1984/2023/10/2023-10-05_094249.png HTTP/1.1" 200 649700 "https://www.dses.ilc.edu.tw/" "Mozilla/5.0 (iPhone; CPU iPhone OS 18_7 like Mac OS X) AppleWebKit/605.1.15 (KHTML, like Gecko) Mobile/15E148 Safari Line/26.11.0"
180.218.220.218 - - [17/Aug/2026:10:32:46 +0800] "GET /wp-content/uploads/sites/1984/2023/10/2023-10-02_223016.png HTTP/1.1" 200 835646 "https://www.dses.ilc.edu.tw/" "Mozilla/5.0 (iPhone; CPU iPhone OS 18_7 like Mac OS X) AppleWebKit/605.1.15 (KHTML, like Gecko) Mobile/15E148 Safari Line/26.11.0"
2001:288:a201::66:125 - - [17/Aug/2026:10:32:46 +0800] "GET /blog/active.php HTTP/1.1" 301 1026 "-" "-"
2001:b400:e177:20ee:ccdc:b6:9b56:992f - - [17/Aug/2026:10:32:37 +0800] "GET /wp-content/uploads/sites/1984/2023/09/IMG_8900-5-scaled.jpg HTTP/1.1" 200 683277 "https://www.dses.ilc.edu.tw/" "Mozilla/5.0 (iPhone; CPU iPhone OS 26_6_0 like Mac OS X) AppleWebKit/605.1.15 (KHTML, like Gecko) CriOS/151.0.7922.112 Mobile/15E148 Safari/604.1"
2001:b400:e295:8b73:ecc7:4b21:cd1:3332 - - [17/Aug/2026:10:32:46 +0800] "GET /wp-content/cache/www.kases.ilc.edu.tw/wpfc-minified/1z6wz8a/6whq.css HTTP/1.1" 200 66108 "https://www.kases.ilc.edu.tw/" "Mozilla/5.0 (iPhone; CPU iPhone OS 18_7 like Mac OS X) AppleWebKit/605.1.15 (KHTML, like Gecko) Version/26.6 Mobile/15E148 Safari/604.1"
180.218.220.218 - - [17/Aug/2026:10:32:46 +0800] "GET /wp-content/uploads/sites/1984/2024/03/2024-03-17_103501.png HTTP/1.1" 200 905499 "https://www.dses.ilc.edu.tw/" "Mozilla/5.0 (iPhone; CPU iPhone OS 18_7 like Mac OS X) AppleWebKit/605.1.15 (KHTML, like Gecko) Mobile/15E148 Safari Line/26.11.0"
180.218.220.218 - - [17/Aug/2026:10:32:46 +0800] "GET /wp-content/uploads/sites/1984/2024/03/2024-03-17_220445.png HTTP/1.1" 200 716779 "https://www.dses.ilc.edu.tw/" "Mozilla/5.0 (iPhone; CPU iPhone OS 18_7 like Mac OS X) AppleWebKit/605.1.15 (KHTML, like Gecko) Mobile/15E148 Safari Line/26.11.0"
2001:b400:e295:8b73:ecc7:4b21:cd1:3332 - - [17/Aug/2026:10:32:46 +0800] "GET /wp-content/uploads/sites/1366/2024/02/%E6%A0%A1%E8%A8%82%E8%AA%B2%E7%A8%8B-768x126.png HTTP/1.1" 200 33373 "https://www.kases.ilc.edu.tw/" "Mozilla/5.0 (iPhone; CPU iPhone OS 18_7 like Mac OS X) AppleWebKit/605.1.15 (KHTML, like Gecko) Version/26.6 Mobile/15E148 Safari/604.1"
2001:b400:e295:8b73:ecc7:4b21:cd1:3332 - - [17/Aug/2026:10:32:46 +0800] "GET /wp-content/uploads/sites/1366/2025/09/%E8%AA%B2%E7%A8%8B%E8%A8%88%E7%95%AB%E5%B0%88%E5%8D%80-7-768x292.png HTTP/1.1" 200 99351 "https://www.kases.ilc.edu.tw/" "Mozilla/5.0 (iPhone; CPU iPhone OS 18_7 like Mac OS X) AppleWebKit/605.1.15 (KHTML, like Gecko) Version/26.6 Mobile/15E148 Safari/604.1"
2001:288:a201::66:125 - - [17/Aug/2026:10:32:46 +0800] "GET /blog/active.php HTTP/1.1" 404 1084 "-" "-"
2001:b400:e295:8b73:ecc7:4b21:cd1:3332 - - [17/Aug/2026:10:32:47 +0800] "GET /wp-content/cache/www.kases.ilc.edu.tw/wpfc-minified/9huj6zf7/6whq.css HTTP/1.1" 200 5959 "https://www.kases.ilc.edu.tw/" "Mozilla/5.0 (iPhone; CPU iPhone OS 18_7 like Mac OS X) AppleWebKit/605.1.15 (KHTML, like Gecko) Version/26.6 Mobile/15E148 Safari/604.1"
2001:b400:e177:20ee:ccdc:b6:9b56:992f - - [17/Aug/2026:10:32:23 +0800] "GET /wp-content/uploads/sites/1984/2024/04/2024-04-09_214515.png HTTP/1.1" 200 2849525 "https://www.dses.ilc.edu.tw/" "Mozilla/5.0 (iPhone; CPU iPhone OS 26_6_0 like Mac OS X) AppleWebKit/605.1.15 (KHTML, like Gecko) CriOS/151.0.7922.112 Mobile/15E148 Safari/604.1"
140.111.141.41 - - [17/Aug/2026:10:32:47 +0800] "-" 408 339 "-" "-"
49.159.180.104 - - [17/Aug/2026:10:32:47 +0800] "GET / HTTP/1.1" 200 32482 "-" "Mozilla/5.0 (Windows NT 10.0; Win64; x64) AppleWebKit/537.36 (KHTML, like Gecko) Chrome/151.0.0.0 Safari/537.36"
49.159.180.104 - - [17/Aug/2026:10:32:47 +0800] "GET /wp-content/uploads/sites/1482/elementor/css/post-2.css HTTP/1.1" 304 790 "https://www.chjh.ilc.edu.tw/" "Mozilla/5.0 (Windows NT 10.0; Win64; x64) AppleWebKit/537.36 (KHTML, like Gecko) Chrome/151.0.0.0 Safari/537.36"
36.229.196.113 - - [17/Aug/2026:10:32:47 +0800] "GET /wp-content/uploads/sites/3157/2021/04/cropped-ghjhnew02-32x32.png HTTP/1.1" 200 3413 "https://www.ghjh.ilc.edu.tw/ghjhnew/" "Mozilla/5.0 (Windows NT 10.0; Win64; x64) AppleWebKit/537.36 (KHTML, like Gecko) Chrome/151.0.0.0 Safari/537.36"
2001:288:a272:1:db69:483f:ca86:68d4 - - [17/Aug/2026:10:32:48 +0800] "GET / HTTP/1.1" 200 30316 "-" "Mozilla/5.0 (X11; CrOS x86_64 14541.0.0) AppleWebKit/537.36 (KHTML, like Gecko) Chrome/150.0.0.0 Safari/537.36"
2001:288:a272:1:db69:483f:ca86:68d4 - - [17/Aug/2026:10:32:48 +0800] "GET /wp-content/uploads/sites/2550/elementor/css/post-177.css HTTP/1.1" 304 790 "https://www.mses.ilc.edu.tw/" "Mozilla/5.0 (X11; CrOS x86_64 14541.0.0) AppleWebKit/537.36 (KHTML, like Gecko) Chrome/150.0.0.0 Safari/537.36"
180.218.220.218 - - [17/Aug/2026:10:32:48 +0800] "GET /wp-content/uploads/sites/1984/2024/04/2024-04-02_222323.png HTTP/1.1" 200 1108748 "https://www.dses.ilc.edu.tw/" "Mozilla/5.0 (iPhone; CPU iPhone OS 18_7 like Mac OS X) AppleWebKit/605.1.15 (KHTML, like Gecko) Mobile/15E148 Safari Line/26.11.0"
2001:b400:e280:2b96:d44:7c30:841f:c85f - - [17/Aug/2026:10:32:47 +0800] "GET /wp-content/uploads/sites/2329/2025/07/%E9%98%B2%E7%A9%BA%E9%81%BF%E9%9B%A3%E6%89%80APP0701.mp4 HTTP/1.1" 200 12314801 "https://www.dtes.ilc.edu.tw/" "Mozilla/5.0 (iPhone; CPU iPhone OS 18_7 like Mac OS X) AppleWebKit/605.1.15 (KHTML, like Gecko) Version/26.5.2 Mobile/15E148 Safari/604.1"
180.218.220.218 - - [17/Aug/2026:10:32:49 +0800] "GET /wp-content/uploads/sites/1984/2024/05/2024-05-26_211329.png HTTP/1.1" 200 876263 "https://www.dses.ilc.edu.tw/" "Mozilla/5.0 (iPhone; CPU iPhone OS 18_7 like Mac OS X) AppleWebKit/605.1.15 (KHTML, like Gecko) Mobile/15E148 Safari Line/26.11.0"
2001:b400:e177:20ee:ccdc:b6:9b56:992f - - [17/Aug/2026:10:32:44 +0800] "GET /wp-content/uploads/sites/1984/2023/09/IMG_9004-5-scaled.jpg HTTP/1.1" 200 549755 "https://www.dses.ilc.edu.tw/" "Mozilla/5.0 (iPhone; CPU iPhone OS 26_6_0 like Mac OS X) AppleWebKit/605.1.15 (KHTML, like Gecko) CriOS/151.0.7922.112 Mobile/15E148 Safari/604.1"
2001:b400:e280:2b96:d44:7c30:841f:c85f - - [17/Aug/2026:10:32:46 +0800] "GET /wp-content/uploads/sites/2329/2025/07/%E5%9C%8B%E5%AE%B6%E5%9C%98%E7%B5%90%E6%9C%88-%E6%9C%89%E6%BA%96%E5%82%99%E3%80%81%E6%9B%B4%E5%AE%89%E5%85%A8.mp4 HTTP/1.1" 200 9442441 "https://www.dtes.ilc.edu.tw/" "Mozilla/5.0 (iPhone; CPU iPhone OS 18_7 like Mac OS X) AppleWebKit/605.1.15 (KHTML, like Gecko) Version/26.5.2 Mobile/15E148 Safari/604.1"
36.229.196.113 - - [17/Aug/2026:10:32:49 +0800] "GET /wp-content/themes/oceanwp/assets/fonts/fontawesome/webfonts/fa-solid-900.woff2 HTTP/1.1" 200 151246 "https://www.ghjh.ilc.edu.tw/wp-content/cache/www.ghjh.ilc.edu.tw/wpfc-minified/g2smtulz/7lw8.css" "Mozilla/5.0 (Windows NT 10.0; Win64; x64) AppleWebKit/537.36 (KHTML, like Gecko) Chrome/151.0.0.0 Safari/537.36"
180.218.220.218 - - [17/Aug/2026:10:32:48 +0800] "GET /wp-content/uploads/sites/1984/2024/04/2024-04-02_225134.png HTTP/1.1" 200 1409034 "https://www.dses.ilc.edu.tw/" "Mozilla/5.0 (iPhone; CPU iPhone OS 18_7 like Mac OS X) AppleWebKit/605.1.15 (KHTML, like Gecko) Mobile/15E148 Safari Line/26.11.0"
140.111.67.10 - - [17/Aug/2026:10:32:50 +0800] "GET /" 301 273 "-" "-"
2001:288:a201::66:125 - - [17/Aug/2026:10:32:50 +0800] "GET /blog/active.php HTTP/1.1" 404 1084 "-" "-"
2001:288:a201::66:125 - - [17/Aug/2026:10:32:50 +0800] "GET /blog/active.php HTTP/1.1" 301 1026 "-" "-"
::1 - - [17/Aug/2026:10:32:51 +0800] "OPTIONS * HTTP/1.0" 200 110 "-" "Apache/2.4.68 (Ubuntu) OpenSSL/3.0.19 (internal dummy connection)"
2001:288:a272:1:db69:483f:ca86:68d4 - - [17/Aug/2026:10:32:51 +0800] "GET /wp-content/uploads/sites/2550/elementor/thumbs/12-rbj1pbn1vagtn2dz352diyv9sb6d305w2cq958qqow.jpg HTTP/1.1" 200 56788 "https://www.mses.ilc.edu.tw/" "Mozilla/5.0 (X11; CrOS x86_64 14541.0.0) AppleWebKit/537.36 (KHTML, like Gecko) Chrome/150.0.0.0 Safari/537.36"
2001:288:a272:1:db69:483f:ca86:68d4 - - [17/Aug/2026:10:32:50 +0800] "GET /wp-content/uploads/sites/2550/elementor/thumbs/-rfarj9n8vmjhssfhcjbw9r4tk010831uor0abmyvfk.png HTTP/1.1" 200 132968 "https://www.mses.ilc.edu.tw/" "Mozilla/5.0 (X11; CrOS x86_64 14541.0.0) AppleWebKit/537.36 (KHTML, like Gecko) Chrome/150.0.0.0 Safari/537.36"
2001:b400:e177:20ee:ccdc:b6:9b56:992f - - [17/Aug/2026:10:32:39 +0800] "GET /wp-content/uploads/sites/1984/2024/05/2024-05-26_211329.png HTTP/1.1" 200 876263 "https://www.dses.ilc.edu.tw/" "Mozilla/5.0 (iPhone; CPU iPhone OS 26_6_0 like Mac OS X) AppleWebKit/605.1.15 (KHTML, like Gecko) CriOS/151.0.7922.112 Mobile/15E148 Safari/604.1"
180.218.220.218 - - [17/Aug/2026:10:32:50 +0800] "GET /wp-content/uploads/sites/1984/2024/08/%E8%82%89%E6%AF%94%E9%A0%AD.png HTTP/1.1" 200 1221105 "https://www.dses.ilc.edu.tw/" "Mozilla/5.0 (iPhone; CPU iPhone OS 18_7 like Mac OS X) AppleWebKit/605.1.15 (KHTML, like Gecko) Mobile/15E148 Safari Line/26.11.0"
2001:288:a272:1:db69:483f:ca86:68d4 - - [17/Aug/2026:10:32:51 +0800] "GET /wp-content/uploads/sites/2550/elementor/thumbs/15-rbj2hfz8buymz3jhvsnkmdepkakod0ssxjc7091qjk.jpg HTTP/1.1" 200 48489 "https://www.mses.ilc.edu.tw/" "Mozilla/5.0 (X11; CrOS x86_64 14541.0.0) AppleWebKit/537.36 (KHTML, like Gecko) Chrome/150.0.0.0 Safari/537.36"
2001:288:a272:1:db69:483f:ca86:68d4 - - [17/Aug/2026:10:32:51 +0800] "GET /wp-content/uploads/sites/2550/elementor/thumbs/16-rbj2hfz8buymz3jhvsnkmdepkakod0ssxjc7091qjk.jpg HTTP/1.1" 200 42941 "https://www.mses.ilc.edu.tw/" "Mozilla/5.0 (X11; CrOS x86_64 14541.0.0) AppleWebKit/537.36 (KHTML, like Gecko) Chrome/150.0.0.0 Safari/537.36"
2001:288:a272:1:db69:483f:ca86:68d4 - - [17/Aug/2026:10:32:51 +0800] "GET /wp-content/uploads/sites/2550/elementor/thumbs/14-rbj2hd5prcus09nlc9foww4bs4ykpxhlx5dqkf5x28.jpg HTTP/1.1" 200 43392 "https://www.mses.ilc.edu.tw/" "Mozilla/5.0 (X11; CrOS x86_64 14541.0.0) AppleWebKit/537.36 (KHTML, like Gecko) Chrome/150.0.0.0 Safari/537.36"
180.218.220.218 - - [17/Aug/2026:10:32:46 +0800] "GET /wp-content/uploads/sites/1984/2023/11/2023-11-15_232530.png HTTP/1.1" 200 2885307 "https://www.dses.ilc.edu.tw/" "Mozilla/5.0 (iPhone; CPU iPhone OS 18_7 like Mac OS X) AppleWebKit/605.1.15 (KHTML, like Gecko) Mobile/15E148 Safari Line/26.11.0"
2001:288:a272:1:db69:483f:ca86:68d4 - - [17/Aug/2026:10:32:51 +0800] "GET /wp-content/uploads/sites/2550/elementor/thumbs/17-rbj2hgx2iozxapi4qb276v665og1kpwj9nzohj0cdc.jpg HTTP/1.1" 200 40319 "https://www.mses.ilc.edu.tw/" "Mozilla/5.0 (X11; CrOS x86_64 14541.0.0) AppleWebKit/537.36 (KHTML, like Gecko) Chrome/150.0.0.0 Safari/537.36"
2001:288:a272:1:db69:483f:ca86:68d4 - - [17/Aug/2026:10:32:51 +0800] "GET /wp-content/uploads/sites/2550/elementor/thumbs/19-rbj2hhuwpj17mbgrktgtrcxmr2besf09lsn5ysyy74.jpg HTTP/1.1" 200 44792 "https://www.mses.ilc.edu.tw/" "Mozilla/5.0 (X11; CrOS x86_64 14541.0.0) AppleWebKit/537.36 (KHTML, like Gecko) Chrome/150.0.0.0 Safari/537.36"
2001:288:a272:1:db69:483f:ca86:68d4 - - [17/Aug/2026:10:32:51 +0800] "GET /wp-content/uploads/sites/2550/elementor/thumbs/18-rbj2hgx2iozxapi4qb276v665og1kpwj9nzohj0cdc.jpg HTTP/1.1" 200 45525 "https://www.mses.ilc.edu.tw/" "Mozilla/5.0 (X11; CrOS x86_64 14541.0.0) AppleWebKit/537.36 (KHTML, like Gecko) Chrome/150.0.0.0 Safari/537.36"
180.218.220.218 - - [17/Aug/2026:10:32:51 +0800] "GET /wp-content/uploads/sites/1984/2025/09/%E9%9C%B2%E7%87%9F.png HTTP/1.1" 200 874518 "https://www.dses.ilc.edu.tw/" "Mozilla/5.0 (iPhone; CPU iPhone OS 18_7 like Mac OS X) AppleWebKit/605.1.15 (KHTML, like Gecko) Mobile/15E148 Safari Line/26.11.0"
2001:288:a272:1:db69:483f:ca86:68d4 - - [17/Aug/2026:10:32:51 +0800] "GET /wp-content/uploads/sites/2550/elementor/thumbs/2024%E5%B0%8F%E6%94%9D%E5%BD%B1%E5%B8%AB%E7%9A%84%E4%B8%89%E5%80%8B%E5%A4%A7%E5%A4%A2-qxngkx5feoiejck2g39gbcsfsssyedd6n3kw76nzj4.jpg HTTP/1.1" 200 47568 "https://www.mses.ilc.edu.tw/" "Mozilla/5.0 (X11; CrOS x86_64 14541.0.0) AppleWebKit/537.36 (KHTML, like Gecko) Chrome/150.0.0.0 Safari/537.36"
2001:288:a272:1:db69:483f:ca86:68d4 - - [17/Aug/2026:10:32:51 +0800] "GET /wp-content/uploads/sites/2550/elementor/thumbs/-qxngky39lijouyipalo2vujwe6obm2gwz88dogmlcw.jpg HTTP/1.1" 200 46672 "https://www.mses.ilc.edu.tw/" "Mozilla/5.0 (X11; CrOS x86_64 14541.0.0) AppleWebKit/537.36 (KHTML, like Gecko) Chrome/150.0.0.0 Safari/537.36"
2001:288:a272:1:db69:483f:ca86:68d4 - - [17/Aug/2026:10:32:51 +0800] "GET /wp-content/uploads/sites/2550/elementor/thumbs/20-rbj2hhuwpj17mbgrktgtrcxmr2besf09lsn5ysyy74.jpg HTTP/1.1" 200 41206 "https://www.mses.ilc.edu.tw/" "Mozilla/5.0 (X11; CrOS x86_64 14541.0.0) AppleWebKit/537.36 (KHTML, like Gecko) Chrome/150.0.0.0 Safari/537.36"
2001:288:a272:1:db69:483f:ca86:68d4 - - [17/Aug/2026:10:32:51 +0800] "GET /wp-content/uploads/sites/2550/elementor/thumbs/53%E5%B1%86%E5%AE%B6%E9%95%B7%E6%9C%83%E9%95%B7-rhbt6qlqq367pyn9t2li8qwatw4276ckx87nyukd5s.png HTTP/1.1" 200 145092 "https://www.mses.ilc.edu.tw/" "Mozilla/5.0 (X11; CrOS x86_64 14541.0.0) AppleWebKit/537.36 (KHTML, like Gecko) Chrome/150.0.0.0 Safari/537.36"
2001:288:a272:1:db69:483f:ca86:68d4 - - [17/Aug/2026:10:32:51 +0800] "GET /wp-content/plugins/elementor/assets/js/lightbox.94b920846d1e37cafb78.bundle.min.js HTTP/1.1" 200 10857 "https://www.mses.ilc.edu.tw/" "Mozilla/5.0 (X11; CrOS x86_64 14541.0.0) AppleWebKit/537.36 (KHTML, like Gecko) Chrome/150.0.0.0 Safari/537.36"
2001:288:a272:1:db69:483f:ca86:68d4 - - [17/Aug/2026:10:32:51 +0800] "GET /wp-content/plugins/elementor/assets/lib/dialog/dialog.min.js?ver=4.9.0 HTTP/1.1" 200 4368 "https://www.mses.ilc.edu.tw/" "Mozilla/5.0 (X11; CrOS x86_64 14541.0.0) AppleWebKit/537.36 (KHTML, like Gecko) Chrome/150.0.0.0 Safari/537.36"
2001:288:a272:1:db69:483f:ca86:68d4 - - [17/Aug/2026:10:32:51 +0800] "GET /wp-content/plugins/elementor/assets/lib/share-link/share-link.min.js?ver=3.22.3 HTTP/1.1" 200 2049 "https://www.mses.ilc.edu.tw/" "Mozilla/5.0 (X11; CrOS x86_64 14541.0.0) AppleWebKit/537.36 (KHTML, like Gecko) Chrome/150.0.0.0 Safari/537.36"
180.218.220.218 - - [17/Aug/2026:10:32:51 +0800] "GET /wp-content/uploads/sites/1984/2025/09/%E8%8F%AF%E8%A6%96%E6%96%B0%E8%81%9E%E9%9B%9C%E8%AA%8C.png HTTP/1.1" 200 548542 "https://www.dses.ilc.edu.tw/" "Mozilla/5.0 (iPhone; CPU iPhone OS 18_7 like Mac OS X) AppleWebKit/605.1.15 (KHTML, like Gecko) Mobile/15E148 Safari Line/26.11.0"
2001:288:a272:1:db69:483f:ca86:68d4 - - [17/Aug/2026:10:32:51 +0800] "GET /wp-content/plugins/elementor/assets/js/image-carousel.4455c6362492d9067512.bundle.min.js HTTP/1.1" 200 1176 "https://www.mses.ilc.edu.tw/" "Mozilla/5.0 (X11; CrOS x86_64 14541.0.0) AppleWebKit/537.36 (KHTML, like Gecko) Chrome/150.0.0.0 Safari/537.36"
2001:288:a272:1:db69:483f:ca86:68d4 - - [17/Aug/2026:10:32:51 +0800] "GET /wp-content/themes/huemanilc/assets/front/img/opacity-10.png HTTP/1.1" 200 902 "https://www.mses.ilc.edu.tw/wp-content/cache/www.mses.ilc.edu.tw/wpfc-minified/ehukj29q/6wwm.css" "Mozilla/5.0 (X11; CrOS x86_64 14541.0.0) AppleWebKit/537.36 (KHTML, like Gecko) Chrome/150.0.0.0 Safari/537.36"
2001:288:a272:1:db69:483f:ca86:68d4 - - [17/Aug/2026:10:32:51 +0800] "GET /wp-content/plugins/elementor/assets/lib/swiper/v8/swiper.min.js?ver=8.4.5 HTTP/1.1" 200 40708 "https://www.mses.ilc.edu.tw/" "Mozilla/5.0 (X11; CrOS x86_64 14541.0.0) AppleWebKit/537.36 (KHTML, like Gecko) Chrome/150.0.0.0 Safari/537.36"
::1 - - [17/Aug/2026:10:32:52 +0800] "OPTIONS * HTTP/1.0" 200 110 "-" "Apache/2.4.68 (Ubuntu) OpenSSL/3.0.19 (internal dummy connection)"
2001:b400:e177:20ee:ccdc:b6:9b56:992f - - [17/Aug/2026:10:32:43 +0800] "GET /wp-content/uploads/sites/1984/2024/04/2024-04-02_225134.png HTTP/1.1" 200 1413836 "https://www.dses.ilc.edu.tw/" "Mozilla/5.0 (iPhone; CPU iPhone OS 26_6_0 like Mac OS X) AppleWebKit/605.1.15 (KHTML, like Gecko) CriOS/151.0.7922.112 Mobile/15E148 Safari/604.1"
::1 - - [17/Aug/2026:10:32:53 +0800] "OPTIONS * HTTP/1.0" 200 110 "-" "Apache/2.4.68 (Ubuntu) OpenSSL/3.0.19 (internal dummy connection)"
146.75.187.49 - - [17/Aug/2026:10:32:53 +0800] "GET / HTTP/1.1" 200 19742 "https://eip.ilc.edu.tw/Schboardilc/Public?school=iles" "Mozilla/5.0 (iPhone; CPU iPhone OS 18_7 like Mac OS X) AppleWebKit/605.1.15 (KHTML, like Gecko) Version/26.5.2 Mobile/15E148 Safari/604.1"
146.75.187.49 - - [17/Aug/2026:10:32:53 +0800] "GET /wp-content/cache/www.iles.ilc.edu.tw/wpfc-minified/7zr19wlv/7a23.css HTTP/1.1" 200 40882 "https://www.iles.ilc.edu.tw/" "Mozilla/5.0 (iPhone; CPU iPhone OS 18_7 like Mac OS X) AppleWebKit/605.1.15 (KHTML, like Gecko) Version/26.5.2 Mobile/15E148 Safari/604.1"
2001:288:a272:1:db69:483f:ca86:68d4 - - [17/Aug/2026:10:32:53 +0800] "GET /wp-content/uploads/sites/2550/2021/04/cropped-%E4%B8%8B%E8%BC%89-1-32x32.png HTTP/1.1" 200 3160 "https://www.mses.ilc.edu.tw/" "Mozilla/5.0 (X11; CrOS x86_64 14541.0.0) AppleWebKit/537.36 (KHTML, like Gecko) Chrome/150.0.0.0 Safari/537.36"
180.218.220.218 - - [17/Aug/2026:10:32:53 +0800] "GET /wp-content/uploads/sites/1984/2024/04/112%E6%A8%82%E6%A8%82%E6%A3%92%E5%86%A0%E8%BB%8D.png HTTP/1.1" 200 626272 "https://www.dses.ilc.edu.tw/" "Mozilla/5.0 (iPhone; CPU iPhone OS 18_7 like Mac OS X) AppleWebKit/605.1.15 (KHTML, like Gecko) Mobile/15E148 Safari Line/26.11.0"
2a09:bac3:5804:323::50:a4 - - [17/Aug/2026:10:32:53 +0800] "GET /wp-content/cache/www.iles.ilc.edu.tw/wpfc-minified/pxzb66x/7a23.css HTTP/1.1" 200 5958 "https://www.iles.ilc.edu.tw/" "Mozilla/5.0 (iPhone; CPU iPhone OS 18_7 like Mac OS X) AppleWebKit/605.1.15 (KHTML, like Gecko) Version/26.5.2 Mobile/15E148 Safari/604.1"
2a09:bac3:5804:323::50:a4 - - [17/Aug/2026:10:32:53 +0800] "GET /wp-content/cache/www.iles.ilc.edu.tw/wpfc-minified/8u4cq25s/7a23.js HTTP/1.1" 200 40356 "https://www.iles.ilc.edu.tw/" "Mozilla/5.0 (iPhone; CPU iPhone OS 18_7 like Mac OS X) AppleWebKit/605.1.15 (KHTML, like Gecko) Version/26.5.2 Mobile/15E148 Safari/604.1"
2a09:bac3:5804:323::50:a4 - - [17/Aug/2026:10:32:53 +0800] "GET /wp-includes/js/hoverintent-js.min.js HTTP/1.1" 200 1597 "https://www.iles.ilc.edu.tw/" "Mozilla/5.0 (iPhone; CPU iPhone OS 18_7 like Mac OS X) AppleWebKit/605.1.15 (KHTML, like Gecko) Version/26.5.2 Mobile/15E148 Safari/604.1"
146.75.187.49 - - [17/Aug/2026:10:32:53 +0800] "GET /wp-content/uploads/sites/1924/2026/04/YilanKids2026.png HTTP/1.1" 200 550572 "https://www.iles.ilc.edu.tw/" "Mozilla/5.0 (iPhone; CPU iPhone OS 18_7 like Mac OS X) AppleWebKit/605.1.15 (KHTML, like Gecko) Version/26.5.2 Mobile/15E148 Safari/604.1"
2a09:bac3:5804:323::50:a4 - - [17/Aug/2026:10:32:53 +0800] "GET /wp-content/plugins/wp-statistics/assets/js/tracker.js HTTP/1.1" 200 2247 "https://www.iles.ilc.edu.tw/" "Mozilla/5.0 (iPhone; CPU iPhone OS 18_7 like Mac OS X) AppleWebKit/605.1.15 (KHTML, like Gecko) Version/26.5.2 Mobile/15E148 Safari/604.1"
2a09:bac3:5804:323::50:a4 - - [17/Aug/2026:10:32:53 +0800] "GET /wp-includes/js/admin-bar.min.js HTTP/1.1" 200 2237 "https://www.iles.ilc.edu.tw/" "Mozilla/5.0 (iPhone; CPU iPhone OS 18_7 like Mac OS X) AppleWebKit/605.1.15 (KHTML, like Gecko) Version/26.5.2 Mobile/15E148 Safari/604.1"
180.218.220.218 - - [17/Aug/2026:10:32:53 +0800] "GET /wp-content/uploads/sites/1984/2024/03/%E4%B8%89%E5%95%86%E7%BE%8E%E9%82%A6%E6%A8%82%E6%A8%82%E6%A3%92-.png HTTP/1.1" 200 952546 "https://www.dses.ilc.edu.tw/" "Mozilla/5.0 (iPhone; CPU iPhone OS 18_7 like Mac OS X) AppleWebKit/605.1.15 (KHTML, like Gecko) Mobile/15E148 Safari Line/26.11.0"
2a09:bac3:5804:323::50:a4 - - [17/Aug/2026:10:32:53 +0800] "GET /wp-includes/js/imagesloaded.min.js HTTP/1.1" 200 2683 "https://www.iles.ilc.edu.tw/" "Mozilla/5.0 (iPhone; CPU iPhone OS 18_7 like Mac OS X) AppleWebKit/605.1.15 (KHTML, like Gecko) Version/26.5.2 Mobile/15E148 Safari/604.1"
2a09:bac3:5804:323::50:a4 - - [17/Aug/2026:10:32:53 +0800] "GET /wp-content/themes/oceanwp/assets/js/theme.min.js HTTP/1.1" 200 5130 "https://www.iles.ilc.edu.tw/" "Mozilla/5.0 (iPhone; CPU iPhone OS 18_7 like Mac OS X) AppleWebKit/605.1.15 (KHTML, like Gecko) Version/26.5.2 Mobile/15E148 Safari/604.1"
2a09:bac3:5804:323::50:a4 - - [17/Aug/2026:10:32:54 +0800] "GET /wp-content/themes/oceanwp/assets/js/drop-down-mobile-menu.min.js HTTP/1.1" 200 4663 "https://www.iles.ilc.edu.tw/" "Mozilla/5.0 (iPhone; CPU iPhone OS 18_7 like Mac OS X) AppleWebKit/605.1.15 (KHTML, like Gecko) Version/26.5.2 Mobile/15E148 Safari/604.1"
2a09:bac3:5804:323::50:a4 - - [17/Aug/2026:10:32:54 +0800] "GET /wp-content/themes/oceanwp/assets/js/drop-down-search.min.js HTTP/1.1" 200 2968 "https://www.iles.ilc.edu.tw/" "Mozilla/5.0 (iPhone; CPU iPhone OS 18_7 like Mac OS X) AppleWebKit/605.1.15 (KHTML, like Gecko) Version/26.5.2 Mobile/15E148 Safari/604.1"
::1 - - [17/Aug/2026:10:32:54 +0800] "OPTIONS * HTTP/1.0" 200 110 "-" "Apache/2.4.68 (Ubuntu) OpenSSL/3.0.19 (internal dummy connection)"
146.75.187.49 - - [17/Aug/2026:10:32:54 +0800] "GET /wp-content/themes/oceanwp/assets/js/vendors/magnific-popup.min.js HTTP/1.1" 200 8270 "https://www.iles.ilc.edu.tw/" "Mozilla/5.0 (iPhone; CPU iPhone OS 18_7 like Mac OS X) AppleWebKit/605.1.15 (KHTML, like Gecko) Version/26.5.2 Mobile/15E148 Safari/604.1"
2a09:bac3:5804:323::50:a4 - - [17/Aug/2026:10:32:54 +0800] "GET /wp-content/themes/oceanwp/assets/js/ow-lightbox.min.js HTTP/1.1" 200 2321 "https://www.iles.ilc.edu.tw/" "Mozilla/5.0 (iPhone; CPU iPhone OS 18_7 like Mac OS X) AppleWebKit/605.1.15 (KHTML, like Gecko) Version/26.5.2 Mobile/15E148 Safari/604.1"
2a09:bac3:5804:323::50:a4 - - [17/Aug/2026:10:32:54 +0800] "GET /wp-content/themes/oceanwp/assets/js/vendors/flickity.pkgd.min.js HTTP/1.1" 200 15048 "https://www.iles.ilc.edu.tw/" "Mozilla/5.0 (iPhone; CPU iPhone OS 18_7 like Mac OS X) AppleWebKit/605.1.15 (KHTML, like Gecko) Version/26.5.2 Mobile/15E148 Safari/604.1"
2a09:bac3:5804:323::50:a4 - - [17/Aug/2026:10:32:54 +0800] "GET /wp-content/themes/oceanwp/assets/js/ow-slider.min.js HTTP/1.1" 200 1761 "https://www.iles.ilc.edu.tw/" "Mozilla/5.0 (iPhone; CPU iPhone OS 18_7 like Mac OS X) AppleWebKit/605.1.15 (KHTML, like Gecko) Version/26.5.2 Mobile/15E148 Safari/604.1"
2a09:bac3:5804:323::50:a4 - - [17/Aug/2026:10:32:54 +0800] "GET /wp-content/themes/oceanwp/assets/js/scroll-effect.min.js HTTP/1.1" 200 4127 "https://www.iles.ilc.edu.tw/" "Mozilla/5.0 (iPhone; CPU iPhone OS 18_7 like Mac OS X) AppleWebKit/605.1.15 (KHTML, like Gecko) Version/26.5.2 Mobile/15E148 Safari/604.1"
146.75.187.49 - - [17/Aug/2026:10:32:54 +0800] "GET /wp-content/themes/oceanwp/assets/js/scroll-top.min.js HTTP/1.1" 200 3202 "https://www.iles.ilc.edu.tw/" "Mozilla/5.0 (iPhone; CPU iPhone OS 18_7 like Mac OS X) AppleWebKit/605.1.15 (KHTML, like Gecko) Version/26.5.2 Mobile/15E148 Safari/604.1"
180.218.220.218 - - [17/Aug/2026:10:32:54 +0800] "GET /wp-content/uploads/sites/1984/2023/12/%E8%B2%9D%E8%B2%9D%E5%B0%8F%E6%8F%90%E7%90%B4.png HTTP/1.1" 200 499452 "https://www.dses.ilc.edu.tw/" "Mozilla/5.0 (iPhone; CPU iPhone OS 18_7 like Mac OS X) AppleWebKit/605.1.15 (KHTML, like Gecko) Mobile/15E148 Safari Line/26.11.0"
2a09:bac3:5804:323::50:a4 - - [17/Aug/2026:10:32:54 +0800] "GET /wp-content/themes/oceanwp/assets/js/select.min.js HTTP/1.1" 200 2408 "https://www.iles.ilc.edu.tw/" "Mozilla/5.0 (iPhone; CPU iPhone OS 18_7 like Mac OS X) AppleWebKit/605.1.15 (KHTML, like Gecko) Version/26.5.2 Mobile/15E148 Safari/604.1"
2a09:bac3:5804:323::50:a4 - - [17/Aug/2026:10:32:54 +0800] "GET /wp-content/plugins/ocean-extra/includes/widgets/js/flickr.min.js HTTP/1.1" 200 1319 "https://www.iles.ilc.edu.tw/" "Mozilla/5.0 (iPhone; CPU iPhone OS 18_7 like Mac OS X) AppleWebKit/605.1.15 (KHTML, like Gecko) Version/26.5.2 Mobile/15E148 Safari/604.1"
180.218.220.218 - - [17/Aug/2026:10:32:54 +0800] "GET /wp-content/uploads/sites/1984/2023/12/112%E9%99%B6%E7%AC%9B%E6%AF%94%E8%B3%BD%E5%84%AA%E7%AD%89.png HTTP/1.1" 200 328550 "https://www.dses.ilc.edu.tw/" "Mozilla/5.0 (iPhone; CPU iPhone OS 18_7 like Mac OS X) AppleWebKit/605.1.15 (KHTML, like Gecko) Mobile/15E148 Safari Line/26.11.0"
146.75.187.49 - - [17/Aug/2026:10:32:54 +0800] "GET /wp-content/uploads/sites/1924/2023/12/HOMEPAGE.png HTTP/1.1" 200 304720 "https://www.iles.ilc.edu.tw/" "Mozilla/5.0 (iPhone; CPU iPhone OS 18_7 like Mac OS X) AppleWebKit/605.1.15 (KHTML, like Gecko) Version/26.5.2 Mobile/15E148 Safari/604.1"
2a09:bac3:5804:323::50:a4 - - [17/Aug/2026:10:32:54 +0800] "POST /wp-json/wp-statistics/v2/hit HTTP/1.1" 200 1212 "https://www.iles.ilc.edu.tw/" "Mozilla/5.0 (iPhone; CPU iPhone OS 18_7 like Mac OS X) AppleWebKit/605.1.15 (KHTML, like Gecko) Version/26.5.2 Mobile/15E148 Safari/604.1"
::1 - - [17/Aug/2026:10:32:55 +0800] "OPTIONS * HTTP/1.0" 200 110 "-" "Apache/2.4.68 (Ubuntu) OpenSSL/3.0.19 (internal dummy connection)"
140.111.67.10 - - [17/Aug/2026:10:32:55 +0800] "GET /" 301 273 "-" "-"
2001:288:a201::66:125 - - [17/Aug/2026:10:32:55 +0800] "GET /blog/active.php HTTP/1.1" 404 1084 "-" "-"
2001:288:a201::66:125 - - [17/Aug/2026:10:32:55 +0800] "GET /blog/active.php HTTP/1.1" 301 1026 "-" "-"
::1 - - [17/Aug/2026:10:32:56 +0800] "OPTIONS * HTTP/1.0" 200 110 "-" "Apache/2.4.68 (Ubuntu) OpenSSL/3.0.19 (internal dummy connection)"
180.218.220.218 - - [17/Aug/2026:10:32:56 +0800] "GET /wp-content/uploads/sites/1984/2023/10/%E6%96%B0%E5%A2%9E%E6%A8%99%E9%A1%8C.png HTTP/1.1" 200 526817 "https://www.dses.ilc.edu.tw/" "Mozilla/5.0 (iPhone; CPU iPhone OS 18_7 like Mac OS X) AppleWebKit/605.1.15 (KHTML, like Gecko) Mobile/15E148 Safari Line/26.11.0"
180.218.220.218 - - [17/Aug/2026:10:32:55 +0800] "GET /wp-content/uploads/sites/1984/2023/10/%E6%9C%AC%E6%A0%A1%E6%A6%AE%E7%8D%B2%E5%AD%B8%E5%B9%B4%E5%BA%A6%E5%AE%9C%E8%98%AD%E7%B8%A3%E9%99%B6%E7%AC%9B.png HTTP/1.1" 200 327324 "https://www.dses.ilc.edu.tw/" "Mozilla/5.0 (iPhone; CPU iPhone OS 18_7 like Mac OS X) AppleWebKit/605.1.15 (KHTML, like Gecko) Mobile/15E148 Safari Line/26.11.0"
2001:288:a26a:1:6923:8bf3:4374:c578 - - [17/Aug/2026:10:32:56 +0800] "POST /hsics/wp-admin/admin-ajax.php HTTP/1.1" 200 1459 "https://2blog.ilc.edu.tw/hsics/wp-admin/edit.php" "Mozilla/5.0 (Windows NT 10.0; Win64; x64) AppleWebKit/537.36 (KHTML, like Gecko) Chrome/151.0.0.0 Safari/537.36"
::1 - - [17/Aug/2026:10:32:57 +0800] "OPTIONS * HTTP/1.0" 200 110 "-" "Apache/2.4.68 (Ubuntu) OpenSSL/3.0.19 (internal dummy connection)"
180.218.220.218 - - [17/Aug/2026:10:32:57 +0800] "GET /wp-content/uploads/sites/1984/2023/10/%E6%9C%AC%E6%A0%A1%E8%94%A1O%E9%9C%93%E5%90%8C%E5%AD%B8-1.png HTTP/1.1" 200 452518 "https://www.dses.ilc.edu.tw/" "Mozilla/5.0 (iPhone; CPU iPhone OS 18_7 like Mac OS X) AppleWebKit/605.1.15 (KHTML, like Gecko) Mobile/15E148 Safari Line/26.11.0"
::1 - - [17/Aug/2026:10:32:58 +0800] "OPTIONS * HTTP/1.0" 200 110 "-" "Apache/2.4.68 (Ubuntu) OpenSSL/3.0.19 (internal dummy connection)"
180.218.220.218 - - [17/Aug/2026:10:32:58 +0800] "GET /wp-content/uploads/sites/1984/2023/10/%E5%B0%96%E9%BE%9C%E8%9C%9C%E5%A5%BD%E6%AD%A1%E5%96%9C-760-%C3%97-480-%E5%83%8F%E7%B4%A0-2.png HTTP/1.1" 200 642577 "https://www.dses.ilc.edu.tw/" "Mozilla/5.0 (iPhone; CPU iPhone OS 18_7 like Mac OS X) AppleWebKit/605.1.15 (KHTML, like Gecko) Mobile/15E148 Safari Line/26.11.0"
180.218.220.218 - - [17/Aug/2026:10:32:58 +0800] "GET /wp-content/uploads/sites/1984/2023/10/%E5%B0%96%E9%BE%9C%E8%9C%9C%E5%A5%BD%E6%AD%A1%E5%96%9C-760-%C3%97-480-%E5%83%8F%E7%B4%A0-1.png HTTP/1.1" 200 554494 "https://www.dses.ilc.edu.tw/" "Mozilla/5.0 (iPhone; CPU iPhone OS 18_7 like Mac OS X) AppleWebKit/605.1.15 (KHTML, like Gecko) Mobile/15E148 Safari Line/26.11.0"
::1 - - [17/Aug/2026:10:32:59 +0800] "OPTIONS * HTTP/1.0" 200 110 "-" "Apache/2.4.68 (Ubuntu) OpenSSL/3.0.19 (internal dummy connection)"
2407:4b00:4c01:8cf1:30ed:a961:6309:3e0b - - [17/Aug/2026:10:32:59 +0800] "GET /wp-content/cache/www.fsjh.ilc.edu.tw/wpfc-minified/k1jimmmj/6wah.css HTTP/1.1" 200 45696 "https://www.fsjh.ilc.edu.tw/" "Mozilla/5.0 (Windows NT 10.0; Win64; x64) AppleWebKit/537.36 (KHTML, like Gecko) Chrome/151.0.0.0 Safari/537.36"
2407:4b00:4c01:8cf1:30ed:a961:6309:3e0b - - [17/Aug/2026:10:32:59 +0800] "GET /wp-content/cache/www.fsjh.ilc.edu.tw/wpfc-minified/6klmbkv7/6wah.css HTTP/1.1" 200 28117 "https://www.fsjh.ilc.edu.tw/" "Mozilla/5.0 (Windows NT 10.0; Win64; x64) AppleWebKit/537.36 (KHTML, like Gecko) Chrome/151.0.0.0 Safari/537.36"
140.111.67.10 - - [17/Aug/2026:10:33:00 +0800] "GET /" 301 273 "-" "-"
2001:b400:e75f:5cef:34a1:8de8:c5d5:1c9e - - [17/Aug/2026:10:33:00 +0800] "-" 408 339 "-" "-"
180.218.220.218 - - [17/Aug/2026:10:33:00 +0800] "GET /wp-content/uploads/sites/1984/2023/09/IMG_8920-5-1-scaled.jpg HTTP/1.1" 200 639518 "https://www.dses.ilc.edu.tw/" "Mozilla/5.0 (iPhone; CPU iPhone OS 18_7 like Mac OS X) AppleWebKit/605.1.15 (KHTML, like Gecko) Mobile/15E148 Safari Line/26.11.0"
180.218.220.218 - - [17/Aug/2026:10:33:00 +0800] "GET /wp-content/uploads/sites/1984/2023/09/IMG_8795-5-1-scaled.jpg HTTP/1.1" 200 608689 "https://www.dses.ilc.edu.tw/" "Mozilla/5.0 (iPhone; CPU iPhone OS 18_7 like Mac OS X) AppleWebKit/605.1.15 (KHTML, like Gecko) Mobile/15E148 Safari Line/26.11.0"
2407:4b00:4c01:8cf1:30ed:a961:6309:3e0b - - [17/Aug/2026:10:32:59 +0800] "GET /wp-content/uploads/sites/2666/elementor/css/post-103.css HTTP/1.1" 200 1004 "https://www.fsjh.ilc.edu.tw/" "Mozilla/5.0 (Windows NT 10.0; Win64; x64) AppleWebKit/537.36 (KHTML, like Gecko) Chrome/151.0.0.0 Safari/537.36"
2407:4b00:4c01:8cf1:30ed:a961:6309:3e0b - - [17/Aug/2026:10:32:59 +0800] "GET /wp-content/cache/www.fsjh.ilc.edu.tw/wpfc-minified/qkv37ig4/6wah.css HTTP/1.1" 200 5963 "https://www.fsjh.ilc.edu.tw/" "Mozilla/5.0 (Windows NT 10.0; Win64; x64) AppleWebKit/537.36 (KHTML, like Gecko) Chrome/151.0.0.0 Safari/537.36"
2407:4b00:4c01:8cf1:30ed:a961:6309:3e0b - - [17/Aug/2026:10:32:59 +0800] "GET /wp-content/uploads/sites/2666/elementor/css/post-81.css HTTP/1.1" 200 6123 "https://www.fsjh.ilc.edu.tw/" "Mozilla/5.0 (Windows NT 10.0; Win64; x64) AppleWebKit/537.36 (KHTML, like Gecko) Chrome/151.0.0.0 Safari/537.36"
2407:4b00:4c01:8cf1:30ed:a961:6309:3e0b - - [17/Aug/2026:10:32:59 +0800] "GET /wp-content/cache/www.fsjh.ilc.edu.tw/wpfc-minified/dj5cq5sf/6wah.css HTTP/1.1" 200 7705 "https://www.fsjh.ilc.edu.tw/" "Mozilla/5.0 (Windows NT 10.0; Win64; x64) AppleWebKit/537.36 (KHTML, like Gecko) Chrome/151.0.0.0 Safari/537.36"
2407:4b00:4c01:8cf1:30ed:a961:6309:3e0b - - [17/Aug/2026:10:32:59 +0800] "GET /wp-content/cache/www.fsjh.ilc.edu.tw/wpfc-minified/6ke5b2m4/6wah.css HTTP/1.1" 200 52105 "https://www.fsjh.ilc.edu.tw/" "Mozilla/5.0 (Windows NT 10.0; Win64; x64) AppleWebKit/537.36 (KHTML, like Gecko) Chrome/151.0.0.0 Safari/537.36"
2407:4b00:4c01:8cf1:30ed:a961:6309:3e0b - - [17/Aug/2026:10:32:59 +0800] "GET /wp-content/cache/www.fsjh.ilc.edu.tw/wpfc-minified/lm0klrml/6wah.css HTTP/1.1" 200 93590 "https://www.fsjh.ilc.edu.tw/" "Mozilla/5.0 (Windows NT 10.0; Win64; x64) AppleWebKit/537.36 (KHTML, like Gecko) Chrome/151.0.0.0 Safari/537.36"
2407:4b00:4c01:8cf1:30ed:a961:6309:3e0b - - [17/Aug/2026:10:33:00 +0800] "GET /wp-content/cache/www.fsjh.ilc.edu.tw/wpfc-minified/lco27ft0/6wah.js HTTP/1.1" 200 3453 "https://www.fsjh.ilc.edu.tw/" "Mozilla/5.0 (Windows NT 10.0; Win64; x64) AppleWebKit/537.36 (KHTML, like Gecko) Chrome/151.0.0.0 Safari/537.36"
2407:4b00:4c01:8cf1:30ed:a961:6309:3e0b - - [17/Aug/2026:10:33:00 +0800] "GET /wp-content/cache/www.fsjh.ilc.edu.tw/wpfc-minified/qa4zgiv7/6wah.css HTTP/1.1" 200 1138 "https://www.fsjh.ilc.edu.tw/" "Mozilla/5.0 (Windows NT 10.0; Win64; x64) AppleWebKit/537.36 (KHTML, like Gecko) Chrome/151.0.0.0 Safari/537.36"
2407:4b00:4c01:8cf1:30ed:a961:6309:3e0b - - [17/Aug/2026:10:33:00 +0800] "GET /wp-content/cache/www.fsjh.ilc.edu.tw/wpfc-minified/7z76wlqj/6wah.js HTTP/1.1" 200 35559 "https://www.fsjh.ilc.edu.tw/" "Mozilla/5.0 (Windows NT 10.0; Win64; x64) AppleWebKit/537.36 (KHTML, like Gecko) Chrome/151.0.0.0 Safari/537.36"
2407:4b00:4c01:8cf1:30ed:a961:6309:3e0b - - [17/Aug/2026:10:33:00 +0800] "GET /wp-content/uploads/sites/2666/2020/10/cropped-040628%E5%BE%A9%E8%88%88%E5%9C%8B%E4%B8%ADlogo-only-FSblue-2.gif HTTP/1.1" 200 11341 "https://www.fsjh.ilc.edu.tw/" "Mozilla/5.0 (Windows NT 10.0; Win64; x64) AppleWebKit/537.36 (KHTML, like Gecko) Chrome/151.0.0.0 Safari/537.36"
2001:288:a201::66:125 - - [17/Aug/2026:10:33:00 +0800] "GET /blog/active.php HTTP/1.1" 404 1084 "-" "-"
2001:288:a201::66:125 - - [17/Aug/2026:10:33:00 +0800] "GET /blog/active.php HTTP/1.1" 301 1026 "-" "-"
2407:4b00:4c01:8cf1:30ed:a961:6309:3e0b - - [17/Aug/2026:10:33:00 +0800] "GET /wp-includes/js/hoverintent-js.min.js HTTP/1.1" 200 1597 "https://www.fsjh.ilc.edu.tw/" "Mozilla/5.0 (Windows NT 10.0; Win64; x64) AppleWebKit/537.36 (KHTML, like Gecko) Chrome/151.0.0.0 Safari/537.36"
2407:4b00:4c01:8cf1:30ed:a961:6309:3e0b - - [17/Aug/2026:10:33:00 +0800] "GET /wp-includes/js/admin-bar.min.js HTTP/1.1" 200 2237 "https://www.fsjh.ilc.edu.tw/" "Mozilla/5.0 (Windows NT 10.0; Win64; x64) AppleWebKit/537.36 (KHTML, like Gecko) Chrome/151.0.0.0 Safari/537.36"
180.218.220.218 - - [17/Aug/2026:10:32:48 +0800] "GET /wp-content/uploads/sites/1984/2024/04/2024-04-09_214515.png HTTP/1.1" 200 2844723 "https://www.dses.ilc.edu.tw/" "Mozilla/5.0 (iPhone; CPU iPhone OS 18_7 like Mac OS X) AppleWebKit/605.1.15 (KHTML, like Gecko) Mobile/15E148 Safari Line/26.11.0"
2407:4b00:4c01:8cf1:30ed:a961:6309:3e0b - - [17/Aug/2026:10:33:00 +0800] "GET /wp-includes/js/imagesloaded.min.js HTTP/1.1" 200 2683 "https://www.fsjh.ilc.edu.tw/" "Mozilla/5.0 (Windows NT 10.0; Win64; x64) AppleWebKit/537.36 (KHTML, like Gecko) Chrome/151.0.0.0 Safari/537.36"
2407:4b00:4c01:8cf1:30ed:a961:6309:3e0b - - [17/Aug/2026:10:33:00 +0800] "GET /wp-content/themes/oceanwp/assets/js/theme.min.js HTTP/1.1" 200 5130 "https://www.fsjh.ilc.edu.tw/" "Mozilla/5.0 (Windows NT 10.0; Win64; x64) AppleWebKit/537.36 (KHTML, like Gecko) Chrome/151.0.0.0 Safari/537.36"
2407:4b00:4c01:8cf1:30ed:a961:6309:3e0b - - [17/Aug/2026:10:33:00 +0800] "GET /wp-content/themes/oceanwp/assets/js/full-screen-mobile-menu.min.js HTTP/1.1" 200 4638 "https://www.fsjh.ilc.edu.tw/" "Mozilla/5.0 (Windows NT 10.0; Win64; x64) AppleWebKit/537.36 (KHTML, like Gecko) Chrome/151.0.0.0 Safari/537.36"
2407:4b00:4c01:8cf1:30ed:a961:6309:3e0b - - [17/Aug/2026:10:33:00 +0800] "GET /wp-content/themes/oceanwp/assets/js/vendors/magnific-popup.min.js HTTP/1.1" 200 8270 "https://www.fsjh.ilc.edu.tw/" "Mozilla/5.0 (Windows NT 10.0; Win64; x64) AppleWebKit/537.36 (KHTML, like Gecko) Chrome/151.0.0.0 Safari/537.36"
2407:4b00:4c01:8cf1:30ed:a961:6309:3e0b - - [17/Aug/2026:10:33:00 +0800] "GET /wp-content/themes/oceanwp/assets/js/ow-lightbox.min.js HTTP/1.1" 200 2321 "https://www.fsjh.ilc.edu.tw/" "Mozilla/5.0 (Windows NT 10.0; Win64; x64) AppleWebKit/537.36 (KHTML, like Gecko) Chrome/151.0.0.0 Safari/537.36"
2407:4b00:4c01:8cf1:30ed:a961:6309:3e0b - - [17/Aug/2026:10:33:00 +0800] "GET /wp-content/themes/oceanwp/assets/js/drop-down-search.min.js HTTP/1.1" 200 2968 "https://www.fsjh.ilc.edu.tw/" "Mozilla/5.0 (Windows NT 10.0; Win64; x64) AppleWebKit/537.36 (KHTML, like Gecko) Chrome/151.0.0.0 Safari/537.36"
2407:4b00:4c01:8cf1:30ed:a961:6309:3e0b - - [17/Aug/2026:10:33:00 +0800] "GET /wp-content/themes/oceanwp/assets/js/vendors/flickity.pkgd.min.js HTTP/1.1" 200 15048 "https://www.fsjh.ilc.edu.tw/" "Mozilla/5.0 (Windows NT 10.0; Win64; x64) AppleWebKit/537.36 (KHTML, like Gecko) Chrome/151.0.0.0 Safari/537.36"
2407:4b00:4c01:8cf1:30ed:a961:6309:3e0b - - [17/Aug/2026:10:33:00 +0800] "GET /wp-content/themes/oceanwp/assets/js/ow-slider.min.js HTTP/1.1" 200 1761 "https://www.fsjh.ilc.edu.tw/" "Mozilla/5.0 (Windows NT 10.0; Win64; x64) AppleWebKit/537.36 (KHTML, like Gecko) Chrome/151.0.0.0 Safari/537.36"
2407:4b00:4c01:8cf1:30ed:a961:6309:3e0b - - [17/Aug/2026:10:33:00 +0800] "GET /wp-content/themes/oceanwp/assets/js/scroll-effect.min.js HTTP/1.1" 200 4127 "https://www.fsjh.ilc.edu.tw/" "Mozilla/5.0 (Windows NT 10.0; Win64; x64) AppleWebKit/537.36 (KHTML, like Gecko) Chrome/151.0.0.0 Safari/537.36"
2407:4b00:4c01:8cf1:30ed:a961:6309:3e0b - - [17/Aug/2026:10:33:00 +0800] "GET /wp-content/themes/oceanwp/assets/js/scroll-top.min.js HTTP/1.1" 200 3202 "https://www.fsjh.ilc.edu.tw/" "Mozilla/5.0 (Windows NT 10.0; Win64; x64) AppleWebKit/537.36 (KHTML, like Gecko) Chrome/151.0.0.0 Safari/537.36"
2407:4b00:4c01:8cf1:30ed:a961:6309:3e0b - - [17/Aug/2026:10:33:00 +0800] "GET /wp-content/themes/oceanwp/assets/js/select.min.js HTTP/1.1" 200 2408 "https://www.fsjh.ilc.edu.tw/" "Mozilla/5.0 (Windows NT 10.0; Win64; x64) AppleWebKit/537.36 (KHTML, like Gecko) Chrome/151.0.0.0 Safari/537.36"
2407:4b00:4c01:8cf1:30ed:a961:6309:3e0b - - [17/Aug/2026:10:33:00 +0800] "GET /wp-content/plugins/ocean-extra/includes/widgets/js/flickr.min.js HTTP/1.1" 200 1319 "https://www.fsjh.ilc.edu.tw/" "Mozilla/5.0 (Windows NT 10.0; Win64; x64) AppleWebKit/537.36 (KHTML, like Gecko) Chrome/151.0.0.0 Safari/537.36"
2407:4b00:4c01:8cf1:30ed:a961:6309:3e0b - - [17/Aug/2026:10:33:00 +0800] "GET /wp-content/themes/oceanwp/assets/fonts/fontawesome/webfonts/fa-regular-400.woff2 HTTP/1.1" 200 25383 "https://www.fsjh.ilc.edu.tw/wp-content/cache/www.fsjh.ilc.edu.tw/wpfc-minified/lm0klrml/6wah.css" "Mozilla/5.0 (Windows NT 10.0; Win64; x64) AppleWebKit/537.36 (KHTML, like Gecko) Chrome/151.0.0.0 Safari/537.36"
2407:4b00:4c01:8cf1:30ed:a961:6309:3e0b - - [17/Aug/2026:10:33:00 +0800] "GET /wp-content/uploads/sites/2666/2021/04/BLOG_Banner.jpg HTTP/1.1" 200 103266 "https://www.fsjh.ilc.edu.tw/" "Mozilla/5.0 (Windows NT 10.0; Win64; x64) AppleWebKit/537.36 (KHTML, like Gecko) Chrome/151.0.0.0 Safari/537.36"
2407:4b00:4c01:8cf1:30ed:a961:6309:3e0b - - [17/Aug/2026:10:33:00 +0800] "GET /wp-content/uploads/sites/2666/2021/04/bg18.gif HTTP/1.1" 200 4792 "https://www.fsjh.ilc.edu.tw/" "Mozilla/5.0 (Windows NT 10.0; Win64; x64) AppleWebKit/537.36 (KHTML, like Gecko) Chrome/151.0.0.0 Safari/537.36"
2407:4b00:4c01:8cf1:30ed:a961:6309:3e0b - - [17/Aug/2026:10:33:00 +0800] "GET /wp-content/plugins/elementor-pro/assets/js/webpack-pro.runtime.min.js HTTP/1.1" 200 3562 "https://www.fsjh.ilc.edu.tw/" "Mozilla/5.0 (Windows NT 10.0; Win64; x64) AppleWebKit/537.36 (KHTML, like Gecko) Chrome/151.0.0.0 Safari/537.36"
