2001:288:a24f:1:a840:8ba3:b2ed:fae1 - - [17/Aug/2026:10:38:45 +0800] "GET /wp-content/uploads/sites/1366/2025/09/%E8%AA%B2%E7%A8%8B%E8%A8%88%E7%95%AB%E5%B0%88%E5%8D%80-9.png HTTP/1.1" 200 57537 "https://www.kases.ilc.edu.tw/" "Mozilla/5.0 (Windows NT 10.0; Win64; x64) AppleWebKit/537.36 (KHTML, like Gecko) Chrome/151.0.0.0 Safari/537.36"
2001:288:a24f:1:a840:8ba3:b2ed:fae1 - - [17/Aug/2026:10:38:45 +0800] "GET /wp-content/uploads/sites/1366/2025/09/%E8%AA%B2%E7%A8%8B%E8%A8%88%E7%95%AB%E5%B0%88%E5%8D%80-10-768x145.png HTTP/1.1" 200 40118 "https://www.kases.ilc.edu.tw/" "Mozilla/5.0 (Windows NT 10.0; Win64; x64) AppleWebKit/537.36 (KHTML, like Gecko) Chrome/151.0.0.0 Safari/537.36"
2001:288:a24f:1:a840:8ba3:b2ed:fae1 - - [17/Aug/2026:10:38:45 +0800] "GET /wp-content/uploads/sites/1366/2026/07/%E8%AA%B2%E7%A8%8B%E8%A8%88%E7%95%AB%E5%B0%88%E5%8D%80-24-768x145.png HTTP/1.1" 200 42303 "https://www.kases.ilc.edu.tw/" "Mozilla/5.0 (Windows NT 10.0; Win64; x64) AppleWebKit/537.36 (KHTML, like Gecko) Chrome/151.0.0.0 Safari/537.36"
2001:288:a24f:1:a840:8ba3:b2ed:fae1 - - [17/Aug/2026:10:38:45 +0800] "GET /wp-content/uploads/sites/1366/2024/02/%E5%AD%B8%E7%94%9F%E5%B0%88%E5%8D%80.png HTTP/1.1" 200 63381 "https://www.kases.ilc.edu.tw/" "Mozilla/5.0 (Windows NT 10.0; Win64; x64) AppleWebKit/537.36 (KHTML, like Gecko) Chrome/151.0.0.0 Safari/537.36"
2001:288:a24f:1:a840:8ba3:b2ed:fae1 - - [17/Aug/2026:10:38:45 +0800] "GET /wp-content/uploads/sites/1366/2024/02/%E5%BF%AB%E6%A8%82E%E5%AD%B8%E9%99%A2-768x149.png HTTP/1.1" 200 34772 "https://www.kases.ilc.edu.tw/" "Mozilla/5.0 (Windows NT 10.0; Win64; x64) AppleWebKit/537.36 (KHTML, like Gecko) Chrome/151.0.0.0 Safari/537.36"
2001:288:a24f:1:a840:8ba3:b2ed:fae1 - - [17/Aug/2026:10:38:45 +0800] "GET /wp-content/uploads/sites/1366/2024/02/E%E5%B9%A3-768x149.png HTTP/1.1" 200 43390 "https://www.kases.ilc.edu.tw/" "Mozilla/5.0 (Windows NT 10.0; Win64; x64) AppleWebKit/537.36 (KHTML, like Gecko) Chrome/151.0.0.0 Safari/537.36"
2001:288:a24f:1:a840:8ba3:b2ed:fae1 - - [17/Aug/2026:10:38:45 +0800] "GET /wp-content/uploads/sites/1366/2024/02/%E5%87%B1%E5%B0%8F%E5%9C%96%E6%9B%B8%E9%A4%A8-768x149.png HTTP/1.1" 200 34382 "https://www.kases.ilc.edu.tw/" "Mozilla/5.0 (Windows NT 10.0; Win64; x64) AppleWebKit/537.36 (KHTML, like Gecko) Chrome/151.0.0.0 Safari/537.36"
2001:288:a24f:1:a840:8ba3:b2ed:fae1 - - [17/Aug/2026:10:38:45 +0800] "GET /wp-content/uploads/sites/1366/2024/11/%E8%AA%B2%E7%A8%8B%E8%A8%88%E7%95%AB%E5%B0%88%E5%8D%80-1-768x148.png HTTP/1.1" 200 33692 "https://www.kases.ilc.edu.tw/" "Mozilla/5.0 (Windows NT 10.0; Win64; x64) AppleWebKit/537.36 (KHTML, like Gecko) Chrome/151.0.0.0 Safari/537.36"
2001:288:a24f:1:a840:8ba3:b2ed:fae1 - - [17/Aug/2026:10:38:45 +0800] "GET /wp-content/uploads/sites/1366/2024/02/%E5%AD%B8%E7%BF%92%E8%BC%94%E5%8A%A9%E7%A7%91%E6%8A%80%E8%A9%95%E9%87%8F-768x148.png HTTP/1.1" 200 48113 "https://www.kases.ilc.edu.tw/" "Mozilla/5.0 (Windows NT 10.0; Win64; x64) AppleWebKit/537.36 (KHTML, like Gecko) Chrome/151.0.0.0 Safari/537.36"
2001:288:a24f:1:a840:8ba3:b2ed:fae1 - - [17/Aug/2026:10:38:45 +0800] "GET /wp-content/uploads/sites/1366/2024/02/%E6%95%99%E8%82%B2%E7%99%BE%E7%A7%91-768x149.png HTTP/1.1" 200 30272 "https://www.kases.ilc.edu.tw/" "Mozilla/5.0 (Windows NT 10.0; Win64; x64) AppleWebKit/537.36 (KHTML, like Gecko) Chrome/151.0.0.0 Safari/537.36"
2001:288:a24f:1:a840:8ba3:b2ed:fae1 - - [17/Aug/2026:10:38:45 +0800] "GET /wp-content/uploads/sites/1366/2025/10/%E8%AA%B2%E7%A8%8B%E8%A8%88%E7%95%AB%E5%B0%88%E5%8D%80-13-768x148.png HTTP/1.1" 200 33309 "https://www.kases.ilc.edu.tw/" "Mozilla/5.0 (Windows NT 10.0; Win64; x64) AppleWebKit/537.36 (KHTML, like Gecko) Chrome/151.0.0.0 Safari/537.36"
2001:288:a24f:1:a840:8ba3:b2ed:fae1 - - [17/Aug/2026:10:38:45 +0800] "GET /wp-content/uploads/sites/1366/2024/02/%E7%94%9F%E6%B4%BB%E8%8B%B1%E8%AA%9E%E7%B6%B2-768x149.png HTTP/1.1" 200 35346 "https://www.kases.ilc.edu.tw/" "Mozilla/5.0 (Windows NT 10.0; Win64; x64) AppleWebKit/537.36 (KHTML, like Gecko) Chrome/151.0.0.0 Safari/537.36"
2001:288:a24f:1:a840:8ba3:b2ed:fae1 - - [17/Aug/2026:10:38:45 +0800] "GET /wp-content/uploads/sites/1366/2024/09/%E8%AA%B2%E7%A8%8B%E8%A8%88%E7%95%AB%E5%B0%88%E5%8D%80-768x148.png HTTP/1.1" 200 30929 "https://www.kases.ilc.edu.tw/" "Mozilla/5.0 (Windows NT 10.0; Win64; x64) AppleWebKit/537.36 (KHTML, like Gecko) Chrome/151.0.0.0 Safari/537.36"
2001:288:a24f:1:a840:8ba3:b2ed:fae1 - - [17/Aug/2026:10:38:45 +0800] "GET /wp-content/uploads/sites/1366/2024/02/%E5%AD%B8%E7%94%9F%E4%BA%8B%E5%8B%99%E5%B0%88%E5%8D%80.png HTTP/1.1" 200 78320 "https://www.kases.ilc.edu.tw/" "Mozilla/5.0 (Windows NT 10.0; Win64; x64) AppleWebKit/537.36 (KHTML, like Gecko) Chrome/151.0.0.0 Safari/537.36"
2001:288:a24f:1:a840:8ba3:b2ed:fae1 - - [17/Aug/2026:10:38:45 +0800] "GET /wp-content/uploads/sites/1366/2024/02/%E5%AD%B8%E7%94%9F%E4%BA%8B%E5%8B%99%E5%B0%88%E5%8D%80-1-768x216.png HTTP/1.1" 200 57703 "https://www.kases.ilc.edu.tw/" "Mozilla/5.0 (Windows NT 10.0; Win64; x64) AppleWebKit/537.36 (KHTML, like Gecko) Chrome/151.0.0.0 Safari/537.36"
2001:288:a24f:1:a840:8ba3:b2ed:fae1 - - [17/Aug/2026:10:38:45 +0800] "GET /wp-content/uploads/sites/1366/2024/02/%E5%AD%B8%E7%94%9F%E4%BA%8B%E5%8B%99%E5%B0%88%E5%8D%80-2-768x148.png HTTP/1.1" 200 41363 "https://www.kases.ilc.edu.tw/" "Mozilla/5.0 (Windows NT 10.0; Win64; x64) AppleWebKit/537.36 (KHTML, like Gecko) Chrome/151.0.0.0 Safari/537.36"
2001:288:a24f:1:a840:8ba3:b2ed:fae1 - - [17/Aug/2026:10:38:45 +0800] "GET /wp-content/uploads/sites/1366/2024/02/%E5%AD%B8%E7%94%9F%E4%BA%8B%E5%8B%99%E5%B0%88%E5%8D%80-3-768x149.png HTTP/1.1" 200 47069 "https://www.kases.ilc.edu.tw/" "Mozilla/5.0 (Windows NT 10.0; Win64; x64) AppleWebKit/537.36 (KHTML, like Gecko) Chrome/151.0.0.0 Safari/537.36"
2001:288:a24f:1:a840:8ba3:b2ed:fae1 - - [17/Aug/2026:10:38:45 +0800] "GET /wp-content/uploads/sites/1366/2026/01/%E8%AA%B2%E7%A8%8B%E8%A8%88%E7%95%AB%E5%B0%88%E5%8D%80-16-768x215.png HTTP/1.1" 200 52424 "https://www.kases.ilc.edu.tw/" "Mozilla/5.0 (Windows NT 10.0; Win64; x64) AppleWebKit/537.36 (KHTML, like Gecko) Chrome/151.0.0.0 Safari/537.36"
2001:288:a24f:1:a840:8ba3:b2ed:fae1 - - [17/Aug/2026:10:38:45 +0800] "GET /wp-content/uploads/sites/1366/2024/02/%E7%87%9F%E9%A4%8A%E5%8D%88%E9%A4%90.png HTTP/1.1" 200 63698 "https://www.kases.ilc.edu.tw/" "Mozilla/5.0 (Windows NT 10.0; Win64; x64) AppleWebKit/537.36 (KHTML, like Gecko) Chrome/151.0.0.0 Safari/537.36"
2001:288:a24f:1:a840:8ba3:b2ed:fae1 - - [17/Aug/2026:10:38:45 +0800] "GET /wp-content/uploads/sites/1366/2024/02/%E7%87%9F%E9%A4%8A%E5%8D%88%E9%A4%90-2-768x149.png HTTP/1.1" 200 47203 "https://www.kases.ilc.edu.tw/" "Mozilla/5.0 (Windows NT 10.0; Win64; x64) AppleWebKit/537.36 (KHTML, like Gecko) Chrome/151.0.0.0 Safari/537.36"
2001:288:a24f:1:a840:8ba3:b2ed:fae1 - - [17/Aug/2026:10:38:45 +0800] "GET /wp-content/uploads/sites/1366/2024/02/%E7%87%9F%E9%A4%8A%E5%8D%88%E9%A4%901-768x149.png HTTP/1.1" 200 52604 "https://www.kases.ilc.edu.tw/" "Mozilla/5.0 (Windows NT 10.0; Win64; x64) AppleWebKit/537.36 (KHTML, like Gecko) Chrome/151.0.0.0 Safari/537.36"
2001:288:a24f:1:a840:8ba3:b2ed:fae1 - - [17/Aug/2026:10:38:45 +0800] "GET /wp-content/uploads/sites/1366/2024/02/%E8%A8%AA%E5%AE%A2%E5%B0%88%E5%8D%80.png HTTP/1.1" 200 63574 "https://www.kases.ilc.edu.tw/" "Mozilla/5.0 (Windows NT 10.0; Win64; x64) AppleWebKit/537.36 (KHTML, like Gecko) Chrome/151.0.0.0 Safari/537.36"
2001:288:a24f:1:a840:8ba3:b2ed:fae1 - - [17/Aug/2026:10:38:45 +0800] "GET /wp-content/uploads/sites/1366/2024/02/%E8%A8%AA%E5%AE%A2%E5%B0%88%E5%8D%80-1-768x223.png HTTP/1.1" 200 49659 "https://www.kases.ilc.edu.tw/" "Mozilla/5.0 (Windows NT 10.0; Win64; x64) AppleWebKit/537.36 (KHTML, like Gecko) Chrome/151.0.0.0 Safari/537.36"
2001:288:a24f:1:a840:8ba3:b2ed:fae1 - - [17/Aug/2026:10:38:45 +0800] "GET /wp-content/uploads/sites/1366/2024/02/%E8%A8%AA%E5%AE%A2%E5%B0%88%E5%8D%80-2-768x222.png HTTP/1.1" 200 46671 "https://www.kases.ilc.edu.tw/" "Mozilla/5.0 (Windows NT 10.0; Win64; x64) AppleWebKit/537.36 (KHTML, like Gecko) Chrome/151.0.0.0 Safari/537.36"
2001:288:a201::66:125 - - [17/Aug/2026:10:38:45 +0800] "GET /blog/active.php HTTP/1.1" 404 1084 "-" "-"
2001:288:a201::66:125 - - [17/Aug/2026:10:38:45 +0800] "GET /blog/active.php HTTP/1.1" 301 1026 "-" "-"
2001:288:a24f:1:a840:8ba3:b2ed:fae1 - - [17/Aug/2026:10:38:46 +0800] "GET /wp-content/uploads/sites/1366/2020/01/cropped-%E6%A0%A1%E5%BE%BD-32x32.jpg HTTP/1.1" 200 1935 "https://www.kases.ilc.edu.tw/" "Mozilla/5.0 (Windows NT 10.0; Win64; x64) AppleWebKit/537.36 (KHTML, like Gecko) Chrome/151.0.0.0 Safari/537.36"
2001:288:a24f:1:a840:8ba3:b2ed:fae1 - - [17/Aug/2026:10:38:46 +0800] "GET /wp-content/uploads/sites/1366/2024/02/%E8%AA%B2%E7%A8%8B%E8%A8%88%E7%95%AB%E5%B0%88%E5%8D%80-6-768x149.png HTTP/1.1" 200 32149 "https://www.kases.ilc.edu.tw/" "Mozilla/5.0 (Windows NT 10.0; Win64; x64) AppleWebKit/537.36 (KHTML, like Gecko) Chrome/151.0.0.0 Safari/537.36"
2001:288:a24f:1:a840:8ba3:b2ed:fae1 - - [17/Aug/2026:10:38:46 +0800] "GET /wp-content/uploads/sites/1366/2026/06/%E8%AA%B2%E7%A8%8B%E8%A8%88%E7%95%AB%E5%B0%88%E5%8D%80-768x304.png HTTP/1.1" 200 75635 "https://www.kases.ilc.edu.tw/" "Mozilla/5.0 (Windows NT 10.0; Win64; x64) AppleWebKit/537.36 (KHTML, like Gecko) Chrome/151.0.0.0 Safari/537.36"
2001:288:a24f:1:a840:8ba3:b2ed:fae1 - - [17/Aug/2026:10:38:46 +0800] "GET /wp-content/uploads/sites/1366/2026/04/%E8%AA%B2%E7%A8%8B%E8%A8%88%E7%95%AB%E5%B0%88%E5%8D%80-19.png HTTP/1.1" 200 114792 "https://www.kases.ilc.edu.tw/" "Mozilla/5.0 (Windows NT 10.0; Win64; x64) AppleWebKit/537.36 (KHTML, like Gecko) Chrome/151.0.0.0 Safari/537.36"
2001:288:a24f:1:a840:8ba3:b2ed:fae1 - - [17/Aug/2026:10:38:46 +0800] "GET /wp-content/uploads/sites/1366/2026/06/%E8%AA%B2%E7%A8%8B%E8%A8%88%E7%95%AB%E5%B0%88%E5%8D%80-1-768x222.png HTTP/1.1" 200 55768 "https://www.kases.ilc.edu.tw/" "Mozilla/5.0 (Windows NT 10.0; Win64; x64) AppleWebKit/537.36 (KHTML, like Gecko) Chrome/151.0.0.0 Safari/537.36"
2001:288:a24f:1:a840:8ba3:b2ed:fae1 - - [17/Aug/2026:10:38:46 +0800] "GET /wp-content/uploads/sites/1366/2026/06/%E8%AA%B2%E7%A8%8B%E8%A8%88%E7%95%AB%E5%B0%88%E5%8D%80-2-768x222.png HTTP/1.1" 200 56916 "https://www.kases.ilc.edu.tw/" "Mozilla/5.0 (Windows NT 10.0; Win64; x64) AppleWebKit/537.36 (KHTML, like Gecko) Chrome/151.0.0.0 Safari/537.36"
2001:288:a24f:1:a840:8ba3:b2ed:fae1 - - [17/Aug/2026:10:38:46 +0800] "GET /wp-content/uploads/sites/1366/2024/02/%E8%A8%AA%E5%AE%A2%E5%B0%88%E5%8D%80-7-768x223.png HTTP/1.1" 200 63182 "https://www.kases.ilc.edu.tw/" "Mozilla/5.0 (Windows NT 10.0; Win64; x64) AppleWebKit/537.36 (KHTML, like Gecko) Chrome/151.0.0.0 Safari/537.36"
2001:288:a24f:1:a840:8ba3:b2ed:fae1 - - [17/Aug/2026:10:38:46 +0800] "GET /wp-content/uploads/sites/1366/2024/02/%E8%A8%AA%E5%AE%A2%E5%B0%88%E5%8D%80-8-768x222.png HTTP/1.1" 200 61813 "https://www.kases.ilc.edu.tw/" "Mozilla/5.0 (Windows NT 10.0; Win64; x64) AppleWebKit/537.36 (KHTML, like Gecko) Chrome/151.0.0.0 Safari/537.36"
2001:288:a24f:1:a840:8ba3:b2ed:fae1 - - [17/Aug/2026:10:38:46 +0800] "GET /wp-content/uploads/sites/1366/2025/08/%E8%AA%B2%E7%A8%8B%E8%A8%88%E7%95%AB%E5%B0%88%E5%8D%80-4.png HTTP/1.1" 200 41667 "https://www.kases.ilc.edu.tw/" "Mozilla/5.0 (Windows NT 10.0; Win64; x64) AppleWebKit/537.36 (KHTML, like Gecko) Chrome/151.0.0.0 Safari/537.36"
2001:288:a24f:1:a840:8ba3:b2ed:fae1 - - [17/Aug/2026:10:38:46 +0800] "GET /wp-content/uploads/sites/1366/2025/08/%E8%AA%B2%E7%A8%8B%E8%A8%88%E7%95%AB%E5%B0%88%E5%8D%80-6-768x304.png HTTP/1.1" 200 80874 "https://www.kases.ilc.edu.tw/" "Mozilla/5.0 (Windows NT 10.0; Win64; x64) AppleWebKit/537.36 (KHTML, like Gecko) Chrome/151.0.0.0 Safari/537.36"
2001:288:a24f:1:a840:8ba3:b2ed:fae1 - - [17/Aug/2026:10:38:46 +0800] "GET /wp-content/uploads/sites/1366/2025/10/%E8%AA%B2%E7%A8%8B%E8%A8%88%E7%95%AB%E5%B0%88%E5%8D%80-12-768x304.png HTTP/1.1" 200 74109 "https://www.kases.ilc.edu.tw/" "Mozilla/5.0 (Windows NT 10.0; Win64; x64) AppleWebKit/537.36 (KHTML, like Gecko) Chrome/151.0.0.0 Safari/537.36"
2001:288:a24f:1:a840:8ba3:b2ed:fae1 - - [17/Aug/2026:10:38:46 +0800] "GET /wp-content/uploads/sites/1366/2026/07/%E8%AA%B2%E7%A8%8B%E8%A8%88%E7%95%AB%E5%B0%88%E5%8D%80-23-768x148.png HTTP/1.1" 200 36093 "https://www.kases.ilc.edu.tw/" "Mozilla/5.0 (Windows NT 10.0; Win64; x64) AppleWebKit/537.36 (KHTML, like Gecko) Chrome/151.0.0.0 Safari/537.36"
2001:288:a24f:1:a840:8ba3:b2ed:fae1 - - [17/Aug/2026:10:38:46 +0800] "GET /wp-content/uploads/sites/1366/2025/02/%E8%AA%B2%E7%A8%8B%E8%A8%88%E7%95%AB%E5%B0%88%E5%8D%80-2.png HTTP/1.1" 200 72020 "https://www.kases.ilc.edu.tw/" "Mozilla/5.0 (Windows NT 10.0; Win64; x64) AppleWebKit/537.36 (KHTML, like Gecko) Chrome/151.0.0.0 Safari/537.36"
2001:288:a24f:1:a840:8ba3:b2ed:fae1 - - [17/Aug/2026:10:38:46 +0800] "GET /wp-content/uploads/sites/1366/2024/02/%E6%8E%A8%E8%96%A6%E7%B6%B2%E7%AB%99.png HTTP/1.1" 200 63508 "https://www.kases.ilc.edu.tw/" "Mozilla/5.0 (Windows NT 10.0; Win64; x64) AppleWebKit/537.36 (KHTML, like Gecko) Chrome/151.0.0.0 Safari/537.36"
2001:288:a24f:1:a840:8ba3:b2ed:fae1 - - [17/Aug/2026:10:38:46 +0800] "GET /wp-content/uploads/sites/1366/2024/02/%E7%B6%B2%E7%AB%9901-1-768x149.png HTTP/1.1" 200 39122 "https://www.kases.ilc.edu.tw/" "Mozilla/5.0 (Windows NT 10.0; Win64; x64) AppleWebKit/537.36 (KHTML, like Gecko) Chrome/151.0.0.0 Safari/537.36"
2001:288:a24f:1:a840:8ba3:b2ed:fae1 - - [17/Aug/2026:10:38:46 +0800] "GET /wp-content/uploads/sites/1366/2024/02/%E7%B6%B2%E7%AB%9902-768x148.png HTTP/1.1" 200 38248 "https://www.kases.ilc.edu.tw/" "Mozilla/5.0 (Windows NT 10.0; Win64; x64) AppleWebKit/537.36 (KHTML, like Gecko) Chrome/151.0.0.0 Safari/537.36"
2001:288:a24f:1:a840:8ba3:b2ed:fae1 - - [17/Aug/2026:10:38:46 +0800] "GET /wp-content/uploads/sites/1366/2024/02/%E7%B6%B2%E7%AB%9903-768x149.png HTTP/1.1" 200 40345 "https://www.kases.ilc.edu.tw/" "Mozilla/5.0 (Windows NT 10.0; Win64; x64) AppleWebKit/537.36 (KHTML, like Gecko) Chrome/151.0.0.0 Safari/537.36"
2001:288:a24f:1:a840:8ba3:b2ed:fae1 - - [17/Aug/2026:10:38:46 +0800] "GET /wp-content/uploads/sites/1366/2026/03/Gemini_Generated_Image_2noq592noq592noq-1.png HTTP/1.1" 200 2030153 "https://www.kases.ilc.edu.tw/" "Mozilla/5.0 (Windows NT 10.0; Win64; x64) AppleWebKit/537.36 (KHTML, like Gecko) Chrome/151.0.0.0 Safari/537.36"
140.111.141.41 - - [17/Aug/2026:10:38:50 +0800] "-" 408 339 "-" "-"
140.111.67.10 - - [17/Aug/2026:10:38:50 +0800] "GET /" 301 273 "-" "-"
2001:4860:7:810::dc - - [17/Aug/2026:10:38:50 +0800] "GET /laws_and_forms/ HTTP/1.1" 200 27343 "https://www.google.com/" "Mozilla/5.0 (Windows NT 10.0; Win64; x64) AppleWebKit/537.36 (KHTML, like Gecko) Chrome/151.0.0.0 Safari/537.36"
2001:288:a201::66:125 - - [17/Aug/2026:10:38:50 +0800] "GET /blog/active.php HTTP/1.1" 301 1026 "-" "-"
2001:288:a201::66:125 - - [17/Aug/2026:10:38:50 +0800] "GET /blog/active.php HTTP/1.1" 404 1084 "-" "-"
2001:288:a223:1:ddce:d980:89f9:70cd - - [17/Aug/2026:10:38:51 +0800] "-" 408 4802 "-" "-"
52.167.144.220 - - [17/Aug/2026:10:38:53 +0800] "GET /?s=%E9%AB%98%E9%9B%84%E6%95%99%E5%B8%AB%E7%A0%94%E7%BF%92 HTTP/1.1" 200 20471 "-" "Mozilla/5.0 AppleWebKit/537.36 (KHTML, like Gecko; compatible; bingbot/2.0; +http://www.bing.com/bingbot.htm) Chrome/116.0.1938.76 Safari/537.36"
::1 - - [17/Aug/2026:10:38:53 +0800] "OPTIONS * HTTP/1.0" 200 110 "-" "Apache/2.4.68 (Ubuntu) OpenSSL/3.0.19 (internal dummy connection)"
::1 - - [17/Aug/2026:10:38:54 +0800] "OPTIONS * HTTP/1.0" 200 110 "-" "Apache/2.4.68 (Ubuntu) OpenSSL/3.0.19 (internal dummy connection)"
140.111.67.10 - - [17/Aug/2026:10:38:55 +0800] "GET /" 301 273 "-" "-"
::1 - - [17/Aug/2026:10:38:55 +0800] "OPTIONS * HTTP/1.0" 200 110 "-" "Apache/2.4.68 (Ubuntu) OpenSSL/3.0.19 (internal dummy connection)"
2001:288:a201::66:125 - - [17/Aug/2026:10:38:55 +0800] "GET /blog/active.php HTTP/1.1" 301 1026 "-" "-"
2001:288:a201::66:125 - - [17/Aug/2026:10:38:55 +0800] "GET /blog/active.php HTTP/1.1" 404 1084 "-" "-"
::1 - - [17/Aug/2026:10:38:56 +0800] "OPTIONS * HTTP/1.0" 200 110 "-" "Apache/2.4.68 (Ubuntu) OpenSSL/3.0.19 (internal dummy connection)"
2001:288:a26a:1:6923:8bf3:4374:c578 - - [17/Aug/2026:10:38:56 +0800] "POST /hsics/wp-admin/admin-ajax.php HTTP/1.1" 200 1459 "https://2blog.ilc.edu.tw/hsics/wp-admin/edit.php" "Mozilla/5.0 (Windows NT 10.0; Win64; x64) AppleWebKit/537.36 (KHTML, like Gecko) Chrome/151.0.0.0 Safari/537.36"
140.111.67.10 - - [17/Aug/2026:10:39:00 +0800] "GET /" 301 273 "-" "-"
211.72.195.139 - - [17/Aug/2026:10:39:00 +0800] "-" 408 4802 "-" "-"
211.72.195.139 - - [17/Aug/2026:10:39:00 +0800] "-" 408 339 "-" "-"
2001:288:a201::66:125 - - [17/Aug/2026:10:39:00 +0800] "GET /blog/active.php HTTP/1.1" 301 1026 "-" "-"
::1 - - [17/Aug/2026:10:39:00 +0800] "OPTIONS * HTTP/1.0" 200 110 "-" "Apache/2.4.68 (Ubuntu) OpenSSL/3.0.19 (internal dummy connection)"
2001:288:a201::66:125 - - [17/Aug/2026:10:39:00 +0800] "GET /blog/active.php HTTP/1.1" 404 1084 "-" "-"
211.72.195.139 - - [17/Aug/2026:10:39:01 +0800] "-" 408 339 "-" "-"
211.72.195.139 - - [17/Aug/2026:10:39:01 +0800] "-" 408 339 "-" "-"
211.72.195.139 - - [17/Aug/2026:10:39:01 +0800] "-" 408 339 "-" "-"
36.229.238.49 - - [17/Aug/2026:10:39:01 +0800] "GET / HTTP/1.1" 200 20465 "-" "Mozilla/5.0 (Windows NT 10.0; Win64; x64) AppleWebKit/537.36 (KHTML, like Gecko) Chrome/151.0.0.0 Safari/537.36"
::1 - - [17/Aug/2026:10:39:02 +0800] "OPTIONS * HTTP/1.0" 200 110 "-" "Apache/2.4.68 (Ubuntu) OpenSSL/3.0.19 (internal dummy connection)"
36.229.238.49 - - [17/Aug/2026:10:39:03 +0800] "GET /wp-content/uploads/sites/411/elementor/css/post-182.css HTTP/1.1" 304 790 "https://www.ltjh.ilc.edu.tw/" "Mozilla/5.0 (Windows NT 10.0; Win64; x64) AppleWebKit/537.36 (KHTML, like Gecko) Chrome/151.0.0.0 Safari/537.36"
66.249.71.64 - - [17/Aug/2026:10:39:02 +0800] "GET /Information/ HTTP/1.1" 404 85811 "-" "Mozilla/5.0 (Linux; Android 6.0.1; Nexus 5X Build/MMB29P) AppleWebKit/537.36 (KHTML, like Gecko) Chrome/150.0.7871.186 Mobile Safari/537.36 (compatible; GoogleOther)"
36.229.238.49 - - [17/Aug/2026:10:39:03 +0800] "GET /wp-content/uploads/sites/411/2026/08/1150729_%E6%97%85%E9%81%8A%E8%B6%A3-1-768x432.png HTTP/1.1" 304 1129 "https://www.ltjh.ilc.edu.tw/" "Mozilla/5.0 (Windows NT 10.0; Win64; x64) AppleWebKit/537.36 (KHTML, like Gecko) Chrome/151.0.0.0 Safari/537.36"
36.229.238.49 - - [17/Aug/2026:10:39:03 +0800] "GET /wp-content/uploads/sites/411/2026/08/1150729_%E9%BB%9B%E8%90%8C%E4%B8%8D%E5%91%86-1-768x576.png HTTP/1.1" 304 790 "https://www.ltjh.ilc.edu.tw/" "Mozilla/5.0 (Windows NT 10.0; Win64; x64) AppleWebKit/537.36 (KHTML, like Gecko) Chrome/151.0.0.0 Safari/537.36"
36.229.238.49 - - [17/Aug/2026:10:39:03 +0800] "GET /wp-content/uploads/sites/411/2025/06/%E9%98%B2%E6%B2%BB%E6%80%A7%E9%A8%B7.png HTTP/1.1" 304 1129 "https://www.ltjh.ilc.edu.tw/" "Mozilla/5.0 (Windows NT 10.0; Win64; x64) AppleWebKit/537.36 (KHTML, like Gecko) Chrome/151.0.0.0 Safari/537.36"
36.229.238.49 - - [17/Aug/2026:10:39:03 +0800] "GET /wp-content/uploads/sites/411/2026/08/1150729_science-2-768x432.png HTTP/1.1" 304 1129 "https://www.ltjh.ilc.edu.tw/" "Mozilla/5.0 (Windows NT 10.0; Win64; x64) AppleWebKit/537.36 (KHTML, like Gecko) Chrome/151.0.0.0 Safari/537.36"
2001:288:a24f:1:a840:8ba3:b2ed:fae1 - - [17/Aug/2026:10:39:04 +0800] "-" 408 4802 "-" "-"
2001:288:a24f:1:a840:8ba3:b2ed:fae1 - - [17/Aug/2026:10:39:04 +0800] "-" 408 339 "-" "-"
140.111.67.10 - - [17/Aug/2026:10:39:05 +0800] "GET /" 301 273 "-" "-"
2001:288:a201::66:125 - - [17/Aug/2026:10:39:05 +0800] "GET /blog/active.php HTTP/1.1" 301 1026 "-" "-"
2001:288:a201::66:125 - - [17/Aug/2026:10:39:05 +0800] "GET /blog/active.php HTTP/1.1" 404 1084 "-" "-"
2407:4b00:4c05:8313:31b7:a1b8:a313:d956 - - [17/Aug/2026:10:39:08 +0800] "-" 408 4808 "-" "-"
2001:4860:7:b10::fa - - [17/Aug/2026:10:39:08 +0800] "GET / HTTP/1.1" 200 24111 "https://www.google.com/" "Mozilla/5.0 (Linux; Android 10; K) AppleWebKit/537.36 (KHTML, like Gecko) Chrome/151.0.0.0 Mobile Safari/537.36"
::1 - - [17/Aug/2026:10:39:09 +0800] "OPTIONS * HTTP/1.0" 200 110 "-" "Apache/2.4.68 (Ubuntu) OpenSSL/3.0.19 (internal dummy connection)"
140.111.67.10 - - [17/Aug/2026:10:39:10 +0800] "GET /" 301 273 "-" "-"
2001:288:a201::66:125 - - [17/Aug/2026:10:39:10 +0800] "GET /blog/active.php HTTP/1.1" 301 1026 "-" "-"
2001:288:a201::66:125 - - [17/Aug/2026:10:39:10 +0800] "GET /blog/active.php HTTP/1.1" 404 1084 "-" "-"
::1 - - [17/Aug/2026:10:39:10 +0800] "OPTIONS * HTTP/1.0" 200 110 "-" "Apache/2.4.68 (Ubuntu) OpenSSL/3.0.19 (internal dummy connection)"
::1 - - [17/Aug/2026:10:39:11 +0800] "OPTIONS * HTTP/1.0" 200 110 "-" "Apache/2.4.68 (Ubuntu) OpenSSL/3.0.19 (internal dummy connection)"
2001:288:a26a:1:6923:8bf3:4374:c578 - - [17/Aug/2026:10:39:11 +0800] "POST /hsics/wp-admin/admin-ajax.php HTTP/1.1" 200 1459 "https://2blog.ilc.edu.tw/hsics/wp-admin/edit.php" "Mozilla/5.0 (Windows NT 10.0; Win64; x64) AppleWebKit/537.36 (KHTML, like Gecko) Chrome/151.0.0.0 Safari/537.36"
::1 - - [17/Aug/2026:10:39:12 +0800] "OPTIONS * HTTP/1.0" 200 110 "-" "Apache/2.4.68 (Ubuntu) OpenSSL/3.0.19 (internal dummy connection)"
52.167.144.228 - - [17/Aug/2026:10:39:13 +0800] "GET /1003/?s=fotos+de+penes HTTP/1.1" 200 13743 "-" "Mozilla/5.0 AppleWebKit/537.36 (KHTML, like Gecko; compatible; bingbot/2.0; +http://www.bing.com/bingbot.htm) Chrome/116.0.1938.76 Safari/537.36"
140.111.67.10 - - [17/Aug/2026:10:39:15 +0800] "GET /" 301 273 "-" "-"
2001:288:a201::66:125 - - [17/Aug/2026:10:39:15 +0800] "GET /blog/active.php HTTP/1.1" 404 1084 "-" "-"
2001:288:a201::66:125 - - [17/Aug/2026:10:39:15 +0800] "GET /blog/active.php HTTP/1.1" 301 1026 "-" "-"
163.17.132.191 - - [17/Aug/2026:10:39:17 +0800] "GET / HTTP/1.1" 200 31593 "-" "Mozilla/5.0 (Windows NT 10.0; Win64; x64) AppleWebKit/537.36 (KHTML, like Gecko) Chrome/151.0.0.0 Safari/537.36"
163.17.132.191 - - [17/Aug/2026:10:39:17 +0800] "GET /wp-content/cache/www.ilc.edu.tw/wpfc-minified/sz1rpuo/8141l.css HTTP/1.1" 200 40885 "https://www.ilc.edu.tw/" "Mozilla/5.0 (Windows NT 10.0; Win64; x64) AppleWebKit/537.36 (KHTML, like Gecko) Chrome/151.0.0.0 Safari/537.36"
163.17.132.191 - - [17/Aug/2026:10:39:17 +0800] "GET /wp-content/cache/www.ilc.edu.tw/wpfc-minified/7ihu9bns/8141l.css HTTP/1.1" 200 1161 "https://www.ilc.edu.tw/" "Mozilla/5.0 (Windows NT 10.0; Win64; x64) AppleWebKit/537.36 (KHTML, like Gecko) Chrome/151.0.0.0 Safari/537.36"
163.17.132.191 - - [17/Aug/2026:10:39:17 +0800] "GET /wp-content/uploads/sites/3846/elementor/css/post-3.css HTTP/1.1" 200 6090 "https://www.ilc.edu.tw/" "Mozilla/5.0 (Windows NT 10.0; Win64; x64) AppleWebKit/537.36 (KHTML, like Gecko) Chrome/151.0.0.0 Safari/537.36"
163.17.132.191 - - [17/Aug/2026:10:39:17 +0800] "GET /wp-content/cache/www.ilc.edu.tw/wpfc-minified/2encr51g/8141l.css HTTP/1.1" 200 6032 "https://www.ilc.edu.tw/" "Mozilla/5.0 (Windows NT 10.0; Win64; x64) AppleWebKit/537.36 (KHTML, like Gecko) Chrome/151.0.0.0 Safari/537.36"
163.17.132.191 - - [17/Aug/2026:10:39:17 +0800] "GET /wp-content/uploads/sites/3846/elementor/css/post-19.css HTTP/1.1" 200 2011 "https://www.ilc.edu.tw/" "Mozilla/5.0 (Windows NT 10.0; Win64; x64) AppleWebKit/537.36 (KHTML, like Gecko) Chrome/151.0.0.0 Safari/537.36"
163.17.132.191 - - [17/Aug/2026:10:39:17 +0800] "GET /wp-content/cache/www.ilc.edu.tw/wpfc-minified/difb1vbs/8141l.js HTTP/1.1" 200 35549 "https://www.ilc.edu.tw/" "Mozilla/5.0 (Windows NT 10.0; Win64; x64) AppleWebKit/537.36 (KHTML, like Gecko) Chrome/151.0.0.0 Safari/537.36"
163.17.132.191 - - [17/Aug/2026:10:39:17 +0800] "GET /wp-content/cache/www.ilc.edu.tw/wpfc-minified/fdlul8k0/8141l.css HTTP/1.1" 200 80436 "https://www.ilc.edu.tw/" "Mozilla/5.0 (Windows NT 10.0; Win64; x64) AppleWebKit/537.36 (KHTML, like Gecko) Chrome/151.0.0.0 Safari/537.36"
163.17.132.191 - - [17/Aug/2026:10:39:17 +0800] "GET /wp-content/cache/www.ilc.edu.tw/wpfc-minified/21kp93v9/8141l.css HTTP/1.1" 200 4167 "https://www.ilc.edu.tw/" "Mozilla/5.0 (Windows NT 10.0; Win64; x64) AppleWebKit/537.36 (KHTML, like Gecko) Chrome/151.0.0.0 Safari/537.36"
163.17.132.191 - - [17/Aug/2026:10:39:17 +0800] "GET /wp-content/uploads/sites/3846/2026/05/05bfd164-030e-448f-b83b-37c7dcb01eec.png HTTP/1.1" 200 3476 "https://www.ilc.edu.tw/" "Mozilla/5.0 (Windows NT 10.0; Win64; x64) AppleWebKit/537.36 (KHTML, like Gecko) Chrome/151.0.0.0 Safari/537.36"
163.17.132.191 - - [17/Aug/2026:10:39:17 +0800] "GET /wp-includes/js/hoverintent-js.min.js HTTP/1.1" 200 1597 "https://www.ilc.edu.tw/" "Mozilla/5.0 (Windows NT 10.0; Win64; x64) AppleWebKit/537.36 (KHTML, like Gecko) Chrome/151.0.0.0 Safari/537.36"
163.17.132.191 - - [17/Aug/2026:10:39:17 +0800] "GET /wp-includes/js/admin-bar.min.js HTTP/1.1" 200 2237 "https://www.ilc.edu.tw/" "Mozilla/5.0 (Windows NT 10.0; Win64; x64) AppleWebKit/537.36 (KHTML, like Gecko) Chrome/151.0.0.0 Safari/537.36"
163.17.132.191 - - [17/Aug/2026:10:39:17 +0800] "GET /wp-includes/js/imagesloaded.min.js HTTP/1.1" 200 2683 "https://www.ilc.edu.tw/" "Mozilla/5.0 (Windows NT 10.0; Win64; x64) AppleWebKit/537.36 (KHTML, like Gecko) Chrome/151.0.0.0 Safari/537.36"
163.17.132.191 - - [17/Aug/2026:10:39:17 +0800] "GET /wp-content/themes/oceanwp/assets/js/theme.min.js HTTP/1.1" 200 5130 "https://www.ilc.edu.tw/" "Mozilla/5.0 (Windows NT 10.0; Win64; x64) AppleWebKit/537.36 (KHTML, like Gecko) Chrome/151.0.0.0 Safari/537.36"
163.17.132.191 - - [17/Aug/2026:10:39:17 +0800] "GET /wp-content/themes/oceanwp/assets/js/drop-down-mobile-menu.min.js HTTP/1.1" 200 4663 "https://www.ilc.edu.tw/" "Mozilla/5.0 (Windows NT 10.0; Win64; x64) AppleWebKit/537.36 (KHTML, like Gecko) Chrome/151.0.0.0 Safari/537.36"
163.17.132.191 - - [17/Aug/2026:10:39:17 +0800] "GET /wp-content/themes/oceanwp/assets/js/vendors/magnific-popup.min.js HTTP/1.1" 200 8270 "https://www.ilc.edu.tw/" "Mozilla/5.0 (Windows NT 10.0; Win64; x64) AppleWebKit/537.36 (KHTML, like Gecko) Chrome/151.0.0.0 Safari/537.36"
163.17.132.191 - - [17/Aug/2026:10:39:17 +0800] "GET /wp-content/themes/oceanwp/assets/js/ow-lightbox.min.js HTTP/1.1" 200 2321 "https://www.ilc.edu.tw/" "Mozilla/5.0 (Windows NT 10.0; Win64; x64) AppleWebKit/537.36 (KHTML, like Gecko) Chrome/151.0.0.0 Safari/537.36"
163.17.132.191 - - [17/Aug/2026:10:39:17 +0800] "GET /wp-content/themes/oceanwp/assets/js/vendors/flickity.pkgd.min.js HTTP/1.1" 200 15048 "https://www.ilc.edu.tw/" "Mozilla/5.0 (Windows NT 10.0; Win64; x64) AppleWebKit/537.36 (KHTML, like Gecko) Chrome/151.0.0.0 Safari/537.36"
163.17.132.191 - - [17/Aug/2026:10:39:17 +0800] "GET /wp-content/themes/oceanwp/assets/js/ow-slider.min.js HTTP/1.1" 200 1761 "https://www.ilc.edu.tw/" "Mozilla/5.0 (Windows NT 10.0; Win64; x64) AppleWebKit/537.36 (KHTML, like Gecko) Chrome/151.0.0.0 Safari/537.36"
163.17.132.191 - - [17/Aug/2026:10:39:17 +0800] "GET /wp-content/themes/oceanwp/assets/js/scroll-effect.min.js HTTP/1.1" 200 4127 "https://www.ilc.edu.tw/" "Mozilla/5.0 (Windows NT 10.0; Win64; x64) AppleWebKit/537.36 (KHTML, like Gecko) Chrome/151.0.0.0 Safari/537.36"
163.17.132.191 - - [17/Aug/2026:10:39:17 +0800] "GET /wp-content/themes/oceanwp/assets/js/scroll-top.min.js HTTP/1.1" 200 3202 "https://www.ilc.edu.tw/" "Mozilla/5.0 (Windows NT 10.0; Win64; x64) AppleWebKit/537.36 (KHTML, like Gecko) Chrome/151.0.0.0 Safari/537.36"
163.17.132.191 - - [17/Aug/2026:10:39:17 +0800] "GET /wp-content/themes/oceanwp/assets/js/select.min.js HTTP/1.1" 200 2408 "https://www.ilc.edu.tw/" "Mozilla/5.0 (Windows NT 10.0; Win64; x64) AppleWebKit/537.36 (KHTML, like Gecko) Chrome/151.0.0.0 Safari/537.36"
163.17.132.191 - - [17/Aug/2026:10:39:17 +0800] "GET /wp-content/plugins/elementor-pro/assets/js/webpack-pro.runtime.min.js HTTP/1.1" 200 3562 "https://www.ilc.edu.tw/" "Mozilla/5.0 (Windows NT 10.0; Win64; x64) AppleWebKit/537.36 (KHTML, like Gecko) Chrome/151.0.0.0 Safari/537.36"
163.17.132.191 - - [17/Aug/2026:10:39:17 +0800] "GET /wp-content/plugins/elementor/assets/js/webpack.runtime.min.js HTTP/1.1" 200 3095 "https://www.ilc.edu.tw/" "Mozilla/5.0 (Windows NT 10.0; Win64; x64) AppleWebKit/537.36 (KHTML, like Gecko) Chrome/151.0.0.0 Safari/537.36"
163.17.132.191 - - [17/Aug/2026:10:39:17 +0800] "GET /wp-content/plugins/elementor/assets/js/frontend-modules.min.js HTTP/1.1" 200 19416 "https://www.ilc.edu.tw/" "Mozilla/5.0 (Windows NT 10.0; Win64; x64) AppleWebKit/537.36 (KHTML, like Gecko) Chrome/151.0.0.0 Safari/537.36"
163.17.132.191 - - [17/Aug/2026:10:39:17 +0800] "GET /wp-includes/js/dist/hooks.min.js HTTP/1.1" 200 2421 "https://www.ilc.edu.tw/" "Mozilla/5.0 (Windows NT 10.0; Win64; x64) AppleWebKit/537.36 (KHTML, like Gecko) Chrome/151.0.0.0 Safari/537.36"
163.17.132.191 - - [17/Aug/2026:10:39:17 +0800] "GET /wp-includes/js/dist/i18n.min.js HTTP/1.1" 200 4547 "https://www.ilc.edu.tw/" "Mozilla/5.0 (Windows NT 10.0; Win64; x64) AppleWebKit/537.36 (KHTML, like Gecko) Chrome/151.0.0.0 Safari/537.36"
163.17.132.191 - - [17/Aug/2026:10:39:17 +0800] "GET /wp-content/plugins/elementor-pro/assets/js/frontend.min.js HTTP/1.1" 200 7574 "https://www.ilc.edu.tw/" "Mozilla/5.0 (Windows NT 10.0; Win64; x64) AppleWebKit/537.36 (KHTML, like Gecko) Chrome/151.0.0.0 Safari/537.36"
163.17.132.191 - - [17/Aug/2026:10:39:17 +0800] "GET /wp-content/plugins/elementor/assets/lib/waypoints/waypoints.min.js HTTP/1.1" 200 3873 "https://www.ilc.edu.tw/" "Mozilla/5.0 (Windows NT 10.0; Win64; x64) AppleWebKit/537.36 (KHTML, like Gecko) Chrome/151.0.0.0 Safari/537.36"
163.17.132.191 - - [17/Aug/2026:10:39:17 +0800] "GET /wp-includes/js/jquery/ui/core.min.js HTTP/1.1" 200 7986 "https://www.ilc.edu.tw/" "Mozilla/5.0 (Windows NT 10.0; Win64; x64) AppleWebKit/537.36 (KHTML, like Gecko) Chrome/151.0.0.0 Safari/537.36"
163.17.132.191 - - [17/Aug/2026:10:39:17 +0800] "GET /wp-content/plugins/elementor/assets/js/frontend.min.js HTTP/1.1" 200 13169 "https://www.ilc.edu.tw/" "Mozilla/5.0 (Windows NT 10.0; Win64; x64) AppleWebKit/537.36 (KHTML, like Gecko) Chrome/151.0.0.0 Safari/537.36"
163.17.132.191 - - [17/Aug/2026:10:39:17 +0800] "GET /wp-content/plugins/elementor-pro/assets/js/elements-handlers.min.js HTTP/1.1" 200 10882 "https://www.ilc.edu.tw/" "Mozilla/5.0 (Windows NT 10.0; Win64; x64) AppleWebKit/537.36 (KHTML, like Gecko) Chrome/151.0.0.0 Safari/537.36"
163.17.132.191 - - [17/Aug/2026:10:39:17 +0800] "GET /wp-content/uploads/sites/3846/2023/05/%E5%AE%9C%E8%98%AD%E7%B8%A3%E6%94%BF%E5%BA%9C%E6%95%99%E8%82%B2%E8%99%95logo.png HTTP/1.1" 200 16335 "https://www.ilc.edu.tw/" "Mozilla/5.0 (Windows NT 10.0; Win64; x64) AppleWebKit/537.36 (KHTML, like Gecko) Chrome/151.0.0.0 Safari/537.36"
163.17.132.191 - - [17/Aug/2026:10:39:17 +0800] "GET /wp-content/uploads/sites/3846/2023/05/%E9%A6%96%E9%A0%81%E5%B0%8F%E6%A8%99_%E6%9C%80%E6%96%B0%E6%B6%88%E6%81%AF.png HTTP/1.1" 200 2537 "https://www.ilc.edu.tw/" "Mozilla/5.0 (Windows NT 10.0; Win64; x64) AppleWebKit/537.36 (KHTML, like Gecko) Chrome/151.0.0.0 Safari/537.36"
163.17.132.191 - - [17/Aug/2026:10:39:17 +0800] "GET /wp-content/uploads/sites/3846/2023/05/%E5%85%AC%E5%91%8A%E6%90%9C%E5%B0%8B.png HTTP/1.1" 200 3549 "https://www.ilc.edu.tw/" "Mozilla/5.0 (Windows NT 10.0; Win64; x64) AppleWebKit/537.36 (KHTML, like Gecko) Chrome/151.0.0.0 Safari/537.36"
163.17.132.191 - - [17/Aug/2026:10:39:17 +0800] "GET /wp-content/uploads/sites/3846/2023/07/%E6%95%99%E8%82%B2%E8%99%95%E5%85%AB%E5%A4%A7%E6%96%B9%E9%87%9D.png HTTP/1.1" 200 195536 "https://www.ilc.edu.tw/" "Mozilla/5.0 (Windows NT 10.0; Win64; x64) AppleWebKit/537.36 (KHTML, like Gecko) Chrome/151.0.0.0 Safari/537.36"
163.17.132.191 - - [17/Aug/2026:10:39:17 +0800] "GET /wp-content/uploads/sites/3846/2026/08/%E8%BE%B2%E6%A5%AD%E9%83%A8%E5%BB%A3%E5%91%8A.jpg HTTP/1.1" 200 236123 "https://www.ilc.edu.tw/" "Mozilla/5.0 (Windows NT 10.0; Win64; x64) AppleWebKit/537.36 (KHTML, like Gecko) Chrome/151.0.0.0 Safari/537.36"
163.17.132.191 - - [17/Aug/2026:10:39:17 +0800] "GET /wp-content/uploads/sites/3846/2026/05/%E8%9E%A2%E5%B9%95%E6%93%B7%E5%8F%96%E7%95%AB%E9%9D%A2-2026-05-07-100749.png HTTP/1.1" 200 1349878 "https://www.ilc.edu.tw/" "Mozilla/5.0 (Windows NT 10.0; Win64; x64) AppleWebKit/537.36 (KHTML, like Gecko) Chrome/151.0.0.0 Safari/537.36"
163.17.132.191 - - [17/Aug/2026:10:39:17 +0800] "GET /wp-content/uploads/sites/3846/2026/02/%E9%81%BF%E5%85%8D%E8%AA%A4%E5%85%A5%E8%A9%90%E9%A8%99%E7%B6%B2%E7%AB%99APP%E5%B0%8F%E5%B8%B8%E8%AD%98.jpg HTTP/1.1" 200 455172 "https://www.ilc.edu.tw/" "Mozilla/5.0 (Windows NT 10.0; Win64; x64) AppleWebKit/537.36 (KHTML, like Gecko) Chrome/151.0.0.0 Safari/537.36"
163.17.132.191 - - [17/Aug/2026:10:39:17 +0800] "GET /wp-content/uploads/sites/3846/2026/06/2026%E5%AE%9C%E8%98%AD%E7%98%8B%E5%AD%B8%E7%BF%92-%E6%9A%91%E5%81%87_%E6%95%99%E8%82%B2%E8%99%95%E9%A6%96%E9%A0%81-1440-x-1080-%E5%83%8F%E7%B4%A0.png HTTP/1.1" 200 2045932 "https://www.ilc.edu.tw/" "Mozilla/5.0 (Windows NT 10.0; Win64; x64) AppleWebKit/537.36 (KHTML, like Gecko) Chrome/151.0.0.0 Safari/537.36"
163.17.132.191 - - [17/Aug/2026:10:39:17 +0800] "GET /wp-content/uploads/sites/3846/2025/11/%E8%9E%A2%E5%B9%95%E6%93%B7%E5%8F%96%E7%95%AB%E9%9D%A2-2025-11-27-141357.png HTTP/1.1" 200 216157 "https://www.ilc.edu.tw/" "Mozilla/5.0 (Windows NT 10.0; Win64; x64) AppleWebKit/537.36 (KHTML, like Gecko) Chrome/151.0.0.0 Safari/537.36"
163.17.132.191 - - [17/Aug/2026:10:39:17 +0800] "GET /wp-content/uploads/sites/3846/2026/06/%E5%AE%A3%E5%82%B3%E5%9C%96%E7%89%87.png HTTP/1.1" 200 1048321 "https://www.ilc.edu.tw/" "Mozilla/5.0 (Windows NT 10.0; Win64; x64) AppleWebKit/537.36 (KHTML, like Gecko) Chrome/151.0.0.0 Safari/537.36"
163.17.132.191 - - [17/Aug/2026:10:39:17 +0800] "GET /wp-content/uploads/sites/3846/2026/02/%E8%9E%A2%E5%B9%95%E6%93%B7%E5%8F%96%E7%95%AB%E9%9D%A2-2026-02-24-081359.png HTTP/1.1" 200 1572728 "https://www.ilc.edu.tw/" "Mozilla/5.0 (Windows NT 10.0; Win64; x64) AppleWebKit/537.36 (KHTML, like Gecko) Chrome/151.0.0.0 Safari/537.36"
163.17.132.191 - - [17/Aug/2026:10:39:17 +0800] "GET /wp-content/uploads/sites/3846/2025/11/%E8%9E%A2%E5%B9%95%E6%93%B7%E5%8F%96%E7%95%AB%E9%9D%A2-2025-11-10-141501.png HTTP/1.1" 200 2445011 "https://www.ilc.edu.tw/" "Mozilla/5.0 (Windows NT 10.0; Win64; x64) AppleWebKit/537.36 (KHTML, like Gecko) Chrome/151.0.0.0 Safari/537.36"
163.17.132.191 - - [17/Aug/2026:10:39:17 +0800] "GET /wp-content/themes/oceanwp/assets/fonts/fontawesome/webfonts/fa-solid-900.woff2 HTTP/1.1" 200 151246 "https://www.ilc.edu.tw/wp-content/cache/www.ilc.edu.tw/wpfc-minified/fdlul8k0/8141l.css" "Mozilla/5.0 (Windows NT 10.0; Win64; x64) AppleWebKit/537.36 (KHTML, like Gecko) Chrome/151.0.0.0 Safari/537.36"
163.17.132.191 - - [17/Aug/2026:10:39:17 +0800] "GET /wp-content/plugins/elementor/assets/lib/eicons/fonts/eicons.woff2?5.30.0 HTTP/1.1" 200 98225 "https://www.ilc.edu.tw/wp-content/cache/www.ilc.edu.tw/wpfc-minified/fdlul8k0/8141l.css" "Mozilla/5.0 (Windows NT 10.0; Win64; x64) AppleWebKit/537.36 (KHTML, like Gecko) Chrome/151.0.0.0 Safari/537.36"
163.17.132.191 - - [17/Aug/2026:10:39:17 +0800] "GET /wp-content/uploads/sites/3846/2023/05/%E9%A6%96%E9%A0%81%E5%B0%8F%E6%A8%99_%E5%BD%B1%E9%9F%B3.png HTTP/1.1" 200 2462 "https://www.ilc.edu.tw/" "Mozilla/5.0 (Windows NT 10.0; Win64; x64) AppleWebKit/537.36 (KHTML, like Gecko) Chrome/151.0.0.0 Safari/537.36"
163.17.132.191 - - [17/Aug/2026:10:39:17 +0800] "GET /wp-content/uploads/sites/3846/2025/04/%E7%AB%A5%E5%BF%83%E7%AB%A5%E9%81%8A-%E6%AD%A1%E6%A8%82%E8%98%AD%E9%99%BD-%E5%85%92%E7%AB%A5%E7%AF%80%E5%BF%AB%E6%A8%82.jpg HTTP/1.1" 200 126952 "https://www.ilc.edu.tw/" "Mozilla/5.0 (Windows NT 10.0; Win64; x64) AppleWebKit/537.36 (KHTML, like Gecko) Chrome/151.0.0.0 Safari/537.36"
163.17.132.191 - - [17/Aug/2026:10:39:17 +0800] "GET /wp-content/uploads/sites/3846/2024/09/%E6%95%99%E5%B8%AB%E7%AF%80%E5%BD%B1%E7%89%87.jpg HTTP/1.1" 200 72504 "https://www.ilc.edu.tw/" "Mozilla/5.0 (Windows NT 10.0; Win64; x64) AppleWebKit/537.36 (KHTML, like Gecko) Chrome/151.0.0.0 Safari/537.36"
163.17.132.191 - - [17/Aug/2026:10:39:17 +0800] "GET /wp-content/uploads/sites/3846/2023/10/C1.png HTTP/1.1" 200 342209 "https://www.ilc.edu.tw/" "Mozilla/5.0 (Windows NT 10.0; Win64; x64) AppleWebKit/537.36 (KHTML, like Gecko) Chrome/151.0.0.0 Safari/537.36"
163.17.132.191 - - [17/Aug/2026:10:39:17 +0800] "GET /wp-content/uploads/sites/3846/2023/10/C2.png HTTP/1.1" 200 259646 "https://www.ilc.edu.tw/" "Mozilla/5.0 (Windows NT 10.0; Win64; x64) AppleWebKit/537.36 (KHTML, like Gecko) Chrome/151.0.0.0 Safari/537.36"
163.17.132.191 - - [17/Aug/2026:10:39:18 +0800] "GET /wp-content/uploads/sites/3846/2023/10/C3.png HTTP/1.1" 200 192155 "https://www.ilc.edu.tw/" "Mozilla/5.0 (Windows NT 10.0; Win64; x64) AppleWebKit/537.36 (KHTML, like Gecko) Chrome/151.0.0.0 Safari/537.36"
163.17.132.191 - - [17/Aug/2026:10:39:18 +0800] "GET /wp-content/uploads/sites/3846/2023/10/C4.png HTTP/1.1" 200 139328 "https://www.ilc.edu.tw/" "Mozilla/5.0 (Windows NT 10.0; Win64; x64) AppleWebKit/537.36 (KHTML, like Gecko) Chrome/151.0.0.0 Safari/537.36"
163.17.132.191 - - [17/Aug/2026:10:39:18 +0800] "GET /wp-content/uploads/sites/3846/2023/10/C5.png HTTP/1.1" 200 267535 "https://www.ilc.edu.tw/" "Mozilla/5.0 (Windows NT 10.0; Win64; x64) AppleWebKit/537.36 (KHTML, like Gecko) Chrome/151.0.0.0 Safari/537.36"
163.17.132.191 - - [17/Aug/2026:10:39:18 +0800] "GET /wp-content/uploads/sites/3846/2023/05/%E8%B7%A8%E9%96%B1%E5%88%9D%E8%A1%B7YT.jpg HTTP/1.1" 200 579849 "https://www.ilc.edu.tw/" "Mozilla/5.0 (Windows NT 10.0; Win64; x64) AppleWebKit/537.36 (KHTML, like Gecko) Chrome/151.0.0.0 Safari/537.36"
163.17.132.191 - - [17/Aug/2026:10:39:18 +0800] "GET /wp-content/uploads/sites/3846/2023/05/%E5%8E%9F%E6%B0%91%E6%95%99%E8%82%B2%E5%9C%A8%E5%AE%9C%E8%98%ADYT.jpg HTTP/1.1" 200 607016 "https://www.ilc.edu.tw/" "Mozilla/5.0 (Windows NT 10.0; Win64; x64) AppleWebKit/537.36 (KHTML, like Gecko) Chrome/151.0.0.0 Safari/537.36"
163.17.132.191 - - [17/Aug/2026:10:39:18 +0800] "GET /wp-content/uploads/sites/3846/2023/05/%E5%B9%BC%E8%A6%8B%E5%B9%B8%E7%A6%8FYT.jpg HTTP/1.1" 200 664803 "https://www.ilc.edu.tw/" "Mozilla/5.0 (Windows NT 10.0; Win64; x64) AppleWebKit/537.36 (KHTML, like Gecko) Chrome/151.0.0.0 Safari/537.36"
163.17.132.191 - - [17/Aug/2026:10:39:17 +0800] "GET /wp-content/uploads/sites/3846/2025/11/%E8%9E%A2%E5%B9%95%E6%93%B7%E5%8F%96%E7%95%AB%E9%9D%A2-2025-11-13-131522.png HTTP/1.1" 200 3761926 "https://www.ilc.edu.tw/" "Mozilla/5.0 (Windows NT 10.0; Win64; x64) AppleWebKit/537.36 (KHTML, like Gecko) Chrome/151.0.0.0 Safari/537.36"
163.17.132.191 - - [17/Aug/2026:10:39:18 +0800] "GET /wp-content/uploads/sites/3846/2023/05/%E6%84%9BEnglishYT.jpg HTTP/1.1" 200 245320 "https://www.ilc.edu.tw/" "Mozilla/5.0 (Windows NT 10.0; Win64; x64) AppleWebKit/537.36 (KHTML, like Gecko) Chrome/151.0.0.0 Safari/537.36"
163.17.132.191 - - [17/Aug/2026:10:39:18 +0800] "GET /wp-content/uploads/sites/3846/2023/05/%E5%A6%82%E6%9E%9C%E9%9B%A8%E7%9F%A5%E9%81%93YT.jpg HTTP/1.1" 200 529331 "https://www.ilc.edu.tw/" "Mozilla/5.0 (Windows NT 10.0; Win64; x64) AppleWebKit/537.36 (KHTML, like Gecko) Chrome/151.0.0.0 Safari/537.36"
163.17.132.191 - - [17/Aug/2026:10:39:18 +0800] "GET /wp-content/uploads/sites/3846/2023/05/%E6%B0%B4%E5%9F%9F%E5%AE%89%E5%85%A8%E5%AE%A3%E5%B0%8EYT.jpg HTTP/1.1" 200 809930 "https://www.ilc.edu.tw/" "Mozilla/5.0 (Windows NT 10.0; Win64; x64) AppleWebKit/537.36 (KHTML, like Gecko) Chrome/151.0.0.0 Safari/537.36"
163.17.132.191 - - [17/Aug/2026:10:39:18 +0800] "GET /wp-content/uploads/sites/3846/2025/09/YT%E5%B0%81%E9%9D%A2-1.jpg HTTP/1.1" 200 173035 "https://www.ilc.edu.tw/" "Mozilla/5.0 (Windows NT 10.0; Win64; x64) AppleWebKit/537.36 (KHTML, like Gecko) Chrome/151.0.0.0 Safari/537.36"
163.17.132.191 - - [17/Aug/2026:10:39:17 +0800] "GET /wp-content/uploads/sites/3846/2024/08/%E8%9E%A2%E5%B9%95%E6%93%B7%E5%8F%96%E7%95%AB%E9%9D%A2-2024-08-07-151319.png HTTP/1.1" 200 2714068 "https://www.ilc.edu.tw/" "Mozilla/5.0 (Windows NT 10.0; Win64; x64) AppleWebKit/537.36 (KHTML, like Gecko) Chrome/151.0.0.0 Safari/537.36"
163.17.132.191 - - [17/Aug/2026:10:39:18 +0800] "GET /wp-content/uploads/sites/3846/2024/05/%E8%9E%A2%E5%B9%95%E6%93%B7%E5%8F%96%E7%95%AB%E9%9D%A2-2024-05-16-103456.png HTTP/1.1" 200 2702922 "https://www.ilc.edu.tw/" "Mozilla/5.0 (Windows NT 10.0; Win64; x64) AppleWebKit/537.36 (KHTML, like Gecko) Chrome/151.0.0.0 Safari/537.36"
49.158.154.134 - - [17/Aug/2026:10:39:18 +0800] "GET /wp-content/uploads/sites/3846/2023/07/%E6%95%99%E8%82%B2%E8%99%95%E5%85%AB%E5%A4%A7%E6%96%B9%E9%87%9D.png HTTP/1.1" 200 200327 "https://it.ilc.edu.tw/" "Mozilla/5.0 (Windows NT 10.0; Win64; x64) AppleWebKit/537.36 (KHTML, like Gecko) Chrome/151.0.0.0 Safari/537.36"
49.158.154.134 - - [17/Aug/2026:10:39:19 +0800] "GET /wp-content/uploads/sites/3846/2026/02/%E9%81%BF%E5%85%8D%E8%AA%A4%E5%85%A5%E8%A9%90%E9%A8%99%E7%B6%B2%E7%AB%99APP%E5%B0%8F%E5%B8%B8%E8%AD%98.jpg HTTP/1.1" 200 454833 "https://it.ilc.edu.tw/" "Mozilla/5.0 (Windows NT 10.0; Win64; x64) AppleWebKit/537.36 (KHTML, like Gecko) Chrome/151.0.0.0 Safari/537.36"
140.111.67.10 - - [17/Aug/2026:10:39:20 +0800] "GET /" 301 273 "-" "-"
211.22.184.58 - - [17/Aug/2026:10:39:20 +0800] "GET /1003/feed/ HTTP/1.1" 200 8778 "-" "Mozilla/5.0 (Windows NT 6.1) AppleWebKit/538.1 (KHTML, like Gecko) QuiteRSS/0.18.12 Safari/538.1"
2001:288:a237:1:5885:e82:c672:5773 - - [17/Aug/2026:10:39:20 +0800] "-" 408 4800 "-" "-"
2001:288:a201::66:125 - - [17/Aug/2026:10:39:20 +0800] "GET /blog/active.php HTTP/1.1" 301 1026 "-" "-"
2001:288:a201::66:125 - - [17/Aug/2026:10:39:20 +0800] "GET /blog/active.php HTTP/1.1" 404 1084 "-" "-"
49.158.154.134 - - [17/Aug/2026:10:39:20 +0800] "GET /wp-content/uploads/sites/3846/2026/08/%E8%BE%B2%E6%A5%AD%E9%83%A8%E5%BB%A3%E5%91%8A.jpg HTTP/1.1" 200 236462 "https://it.ilc.edu.tw/" "Mozilla/5.0 (Windows NT 10.0; Win64; x64) AppleWebKit/537.36 (KHTML, like Gecko) Chrome/151.0.0.0 Safari/537.36"
163.17.132.191 - - [17/Aug/2026:10:39:20 +0800] "GET /wp-content/plugins/elementor-pro/assets/js/media-carousel.aca2224ef13e6f999011.bundle.min.js HTTP/1.1" 200 2948 "https://www.ilc.edu.tw/" "Mozilla/5.0 (Windows NT 10.0; Win64; x64) AppleWebKit/537.36 (KHTML, like Gecko) Chrome/151.0.0.0 Safari/537.36"
163.17.132.191 - - [17/Aug/2026:10:39:20 +0800] "GET /wp-content/uploads/sites/3846/2023/05/%E6%95%B8%E4%BD%8D%E5%AD%B8%E7%BF%92%E6%94%AF%E6%8C%81%E5%B9%B3%E5%8F%B0-Banner.png HTTP/1.1" 200 16589 "https://www.ilc.edu.tw/" "Mozilla/5.0 (Windows NT 10.0; Win64; x64) AppleWebKit/537.36 (KHTML, like Gecko) Chrome/151.0.0.0 Safari/537.36"
163.17.132.191 - - [17/Aug/2026:10:39:20 +0800] "GET /wp-content/uploads/sites/3846/2024/01/%E7%A7%91%E6%8A%80%E9%A0%98%E5%9F%9F%E6%87%89%E7%94%A8%E7%AB%B6%E8%B3%BD.png HTTP/1.1" 200 20326 "https://www.ilc.edu.tw/" "Mozilla/5.0 (Windows NT 10.0; Win64; x64) AppleWebKit/537.36 (KHTML, like Gecko) Chrome/151.0.0.0 Safari/537.36"
163.17.132.191 - - [17/Aug/2026:10:39:20 +0800] "GET /wp-content/uploads/sites/3846/2023/05/%E9%A6%96%E9%A0%81%E5%B0%8F%E6%A8%99_%E6%B4%BB%E5%8B%95%E5%B0%88%E5%8D%80.png HTTP/1.1" 200 2545 "https://www.ilc.edu.tw/" "Mozilla/5.0 (Windows NT 10.0; Win64; x64) AppleWebKit/537.36 (KHTML, like Gecko) Chrome/151.0.0.0 Safari/537.36"
163.17.132.191 - - [17/Aug/2026:10:39:20 +0800] "GET /wp-content/uploads/sites/3846/2023/05/%E6%94%BF%E7%AD%96%E6%A5%AD%E5%8B%99%E5%AE%A3%E5%B0%8E-banner.png HTTP/1.1" 200 19385 "https://www.ilc.edu.tw/" "Mozilla/5.0 (Windows NT 10.0; Win64; x64) AppleWebKit/537.36 (KHTML, like Gecko) Chrome/151.0.0.0 Safari/537.36"
163.17.132.191 - - [17/Aug/2026:10:39:20 +0800] "GET /wp-content/uploads/sites/3846/2024/04/%E5%AD%B8%E6%A0%A1%E7%94%A8%E5%9C%B0.png HTTP/1.1" 200 19801 "https://www.ilc.edu.tw/" "Mozilla/5.0 (Windows NT 10.0; Win64; x64) AppleWebKit/537.36 (KHTML, like Gecko) Chrome/151.0.0.0 Safari/537.36"
163.17.132.191 - - [17/Aug/2026:10:39:20 +0800] "GET /wp-content/uploads/sites/3846/2025/05/%E8%BC%AA%E6%92%AD%E5%9C%96%E8%AA%BF%E5%A4%A7%E5%B0%8F_%E6%95%99%E8%82%B2%E8%99%95%E5%B0%8Fbanner.png HTTP/1.1" 200 6660 "https://www.ilc.edu.tw/" "Mozilla/5.0 (Windows NT 10.0; Win64; x64) AppleWebKit/537.36 (KHTML, like Gecko) Chrome/151.0.0.0 Safari/537.36"
163.17.132.191 - - [17/Aug/2026:10:39:20 +0800] "GET /wp-content/uploads/sites/3846/2025/05/%E8%AA%9E%E6%96%87%E7%AB%B6%E8%B3%BD180X50.png HTTP/1.1" 200 10112 "https://www.ilc.edu.tw/" "Mozilla/5.0 (Windows NT 10.0; Win64; x64) AppleWebKit/537.36 (KHTML, like Gecko) Chrome/151.0.0.0 Safari/537.36"
163.17.132.191 - - [17/Aug/2026:10:39:20 +0800] "GET /wp-content/uploads/sites/3846/2023/05/%E8%88%9E%E8%B9%88%E6%AF%94%E8%B3%BD-banner.jpg HTTP/1.1" 200 9565 "https://www.ilc.edu.tw/" "Mozilla/5.0 (Windows NT 10.0; Win64; x64) AppleWebKit/537.36 (KHTML, like Gecko) Chrome/151.0.0.0 Safari/537.36"
163.17.132.191 - - [17/Aug/2026:10:39:20 +0800] "GET /wp-content/uploads/sites/3846/2025/09/%E6%95%99%E8%82%B2%E8%99%95%E6%B4%BB%E5%8B%95%E5%B0%88%E5%8D%80%E5%B0%8F%E5%9C%96-4-2.png HTTP/1.1" 200 21768 "https://www.ilc.edu.tw/" "Mozilla/5.0 (Windows NT 10.0; Win64; x64) AppleWebKit/537.36 (KHTML, like Gecko) Chrome/151.0.0.0 Safari/537.36"
163.17.132.191 - - [17/Aug/2026:10:39:20 +0800] "GET /wp-content/uploads/sites/3846/2025/09/%E6%95%99%E8%82%B2%E8%99%95%E6%B4%BB%E5%8B%95%E5%B0%88%E5%8D%80%E5%B0%8F%E5%9C%96-3.png HTTP/1.1" 200 12380 "https://www.ilc.edu.tw/" "Mozilla/5.0 (Windows NT 10.0; Win64; x64) AppleWebKit/537.36 (KHTML, like Gecko) Chrome/151.0.0.0 Safari/537.36"
163.17.132.191 - - [17/Aug/2026:10:39:20 +0800] "GET /wp-content/uploads/sites/3846/2025/07/%E6%95%99%E8%82%B2%E8%99%95%E9%A6%96%E9%A0%81_%E5%B0%8Fbanner_%E5%AE%9C%E8%98%AD%E7%B8%A3%E6%94%BF%E5%BA%9C%E5%9C%8B%E4%B8%AD%E5%B0%8F%E6%AD%A3%E5%B8%B8%E6%95%99%E5%AD%B8%E8%A6%96%E5%B0%8E-1.png HTTP/1.1" 200 8670 "https://www.ilc.edu.tw/" "Mozilla/5.0 (Windows NT 10.0; Win64; x64) AppleWebKit/537.36 (KHTML, like Gecko) Chrome/151.0.0.0 Safari/537.36"
163.17.132.191 - - [17/Aug/2026:10:39:20 +0800] "GET /wp-content/uploads/sites/3846/2025/09/%E6%95%99%E8%82%B2%E8%99%95%E6%B4%BB%E5%8B%95%E5%B0%88%E5%8D%80%E5%B0%8F%E5%9C%96-2-3.png HTTP/1.1" 200 9664 "https://www.ilc.edu.tw/" "Mozilla/5.0 (Windows NT 10.0; Win64; x64) AppleWebKit/537.36 (KHTML, like Gecko) Chrome/151.0.0.0 Safari/537.36"
49.158.154.134 - - [17/Aug/2026:10:39:20 +0800] "GET /wp-content/uploads/sites/3846/2026/06/%E5%AE%A3%E5%82%B3%E5%9C%96%E7%89%87.png HTTP/1.1" 200 1053112 "https://it.ilc.edu.tw/" "Mozilla/5.0 (Windows NT 10.0; Win64; x64) AppleWebKit/537.36 (KHTML, like Gecko) Chrome/151.0.0.0 Safari/537.36"
163.17.132.191 - - [17/Aug/2026:10:39:20 +0800] "GET /wp-content/plugins/elementor/assets/lib/swiper/v8/swiper.min.js?ver=8.4.5 HTTP/1.1" 200 40708 "https://www.ilc.edu.tw/" "Mozilla/5.0 (Windows NT 10.0; Win64; x64) AppleWebKit/537.36 (KHTML, like Gecko) Chrome/151.0.0.0 Safari/537.36"
49.158.154.134 - - [17/Aug/2026:10:39:20 +0800] "GET /wp-content/uploads/sites/3846/2026/02/%E9%81%BF%E5%85%8D%E8%AA%A4%E5%85%A5%E8%A9%90%E9%A8%99%E7%B6%B2%E7%AB%99APP%E5%B0%8F%E5%B8%B8%E8%AD%98.jpg HTTP/1.1" 200 455172 "https://it.ilc.edu.tw/" "Mozilla/5.0 (Windows NT 10.0; Win64; x64) AppleWebKit/537.36 (KHTML, like Gecko) Chrome/151.0.0.0 Safari/537.36"
163.17.132.191 - - [17/Aug/2026:10:39:21 +0800] "GET /wp-content/uploads/sites/3846/2023/05/cropped-%E6%95%99%E8%82%B2%E8%99%95logo-32x32.jpg HTTP/1.1" 200 1571 "https://www.ilc.edu.tw/" "Mozilla/5.0 (Windows NT 10.0; Win64; x64) AppleWebKit/537.36 (KHTML, like Gecko) Chrome/151.0.0.0 Safari/537.36"
49.158.154.134 - - [17/Aug/2026:10:39:20 +0800] "GET /wp-content/uploads/sites/3846/2026/06/2026%E5%AE%9C%E8%98%AD%E7%98%8B%E5%AD%B8%E7%BF%92-%E6%9A%91%E5%81%87_%E6%95%99%E8%82%B2%E8%99%95%E9%A6%96%E9%A0%81-1440-x-1080-%E5%83%8F%E7%B4%A0.png HTTP/1.1" 200 2046271 "https://it.ilc.edu.tw/" "Mozilla/5.0 (Windows NT 10.0; Win64; x64) AppleWebKit/537.36 (KHTML, like Gecko) Chrome/151.0.0.0 Safari/537.36"
140.111.67.10 - - [17/Aug/2026:10:39:25 +0800] "GET /" 301 273 "-" "-"
2001:288:a257:1:2d92:d1e4:8406:81eb - - [17/Aug/2026:10:39:25 +0800] "-" 408 4802 "-" "-"
2001:288:a201::66:125 - - [17/Aug/2026:10:39:25 +0800] "GET /blog/active.php HTTP/1.1" 404 1084 "-" "-"
2001:288:a201::66:125 - - [17/Aug/2026:10:39:25 +0800] "GET /blog/active.php HTTP/1.1" 301 1026 "-" "-"
2001:b011:7800:ffd1:510c:8191:98f2:c6c6 - - [17/Aug/2026:10:39:26 +0800] "-" 408 4801 "-" "-"
::1 - - [17/Aug/2026:10:39:26 +0800] "OPTIONS * HTTP/1.0" 200 110 "-" "Apache/2.4.68 (Ubuntu) OpenSSL/3.0.19 (internal dummy connection)"
2001:288:a26a:1:6923:8bf3:4374:c578 - - [17/Aug/2026:10:39:26 +0800] "POST /hsics/wp-admin/admin-ajax.php HTTP/1.1" 200 1459 "https://2blog.ilc.edu.tw/hsics/wp-admin/edit.php" "Mozilla/5.0 (Windows NT 10.0; Win64; x64) AppleWebKit/537.36 (KHTML, like Gecko) Chrome/151.0.0.0 Safari/537.36"
::1 - - [17/Aug/2026:10:39:27 +0800] "OPTIONS * HTTP/1.0" 200 110 "-" "Apache/2.4.68 (Ubuntu) OpenSSL/3.0.19 (internal dummy connection)"
2001:4860:7:810::e1 - - [17/Aug/2026:10:39:27 +0800] "GET /3860/category/c-16105/c-12405/ HTTP/1.1" 200 21486 "https://www.google.com/" "Mozilla/5.0 (Windows NT 10.0; Win64; x64) AppleWebKit/537.36 (KHTML, like Gecko) Chrome/151.0.0.0 Safari/537.36"
210.69.149.252 - - [17/Aug/2026:10:39:27 +0800] "GET /wp-content/uploads/sites/1252/2024/09/HY-Read-%E9%9B%BB%E5%AD%90%E6%9B%B8.jpg HTTP/1.1" 200 168597 "https://www.dsjh.ilc.edu.tw/" "Mozilla/5.0 (Windows NT 10.0; Win64; x64) AppleWebKit/537.36 (KHTML, like Gecko) Chrome/151.0.0.0 Safari/537.36"
210.69.149.252 - - [17/Aug/2026:10:39:27 +0800] "GET /wp-content/uploads/sites/1252/2024/09/%E6%80%A7%E5%88%A5%E5%B9%B3%E7%AD%89%E5%B0%88%E5%8D%80-1-1.jpg HTTP/1.1" 200 166333 "https://www.dsjh.ilc.edu.tw/" "Mozilla/5.0 (Windows NT 10.0; Win64; x64) AppleWebKit/537.36 (KHTML, like Gecko) Chrome/151.0.0.0 Safari/537.36"
210.69.149.252 - - [17/Aug/2026:10:39:27 +0800] "GET /wp-content/uploads/sites/1252/2025/11/messageImage_1762764249460.jpg HTTP/1.1" 200 156134 "https://www.dsjh.ilc.edu.tw/" "Mozilla/5.0 (Windows NT 10.0; Win64; x64) AppleWebKit/537.36 (KHTML, like Gecko) Chrome/151.0.0.0 Safari/537.36"
