210.69.149.252 - - [17/Aug/2026:10:30:32 +0800] "GET /wp-content/cache/www.ytps.ilc.edu.tw/wpfc-minified/4dpznqp/6x60.js HTTP/1.1" 200 7160 "https://www.ytps.ilc.edu.tw/%E4%BA%BA%E5%93%A1%E7%B5%84%E7%B9%94/%E8%82%B2%E6%89%8D%E6%88%90%E5%93%A1/" "Mozilla/5.0 (Windows NT 10.0; Win64; x64) AppleWebKit/537.36 (KHTML, like Gecko) Chrome/151.0.0.0 Safari/537.36"
210.69.149.252 - - [17/Aug/2026:10:30:32 +0800] "GET /wp-content/cache/www.ytps.ilc.edu.tw/wpfc-minified/7bm0nsos/6x60.js HTTP/1.1" 200 40357 "https://www.ytps.ilc.edu.tw/%E4%BA%BA%E5%93%A1%E7%B5%84%E7%B9%94/%E8%82%B2%E6%89%8D%E6%88%90%E5%93%A1/" "Mozilla/5.0 (Windows NT 10.0; Win64; x64) AppleWebKit/537.36 (KHTML, like Gecko) Chrome/151.0.0.0 Safari/537.36"
210.69.149.252 - - [17/Aug/2026:10:30:32 +0800] "GET /wp-content/themes/hueman/assets/front/webfonts/fa-brands-400.woff2?v=5.15.2 HTTP/1.1" 200 79499 "https://www.ytps.ilc.edu.tw/%E4%BA%BA%E5%93%A1%E7%B5%84%E7%B9%94/%E8%82%B2%E6%89%8D%E6%88%90%E5%93%A1/" "Mozilla/5.0 (Windows NT 10.0; Win64; x64) AppleWebKit/537.36 (KHTML, like Gecko) Chrome/151.0.0.0 Safari/537.36"
210.69.149.252 - - [17/Aug/2026:10:30:32 +0800] "GET /wp-content/themes/hueman/assets/front/webfonts/fa-regular-400.woff2?v=5.15.2 HTTP/1.1" 200 14439 "https://www.ytps.ilc.edu.tw/%E4%BA%BA%E5%93%A1%E7%B5%84%E7%B9%94/%E8%82%B2%E6%89%8D%E6%88%90%E5%93%A1/" "Mozilla/5.0 (Windows NT 10.0; Win64; x64) AppleWebKit/537.36 (KHTML, like Gecko) Chrome/151.0.0.0 Safari/537.36"
210.69.149.252 - - [17/Aug/2026:10:30:32 +0800] "GET /wp-content/themes/hueman/assets/front/fonts/titillium-light-webfont.woff HTTP/1.1" 200 25606 "https://www.ytps.ilc.edu.tw/%E4%BA%BA%E5%93%A1%E7%B5%84%E7%B9%94/%E8%82%B2%E6%89%8D%E6%88%90%E5%93%A1/" "Mozilla/5.0 (Windows NT 10.0; Win64; x64) AppleWebKit/537.36 (KHTML, like Gecko) Chrome/151.0.0.0 Safari/537.36"
210.69.149.252 - - [17/Aug/2026:10:30:32 +0800] "GET /wp-content/themes/hueman/assets/front/webfonts/fa-solid-900.woff2?v=5.15.2 HTTP/1.1" 200 81301 "https://www.ytps.ilc.edu.tw/%E4%BA%BA%E5%93%A1%E7%B5%84%E7%B9%94/%E8%82%B2%E6%89%8D%E6%88%90%E5%93%A1/" "Mozilla/5.0 (Windows NT 10.0; Win64; x64) AppleWebKit/537.36 (KHTML, like Gecko) Chrome/151.0.0.0 Safari/537.36"
210.69.149.252 - - [17/Aug/2026:10:30:32 +0800] "GET /wp-content/themes/hueman/assets/front/fonts/titillium-lightitalic-webfont.woff HTTP/1.1" 200 27654 "https://www.ytps.ilc.edu.tw/%E4%BA%BA%E5%93%A1%E7%B5%84%E7%B9%94/%E8%82%B2%E6%89%8D%E6%88%90%E5%93%A1/" "Mozilla/5.0 (Windows NT 10.0; Win64; x64) AppleWebKit/537.36 (KHTML, like Gecko) Chrome/151.0.0.0 Safari/537.36"
210.69.149.252 - - [17/Aug/2026:10:30:32 +0800] "GET /wp-content/themes/hueman/assets/front/fonts/titillium-regular-webfont.woff HTTP/1.1" 200 25590 "https://www.ytps.ilc.edu.tw/%E4%BA%BA%E5%93%A1%E7%B5%84%E7%B9%94/%E8%82%B2%E6%89%8D%E6%88%90%E5%93%A1/" "Mozilla/5.0 (Windows NT 10.0; Win64; x64) AppleWebKit/537.36 (KHTML, like Gecko) Chrome/151.0.0.0 Safari/537.36"
210.69.149.252 - - [17/Aug/2026:10:30:32 +0800] "GET /wp-content/themes/hueman/assets/front/fonts/titillium-regularitalic-webfont.woff HTTP/1.1" 200 27482 "https://www.ytps.ilc.edu.tw/%E4%BA%BA%E5%93%A1%E7%B5%84%E7%B9%94/%E8%82%B2%E6%89%8D%E6%88%90%E5%93%A1/" "Mozilla/5.0 (Windows NT 10.0; Win64; x64) AppleWebKit/537.36 (KHTML, like Gecko) Chrome/151.0.0.0 Safari/537.36"
210.69.149.252 - - [17/Aug/2026:10:30:32 +0800] "GET /wp-content/themes/hueman/assets/front/fonts/titillium-semibold-webfont.woff HTTP/1.1" 200 25626 "https://www.ytps.ilc.edu.tw/%E4%BA%BA%E5%93%A1%E7%B5%84%E7%B9%94/%E8%82%B2%E6%89%8D%E6%88%90%E5%93%A1/" "Mozilla/5.0 (Windows NT 10.0; Win64; x64) AppleWebKit/537.36 (KHTML, like Gecko) Chrome/151.0.0.0 Safari/537.36"
210.69.149.252 - - [17/Aug/2026:10:30:32 +0800] "GET /wp-content/uploads/sites/1444/2026/04/messageImage_1776048925537.jpg HTTP/1.1" 200 71655 "https://www.ytps.ilc.edu.tw/%E4%BA%BA%E5%93%A1%E7%B5%84%E7%B9%94/%E8%82%B2%E6%89%8D%E6%88%90%E5%93%A1/" "Mozilla/5.0 (Windows NT 10.0; Win64; x64) AppleWebKit/537.36 (KHTML, like Gecko) Chrome/151.0.0.0 Safari/537.36"
210.69.149.252 - - [17/Aug/2026:10:30:32 +0800] "GET /wp-includes/js/hoverintent-js.min.js HTTP/1.1" 200 1597 "https://www.ytps.ilc.edu.tw/%E4%BA%BA%E5%93%A1%E7%B5%84%E7%B9%94/%E8%82%B2%E6%89%8D%E6%88%90%E5%93%A1/" "Mozilla/5.0 (Windows NT 10.0; Win64; x64) AppleWebKit/537.36 (KHTML, like Gecko) Chrome/151.0.0.0 Safari/537.36"
210.69.149.252 - - [17/Aug/2026:10:30:33 +0800] "GET /wp-includes/js/admin-bar.min.js HTTP/1.1" 200 2237 "https://www.ytps.ilc.edu.tw/%E4%BA%BA%E5%93%A1%E7%B5%84%E7%B9%94/%E8%82%B2%E6%89%8D%E6%88%90%E5%93%A1/" "Mozilla/5.0 (Windows NT 10.0; Win64; x64) AppleWebKit/537.36 (KHTML, like Gecko) Chrome/151.0.0.0 Safari/537.36"
210.69.149.252 - - [17/Aug/2026:10:30:33 +0800] "GET /wp-content/themes/hueman/assets/front/js/scripts.min.js HTTP/1.1" 200 22643 "https://www.ytps.ilc.edu.tw/%E4%BA%BA%E5%93%A1%E7%B5%84%E7%B9%94/%E8%82%B2%E6%89%8D%E6%88%90%E5%93%A1/" "Mozilla/5.0 (Windows NT 10.0; Win64; x64) AppleWebKit/537.36 (KHTML, like Gecko) Chrome/151.0.0.0 Safari/537.36"
210.69.149.252 - - [17/Aug/2026:10:30:33 +0800] "GET /wp-includes/js/underscore.min.js HTTP/1.1" 200 8191 "https://www.ytps.ilc.edu.tw/%E4%BA%BA%E5%93%A1%E7%B5%84%E7%B9%94/%E8%82%B2%E6%89%8D%E6%88%90%E5%93%A1/" "Mozilla/5.0 (Windows NT 10.0; Win64; x64) AppleWebKit/537.36 (KHTML, like Gecko) Chrome/151.0.0.0 Safari/537.36"
210.69.149.252 - - [17/Aug/2026:10:30:33 +0800] "GET /wp-content/uploads/sites/1444/2023/05/education-768x511.jpg HTTP/1.1" 200 62659 "https://www.ytps.ilc.edu.tw/%E4%BA%BA%E5%93%A1%E7%B5%84%E7%B9%94/%E8%82%B2%E6%89%8D%E6%88%90%E5%93%A1/" "Mozilla/5.0 (Windows NT 10.0; Win64; x64) AppleWebKit/537.36 (KHTML, like Gecko) Chrome/151.0.0.0 Safari/537.36"
210.69.149.252 - - [17/Aug/2026:10:30:33 +0800] "GET /wp-content/uploads/sites/1444/2022/04/S__140058629-768x511-1.jpg HTTP/1.1" 200 89469 "https://www.ytps.ilc.edu.tw/%E4%BA%BA%E5%93%A1%E7%B5%84%E7%B9%94/%E8%82%B2%E6%89%8D%E6%88%90%E5%93%A1/" "Mozilla/5.0 (Windows NT 10.0; Win64; x64) AppleWebKit/537.36 (KHTML, like Gecko) Chrome/151.0.0.0 Safari/537.36"
210.69.149.252 - - [17/Aug/2026:10:30:33 +0800] "GET /wp-content/uploads/sites/1444/2020/09/001.png HTTP/1.1" 200 46905 "https://www.ytps.ilc.edu.tw/%E4%BA%BA%E5%93%A1%E7%B5%84%E7%B9%94/%E8%82%B2%E6%89%8D%E6%88%90%E5%93%A1/" "Mozilla/5.0 (Windows NT 10.0; Win64; x64) AppleWebKit/537.36 (KHTML, like Gecko) Chrome/151.0.0.0 Safari/537.36"
210.69.149.252 - - [17/Aug/2026:10:30:33 +0800] "GET /wp-content/uploads/sites/1444/2021/04/%E4%B8%8B%E8%BC%89.jpg HTTP/1.1" 200 6291 "https://www.ytps.ilc.edu.tw/%E4%BA%BA%E5%93%A1%E7%B5%84%E7%B9%94/%E8%82%B2%E6%89%8D%E6%88%90%E5%93%A1/" "Mozilla/5.0 (Windows NT 10.0; Win64; x64) AppleWebKit/537.36 (KHTML, like Gecko) Chrome/151.0.0.0 Safari/537.36"
66.249.68.136 - - [17/Aug/2026:10:30:30 +0800] "GET /wp-login.php?action=ilc_logout&_wpnonce=43754d0aad&redirect_to=http://urashow.ru/job/42909/ HTTP/1.1" 302 8244 "-" "Mozilla/5.0 (Linux; Android 6.0.1; Nexus 5X Build/MMB29P) AppleWebKit/537.36 (KHTML, like Gecko) Chrome/150.0.7871.186 Mobile Safari/537.36 (compatible; Googlebot/2.1; +http://www.google.com/bot.html)"
210.69.149.252 - - [17/Aug/2026:10:30:34 +0800] "GET /wp-content/uploads/sites/1444/2019/12/screen_768e55bf3d1accea_1568076162000-768x435.jpg HTTP/1.1" 200 104283 "https://www.ytps.ilc.edu.tw/%E4%BA%BA%E5%93%A1%E7%B5%84%E7%B9%94/%E8%82%B2%E6%89%8D%E6%88%90%E5%93%A1/" "Mozilla/5.0 (Windows NT 10.0; Win64; x64) AppleWebKit/537.36 (KHTML, like Gecko) Chrome/151.0.0.0 Safari/537.36"
140.111.67.195 - - [17/Aug/2026:10:30:33 +0800] "GET /wp-admin/admin-post.php?action=steps_ad HTTP/1.1" 200 1973 "-" "node-fetch/1.0 (+https://github.com/bitinn/node-fetch)"
52.167.144.227 - - [17/Aug/2026:10:30:34 +0800] "GET /blog/3271 HTTP/1.1" 404 25515 "-" "Mozilla/5.0 AppleWebKit/537.36 (KHTML, like Gecko; compatible; bingbot/2.0; +http://www.bing.com/bingbot.htm) Chrome/116.0.1938.76 Safari/537.36"
140.111.67.10 - - [17/Aug/2026:10:30:35 +0800] "GET /" 301 273 "-" "-"
210.69.149.252 - - [17/Aug/2026:10:30:35 +0800] "GET /wp-content/uploads/sites/1444/2025/08/1755676697129.jpg HTTP/1.1" 200 32004 "https://www.ytps.ilc.edu.tw/%E4%BA%BA%E5%93%A1%E7%B5%84%E7%B9%94/%E8%82%B2%E6%89%8D%E6%88%90%E5%93%A1/" "Mozilla/5.0 (Windows NT 10.0; Win64; x64) AppleWebKit/537.36 (KHTML, like Gecko) Chrome/151.0.0.0 Safari/537.36"
2001:288:a201::66:125 - - [17/Aug/2026:10:30:35 +0800] "GET /blog/active.php HTTP/1.1" 301 1026 "-" "-"
2001:288:a201::66:125 - - [17/Aug/2026:10:30:35 +0800] "GET /blog/active.php HTTP/1.1" 404 1084 "-" "-"
210.69.149.252 - - [17/Aug/2026:10:30:32 +0800] "GET /wp-content/uploads/sites/1444/2025/03/%E8%9E%A2%E5%B9%95%E6%93%B7%E5%8F%96%E7%95%AB%E9%9D%A2-2025-03-13-090748.png HTTP/1.1" 200 493080 "https://www.ytps.ilc.edu.tw/%E4%BA%BA%E5%93%A1%E7%B5%84%E7%B9%94/%E8%82%B2%E6%89%8D%E6%88%90%E5%93%A1/" "Mozilla/5.0 (Windows NT 10.0; Win64; x64) AppleWebKit/537.36 (KHTML, like Gecko) Chrome/151.0.0.0 Safari/537.36"
210.69.149.252 - - [17/Aug/2026:10:30:35 +0800] "GET /wp-content/uploads/sites/1444/2023/11/ECEAD48B-344B-4985-B52A-ECEA852E875F-1536x1152.jpg HTTP/1.1" 200 370011 "https://www.ytps.ilc.edu.tw/%E4%BA%BA%E5%93%A1%E7%B5%84%E7%B9%94/%E8%82%B2%E6%89%8D%E6%88%90%E5%93%A1/" "Mozilla/5.0 (Windows NT 10.0; Win64; x64) AppleWebKit/537.36 (KHTML, like Gecko) Chrome/151.0.0.0 Safari/537.36"
210.69.149.252 - - [17/Aug/2026:10:30:32 +0800] "GET /wp-content/uploads/sites/1444/2025/03/ytps-edu-003.png HTTP/1.1" 200 1029754 "https://www.ytps.ilc.edu.tw/%E4%BA%BA%E5%93%A1%E7%B5%84%E7%B9%94/%E8%82%B2%E6%89%8D%E6%88%90%E5%93%A1/" "Mozilla/5.0 (Windows NT 10.0; Win64; x64) AppleWebKit/537.36 (KHTML, like Gecko) Chrome/151.0.0.0 Safari/537.36"
2001:288:a273:1:502f:b8ee:59fb:6452 - - [17/Aug/2026:10:30:38 +0800] "-" 408 4791 "-" "-"
210.69.149.252 - - [17/Aug/2026:10:30:38 +0800] "GET /wp-content/uploads/sites/1444/2023/11/S__202350600.jpg HTTP/1.1" 200 173116 "https://www.ytps.ilc.edu.tw/%E4%BA%BA%E5%93%A1%E7%B5%84%E7%B9%94/%E8%82%B2%E6%89%8D%E6%88%90%E5%93%A1/" "Mozilla/5.0 (Windows NT 10.0; Win64; x64) AppleWebKit/537.36 (KHTML, like Gecko) Chrome/151.0.0.0 Safari/537.36"
::1 - - [17/Aug/2026:10:30:39 +0800] "OPTIONS * HTTP/1.0" 200 110 "-" "Apache/2.4.68 (Ubuntu) OpenSSL/3.0.19 (internal dummy connection)"
140.111.67.10 - - [17/Aug/2026:10:30:40 +0800] "GET /" 301 273 "-" "-"
210.69.149.252 - - [17/Aug/2026:10:30:37 +0800] "GET /wp-content/uploads/sites/1444/2023/11/S__202350599.jpg HTTP/1.1" 200 224180 "https://www.ytps.ilc.edu.tw/%E4%BA%BA%E5%93%A1%E7%B5%84%E7%B9%94/%E8%82%B2%E6%89%8D%E6%88%90%E5%93%A1/" "Mozilla/5.0 (Windows NT 10.0; Win64; x64) AppleWebKit/537.36 (KHTML, like Gecko) Chrome/151.0.0.0 Safari/537.36"
2001:4860:7:810::f8 - - [17/Aug/2026:10:30:40 +0800] "GET / HTTP/1.1" 200 20465 "https://www.google.com/" "Mozilla/5.0 (Windows NT 10.0; Win64; x64) AppleWebKit/537.36 (KHTML, like Gecko) Chrome/151.0.0.0 Safari/537.36"
2001:4860:7:510::fd - - [17/Aug/2026:10:30:40 +0800] "GET /24/2009/12/15/%E8%8B%A5%E6%95%99%E7%A7%91%E6%9B%B8%E4%B8%8A%E5%9C%8B%E5%AD%97%E8%AE%80%E9%9F%B3%E8%88%87%E5%AD%B8%E7%94%9F%E5%B9%B3%E6%99%82%E7%BF%92%E6%85%A3%E7%9A%84%E8%AA%9E%E9%9F%B3%E4%B8%8D%E5%90%8C%E8%A9%B2/ HTTP/1.1" 200 46002 "https://www.google.com/" "Mozilla/5.0 (Windows NT 10.0; Win64; x64) AppleWebKit/537.36 (KHTML, like Gecko) Chrome/151.0.0.0 Safari/537.36"
2001:288:a201::66:125 - - [17/Aug/2026:10:30:40 +0800] "GET /blog/active.php HTTP/1.1" 404 1084 "-" "-"
2001:288:a201::66:125 - - [17/Aug/2026:10:30:40 +0800] "GET /blog/active.php HTTP/1.1" 301 1026 "-" "-"
::1 - - [17/Aug/2026:10:30:40 +0800] "OPTIONS * HTTP/1.0" 200 110 "-" "Apache/2.4.68 (Ubuntu) OpenSSL/3.0.19 (internal dummy connection)"
::1 - - [17/Aug/2026:10:30:41 +0800] "OPTIONS * HTTP/1.0" 200 110 "-" "Apache/2.4.68 (Ubuntu) OpenSSL/3.0.19 (internal dummy connection)"
210.69.149.252 - - [17/Aug/2026:10:30:33 +0800] "GET /wp-content/uploads/sites/1444/2020/03/ytps.jpg HTTP/1.1" 200 807018 "https://www.ytps.ilc.edu.tw/%E4%BA%BA%E5%93%A1%E7%B5%84%E7%B9%94/%E8%82%B2%E6%89%8D%E6%88%90%E5%93%A1/" "Mozilla/5.0 (Windows NT 10.0; Win64; x64) AppleWebKit/537.36 (KHTML, like Gecko) Chrome/151.0.0.0 Safari/537.36"
140.111.67.195 - - [17/Aug/2026:10:30:41 +0800] "GET /wp-admin/admin-post.php?action=steps_ad HTTP/1.1" 200 1973 "-" "node-fetch/1.0 (+https://github.com/bitinn/node-fetch)"
2001:288:a26a:1:6923:8bf3:4374:c578 - - [17/Aug/2026:10:30:41 +0800] "POST /hsics/wp-admin/admin-ajax.php HTTP/1.1" 200 1459 "https://2blog.ilc.edu.tw/hsics/wp-admin/edit.php" "Mozilla/5.0 (Windows NT 10.0; Win64; x64) AppleWebKit/537.36 (KHTML, like Gecko) Chrome/151.0.0.0 Safari/537.36"
2001:288:a23c:1:554f:5f6c:3cd5:4c1f - - [17/Aug/2026:10:30:42 +0800] "GET /wp-content/uploads/sites/3846/2023/07/%E6%95%99%E8%82%B2%E8%99%95%E5%85%AB%E5%A4%A7%E6%96%B9%E9%87%9D.png HTTP/1.1" 200 200327 "https://it.ilc.edu.tw/" "Mozilla/5.0 (Windows NT 10.0; Win64; x64) AppleWebKit/537.36 (KHTML, like Gecko) Chrome/151.0.0.0 Safari/537.36"
2001:4860:7:810::ea - - [17/Aug/2026:10:30:42 +0800] "GET /41336/%E7%89%B9%E6%95%99%E8%A9%95%E9%91%91107%E5%B9%B49%E6%9C%8820%E6%97%A5%E8%87%BA%E5%8D%97%E5%B8%82107%E5%AD%B8%E5%B9%B4%E5%BA%A6%E7%89%B9%E6%AE%8A%E6%95%99%E8%82%B2%E8%BA%AB%E5%BF%83%E9%9A%9C%E7%A4%99/ HTTP/1.1" 200 30558 "https://www.google.com/" "Mozilla/5.0 (Windows NT 10.0; Win64; x64) AppleWebKit/537.36 (KHTML, like Gecko) Chrome/151.0.0.0 Safari/537.36"
2001:288:7314:0:513d:950:2924:a73c - - [17/Aug/2026:10:30:43 +0800] "GET /41336/wp-content/cache/2blog.ilc.edu.tw/wpfc-minified/8jnv6329/5woxg.css HTTP/1.1" 200 45684 "https://2blog.ilc.edu.tw/41336/%E7%89%B9%E6%95%99%E8%A9%95%E9%91%91107%E5%B9%B49%E6%9C%8820%E6%97%A5%E8%87%BA%E5%8D%97%E5%B8%82107%E5%AD%B8%E5%B9%B4%E5%BA%A6%E7%89%B9%E6%AE%8A%E6%95%99%E8%82%B2%E8%BA%AB%E5%BF%83%E9%9A%9C%E7%A4%99/" "Mozilla/5.0 (Windows NT 10.0; Win64; x64) AppleWebKit/537.36 (KHTML, like Gecko) Chrome/151.0.0.0 Safari/537.36"
2001:288:7314:0:513d:950:2924:a73c - - [17/Aug/2026:10:30:43 +0800] "GET /41336/wp-content/cache/2blog.ilc.edu.tw/wpfc-minified/78n6a7f6/5wsm9.css HTTP/1.1" 200 20578 "https://2blog.ilc.edu.tw/41336/%E7%89%B9%E6%95%99%E8%A9%95%E9%91%91107%E5%B9%B49%E6%9C%8820%E6%97%A5%E8%87%BA%E5%8D%97%E5%B8%82107%E5%AD%B8%E5%B9%B4%E5%BA%A6%E7%89%B9%E6%AE%8A%E6%95%99%E8%82%B2%E8%BA%AB%E5%BF%83%E9%9A%9C%E7%A4%99/" "Mozilla/5.0 (Windows NT 10.0; Win64; x64) AppleWebKit/537.36 (KHTML, like Gecko) Chrome/151.0.0.0 Safari/537.36"
2001:288:7314:0:513d:950:2924:a73c - - [17/Aug/2026:10:30:43 +0800] "GET /41336/wp-content/cache/2blog.ilc.edu.tw/wpfc-minified/qj0rs02a/5woxg.css HTTP/1.1" 200 1157 "https://2blog.ilc.edu.tw/41336/%E7%89%B9%E6%95%99%E8%A9%95%E9%91%91107%E5%B9%B49%E6%9C%8820%E6%97%A5%E8%87%BA%E5%8D%97%E5%B8%82107%E5%AD%B8%E5%B9%B4%E5%BA%A6%E7%89%B9%E6%AE%8A%E6%95%99%E8%82%B2%E8%BA%AB%E5%BF%83%E9%9A%9C%E7%A4%99/" "Mozilla/5.0 (Windows NT 10.0; Win64; x64) AppleWebKit/537.36 (KHTML, like Gecko) Chrome/151.0.0.0 Safari/537.36"
2001:288:7314:0:513d:950:2924:a73c - - [17/Aug/2026:10:30:43 +0800] "GET /41336/wp-content/cache/2blog.ilc.edu.tw/wpfc-minified/lozjdobe/5wsm9.js HTTP/1.1" 200 1643 "https://2blog.ilc.edu.tw/41336/%E7%89%B9%E6%95%99%E8%A9%95%E9%91%91107%E5%B9%B49%E6%9C%8820%E6%97%A5%E8%87%BA%E5%8D%97%E5%B8%82107%E5%AD%B8%E5%B9%B4%E5%BA%A6%E7%89%B9%E6%AE%8A%E6%95%99%E8%82%B2%E8%BA%AB%E5%BF%83%E9%9A%9C%E7%A4%99/" "Mozilla/5.0 (Windows NT 10.0; Win64; x64) AppleWebKit/537.36 (KHTML, like Gecko) Chrome/151.0.0.0 Safari/537.36"
2001:288:7314:0:513d:950:2924:a73c - - [17/Aug/2026:10:30:43 +0800] "GET /41336/wp-content/cache/2blog.ilc.edu.tw/wpfc-minified/d7aum7ty/5woxg.js HTTP/1.1" 200 35904 "https://2blog.ilc.edu.tw/41336/%E7%89%B9%E6%95%99%E8%A9%95%E9%91%91107%E5%B9%B49%E6%9C%8820%E6%97%A5%E8%87%BA%E5%8D%97%E5%B8%82107%E5%AD%B8%E5%B9%B4%E5%BA%A6%E7%89%B9%E6%AE%8A%E6%95%99%E8%82%B2%E8%BA%AB%E5%BF%83%E9%9A%9C%E7%A4%99/" "Mozilla/5.0 (Windows NT 10.0; Win64; x64) AppleWebKit/537.36 (KHTML, like Gecko) Chrome/151.0.0.0 Safari/537.36"
2001:288:7314:0:513d:950:2924:a73c - - [17/Aug/2026:10:30:43 +0800] "GET /41336/wp-content/cache/2blog.ilc.edu.tw/wpfc-minified/6zojx74y/5woxg.css HTTP/1.1" 200 53627 "https://2blog.ilc.edu.tw/41336/%E7%89%B9%E6%95%99%E8%A9%95%E9%91%91107%E5%B9%B49%E6%9C%8820%E6%97%A5%E8%87%BA%E5%8D%97%E5%B8%82107%E5%AD%B8%E5%B9%B4%E5%BA%A6%E7%89%B9%E6%AE%8A%E6%95%99%E8%82%B2%E8%BA%AB%E5%BF%83%E9%9A%9C%E7%A4%99/" "Mozilla/5.0 (Windows NT 10.0; Win64; x64) AppleWebKit/537.36 (KHTML, like Gecko) Chrome/151.0.0.0 Safari/537.36"
2001:288:7314:0:513d:950:2924:a73c - - [17/Aug/2026:10:30:43 +0800] "GET /41336/wp-content/uploads/sites/2863/2024/09/e1b9e7b0-96f7-41bd-9bba-f329b50bc9f5-724x1024.jpg HTTP/1.1" 200 131002 "https://2blog.ilc.edu.tw/41336/%E7%89%B9%E6%95%99%E8%A9%95%E9%91%91107%E5%B9%B49%E6%9C%8820%E6%97%A5%E8%87%BA%E5%8D%97%E5%B8%82107%E5%AD%B8%E5%B9%B4%E5%BA%A6%E7%89%B9%E6%AE%8A%E6%95%99%E8%82%B2%E8%BA%AB%E5%BF%83%E9%9A%9C%E7%A4%99/" "Mozilla/5.0 (Windows NT 10.0; Win64; x64) AppleWebKit/537.36 (KHTML, like Gecko) Chrome/151.0.0.0 Safari/537.36"
2001:288:7314:0:513d:950:2924:a73c - - [17/Aug/2026:10:30:43 +0800] "GET /41336/wp-content/uploads/sites/2863/2021/05/121539849_403922967667947_1695920927548804428_n-768x509.jpg HTTP/1.1" 200 101391 "https://2blog.ilc.edu.tw/41336/%E7%89%B9%E6%95%99%E8%A9%95%E9%91%91107%E5%B9%B49%E6%9C%8820%E6%97%A5%E8%87%BA%E5%8D%97%E5%B8%82107%E5%AD%B8%E5%B9%B4%E5%BA%A6%E7%89%B9%E6%AE%8A%E6%95%99%E8%82%B2%E8%BA%AB%E5%BF%83%E9%9A%9C%E7%A4%99/" "Mozilla/5.0 (Windows NT 10.0; Win64; x64) AppleWebKit/537.36 (KHTML, like Gecko) Chrome/151.0.0.0 Safari/537.36"
2001:288:7314:0:513d:950:2924:a73c - - [17/Aug/2026:10:30:43 +0800] "GET /41336/wp-includes/js/admin-bar.min.js HTTP/1.1" 200 2237 "https://2blog.ilc.edu.tw/41336/%E7%89%B9%E6%95%99%E8%A9%95%E9%91%91107%E5%B9%B49%E6%9C%8820%E6%97%A5%E8%87%BA%E5%8D%97%E5%B8%82107%E5%AD%B8%E5%B9%B4%E5%BA%A6%E7%89%B9%E6%AE%8A%E6%95%99%E8%82%B2%E8%BA%AB%E5%BF%83%E9%9A%9C%E7%A4%99/" "Mozilla/5.0 (Windows NT 10.0; Win64; x64) AppleWebKit/537.36 (KHTML, like Gecko) Chrome/151.0.0.0 Safari/537.36"
2001:288:7314:0:513d:950:2924:a73c - - [17/Aug/2026:10:30:43 +0800] "GET /41336/wp-includes/js/hoverintent-js.min.js HTTP/1.1" 200 1597 "https://2blog.ilc.edu.tw/41336/%E7%89%B9%E6%95%99%E8%A9%95%E9%91%91107%E5%B9%B49%E6%9C%8820%E6%97%A5%E8%87%BA%E5%8D%97%E5%B8%82107%E5%AD%B8%E5%B9%B4%E5%BA%A6%E7%89%B9%E6%AE%8A%E6%95%99%E8%82%B2%E8%BA%AB%E5%BF%83%E9%9A%9C%E7%A4%99/" "Mozilla/5.0 (Windows NT 10.0; Win64; x64) AppleWebKit/537.36 (KHTML, like Gecko) Chrome/151.0.0.0 Safari/537.36"
2001:288:7314:0:513d:950:2924:a73c - - [17/Aug/2026:10:30:43 +0800] "GET /41336/wp-includes/js/imagesloaded.min.js HTTP/1.1" 200 2683 "https://2blog.ilc.edu.tw/41336/%E7%89%B9%E6%95%99%E8%A9%95%E9%91%91107%E5%B9%B49%E6%9C%8820%E6%97%A5%E8%87%BA%E5%8D%97%E5%B8%82107%E5%AD%B8%E5%B9%B4%E5%BA%A6%E7%89%B9%E6%AE%8A%E6%95%99%E8%82%B2%E8%BA%AB%E5%BF%83%E9%9A%9C%E7%A4%99/" "Mozilla/5.0 (Windows NT 10.0; Win64; x64) AppleWebKit/537.36 (KHTML, like Gecko) Chrome/151.0.0.0 Safari/537.36"
2001:288:7314:0:513d:950:2924:a73c - - [17/Aug/2026:10:30:43 +0800] "GET /41336/wp-content/themes/oceanwp/assets/js/theme.min.js HTTP/1.1" 200 5130 "https://2blog.ilc.edu.tw/41336/%E7%89%B9%E6%95%99%E8%A9%95%E9%91%91107%E5%B9%B49%E6%9C%8820%E6%97%A5%E8%87%BA%E5%8D%97%E5%B8%82107%E5%AD%B8%E5%B9%B4%E5%BA%A6%E7%89%B9%E6%AE%8A%E6%95%99%E8%82%B2%E8%BA%AB%E5%BF%83%E9%9A%9C%E7%A4%99/" "Mozilla/5.0 (Windows NT 10.0; Win64; x64) AppleWebKit/537.36 (KHTML, like Gecko) Chrome/151.0.0.0 Safari/537.36"
2001:288:7314:0:513d:950:2924:a73c - - [17/Aug/2026:10:30:43 +0800] "GET /41336/wp-content/themes/oceanwp/assets/js/drop-down-search.min.js HTTP/1.1" 200 2968 "https://2blog.ilc.edu.tw/41336/%E7%89%B9%E6%95%99%E8%A9%95%E9%91%91107%E5%B9%B49%E6%9C%8820%E6%97%A5%E8%87%BA%E5%8D%97%E5%B8%82107%E5%AD%B8%E5%B9%B4%E5%BA%A6%E7%89%B9%E6%AE%8A%E6%95%99%E8%82%B2%E8%BA%AB%E5%BF%83%E9%9A%9C%E7%A4%99/" "Mozilla/5.0 (Windows NT 10.0; Win64; x64) AppleWebKit/537.36 (KHTML, like Gecko) Chrome/151.0.0.0 Safari/537.36"
2001:288:7314:0:513d:950:2924:a73c - - [17/Aug/2026:10:30:43 +0800] "GET /41336/wp-content/themes/oceanwp/assets/js/drop-down-mobile-menu.min.js HTTP/1.1" 200 4663 "https://2blog.ilc.edu.tw/41336/%E7%89%B9%E6%95%99%E8%A9%95%E9%91%91107%E5%B9%B49%E6%9C%8820%E6%97%A5%E8%87%BA%E5%8D%97%E5%B8%82107%E5%AD%B8%E5%B9%B4%E5%BA%A6%E7%89%B9%E6%AE%8A%E6%95%99%E8%82%B2%E8%BA%AB%E5%BF%83%E9%9A%9C%E7%A4%99/" "Mozilla/5.0 (Windows NT 10.0; Win64; x64) AppleWebKit/537.36 (KHTML, like Gecko) Chrome/151.0.0.0 Safari/537.36"
2001:288:7314:0:513d:950:2924:a73c - - [17/Aug/2026:10:30:43 +0800] "GET /41336/wp-content/themes/oceanwp/assets/js/vendors/magnific-popup.min.js HTTP/1.1" 200 8270 "https://2blog.ilc.edu.tw/41336/%E7%89%B9%E6%95%99%E8%A9%95%E9%91%91107%E5%B9%B49%E6%9C%8820%E6%97%A5%E8%87%BA%E5%8D%97%E5%B8%82107%E5%AD%B8%E5%B9%B4%E5%BA%A6%E7%89%B9%E6%AE%8A%E6%95%99%E8%82%B2%E8%BA%AB%E5%BF%83%E9%9A%9C%E7%A4%99/" "Mozilla/5.0 (Windows NT 10.0; Win64; x64) AppleWebKit/537.36 (KHTML, like Gecko) Chrome/151.0.0.0 Safari/537.36"
2001:288:7314:0:513d:950:2924:a73c - - [17/Aug/2026:10:30:43 +0800] "GET /41336/wp-content/themes/oceanwp/assets/js/ow-lightbox.min.js HTTP/1.1" 200 2321 "https://2blog.ilc.edu.tw/41336/%E7%89%B9%E6%95%99%E8%A9%95%E9%91%91107%E5%B9%B49%E6%9C%8820%E6%97%A5%E8%87%BA%E5%8D%97%E5%B8%82107%E5%AD%B8%E5%B9%B4%E5%BA%A6%E7%89%B9%E6%AE%8A%E6%95%99%E8%82%B2%E8%BA%AB%E5%BF%83%E9%9A%9C%E7%A4%99/" "Mozilla/5.0 (Windows NT 10.0; Win64; x64) AppleWebKit/537.36 (KHTML, like Gecko) Chrome/151.0.0.0 Safari/537.36"
2001:288:7314:0:513d:950:2924:a73c - - [17/Aug/2026:10:30:43 +0800] "GET /41336/wp-content/themes/oceanwp/assets/js/ow-slider.min.js HTTP/1.1" 200 1761 "https://2blog.ilc.edu.tw/41336/%E7%89%B9%E6%95%99%E8%A9%95%E9%91%91107%E5%B9%B49%E6%9C%8820%E6%97%A5%E8%87%BA%E5%8D%97%E5%B8%82107%E5%AD%B8%E5%B9%B4%E5%BA%A6%E7%89%B9%E6%AE%8A%E6%95%99%E8%82%B2%E8%BA%AB%E5%BF%83%E9%9A%9C%E7%A4%99/" "Mozilla/5.0 (Windows NT 10.0; Win64; x64) AppleWebKit/537.36 (KHTML, like Gecko) Chrome/151.0.0.0 Safari/537.36"
2001:288:7314:0:513d:950:2924:a73c - - [17/Aug/2026:10:30:43 +0800] "GET /41336/wp-content/themes/oceanwp/assets/js/vendors/flickity.pkgd.min.js HTTP/1.1" 200 15048 "https://2blog.ilc.edu.tw/41336/%E7%89%B9%E6%95%99%E8%A9%95%E9%91%91107%E5%B9%B49%E6%9C%8820%E6%97%A5%E8%87%BA%E5%8D%97%E5%B8%82107%E5%AD%B8%E5%B9%B4%E5%BA%A6%E7%89%B9%E6%AE%8A%E6%95%99%E8%82%B2%E8%BA%AB%E5%BF%83%E9%9A%9C%E7%A4%99/" "Mozilla/5.0 (Windows NT 10.0; Win64; x64) AppleWebKit/537.36 (KHTML, like Gecko) Chrome/151.0.0.0 Safari/537.36"
210.69.149.252 - - [17/Aug/2026:10:30:35 +0800] "GET /wp-content/uploads/sites/1444/2023/12/DSC00300-2048x1365.jpg HTTP/1.1" 200 374297 "https://www.ytps.ilc.edu.tw/%E4%BA%BA%E5%93%A1%E7%B5%84%E7%B9%94/%E8%82%B2%E6%89%8D%E6%88%90%E5%93%A1/" "Mozilla/5.0 (Windows NT 10.0; Win64; x64) AppleWebKit/537.36 (KHTML, like Gecko) Chrome/151.0.0.0 Safari/537.36"
2001:288:7314:0:513d:950:2924:a73c - - [17/Aug/2026:10:30:43 +0800] "GET /41336/wp-content/themes/oceanwp/assets/js/scroll-effect.min.js HTTP/1.1" 200 4127 "https://2blog.ilc.edu.tw/41336/%E7%89%B9%E6%95%99%E8%A9%95%E9%91%91107%E5%B9%B49%E6%9C%8820%E6%97%A5%E8%87%BA%E5%8D%97%E5%B8%82107%E5%AD%B8%E5%B9%B4%E5%BA%A6%E7%89%B9%E6%AE%8A%E6%95%99%E8%82%B2%E8%BA%AB%E5%BF%83%E9%9A%9C%E7%A4%99/" "Mozilla/5.0 (Windows NT 10.0; Win64; x64) AppleWebKit/537.36 (KHTML, like Gecko) Chrome/151.0.0.0 Safari/537.36"
2001:288:7314:0:513d:950:2924:a73c - - [17/Aug/2026:10:30:43 +0800] "GET /41336/wp-content/themes/oceanwp/assets/js/scroll-top.min.js HTTP/1.1" 200 3202 "https://2blog.ilc.edu.tw/41336/%E7%89%B9%E6%95%99%E8%A9%95%E9%91%91107%E5%B9%B49%E6%9C%8820%E6%97%A5%E8%87%BA%E5%8D%97%E5%B8%82107%E5%AD%B8%E5%B9%B4%E5%BA%A6%E7%89%B9%E6%AE%8A%E6%95%99%E8%82%B2%E8%BA%AB%E5%BF%83%E9%9A%9C%E7%A4%99/" "Mozilla/5.0 (Windows NT 10.0; Win64; x64) AppleWebKit/537.36 (KHTML, like Gecko) Chrome/151.0.0.0 Safari/537.36"
2001:288:7314:0:513d:950:2924:a73c - - [17/Aug/2026:10:30:43 +0800] "GET /41336/wp-content/themes/oceanwp/assets/js/select.min.js HTTP/1.1" 200 2408 "https://2blog.ilc.edu.tw/41336/%E7%89%B9%E6%95%99%E8%A9%95%E9%91%91107%E5%B9%B49%E6%9C%8820%E6%97%A5%E8%87%BA%E5%8D%97%E5%B8%82107%E5%AD%B8%E5%B9%B4%E5%BA%A6%E7%89%B9%E6%AE%8A%E6%95%99%E8%82%B2%E8%BA%AB%E5%BF%83%E9%9A%9C%E7%A4%99/" "Mozilla/5.0 (Windows NT 10.0; Win64; x64) AppleWebKit/537.36 (KHTML, like Gecko) Chrome/151.0.0.0 Safari/537.36"
2001:288:7314:0:513d:950:2924:a73c - - [17/Aug/2026:10:30:43 +0800] "GET /41336/wp-includes/js/mediaelement/mediaelement-and-player.min.js HTTP/1.1" 200 39802 "https://2blog.ilc.edu.tw/41336/%E7%89%B9%E6%95%99%E8%A9%95%E9%91%91107%E5%B9%B49%E6%9C%8820%E6%97%A5%E8%87%BA%E5%8D%97%E5%B8%82107%E5%AD%B8%E5%B9%B4%E5%BA%A6%E7%89%B9%E6%AE%8A%E6%95%99%E8%82%B2%E8%BA%AB%E5%BF%83%E9%9A%9C%E7%A4%99/" "Mozilla/5.0 (Windows NT 10.0; Win64; x64) AppleWebKit/537.36 (KHTML, like Gecko) Chrome/151.0.0.0 Safari/537.36"
2001:288:7314:0:513d:950:2924:a73c - - [17/Aug/2026:10:30:43 +0800] "GET /41336/wp-includes/js/mediaelement/mediaelement-migrate.min.js HTTP/1.1" 200 1419 "https://2blog.ilc.edu.tw/41336/%E7%89%B9%E6%95%99%E8%A9%95%E9%91%91107%E5%B9%B49%E6%9C%8820%E6%97%A5%E8%87%BA%E5%8D%97%E5%B8%82107%E5%AD%B8%E5%B9%B4%E5%BA%A6%E7%89%B9%E6%AE%8A%E6%95%99%E8%82%B2%E8%BA%AB%E5%BF%83%E9%9A%9C%E7%A4%99/" "Mozilla/5.0 (Windows NT 10.0; Win64; x64) AppleWebKit/537.36 (KHTML, like Gecko) Chrome/151.0.0.0 Safari/537.36"
2001:288:7314:0:513d:950:2924:a73c - - [17/Aug/2026:10:30:43 +0800] "GET /41336/wp-includes/js/mediaelement/wp-mediaelement.min.js HTTP/1.1" 200 1417 "https://2blog.ilc.edu.tw/41336/%E7%89%B9%E6%95%99%E8%A9%95%E9%91%91107%E5%B9%B49%E6%9C%8820%E6%97%A5%E8%87%BA%E5%8D%97%E5%B8%82107%E5%AD%B8%E5%B9%B4%E5%BA%A6%E7%89%B9%E6%AE%8A%E6%95%99%E8%82%B2%E8%BA%AB%E5%BF%83%E9%9A%9C%E7%A4%99/" "Mozilla/5.0 (Windows NT 10.0; Win64; x64) AppleWebKit/537.36 (KHTML, like Gecko) Chrome/151.0.0.0 Safari/537.36"
2001:288:7314:0:513d:950:2924:a73c - - [17/Aug/2026:10:30:43 +0800] "GET /41336/wp-includes/js/mediaelement/renderers/vimeo.min.js HTTP/1.1" 200 3164 "https://2blog.ilc.edu.tw/41336/%E7%89%B9%E6%95%99%E8%A9%95%E9%91%91107%E5%B9%B49%E6%9C%8820%E6%97%A5%E8%87%BA%E5%8D%97%E5%B8%82107%E5%AD%B8%E5%B9%B4%E5%BA%A6%E7%89%B9%E6%AE%8A%E6%95%99%E8%82%B2%E8%BA%AB%E5%BF%83%E9%9A%9C%E7%A4%99/" "Mozilla/5.0 (Windows NT 10.0; Win64; x64) AppleWebKit/537.36 (KHTML, like Gecko) Chrome/151.0.0.0 Safari/537.36"
2001:288:7314:0:513d:950:2924:a73c - - [17/Aug/2026:10:30:43 +0800] "GET /41336/wp-content/themes/oceanwp/assets/fonts/simple-line-icons/Simple-Line-Icons.woff2?v=2.4.0 HTTP/1.1" 200 30959 "https://2blog.ilc.edu.tw/41336/wp-content/cache/2blog.ilc.edu.tw/wpfc-minified/6zojx74y/5woxg.css" "Mozilla/5.0 (Windows NT 10.0; Win64; x64) AppleWebKit/537.36 (KHTML, like Gecko) Chrome/151.0.0.0 Safari/537.36"
2001:288:7314:0:513d:950:2924:a73c - - [17/Aug/2026:10:30:43 +0800] "GET /41336/wp-content/themes/oceanwp/assets/fonts/fontawesome/webfonts/fa-solid-900.woff2 HTTP/1.1" 200 151246 "https://2blog.ilc.edu.tw/41336/wp-content/cache/2blog.ilc.edu.tw/wpfc-minified/6zojx74y/5woxg.css" "Mozilla/5.0 (Windows NT 10.0; Win64; x64) AppleWebKit/537.36 (KHTML, like Gecko) Chrome/151.0.0.0 Safari/537.36"
2001:288:7314:0:513d:950:2924:a73c - - [17/Aug/2026:10:30:43 +0800] "GET /41336/wp-content/cache/2blog.ilc.edu.tw/wpfc-minified/moty3qt9/5woxg.css HTTP/1.1" 200 4324 "https://2blog.ilc.edu.tw/41336/%E7%89%B9%E6%95%99%E8%A9%95%E9%91%91107%E5%B9%B49%E6%9C%8820%E6%97%A5%E8%87%BA%E5%8D%97%E5%B8%82107%E5%AD%B8%E5%B9%B4%E5%BA%A6%E7%89%B9%E6%AE%8A%E6%95%99%E8%82%B2%E8%BA%AB%E5%BF%83%E9%9A%9C%E7%A4%99/" "Mozilla/5.0 (Windows NT 10.0; Win64; x64) AppleWebKit/537.36 (KHTML, like Gecko) Chrome/151.0.0.0 Safari/537.36"
2001:288:7314:0:513d:950:2924:a73c - - [17/Aug/2026:10:30:43 +0800] "GET /41336/wp-content/uploads/sites/2863/2024/09/0841ff59-2263-44ef-bae8-1b960b237188-724x1024.jpg HTTP/1.1" 200 139857 "https://2blog.ilc.edu.tw/41336/%E7%89%B9%E6%95%99%E8%A9%95%E9%91%91107%E5%B9%B49%E6%9C%8820%E6%97%A5%E8%87%BA%E5%8D%97%E5%B8%82107%E5%AD%B8%E5%B9%B4%E5%BA%A6%E7%89%B9%E6%AE%8A%E6%95%99%E8%82%B2%E8%BA%AB%E5%BF%83%E9%9A%9C%E7%A4%99/" "Mozilla/5.0 (Windows NT 10.0; Win64; x64) AppleWebKit/537.36 (KHTML, like Gecko) Chrome/151.0.0.0 Safari/537.36"
210.69.149.252 - - [17/Aug/2026:10:30:43 +0800] "GET /wp-content/uploads/sites/1444/2019/12/cropped-%E8%82%B2%E6%89%8D%E5%9C%8B%E5%B0%8FLogo-32x32.jpg HTTP/1.1" 200 2030 "https://www.ytps.ilc.edu.tw/%E4%BA%BA%E5%93%A1%E7%B5%84%E7%B9%94/%E8%82%B2%E6%89%8D%E6%88%90%E5%93%A1/" "Mozilla/5.0 (Windows NT 10.0; Win64; x64) AppleWebKit/537.36 (KHTML, like Gecko) Chrome/151.0.0.0 Safari/537.36"
2001:288:7314:0:513d:950:2924:a73c - - [17/Aug/2026:10:30:43 +0800] "GET /41336/wp-content/uploads/sites/2863/2024/10/IMG_5763-768x1024.jpg HTTP/1.1" 200 145642 "https://2blog.ilc.edu.tw/41336/%E7%89%B9%E6%95%99%E8%A9%95%E9%91%91107%E5%B9%B49%E6%9C%8820%E6%97%A5%E8%87%BA%E5%8D%97%E5%B8%82107%E5%AD%B8%E5%B9%B4%E5%BA%A6%E7%89%B9%E6%AE%8A%E6%95%99%E8%82%B2%E8%BA%AB%E5%BF%83%E9%9A%9C%E7%A4%99/" "Mozilla/5.0 (Windows NT 10.0; Win64; x64) AppleWebKit/537.36 (KHTML, like Gecko) Chrome/151.0.0.0 Safari/537.36"
2001:288:7314:0:513d:950:2924:a73c - - [17/Aug/2026:10:30:44 +0800] "GET /41336/wp-includes/js/mediaelement/mejs-controls.svg HTTP/1.1" 200 5429 "https://2blog.ilc.edu.tw/41336/wp-content/cache/2blog.ilc.edu.tw/wpfc-minified/moty3qt9/5woxg.css" "Mozilla/5.0 (Windows NT 10.0; Win64; x64) AppleWebKit/537.36 (KHTML, like Gecko) Chrome/151.0.0.0 Safari/537.36"
2001:4860:7:410::f6 - - [17/Aug/2026:10:30:43 +0800] "GET /2014/09/05/%E7%AD%94%E5%AE%A2%E5%95%8F%E9%9B%86/ HTTP/1.1" 200 23627 "https://www.google.com/" "Mozilla/5.0 (Windows NT 10.0; Win64; x64) AppleWebKit/537.36 (KHTML, like Gecko) Chrome/151.0.0.0 Safari/537.36"
2001:288:7314:0:513d:950:2924:a73c - - [17/Aug/2026:10:30:43 +0800] "POST /41336/wp-json/ilc-summary/v1/popular-posts HTTP/1.1" 201 1272 "https://2blog.ilc.edu.tw/41336/%E7%89%B9%E6%95%99%E8%A9%95%E9%91%91107%E5%B9%B49%E6%9C%8820%E6%97%A5%E8%87%BA%E5%8D%97%E5%B8%82107%E5%AD%B8%E5%B9%B4%E5%BA%A6%E7%89%B9%E6%AE%8A%E6%95%99%E8%82%B2%E8%BA%AB%E5%BF%83%E9%9A%9C%E7%A4%99/" "Mozilla/5.0 (Windows NT 10.0; Win64; x64) AppleWebKit/537.36 (KHTML, like Gecko) Chrome/151.0.0.0 Safari/537.36"
140.111.67.195 - - [17/Aug/2026:10:30:43 +0800] "GET /wp-admin/admin-post.php?action=steps_ad HTTP/1.1" 200 1649 "-" "node-fetch/1.0 (+https://github.com/bitinn/node-fetch)"
140.111.67.195 - - [17/Aug/2026:10:30:44 +0800] "GET /wp-admin/admin-post.php?action=steps_ad HTTP/1.1" 200 1973 "-" "node-fetch/1.0 (+https://github.com/bitinn/node-fetch)"
140.111.67.195 - - [17/Aug/2026:10:30:44 +0800] "GET /wp-admin/admin-post.php?action=steps_ad HTTP/1.1" 200 1973 "-" "node-fetch/1.0 (+https://github.com/bitinn/node-fetch)"
2001:288:a23c:1:554f:5f6c:3cd5:4c1f - - [17/Aug/2026:10:30:44 +0800] "GET /wp-content/uploads/sites/3846/2026/02/%E9%81%BF%E5%85%8D%E8%AA%A4%E5%85%A5%E8%A9%90%E9%A8%99%E7%B6%B2%E7%AB%99APP%E5%B0%8F%E5%B8%B8%E8%AD%98.jpg HTTP/1.1" 200 454833 "https://it.ilc.edu.tw/" "Mozilla/5.0 (Windows NT 10.0; Win64; x64) AppleWebKit/537.36 (KHTML, like Gecko) Chrome/151.0.0.0 Safari/537.36"
2001:288:a23c:1:554f:5f6c:3cd5:4c1f - - [17/Aug/2026:10:30:44 +0800] "GET /wp-content/uploads/sites/3846/2026/08/%E8%BE%B2%E6%A5%AD%E9%83%A8%E5%BB%A3%E5%91%8A.jpg HTTP/1.1" 200 236462 "https://it.ilc.edu.tw/" "Mozilla/5.0 (Windows NT 10.0; Win64; x64) AppleWebKit/537.36 (KHTML, like Gecko) Chrome/151.0.0.0 Safari/537.36"
2001:288:a27a:1:6ddc:2a4b:ac26:cde2 - - [17/Aug/2026:10:30:42 +0800] "POST /namt/wp-admin/admin-ajax.php HTTP/1.1" 200 1459 "https://2blog.ilc.edu.tw/namt/wp-admin/user-new.php?user_id=1731" "Mozilla/5.0 (Windows NT 10.0; Win64; x64) AppleWebKit/537.36 (KHTML, like Gecko) Chrome/151.0.0.0 Safari/537.36"
2001:288:a23c:1:554f:5f6c:3cd5:4c1f - - [17/Aug/2026:10:30:44 +0800] "GET /wp-content/uploads/sites/3846/2026/06/%E5%AE%A3%E5%82%B3%E5%9C%96%E7%89%87.png HTTP/1.1" 200 1053112 "https://it.ilc.edu.tw/" "Mozilla/5.0 (Windows NT 10.0; Win64; x64) AppleWebKit/537.36 (KHTML, like Gecko) Chrome/151.0.0.0 Safari/537.36"
2001:288:a23c:1:554f:5f6c:3cd5:4c1f - - [17/Aug/2026:10:30:44 +0800] "GET /wp-content/uploads/sites/3846/2026/06/2026%E5%AE%9C%E8%98%AD%E7%98%8B%E5%AD%B8%E7%BF%92-%E6%9A%91%E5%81%87_%E6%95%99%E8%82%B2%E8%99%95%E9%A6%96%E9%A0%81-1440-x-1080-%E5%83%8F%E7%B4%A0.png HTTP/1.1" 200 2046271 "https://it.ilc.edu.tw/" "Mozilla/5.0 (Windows NT 10.0; Win64; x64) AppleWebKit/537.36 (KHTML, like Gecko) Chrome/151.0.0.0 Safari/537.36"
2001:288:7314:0:513d:950:2924:a73c - - [17/Aug/2026:10:30:45 +0800] "GET /favicon.ico HTTP/1.1" 302 901 "https://2blog.ilc.edu.tw/41336/%E7%89%B9%E6%95%99%E8%A9%95%E9%91%91107%E5%B9%B49%E6%9C%8820%E6%97%A5%E8%87%BA%E5%8D%97%E5%B8%82107%E5%AD%B8%E5%B9%B4%E5%BA%A6%E7%89%B9%E6%AE%8A%E6%95%99%E8%82%B2%E8%BA%AB%E5%BF%83%E9%9A%9C%E7%A4%99/" "Mozilla/5.0 (Windows NT 10.0; Win64; x64) AppleWebKit/537.36 (KHTML, like Gecko) Chrome/151.0.0.0 Safari/537.36"
2001:288:7314:0:513d:950:2924:a73c - - [17/Aug/2026:10:30:45 +0800] "GET /wp-includes/images/w-logo-blue-white-bg.png HTTP/1.1" 200 4946 "https://2blog.ilc.edu.tw/41336/%E7%89%B9%E6%95%99%E8%A9%95%E9%91%91107%E5%B9%B49%E6%9C%8820%E6%97%A5%E8%87%BA%E5%8D%97%E5%B8%82107%E5%AD%B8%E5%B9%B4%E5%BA%A6%E7%89%B9%E6%AE%8A%E6%95%99%E8%82%B2%E8%BA%AB%E5%BF%83%E9%9A%9C%E7%A4%99/" "Mozilla/5.0 (Windows NT 10.0; Win64; x64) AppleWebKit/537.36 (KHTML, like Gecko) Chrome/151.0.0.0 Safari/537.36"
2001:288:a201::66:125 - - [17/Aug/2026:10:30:45 +0800] "GET /blog/active.php HTTP/1.1" 404 1084 "-" "-"
140.111.67.10 - - [17/Aug/2026:10:30:45 +0800] "GET /" 301 273 "-" "-"
2001:288:a201::66:125 - - [17/Aug/2026:10:30:45 +0800] "GET /blog/active.php HTTP/1.1" 301 1026 "-" "-"
140.111.141.41 - - [17/Aug/2026:10:30:45 +0800] "-" 408 339 "-" "-"
72.14.199.164 - - [17/Aug/2026:10:30:46 +0800] "GET /wp-content/uploads/sites/1148/2024/09/11B0AE55-AF74-4203-A261-1453F59DE4F2.pdf HTTP/1.1" 200 245192 "-" "Mozilla/5.0 (Linux; Android 6.0.1; Nexus 5X Build/MMB29P) AppleWebKit/537.36 (KHTML, like Gecko) Chrome/150.0.7871.186 Mobile Safari/537.36 (compatible; AdsBot-Google-Mobile; +http://www.google.com/mobile/adsbot.html)"
140.111.67.195 - - [17/Aug/2026:10:30:47 +0800] "GET /wp-admin/admin-post.php?action=steps_ad HTTP/1.1" 200 1649 "-" "node-fetch/1.0 (+https://github.com/bitinn/node-fetch)"
2001:b400:e75f:5cef:34a1:8de8:c5d5:1c9e - - [17/Aug/2026:10:30:47 +0800] "-" 408 339 "-" "-"
::1 - - [17/Aug/2026:10:30:47 +0800] "OPTIONS * HTTP/1.0" 200 110 "-" "Apache/2.4.68 (Ubuntu) OpenSSL/3.0.19 (internal dummy connection)"
2001:b400:e243:e1df:34bf:b6bf:fd38:71c7 - - [17/Aug/2026:10:30:48 +0800] "GET / HTTP/1.1" 200 20094 "https://www.google.com/" "Mozilla/5.0 (Linux; Android 10; K) AppleWebKit/537.36 (KHTML, like Gecko) Chrome/151.0.0.0 Safari/537.36"
2001:b400:e243:e1df:34bf:b6bf:fd38:71c7 - - [17/Aug/2026:10:30:48 +0800] "GET /wp-content/uploads/sites/187/2026/04/%E6%8A%80%E8%97%9D%E7%AB%B6%E8%B3%BD%E7%AC%AC6%E5%90%8D-450x300.png HTTP/1.1" 200 248733 "https://www.wjjh.ilc.edu.tw/" "Mozilla/5.0 (Linux; Android 10; K) AppleWebKit/537.36 (KHTML, like Gecko) Chrome/151.0.0.0 Safari/537.36"
2001:b400:e243:e1df:34bf:b6bf:fd38:71c7 - - [17/Aug/2026:10:30:48 +0800] "GET /wp-content/uploads/sites/187/2026/04/114_EEG1-450x300.png HTTP/1.1" 200 219898 "https://www.wjjh.ilc.edu.tw/" "Mozilla/5.0 (Linux; Android 10; K) AppleWebKit/537.36 (KHTML, like Gecko) Chrome/151.0.0.0 Safari/537.36"
2001:b400:e243:e1df:34bf:b6bf:fd38:71c7 - - [17/Aug/2026:10:30:48 +0800] "GET /wp-content/uploads/sites/187/2026/03/Gemini_Generated_Image_jpege3jpege3jpeg-450x300.png HTTP/1.1" 200 247773 "https://www.wjjh.ilc.edu.tw/" "Mozilla/5.0 (Linux; Android 10; K) AppleWebKit/537.36 (KHTML, like Gecko) Chrome/151.0.0.0 Safari/537.36"
2001:b400:e243:e1df:34bf:b6bf:fd38:71c7 - - [17/Aug/2026:10:30:48 +0800] "GET /wp-content/uploads/sites/187/2025/06/%E6%88%90%E9%95%B7%E8%87%AA%E6%88%91-%E6%8E%A2%E7%B4%A2%E6%9C%AA%E4%BE%86-1.png HTTP/1.1" 200 1008231 "https://www.wjjh.ilc.edu.tw/" "Mozilla/5.0 (Linux; Android 10; K) AppleWebKit/537.36 (KHTML, like Gecko) Chrome/151.0.0.0 Safari/537.36"
2001:b400:e243:e1df:34bf:b6bf:fd38:71c7 - - [17/Aug/2026:10:30:48 +0800] "GET /wp-content/uploads/sites/187/2025/07/114%E8%8A%B1%E8%93%AE%E7%B8%A3%E8%AD%B0%E9%95%B7%E7%9B%83%E7%BE%BD%E7%90%83%E8%B3%BD%E6%A6%AE%E7%8D%B2%E7%94%B7%E5%9C%98-%E5%86%A0%E8%BB%8D%E5%8F%8A%E4%BA%9E%E8%BB%8D-450x300.png HTTP/1.1" 200 148100 "https://www.wjjh.ilc.edu.tw/" "Mozilla/5.0 (Linux; Android 10; K) AppleWebKit/537.36 (KHTML, like Gecko) Chrome/151.0.0.0 Safari/537.36"
2001:b400:e243:e1df:34bf:b6bf:fd38:71c7 - - [17/Aug/2026:10:30:48 +0800] "GET /wp-content/uploads/sites/187/2025/07/%E5%AE%9C%E8%98%AD%E7%B8%A3%E7%AC%AC%E5%8D%81%E5%B1%86%E3%80%8C%E5%8E%9F%E4%BD%8F%E6%B0%91%E6%97%8F%E8%AA%9E%E8%A8%80%E5%96%AE%E8%A9%9E%E7%AB%B6%E8%B3%BD%E5%88%9D%E8%B3%BD%E3%80%8D%E5%9C%8B%E4%B8%AD%E7%B5%84%E7%AC%AC%E4%B8%89%E5%90%8D-450x300.png HTTP/1.1" 200 227769 "https://www.wjjh.ilc.edu.tw/" "Mozilla/5.0 (Linux; Android 10; K) AppleWebKit/537.36 (KHTML, like Gecko) Chrome/151.0.0.0 Safari/537.36"
2001:b400:e243:e1df:34bf:b6bf:fd38:71c7 - - [17/Aug/2026:10:30:48 +0800] "GET /wp-content/uploads/sites/187/2025/07/113%E5%AD%B8%E5%B9%B4%E5%BA%A6%E5%AE%9C%E8%98%AD%E7%B8%A3%E8%8B%B1%E8%AA%9E%E5%96%AE%E5%AD%97%E7%8E%8B%E6%A6%AE%E7%8D%B2%E7%AC%AC%E4%B8%80%E5%90%8D%E3%80%81%E7%AC%AC%E4%B8%89%E5%90%8D%E5%8F%8A%E5%85%A5%E9%81%B8-450x300.png HTTP/1.1" 200 207159 "https://www.wjjh.ilc.edu.tw/" "Mozilla/5.0 (Linux; Android 10; K) AppleWebKit/537.36 (KHTML, like Gecko) Chrome/151.0.0.0 Safari/537.36"
2001:b400:e243:e1df:34bf:b6bf:fd38:71c7 - - [17/Aug/2026:10:30:48 +0800] "GET /wp-content/uploads/sites/187/2025/07/113%E5%AD%B8%E5%B9%B4%E5%BA%A6%E5%85%A8%E5%9C%8B%E4%B8%AD%E7%AD%89%E5%AD%B8%E6%A0%A1%E9%81%8B%E5%8B%95%E6%9C%83-%E5%88%92%E8%88%B9%E9%A0%85%E7%9B%AE%E6%A6%AE%E7%8D%B2%E4%BD%B3%E7%B8%BE-1-450x300.png HTTP/1.1" 200 174357 "https://www.wjjh.ilc.edu.tw/" "Mozilla/5.0 (Linux; Android 10; K) AppleWebKit/537.36 (KHTML, like Gecko) Chrome/151.0.0.0 Safari/537.36"
2001:b400:e243:e1df:34bf:b6bf:fd38:71c7 - - [17/Aug/2026:10:30:48 +0800] "GET /wp-content/uploads/sites/187/2025/11/%E9%9F%B3%E6%A8%82%E6%AF%94%E8%B3%BD%E5%84%AA%E7%AD%89.jpg-1-450x300.png HTTP/1.1" 200 273441 "https://www.wjjh.ilc.edu.tw/" "Mozilla/5.0 (Linux; Android 10; K) AppleWebKit/537.36 (KHTML, like Gecko) Chrome/151.0.0.0 Safari/537.36"
2001:b400:e243:e1df:34bf:b6bf:fd38:71c7 - - [17/Aug/2026:10:30:48 +0800] "GET /wp-content/uploads/sites/187/2025/12/%E9%AB%98%E5%8B%BB%E5%96%842-1-450x300.png HTTP/1.1" 200 230564 "https://www.wjjh.ilc.edu.tw/" "Mozilla/5.0 (Linux; Android 10; K) AppleWebKit/537.36 (KHTML, like Gecko) Chrome/151.0.0.0 Safari/537.36"
2001:b400:e243:e1df:34bf:b6bf:fd38:71c7 - - [17/Aug/2026:10:30:48 +0800] "GET /wp-content/uploads/sites/187/2025/09/2025%E5%B9%B4%E4%BA%9E%E6%B4%B2%E9%9D%92%E5%B9%B4%E8%B3%BD%E8%89%87%E9%8C%A6%E6%A8%99%E8%B3%BD-%E5%9B%9B%E4%BA%BA%E5%96%AE%E6%A7%B3-%E9%8A%85%E7%89%8C-450x300.png HTTP/1.1" 200 193701 "https://www.wjjh.ilc.edu.tw/" "Mozilla/5.0 (Linux; Android 10; K) AppleWebKit/537.36 (KHTML, like Gecko) Chrome/151.0.0.0 Safari/537.36"
2001:b400:e243:e1df:34bf:b6bf:fd38:71c7 - - [17/Aug/2026:10:30:48 +0800] "GET /wp-content/uploads/sites/187/2025/07/113%E5%85%A8%E5%9C%8B%E7%B5%B2%E7%AB%B9%E6%A8%82%E7%89%B9%E5%84%AA-450x300.png HTTP/1.1" 200 150590 "https://www.wjjh.ilc.edu.tw/" "Mozilla/5.0 (Linux; Android 10; K) AppleWebKit/537.36 (KHTML, like Gecko) Chrome/151.0.0.0 Safari/537.36"
2001:b400:e243:e1df:34bf:b6bf:fd38:71c7 - - [17/Aug/2026:10:30:48 +0800] "GET /wp-content/uploads/sites/187/2025/07/%E5%AE%9C%E8%98%AD%E7%B8%A3114%E5%B9%B4%E5%BA%A6%E4%B8%AD%E5%B0%8F%E5%AD%B8%E6%B0%91%E4%BF%97%E9%AB%94%E8%82%B2%E9%8C%A6%E6%A8%99%E8%B3%BD%E4%BD%B3%E7%B8%BE-450x300.png HTTP/1.1" 200 174550 "https://www.wjjh.ilc.edu.tw/" "Mozilla/5.0 (Linux; Android 10; K) AppleWebKit/537.36 (KHTML, like Gecko) Chrome/151.0.0.0 Safari/537.36"
2001:b400:e243:e1df:34bf:b6bf:fd38:71c7 - - [17/Aug/2026:10:30:48 +0800] "GET /wp-content/uploads/sites/187/2025/07/113%E5%AD%B8%E5%B9%B4%E5%BA%A6%E5%AE%9C%E8%98%AD%E7%B8%A3-%E7%A7%91%E6%8A%80%E7%AB%B6%E8%B3%BD%E4%BD%B3%E7%B8%BE-1-450x300.png HTTP/1.1" 200 224639 "https://www.wjjh.ilc.edu.tw/" "Mozilla/5.0 (Linux; Android 10; K) AppleWebKit/537.36 (KHTML, like Gecko) Chrome/151.0.0.0 Safari/537.36"
2001:b400:e243:e1df:34bf:b6bf:fd38:71c7 - - [17/Aug/2026:10:30:48 +0800] "GET /wp-content/uploads/sites/187/2025/12/%E6%9C%AA%E5%91%BD%E5%90%8D%E8%A8%AD%E8%A8%88-450x300.png HTTP/1.1" 200 182537 "https://www.wjjh.ilc.edu.tw/" "Mozilla/5.0 (Linux; Android 10; K) AppleWebKit/537.36 (KHTML, like Gecko) Chrome/151.0.0.0 Safari/537.36"
2001:b400:e243:e1df:34bf:b6bf:fd38:71c7 - - [17/Aug/2026:10:30:48 +0800] "GET /wp-content/uploads/sites/187/2026/03/114%E9%9F%B3%E6%A8%82%E6%AF%94%E8%B3%BD-450x300.png HTTP/1.1" 200 289268 "https://www.wjjh.ilc.edu.tw/" "Mozilla/5.0 (Linux; Android 10; K) AppleWebKit/537.36 (KHTML, like Gecko) Chrome/151.0.0.0 Safari/537.36"
2001:b400:e243:e1df:34bf:b6bf:fd38:71c7 - - [17/Aug/2026:10:30:48 +0800] "GET /wp-content/uploads/sites/187/2026/01/Purple-and-Beige-Illustrative-Sports-Presentation-3-450x300.png HTTP/1.1" 200 200047 "https://www.wjjh.ilc.edu.tw/" "Mozilla/5.0 (Linux; Android 10; K) AppleWebKit/537.36 (KHTML, like Gecko) Chrome/151.0.0.0 Safari/537.36"
140.111.67.195 - - [17/Aug/2026:10:30:49 +0800] "GET /wp-admin/admin-post.php?action=steps_ad HTTP/1.1" 200 1649 "-" "node-fetch/1.0 (+https://github.com/bitinn/node-fetch)"
140.111.67.10 - - [17/Aug/2026:10:30:50 +0800] "GET /" 301 273 "-" "-"
2001:288:a201::66:125 - - [17/Aug/2026:10:30:50 +0800] "GET /blog/active.php HTTP/1.1" 301 1026 "-" "-"
2001:288:a201::66:125 - - [17/Aug/2026:10:30:50 +0800] "GET /blog/active.php HTTP/1.1" 404 1084 "-" "-"
::1 - - [17/Aug/2026:10:30:50 +0800] "OPTIONS * HTTP/1.0" 200 110 "-" "Apache/2.4.68 (Ubuntu) OpenSSL/3.0.19 (internal dummy connection)"
210.69.149.252 - - [17/Aug/2026:10:30:51 +0800] "-" 408 4801 "-" "-"
::1 - - [17/Aug/2026:10:30:51 +0800] "OPTIONS * HTTP/1.0" 200 110 "-" "Apache/2.4.68 (Ubuntu) OpenSSL/3.0.19 (internal dummy connection)"
2001:b011:e602:9d14:e024:a4d9:cb35:543b - - [17/Aug/2026:10:30:52 +0800] "-" 408 339 "-" "-"
::1 - - [17/Aug/2026:10:30:52 +0800] "OPTIONS * HTTP/1.0" 200 110 "-" "Apache/2.4.68 (Ubuntu) OpenSSL/3.0.19 (internal dummy connection)"
140.111.172.85 - - [17/Aug/2026:10:30:53 +0800] "-" 408 4793 "-" "-"
::1 - - [17/Aug/2026:10:30:53 +0800] "OPTIONS * HTTP/1.0" 200 110 "-" "Apache/2.4.68 (Ubuntu) OpenSSL/3.0.19 (internal dummy connection)"
::1 - - [17/Aug/2026:10:30:54 +0800] "OPTIONS * HTTP/1.0" 200 110 "-" "Apache/2.4.68 (Ubuntu) OpenSSL/3.0.19 (internal dummy connection)"
140.111.67.10 - - [17/Aug/2026:10:30:55 +0800] "GET /" 301 273 "-" "-"
66.249.71.163 - - [17/Aug/2026:10:30:53 +0800] "GET /wp-login.php?action=ilc_logout&_wpnonce=43754d0aad&redirect_to=http://multimodalgroup.ru/job/21938/ HTTP/1.1" 302 8252 "-" "Mozilla/5.0 (Linux; Android 6.0.1; Nexus 5X Build/MMB29P) AppleWebKit/537.36 (KHTML, like Gecko) Chrome/150.0.7871.186 Mobile Safari/537.36 (compatible; Googlebot/2.1; +http://www.google.com/bot.html)"
2001:288:a201::66:125 - - [17/Aug/2026:10:30:55 +0800] "GET /blog/active.php HTTP/1.1" 404 1084 "-" "-"
2001:288:a201::66:125 - - [17/Aug/2026:10:30:55 +0800] "GET /blog/active.php HTTP/1.1" 301 1026 "-" "-"
::1 - - [17/Aug/2026:10:30:55 +0800] "OPTIONS * HTTP/1.0" 200 110 "-" "Apache/2.4.68 (Ubuntu) OpenSSL/3.0.19 (internal dummy connection)"
223.137.141.95 - - [17/Aug/2026:10:30:56 +0800] "GET / HTTP/1.1" 200 17083 "https://www.google.com/" "Mozilla/5.0 (iPhone; CPU iPhone OS 26_2_1 like Mac OS X) AppleWebKit/605.1.15 (KHTML, like Gecko) CriOS/132.0.6834.100 Mobile/15E148 Safari/604.1"
::1 - - [17/Aug/2026:10:30:56 +0800] "OPTIONS * HTTP/1.0" 200 110 "-" "Apache/2.4.68 (Ubuntu) OpenSSL/3.0.19 (internal dummy connection)"
2001:288:a26a:1:6923:8bf3:4374:c578 - - [17/Aug/2026:10:30:56 +0800] "POST /hsics/wp-admin/admin-ajax.php HTTP/1.1" 200 1459 "https://2blog.ilc.edu.tw/hsics/wp-admin/edit.php" "Mozilla/5.0 (Windows NT 10.0; Win64; x64) AppleWebKit/537.36 (KHTML, like Gecko) Chrome/151.0.0.0 Safari/537.36"
140.111.67.195 - - [17/Aug/2026:10:30:57 +0800] "GET /wp-admin/admin-post.php?action=steps_ad HTTP/1.1" 200 1973 "-" "node-fetch/1.0 (+https://github.com/bitinn/node-fetch)"
66.249.68.136 - - [17/Aug/2026:10:30:55 +0800] "GET /wp-login.php?key=1kx49381&_wpnonce=&action=ilc_logout&redirect_to=https%3A%2F%2Fplay.google.com%2Fstore%2Fapps%2Fdetails%3Fid%3Dcom.us.dyjycbt.google HTTP/1.1" 302 8283 "-" "Mozilla/5.0 (Linux; Android 6.0.1; Nexus 5X Build/MMB29P) AppleWebKit/537.36 (KHTML, like Gecko) Chrome/151.0.7922.137 Mobile Safari/537.36 (compatible; Googlebot/2.1; +http://www.google.com/bot.html)"
::1 - - [17/Aug/2026:10:30:57 +0800] "OPTIONS * HTTP/1.0" 200 110 "-" "Apache/2.4.68 (Ubuntu) OpenSSL/3.0.19 (internal dummy connection)"
140.111.67.195 - - [17/Aug/2026:10:30:57 +0800] "GET /wp-admin/admin-post.php?action=steps_ad HTTP/1.1" 200 1649 "-" "node-fetch/1.0 (+https://github.com/bitinn/node-fetch)"
2001:288:a273:1:98:5038:21cb:2b52 - - [17/Aug/2026:10:30:57 +0800] "GET /wp-content/uploads/sites/3846/2026/08/%E8%BE%B2%E6%A5%AD%E9%83%A8%E5%BB%A3%E5%91%8A.jpg HTTP/1.1" 304 5581 "https://it.ilc.edu.tw/" "Mozilla/5.0 (Windows NT 10.0; Win64; x64) AppleWebKit/537.36 (KHTML, like Gecko) Chrome/151.0.0.0 Safari/537.36"
2001:288:a273:1:98:5038:21cb:2b52 - - [17/Aug/2026:10:30:57 +0800] "GET /wp-content/uploads/sites/3846/2026/06/2026%E5%AE%9C%E8%98%AD%E7%98%8B%E5%AD%B8%E7%BF%92-%E6%9A%91%E5%81%87_%E6%95%99%E8%82%B2%E8%99%95%E9%A6%96%E9%A0%81-1440-x-1080-%E5%83%8F%E7%B4%A0.png HTTP/1.1" 304 5581 "https://it.ilc.edu.tw/" "Mozilla/5.0 (Windows NT 10.0; Win64; x64) AppleWebKit/537.36 (KHTML, like Gecko) Chrome/151.0.0.0 Safari/537.36"
2001:288:a273:1:98:5038:21cb:2b52 - - [17/Aug/2026:10:30:57 +0800] "GET /wp-content/uploads/sites/3846/2026/06/%E5%AE%A3%E5%82%B3%E5%9C%96%E7%89%87.png HTTP/1.1" 304 5581 "https://it.ilc.edu.tw/" "Mozilla/5.0 (Windows NT 10.0; Win64; x64) AppleWebKit/537.36 (KHTML, like Gecko) Chrome/151.0.0.0 Safari/537.36"
::1 - - [17/Aug/2026:10:30:58 +0800] "OPTIONS * HTTP/1.0" 200 110 "-" "Apache/2.4.68 (Ubuntu) OpenSSL/3.0.19 (internal dummy connection)"
::1 - - [17/Aug/2026:10:30:59 +0800] "OPTIONS * HTTP/1.0" 200 110 "-" "Apache/2.4.68 (Ubuntu) OpenSSL/3.0.19 (internal dummy connection)"
140.111.67.10 - - [17/Aug/2026:10:31:00 +0800] "GET /" 301 273 "-" "-"
2001:288:a201::66:125 - - [17/Aug/2026:10:31:00 +0800] "GET /blog/active.php HTTP/1.1" 301 1026 "-" "-"
2001:288:a201::66:125 - - [17/Aug/2026:10:31:00 +0800] "GET /blog/active.php HTTP/1.1" 404 1084 "-" "-"
::1 - - [17/Aug/2026:10:31:00 +0800] "OPTIONS * HTTP/1.0" 200 110 "-" "Apache/2.4.68 (Ubuntu) OpenSSL/3.0.19 (internal dummy connection)"
2001:b011:bc02:3430:79bc:bd70:b8c0:8c02 - - [17/Aug/2026:10:31:00 +0800] "GET /wp-content/uploads/sites/3846/2023/07/%E6%95%99%E8%82%B2%E8%99%95%E5%85%AB%E5%A4%A7%E6%96%B9%E9%87%9D.png HTTP/1.1" 200 200327 "https://it.ilc.edu.tw/" "Mozilla/5.0 (iPhone; CPU iPhone OS 18_7 like Mac OS X) AppleWebKit/605.1.15 (KHTML, like Gecko) Version/26.6 Mobile/15E148 Safari/604.1"
::1 - - [17/Aug/2026:10:31:01 +0800] "OPTIONS * HTTP/1.0" 200 110 "-" "Apache/2.4.68 (Ubuntu) OpenSSL/3.0.19 (internal dummy connection)"
2001:4860:7:410::f5 - - [17/Aug/2026:10:31:01 +0800] "GET /868/46269/ HTTP/1.1" 200 19999 "https://www.google.com/" "Mozilla/5.0 (Windows NT 10.0; Win64; x64) AppleWebKit/537.36 (KHTML, like Gecko) Chrome/131.0.0.0 Safari/537.36"
66.249.71.163 - - [17/Aug/2026:10:30:59 +0800] "GET /wp-login.php?key=3jtqg381&_wpnonce=&action=ilc_logout&redirect_to=https%3A%2F%2Fwww.aayyy.com%2Fgames HTTP/1.1" 302 8243 "-" "Mozilla/5.0 (Linux; Android 6.0.1; Nexus 5X Build/MMB29P) AppleWebKit/537.36 (KHTML, like Gecko) Chrome/151.0.7922.137 Mobile Safari/537.36 (compatible; Googlebot/2.1; +http://www.google.com/bot.html)"
140.111.67.195 - - [17/Aug/2026:10:31:01 +0800] "GET /wp-admin/admin-post.php?action=steps_ad HTTP/1.1" 200 1649 "-" "node-fetch/1.0 (+https://github.com/bitinn/node-fetch)"
2001:b011:bc02:3430:79bc:bd70:b8c0:8c02 - - [17/Aug/2026:10:31:02 +0800] "GET /wp-content/uploads/sites/3846/2026/02/%E9%81%BF%E5%85%8D%E8%AA%A4%E5%85%A5%E8%A9%90%E9%A8%99%E7%B6%B2%E7%AB%99APP%E5%B0%8F%E5%B8%B8%E8%AD%98.jpg HTTP/1.1" 200 454833 "https://it.ilc.edu.tw/" "Mozilla/5.0 (iPhone; CPU iPhone OS 18_7 like Mac OS X) AppleWebKit/605.1.15 (KHTML, like Gecko) Version/26.6 Mobile/15E148 Safari/604.1"
2001:b011:bc02:3430:79bc:bd70:b8c0:8c02 - - [17/Aug/2026:10:31:02 +0800] "GET /wp-content/uploads/sites/3846/2026/08/%E8%BE%B2%E6%A5%AD%E9%83%A8%E5%BB%A3%E5%91%8A.jpg HTTP/1.1" 200 240914 "https://it.ilc.edu.tw/" "Mozilla/5.0 (iPhone; CPU iPhone OS 18_7 like Mac OS X) AppleWebKit/605.1.15 (KHTML, like Gecko) Version/26.6 Mobile/15E148 Safari/604.1"
2001:b011:bc02:3430:79bc:bd70:b8c0:8c02 - - [17/Aug/2026:10:31:02 +0800] "GET /wp-content/uploads/sites/3846/2026/06/%E5%AE%A3%E5%82%B3%E5%9C%96%E7%89%87.png HTTP/1.1" 200 1053112 "https://it.ilc.edu.tw/" "Mozilla/5.0 (iPhone; CPU iPhone OS 18_7 like Mac OS X) AppleWebKit/605.1.15 (KHTML, like Gecko) Version/26.6 Mobile/15E148 Safari/604.1"
2001:b011:bc02:3430:79bc:bd70:b8c0:8c02 - - [17/Aug/2026:10:31:02 +0800] "GET /wp-content/uploads/sites/3846/2026/06/2026%E5%AE%9C%E8%98%AD%E7%98%8B%E5%AD%B8%E7%BF%92-%E6%9A%91%E5%81%87_%E6%95%99%E8%82%B2%E8%99%95%E9%A6%96%E9%A0%81-1440-x-1080-%E5%83%8F%E7%B4%A0.png HTTP/1.1" 200 2050723 "https://it.ilc.edu.tw/" "Mozilla/5.0 (iPhone; CPU iPhone OS 18_7 like Mac OS X) AppleWebKit/605.1.15 (KHTML, like Gecko) Version/26.6 Mobile/15E148 Safari/604.1"
52.167.144.227 - - [17/Aug/2026:10:31:02 +0800] "GET /yleerc/?s= HTTP/1.1" 200 23302 "-" "Mozilla/5.0 AppleWebKit/537.36 (KHTML, like Gecko; compatible; bingbot/2.0; +http://www.bing.com/bingbot.htm) Chrome/116.0.1938.76 Safari/537.36"
