2407:4b00:4c02:877a:e4e8:e623:2098:ab3d - - [17/Aug/2026:10:37:19 +0800] "GET /wp-content/cache/www.iljh.ilc.edu.tw/wpfc-minified/l08hupu6/6x5k.css HTTP/1.1" 200 1157 "https://www.iljh.ilc.edu.tw/" "Mozilla/5.0 (Windows NT 10.0; Win64; x64) AppleWebKit/537.36 (KHTML, like Gecko) Chrome/151.0.0.0 Safari/537.36 Edg/151.0.0.0"
2407:4b00:4c02:877a:e4e8:e623:2098:ab3d - - [17/Aug/2026:10:37:19 +0800] "GET /wp-content/cache/www.iljh.ilc.edu.tw/wpfc-minified/2nbn6vpt/9jhti.css HTTP/1.1" 200 76991 "https://www.iljh.ilc.edu.tw/" "Mozilla/5.0 (Windows NT 10.0; Win64; x64) AppleWebKit/537.36 (KHTML, like Gecko) Chrome/151.0.0.0 Safari/537.36 Edg/151.0.0.0"
2407:4b00:4c02:877a:e4e8:e623:2098:ab3d - - [17/Aug/2026:10:37:19 +0800] "GET /wp-content/uploads/sites/399/elementor/css/post-177.css HTTP/1.1" 200 1268 "https://www.iljh.ilc.edu.tw/" "Mozilla/5.0 (Windows NT 10.0; Win64; x64) AppleWebKit/537.36 (KHTML, like Gecko) Chrome/151.0.0.0 Safari/537.36 Edg/151.0.0.0"
2407:4b00:4c02:877a:e4e8:e623:2098:ab3d - - [17/Aug/2026:10:37:19 +0800] "GET /wp-content/cache/www.iljh.ilc.edu.tw/wpfc-minified/kq8d2w4m/6x5k.css HTTP/1.1" 200 22880 "https://www.iljh.ilc.edu.tw/" "Mozilla/5.0 (Windows NT 10.0; Win64; x64) AppleWebKit/537.36 (KHTML, like Gecko) Chrome/151.0.0.0 Safari/537.36 Edg/151.0.0.0"
2407:4b00:4c02:877a:e4e8:e623:2098:ab3d - - [17/Aug/2026:10:37:19 +0800] "GET /wp-content/uploads/sites/399/elementor/css/post-123.css HTTP/1.1" 200 1561 "https://www.iljh.ilc.edu.tw/" "Mozilla/5.0 (Windows NT 10.0; Win64; x64) AppleWebKit/537.36 (KHTML, like Gecko) Chrome/151.0.0.0 Safari/537.36 Edg/151.0.0.0"
2407:4b00:4c02:877a:e4e8:e623:2098:ab3d - - [17/Aug/2026:10:37:19 +0800] "GET /wp-content/cache/www.iljh.ilc.edu.tw/wpfc-minified/kzrkedox/6x5k.css HTTP/1.1" 200 5939 "https://www.iljh.ilc.edu.tw/" "Mozilla/5.0 (Windows NT 10.0; Win64; x64) AppleWebKit/537.36 (KHTML, like Gecko) Chrome/151.0.0.0 Safari/537.36 Edg/151.0.0.0"
2407:4b00:4c02:877a:e4e8:e623:2098:ab3d - - [17/Aug/2026:10:37:19 +0800] "GET /wp-content/cache/www.iljh.ilc.edu.tw/wpfc-minified/6o4f8d1p/9jhti.css HTTP/1.1" 200 12504 "https://www.iljh.ilc.edu.tw/" "Mozilla/5.0 (Windows NT 10.0; Win64; x64) AppleWebKit/537.36 (KHTML, like Gecko) Chrome/151.0.0.0 Safari/537.36 Edg/151.0.0.0"
2407:4b00:4c02:877a:e4e8:e623:2098:ab3d - - [17/Aug/2026:10:37:19 +0800] "GET /wp-content/cache/www.iljh.ilc.edu.tw/wpfc-minified/lpq7ontm/6x5k.js HTTP/1.1" 200 35557 "https://www.iljh.ilc.edu.tw/" "Mozilla/5.0 (Windows NT 10.0; Win64; x64) AppleWebKit/537.36 (KHTML, like Gecko) Chrome/151.0.0.0 Safari/537.36 Edg/151.0.0.0"
2407:4b00:4c02:877a:e4e8:e623:2098:ab3d - - [17/Aug/2026:10:37:19 +0800] "GET /wp-content/cache/www.iljh.ilc.edu.tw/wpfc-minified/ko19z0ao/68c0s.js HTTP/1.1" 200 5165 "https://www.iljh.ilc.edu.tw/" "Mozilla/5.0 (Windows NT 10.0; Win64; x64) AppleWebKit/537.36 (KHTML, like Gecko) Chrome/151.0.0.0 Safari/537.36 Edg/151.0.0.0"
2407:4b00:4c02:877a:e4e8:e623:2098:ab3d - - [17/Aug/2026:10:37:19 +0800] "GET /wp-content/cache/www.iljh.ilc.edu.tw/wpfc-minified/f1u5yfdd/6x5k.js HTTP/1.1" 200 3452 "https://www.iljh.ilc.edu.tw/" "Mozilla/5.0 (Windows NT 10.0; Win64; x64) AppleWebKit/537.36 (KHTML, like Gecko) Chrome/151.0.0.0 Safari/537.36 Edg/151.0.0.0"
2407:4b00:4c02:877a:e4e8:e623:2098:ab3d - - [17/Aug/2026:10:37:19 +0800] "GET /wp-content/uploads/sites/399/2020/10/%E3%80%90%E6%96%B0%E3%80%91%E5%A0%B4%E5%9C%B0%E9%A0%90%E7%B4%84.jpg HTTP/1.1" 200 10203 "https://www.iljh.ilc.edu.tw/" "Mozilla/5.0 (Windows NT 10.0; Win64; x64) AppleWebKit/537.36 (KHTML, like Gecko) Chrome/151.0.0.0 Safari/537.36 Edg/151.0.0.0"
2407:4b00:4c02:877a:e4e8:e623:2098:ab3d - - [17/Aug/2026:10:37:19 +0800] "GET /wp-includes/js/hoverintent-js.min.js HTTP/1.1" 200 1597 "https://www.iljh.ilc.edu.tw/" "Mozilla/5.0 (Windows NT 10.0; Win64; x64) AppleWebKit/537.36 (KHTML, like Gecko) Chrome/151.0.0.0 Safari/537.36 Edg/151.0.0.0"
2407:4b00:4c02:877a:e4e8:e623:2098:ab3d - - [17/Aug/2026:10:37:19 +0800] "GET /wp-includes/js/imagesloaded.min.js HTTP/1.1" 200 2683 "https://www.iljh.ilc.edu.tw/" "Mozilla/5.0 (Windows NT 10.0; Win64; x64) AppleWebKit/537.36 (KHTML, like Gecko) Chrome/151.0.0.0 Safari/537.36 Edg/151.0.0.0"
2407:4b00:4c02:877a:e4e8:e623:2098:ab3d - - [17/Aug/2026:10:37:19 +0800] "GET /wp-includes/js/admin-bar.min.js HTTP/1.1" 200 2237 "https://www.iljh.ilc.edu.tw/" "Mozilla/5.0 (Windows NT 10.0; Win64; x64) AppleWebKit/537.36 (KHTML, like Gecko) Chrome/151.0.0.0 Safari/537.36 Edg/151.0.0.0"
2407:4b00:4c02:877a:e4e8:e623:2098:ab3d - - [17/Aug/2026:10:37:19 +0800] "GET /wp-content/uploads/sites/399/2022/03/%E8%98%AD%E4%B8%AD%E7%9B%B8%E7%B0%BF.jpg HTTP/1.1" 200 47709 "https://www.iljh.ilc.edu.tw/" "Mozilla/5.0 (Windows NT 10.0; Win64; x64) AppleWebKit/537.36 (KHTML, like Gecko) Chrome/151.0.0.0 Safari/537.36 Edg/151.0.0.0"
2407:4b00:4c02:877a:e4e8:e623:2098:ab3d - - [17/Aug/2026:10:37:19 +0800] "GET /wp-content/uploads/sites/399/2026/07/%E9%BB%83%E8%89%B2%E7%B4%85%E8%89%B2%E5%95%A1%E8%89%B2%E6%9C%89%E8%B6%A3%E7%9A%84%E6%85%B6%E5%85%B8%E5%BC%8F%E5%82%B3%E7%B5%B1%E7%95%A2%E6%A5%AD%E6%A9%AB%E9%A1%8D-2048x1024.png HTTP/1.1" 200 192522 "https://www.iljh.ilc.edu.tw/" "Mozilla/5.0 (Windows NT 10.0; Win64; x64) AppleWebKit/537.36 (KHTML, like Gecko) Chrome/151.0.0.0 Safari/537.36 Edg/151.0.0.0"
2407:4b00:4c02:877a:e4e8:e623:2098:ab3d - - [17/Aug/2026:10:37:19 +0800] "GET /wp-content/uploads/sites/399/2019/06/406467821_7388977591120447_7556267014640184717_n-768x576.jpg HTTP/1.1" 200 124405 "https://www.iljh.ilc.edu.tw/" "Mozilla/5.0 (Windows NT 10.0; Win64; x64) AppleWebKit/537.36 (KHTML, like Gecko) Chrome/151.0.0.0 Safari/537.36 Edg/151.0.0.0"
2407:4b00:4c02:877a:e4e8:e623:2098:ab3d - - [17/Aug/2026:10:37:19 +0800] "GET /wp-content/themes/oceanwp/assets/js/drop-down-search.min.js HTTP/1.1" 200 2968 "https://www.iljh.ilc.edu.tw/" "Mozilla/5.0 (Windows NT 10.0; Win64; x64) AppleWebKit/537.36 (KHTML, like Gecko) Chrome/151.0.0.0 Safari/537.36 Edg/151.0.0.0"
2407:4b00:4c02:877a:e4e8:e623:2098:ab3d - - [17/Aug/2026:10:37:19 +0800] "GET /wp-content/themes/oceanwp/assets/js/drop-down-mobile-menu.min.js HTTP/1.1" 200 4663 "https://www.iljh.ilc.edu.tw/" "Mozilla/5.0 (Windows NT 10.0; Win64; x64) AppleWebKit/537.36 (KHTML, like Gecko) Chrome/151.0.0.0 Safari/537.36 Edg/151.0.0.0"
2407:4b00:4c02:877a:e4e8:e623:2098:ab3d - - [17/Aug/2026:10:37:19 +0800] "GET /wp-content/themes/oceanwp/assets/js/theme.min.js HTTP/1.1" 200 5130 "https://www.iljh.ilc.edu.tw/" "Mozilla/5.0 (Windows NT 10.0; Win64; x64) AppleWebKit/537.36 (KHTML, like Gecko) Chrome/151.0.0.0 Safari/537.36 Edg/151.0.0.0"
2407:4b00:4c02:877a:e4e8:e623:2098:ab3d - - [17/Aug/2026:10:37:19 +0800] "GET /wp-content/themes/oceanwp/assets/js/vendors/magnific-popup.min.js HTTP/1.1" 200 8270 "https://www.iljh.ilc.edu.tw/" "Mozilla/5.0 (Windows NT 10.0; Win64; x64) AppleWebKit/537.36 (KHTML, like Gecko) Chrome/151.0.0.0 Safari/537.36 Edg/151.0.0.0"
2407:4b00:4c02:877a:e4e8:e623:2098:ab3d - - [17/Aug/2026:10:37:19 +0800] "GET /wp-content/themes/oceanwp/assets/js/vendors/flickity.pkgd.min.js HTTP/1.1" 200 15048 "https://www.iljh.ilc.edu.tw/" "Mozilla/5.0 (Windows NT 10.0; Win64; x64) AppleWebKit/537.36 (KHTML, like Gecko) Chrome/151.0.0.0 Safari/537.36 Edg/151.0.0.0"
2407:4b00:4c02:877a:e4e8:e623:2098:ab3d - - [17/Aug/2026:10:37:19 +0800] "GET /wp-content/themes/oceanwp/assets/js/ow-lightbox.min.js HTTP/1.1" 200 2321 "https://www.iljh.ilc.edu.tw/" "Mozilla/5.0 (Windows NT 10.0; Win64; x64) AppleWebKit/537.36 (KHTML, like Gecko) Chrome/151.0.0.0 Safari/537.36 Edg/151.0.0.0"
2407:4b00:4c02:8282:fd30:3ee7:26a2:bd8b - - [17/Aug/2026:10:37:19 +0800] "GET /apple-touch-icon-precomposed.png HTTP/1.1" 404 80198 "-" "NetworkingExtension/8624.4.5.10.5 Network/5812.160.9 iOS/26.6"
2407:4b00:4c02:877a:e4e8:e623:2098:ab3d - - [17/Aug/2026:10:37:19 +0800] "GET /wp-content/themes/oceanwp/assets/js/ow-slider.min.js HTTP/1.1" 200 1761 "https://www.iljh.ilc.edu.tw/" "Mozilla/5.0 (Windows NT 10.0; Win64; x64) AppleWebKit/537.36 (KHTML, like Gecko) Chrome/151.0.0.0 Safari/537.36 Edg/151.0.0.0"
2407:4b00:4c02:8282:fd30:3ee7:26a2:bd8b - - [17/Aug/2026:10:37:19 +0800] "GET /favicon.ico HTTP/1.1" 302 5857 "-" "NetworkingExtension/8624.4.5.10.5 Network/5812.160.9 iOS/26.6"
2407:4b00:4c02:877a:e4e8:e623:2098:ab3d - - [17/Aug/2026:10:37:19 +0800] "GET /wp-content/themes/oceanwp/assets/js/scroll-effect.min.js HTTP/1.1" 200 4127 "https://www.iljh.ilc.edu.tw/" "Mozilla/5.0 (Windows NT 10.0; Win64; x64) AppleWebKit/537.36 (KHTML, like Gecko) Chrome/151.0.0.0 Safari/537.36 Edg/151.0.0.0"
2407:4b00:4c02:877a:e4e8:e623:2098:ab3d - - [17/Aug/2026:10:37:19 +0800] "GET /wp-content/themes/oceanwp/assets/js/scroll-top.min.js HTTP/1.1" 200 3202 "https://www.iljh.ilc.edu.tw/" "Mozilla/5.0 (Windows NT 10.0; Win64; x64) AppleWebKit/537.36 (KHTML, like Gecko) Chrome/151.0.0.0 Safari/537.36 Edg/151.0.0.0"
2407:4b00:4c02:877a:e4e8:e623:2098:ab3d - - [17/Aug/2026:10:37:19 +0800] "GET /wp-content/themes/oceanwp/assets/js/select.min.js HTTP/1.1" 200 2408 "https://www.iljh.ilc.edu.tw/" "Mozilla/5.0 (Windows NT 10.0; Win64; x64) AppleWebKit/537.36 (KHTML, like Gecko) Chrome/151.0.0.0 Safari/537.36 Edg/151.0.0.0"
2407:4b00:4c02:877a:e4e8:e623:2098:ab3d - - [17/Aug/2026:10:37:19 +0800] "GET /wp-content/plugins/ocean-extra/includes/widgets/js/flickr.min.js HTTP/1.1" 200 1319 "https://www.iljh.ilc.edu.tw/" "Mozilla/5.0 (Windows NT 10.0; Win64; x64) AppleWebKit/537.36 (KHTML, like Gecko) Chrome/151.0.0.0 Safari/537.36 Edg/151.0.0.0"
2407:4b00:4c02:8282:fd30:3ee7:26a2:bd8b - - [17/Aug/2026:10:37:19 +0800] "GET /wp-content/uploads/sites/50/2019/04/cropped-ksnewlogo-32x32.png HTTP/1.1" 200 2979 "-" "NetworkingExtension/8624.4.5.10.5 Network/5812.160.9 iOS/26.6"
2407:4b00:4c02:877a:e4e8:e623:2098:ab3d - - [17/Aug/2026:10:37:19 +0800] "GET /wp-content/uploads/sites/399/2026/06/c89be951-26ff-4770-a5e5-5df647053831.jpg HTTP/1.1" 200 244087 "https://www.iljh.ilc.edu.tw/" "Mozilla/5.0 (Windows NT 10.0; Win64; x64) AppleWebKit/537.36 (KHTML, like Gecko) Chrome/151.0.0.0 Safari/537.36 Edg/151.0.0.0"
2407:4b00:4c02:8282:fd30:3ee7:26a2:bd8b - - [17/Aug/2026:10:37:19 +0800] "GET /apple-touch-icon.png HTTP/1.1" 404 80198 "-" "NetworkingExtension/8624.4.5.10.5 Network/5812.160.9 iOS/26.6"
2407:4b00:4c02:877a:e4e8:e623:2098:ab3d - - [17/Aug/2026:10:37:19 +0800] "GET /wp-content/plugins/elementor/assets/js/webpack.runtime.min.js HTTP/1.1" 200 3095 "https://www.iljh.ilc.edu.tw/" "Mozilla/5.0 (Windows NT 10.0; Win64; x64) AppleWebKit/537.36 (KHTML, like Gecko) Chrome/151.0.0.0 Safari/537.36 Edg/151.0.0.0"
2407:4b00:4c02:877a:e4e8:e623:2098:ab3d - - [17/Aug/2026:10:37:19 +0800] "GET /wp-content/plugins/elementor-pro/assets/js/webpack-pro.runtime.min.js HTTP/1.1" 200 3562 "https://www.iljh.ilc.edu.tw/" "Mozilla/5.0 (Windows NT 10.0; Win64; x64) AppleWebKit/537.36 (KHTML, like Gecko) Chrome/151.0.0.0 Safari/537.36 Edg/151.0.0.0"
2407:4b00:4c02:877a:e4e8:e623:2098:ab3d - - [17/Aug/2026:10:37:19 +0800] "GET /wp-content/plugins/elementor/assets/js/frontend-modules.min.js HTTP/1.1" 200 19416 "https://www.iljh.ilc.edu.tw/" "Mozilla/5.0 (Windows NT 10.0; Win64; x64) AppleWebKit/537.36 (KHTML, like Gecko) Chrome/151.0.0.0 Safari/537.36 Edg/151.0.0.0"
2407:4b00:4c02:877a:e4e8:e623:2098:ab3d - - [17/Aug/2026:10:37:19 +0800] "GET /wp-includes/js/dist/hooks.min.js HTTP/1.1" 200 2421 "https://www.iljh.ilc.edu.tw/" "Mozilla/5.0 (Windows NT 10.0; Win64; x64) AppleWebKit/537.36 (KHTML, like Gecko) Chrome/151.0.0.0 Safari/537.36 Edg/151.0.0.0"
2407:4b00:4c02:8282:fd30:3ee7:26a2:bd8b - - [17/Aug/2026:10:37:19 +0800] "GET / HTTP/1.1" 200 31015 "-" "Mozilla/5.0 (Macintosh; Intel Mac OS X 10_11_1) AppleWebKit/601.2.4 (KHTML, like Gecko) Version/9.0.1 Safari/601.2.4 facebookexternalhit/1.1 Facebot Twitterbot/1.0"
2407:4b00:4c02:877a:e4e8:e623:2098:ab3d - - [17/Aug/2026:10:37:19 +0800] "GET /wp-content/uploads/sites/399/2025/05/%E6%96%B0%E5%A2%9E%E5%B0%88%E6%A1%88-1-1.jpg HTTP/1.1" 200 664018 "https://www.iljh.ilc.edu.tw/" "Mozilla/5.0 (Windows NT 10.0; Win64; x64) AppleWebKit/537.36 (KHTML, like Gecko) Chrome/151.0.0.0 Safari/537.36 Edg/151.0.0.0"
2407:4b00:4c02:877a:e4e8:e623:2098:ab3d - - [17/Aug/2026:10:37:19 +0800] "GET /wp-content/plugins/elementor-pro/assets/js/frontend.min.js HTTP/1.1" 200 7574 "https://www.iljh.ilc.edu.tw/" "Mozilla/5.0 (Windows NT 10.0; Win64; x64) AppleWebKit/537.36 (KHTML, like Gecko) Chrome/151.0.0.0 Safari/537.36 Edg/151.0.0.0"
2407:4b00:4c02:877a:e4e8:e623:2098:ab3d - - [17/Aug/2026:10:37:19 +0800] "GET /wp-includes/js/dist/i18n.min.js HTTP/1.1" 200 4547 "https://www.iljh.ilc.edu.tw/" "Mozilla/5.0 (Windows NT 10.0; Win64; x64) AppleWebKit/537.36 (KHTML, like Gecko) Chrome/151.0.0.0 Safari/537.36 Edg/151.0.0.0"
2407:4b00:4c02:877a:e4e8:e623:2098:ab3d - - [17/Aug/2026:10:37:19 +0800] "GET /wp-includes/js/jquery/ui/core.min.js HTTP/1.1" 200 7986 "https://www.iljh.ilc.edu.tw/" "Mozilla/5.0 (Windows NT 10.0; Win64; x64) AppleWebKit/537.36 (KHTML, like Gecko) Chrome/151.0.0.0 Safari/537.36 Edg/151.0.0.0"
2407:4b00:4c02:877a:e4e8:e623:2098:ab3d - - [17/Aug/2026:10:37:19 +0800] "GET /wp-content/plugins/elementor/assets/lib/waypoints/waypoints.min.js HTTP/1.1" 200 3873 "https://www.iljh.ilc.edu.tw/" "Mozilla/5.0 (Windows NT 10.0; Win64; x64) AppleWebKit/537.36 (KHTML, like Gecko) Chrome/151.0.0.0 Safari/537.36 Edg/151.0.0.0"
140.111.67.10 - - [17/Aug/2026:10:37:20 +0800] "GET /" 301 273 "-" "-"
2407:4b00:4c02:877a:e4e8:e623:2098:ab3d - - [17/Aug/2026:10:37:20 +0800] "GET /wp-content/plugins/elementor/assets/js/frontend.min.js HTTP/1.1" 200 13169 "https://www.iljh.ilc.edu.tw/" "Mozilla/5.0 (Windows NT 10.0; Win64; x64) AppleWebKit/537.36 (KHTML, like Gecko) Chrome/151.0.0.0 Safari/537.36 Edg/151.0.0.0"
2407:4b00:4c02:877a:e4e8:e623:2098:ab3d - - [17/Aug/2026:10:37:20 +0800] "GET /wp-content/plugins/elementor-pro/assets/js/elements-handlers.min.js HTTP/1.1" 200 10882 "https://www.iljh.ilc.edu.tw/" "Mozilla/5.0 (Windows NT 10.0; Win64; x64) AppleWebKit/537.36 (KHTML, like Gecko) Chrome/151.0.0.0 Safari/537.36 Edg/151.0.0.0"
2407:4b00:4c02:877a:e4e8:e623:2098:ab3d - - [17/Aug/2026:10:37:20 +0800] "GET /wp-content/uploads/sites/399/2025/06/6064c312_E775167_4a519498-removebg-preview.png HTTP/1.1" 200 90554 "https://www.iljh.ilc.edu.tw/" "Mozilla/5.0 (Windows NT 10.0; Win64; x64) AppleWebKit/537.36 (KHTML, like Gecko) Chrome/151.0.0.0 Safari/537.36 Edg/151.0.0.0"
2407:4b00:4c02:8282:fd30:3ee7:26a2:bd8b - - [17/Aug/2026:10:37:20 +0800] "GET /wp-content/uploads/sites/50/2026/01/%E5%9C%96%E7%89%871.png HTTP/1.1" 200 95212 "-" "NetworkingExtension/8624.4.5.10.5 Network/5812.160.9 iOS/26.6"
2407:4b00:4c02:8282:fd30:3ee7:26a2:bd8b - - [17/Aug/2026:10:37:20 +0800] "GET /wp-content/uploads/sites/50/2025/04/cropped-KS-logo.png HTTP/1.1" 200 134130 "-" "NetworkingExtension/8624.4.5.10.5 Network/5812.160.9 iOS/26.6"
2407:4b00:4c02:877a:e4e8:e623:2098:ab3d - - [17/Aug/2026:10:37:20 +0800] "GET /wp-content/uploads/sites/399/2025/07/searching.png HTTP/1.1" 200 2685 "https://www.iljh.ilc.edu.tw/" "Mozilla/5.0 (Windows NT 10.0; Win64; x64) AppleWebKit/537.36 (KHTML, like Gecko) Chrome/151.0.0.0 Safari/537.36 Edg/151.0.0.0"
2407:4b00:4c02:877a:e4e8:e623:2098:ab3d - - [17/Aug/2026:10:37:20 +0800] "GET /wp-content/uploads/sites/399/2025/08/114%E5%B9%B4%E3%80%8C%E6%9A%91%E6%9C%9F%E4%BF%9D%E8%AD%B7%E9%9D%92%E5%B0%91%E5%B9%B4-%E9%9D%92%E6%98%A5%E5%B0%88%E6%A1%88%E3%80%8D%E5%AE%A3%E5%B0%8E-%E4%B8%80%E3%80%81-%E6%8B%92%E7%B5%95%E5%85%92%E7%AB%A5%E5%8F%8A%E9%9D%92%E5%B0%91%E5%B9%B4%E9%81%AD%E5%8F%97%E6%80%A7%E5%89%9D%E5%89%8A%E3%80%82-%E4%BA%8C%E3%80%81-%E4%BB%BB%E4%BD%95%E4%BA%BA-1.png HTTP/1.1" 200 734459 "https://www.iljh.ilc.edu.tw/" "Mozilla/5.0 (Windows NT 10.0; Win64; x64) AppleWebKit/537.36 (KHTML, like Gecko) Chrome/151.0.0.0 Safari/537.36 Edg/151.0.0.0"
2407:4b00:4c02:877a:e4e8:e623:2098:ab3d - - [17/Aug/2026:10:37:20 +0800] "GET /wp-content/uploads/sites/399/2026/02/unnamed-12.jpg HTTP/1.1" 200 245291 "https://www.iljh.ilc.edu.tw/" "Mozilla/5.0 (Windows NT 10.0; Win64; x64) AppleWebKit/537.36 (KHTML, like Gecko) Chrome/151.0.0.0 Safari/537.36 Edg/151.0.0.0"
2407:4b00:4c02:877a:e4e8:e623:2098:ab3d - - [17/Aug/2026:10:37:20 +0800] "GET /wp-content/plugins/elementor/assets/lib/share-link/share-link.min.js?ver=3.22.3 HTTP/1.1" 200 2049 "https://www.iljh.ilc.edu.tw/" "Mozilla/5.0 (Windows NT 10.0; Win64; x64) AppleWebKit/537.36 (KHTML, like Gecko) Chrome/151.0.0.0 Safari/537.36 Edg/151.0.0.0"
2407:4b00:4c02:877a:e4e8:e623:2098:ab3d - - [17/Aug/2026:10:37:20 +0800] "GET /wp-content/plugins/elementor/assets/js/lightbox.94b920846d1e37cafb78.bundle.min.js HTTP/1.1" 200 10857 "https://www.iljh.ilc.edu.tw/" "Mozilla/5.0 (Windows NT 10.0; Win64; x64) AppleWebKit/537.36 (KHTML, like Gecko) Chrome/151.0.0.0 Safari/537.36 Edg/151.0.0.0"
2407:4b00:4c02:877a:e4e8:e623:2098:ab3d - - [17/Aug/2026:10:37:20 +0800] "GET /wp-content/plugins/elementor/assets/lib/dialog/dialog.min.js?ver=4.9.0 HTTP/1.1" 200 4368 "https://www.iljh.ilc.edu.tw/" "Mozilla/5.0 (Windows NT 10.0; Win64; x64) AppleWebKit/537.36 (KHTML, like Gecko) Chrome/151.0.0.0 Safari/537.36 Edg/151.0.0.0"
140.111.67.195 - - [17/Aug/2026:10:37:20 +0800] "GET /wp-admin/admin-post.php?action=steps_ad HTTP/1.1" 200 1973 "-" "node-fetch/1.0 (+https://github.com/bitinn/node-fetch)"
2407:4b00:4c02:8282:fd30:3ee7:26a2:bd8b - - [17/Aug/2026:10:37:20 +0800] "GET /wp-content/uploads/sites/50/2019/04/cropped-ksnewlogo-32x32.png HTTP/1.1" 200 7780 "-" "NetworkingExtension/8624.4.5.10.5 Network/5812.160.9 iOS/26.6"
2407:4b00:4c02:877a:e4e8:e623:2098:ab3d - - [17/Aug/2026:10:37:20 +0800] "GET /wp-content/plugins/elementor/assets/js/text-editor.2c35aafbe5bf0e127950.bundle.min.js HTTP/1.1" 200 1545 "https://www.iljh.ilc.edu.tw/" "Mozilla/5.0 (Windows NT 10.0; Win64; x64) AppleWebKit/537.36 (KHTML, like Gecko) Chrome/151.0.0.0 Safari/537.36 Edg/151.0.0.0"
2407:4b00:4c02:877a:e4e8:e623:2098:ab3d - - [17/Aug/2026:10:37:20 +0800] "GET /wp-content/uploads/sites/399/2025/08/114%E5%B9%B4%E3%80%8C%E6%9A%91%E6%9C%9F%E4%BF%9D%E8%AD%B7%E9%9D%92%E5%B0%91%E5%B9%B4-%E9%9D%92%E6%98%A5%E5%B0%88%E6%A1%88%E3%80%8D%E5%AE%A3%E5%B0%8E-%E4%B8%80%E3%80%81-%E6%8B%92%E7%B5%95%E5%85%92%E7%AB%A5%E5%8F%8A%E9%9D%92%E5%B0%91%E5%B9%B4%E9%81%AD%E5%8F%97%E6%80%A7%E5%89%9D%E5%89%8A%E3%80%82-%E4%BA%8C%E3%80%81-%E4%BB%BB%E4%BD%95%E4%BA%BA-1-1536x1086.png HTTP/1.1" 200 746436 "https://www.iljh.ilc.edu.tw/" "Mozilla/5.0 (Windows NT 10.0; Win64; x64) AppleWebKit/537.36 (KHTML, like Gecko) Chrome/151.0.0.0 Safari/537.36 Edg/151.0.0.0"
2407:4b00:4c02:8282:fd30:3ee7:26a2:bd8b - - [17/Aug/2026:10:37:20 +0800] "GET /wp-content/uploads/sites/50/2019/04/cropped-ksnewlogo-192x192.png HTTP/1.1" 200 35157 "-" "NetworkingExtension/8624.4.5.10.5 Network/5812.160.9 iOS/26.6"
2407:4b00:4c02:8282:fd30:3ee7:26a2:bd8b - - [17/Aug/2026:10:37:20 +0800] "GET /wp-content/uploads/sites/50/2024/03/CRPDLOGOFINAL-1024x512.jpg HTTP/1.1" 200 77767 "-" "NetworkingExtension/8624.4.5.10.5 Network/5812.160.9 iOS/26.6"
2407:4b00:4c02:877a:e4e8:e623:2098:ab3d - - [17/Aug/2026:10:37:20 +0800] "GET /wp-content/plugins/elementor/assets/lib/font-awesome/webfonts/fa-solid-900.woff2 HTTP/1.1" 200 79223 "https://www.iljh.ilc.edu.tw/wp-content/cache/www.iljh.ilc.edu.tw/wpfc-minified/kq8d2w4m/6x5k.css" "Mozilla/5.0 (Windows NT 10.0; Win64; x64) AppleWebKit/537.36 (KHTML, like Gecko) Chrome/151.0.0.0 Safari/537.36 Edg/151.0.0.0"
2001:288:a201::66:125 - - [17/Aug/2026:10:37:21 +0800] "GET /blog/active.php HTTP/1.1" 301 1026 "-" "-"
2001:288:a201::66:125 - - [17/Aug/2026:10:37:21 +0800] "GET /blog/active.php HTTP/1.1" 404 1084 "-" "-"
2407:4b00:4c02:8282:fd30:3ee7:26a2:bd8b - - [17/Aug/2026:10:37:21 +0800] "GET /wp-content/uploads/sites/50/2019/04/cropped-ksnewlogo-180x180.png HTTP/1.1" 200 33260 "-" "NetworkingExtension/8624.4.5.10.5 Network/5812.160.9 iOS/26.6"
::1 - - [17/Aug/2026:10:37:22 +0800] "OPTIONS * HTTP/1.0" 200 110 "-" "Apache/2.4.68 (Ubuntu) OpenSSL/3.0.19 (internal dummy connection)"
2407:4b00:4c02:877a:e4e8:e623:2098:ab3d - - [17/Aug/2026:10:37:23 +0800] "GET /wp-content/uploads/sites/399/2023/08/%E6%A0%A1%E5%BE%BDAI%E6%AA%94-1-150x150.png HTTP/1.1" 200 17459 "https://www.iljh.ilc.edu.tw/" "Mozilla/5.0 (Windows NT 10.0; Win64; x64) AppleWebKit/537.36 (KHTML, like Gecko) Chrome/151.0.0.0 Safari/537.36 Edg/151.0.0.0"
::1 - - [17/Aug/2026:10:37:23 +0800] "OPTIONS * HTTP/1.0" 200 110 "-" "Apache/2.4.68 (Ubuntu) OpenSSL/3.0.19 (internal dummy connection)"
140.111.67.195 - - [17/Aug/2026:10:37:24 +0800] "GET /wp-admin/admin-post.php?action=steps_ad HTTP/1.1" 200 1649 "-" "node-fetch/1.0 (+https://github.com/bitinn/node-fetch)"
140.111.67.195 - - [17/Aug/2026:10:37:24 +0800] "GET /wp-admin/admin-post.php?action=steps_ad HTTP/1.1" 200 1973 "-" "node-fetch/1.0 (+https://github.com/bitinn/node-fetch)"
111.241.244.205 - - [17/Aug/2026:10:37:24 +0800] "GET /wp-content/uploads/sites/3846/2023/07/%E6%95%99%E8%82%B2%E8%99%95%E5%85%AB%E5%A4%A7%E6%96%B9%E9%87%9D.png HTTP/1.1" 200 200327 "https://it.ilc.edu.tw/" "Mozilla/5.0 (iPhone; CPU iPhone OS 18_7 like Mac OS X) AppleWebKit/605.1.15 (KHTML, like Gecko) Version/26.5 Mobile/15E148 Safari/604.1"
140.111.67.195 - - [17/Aug/2026:10:37:24 +0800] "GET /wp-admin/admin-post.php?action=steps_ad HTTP/1.1" 200 1649 "-" "node-fetch/1.0 (+https://github.com/bitinn/node-fetch)"
140.111.67.10 - - [17/Aug/2026:10:37:25 +0800] "GET /" 301 273 "-" "-"
2001:288:a21c:1:75e8:43a0:d06:3974 - - [17/Aug/2026:10:37:25 +0800] "GET / HTTP/1.1" 200 23847 "-" "Mozilla/5.0 (Windows NT 10.0; Win64; x64) AppleWebKit/537.36 (KHTML, like Gecko) Chrome/151.0.0.0 Safari/537.36"
2001:288:a21c:1:75e8:43a0:d06:3974 - - [17/Aug/2026:10:37:25 +0800] "GET /wp-content/cache/www.sjes.ilc.edu.tw/wpfc-minified/d3su66jp/73w9.css HTTP/1.1" 200 40884 "https://www.sjes.ilc.edu.tw/" "Mozilla/5.0 (Windows NT 10.0; Win64; x64) AppleWebKit/537.36 (KHTML, like Gecko) Chrome/151.0.0.0 Safari/537.36"
2001:288:a21c:1:75e8:43a0:d06:3974 - - [17/Aug/2026:10:37:25 +0800] "GET /wp-content/cache/www.sjes.ilc.edu.tw/wpfc-minified/863zu2lm/73w9.css HTTP/1.1" 200 1496 "https://www.sjes.ilc.edu.tw/" "Mozilla/5.0 (Windows NT 10.0; Win64; x64) AppleWebKit/537.36 (KHTML, like Gecko) Chrome/151.0.0.0 Safari/537.36"
2001:288:a21c:1:75e8:43a0:d06:3974 - - [17/Aug/2026:10:37:25 +0800] "GET /wp-content/cache/www.sjes.ilc.edu.tw/wpfc-minified/m0q0qk39/73w9.css HTTP/1.1" 200 2315 "https://www.sjes.ilc.edu.tw/" "Mozilla/5.0 (Windows NT 10.0; Win64; x64) AppleWebKit/537.36 (KHTML, like Gecko) Chrome/151.0.0.0 Safari/537.36"
2001:288:a21c:1:75e8:43a0:d06:3974 - - [17/Aug/2026:10:37:25 +0800] "GET /wp-content/uploads/sites/1594/elementor/css/post-387.css HTTP/1.1" 200 942 "https://www.sjes.ilc.edu.tw/" "Mozilla/5.0 (Windows NT 10.0; Win64; x64) AppleWebKit/537.36 (KHTML, like Gecko) Chrome/151.0.0.0 Safari/537.36"
2001:288:a21c:1:75e8:43a0:d06:3974 - - [17/Aug/2026:10:37:25 +0800] "GET /wp-content/uploads/sites/1594/elementor/css/post-399.css HTTP/1.1" 200 1608 "https://www.sjes.ilc.edu.tw/" "Mozilla/5.0 (Windows NT 10.0; Win64; x64) AppleWebKit/537.36 (KHTML, like Gecko) Chrome/151.0.0.0 Safari/537.36"
2001:288:a21c:1:75e8:43a0:d06:3974 - - [17/Aug/2026:10:37:25 +0800] "GET /wp-content/cache/www.sjes.ilc.edu.tw/wpfc-minified/ee322nm4/73w9.css HTTP/1.1" 200 7702 "https://www.sjes.ilc.edu.tw/" "Mozilla/5.0 (Windows NT 10.0; Win64; x64) AppleWebKit/537.36 (KHTML, like Gecko) Chrome/151.0.0.0 Safari/537.36"
2001:288:a21c:1:75e8:43a0:d06:3974 - - [17/Aug/2026:10:37:25 +0800] "GET /wp-content/cache/www.sjes.ilc.edu.tw/wpfc-minified/8w09vl0q/73w9.js HTTP/1.1" 200 35558 "https://www.sjes.ilc.edu.tw/" "Mozilla/5.0 (Windows NT 10.0; Win64; x64) AppleWebKit/537.36 (KHTML, like Gecko) Chrome/151.0.0.0 Safari/537.36"
2001:288:a21c:1:75e8:43a0:d06:3974 - - [17/Aug/2026:10:37:25 +0800] "GET /wp-content/cache/www.sjes.ilc.edu.tw/wpfc-minified/byyjjaw/73w9.css HTTP/1.1" 200 93522 "https://www.sjes.ilc.edu.tw/" "Mozilla/5.0 (Windows NT 10.0; Win64; x64) AppleWebKit/537.36 (KHTML, like Gecko) Chrome/151.0.0.0 Safari/537.36"
2001:288:a21c:1:75e8:43a0:d06:3974 - - [17/Aug/2026:10:37:25 +0800] "GET /wp-content/cache/www.sjes.ilc.edu.tw/wpfc-minified/ffxh5xl0/73w9.css HTTP/1.1" 200 47626 "https://www.sjes.ilc.edu.tw/" "Mozilla/5.0 (Windows NT 10.0; Win64; x64) AppleWebKit/537.36 (KHTML, like Gecko) Chrome/151.0.0.0 Safari/537.36"
2001:288:a21c:1:75e8:43a0:d06:3974 - - [17/Aug/2026:10:37:25 +0800] "GET /wp-includes/js/hoverintent-js.min.js HTTP/1.1" 200 1597 "https://www.sjes.ilc.edu.tw/" "Mozilla/5.0 (Windows NT 10.0; Win64; x64) AppleWebKit/537.36 (KHTML, like Gecko) Chrome/151.0.0.0 Safari/537.36"
2001:288:a21c:1:75e8:43a0:d06:3974 - - [17/Aug/2026:10:37:25 +0800] "GET /wp-content/cache/www.sjes.ilc.edu.tw/wpfc-minified/q11gd49/73w9.js HTTP/1.1" 200 2359 "https://www.sjes.ilc.edu.tw/" "Mozilla/5.0 (Windows NT 10.0; Win64; x64) AppleWebKit/537.36 (KHTML, like Gecko) Chrome/151.0.0.0 Safari/537.36"
2001:288:a21c:1:75e8:43a0:d06:3974 - - [17/Aug/2026:10:37:25 +0800] "GET /wp-includes/js/admin-bar.min.js HTTP/1.1" 200 2237 "https://www.sjes.ilc.edu.tw/" "Mozilla/5.0 (Windows NT 10.0; Win64; x64) AppleWebKit/537.36 (KHTML, like Gecko) Chrome/151.0.0.0 Safari/537.36"
2001:288:a21c:1:75e8:43a0:d06:3974 - - [17/Aug/2026:10:37:25 +0800] "GET /wp-includes/js/imagesloaded.min.js HTTP/1.1" 200 2683 "https://www.sjes.ilc.edu.tw/" "Mozilla/5.0 (Windows NT 10.0; Win64; x64) AppleWebKit/537.36 (KHTML, like Gecko) Chrome/151.0.0.0 Safari/537.36"
2001:288:a21c:1:75e8:43a0:d06:3974 - - [17/Aug/2026:10:37:25 +0800] "GET /wp-content/themes/oceanwp/assets/js/drop-down-mobile-menu.min.js HTTP/1.1" 200 4663 "https://www.sjes.ilc.edu.tw/" "Mozilla/5.0 (Windows NT 10.0; Win64; x64) AppleWebKit/537.36 (KHTML, like Gecko) Chrome/151.0.0.0 Safari/537.36"
140.111.67.195 - - [17/Aug/2026:10:37:25 +0800] "GET /wp-admin/admin-post.php?action=steps_ad HTTP/1.1" 200 1649 "-" "node-fetch/1.0 (+https://github.com/bitinn/node-fetch)"
2001:288:a21c:1:75e8:43a0:d06:3974 - - [17/Aug/2026:10:37:25 +0800] "GET /wp-content/themes/oceanwp/assets/js/theme.min.js HTTP/1.1" 200 5130 "https://www.sjes.ilc.edu.tw/" "Mozilla/5.0 (Windows NT 10.0; Win64; x64) AppleWebKit/537.36 (KHTML, like Gecko) Chrome/151.0.0.0 Safari/537.36"
2001:288:a21c:1:75e8:43a0:d06:3974 - - [17/Aug/2026:10:37:25 +0800] "GET /wp-content/themes/oceanwp/assets/js/drop-down-search.min.js HTTP/1.1" 200 2968 "https://www.sjes.ilc.edu.tw/" "Mozilla/5.0 (Windows NT 10.0; Win64; x64) AppleWebKit/537.36 (KHTML, like Gecko) Chrome/151.0.0.0 Safari/537.36"
2001:288:a21c:1:75e8:43a0:d06:3974 - - [17/Aug/2026:10:37:25 +0800] "GET /wp-content/themes/oceanwp/assets/js/ow-lightbox.min.js HTTP/1.1" 200 2321 "https://www.sjes.ilc.edu.tw/" "Mozilla/5.0 (Windows NT 10.0; Win64; x64) AppleWebKit/537.36 (KHTML, like Gecko) Chrome/151.0.0.0 Safari/537.36"
2001:288:a21c:1:75e8:43a0:d06:3974 - - [17/Aug/2026:10:37:25 +0800] "GET /wp-content/themes/oceanwp/assets/js/vendors/magnific-popup.min.js HTTP/1.1" 200 8270 "https://www.sjes.ilc.edu.tw/" "Mozilla/5.0 (Windows NT 10.0; Win64; x64) AppleWebKit/537.36 (KHTML, like Gecko) Chrome/151.0.0.0 Safari/537.36"
2001:288:a21c:1:75e8:43a0:d06:3974 - - [17/Aug/2026:10:37:25 +0800] "GET /wp-content/themes/oceanwp/assets/js/vendors/flickity.pkgd.min.js HTTP/1.1" 200 15048 "https://www.sjes.ilc.edu.tw/" "Mozilla/5.0 (Windows NT 10.0; Win64; x64) AppleWebKit/537.36 (KHTML, like Gecko) Chrome/151.0.0.0 Safari/537.36"
2001:288:a21c:1:75e8:43a0:d06:3974 - - [17/Aug/2026:10:37:25 +0800] "GET /wp-content/themes/oceanwp/assets/js/ow-slider.min.js HTTP/1.1" 200 1761 "https://www.sjes.ilc.edu.tw/" "Mozilla/5.0 (Windows NT 10.0; Win64; x64) AppleWebKit/537.36 (KHTML, like Gecko) Chrome/151.0.0.0 Safari/537.36"
2001:288:a21c:1:75e8:43a0:d06:3974 - - [17/Aug/2026:10:37:25 +0800] "GET /wp-content/themes/oceanwp/assets/js/scroll-effect.min.js HTTP/1.1" 200 4127 "https://www.sjes.ilc.edu.tw/" "Mozilla/5.0 (Windows NT 10.0; Win64; x64) AppleWebKit/537.36 (KHTML, like Gecko) Chrome/151.0.0.0 Safari/537.36"
2001:288:a21c:1:75e8:43a0:d06:3974 - - [17/Aug/2026:10:37:25 +0800] "GET /wp-content/themes/oceanwp/assets/js/scroll-top.min.js HTTP/1.1" 200 3202 "https://www.sjes.ilc.edu.tw/" "Mozilla/5.0 (Windows NT 10.0; Win64; x64) AppleWebKit/537.36 (KHTML, like Gecko) Chrome/151.0.0.0 Safari/537.36"
2001:288:a21c:1:75e8:43a0:d06:3974 - - [17/Aug/2026:10:37:25 +0800] "GET /wp-content/themes/oceanwp/assets/js/select.min.js HTTP/1.1" 200 2408 "https://www.sjes.ilc.edu.tw/" "Mozilla/5.0 (Windows NT 10.0; Win64; x64) AppleWebKit/537.36 (KHTML, like Gecko) Chrome/151.0.0.0 Safari/537.36"
2001:288:a21c:1:75e8:43a0:d06:3974 - - [17/Aug/2026:10:37:25 +0800] "GET /wp-content/plugins/elementor-pro/assets/js/webpack-pro.runtime.min.js HTTP/1.1" 200 3562 "https://www.sjes.ilc.edu.tw/" "Mozilla/5.0 (Windows NT 10.0; Win64; x64) AppleWebKit/537.36 (KHTML, like Gecko) Chrome/151.0.0.0 Safari/537.36"
2001:288:a21c:1:75e8:43a0:d06:3974 - - [17/Aug/2026:10:37:25 +0800] "GET /wp-content/plugins/ocean-extra/includes/widgets/js/flickr.min.js HTTP/1.1" 200 1319 "https://www.sjes.ilc.edu.tw/" "Mozilla/5.0 (Windows NT 10.0; Win64; x64) AppleWebKit/537.36 (KHTML, like Gecko) Chrome/151.0.0.0 Safari/537.36"
2001:288:a21c:1:75e8:43a0:d06:3974 - - [17/Aug/2026:10:37:25 +0800] "GET /wp-content/plugins/elementor/assets/js/webpack.runtime.min.js HTTP/1.1" 200 3095 "https://www.sjes.ilc.edu.tw/" "Mozilla/5.0 (Windows NT 10.0; Win64; x64) AppleWebKit/537.36 (KHTML, like Gecko) Chrome/151.0.0.0 Safari/537.36"
2001:288:a21c:1:75e8:43a0:d06:3974 - - [17/Aug/2026:10:37:25 +0800] "GET /wp-includes/js/dist/hooks.min.js HTTP/1.1" 200 2421 "https://www.sjes.ilc.edu.tw/" "Mozilla/5.0 (Windows NT 10.0; Win64; x64) AppleWebKit/537.36 (KHTML, like Gecko) Chrome/151.0.0.0 Safari/537.36"
2001:288:a21c:1:75e8:43a0:d06:3974 - - [17/Aug/2026:10:37:25 +0800] "GET /wp-includes/js/dist/i18n.min.js HTTP/1.1" 200 4547 "https://www.sjes.ilc.edu.tw/" "Mozilla/5.0 (Windows NT 10.0; Win64; x64) AppleWebKit/537.36 (KHTML, like Gecko) Chrome/151.0.0.0 Safari/537.36"
2001:288:a21c:1:75e8:43a0:d06:3974 - - [17/Aug/2026:10:37:25 +0800] "GET /wp-content/plugins/elementor/assets/js/frontend-modules.min.js HTTP/1.1" 200 19416 "https://www.sjes.ilc.edu.tw/" "Mozilla/5.0 (Windows NT 10.0; Win64; x64) AppleWebKit/537.36 (KHTML, like Gecko) Chrome/151.0.0.0 Safari/537.36"
2001:288:a21c:1:75e8:43a0:d06:3974 - - [17/Aug/2026:10:37:25 +0800] "GET /wp-content/plugins/elementor/assets/lib/waypoints/waypoints.min.js HTTP/1.1" 200 3873 "https://www.sjes.ilc.edu.tw/" "Mozilla/5.0 (Windows NT 10.0; Win64; x64) AppleWebKit/537.36 (KHTML, like Gecko) Chrome/151.0.0.0 Safari/537.36"
2001:288:a21c:1:75e8:43a0:d06:3974 - - [17/Aug/2026:10:37:25 +0800] "GET /wp-content/plugins/elementor-pro/assets/js/frontend.min.js HTTP/1.1" 200 7574 "https://www.sjes.ilc.edu.tw/" "Mozilla/5.0 (Windows NT 10.0; Win64; x64) AppleWebKit/537.36 (KHTML, like Gecko) Chrome/151.0.0.0 Safari/537.36"
2001:288:a21c:1:75e8:43a0:d06:3974 - - [17/Aug/2026:10:37:25 +0800] "GET /wp-includes/js/jquery/ui/core.min.js HTTP/1.1" 200 7986 "https://www.sjes.ilc.edu.tw/" "Mozilla/5.0 (Windows NT 10.0; Win64; x64) AppleWebKit/537.36 (KHTML, like Gecko) Chrome/151.0.0.0 Safari/537.36"
2001:288:a21c:1:75e8:43a0:d06:3974 - - [17/Aug/2026:10:37:25 +0800] "GET /wp-content/plugins/elementor-pro/assets/js/elements-handlers.min.js HTTP/1.1" 200 10882 "https://www.sjes.ilc.edu.tw/" "Mozilla/5.0 (Windows NT 10.0; Win64; x64) AppleWebKit/537.36 (KHTML, like Gecko) Chrome/151.0.0.0 Safari/537.36"
2001:288:a21c:1:75e8:43a0:d06:3974 - - [17/Aug/2026:10:37:25 +0800] "GET /wp-content/plugins/elementor/assets/js/frontend.min.js HTTP/1.1" 200 13169 "https://www.sjes.ilc.edu.tw/" "Mozilla/5.0 (Windows NT 10.0; Win64; x64) AppleWebKit/537.36 (KHTML, like Gecko) Chrome/151.0.0.0 Safari/537.36"
2001:288:a201::66:125 - - [17/Aug/2026:10:37:25 +0800] "GET /blog/active.php HTTP/1.1" 404 1084 "-" "-"
2001:288:a201::66:125 - - [17/Aug/2026:10:37:25 +0800] "GET /blog/active.php HTTP/1.1" 301 1026 "-" "-"
2001:288:a21c:1:75e8:43a0:d06:3974 - - [17/Aug/2026:10:37:25 +0800] "GET /wp-content/themes/oceanwp/assets/fonts/fontawesome/webfonts/fa-solid-900.woff2 HTTP/1.1" 200 151246 "https://www.sjes.ilc.edu.tw/wp-content/cache/www.sjes.ilc.edu.tw/wpfc-minified/byyjjaw/73w9.css" "Mozilla/5.0 (Windows NT 10.0; Win64; x64) AppleWebKit/537.36 (KHTML, like Gecko) Chrome/151.0.0.0 Safari/537.36"
2001:288:a21c:1:75e8:43a0:d06:3974 - - [17/Aug/2026:10:37:25 +0800] "GET /wp-content/uploads/sites/1594/2024/05/113-%E5%9B%9B%E7%B5%90%E5%85%92%E7%AB%A5%E5%B0%81%E9%9D%A2-2.jpg HTTP/1.1" 200 901973 "https://www.sjes.ilc.edu.tw/" "Mozilla/5.0 (Windows NT 10.0; Win64; x64) AppleWebKit/537.36 (KHTML, like Gecko) Chrome/151.0.0.0 Safari/537.36"
140.111.67.195 - - [17/Aug/2026:10:37:25 +0800] "GET /wp-admin/admin-post.php?action=steps_ad HTTP/1.1" 200 1649 "-" "node-fetch/1.0 (+https://github.com/bitinn/node-fetch)"
140.111.67.195 - - [17/Aug/2026:10:37:25 +0800] "GET /wp-admin/admin-post.php?action=steps_ad HTTP/1.1" 200 1649 "-" "node-fetch/1.0 (+https://github.com/bitinn/node-fetch)"
2001:288:a26a:1:6923:8bf3:4374:c578 - - [17/Aug/2026:10:37:26 +0800] "POST /hsics/wp-admin/admin-ajax.php HTTP/1.1" 200 1459 "https://2blog.ilc.edu.tw/hsics/wp-admin/edit.php" "Mozilla/5.0 (Windows NT 10.0; Win64; x64) AppleWebKit/537.36 (KHTML, like Gecko) Chrome/151.0.0.0 Safari/537.36"
2001:b400:e708:d6af:e5d5:e626:70f5:ff3f - - [17/Aug/2026:10:37:25 +0800] "GET /favicon.ico HTTP/1.1" 302 5937 "-" "NetworkingExtension/8624.5.1.10.1 Network/5812.160.9 iOS/26.6.1"
2001:b400:e708:d6af:e5d5:e626:70f5:ff3f - - [17/Aug/2026:10:37:27 +0800] "GET /wp-content/uploads/sites/2666/2020/10/cropped-040628%E5%BE%A9%E8%88%88%E5%9C%8B%E4%B8%ADlogo-only-FSblue-3-32x32.gif HTTP/1.1" 200 1778 "-" "NetworkingExtension/8624.5.1.10.1 Network/5812.160.9 iOS/26.6.1"
2001:b400:e708:d6af:e5d5:e626:70f5:ff3f - - [17/Aug/2026:10:37:25 +0800] "GET / HTTP/1.1" 200 29825 "-" "Mozilla/5.0 (Macintosh; Intel Mac OS X 10_11_1) AppleWebKit/601.2.4 (KHTML, like Gecko) Version/9.0.1 Safari/601.2.4 facebookexternalhit/1.1 Facebot Twitterbot/1.0"
111.241.244.205 - - [17/Aug/2026:10:37:27 +0800] "GET /wp-content/uploads/sites/3846/2026/08/%E8%BE%B2%E6%A5%AD%E9%83%A8%E5%BB%A3%E5%91%8A.jpg HTTP/1.1" 200 240914 "https://it.ilc.edu.tw/" "Mozilla/5.0 (iPhone; CPU iPhone OS 18_7 like Mac OS X) AppleWebKit/605.1.15 (KHTML, like Gecko) Version/26.5 Mobile/15E148 Safari/604.1"
2001:b400:e708:d6af:e5d5:e626:70f5:ff3f - - [17/Aug/2026:10:37:25 +0800] "GET /apple-touch-icon.png HTTP/1.1" 404 90808 "-" "NetworkingExtension/8624.5.1.10.1 Network/5812.160.9 iOS/26.6.1"
111.241.244.205 - - [17/Aug/2026:10:37:27 +0800] "GET /wp-content/uploads/sites/3846/2026/02/%E9%81%BF%E5%85%8D%E8%AA%A4%E5%85%A5%E8%A9%90%E9%A8%99%E7%B6%B2%E7%AB%99APP%E5%B0%8F%E5%B8%B8%E8%AD%98.jpg HTTP/1.1" 200 454833 "https://it.ilc.edu.tw/" "Mozilla/5.0 (iPhone; CPU iPhone OS 18_7 like Mac OS X) AppleWebKit/605.1.15 (KHTML, like Gecko) Version/26.5 Mobile/15E148 Safari/604.1"
2001:b400:e708:d6af:e5d5:e626:70f5:ff3f - - [17/Aug/2026:10:37:25 +0800] "GET /apple-touch-icon-precomposed.png HTTP/1.1" 404 90808 "-" "NetworkingExtension/8624.5.1.10.1 Network/5812.160.9 iOS/26.6.1"
111.241.244.205 - - [17/Aug/2026:10:37:27 +0800] "GET /wp-content/uploads/sites/3846/2026/06/2026%E5%AE%9C%E8%98%AD%E7%98%8B%E5%AD%B8%E7%BF%92-%E6%9A%91%E5%81%87_%E6%95%99%E8%82%B2%E8%99%95%E9%A6%96%E9%A0%81-1440-x-1080-%E5%83%8F%E7%B4%A0.png HTTP/1.1" 200 2050723 "https://it.ilc.edu.tw/" "Mozilla/5.0 (iPhone; CPU iPhone OS 18_7 like Mac OS X) AppleWebKit/605.1.15 (KHTML, like Gecko) Version/26.5 Mobile/15E148 Safari/604.1"
2001:b400:e708:d6af:e5d5:e626:70f5:ff3f - - [17/Aug/2026:10:37:28 +0800] "GET /wp-content/uploads/sites/2666/2020/10/cropped-040628%E5%BE%A9%E8%88%88%E5%9C%8B%E4%B8%ADlogo-only-FSblue-3-192x192.gif HTTP/1.1" 200 14227 "-" "NetworkingExtension/8624.5.1.10.1 Network/5812.160.9 iOS/26.6.1"
2001:b400:e708:d6af:e5d5:e626:70f5:ff3f - - [17/Aug/2026:10:37:27 +0800] "GET /wp-content/uploads/sites/2666/2020/10/cropped-040628%E5%BE%A9%E8%88%88%E5%9C%8B%E4%B8%ADlogo-only-FSblue-3-180x180.gif HTTP/1.1" 200 13358 "-" "NetworkingExtension/8624.5.1.10.1 Network/5812.160.9 iOS/26.6.1"
2001:b400:e708:d6af:e5d5:e626:70f5:ff3f - - [17/Aug/2026:10:37:27 +0800] "GET /wp-content/uploads/sites/2666/2020/10/cropped-040628%E5%BE%A9%E8%88%88%E5%9C%8B%E4%B8%ADlogo-only-FSblue-3-32x32.gif HTTP/1.1" 200 1778 "-" "NetworkingExtension/8624.5.1.10.1 Network/5812.160.9 iOS/26.6.1"
111.241.244.205 - - [17/Aug/2026:10:37:27 +0800] "GET /wp-content/uploads/sites/3846/2026/06/%E5%AE%A3%E5%82%B3%E5%9C%96%E7%89%87.png HTTP/1.1" 200 1053112 "https://it.ilc.edu.tw/" "Mozilla/5.0 (iPhone; CPU iPhone OS 18_7 like Mac OS X) AppleWebKit/605.1.15 (KHTML, like Gecko) Version/26.5 Mobile/15E148 Safari/604.1"
140.111.67.195 - - [17/Aug/2026:10:37:27 +0800] "GET /wp-admin/admin-post.php?action=steps_ad HTTP/1.1" 200 1649 "-" "node-fetch/1.0 (+https://github.com/bitinn/node-fetch)"
140.111.67.195 - - [17/Aug/2026:10:37:27 +0800] "GET /wp-admin/admin-post.php?action=steps_ad HTTP/1.1" 200 1649 "-" "node-fetch/1.0 (+https://github.com/bitinn/node-fetch)"
42.79.132.172 - - [17/Aug/2026:10:37:29 +0800] "-" 408 4796 "-" "-"
140.111.67.195 - - [17/Aug/2026:10:37:29 +0800] "GET /wp-admin/admin-post.php?action=steps_ad HTTP/1.1" 200 1649 "-" "node-fetch/1.0 (+https://github.com/bitinn/node-fetch)"
140.111.67.10 - - [17/Aug/2026:10:37:30 +0800] "GET /" 301 273 "-" "-"
2001:288:a201::66:125 - - [17/Aug/2026:10:37:30 +0800] "GET /blog/active.php HTTP/1.1" 301 1026 "-" "-"
2001:288:a201::66:125 - - [17/Aug/2026:10:37:30 +0800] "GET /blog/active.php HTTP/1.1" 404 1084 "-" "-"
140.111.67.195 - - [17/Aug/2026:10:37:32 +0800] "GET /wp-admin/admin-post.php?action=steps_ad HTTP/1.1" 200 1649 "-" "node-fetch/1.0 (+https://github.com/bitinn/node-fetch)"
52.167.144.163 - - [17/Aug/2026:10:37:32 +0800] "GET /1003/?s=%E6%B8%AF%E6%98%8E%E9%AB%98%E4%B8%AD HTTP/1.1" 200 13771 "-" "Mozilla/5.0 AppleWebKit/537.36 (KHTML, like Gecko; compatible; bingbot/2.0; +http://www.bing.com/bingbot.htm) Chrome/116.0.1938.76 Safari/537.36"
::1 - - [17/Aug/2026:10:37:33 +0800] "OPTIONS * HTTP/1.0" 200 110 "-" "Apache/2.4.68 (Ubuntu) OpenSSL/3.0.19 (internal dummy connection)"
140.111.67.195 - - [17/Aug/2026:10:37:33 +0800] "GET /wp-admin/admin-post.php?action=steps_ad HTTP/1.1" 200 1649 "-" "node-fetch/1.0 (+https://github.com/bitinn/node-fetch)"
140.111.67.195 - - [17/Aug/2026:10:37:33 +0800] "GET /wp-admin/admin-post.php?action=steps_ad HTTP/1.1" 200 1649 "-" "node-fetch/1.0 (+https://github.com/bitinn/node-fetch)"
140.111.67.195 - - [17/Aug/2026:10:37:34 +0800] "GET /wp-admin/admin-post.php?action=steps_ad HTTP/1.1" 200 1649 "-" "node-fetch/1.0 (+https://github.com/bitinn/node-fetch)"
::1 - - [17/Aug/2026:10:37:34 +0800] "OPTIONS * HTTP/1.0" 200 110 "-" "Apache/2.4.68 (Ubuntu) OpenSSL/3.0.19 (internal dummy connection)"
140.111.67.10 - - [17/Aug/2026:10:37:35 +0800] "GET /" 301 273 "-" "-"
::1 - - [17/Aug/2026:10:37:35 +0800] "OPTIONS * HTTP/1.0" 200 110 "-" "Apache/2.4.68 (Ubuntu) OpenSSL/3.0.19 (internal dummy connection)"
2001:288:a201::66:125 - - [17/Aug/2026:10:37:35 +0800] "GET /blog/active.php HTTP/1.1" 301 1026 "-" "-"
2001:288:a201::66:125 - - [17/Aug/2026:10:37:35 +0800] "GET /blog/active.php HTTP/1.1" 404 1084 "-" "-"
140.111.67.195 - - [17/Aug/2026:10:37:36 +0800] "GET /wp-admin/admin-post.php?action=steps_ad HTTP/1.1" 200 1649 "-" "node-fetch/1.0 (+https://github.com/bitinn/node-fetch)"
::1 - - [17/Aug/2026:10:37:36 +0800] "OPTIONS * HTTP/1.0" 200 110 "-" "Apache/2.4.68 (Ubuntu) OpenSSL/3.0.19 (internal dummy connection)"
140.111.67.195 - - [17/Aug/2026:10:37:36 +0800] "GET /wp-admin/admin-post.php?action=steps_ad HTTP/1.1" 200 1649 "-" "node-fetch/1.0 (+https://github.com/bitinn/node-fetch)"
2001:288:a22b:1:50e6:b342:eaa1:ed96 - - [17/Aug/2026:10:37:36 +0800] "GET /wp-content/uploads/sites/3846/2026/08/%E8%BE%B2%E6%A5%AD%E9%83%A8%E5%BB%A3%E5%91%8A.jpg HTTP/1.1" 200 240914 "https://it.ilc.edu.tw/" "Mozilla/5.0 (Windows NT 10.0; Win64; x64) AppleWebKit/537.36 (KHTML, like Gecko) Chrome/151.0.0.0 Safari/537.36"
2001:288:a22b:1:50e6:b342:eaa1:ed96 - - [17/Aug/2026:10:37:36 +0800] "GET /wp-content/uploads/sites/3846/2026/02/%E9%81%BF%E5%85%8D%E8%AA%A4%E5%85%A5%E8%A9%90%E9%A8%99%E7%B6%B2%E7%AB%99APP%E5%B0%8F%E5%B8%B8%E8%AD%98.jpg HTTP/1.1" 200 459624 "https://it.ilc.edu.tw/" "Mozilla/5.0 (Windows NT 10.0; Win64; x64) AppleWebKit/537.36 (KHTML, like Gecko) Chrome/151.0.0.0 Safari/537.36"
2001:288:a22b:1:50e6:b342:eaa1:ed96 - - [17/Aug/2026:10:37:36 +0800] "GET /wp-content/uploads/sites/3846/2026/06/%E5%AE%A3%E5%82%B3%E5%9C%96%E7%89%87.png HTTP/1.1" 200 1053112 "https://it.ilc.edu.tw/" "Mozilla/5.0 (Windows NT 10.0; Win64; x64) AppleWebKit/537.36 (KHTML, like Gecko) Chrome/151.0.0.0 Safari/537.36"
2001:288:a22b:1:50e6:b342:eaa1:ed96 - - [17/Aug/2026:10:37:36 +0800] "GET /wp-content/uploads/sites/3846/2026/06/2026%E5%AE%9C%E8%98%AD%E7%98%8B%E5%AD%B8%E7%BF%92-%E6%9A%91%E5%81%87_%E6%95%99%E8%82%B2%E8%99%95%E9%A6%96%E9%A0%81-1440-x-1080-%E5%83%8F%E7%B4%A0.png HTTP/1.1" 200 2050723 "https://it.ilc.edu.tw/" "Mozilla/5.0 (Windows NT 10.0; Win64; x64) AppleWebKit/537.36 (KHTML, like Gecko) Chrome/151.0.0.0 Safari/537.36"
66.249.71.65 - - [17/Aug/2026:10:37:37 +0800] "GET /robots.txt HTTP/1.1" 200 778 "-" "Mozilla/5.0 (compatible; Googlebot/2.1; +http://www.google.com/bot.html)"
140.111.67.10 - - [17/Aug/2026:10:37:40 +0800] "GET /" 301 273 "-" "-"
140.111.67.195 - - [17/Aug/2026:10:37:40 +0800] "GET /wp-admin/admin-post.php?action=steps_ad HTTP/1.1" 200 1649 "-" "node-fetch/1.0 (+https://github.com/bitinn/node-fetch)"
2001:288:a201::66:125 - - [17/Aug/2026:10:37:40 +0800] "GET /blog/active.php HTTP/1.1" 301 1026 "-" "-"
140.111.67.195 - - [17/Aug/2026:10:37:40 +0800] "GET /wp-admin/admin-post.php?action=steps_ad HTTP/1.1" 200 1649 "-" "node-fetch/1.0 (+https://github.com/bitinn/node-fetch)"
2001:288:a201::66:125 - - [17/Aug/2026:10:37:40 +0800] "GET /blog/active.php HTTP/1.1" 404 1084 "-" "-"
2001:288:a26a:1:6923:8bf3:4374:c578 - - [17/Aug/2026:10:37:41 +0800] "POST /hsics/wp-admin/admin-ajax.php HTTP/1.1" 200 1459 "https://2blog.ilc.edu.tw/hsics/wp-admin/edit.php" "Mozilla/5.0 (Windows NT 10.0; Win64; x64) AppleWebKit/537.36 (KHTML, like Gecko) Chrome/151.0.0.0 Safari/537.36"
2001:288:a27a:1:6ddc:2a4b:ac26:cde2 - - [17/Aug/2026:10:37:42 +0800] "POST /namt/wp-admin/admin-ajax.php HTTP/1.1" 200 1459 "https://2blog.ilc.edu.tw/namt/wp-admin/user-new.php?user_id=1731" "Mozilla/5.0 (Windows NT 10.0; Win64; x64) AppleWebKit/537.36 (KHTML, like Gecko) Chrome/151.0.0.0 Safari/537.36"
74.125.215.9 - - [17/Aug/2026:10:37:44 +0800] "GET /2014/02/06/%E8%A1%8C%E6%94%BF%E4%BA%BA%E5%8A%9B/ HTTP/1.1" 200 22781 "-" "Mozilla/5.0 (Linux; Android 10; K) AppleWebKit/537.36 (KHTML, like Gecko) Chrome/138.0.0.0 Mobile Safari/537.36 (compatible; Google-Read-Aloud; +https://support.google.com/webmasters/answer/1061943)"
74.125.215.7 - - [17/Aug/2026:10:37:44 +0800] "GET /2014/02/06/%E8%A1%8C%E6%94%BF%E4%BA%BA%E5%8A%9B/ HTTP/1.1" 200 22781 "-" "Mozilla/5.0 (Linux; Android 10; K) AppleWebKit/537.36 (KHTML, like Gecko) Chrome/138.0.0.0 Mobile Safari/537.36 (compatible; Google-Read-Aloud; +https://support.google.com/webmasters/answer/1061943)"
140.111.124.157 - - [17/Aug/2026:10:37:44 +0800] "GET / HTTP/1.1" 200 22308 "-" "Mozilla/5.0 (Windows NT 10.0; Win64; x64) AppleWebKit/537.36 (KHTML, like Gecko) Chrome/151.0.0.0 Safari/537.36"
140.111.124.157 - - [17/Aug/2026:10:37:44 +0800] "GET /css/tab-view.css HTTP/1.1" 404 41863 "https://www.lmes.ilc.edu.tw/" "Mozilla/5.0 (Windows NT 10.0; Win64; x64) AppleWebKit/537.36 (KHTML, like Gecko) Chrome/151.0.0.0 Safari/537.36"
140.111.67.10 - - [17/Aug/2026:10:37:45 +0800] "GET /" 301 273 "-" "-"
74.125.215.7 - - [17/Aug/2026:10:37:45 +0800] "GET /wp-content/themes/oceanwp/assets/js/theme.min.js HTTP/1.1" 200 5130 "https://www.sjes.ilc.edu.tw/2014/02/06/%E8%A1%8C%E6%94%BF%E4%BA%BA%E5%8A%9B/" "Mozilla/5.0 (Linux; Android 10; K) AppleWebKit/537.36 (KHTML, like Gecko) Chrome/138.0.0.0 Mobile Safari/537.36 (compatible; Google-Read-Aloud; +https://support.google.com/webmasters/answer/1061943)"
140.111.124.157 - - [17/Aug/2026:10:37:45 +0800] "GET /js/ajax.js HTTP/1.1" 404 41863 "https://www.lmes.ilc.edu.tw/" "Mozilla/5.0 (Windows NT 10.0; Win64; x64) AppleWebKit/537.36 (KHTML, like Gecko) Chrome/151.0.0.0 Safari/537.36"
140.111.124.157 - - [17/Aug/2026:10:37:45 +0800] "GET /js/tab-view.js HTTP/1.1" 404 42202 "https://www.lmes.ilc.edu.tw/" "Mozilla/5.0 (Windows NT 10.0; Win64; x64) AppleWebKit/537.36 (KHTML, like Gecko) Chrome/151.0.0.0 Safari/537.36"
74.125.215.9 - - [17/Aug/2026:10:37:45 +0800] "GET /wp-content/cache/www.sjes.ilc.edu.tw/wpfc-minified/863zu2lm/73w9.css HTTP/1.1" 200 1157 "https://www.sjes.ilc.edu.tw/2014/02/06/%E8%A1%8C%E6%94%BF%E4%BA%BA%E5%8A%9B/" "Mozilla/5.0 (Linux; Android 10; K) AppleWebKit/537.36 (KHTML, like Gecko) Chrome/138.0.0.0 Mobile Safari/537.36 (compatible; Google-Read-Aloud; +https://support.google.com/webmasters/answer/1061943)"
74.125.215.7 - - [17/Aug/2026:10:37:45 +0800] "GET /wp-content/cache/www.sjes.ilc.edu.tw/wpfc-minified/q11gd49/73w9.js HTTP/1.1" 200 2359 "https://www.sjes.ilc.edu.tw/2014/02/06/%E8%A1%8C%E6%94%BF%E4%BA%BA%E5%8A%9B/" "Mozilla/5.0 (Linux; Android 10; K) AppleWebKit/537.36 (KHTML, like Gecko) Chrome/138.0.0.0 Mobile Safari/537.36 (compatible; Google-Read-Aloud; +https://support.google.com/webmasters/answer/1061943)"
2001:288:a201::66:125 - - [17/Aug/2026:10:37:45 +0800] "GET /blog/active.php HTTP/1.1" 301 1026 "-" "-"
74.125.215.7 - - [17/Aug/2026:10:37:45 +0800] "GET /wp-includes/js/hoverintent-js.min.js HTTP/1.1" 200 6384 "https://www.sjes.ilc.edu.tw/2014/02/06/%E8%A1%8C%E6%94%BF%E4%BA%BA%E5%8A%9B/" "Mozilla/5.0 (Linux; Android 10; K) AppleWebKit/537.36 (KHTML, like Gecko) Chrome/138.0.0.0 Mobile Safari/537.36 (compatible; Google-Read-Aloud; +https://support.google.com/webmasters/answer/1061943)"
74.125.215.8 - - [17/Aug/2026:10:37:45 +0800] "GET /wp-content/themes/oceanwp/assets/js/scroll-effect.min.js HTTP/1.1" 200 8914 "https://www.sjes.ilc.edu.tw/2014/02/06/%E8%A1%8C%E6%94%BF%E4%BA%BA%E5%8A%9B/" "Mozilla/5.0 (Linux; Android 10; K) AppleWebKit/537.36 (KHTML, like Gecko) Chrome/138.0.0.0 Mobile Safari/537.36 (compatible; Google-Read-Aloud; +https://support.google.com/webmasters/answer/1061943)"
74.125.215.9 - - [17/Aug/2026:10:37:45 +0800] "GET /wp-content/themes/oceanwp/assets/js/drop-down-mobile-menu.min.js HTTP/1.1" 200 9450 "https://www.sjes.ilc.edu.tw/2014/02/06/%E8%A1%8C%E6%94%BF%E4%BA%BA%E5%8A%9B/" "Mozilla/5.0 (Linux; Android 10; K) AppleWebKit/537.36 (KHTML, like Gecko) Chrome/138.0.0.0 Mobile Safari/537.36 (compatible; Google-Read-Aloud; +https://support.google.com/webmasters/answer/1061943)"
74.125.215.7 - - [17/Aug/2026:10:37:45 +0800] "GET /wp-content/themes/oceanwp/assets/js/scroll-top.min.js HTTP/1.1" 200 7989 "https://www.sjes.ilc.edu.tw/2014/02/06/%E8%A1%8C%E6%94%BF%E4%BA%BA%E5%8A%9B/" "Mozilla/5.0 (Linux; Android 10; K) AppleWebKit/537.36 (KHTML, like Gecko) Chrome/138.0.0.0 Mobile Safari/537.36 (compatible; Google-Read-Aloud; +https://support.google.com/webmasters/answer/1061943)"
74.125.215.7 - - [17/Aug/2026:10:37:46 +0800] "GET /wp-content/themes/oceanwp/assets/js/drop-down-search.min.js HTTP/1.1" 200 7755 "https://www.sjes.ilc.edu.tw/2014/02/06/%E8%A1%8C%E6%94%BF%E4%BA%BA%E5%8A%9B/" "Mozilla/5.0 (Linux; Android 10; K) AppleWebKit/537.36 (KHTML, like Gecko) Chrome/138.0.0.0 Mobile Safari/537.36 (compatible; Google-Read-Aloud; +https://support.google.com/webmasters/answer/1061943)"
74.125.215.8 - - [17/Aug/2026:10:37:46 +0800] "GET /wp-content/themes/oceanwp/assets/js/vendors/flickity.pkgd.min.js HTTP/1.1" 200 19835 "https://www.sjes.ilc.edu.tw/2014/02/06/%E8%A1%8C%E6%94%BF%E4%BA%BA%E5%8A%9B/" "Mozilla/5.0 (Linux; Android 10; K) AppleWebKit/537.36 (KHTML, like Gecko) Chrome/138.0.0.0 Mobile Safari/537.36 (compatible; Google-Read-Aloud; +https://support.google.com/webmasters/answer/1061943)"
74.125.215.8 - - [17/Aug/2026:10:37:45 +0800] "GET /wp-content/cache/www.sjes.ilc.edu.tw/wpfc-minified/8w09vl0q/73w9.js HTTP/1.1" 200 40345 "https://www.sjes.ilc.edu.tw/2014/02/06/%E8%A1%8C%E6%94%BF%E4%BA%BA%E5%8A%9B/" "Mozilla/5.0 (Linux; Android 10; K) AppleWebKit/537.36 (KHTML, like Gecko) Chrome/138.0.0.0 Mobile Safari/537.36 (compatible; Google-Read-Aloud; +https://support.google.com/webmasters/answer/1061943)"
74.125.215.9 - - [17/Aug/2026:10:37:45 +0800] "GET /wp-content/cache/www.sjes.ilc.edu.tw/wpfc-minified/1qegi0bx/av4s.css HTTP/1.1" 200 67365 "https://www.sjes.ilc.edu.tw/2014/02/06/%E8%A1%8C%E6%94%BF%E4%BA%BA%E5%8A%9B/" "Mozilla/5.0 (Linux; Android 10; K) AppleWebKit/537.36 (KHTML, like Gecko) Chrome/138.0.0.0 Mobile Safari/537.36 (compatible; Google-Read-Aloud; +https://support.google.com/webmasters/answer/1061943)"
140.111.124.157 - - [17/Aug/2026:10:37:45 +0800] "GET /css/tab-view.css HTTP/1.1" 404 41734 "https://www.lmes.ilc.edu.tw/" "Mozilla/5.0 (Windows NT 10.0; Win64; x64) AppleWebKit/537.36 (KHTML, like Gecko) Chrome/151.0.0.0 Safari/537.36"
2001:288:a201::67:81 - - [17/Aug/2026:10:37:45 +0800] "POST /.well-known/traffic-advice?fsm_edd_37394=e2664e2958dc878cdbe541be2b44ccc7 HTTP/1.1" 404 13016 "-" "WordPress/6.6.7; https://www.eces.ilc.edu.tw"
66.249.82.102 - - [17/Aug/2026:10:37:45 +0800] "GET /.well-known/traffic-advice HTTP/1.1" 404 43337 "-" "Chrome Privacy Preserving Prefetch Proxy"
74.125.215.7 - - [17/Aug/2026:10:37:47 +0800] "GET /wp-content/themes/oceanwp/assets/js/vendors/magnific-popup.min.js HTTP/1.1" 200 13057 "https://www.sjes.ilc.edu.tw/2014/02/06/%E8%A1%8C%E6%94%BF%E4%BA%BA%E5%8A%9B/" "Mozilla/5.0 (Linux; Android 10; K) AppleWebKit/537.36 (KHTML, like Gecko) Chrome/138.0.0.0 Mobile Safari/537.36 (compatible; Google-Read-Aloud; +https://support.google.com/webmasters/answer/1061943)"
