120.101.209.107 - - [17/Aug/2026:10:32:30 +0800] "GET /wp-content/uploads/sites/1664/2020/04/108.12.25%E8%80%B6%E8%AA%95%E6%B4%BB%E5%8B%95_200102_0032.jpg HTTP/1.1" 200 284007 "https://www.gjes.ilc.edu.tw/" "Mozilla/5.0 (Windows NT 10.0; Win64; x64) AppleWebKit/537.36 (KHTML, like Gecko) Chrome/151.0.0.0 Safari/537.36 Edg/151.0.0.0"
120.101.209.107 - - [17/Aug/2026:10:32:30 +0800] "GET /wp-content/uploads/sites/1664/2020/04/1090419%E5%85%AC%E6%AD%A3%E5%9C%8B%E5%B0%8F70%E9%80%B1%E5%B9%B4%E6%A0%A1%E6%85%B6%E7%B1%8C%E5%82%99%E6%9C%83_200423_0059.jpg HTTP/1.1" 200 1108290 "https://www.gjes.ilc.edu.tw/" "Mozilla/5.0 (Windows NT 10.0; Win64; x64) AppleWebKit/537.36 (KHTML, like Gecko) Chrome/151.0.0.0 Safari/537.36 Edg/151.0.0.0"
120.101.209.107 - - [17/Aug/2026:10:32:30 +0800] "GET /wp-content/uploads/sites/1664/elementor/thumbs/-77-pb8ygjevwxta5ukiazd4xvlb1mm1qvkqlyfke5cl2o.png HTTP/1.1" 200 15502 "https://www.gjes.ilc.edu.tw/" "Mozilla/5.0 (Windows NT 10.0; Win64; x64) AppleWebKit/537.36 (KHTML, like Gecko) Chrome/151.0.0.0 Safari/537.36 Edg/151.0.0.0"
120.101.209.107 - - [17/Aug/2026:10:32:30 +0800] "GET /wp-content/uploads/sites/1664/2020/08/logo70-300x102.png HTTP/1.1" 200 41081 "https://www.gjes.ilc.edu.tw/" "Mozilla/5.0 (Windows NT 10.0; Win64; x64) AppleWebKit/537.36 (KHTML, like Gecko) Chrome/151.0.0.0 Safari/537.36 Edg/151.0.0.0"
120.101.209.107 - - [17/Aug/2026:10:32:30 +0800] "GET /wp-content/uploads/sites/1664/2025/11/%E6%88%AA%E5%9C%96-2025-11-04-%E4%B8%8A%E5%8D%889.11.06-scaled-1-768x201.png HTTP/1.1" 200 74043 "https://www.gjes.ilc.edu.tw/" "Mozilla/5.0 (Windows NT 10.0; Win64; x64) AppleWebKit/537.36 (KHTML, like Gecko) Chrome/151.0.0.0 Safari/537.36 Edg/151.0.0.0"
120.101.209.107 - - [17/Aug/2026:10:32:30 +0800] "GET /wp-content/uploads/sites/1664/2025/03/1-1-300x75.png HTTP/1.1" 200 13947 "https://www.gjes.ilc.edu.tw/" "Mozilla/5.0 (Windows NT 10.0; Win64; x64) AppleWebKit/537.36 (KHTML, like Gecko) Chrome/151.0.0.0 Safari/537.36 Edg/151.0.0.0"
120.101.209.107 - - [17/Aug/2026:10:32:30 +0800] "GET /wp-content/uploads/sites/1664/2020/05/cab4cfd4235f4a175ca95306d026a641b_30869113_200523_0019_0.jpg HTTP/1.1" 200 196907 "https://www.gjes.ilc.edu.tw/" "Mozilla/5.0 (Windows NT 10.0; Win64; x64) AppleWebKit/537.36 (KHTML, like Gecko) Chrome/151.0.0.0 Safari/537.36 Edg/151.0.0.0"
120.101.209.107 - - [17/Aug/2026:10:32:30 +0800] "GET /wp-content/uploads/sites/1664/2021/08/%E6%88%AA%E5%9C%96-2021-08-14-%E4%B8%8A%E5%8D%8810.03.42-300x68.png HTTP/1.1" 200 15330 "https://www.gjes.ilc.edu.tw/" "Mozilla/5.0 (Windows NT 10.0; Win64; x64) AppleWebKit/537.36 (KHTML, like Gecko) Chrome/151.0.0.0 Safari/537.36 Edg/151.0.0.0"
120.101.209.107 - - [17/Aug/2026:10:32:30 +0800] "GET /wp-content/uploads/sites/1664/2021/08/%E6%88%AA%E5%9C%96-2021-08-14-%E4%B8%8A%E5%8D%889.48.48-300x66.png HTTP/1.1" 200 19085 "https://www.gjes.ilc.edu.tw/" "Mozilla/5.0 (Windows NT 10.0; Win64; x64) AppleWebKit/537.36 (KHTML, like Gecko) Chrome/151.0.0.0 Safari/537.36 Edg/151.0.0.0"
120.101.209.107 - - [17/Aug/2026:10:32:30 +0800] "GET /wp-content/uploads/sites/1664/2021/08/%E6%88%AA%E5%9C%96-2021-08-14-%E4%B8%8A%E5%8D%889.37.42-300x65.png HTTP/1.1" 200 17744 "https://www.gjes.ilc.edu.tw/" "Mozilla/5.0 (Windows NT 10.0; Win64; x64) AppleWebKit/537.36 (KHTML, like Gecko) Chrome/151.0.0.0 Safari/537.36 Edg/151.0.0.0"
120.101.209.107 - - [17/Aug/2026:10:32:30 +0800] "GET /wp-content/uploads/sites/1664/2021/08/%E6%88%AA%E5%9C%96-2021-08-14-%E4%B8%8A%E5%8D%889.48.04-300x65.png HTTP/1.1" 200 14799 "https://www.gjes.ilc.edu.tw/" "Mozilla/5.0 (Windows NT 10.0; Win64; x64) AppleWebKit/537.36 (KHTML, like Gecko) Chrome/151.0.0.0 Safari/537.36 Edg/151.0.0.0"
120.101.209.107 - - [17/Aug/2026:10:32:30 +0800] "GET /wp-content/uploads/sites/1664/2021/08/%E6%88%AA%E5%9C%96-2021-08-14-%E4%B8%8A%E5%8D%889.23.20-300x64.png HTTP/1.1" 200 16611 "https://www.gjes.ilc.edu.tw/" "Mozilla/5.0 (Windows NT 10.0; Win64; x64) AppleWebKit/537.36 (KHTML, like Gecko) Chrome/151.0.0.0 Safari/537.36 Edg/151.0.0.0"
::1 - - [17/Aug/2026:10:32:30 +0800] "OPTIONS * HTTP/1.0" 200 110 "-" "Apache/2.4.68 (Ubuntu) OpenSSL/3.0.19 (internal dummy connection)"
120.101.209.107 - - [17/Aug/2026:10:32:31 +0800] "GET /wp-content/uploads/sites/1664/elementor/thumbs/-70-pb8xo1wysotgb9y3n635vkdey90lh3hl0yott9l3n4.png HTTP/1.1" 200 16331 "https://www.gjes.ilc.edu.tw/" "Mozilla/5.0 (Windows NT 10.0; Win64; x64) AppleWebKit/537.36 (KHTML, like Gecko) Chrome/151.0.0.0 Safari/537.36 Edg/151.0.0.0"
120.101.209.107 - - [17/Aug/2026:10:32:31 +0800] "GET /wp-content/uploads/sites/1664/elementor/thumbs/-75-pb8y0k5nqbxsshs3m2pgjwr7htdew450ev6eot1iuo.png HTTP/1.1" 200 17363 "https://www.gjes.ilc.edu.tw/" "Mozilla/5.0 (Windows NT 10.0; Win64; x64) AppleWebKit/537.36 (KHTML, like Gecko) Chrome/151.0.0.0 Safari/537.36 Edg/151.0.0.0"
120.101.209.107 - - [17/Aug/2026:10:32:31 +0800] "GET /wp-content/uploads/sites/1664/elementor/thumbs/-57-pb8vyp08o0tmfn2nxn9w41s6yrg10dwd99ls10k9tc.png HTTP/1.1" 200 18403 "https://www.gjes.ilc.edu.tw/" "Mozilla/5.0 (Windows NT 10.0; Win64; x64) AppleWebKit/537.36 (KHTML, like Gecko) Chrome/151.0.0.0 Safari/537.36 Edg/151.0.0.0"
120.101.209.107 - - [17/Aug/2026:10:32:31 +0800] "GET /wp-content/uploads/sites/1664/elementor/thumbs/-62-pb8wc534fp8aitjieyira5mkw7624ia4rtku6imisw.png HTTP/1.1" 200 15278 "https://www.gjes.ilc.edu.tw/" "Mozilla/5.0 (Windows NT 10.0; Win64; x64) AppleWebKit/537.36 (KHTML, like Gecko) Chrome/151.0.0.0 Safari/537.36 Edg/151.0.0.0"
120.101.209.107 - - [17/Aug/2026:10:32:31 +0800] "GET /wp-content/uploads/sites/1664/elementor/thumbs/-73-pb8xvezgbywb9b92ncnyephegwq3rqpw1enr5ao2wg.png HTTP/1.1" 200 12409 "https://www.gjes.ilc.edu.tw/" "Mozilla/5.0 (Windows NT 10.0; Win64; x64) AppleWebKit/537.36 (KHTML, like Gecko) Chrome/151.0.0.0 Safari/537.36 Edg/151.0.0.0"
120.101.209.107 - - [17/Aug/2026:10:32:31 +0800] "GET /wp-content/uploads/sites/1664/elementor/thumbs/-63-pb8weholisg3jq4moz36ika2cvl3d9lz3gajdf538w.png HTTP/1.1" 200 15801 "https://www.gjes.ilc.edu.tw/" "Mozilla/5.0 (Windows NT 10.0; Win64; x64) AppleWebKit/537.36 (KHTML, like Gecko) Chrome/151.0.0.0 Safari/537.36 Edg/151.0.0.0"
120.101.209.107 - - [17/Aug/2026:10:32:31 +0800] "GET /wp-content/uploads/sites/1664/elementor/thumbs/-74-pb8xylnrhr9alqmi1q8fuwjmxx0vutd5568zp1y1tc.png HTTP/1.1" 200 12826 "https://www.gjes.ilc.edu.tw/" "Mozilla/5.0 (Windows NT 10.0; Win64; x64) AppleWebKit/537.36 (KHTML, like Gecko) Chrome/151.0.0.0 Safari/537.36 Edg/151.0.0.0"
120.101.209.107 - - [17/Aug/2026:10:32:31 +0800] "GET /wp-content/uploads/sites/1664/elementor/thumbs/-58-pb8w2l26yc5chjf87ttaxkfvh69pvacdgit4j8sm28.png HTTP/1.1" 200 18596 "https://www.gjes.ilc.edu.tw/" "Mozilla/5.0 (Windows NT 10.0; Win64; x64) AppleWebKit/537.36 (KHTML, like Gecko) Chrome/151.0.0.0 Safari/537.36 Edg/151.0.0.0"
120.101.209.107 - - [17/Aug/2026:10:32:31 +0800] "GET /wp-content/uploads/sites/1664/elementor/thumbs/-76-pb8y48owhyz89ifl45zuthb795861fr5x35vctl0hc.png HTTP/1.1" 200 13430 "https://www.gjes.ilc.edu.tw/" "Mozilla/5.0 (Windows NT 10.0; Win64; x64) AppleWebKit/537.36 (KHTML, like Gecko) Chrome/151.0.0.0 Safari/537.36 Edg/151.0.0.0"
120.101.209.107 - - [17/Aug/2026:10:32:31 +0800] "GET /wp-content/uploads/sites/1664/elementor/thumbs/-1-r3k07sgq76s0rup4lkhxeswey5s1elieoa3medt7zk.png HTTP/1.1" 200 12029 "https://www.gjes.ilc.edu.tw/" "Mozilla/5.0 (Windows NT 10.0; Win64; x64) AppleWebKit/537.36 (KHTML, like Gecko) Chrome/151.0.0.0 Safari/537.36 Edg/151.0.0.0"
120.101.209.107 - - [17/Aug/2026:10:32:31 +0800] "GET /wp-content/uploads/sites/1664/elementor/thumbs/-61-pb8w9z2iog9hr6ou2isq17bbl7uldmoet3fjcju75c.png HTTP/1.1" 200 13648 "https://www.gjes.ilc.edu.tw/" "Mozilla/5.0 (Windows NT 10.0; Win64; x64) AppleWebKit/537.36 (KHTML, like Gecko) Chrome/151.0.0.0 Safari/537.36 Edg/151.0.0.0"
120.101.209.107 - - [17/Aug/2026:10:32:31 +0800] "GET /wp-content/uploads/sites/1664/elementor/thumbs/12-qmx86vx8ly509mjq9zrb9yr86mbmxg6zl7wv8tt6eo.jpg HTTP/1.1" 200 5889 "https://www.gjes.ilc.edu.tw/" "Mozilla/5.0 (Windows NT 10.0; Win64; x64) AppleWebKit/537.36 (KHTML, like Gecko) Chrome/151.0.0.0 Safari/537.36 Edg/151.0.0.0"
120.101.209.107 - - [17/Aug/2026:10:32:31 +0800] "GET /wp-content/uploads/sites/1664/elementor/thumbs/-71-pb8xqtjux4luhxxdhd5m7v89x3di50h4qnuaolhdbk.png HTTP/1.1" 200 16647 "https://www.gjes.ilc.edu.tw/" "Mozilla/5.0 (Windows NT 10.0; Win64; x64) AppleWebKit/537.36 (KHTML, like Gecko) Chrome/151.0.0.0 Safari/537.36 Edg/151.0.0.0"
120.101.209.107 - - [17/Aug/2026:10:32:31 +0800] "GET /wp-content/uploads/sites/1664/elementor/thumbs/-63-1-pb8widqjt3rtlmh6z5mlc2xqvaes861zaphvvndfhs.png HTTP/1.1" 200 16532 "https://www.gjes.ilc.edu.tw/" "Mozilla/5.0 (Windows NT 10.0; Win64; x64) AppleWebKit/537.36 (KHTML, like Gecko) Chrome/151.0.0.0 Safari/537.36 Edg/151.0.0.0"
120.101.209.107 - - [17/Aug/2026:10:32:31 +0800] "GET /wp-content/uploads/sites/1664/elementor/thumbs/-78-pb8yjfqyzjs3ykcydqgq4n9gzebsha2y0augnv1vw0.png HTTP/1.1" 200 13479 "https://www.gjes.ilc.edu.tw/" "Mozilla/5.0 (Windows NT 10.0; Win64; x64) AppleWebKit/537.36 (KHTML, like Gecko) Chrome/151.0.0.0 Safari/537.36 Edg/151.0.0.0"
120.101.209.107 - - [17/Aug/2026:10:32:31 +0800] "GET /wp-content/plugins/elementor/assets/js/frontend.min.js HTTP/1.1" 200 13169 "https://www.gjes.ilc.edu.tw/" "Mozilla/5.0 (Windows NT 10.0; Win64; x64) AppleWebKit/537.36 (KHTML, like Gecko) Chrome/151.0.0.0 Safari/537.36 Edg/151.0.0.0"
2001:b011:e602:9d14:e024:a4d9:cb35:543b - - [17/Aug/2026:10:32:31 +0800] "GET /1003/2026/07/30/%e5%b0%8f%e5%a3%81%e8%99%8e%e8%80%81%e5%b8%ab%e7%9a%84%e5%b7%a5%e5%85%b7%e7%ab%99%e3%80%90ai%e5%8d%94%e4%bd%9c%e4%bd%9c%e5%93%81%e3%80%91/ HTTP/1.1" 200 14814 "https://2blog.ilc.edu.tw/1003/tag/%e4%b8%89%e5%b9%b4%e7%b4%9a/" "Mozilla/5.0 (Windows NT 10.0; Win64; x64) AppleWebKit/537.36 (KHTML, like Gecko) Chrome/151.0.0.0 Safari/537.36"
120.101.209.107 - - [17/Aug/2026:10:32:31 +0800] "GET /wp-content/plugins/elementor-pro/assets/js/elements-handlers.min.js HTTP/1.1" 200 10882 "https://www.gjes.ilc.edu.tw/" "Mozilla/5.0 (Windows NT 10.0; Win64; x64) AppleWebKit/537.36 (KHTML, like Gecko) Chrome/151.0.0.0 Safari/537.36 Edg/151.0.0.0"
2001:b400:e177:20ee:ccdc:b6:9b56:992f - - [17/Aug/2026:10:32:25 +0800] "GET /wp-content/uploads/sites/1984/2023/09/IMG_7433-5-1-scaled.jpg HTTP/1.1" 200 1291910 "https://www.dses.ilc.edu.tw/" "Mozilla/5.0 (iPhone; CPU iPhone OS 26_6_0 like Mac OS X) AppleWebKit/605.1.15 (KHTML, like Gecko) CriOS/151.0.7922.112 Mobile/15E148 Safari/604.1"
::1 - - [17/Aug/2026:10:32:31 +0800] "OPTIONS * HTTP/1.0" 200 110 "-" "Apache/2.4.68 (Ubuntu) OpenSSL/3.0.19 (internal dummy connection)"
120.101.209.107 - - [17/Aug/2026:10:32:31 +0800] "GET /wp-content/uploads/sites/1664/2020/06/S__11362402.jpg HTTP/1.1" 200 103660 "https://www.gjes.ilc.edu.tw/" "Mozilla/5.0 (Windows NT 10.0; Win64; x64) AppleWebKit/537.36 (KHTML, like Gecko) Chrome/151.0.0.0 Safari/537.36 Edg/151.0.0.0"
2001:288:5425:0:4f6f:b8c5:8479:ce8 - - [17/Aug/2026:10:32:31 +0800] "GET /24/wp-content/uploads/sites/1163/2020/08/cropped-%E6%84%8F%E8%B1%A1%E5%9C%96new2-removebg-preview-32x32.png HTTP/1.1" 200 2699 "https://2blog.ilc.edu.tw/24/2005/09/19/%E5%B8%B8%E7%94%A8%E4%BF%AE%E8%BE%AD%E8%88%89%E4%BE%8B-%E6%A5%8A%E8%A3%95%E8%B2%BF%E6%95%99%E6%8E%88%E6%8F%90%E4%BE%9B/" "Mozilla/5.0 (Windows NT 10.0; Win64; x64) AppleWebKit/537.36 (KHTML, like Gecko) Chrome/151.0.0.0 Safari/537.36"
2001:b011:e602:9d14:e024:a4d9:cb35:543b - - [17/Aug/2026:10:32:31 +0800] "GET /1003/wp-content/uploads/sites/233/2026/07/Snipaste_2026-07-30_10-17-20-768x552.png HTTP/1.1" 200 207671 "https://2blog.ilc.edu.tw/1003/2026/07/30/%e5%b0%8f%e5%a3%81%e8%99%8e%e8%80%81%e5%b8%ab%e7%9a%84%e5%b7%a5%e5%85%b7%e7%ab%99%e3%80%90ai%e5%8d%94%e4%bd%9c%e4%bd%9c%e5%93%81%e3%80%91/" "Mozilla/5.0 (Windows NT 10.0; Win64; x64) AppleWebKit/537.36 (KHTML, like Gecko) Chrome/151.0.0.0 Safari/537.36"
2001:b011:e602:9d14:e024:a4d9:cb35:543b - - [17/Aug/2026:10:32:31 +0800] "GET /1003/wp-content/uploads/sites/233/2026/07/Snipaste_2026-07-30_10-16-50-768x457.png HTTP/1.1" 200 303343 "https://2blog.ilc.edu.tw/1003/2026/07/30/%e5%b0%8f%e5%a3%81%e8%99%8e%e8%80%81%e5%b8%ab%e7%9a%84%e5%b7%a5%e5%85%b7%e7%ab%99%e3%80%90ai%e5%8d%94%e4%bd%9c%e4%bd%9c%e5%93%81%e3%80%91/" "Mozilla/5.0 (Windows NT 10.0; Win64; x64) AppleWebKit/537.36 (KHTML, like Gecko) Chrome/151.0.0.0 Safari/537.36"
2001:b011:e602:9d14:e024:a4d9:cb35:543b - - [17/Aug/2026:10:32:31 +0800] "GET /1003/wp-content/uploads/sites/233/2026/07/Snipaste_2026-07-30_10-16-50.png HTTP/1.1" 200 779710 "https://2blog.ilc.edu.tw/1003/2026/07/30/%e5%b0%8f%e5%a3%81%e8%99%8e%e8%80%81%e5%b8%ab%e7%9a%84%e5%b7%a5%e5%85%b7%e7%ab%99%e3%80%90ai%e5%8d%94%e4%bd%9c%e4%bd%9c%e5%93%81%e3%80%91/" "Mozilla/5.0 (Windows NT 10.0; Win64; x64) AppleWebKit/537.36 (KHTML, like Gecko) Chrome/151.0.0.0 Safari/537.36"
120.101.209.107 - - [17/Aug/2026:10:32:31 +0800] "GET /wp-content/uploads/sites/1664/2020/06/S__9109628.jpg HTTP/1.1" 200 549634 "https://www.gjes.ilc.edu.tw/" "Mozilla/5.0 (Windows NT 10.0; Win64; x64) AppleWebKit/537.36 (KHTML, like Gecko) Chrome/151.0.0.0 Safari/537.36 Edg/151.0.0.0"
2001:b011:e602:9d14:e024:a4d9:cb35:543b - - [17/Aug/2026:10:32:31 +0800] "POST /1003/wp-json/ilc-summary/v1/popular-posts HTTP/1.1" 201 1272 "https://2blog.ilc.edu.tw/1003/2026/07/30/%e5%b0%8f%e5%a3%81%e8%99%8e%e8%80%81%e5%b8%ab%e7%9a%84%e5%b7%a5%e5%85%b7%e7%ab%99%e3%80%90ai%e5%8d%94%e4%bd%9c%e4%bd%9c%e5%93%81%e3%80%91/" "Mozilla/5.0 (Windows NT 10.0; Win64; x64) AppleWebKit/537.36 (KHTML, like Gecko) Chrome/151.0.0.0 Safari/537.36"
120.101.209.107 - - [17/Aug/2026:10:32:31 +0800] "GET /wp-content/uploads/sites/1664/2020/09/Image-3.jpg HTTP/1.1" 200 959270 "https://www.gjes.ilc.edu.tw/" "Mozilla/5.0 (Windows NT 10.0; Win64; x64) AppleWebKit/537.36 (KHTML, like Gecko) Chrome/151.0.0.0 Safari/537.36 Edg/151.0.0.0"
120.101.209.107 - - [17/Aug/2026:10:32:31 +0800] "GET /wp-content/uploads/sites/1664/2020/09/Image-5.jpg HTTP/1.1" 200 698287 "https://www.gjes.ilc.edu.tw/" "Mozilla/5.0 (Windows NT 10.0; Win64; x64) AppleWebKit/537.36 (KHTML, like Gecko) Chrome/151.0.0.0 Safari/537.36 Edg/151.0.0.0"
120.101.209.107 - - [17/Aug/2026:10:32:32 +0800] "POST /wp-json/wp-statistics/v2/hit HTTP/1.1" 200 1083 "https://www.gjes.ilc.edu.tw/" "Mozilla/5.0 (Windows NT 10.0; Win64; x64) AppleWebKit/537.36 (KHTML, like Gecko) Chrome/151.0.0.0 Safari/537.36 Edg/151.0.0.0"
120.101.209.107 - - [17/Aug/2026:10:32:31 +0800] "GET /wp-content/uploads/sites/1664/2020/09/Image-6.jpg HTTP/1.1" 200 867258 "https://www.gjes.ilc.edu.tw/" "Mozilla/5.0 (Windows NT 10.0; Win64; x64) AppleWebKit/537.36 (KHTML, like Gecko) Chrome/151.0.0.0 Safari/537.36 Edg/151.0.0.0"
120.101.209.107 - - [17/Aug/2026:10:32:31 +0800] "GET /wp-content/uploads/sites/1664/2020/09/Image-4.jpg HTTP/1.1" 200 1167373 "https://www.gjes.ilc.edu.tw/" "Mozilla/5.0 (Windows NT 10.0; Win64; x64) AppleWebKit/537.36 (KHTML, like Gecko) Chrome/151.0.0.0 Safari/537.36 Edg/151.0.0.0"
120.101.209.107 - - [17/Aug/2026:10:32:32 +0800] "GET /wp-content/uploads/sites/1664/2020/09/Image-8.jpg HTTP/1.1" 200 905988 "https://www.gjes.ilc.edu.tw/" "Mozilla/5.0 (Windows NT 10.0; Win64; x64) AppleWebKit/537.36 (KHTML, like Gecko) Chrome/151.0.0.0 Safari/537.36 Edg/151.0.0.0"
120.101.209.107 - - [17/Aug/2026:10:32:32 +0800] "GET /wp-content/uploads/sites/1664/2020/09/Image-7.jpg HTTP/1.1" 200 817886 "https://www.gjes.ilc.edu.tw/" "Mozilla/5.0 (Windows NT 10.0; Win64; x64) AppleWebKit/537.36 (KHTML, like Gecko) Chrome/151.0.0.0 Safari/537.36 Edg/151.0.0.0"
120.101.209.107 - - [17/Aug/2026:10:32:32 +0800] "GET /wp-content/uploads/sites/1664/2020/10/Image-13.jpg HTTP/1.1" 200 531987 "https://www.gjes.ilc.edu.tw/" "Mozilla/5.0 (Windows NT 10.0; Win64; x64) AppleWebKit/537.36 (KHTML, like Gecko) Chrome/151.0.0.0 Safari/537.36 Edg/151.0.0.0"
120.101.209.107 - - [17/Aug/2026:10:32:32 +0800] "GET /wp-content/uploads/sites/1664/2020/09/Image-9.jpg HTTP/1.1" 200 869327 "https://www.gjes.ilc.edu.tw/" "Mozilla/5.0 (Windows NT 10.0; Win64; x64) AppleWebKit/537.36 (KHTML, like Gecko) Chrome/151.0.0.0 Safari/537.36 Edg/151.0.0.0"
120.101.209.107 - - [17/Aug/2026:10:32:32 +0800] "GET /wp-content/uploads/sites/1664/2020/10/Image-14.jpg HTTP/1.1" 200 570169 "https://www.gjes.ilc.edu.tw/" "Mozilla/5.0 (Windows NT 10.0; Win64; x64) AppleWebKit/537.36 (KHTML, like Gecko) Chrome/151.0.0.0 Safari/537.36 Edg/151.0.0.0"
120.101.209.107 - - [17/Aug/2026:10:32:33 +0800] "GET /wp-content/uploads/sites/1664/2020/10/Image-18.jpg HTTP/1.1" 200 408647 "https://www.gjes.ilc.edu.tw/" "Mozilla/5.0 (Windows NT 10.0; Win64; x64) AppleWebKit/537.36 (KHTML, like Gecko) Chrome/151.0.0.0 Safari/537.36 Edg/151.0.0.0"
120.101.209.107 - - [17/Aug/2026:10:32:33 +0800] "GET /wp-content/uploads/sites/1664/2020/10/Image-15.jpg HTTP/1.1" 200 339039 "https://www.gjes.ilc.edu.tw/" "Mozilla/5.0 (Windows NT 10.0; Win64; x64) AppleWebKit/537.36 (KHTML, like Gecko) Chrome/151.0.0.0 Safari/537.36 Edg/151.0.0.0"
120.101.209.107 - - [17/Aug/2026:10:32:33 +0800] "GET /wp-content/uploads/sites/1664/2020/10/Image-16.jpg HTTP/1.1" 200 547251 "https://www.gjes.ilc.edu.tw/" "Mozilla/5.0 (Windows NT 10.0; Win64; x64) AppleWebKit/537.36 (KHTML, like Gecko) Chrome/151.0.0.0 Safari/537.36 Edg/151.0.0.0"
120.101.209.107 - - [17/Aug/2026:10:32:33 +0800] "GET /wp-content/uploads/sites/1664/2020/10/Image-17.jpg HTTP/1.1" 200 515046 "https://www.gjes.ilc.edu.tw/" "Mozilla/5.0 (Windows NT 10.0; Win64; x64) AppleWebKit/537.36 (KHTML, like Gecko) Chrome/151.0.0.0 Safari/537.36 Edg/151.0.0.0"
120.101.209.107 - - [17/Aug/2026:10:32:33 +0800] "GET /wp-content/uploads/sites/1664/2020/10/Image-19.jpg HTTP/1.1" 200 572004 "https://www.gjes.ilc.edu.tw/" "Mozilla/5.0 (Windows NT 10.0; Win64; x64) AppleWebKit/537.36 (KHTML, like Gecko) Chrome/151.0.0.0 Safari/537.36 Edg/151.0.0.0"
120.101.209.107 - - [17/Aug/2026:10:32:33 +0800] "GET /wp-content/uploads/sites/1664/2020/10/Image-20.jpg HTTP/1.1" 200 514698 "https://www.gjes.ilc.edu.tw/" "Mozilla/5.0 (Windows NT 10.0; Win64; x64) AppleWebKit/537.36 (KHTML, like Gecko) Chrome/151.0.0.0 Safari/537.36 Edg/151.0.0.0"
120.101.209.107 - - [17/Aug/2026:10:32:33 +0800] "GET /wp-content/uploads/sites/1664/2020/10/Image-21.jpg HTTP/1.1" 200 570653 "https://www.gjes.ilc.edu.tw/" "Mozilla/5.0 (Windows NT 10.0; Win64; x64) AppleWebKit/537.36 (KHTML, like Gecko) Chrome/151.0.0.0 Safari/537.36 Edg/151.0.0.0"
120.101.209.107 - - [17/Aug/2026:10:32:33 +0800] "GET /wp-content/uploads/sites/1664/2021/08/%E6%88%AA%E5%9C%96-2021-08-14-%E4%B8%8A%E5%8D%889.23.29-300x66.png HTTP/1.1" 200 19841 "https://www.gjes.ilc.edu.tw/" "Mozilla/5.0 (Windows NT 10.0; Win64; x64) AppleWebKit/537.36 (KHTML, like Gecko) Chrome/151.0.0.0 Safari/537.36 Edg/151.0.0.0"
120.101.209.107 - - [17/Aug/2026:10:32:33 +0800] "GET /wp-content/uploads/sites/1664/2021/08/%E6%88%AA%E5%9C%96-2021-08-14-%E4%B8%8A%E5%8D%889.36.40-300x65.png HTTP/1.1" 200 14475 "https://www.gjes.ilc.edu.tw/" "Mozilla/5.0 (Windows NT 10.0; Win64; x64) AppleWebKit/537.36 (KHTML, like Gecko) Chrome/151.0.0.0 Safari/537.36 Edg/151.0.0.0"
120.101.209.107 - - [17/Aug/2026:10:32:33 +0800] "GET /wp-content/uploads/sites/1664/2026/01/20260106-768x180.png HTTP/1.1" 200 81997 "https://www.gjes.ilc.edu.tw/" "Mozilla/5.0 (Windows NT 10.0; Win64; x64) AppleWebKit/537.36 (KHTML, like Gecko) Chrome/151.0.0.0 Safari/537.36 Edg/151.0.0.0"
120.101.209.107 - - [17/Aug/2026:10:32:33 +0800] "GET /wp-content/uploads/sites/1664/2026/08/e839b8fe-e080-49d7-9778-41f032fc7a3c-768x254.jpg HTTP/1.1" 200 39291 "https://www.gjes.ilc.edu.tw/" "Mozilla/5.0 (Windows NT 10.0; Win64; x64) AppleWebKit/537.36 (KHTML, like Gecko) Chrome/151.0.0.0 Safari/537.36 Edg/151.0.0.0"
120.101.209.107 - - [17/Aug/2026:10:32:33 +0800] "GET /wp-content/uploads/sites/1664/2020/10/Image-1.jpg HTTP/1.1" 200 507906 "https://www.gjes.ilc.edu.tw/" "Mozilla/5.0 (Windows NT 10.0; Win64; x64) AppleWebKit/537.36 (KHTML, like Gecko) Chrome/151.0.0.0 Safari/537.36 Edg/151.0.0.0"
120.101.209.107 - - [17/Aug/2026:10:32:33 +0800] "GET /wp-content/uploads/sites/1664/2026/08/7fabd388-402b-47a2-8101-9d76ed185237-768x254.jpg HTTP/1.1" 200 55759 "https://www.gjes.ilc.edu.tw/" "Mozilla/5.0 (Windows NT 10.0; Win64; x64) AppleWebKit/537.36 (KHTML, like Gecko) Chrome/151.0.0.0 Safari/537.36 Edg/151.0.0.0"
120.101.209.107 - - [17/Aug/2026:10:32:33 +0800] "GET /wp-content/uploads/sites/1664/2025/08/%E9%9C%80%E8%A6%81-%E6%89%BE%E4%BA%BA%E5%82%BE%E8%A8%B4%EF%BC%9F.png HTTP/1.1" 200 117850 "https://www.gjes.ilc.edu.tw/" "Mozilla/5.0 (Windows NT 10.0; Win64; x64) AppleWebKit/537.36 (KHTML, like Gecko) Chrome/151.0.0.0 Safari/537.36 Edg/151.0.0.0"
120.101.209.107 - - [17/Aug/2026:10:32:33 +0800] "GET /wp-content/uploads/sites/1664/2021/08/%E6%88%AA%E5%9C%96-2021-08-14-%E4%B8%8A%E5%8D%889.36.29-300x68.png HTTP/1.1" 200 16684 "https://www.gjes.ilc.edu.tw/" "Mozilla/5.0 (Windows NT 10.0; Win64; x64) AppleWebKit/537.36 (KHTML, like Gecko) Chrome/151.0.0.0 Safari/537.36 Edg/151.0.0.0"
120.101.209.107 - - [17/Aug/2026:10:32:33 +0800] "GET /wp-content/uploads/sites/1664/2022/10/19872260-%E8%BD%89%E6%8F%9B-1-768x400.jpg HTTP/1.1" 200 125779 "https://www.gjes.ilc.edu.tw/" "Mozilla/5.0 (Windows NT 10.0; Win64; x64) AppleWebKit/537.36 (KHTML, like Gecko) Chrome/151.0.0.0 Safari/537.36 Edg/151.0.0.0"
120.101.209.107 - - [17/Aug/2026:10:32:33 +0800] "GET /wp-includes/js/mediaelement/mejs-controls.svg HTTP/1.1" 200 5429 "https://www.gjes.ilc.edu.tw/wp-content/cache/www.gjes.ilc.edu.tw/wpfc-minified/jomxhdgo/72cw.css" "Mozilla/5.0 (Windows NT 10.0; Win64; x64) AppleWebKit/537.36 (KHTML, like Gecko) Chrome/151.0.0.0 Safari/537.36 Edg/151.0.0.0"
120.101.209.107 - - [17/Aug/2026:10:32:33 +0800] "GET /wp-content/plugins/elementor/assets/js/lightbox.94b920846d1e37cafb78.bundle.min.js HTTP/1.1" 200 10857 "https://www.gjes.ilc.edu.tw/" "Mozilla/5.0 (Windows NT 10.0; Win64; x64) AppleWebKit/537.36 (KHTML, like Gecko) Chrome/151.0.0.0 Safari/537.36 Edg/151.0.0.0"
120.101.209.107 - - [17/Aug/2026:10:32:33 +0800] "GET /wp-content/plugins/elementor/assets/lib/dialog/dialog.min.js?ver=4.9.0 HTTP/1.1" 200 4368 "https://www.gjes.ilc.edu.tw/" "Mozilla/5.0 (Windows NT 10.0; Win64; x64) AppleWebKit/537.36 (KHTML, like Gecko) Chrome/151.0.0.0 Safari/537.36 Edg/151.0.0.0"
120.101.209.107 - - [17/Aug/2026:10:32:33 +0800] "GET /wp-content/plugins/elementor/assets/lib/share-link/share-link.min.js?ver=3.22.3 HTTP/1.1" 200 2049 "https://www.gjes.ilc.edu.tw/" "Mozilla/5.0 (Windows NT 10.0; Win64; x64) AppleWebKit/537.36 (KHTML, like Gecko) Chrome/151.0.0.0 Safari/537.36 Edg/151.0.0.0"
120.101.209.107 - - [17/Aug/2026:10:32:33 +0800] "GET /wp-content/plugins/elementor-pro/assets/js/media-carousel.aca2224ef13e6f999011.bundle.min.js HTTP/1.1" 200 2948 "https://www.gjes.ilc.edu.tw/" "Mozilla/5.0 (Windows NT 10.0; Win64; x64) AppleWebKit/537.36 (KHTML, like Gecko) Chrome/151.0.0.0 Safari/537.36 Edg/151.0.0.0"
120.101.209.107 - - [17/Aug/2026:10:32:33 +0800] "GET /wp-content/plugins/elementor/assets/lib/swiper/v8/swiper.min.js?ver=8.4.5 HTTP/1.1" 200 40708 "https://www.gjes.ilc.edu.tw/" "Mozilla/5.0 (Windows NT 10.0; Win64; x64) AppleWebKit/537.36 (KHTML, like Gecko) Chrome/151.0.0.0 Safari/537.36 Edg/151.0.0.0"
120.101.197.59 - - [17/Aug/2026:10:32:34 +0800] "-" 408 4803 "-" "-"
2001:b011:e602:9d14:e024:a4d9:cb35:543b - - [17/Aug/2026:10:32:33 +0800] "GET /1003/wp-content/uploads/sites/233/2026/07/Snipaste_2026-07-30_10-17-01-768x426.png HTTP/1.1" 200 179167 "https://2blog.ilc.edu.tw/1003/2026/07/30/%e5%b0%8f%e5%a3%81%e8%99%8e%e8%80%81%e5%b8%ab%e7%9a%84%e5%b7%a5%e5%85%b7%e7%ab%99%e3%80%90ai%e5%8d%94%e4%bd%9c%e4%bd%9c%e5%93%81%e3%80%91/" "Mozilla/5.0 (Windows NT 10.0; Win64; x64) AppleWebKit/537.36 (KHTML, like Gecko) Chrome/151.0.0.0 Safari/537.36"
::1 - - [17/Aug/2026:10:32:34 +0800] "OPTIONS * HTTP/1.0" 200 110 "-" "Apache/2.4.68 (Ubuntu) OpenSSL/3.0.19 (internal dummy connection)"
140.111.67.10 - - [17/Aug/2026:10:32:35 +0800] "GET /" 301 273 "-" "-"
2001:b011:e602:9d14:e024:a4d9:cb35:543b - - [17/Aug/2026:10:32:35 +0800] "GET /1003/wp-content/uploads/sites/233/2026/07/Snipaste_2026-07-30_10-17-11-768x478.png HTTP/1.1" 200 191255 "https://2blog.ilc.edu.tw/1003/2026/07/30/%e5%b0%8f%e5%a3%81%e8%99%8e%e8%80%81%e5%b8%ab%e7%9a%84%e5%b7%a5%e5%85%b7%e7%ab%99%e3%80%90ai%e5%8d%94%e4%bd%9c%e4%bd%9c%e5%93%81%e3%80%91/" "Mozilla/5.0 (Windows NT 10.0; Win64; x64) AppleWebKit/537.36 (KHTML, like Gecko) Chrome/151.0.0.0 Safari/537.36"
2001:b400:e177:20ee:ccdc:b6:9b56:992f - - [17/Aug/2026:10:32:33 +0800] "GET /wp-content/uploads/sites/1984/2023/09/IMG_8951-5-scaled.jpg HTTP/1.1" 200 633570 "https://www.dses.ilc.edu.tw/" "Mozilla/5.0 (iPhone; CPU iPhone OS 26_6_0 like Mac OS X) AppleWebKit/605.1.15 (KHTML, like Gecko) CriOS/151.0.7922.112 Mobile/15E148 Safari/604.1"
2001:288:a201::66:125 - - [17/Aug/2026:10:32:35 +0800] "GET /blog/active.php HTTP/1.1" 404 1084 "-" "-"
2001:288:a201::66:125 - - [17/Aug/2026:10:32:35 +0800] "GET /blog/active.php HTTP/1.1" 301 1026 "-" "-"
::1 - - [17/Aug/2026:10:32:35 +0800] "OPTIONS * HTTP/1.0" 200 110 "-" "Apache/2.4.68 (Ubuntu) OpenSSL/3.0.19 (internal dummy connection)"
::1 - - [17/Aug/2026:10:32:36 +0800] "OPTIONS * HTTP/1.0" 200 110 "-" "Apache/2.4.68 (Ubuntu) OpenSSL/3.0.19 (internal dummy connection)"
::1 - - [17/Aug/2026:10:32:37 +0800] "OPTIONS * HTTP/1.0" 200 110 "-" "Apache/2.4.68 (Ubuntu) OpenSSL/3.0.19 (internal dummy connection)"
2001:b400:e177:20ee:ccdc:b6:9b56:992f - - [17/Aug/2026:10:32:38 +0800] "GET /wp-content/uploads/sites/1984/2023/10/%E5%A4%A7%E6%BA%AA%E6%98%A0%E8%B1%A1.png HTTP/1.1" 200 14622 "https://www.dses.ilc.edu.tw/" "Mozilla/5.0 (iPhone; CPU iPhone OS 26_6_0 like Mac OS X) AppleWebKit/605.1.15 (KHTML, like Gecko) CriOS/151.0.7922.112 Mobile/15E148 Safari/604.1"
2001:b400:e177:20ee:ccdc:b6:9b56:992f - - [17/Aug/2026:10:32:38 +0800] "GET /wp-content/uploads/sites/1984/2023/10/%E7%B2%89%E7%B5%B2%E5%B0%88%E9%A0%81.png HTTP/1.1" 200 9855 "https://www.dses.ilc.edu.tw/" "Mozilla/5.0 (iPhone; CPU iPhone OS 26_6_0 like Mac OS X) AppleWebKit/605.1.15 (KHTML, like Gecko) CriOS/151.0.7922.112 Mobile/15E148 Safari/604.1"
::1 - - [17/Aug/2026:10:32:38 +0800] "OPTIONS * HTTP/1.0" 200 110 "-" "Apache/2.4.68 (Ubuntu) OpenSSL/3.0.19 (internal dummy connection)"
147.92.179.112 - - [17/Aug/2026:10:32:39 +0800] "GET / HTTP/1.1" 200 29653 "-" "facebookexternalhit/1.1;line-poker/1.0"
::1 - - [17/Aug/2026:10:32:40 +0800] "OPTIONS * HTTP/1.0" 200 110 "-" "Apache/2.4.68 (Ubuntu) OpenSSL/3.0.19 (internal dummy connection)"
140.111.67.10 - - [17/Aug/2026:10:32:40 +0800] "GET /" 301 273 "-" "-"
2001:288:a201::66:125 - - [17/Aug/2026:10:32:40 +0800] "GET /blog/active.php HTTP/1.1" 301 1026 "-" "-"
2001:288:a201::66:125 - - [17/Aug/2026:10:32:40 +0800] "GET /blog/active.php HTTP/1.1" 404 1084 "-" "-"
2001:b400:e280:2b96:d44:7c30:841f:c85f - - [17/Aug/2026:10:32:40 +0800] "GET /wp-content/uploads/sites/2329/2026/01/IMG_6802-scaled-600x400.jpg HTTP/1.1" 200 74013 "https://www.dtes.ilc.edu.tw/" "Mozilla/5.0 (iPhone; CPU iPhone OS 18_7 like Mac OS X) AppleWebKit/605.1.15 (KHTML, like Gecko) Version/26.5.2 Mobile/15E148 Safari/604.1"
::1 - - [17/Aug/2026:10:32:41 +0800] "OPTIONS * HTTP/1.0" 200 110 "-" "Apache/2.4.68 (Ubuntu) OpenSSL/3.0.19 (internal dummy connection)"
2001:b400:e177:20ee:ccdc:b6:9b56:992f - - [17/Aug/2026:10:32:38 +0800] "GET /wp-content/uploads/sites/1984/2023/09/IMG_8832-5-scaled.jpg HTTP/1.1" 200 441861 "https://www.dses.ilc.edu.tw/" "Mozilla/5.0 (iPhone; CPU iPhone OS 26_6_0 like Mac OS X) AppleWebKit/605.1.15 (KHTML, like Gecko) CriOS/151.0.7922.112 Mobile/15E148 Safari/604.1"
::1 - - [17/Aug/2026:10:32:42 +0800] "OPTIONS * HTTP/1.0" 200 110 "-" "Apache/2.4.68 (Ubuntu) OpenSSL/3.0.19 (internal dummy connection)"
2001:288:a22f:1:ac1f:193b:d80b:6569 - - [17/Aug/2026:10:32:41 +0800] "GET /wp-content/uploads/sites/3846/2026/08/%E8%BE%B2%E6%A5%AD%E9%83%A8%E5%BB%A3%E5%91%8A.jpg HTTP/1.1" 304 5581 "https://it.ilc.edu.tw/" "Mozilla/5.0 (Windows NT 10.0; Win64; x64) AppleWebKit/537.36 (KHTML, like Gecko) Chrome/151.0.0.0 Safari/537.36"
2001:288:a22f:1:ac1f:193b:d80b:6569 - - [17/Aug/2026:10:32:41 +0800] "GET /wp-content/uploads/sites/3846/2026/06/%E5%AE%A3%E5%82%B3%E5%9C%96%E7%89%87.png HTTP/1.1" 304 5581 "https://it.ilc.edu.tw/" "Mozilla/5.0 (Windows NT 10.0; Win64; x64) AppleWebKit/537.36 (KHTML, like Gecko) Chrome/151.0.0.0 Safari/537.36"
2001:288:a22f:1:ac1f:193b:d80b:6569 - - [17/Aug/2026:10:32:41 +0800] "GET /wp-content/uploads/sites/3846/2026/06/2026%E5%AE%9C%E8%98%AD%E7%98%8B%E5%AD%B8%E7%BF%92-%E6%9A%91%E5%81%87_%E6%95%99%E8%82%B2%E8%99%95%E9%A6%96%E9%A0%81-1440-x-1080-%E5%83%8F%E7%B4%A0.png HTTP/1.1" 304 5581 "https://it.ilc.edu.tw/" "Mozilla/5.0 (Windows NT 10.0; Win64; x64) AppleWebKit/537.36 (KHTML, like Gecko) Chrome/151.0.0.0 Safari/537.36"
180.218.220.218 - - [17/Aug/2026:10:32:42 +0800] "GET / HTTP/1.1" 200 29675 "-" "Mozilla/5.0 (iPhone; CPU iPhone OS 18_7 like Mac OS X) AppleWebKit/605.1.15 (KHTML, like Gecko) Mobile/15E148 Safari Line/26.11.0"
180.218.220.218 - - [17/Aug/2026:10:32:42 +0800] "GET /wp-content/cache/www.dses.ilc.edu.tw/wpfc-minified/1e67c88w/72pp.css HTTP/1.1" 200 1157 "https://www.dses.ilc.edu.tw/" "Mozilla/5.0 (iPhone; CPU iPhone OS 18_7 like Mac OS X) AppleWebKit/605.1.15 (KHTML, like Gecko) Mobile/15E148 Safari Line/26.11.0"
180.218.220.218 - - [17/Aug/2026:10:32:42 +0800] "GET /wp-content/cache/www.dses.ilc.edu.tw/wpfc-minified/33etc095/72pp.css HTTP/1.1" 200 45686 "https://www.dses.ilc.edu.tw/" "Mozilla/5.0 (iPhone; CPU iPhone OS 18_7 like Mac OS X) AppleWebKit/605.1.15 (KHTML, like Gecko) Mobile/15E148 Safari Line/26.11.0"
2001:288:a26a:1:6923:8bf3:4374:c578 - - [17/Aug/2026:10:32:41 +0800] "POST /hsics/wp-admin/admin-ajax.php HTTP/1.1" 200 1459 "https://2blog.ilc.edu.tw/hsics/wp-admin/edit.php" "Mozilla/5.0 (Windows NT 10.0; Win64; x64) AppleWebKit/537.36 (KHTML, like Gecko) Chrome/151.0.0.0 Safari/537.36"
180.218.220.218 - - [17/Aug/2026:10:32:42 +0800] "GET /wp-content/cache/www.dses.ilc.edu.tw/wpfc-minified/mot3luef/72pp.js HTTP/1.1" 200 35557 "https://www.dses.ilc.edu.tw/" "Mozilla/5.0 (iPhone; CPU iPhone OS 18_7 like Mac OS X) AppleWebKit/605.1.15 (KHTML, like Gecko) Mobile/15E148 Safari Line/26.11.0"
180.218.220.218 - - [17/Aug/2026:10:32:42 +0800] "GET /wp-includes/js/hoverintent-js.min.js HTTP/1.1" 200 1597 "https://www.dses.ilc.edu.tw/" "Mozilla/5.0 (iPhone; CPU iPhone OS 18_7 like Mac OS X) AppleWebKit/605.1.15 (KHTML, like Gecko) Mobile/15E148 Safari Line/26.11.0"
180.218.220.218 - - [17/Aug/2026:10:32:42 +0800] "GET /wp-content/uploads/sites/1984/elementor/css/post-398.css HTTP/1.1" 200 6126 "https://www.dses.ilc.edu.tw/" "Mozilla/5.0 (iPhone; CPU iPhone OS 18_7 like Mac OS X) AppleWebKit/605.1.15 (KHTML, like Gecko) Mobile/15E148 Safari Line/26.11.0"
180.218.220.218 - - [17/Aug/2026:10:32:42 +0800] "GET /wp-content/cache/www.dses.ilc.edu.tw/wpfc-minified/9huotwi0/77wu.css HTTP/1.1" 200 90835 "https://www.dses.ilc.edu.tw/" "Mozilla/5.0 (iPhone; CPU iPhone OS 18_7 like Mac OS X) AppleWebKit/605.1.15 (KHTML, like Gecko) Mobile/15E148 Safari Line/26.11.0"
180.218.220.218 - - [17/Aug/2026:10:32:42 +0800] "GET /wp-includes/js/admin-bar.min.js HTTP/1.1" 200 2237 "https://www.dses.ilc.edu.tw/" "Mozilla/5.0 (iPhone; CPU iPhone OS 18_7 like Mac OS X) AppleWebKit/605.1.15 (KHTML, like Gecko) Mobile/15E148 Safari Line/26.11.0"
180.218.220.218 - - [17/Aug/2026:10:32:42 +0800] "GET /wp-content/uploads/sites/1984/elementor/css/post-921.css HTTP/1.1" 200 6225 "https://www.dses.ilc.edu.tw/" "Mozilla/5.0 (iPhone; CPU iPhone OS 18_7 like Mac OS X) AppleWebKit/605.1.15 (KHTML, like Gecko) Mobile/15E148 Safari Line/26.11.0"
180.218.220.218 - - [17/Aug/2026:10:32:42 +0800] "GET /wp-includes/js/imagesloaded.min.js HTTP/1.1" 200 2683 "https://www.dses.ilc.edu.tw/" "Mozilla/5.0 (iPhone; CPU iPhone OS 18_7 like Mac OS X) AppleWebKit/605.1.15 (KHTML, like Gecko) Mobile/15E148 Safari Line/26.11.0"
180.218.220.218 - - [17/Aug/2026:10:32:42 +0800] "GET /wp-content/cache/www.dses.ilc.edu.tw/wpfc-minified/8xnl42fs/77wu.css HTTP/1.1" 200 52089 "https://www.dses.ilc.edu.tw/" "Mozilla/5.0 (iPhone; CPU iPhone OS 18_7 like Mac OS X) AppleWebKit/605.1.15 (KHTML, like Gecko) Mobile/15E148 Safari Line/26.11.0"
180.218.220.218 - - [17/Aug/2026:10:32:42 +0800] "GET /wp-content/uploads/sites/1984/2024/09/surfing11000-x-200-%E5%83%8F%E7%B4%A0.png HTTP/1.1" 200 353902 "https://www.dses.ilc.edu.tw/" "Mozilla/5.0 (iPhone; CPU iPhone OS 18_7 like Mac OS X) AppleWebKit/605.1.15 (KHTML, like Gecko) Mobile/15E148 Safari Line/26.11.0"
180.218.220.218 - - [17/Aug/2026:10:32:42 +0800] "GET /wp-content/themes/oceanwp/assets/js/theme.min.js HTTP/1.1" 200 5130 "https://www.dses.ilc.edu.tw/" "Mozilla/5.0 (iPhone; CPU iPhone OS 18_7 like Mac OS X) AppleWebKit/605.1.15 (KHTML, like Gecko) Mobile/15E148 Safari Line/26.11.0"
180.218.220.218 - - [17/Aug/2026:10:32:42 +0800] "GET /wp-content/themes/oceanwp/assets/js/drop-down-search.min.js HTTP/1.1" 200 2968 "https://www.dses.ilc.edu.tw/" "Mozilla/5.0 (iPhone; CPU iPhone OS 18_7 like Mac OS X) AppleWebKit/605.1.15 (KHTML, like Gecko) Mobile/15E148 Safari Line/26.11.0"
180.218.220.218 - - [17/Aug/2026:10:32:42 +0800] "GET /wp-content/themes/oceanwp/assets/js/vendors/magnific-popup.min.js HTTP/1.1" 200 8270 "https://www.dses.ilc.edu.tw/" "Mozilla/5.0 (iPhone; CPU iPhone OS 18_7 like Mac OS X) AppleWebKit/605.1.15 (KHTML, like Gecko) Mobile/15E148 Safari Line/26.11.0"
180.218.220.218 - - [17/Aug/2026:10:32:42 +0800] "GET /wp-content/themes/oceanwp/assets/js/ow-lightbox.min.js HTTP/1.1" 200 2321 "https://www.dses.ilc.edu.tw/" "Mozilla/5.0 (iPhone; CPU iPhone OS 18_7 like Mac OS X) AppleWebKit/605.1.15 (KHTML, like Gecko) Mobile/15E148 Safari Line/26.11.0"
180.218.220.218 - - [17/Aug/2026:10:32:42 +0800] "GET /wp-content/themes/oceanwp/assets/js/ow-slider.min.js HTTP/1.1" 200 1761 "https://www.dses.ilc.edu.tw/" "Mozilla/5.0 (iPhone; CPU iPhone OS 18_7 like Mac OS X) AppleWebKit/605.1.15 (KHTML, like Gecko) Mobile/15E148 Safari Line/26.11.0"
180.218.220.218 - - [17/Aug/2026:10:32:42 +0800] "GET /wp-content/themes/oceanwp/assets/js/drop-down-mobile-menu.min.js HTTP/1.1" 200 4663 "https://www.dses.ilc.edu.tw/" "Mozilla/5.0 (iPhone; CPU iPhone OS 18_7 like Mac OS X) AppleWebKit/605.1.15 (KHTML, like Gecko) Mobile/15E148 Safari Line/26.11.0"
180.218.220.218 - - [17/Aug/2026:10:32:42 +0800] "GET /wp-content/themes/oceanwp/assets/js/vendors/flickity.pkgd.min.js HTTP/1.1" 200 15048 "https://www.dses.ilc.edu.tw/" "Mozilla/5.0 (iPhone; CPU iPhone OS 18_7 like Mac OS X) AppleWebKit/605.1.15 (KHTML, like Gecko) Mobile/15E148 Safari Line/26.11.0"
180.218.220.218 - - [17/Aug/2026:10:32:42 +0800] "GET /wp-content/themes/oceanwp/assets/js/scroll-effect.min.js HTTP/1.1" 200 4127 "https://www.dses.ilc.edu.tw/" "Mozilla/5.0 (iPhone; CPU iPhone OS 18_7 like Mac OS X) AppleWebKit/605.1.15 (KHTML, like Gecko) Mobile/15E148 Safari Line/26.11.0"
180.218.220.218 - - [17/Aug/2026:10:32:42 +0800] "GET /wp-content/themes/oceanwp/assets/js/scroll-top.min.js HTTP/1.1" 200 3202 "https://www.dses.ilc.edu.tw/" "Mozilla/5.0 (iPhone; CPU iPhone OS 18_7 like Mac OS X) AppleWebKit/605.1.15 (KHTML, like Gecko) Mobile/15E148 Safari Line/26.11.0"
180.218.220.218 - - [17/Aug/2026:10:32:42 +0800] "GET /wp-content/themes/oceanwp/assets/js/select.min.js HTTP/1.1" 200 2408 "https://www.dses.ilc.edu.tw/" "Mozilla/5.0 (iPhone; CPU iPhone OS 18_7 like Mac OS X) AppleWebKit/605.1.15 (KHTML, like Gecko) Mobile/15E148 Safari Line/26.11.0"
180.218.220.218 - - [17/Aug/2026:10:32:42 +0800] "GET /wp-content/plugins/elementor-pro/assets/js/webpack-pro.runtime.min.js HTTP/1.1" 200 3562 "https://www.dses.ilc.edu.tw/" "Mozilla/5.0 (iPhone; CPU iPhone OS 18_7 like Mac OS X) AppleWebKit/605.1.15 (KHTML, like Gecko) Mobile/15E148 Safari Line/26.11.0"
180.218.220.218 - - [17/Aug/2026:10:32:42 +0800] "GET /wp-includes/js/dist/hooks.min.js HTTP/1.1" 200 2421 "https://www.dses.ilc.edu.tw/" "Mozilla/5.0 (iPhone; CPU iPhone OS 18_7 like Mac OS X) AppleWebKit/605.1.15 (KHTML, like Gecko) Mobile/15E148 Safari Line/26.11.0"
180.218.220.218 - - [17/Aug/2026:10:32:42 +0800] "GET /wp-content/plugins/elementor/assets/js/webpack.runtime.min.js HTTP/1.1" 200 3095 "https://www.dses.ilc.edu.tw/" "Mozilla/5.0 (iPhone; CPU iPhone OS 18_7 like Mac OS X) AppleWebKit/605.1.15 (KHTML, like Gecko) Mobile/15E148 Safari Line/26.11.0"
180.218.220.218 - - [17/Aug/2026:10:32:42 +0800] "GET /wp-content/plugins/elementor/assets/js/frontend-modules.min.js HTTP/1.1" 200 19416 "https://www.dses.ilc.edu.tw/" "Mozilla/5.0 (iPhone; CPU iPhone OS 18_7 like Mac OS X) AppleWebKit/605.1.15 (KHTML, like Gecko) Mobile/15E148 Safari Line/26.11.0"
180.218.220.218 - - [17/Aug/2026:10:32:42 +0800] "GET /wp-content/plugins/elementor/assets/lib/waypoints/waypoints.min.js HTTP/1.1" 200 3873 "https://www.dses.ilc.edu.tw/" "Mozilla/5.0 (iPhone; CPU iPhone OS 18_7 like Mac OS X) AppleWebKit/605.1.15 (KHTML, like Gecko) Mobile/15E148 Safari Line/26.11.0"
180.218.220.218 - - [17/Aug/2026:10:32:42 +0800] "GET /wp-includes/js/dist/i18n.min.js HTTP/1.1" 200 4547 "https://www.dses.ilc.edu.tw/" "Mozilla/5.0 (iPhone; CPU iPhone OS 18_7 like Mac OS X) AppleWebKit/605.1.15 (KHTML, like Gecko) Mobile/15E148 Safari Line/26.11.0"
180.218.220.218 - - [17/Aug/2026:10:32:42 +0800] "GET /wp-content/plugins/elementor-pro/assets/js/frontend.min.js HTTP/1.1" 200 7574 "https://www.dses.ilc.edu.tw/" "Mozilla/5.0 (iPhone; CPU iPhone OS 18_7 like Mac OS X) AppleWebKit/605.1.15 (KHTML, like Gecko) Mobile/15E148 Safari Line/26.11.0"
180.218.220.218 - - [17/Aug/2026:10:32:42 +0800] "GET /wp-includes/js/jquery/ui/core.min.js HTTP/1.1" 200 7986 "https://www.dses.ilc.edu.tw/" "Mozilla/5.0 (iPhone; CPU iPhone OS 18_7 like Mac OS X) AppleWebKit/605.1.15 (KHTML, like Gecko) Mobile/15E148 Safari Line/26.11.0"
180.218.220.218 - - [17/Aug/2026:10:32:42 +0800] "GET /wp-content/plugins/elementor-pro/assets/js/elements-handlers.min.js HTTP/1.1" 200 10882 "https://www.dses.ilc.edu.tw/" "Mozilla/5.0 (iPhone; CPU iPhone OS 18_7 like Mac OS X) AppleWebKit/605.1.15 (KHTML, like Gecko) Mobile/15E148 Safari Line/26.11.0"
180.218.220.218 - - [17/Aug/2026:10:32:42 +0800] "GET /wp-content/plugins/elementor/assets/js/frontend.min.js HTTP/1.1" 200 13169 "https://www.dses.ilc.edu.tw/" "Mozilla/5.0 (iPhone; CPU iPhone OS 18_7 like Mac OS X) AppleWebKit/605.1.15 (KHTML, like Gecko) Mobile/15E148 Safari Line/26.11.0"
180.218.220.218 - - [17/Aug/2026:10:32:42 +0800] "GET /wp-content/uploads/sites/1984/2023/10/%E5%A4%A7%E6%BA%AA%E5%A0%B1%E9%A6%AC%E4%BB%94.png HTTP/1.1" 200 10267 "https://www.dses.ilc.edu.tw/" "Mozilla/5.0 (iPhone; CPU iPhone OS 18_7 like Mac OS X) AppleWebKit/605.1.15 (KHTML, like Gecko) Mobile/15E148 Safari Line/26.11.0"
180.218.220.218 - - [17/Aug/2026:10:32:42 +0800] "GET /wp-content/themes/oceanwp/assets/fonts/fontawesome/webfonts/fa-solid-900.woff2 HTTP/1.1" 200 151246 "https://www.dses.ilc.edu.tw/" "Mozilla/5.0 (iPhone; CPU iPhone OS 18_7 like Mac OS X) AppleWebKit/605.1.15 (KHTML, like Gecko) Mobile/15E148 Safari Line/26.11.0"
180.218.220.218 - - [17/Aug/2026:10:32:42 +0800] "GET /wp-content/uploads/sites/1984/2024/08/%E8%9C%9C%E6%9C%88%E7%81%A3%E6%B5%AA%E6%B3%81%E7%9B%B4%E6%92%AD-1.jpg HTTP/1.1" 200 5540 "https://www.dses.ilc.edu.tw/" "Mozilla/5.0 (iPhone; CPU iPhone OS 18_7 like Mac OS X) AppleWebKit/605.1.15 (KHTML, like Gecko) Mobile/15E148 Safari Line/26.11.0"
180.218.220.218 - - [17/Aug/2026:10:32:42 +0800] "GET /wp-content/plugins/elementor/assets/lib/eicons/fonts/eicons.woff2?5.30.0 HTTP/1.1" 200 98225 "https://www.dses.ilc.edu.tw/" "Mozilla/5.0 (iPhone; CPU iPhone OS 18_7 like Mac OS X) AppleWebKit/605.1.15 (KHTML, like Gecko) Mobile/15E148 Safari Line/26.11.0"
180.218.220.218 - - [17/Aug/2026:10:32:42 +0800] "GET /wp-content/uploads/sites/1984/2023/09/%E6%9C%AA%E5%91%BD%E5%90%8D%E8%A8%AD%E8%A8%88-1.png HTTP/1.1" 200 25173 "https://www.dses.ilc.edu.tw/" "Mozilla/5.0 (iPhone; CPU iPhone OS 18_7 like Mac OS X) AppleWebKit/605.1.15 (KHTML, like Gecko) Mobile/15E148 Safari Line/26.11.0"
180.218.220.218 - - [17/Aug/2026:10:32:42 +0800] "GET /wp-content/uploads/sites/1984/2023/09/2023-09-25_114543.png HTTP/1.1" 200 532923 "https://www.dses.ilc.edu.tw/" "Mozilla/5.0 (iPhone; CPU iPhone OS 18_7 like Mac OS X) AppleWebKit/605.1.15 (KHTML, like Gecko) Mobile/15E148 Safari Line/26.11.0"
180.218.220.218 - - [17/Aug/2026:10:32:42 +0800] "GET /wp-content/plugins/elementor/assets/lib/share-link/share-link.min.js?ver=3.22.3 HTTP/1.1" 200 2049 "https://www.dses.ilc.edu.tw/" "Mozilla/5.0 (iPhone; CPU iPhone OS 18_7 like Mac OS X) AppleWebKit/605.1.15 (KHTML, like Gecko) Mobile/15E148 Safari Line/26.11.0"
180.218.220.218 - - [17/Aug/2026:10:32:42 +0800] "GET /wp-content/plugins/elementor/assets/lib/dialog/dialog.min.js?ver=4.9.0 HTTP/1.1" 200 4368 "https://www.dses.ilc.edu.tw/" "Mozilla/5.0 (iPhone; CPU iPhone OS 18_7 like Mac OS X) AppleWebKit/605.1.15 (KHTML, like Gecko) Mobile/15E148 Safari Line/26.11.0"
180.218.220.218 - - [17/Aug/2026:10:32:42 +0800] "GET /wp-content/plugins/elementor/assets/js/lightbox.94b920846d1e37cafb78.bundle.min.js HTTP/1.1" 200 10857 "https://www.dses.ilc.edu.tw/" "Mozilla/5.0 (iPhone; CPU iPhone OS 18_7 like Mac OS X) AppleWebKit/605.1.15 (KHTML, like Gecko) Mobile/15E148 Safari Line/26.11.0"
180.218.220.218 - - [17/Aug/2026:10:32:42 +0800] "GET /wp-content/plugins/elementor-pro/assets/js/social.2d2e44e8608690943f29.bundle.min.js HTTP/1.1" 200 1433 "https://www.dses.ilc.edu.tw/" "Mozilla/5.0 (iPhone; CPU iPhone OS 18_7 like Mac OS X) AppleWebKit/605.1.15 (KHTML, like Gecko) Mobile/15E148 Safari Line/26.11.0"
180.218.220.218 - - [17/Aug/2026:10:32:42 +0800] "GET /wp-content/plugins/elementor-pro/assets/js/media-carousel.aca2224ef13e6f999011.bundle.min.js HTTP/1.1" 200 2948 "https://www.dses.ilc.edu.tw/" "Mozilla/5.0 (iPhone; CPU iPhone OS 18_7 like Mac OS X) AppleWebKit/605.1.15 (KHTML, like Gecko) Mobile/15E148 Safari Line/26.11.0"
180.218.220.218 - - [17/Aug/2026:10:32:43 +0800] "GET /wp-content/uploads/sites/1984/2023/09/2023-09-25_133306.png HTTP/1.1" 200 554095 "https://www.dses.ilc.edu.tw/" "Mozilla/5.0 (iPhone; CPU iPhone OS 18_7 like Mac OS X) AppleWebKit/605.1.15 (KHTML, like Gecko) Mobile/15E148 Safari Line/26.11.0"
180.218.220.218 - - [17/Aug/2026:10:32:43 +0800] "GET /wp-content/plugins/elementor/assets/lib/swiper/v8/swiper.min.js?ver=8.4.5 HTTP/1.1" 200 40708 "https://www.dses.ilc.edu.tw/" "Mozilla/5.0 (iPhone; CPU iPhone OS 18_7 like Mac OS X) AppleWebKit/605.1.15 (KHTML, like Gecko) Mobile/15E148 Safari Line/26.11.0"
2001:b400:e280:2b96:d44:7c30:841f:c85f - - [17/Aug/2026:10:32:43 +0800] "GET /wp-content/uploads/sites/2329/2026/01/IMG_7041-scaled-600x400.jpg HTTP/1.1" 200 47679 "https://www.dtes.ilc.edu.tw/" "Mozilla/5.0 (iPhone; CPU iPhone OS 18_7 like Mac OS X) AppleWebKit/605.1.15 (KHTML, like Gecko) Version/26.5.2 Mobile/15E148 Safari/604.1"
2001:288:a27a:1:6ddc:2a4b:ac26:cde2 - - [17/Aug/2026:10:32:42 +0800] "POST /namt/wp-admin/admin-ajax.php HTTP/1.1" 200 1459 "https://2blog.ilc.edu.tw/namt/wp-admin/user-new.php?user_id=1731" "Mozilla/5.0 (Windows NT 10.0; Win64; x64) AppleWebKit/537.36 (KHTML, like Gecko) Chrome/151.0.0.0 Safari/537.36"
180.218.220.218 - - [17/Aug/2026:10:32:44 +0800] "GET /wp-content/uploads/sites/1984/2023/09/2023-09-25_145636.png HTTP/1.1" 200 595153 "https://www.dses.ilc.edu.tw/" "Mozilla/5.0 (iPhone; CPU iPhone OS 18_7 like Mac OS X) AppleWebKit/605.1.15 (KHTML, like Gecko) Mobile/15E148 Safari Line/26.11.0"
2001:b400:e295:8b73:ecc7:4b21:cd1:3332 - - [17/Aug/2026:10:32:44 +0800] "GET / HTTP/1.1" 200 20966 "-" "Mozilla/5.0 (iPhone; CPU iPhone OS 18_7 like Mac OS X) AppleWebKit/605.1.15 (KHTML, like Gecko) Version/26.6 Mobile/15E148 Safari/604.1"
120.101.209.107 - - [17/Aug/2026:10:32:44 +0800] "-" 408 4802 "-" "-"
140.111.67.10 - - [17/Aug/2026:10:32:45 +0800] "GET /" 301 273 "-" "-"
36.229.196.113 - - [17/Aug/2026:10:32:45 +0800] "GET /ghjhnew/ HTTP/1.1" 200 18444 "-" "Mozilla/5.0 (Windows NT 10.0; Win64; x64) AppleWebKit/537.36 (KHTML, like Gecko) Chrome/151.0.0.0 Safari/537.36"
36.229.196.113 - - [17/Aug/2026:10:32:45 +0800] "GET /wp-content/cache/www.ghjh.ilc.edu.tw/wpfc-minified/9a7r7kpk/6vxl.css HTTP/1.1" 200 40894 "https://www.ghjh.ilc.edu.tw/ghjhnew/" "Mozilla/5.0 (Windows NT 10.0; Win64; x64) AppleWebKit/537.36 (KHTML, like Gecko) Chrome/151.0.0.0 Safari/537.36"
36.229.196.113 - - [17/Aug/2026:10:32:45 +0800] "GET /wp-content/cache/www.ghjh.ilc.edu.tw/wpfc-minified/qgo2hbb/6vxl.css HTTP/1.1" 200 1500 "https://www.ghjh.ilc.edu.tw/ghjhnew/" "Mozilla/5.0 (Windows NT 10.0; Win64; x64) AppleWebKit/537.36 (KHTML, like Gecko) Chrome/151.0.0.0 Safari/537.36"
36.229.196.113 - - [17/Aug/2026:10:32:45 +0800] "GET /wp-content/uploads/sites/3157/elementor/css/post-42.css HTTP/1.1" 200 6067 "https://www.ghjh.ilc.edu.tw/ghjhnew/" "Mozilla/5.0 (Windows NT 10.0; Win64; x64) AppleWebKit/537.36 (KHTML, like Gecko) Chrome/151.0.0.0 Safari/537.36"
36.229.196.113 - - [17/Aug/2026:10:32:45 +0800] "GET /wp-content/uploads/sites/3157/elementor/css/post-36.css HTTP/1.1" 200 5829 "https://www.ghjh.ilc.edu.tw/ghjhnew/" "Mozilla/5.0 (Windows NT 10.0; Win64; x64) AppleWebKit/537.36 (KHTML, like Gecko) Chrome/151.0.0.0 Safari/537.36"
36.229.196.113 - - [17/Aug/2026:10:32:45 +0800] "GET /wp-content/cache/www.ghjh.ilc.edu.tw/wpfc-minified/dj38krbc/6vxk.css HTTP/1.1" 200 7705 "https://www.ghjh.ilc.edu.tw/ghjhnew/" "Mozilla/5.0 (Windows NT 10.0; Win64; x64) AppleWebKit/537.36 (KHTML, like Gecko) Chrome/151.0.0.0 Safari/537.36"
36.229.196.113 - - [17/Aug/2026:10:32:45 +0800] "GET /wp-content/cache/www.ghjh.ilc.edu.tw/wpfc-minified/mcgfy8rk/7lw8.css HTTP/1.1" 200 52104 "https://www.ghjh.ilc.edu.tw/ghjhnew/" "Mozilla/5.0 (Windows NT 10.0; Win64; x64) AppleWebKit/537.36 (KHTML, like Gecko) Chrome/151.0.0.0 Safari/537.36"
36.229.196.113 - - [17/Aug/2026:10:32:45 +0800] "GET /wp-content/cache/www.ghjh.ilc.edu.tw/wpfc-minified/fqc26hsa/6vxk.css HTTP/1.1" 200 1137 "https://www.ghjh.ilc.edu.tw/ghjhnew/" "Mozilla/5.0 (Windows NT 10.0; Win64; x64) AppleWebKit/537.36 (KHTML, like Gecko) Chrome/151.0.0.0 Safari/537.36"
36.229.196.113 - - [17/Aug/2026:10:32:45 +0800] "GET /wp-content/cache/www.ghjh.ilc.edu.tw/wpfc-minified/g2smtulz/7lw8.css HTTP/1.1" 200 89168 "https://www.ghjh.ilc.edu.tw/ghjhnew/" "Mozilla/5.0 (Windows NT 10.0; Win64; x64) AppleWebKit/537.36 (KHTML, like Gecko) Chrome/151.0.0.0 Safari/537.36"
2001:b400:e295:8b73:ecc7:4b21:cd1:3332 - - [17/Aug/2026:10:32:45 +0800] "GET /wp-content/cache/www.kases.ilc.edu.tw/wpfc-minified/7vjybq8c/6whq.css HTTP/1.1" 200 40886 "https://www.kases.ilc.edu.tw/" "Mozilla/5.0 (iPhone; CPU iPhone OS 18_7 like Mac OS X) AppleWebKit/605.1.15 (KHTML, like Gecko) Version/26.6 Mobile/15E148 Safari/604.1"
36.229.196.113 - - [17/Aug/2026:10:32:45 +0800] "GET /wp-content/uploads/sites/3157/2021/04/m1_01t01.png HTTP/1.1" 200 12702 "https://www.ghjh.ilc.edu.tw/ghjhnew/" "Mozilla/5.0 (Windows NT 10.0; Win64; x64) AppleWebKit/537.36 (KHTML, like Gecko) Chrome/151.0.0.0 Safari/537.36"
36.229.196.113 - - [17/Aug/2026:10:32:45 +0800] "GET /wp-content/cache/www.ghjh.ilc.edu.tw/wpfc-minified/7z1v8m27/6vxl.js HTTP/1.1" 200 3453 "https://www.ghjh.ilc.edu.tw/ghjhnew/" "Mozilla/5.0 (Windows NT 10.0; Win64; x64) AppleWebKit/537.36 (KHTML, like Gecko) Chrome/151.0.0.0 Safari/537.36"
36.229.196.113 - - [17/Aug/2026:10:32:45 +0800] "GET /wp-content/cache/www.ghjh.ilc.edu.tw/wpfc-minified/d6oxvho1/6vxl.js HTTP/1.1" 200 35559 "https://www.ghjh.ilc.edu.tw/ghjhnew/" "Mozilla/5.0 (Windows NT 10.0; Win64; x64) AppleWebKit/537.36 (KHTML, like Gecko) Chrome/151.0.0.0 Safari/537.36"
36.229.196.113 - - [17/Aug/2026:10:32:45 +0800] "GET /wp-content/uploads/sites/3157/2021/04/m1_01t02.png HTTP/1.1" 200 11116 "https://www.ghjh.ilc.edu.tw/ghjhnew/" "Mozilla/5.0 (Windows NT 10.0; Win64; x64) AppleWebKit/537.36 (KHTML, like Gecko) Chrome/151.0.0.0 Safari/537.36"
36.229.196.113 - - [17/Aug/2026:10:32:45 +0800] "GET /wp-includes/js/hoverintent-js.min.js HTTP/1.1" 200 1597 "https://www.ghjh.ilc.edu.tw/ghjhnew/" "Mozilla/5.0 (Windows NT 10.0; Win64; x64) AppleWebKit/537.36 (KHTML, like Gecko) Chrome/151.0.0.0 Safari/537.36"
36.229.196.113 - - [17/Aug/2026:10:32:45 +0800] "GET /wp-includes/js/admin-bar.min.js HTTP/1.1" 200 2237 "https://www.ghjh.ilc.edu.tw/ghjhnew/" "Mozilla/5.0 (Windows NT 10.0; Win64; x64) AppleWebKit/537.36 (KHTML, like Gecko) Chrome/151.0.0.0 Safari/537.36"
2001:b400:e295:8b73:ecc7:4b21:cd1:3332 - - [17/Aug/2026:10:32:45 +0800] "GET /wp-includes/js/hoverintent-js.min.js HTTP/1.1" 200 1597 "https://www.kases.ilc.edu.tw/" "Mozilla/5.0 (iPhone; CPU iPhone OS 18_7 like Mac OS X) AppleWebKit/605.1.15 (KHTML, like Gecko) Version/26.6 Mobile/15E148 Safari/604.1"
2001:b400:e295:8b73:ecc7:4b21:cd1:3332 - - [17/Aug/2026:10:32:45 +0800] "GET /wp-includes/js/admin-bar.min.js HTTP/1.1" 200 2237 "https://www.kases.ilc.edu.tw/" "Mozilla/5.0 (iPhone; CPU iPhone OS 18_7 like Mac OS X) AppleWebKit/605.1.15 (KHTML, like Gecko) Version/26.6 Mobile/15E148 Safari/604.1"
36.229.196.113 - - [17/Aug/2026:10:32:45 +0800] "GET /wp-includes/js/imagesloaded.min.js HTTP/1.1" 200 2683 "https://www.ghjh.ilc.edu.tw/ghjhnew/" "Mozilla/5.0 (Windows NT 10.0; Win64; x64) AppleWebKit/537.36 (KHTML, like Gecko) Chrome/151.0.0.0 Safari/537.36"
2001:b400:e295:8b73:ecc7:4b21:cd1:3332 - - [17/Aug/2026:10:32:45 +0800] "GET /wp-includes/js/imagesloaded.min.js HTTP/1.1" 200 2683 "https://www.kases.ilc.edu.tw/" "Mozilla/5.0 (iPhone; CPU iPhone OS 18_7 like Mac OS X) AppleWebKit/605.1.15 (KHTML, like Gecko) Version/26.6 Mobile/15E148 Safari/604.1"
36.229.196.113 - - [17/Aug/2026:10:32:45 +0800] "GET /wp-content/themes/oceanwp/assets/js/theme.min.js HTTP/1.1" 200 5130 "https://www.ghjh.ilc.edu.tw/ghjhnew/" "Mozilla/5.0 (Windows NT 10.0; Win64; x64) AppleWebKit/537.36 (KHTML, like Gecko) Chrome/151.0.0.0 Safari/537.36"
