36.229.217.137 - - [17/Aug/2026:10:39:40 +0800] "GET /wp-content/uploads/sites/944/2019/10/IMG_2185_resized-150x150.jpg HTTP/1.1" 200 10009 "https://www.whjh.ilc.edu.tw/" "Mozilla/5.0 (iPhone; CPU iPhone OS 18_7 like Mac OS X) AppleWebKit/605.1.15 (KHTML, like Gecko) Version/26.6 Mobile/15E148 Safari/604.1"
36.229.217.137 - - [17/Aug/2026:10:39:40 +0800] "GET /wp-content/uploads/sites/944/2019/10/2017.3.10-a004_resized-150x150.jpg HTTP/1.1" 200 10910 "https://www.whjh.ilc.edu.tw/" "Mozilla/5.0 (iPhone; CPU iPhone OS 18_7 like Mac OS X) AppleWebKit/605.1.15 (KHTML, like Gecko) Version/26.6 Mobile/15E148 Safari/604.1"
36.229.217.137 - - [17/Aug/2026:10:39:40 +0800] "GET /wp-content/uploads/sites/944/2019/10/IMG_0121_resized-150x150.jpg HTTP/1.1" 200 11185 "https://www.whjh.ilc.edu.tw/" "Mozilla/5.0 (iPhone; CPU iPhone OS 18_7 like Mac OS X) AppleWebKit/605.1.15 (KHTML, like Gecko) Version/26.6 Mobile/15E148 Safari/604.1"
36.229.217.137 - - [17/Aug/2026:10:39:40 +0800] "GET /wp-content/uploads/sites/944/2019/10/DSC_6937_resized-150x150.jpg HTTP/1.1" 200 7796 "https://www.whjh.ilc.edu.tw/" "Mozilla/5.0 (iPhone; CPU iPhone OS 18_7 like Mac OS X) AppleWebKit/605.1.15 (KHTML, like Gecko) Version/26.6 Mobile/15E148 Safari/604.1"
36.229.217.137 - - [17/Aug/2026:10:39:40 +0800] "GET /wp-content/uploads/sites/944/2019/10/DAY2_171204_0059_resized-150x150.jpg HTTP/1.1" 200 7539 "https://www.whjh.ilc.edu.tw/" "Mozilla/5.0 (iPhone; CPU iPhone OS 18_7 like Mac OS X) AppleWebKit/605.1.15 (KHTML, like Gecko) Version/26.6 Mobile/15E148 Safari/604.1"
36.229.217.137 - - [17/Aug/2026:10:39:40 +0800] "GET /wp-content/uploads/sites/944/2019/10/AJN_7271_resized-150x150.jpg HTTP/1.1" 200 9173 "https://www.whjh.ilc.edu.tw/" "Mozilla/5.0 (iPhone; CPU iPhone OS 18_7 like Mac OS X) AppleWebKit/605.1.15 (KHTML, like Gecko) Version/26.6 Mobile/15E148 Safari/604.1"
36.229.217.137 - - [17/Aug/2026:10:39:40 +0800] "GET /wp-content/uploads/sites/944/2019/10/DSCN2419_resized-150x150.jpg HTTP/1.1" 200 5116 "https://www.whjh.ilc.edu.tw/" "Mozilla/5.0 (iPhone; CPU iPhone OS 18_7 like Mac OS X) AppleWebKit/605.1.15 (KHTML, like Gecko) Version/26.6 Mobile/15E148 Safari/604.1"
36.229.217.137 - - [17/Aug/2026:10:39:40 +0800] "GET /wp-content/uploads/sites/944/2019/10/IMG_0762_resized-150x150.jpg HTTP/1.1" 200 10691 "https://www.whjh.ilc.edu.tw/" "Mozilla/5.0 (iPhone; CPU iPhone OS 18_7 like Mac OS X) AppleWebKit/605.1.15 (KHTML, like Gecko) Version/26.6 Mobile/15E148 Safari/604.1"
2407:4b00:4c02:7da7:70be:f2b:3c85:6bdd - - [17/Aug/2026:10:39:40 +0800] "GET /wp-content/uploads/sites/1482/2024/10/113%E7%B8%A3%E9%95%B7%E7%9B%83%E6%88%90%E7%B8%BE.jpg HTTP/1.1" 200 132560 "https://www.chjh.ilc.edu.tw/" "Mozilla/5.0 (Windows NT 10.0; Win64; x64) AppleWebKit/537.36 (KHTML, like Gecko) Chrome/151.0.0.0 Safari/537.36 Edg/151.0.0.0"
2001:288:a201::66:125 - - [17/Aug/2026:10:39:40 +0800] "GET /blog/active.php HTTP/1.1" 404 1084 "-" "-"
36.229.217.137 - - [17/Aug/2026:10:39:40 +0800] "GET /wp-content/uploads/sites/944/2019/10/IMG_0245-1_resized-150x150.jpg HTTP/1.1" 200 9296 "https://www.whjh.ilc.edu.tw/" "Mozilla/5.0 (iPhone; CPU iPhone OS 18_7 like Mac OS X) AppleWebKit/605.1.15 (KHTML, like Gecko) Version/26.6 Mobile/15E148 Safari/604.1"
36.229.217.137 - - [17/Aug/2026:10:39:40 +0800] "GET /wp-content/uploads/sites/944/2019/10/DSC_5907_resized-150x150.jpg HTTP/1.1" 200 10636 "https://www.whjh.ilc.edu.tw/" "Mozilla/5.0 (iPhone; CPU iPhone OS 18_7 like Mac OS X) AppleWebKit/605.1.15 (KHTML, like Gecko) Version/26.6 Mobile/15E148 Safari/604.1"
36.229.217.137 - - [17/Aug/2026:10:39:40 +0800] "GET /wp-content/uploads/sites/944/2019/10/IMG_1528_resized-150x150.jpg HTTP/1.1" 200 9758 "https://www.whjh.ilc.edu.tw/" "Mozilla/5.0 (iPhone; CPU iPhone OS 18_7 like Mac OS X) AppleWebKit/605.1.15 (KHTML, like Gecko) Version/26.6 Mobile/15E148 Safari/604.1"
36.229.217.137 - - [17/Aug/2026:10:39:40 +0800] "GET /wp-content/uploads/sites/944/2019/10/12299265_1070712212948165_2090299834551627172_n_resized-150x150.jpg HTTP/1.1" 200 10126 "https://www.whjh.ilc.edu.tw/" "Mozilla/5.0 (iPhone; CPU iPhone OS 18_7 like Mac OS X) AppleWebKit/605.1.15 (KHTML, like Gecko) Version/26.6 Mobile/15E148 Safari/604.1"
36.229.217.137 - - [17/Aug/2026:10:39:40 +0800] "GET /wp-content/uploads/sites/944/2019/10/AJN_2042_resized-150x150.jpg HTTP/1.1" 200 5625 "https://www.whjh.ilc.edu.tw/" "Mozilla/5.0 (iPhone; CPU iPhone OS 18_7 like Mac OS X) AppleWebKit/605.1.15 (KHTML, like Gecko) Version/26.6 Mobile/15E148 Safari/604.1"
36.229.217.137 - - [17/Aug/2026:10:39:40 +0800] "GET /wp-content/uploads/sites/944/2019/10/DSC_6512_resized-150x150.jpg HTTP/1.1" 200 8238 "https://www.whjh.ilc.edu.tw/" "Mozilla/5.0 (iPhone; CPU iPhone OS 18_7 like Mac OS X) AppleWebKit/605.1.15 (KHTML, like Gecko) Version/26.6 Mobile/15E148 Safari/604.1"
36.229.217.137 - - [17/Aug/2026:10:39:40 +0800] "GET /wp-content/uploads/sites/944/2019/10/IMG_1962_resized-150x150.jpg HTTP/1.1" 200 7818 "https://www.whjh.ilc.edu.tw/" "Mozilla/5.0 (iPhone; CPU iPhone OS 18_7 like Mac OS X) AppleWebKit/605.1.15 (KHTML, like Gecko) Version/26.6 Mobile/15E148 Safari/604.1"
36.229.217.137 - - [17/Aug/2026:10:39:40 +0800] "GET /wp-content/uploads/sites/944/2019/10/064_resized-150x150.jpg HTTP/1.1" 200 8351 "https://www.whjh.ilc.edu.tw/" "Mozilla/5.0 (iPhone; CPU iPhone OS 18_7 like Mac OS X) AppleWebKit/605.1.15 (KHTML, like Gecko) Version/26.6 Mobile/15E148 Safari/604.1"
36.229.217.137 - - [17/Aug/2026:10:39:40 +0800] "GET /wp-content/uploads/sites/944/2019/10/IMG_0122_resized-150x150.jpg HTTP/1.1" 200 8553 "https://www.whjh.ilc.edu.tw/" "Mozilla/5.0 (iPhone; CPU iPhone OS 18_7 like Mac OS X) AppleWebKit/605.1.15 (KHTML, like Gecko) Version/26.6 Mobile/15E148 Safari/604.1"
36.229.217.137 - - [17/Aug/2026:10:39:40 +0800] "GET /wp-content/uploads/sites/944/2019/10/IMG_0309_resized-150x150.jpg HTTP/1.1" 200 10421 "https://www.whjh.ilc.edu.tw/" "Mozilla/5.0 (iPhone; CPU iPhone OS 18_7 like Mac OS X) AppleWebKit/605.1.15 (KHTML, like Gecko) Version/26.6 Mobile/15E148 Safari/604.1"
36.229.217.137 - - [17/Aug/2026:10:39:40 +0800] "GET /wp-content/plugins/elementor/assets/js/image-carousel.4455c6362492d9067512.bundle.min.js HTTP/1.1" 200 1176 "https://www.whjh.ilc.edu.tw/" "Mozilla/5.0 (iPhone; CPU iPhone OS 18_7 like Mac OS X) AppleWebKit/605.1.15 (KHTML, like Gecko) Version/26.6 Mobile/15E148 Safari/604.1"
36.229.217.137 - - [17/Aug/2026:10:39:40 +0800] "GET /wp-content/plugins/elementor-pro/assets/js/social.2d2e44e8608690943f29.bundle.min.js HTTP/1.1" 200 1433 "https://www.whjh.ilc.edu.tw/" "Mozilla/5.0 (iPhone; CPU iPhone OS 18_7 like Mac OS X) AppleWebKit/605.1.15 (KHTML, like Gecko) Version/26.6 Mobile/15E148 Safari/604.1"
36.229.217.137 - - [17/Aug/2026:10:39:40 +0800] "GET /wp-includes/images/rss.png HTTP/1.1" 200 1434 "https://www.whjh.ilc.edu.tw/" "Mozilla/5.0 (iPhone; CPU iPhone OS 18_7 like Mac OS X) AppleWebKit/605.1.15 (KHTML, like Gecko) Version/26.6 Mobile/15E148 Safari/604.1"
36.229.217.137 - - [17/Aug/2026:10:39:40 +0800] "GET /wp-content/plugins/elementor/assets/lib/swiper/v8/swiper.min.js?ver=8.4.5 HTTP/1.1" 200 40708 "https://www.whjh.ilc.edu.tw/" "Mozilla/5.0 (iPhone; CPU iPhone OS 18_7 like Mac OS X) AppleWebKit/605.1.15 (KHTML, like Gecko) Version/26.6 Mobile/15E148 Safari/604.1"
2407:4b00:4c02:7da7:70be:f2b:3c85:6bdd - - [17/Aug/2026:10:39:40 +0800] "GET /wp-content/uploads/sites/1482/2024/10/113%E5%AD%B8%E5%B9%B4%E5%BA%A6%E5%AE%9C%E8%98%AD%E7%B8%A3%E5%AD%B8%E7%94%9F%E7%BE%8E%E8%A1%93%E6%AF%94%E8%B3%BD%E5%BE%97%E7%8D%8E%E5%90%8D%E5%96%AE-1-1024x576.jpg HTTP/1.1" 200 118326 "https://www.chjh.ilc.edu.tw/" "Mozilla/5.0 (Windows NT 10.0; Win64; x64) AppleWebKit/537.36 (KHTML, like Gecko) Chrome/151.0.0.0 Safari/537.36 Edg/151.0.0.0"
2407:4b00:4c02:7da7:70be:f2b:3c85:6bdd - - [17/Aug/2026:10:39:40 +0800] "GET /wp-content/uploads/sites/1482/2024/10/19F91BED-BADA-4B34-952C-7B19F9B13D83_0.jpg HTTP/1.1" 200 155029 "https://www.chjh.ilc.edu.tw/" "Mozilla/5.0 (Windows NT 10.0; Win64; x64) AppleWebKit/537.36 (KHTML, like Gecko) Chrome/151.0.0.0 Safari/537.36 Edg/151.0.0.0"
2407:4b00:4c02:7da7:70be:f2b:3c85:6bdd - - [17/Aug/2026:10:39:40 +0800] "GET /wp-content/uploads/sites/1482/2024/10/6B7BC776-21DF-4913-A28E-9B3F623A6260_0.jpg HTTP/1.1" 200 169132 "https://www.chjh.ilc.edu.tw/" "Mozilla/5.0 (Windows NT 10.0; Win64; x64) AppleWebKit/537.36 (KHTML, like Gecko) Chrome/151.0.0.0 Safari/537.36 Edg/151.0.0.0"
211.72.195.139 - - [17/Aug/2026:10:39:40 +0800] "-" 408 339 "-" "-"
2407:4b00:4c02:7da7:70be:f2b:3c85:6bdd - - [17/Aug/2026:10:39:40 +0800] "GET /wp-content/uploads/sites/1482/2024/10/4A3AFCFD-4705-4649-A6BD-0E07373961C8_0.jpg HTTP/1.1" 200 147173 "https://www.chjh.ilc.edu.tw/" "Mozilla/5.0 (Windows NT 10.0; Win64; x64) AppleWebKit/537.36 (KHTML, like Gecko) Chrome/151.0.0.0 Safari/537.36 Edg/151.0.0.0"
2407:4b00:4c02:7da7:70be:f2b:3c85:6bdd - - [17/Aug/2026:10:39:41 +0800] "GET /wp-content/uploads/sites/1482/2024/10/C0CC2755-4AFC-4F12-947D-FF0EDD733123_0.jpg HTTP/1.1" 200 174535 "https://www.chjh.ilc.edu.tw/" "Mozilla/5.0 (Windows NT 10.0; Win64; x64) AppleWebKit/537.36 (KHTML, like Gecko) Chrome/151.0.0.0 Safari/537.36 Edg/151.0.0.0"
2407:4b00:4c02:7da7:70be:f2b:3c85:6bdd - - [17/Aug/2026:10:39:41 +0800] "GET /wp-content/uploads/sites/1482/2024/09/112%E5%AD%B8%E5%B9%B4%E5%BA%A6%E7%B8%BE%E5%84%AA%E5%AE%B6%E9%95%B7%E6%9C%83-1024x576.jpg HTTP/1.1" 200 92294 "https://www.chjh.ilc.edu.tw/" "Mozilla/5.0 (Windows NT 10.0; Win64; x64) AppleWebKit/537.36 (KHTML, like Gecko) Chrome/151.0.0.0 Safari/537.36 Edg/151.0.0.0"
2407:4b00:4c02:7da7:70be:f2b:3c85:6bdd - - [17/Aug/2026:10:39:41 +0800] "GET /wp-content/uploads/sites/1482/2024/09/11-1024x576.jpg HTTP/1.1" 200 109667 "https://www.chjh.ilc.edu.tw/" "Mozilla/5.0 (Windows NT 10.0; Win64; x64) AppleWebKit/537.36 (KHTML, like Gecko) Chrome/151.0.0.0 Safari/537.36 Edg/151.0.0.0"
2407:4b00:4c02:7da7:70be:f2b:3c85:6bdd - - [17/Aug/2026:10:39:41 +0800] "GET /wp-content/uploads/sites/1482/2024/09/21-1024x576.jpg HTTP/1.1" 200 110653 "https://www.chjh.ilc.edu.tw/" "Mozilla/5.0 (Windows NT 10.0; Win64; x64) AppleWebKit/537.36 (KHTML, like Gecko) Chrome/151.0.0.0 Safari/537.36 Edg/151.0.0.0"
36.229.217.137 - - [17/Aug/2026:10:39:40 +0800] "GET /wp-content/uploads/sites/944/2019/10/DJI_0110.jpg HTTP/1.1" 200 4944839 "https://www.whjh.ilc.edu.tw/" "Mozilla/5.0 (iPhone; CPU iPhone OS 18_7 like Mac OS X) AppleWebKit/605.1.15 (KHTML, like Gecko) Version/26.6 Mobile/15E148 Safari/604.1"
2407:4b00:4c02:7da7:70be:f2b:3c85:6bdd - - [17/Aug/2026:10:39:41 +0800] "GET /wp-content/uploads/sites/1482/2024/09/5_0-1024x576.jpg HTTP/1.1" 200 112387 "https://www.chjh.ilc.edu.tw/" "Mozilla/5.0 (Windows NT 10.0; Win64; x64) AppleWebKit/537.36 (KHTML, like Gecko) Chrome/151.0.0.0 Safari/537.36 Edg/151.0.0.0"
2407:4b00:4c02:7da7:70be:f2b:3c85:6bdd - - [17/Aug/2026:10:39:41 +0800] "GET /wp-content/uploads/sites/1482/2024/09/6_0-1024x576.jpg HTTP/1.1" 200 107138 "https://www.chjh.ilc.edu.tw/" "Mozilla/5.0 (Windows NT 10.0; Win64; x64) AppleWebKit/537.36 (KHTML, like Gecko) Chrome/151.0.0.0 Safari/537.36 Edg/151.0.0.0"
2407:4b00:4c02:7da7:70be:f2b:3c85:6bdd - - [17/Aug/2026:10:39:41 +0800] "GET /wp-content/uploads/sites/1482/2024/09/4_0-1024x576.jpg HTTP/1.1" 200 107126 "https://www.chjh.ilc.edu.tw/" "Mozilla/5.0 (Windows NT 10.0; Win64; x64) AppleWebKit/537.36 (KHTML, like Gecko) Chrome/151.0.0.0 Safari/537.36 Edg/151.0.0.0"
2407:4b00:4c02:7da7:70be:f2b:3c85:6bdd - - [17/Aug/2026:10:39:41 +0800] "GET /wp-content/uploads/sites/1482/2024/09/31-1024x576.jpg HTTP/1.1" 200 105049 "https://www.chjh.ilc.edu.tw/" "Mozilla/5.0 (Windows NT 10.0; Win64; x64) AppleWebKit/537.36 (KHTML, like Gecko) Chrome/151.0.0.0 Safari/537.36 Edg/151.0.0.0"
2407:4b00:4c02:7da7:70be:f2b:3c85:6bdd - - [17/Aug/2026:10:39:41 +0800] "GET /wp-content/uploads/sites/1482/2024/09/7_0-1024x576.jpg HTTP/1.1" 200 112262 "https://www.chjh.ilc.edu.tw/" "Mozilla/5.0 (Windows NT 10.0; Win64; x64) AppleWebKit/537.36 (KHTML, like Gecko) Chrome/151.0.0.0 Safari/537.36 Edg/151.0.0.0"
2407:4b00:4c02:7da7:70be:f2b:3c85:6bdd - - [17/Aug/2026:10:39:41 +0800] "GET /wp-content/uploads/sites/1482/2024/09/%E5%85%A8%E5%9C%8B%E7%A7%91%E5%B1%95%E6%81%AD%E8%B3%80%E6%B5%B7%E5%A0%B1-1024x724.jpg HTTP/1.1" 200 121729 "https://www.chjh.ilc.edu.tw/" "Mozilla/5.0 (Windows NT 10.0; Win64; x64) AppleWebKit/537.36 (KHTML, like Gecko) Chrome/151.0.0.0 Safari/537.36 Edg/151.0.0.0"
2407:4b00:4c02:7da7:70be:f2b:3c85:6bdd - - [17/Aug/2026:10:39:41 +0800] "GET /wp-content/uploads/sites/1482/2024/09/%E4%B8%AD%E8%8F%AF%E5%9C%8B%E4%B8%AD113%E5%B9%B4%E7%89%B9%E6%AE%8A%E5%84%AA%E8%89%AF%E6%95%99%E5%B8%AB%E6%A9%AB1-1024x576.jpg HTTP/1.1" 200 119919 "https://www.chjh.ilc.edu.tw/" "Mozilla/5.0 (Windows NT 10.0; Win64; x64) AppleWebKit/537.36 (KHTML, like Gecko) Chrome/151.0.0.0 Safari/537.36 Edg/151.0.0.0"
2407:4b00:4c02:7da7:70be:f2b:3c85:6bdd - - [17/Aug/2026:10:39:41 +0800] "GET /wp-content/uploads/sites/1482/2024/09/%E6%84%9B%E5%BF%83%E5%BF%97%E5%B7%A5%E7%8D%B2%E7%8D%8E-1024x576.jpg HTTP/1.1" 200 107730 "https://www.chjh.ilc.edu.tw/" "Mozilla/5.0 (Windows NT 10.0; Win64; x64) AppleWebKit/537.36 (KHTML, like Gecko) Chrome/151.0.0.0 Safari/537.36 Edg/151.0.0.0"
2407:4b00:4c02:7da7:70be:f2b:3c85:6bdd - - [17/Aug/2026:10:39:41 +0800] "GET /wp-content/uploads/sites/1482/2024/08/42-1-1024x724.png HTTP/1.1" 200 224086 "https://www.chjh.ilc.edu.tw/" "Mozilla/5.0 (Windows NT 10.0; Win64; x64) AppleWebKit/537.36 (KHTML, like Gecko) Chrome/151.0.0.0 Safari/537.36 Edg/151.0.0.0"
2407:4b00:4c02:7da7:70be:f2b:3c85:6bdd - - [17/Aug/2026:10:39:41 +0800] "GET /wp-content/uploads/sites/1482/2024/08/51-1024x724.png HTTP/1.1" 200 262375 "https://www.chjh.ilc.edu.tw/" "Mozilla/5.0 (Windows NT 10.0; Win64; x64) AppleWebKit/537.36 (KHTML, like Gecko) Chrome/151.0.0.0 Safari/537.36 Edg/151.0.0.0"
2407:4b00:4c02:7da7:70be:f2b:3c85:6bdd - - [17/Aug/2026:10:39:41 +0800] "GET /wp-content/uploads/sites/1482/2024/08/113-%E5%AF%A6%E9%A9%97%E7%8F%AD%E6%A6%9C%E5%96%AE_0-1-1024x724.png HTTP/1.1" 200 259428 "https://www.chjh.ilc.edu.tw/" "Mozilla/5.0 (Windows NT 10.0; Win64; x64) AppleWebKit/537.36 (KHTML, like Gecko) Chrome/151.0.0.0 Safari/537.36 Edg/151.0.0.0"
2407:4b00:4c02:7da7:70be:f2b:3c85:6bdd - - [17/Aug/2026:10:39:41 +0800] "GET /wp-content/uploads/sites/1482/2024/07/U13.%E6%9D%8E%E5%B0%9A%E6%BE%A4-%E5%AE%89%E6%9B%BC.%E9%98%BF%E6%8B%89%E6%9C%A8%E5%9C%96.jpg HTTP/1.1" 200 127219 "https://www.chjh.ilc.edu.tw/" "Mozilla/5.0 (Windows NT 10.0; Win64; x64) AppleWebKit/537.36 (KHTML, like Gecko) Chrome/151.0.0.0 Safari/537.36 Edg/151.0.0.0"
2407:4b00:4c02:7da7:70be:f2b:3c85:6bdd - - [17/Aug/2026:10:39:41 +0800] "GET /wp-content/uploads/sites/1482/2024/07/messageImage_1720946569567.jpg HTTP/1.1" 200 114602 "https://www.chjh.ilc.edu.tw/" "Mozilla/5.0 (Windows NT 10.0; Win64; x64) AppleWebKit/537.36 (KHTML, like Gecko) Chrome/151.0.0.0 Safari/537.36 Edg/151.0.0.0"
36.229.217.137 - - [17/Aug/2026:10:39:41 +0800] "GET /wp-content/uploads/sites/944/2019/10/cropped-%E6%96%87%E4%B8%AD%E7%B6%B2%E9%A0%81logo-192x192.jpg HTTP/1.1" 200 12283 "https://www.whjh.ilc.edu.tw/" "Mozilla/5.0 (iPhone; CPU iPhone OS 18_7 like Mac OS X) AppleWebKit/605.1.15 (KHTML, like Gecko) Version/26.6 Mobile/15E148 Safari/604.1"
36.229.217.137 - - [17/Aug/2026:10:39:41 +0800] "GET /wp-content/uploads/sites/944/2019/10/cropped-%E6%96%87%E4%B8%AD%E7%B6%B2%E9%A0%81logo-32x32.jpg HTTP/1.1" 200 2092 "https://www.whjh.ilc.edu.tw/" "Mozilla/5.0 (iPhone; CPU iPhone OS 18_7 like Mac OS X) AppleWebKit/605.1.15 (KHTML, like Gecko) Version/26.6 Mobile/15E148 Safari/604.1"
2407:4b00:4c02:7da7:70be:f2b:3c85:6bdd - - [17/Aug/2026:10:39:41 +0800] "GET /wp-content/uploads/sites/1482/2024/05/U13.%E6%9D%8E%E5%B0%9A%E6%BE%A4.jpg HTTP/1.1" 200 112278 "https://www.chjh.ilc.edu.tw/" "Mozilla/5.0 (Windows NT 10.0; Win64; x64) AppleWebKit/537.36 (KHTML, like Gecko) Chrome/151.0.0.0 Safari/537.36 Edg/151.0.0.0"
2407:4b00:4c02:7da7:70be:f2b:3c85:6bdd - - [17/Aug/2026:10:39:41 +0800] "GET /wp-content/uploads/sites/1482/2024/05/113%E5%9C%8B%E4%B8%AD%E7%B1%83%E7%90%83%E8%81%AF%E8%B3%BD%E6%88%90%E7%B8%BE.jpg HTTP/1.1" 200 109608 "https://www.chjh.ilc.edu.tw/" "Mozilla/5.0 (Windows NT 10.0; Win64; x64) AppleWebKit/537.36 (KHTML, like Gecko) Chrome/151.0.0.0 Safari/537.36 Edg/151.0.0.0"
2407:4b00:4c02:7da7:70be:f2b:3c85:6bdd - - [17/Aug/2026:10:39:41 +0800] "GET /wp-content/uploads/sites/1482/2024/05/113%E5%85%A8%E4%B8%AD%E9%81%8B%E6%88%90%E7%B8%BE.jpg HTTP/1.1" 200 107339 "https://www.chjh.ilc.edu.tw/" "Mozilla/5.0 (Windows NT 10.0; Win64; x64) AppleWebKit/537.36 (KHTML, like Gecko) Chrome/151.0.0.0 Safari/537.36 Edg/151.0.0.0"
2001:288:a26a:1:6923:8bf3:4374:c578 - - [17/Aug/2026:10:39:41 +0800] "POST /hsics/wp-admin/admin-ajax.php HTTP/1.1" 200 1459 "https://2blog.ilc.edu.tw/hsics/wp-admin/edit.php" "Mozilla/5.0 (Windows NT 10.0; Win64; x64) AppleWebKit/537.36 (KHTML, like Gecko) Chrome/151.0.0.0 Safari/537.36"
2407:4b00:4c02:7da7:70be:f2b:3c85:6bdd - - [17/Aug/2026:10:39:41 +0800] "GET /wp-content/uploads/sites/1482/2024/04/%E7%B0%A1%E5%A0%B1%E9%81%94%E4%BA%BA%E7%AB%B6%E8%B3%BD%E6%A6%9C%E5%96%AE-1024x724.png HTTP/1.1" 200 208408 "https://www.chjh.ilc.edu.tw/" "Mozilla/5.0 (Windows NT 10.0; Win64; x64) AppleWebKit/537.36 (KHTML, like Gecko) Chrome/151.0.0.0 Safari/537.36 Edg/151.0.0.0"
2407:4b00:4c02:7da7:70be:f2b:3c85:6bdd - - [17/Aug/2026:10:39:42 +0800] "GET /wp-content/uploads/sites/1482/2024/04/%E6%A6%9C%E5%96%AE1-1024x724.png HTTP/1.1" 200 206501 "https://www.chjh.ilc.edu.tw/" "Mozilla/5.0 (Windows NT 10.0; Win64; x64) AppleWebKit/537.36 (KHTML, like Gecko) Chrome/151.0.0.0 Safari/537.36 Edg/151.0.0.0"
2407:4b00:4c02:7da7:70be:f2b:3c85:6bdd - - [17/Aug/2026:10:39:42 +0800] "GET /wp-content/uploads/sites/1482/2024/04/1-1024x576.png HTTP/1.1" 200 352712 "https://www.chjh.ilc.edu.tw/" "Mozilla/5.0 (Windows NT 10.0; Win64; x64) AppleWebKit/537.36 (KHTML, like Gecko) Chrome/151.0.0.0 Safari/537.36 Edg/151.0.0.0"
2407:4b00:4c02:7da7:70be:f2b:3c85:6bdd - - [17/Aug/2026:10:39:42 +0800] "GET /wp-content/uploads/sites/1482/2024/04/1-1024x724.jpg HTTP/1.1" 200 153314 "https://www.chjh.ilc.edu.tw/" "Mozilla/5.0 (Windows NT 10.0; Win64; x64) AppleWebKit/537.36 (KHTML, like Gecko) Chrome/151.0.0.0 Safari/537.36 Edg/151.0.0.0"
2407:4b00:4c02:7da7:70be:f2b:3c85:6bdd - - [17/Aug/2026:10:39:42 +0800] "GET /wp-content/uploads/sites/1482/2024/04/2-1024x724.jpg HTTP/1.1" 200 153494 "https://www.chjh.ilc.edu.tw/" "Mozilla/5.0 (Windows NT 10.0; Win64; x64) AppleWebKit/537.36 (KHTML, like Gecko) Chrome/151.0.0.0 Safari/537.36 Edg/151.0.0.0"
2407:4b00:4c02:7da7:70be:f2b:3c85:6bdd - - [17/Aug/2026:10:39:42 +0800] "GET /wp-content/uploads/sites/1482/2024/04/%E5%96%AE%E5%AD%97%E7%8E%8B-1024x724.jpg HTTP/1.1" 200 154840 "https://www.chjh.ilc.edu.tw/" "Mozilla/5.0 (Windows NT 10.0; Win64; x64) AppleWebKit/537.36 (KHTML, like Gecko) Chrome/151.0.0.0 Safari/537.36 Edg/151.0.0.0"
2407:4b00:4c02:7da7:70be:f2b:3c85:6bdd - - [17/Aug/2026:10:39:42 +0800] "GET /wp-content/uploads/sites/1482/2024/04/2-1024x576.png HTTP/1.1" 200 331850 "https://www.chjh.ilc.edu.tw/" "Mozilla/5.0 (Windows NT 10.0; Win64; x64) AppleWebKit/537.36 (KHTML, like Gecko) Chrome/151.0.0.0 Safari/537.36 Edg/151.0.0.0"
52.167.144.166 - - [17/Aug/2026:10:39:42 +0800] "GET /?s=%E5%AD%B8%E6%A0%A1%E5%85%AC%E5%8B%99%E4%BA%BA%E5%93%A1%E5%AF%92%E6%9A%91%E5%81%87%E8%A3%9C%E4%BC%91 HTTP/1.1" 200 20526 "-" "Mozilla/5.0 AppleWebKit/537.36 (KHTML, like Gecko; compatible; bingbot/2.0; +http://www.bing.com/bingbot.htm) Chrome/116.0.1938.76 Safari/537.36"
2001:288:a24a:1:c62d:d442:1579:31f7 - - [17/Aug/2026:10:39:44 +0800] "-" 408 4791 "-" "-"
2407:4b00:4c02:7da7:70be:f2b:3c85:6bdd - - [17/Aug/2026:10:39:43 +0800] "GET /wp-content/uploads/sites/1482/2024/03/%E7%8F%BE%E4%BB%A3%E8%88%9E-1024x576.jpg HTTP/1.1" 200 79157 "https://www.chjh.ilc.edu.tw/" "Mozilla/5.0 (Windows NT 10.0; Win64; x64) AppleWebKit/537.36 (KHTML, like Gecko) Chrome/151.0.0.0 Safari/537.36 Edg/151.0.0.0"
2407:4b00:4c02:7da7:70be:f2b:3c85:6bdd - - [17/Aug/2026:10:39:44 +0800] "GET /wp-content/uploads/sites/1482/2024/03/%E7%B5%B2%E7%AB%B9%E7%89%B9%E5%84%AA-1024x576.jpg HTTP/1.1" 200 89021 "https://www.chjh.ilc.edu.tw/" "Mozilla/5.0 (Windows NT 10.0; Win64; x64) AppleWebKit/537.36 (KHTML, like Gecko) Chrome/151.0.0.0 Safari/537.36 Edg/151.0.0.0"
2407:4b00:4c02:7da7:70be:f2b:3c85:6bdd - - [17/Aug/2026:10:39:43 +0800] "GET /wp-content/uploads/sites/1482/2024/03/%E9%99%B3%E6%98%B1%E7%91%8B%E5%85%A8%E5%9C%8B-%E9%AB%98%E8%83%A1-1024x576.jpg HTTP/1.1" 200 102800 "https://www.chjh.ilc.edu.tw/" "Mozilla/5.0 (Windows NT 10.0; Win64; x64) AppleWebKit/537.36 (KHTML, like Gecko) Chrome/151.0.0.0 Safari/537.36 Edg/151.0.0.0"
2407:4b00:4c02:7da7:70be:f2b:3c85:6bdd - - [17/Aug/2026:10:39:44 +0800] "GET /wp-content/uploads/sites/1482/2024/01/1706524861030-1024x579.jpg HTTP/1.1" 200 96830 "https://www.chjh.ilc.edu.tw/" "Mozilla/5.0 (Windows NT 10.0; Win64; x64) AppleWebKit/537.36 (KHTML, like Gecko) Chrome/151.0.0.0 Safari/537.36 Edg/151.0.0.0"
2407:4b00:4c02:7da7:70be:f2b:3c85:6bdd - - [17/Aug/2026:10:39:44 +0800] "GET /wp-content/uploads/sites/1482/2024/01/1706524854228-1024x574.jpg HTTP/1.1" 200 91046 "https://www.chjh.ilc.edu.tw/" "Mozilla/5.0 (Windows NT 10.0; Win64; x64) AppleWebKit/537.36 (KHTML, like Gecko) Chrome/151.0.0.0 Safari/537.36 Edg/151.0.0.0"
2001:288:a213:1:1809:8d08:c681:1858 - - [17/Aug/2026:10:39:45 +0800] "-" 408 4796 "-" "-"
140.111.67.10 - - [17/Aug/2026:10:39:45 +0800] "GET /" 301 273 "-" "-"
2407:4b00:4c02:7da7:70be:f2b:3c85:6bdd - - [17/Aug/2026:10:39:45 +0800] "GET /wp-content/uploads/sites/1482/2024/01/U15.%E6%9E%97%E5%AD%9F%E5%B8%86.jpg HTTP/1.1" 200 106388 "https://www.chjh.ilc.edu.tw/" "Mozilla/5.0 (Windows NT 10.0; Win64; x64) AppleWebKit/537.36 (KHTML, like Gecko) Chrome/151.0.0.0 Safari/537.36 Edg/151.0.0.0"
2001:288:a27a:1:6ddc:2a4b:ac26:cde2 - - [17/Aug/2026:10:39:42 +0800] "POST /namt/wp-admin/admin-ajax.php HTTP/1.1" 200 1459 "https://2blog.ilc.edu.tw/namt/wp-admin/user-new.php?user_id=1731" "Mozilla/5.0 (Windows NT 10.0; Win64; x64) AppleWebKit/537.36 (KHTML, like Gecko) Chrome/151.0.0.0 Safari/537.36"
2407:4b00:4c02:7da7:70be:f2b:3c85:6bdd - - [17/Aug/2026:10:39:45 +0800] "GET /wp-content/uploads/sites/1482/2024/01/112%E5%AD%B8%E5%B9%B4%E5%BA%A6%E7%A7%91%E6%8A%80%E7%AB%B6%E8%B3%BD-1024x576.jpg HTTP/1.1" 200 139408 "https://www.chjh.ilc.edu.tw/" "Mozilla/5.0 (Windows NT 10.0; Win64; x64) AppleWebKit/537.36 (KHTML, like Gecko) Chrome/151.0.0.0 Safari/537.36 Edg/151.0.0.0"
2001:288:a201::66:125 - - [17/Aug/2026:10:39:45 +0800] "GET /blog/active.php HTTP/1.1" 404 1084 "-" "-"
2001:288:a201::66:125 - - [17/Aug/2026:10:39:45 +0800] "GET /blog/active.php HTTP/1.1" 301 1026 "-" "-"
2407:4b00:4c02:7da7:70be:f2b:3c85:6bdd - - [17/Aug/2026:10:39:45 +0800] "GET /wp-content/plugins/elementor/assets/js/lightbox.94b920846d1e37cafb78.bundle.min.js HTTP/1.1" 200 10857 "https://www.chjh.ilc.edu.tw/" "Mozilla/5.0 (Windows NT 10.0; Win64; x64) AppleWebKit/537.36 (KHTML, like Gecko) Chrome/151.0.0.0 Safari/537.36 Edg/151.0.0.0"
::1 - - [17/Aug/2026:10:39:45 +0800] "OPTIONS * HTTP/1.0" 200 110 "-" "Apache/2.4.68 (Ubuntu) OpenSSL/3.0.19 (internal dummy connection)"
2407:4b00:4c02:7da7:70be:f2b:3c85:6bdd - - [17/Aug/2026:10:39:45 +0800] "GET /wp-content/plugins/elementor/assets/lib/dialog/dialog.min.js?ver=4.9.0 HTTP/1.1" 200 4368 "https://www.chjh.ilc.edu.tw/" "Mozilla/5.0 (Windows NT 10.0; Win64; x64) AppleWebKit/537.36 (KHTML, like Gecko) Chrome/151.0.0.0 Safari/537.36 Edg/151.0.0.0"
2407:4b00:4c02:7da7:70be:f2b:3c85:6bdd - - [17/Aug/2026:10:39:45 +0800] "GET /wp-content/plugins/elementor/assets/lib/share-link/share-link.min.js?ver=3.22.3 HTTP/1.1" 200 2049 "https://www.chjh.ilc.edu.tw/" "Mozilla/5.0 (Windows NT 10.0; Win64; x64) AppleWebKit/537.36 (KHTML, like Gecko) Chrome/151.0.0.0 Safari/537.36 Edg/151.0.0.0"
2407:4b00:4c02:7da7:70be:f2b:3c85:6bdd - - [17/Aug/2026:10:39:46 +0800] "GET /wp-content/plugins/elementor/assets/js/image-carousel.4455c6362492d9067512.bundle.min.js HTTP/1.1" 200 1176 "https://www.chjh.ilc.edu.tw/" "Mozilla/5.0 (Windows NT 10.0; Win64; x64) AppleWebKit/537.36 (KHTML, like Gecko) Chrome/151.0.0.0 Safari/537.36 Edg/151.0.0.0"
2407:4b00:4c02:7da7:70be:f2b:3c85:6bdd - - [17/Aug/2026:10:39:46 +0800] "GET /wp-content/plugins/elementor/assets/lib/swiper/v8/swiper.min.js?ver=8.4.5 HTTP/1.1" 200 40708 "https://www.chjh.ilc.edu.tw/" "Mozilla/5.0 (Windows NT 10.0; Win64; x64) AppleWebKit/537.36 (KHTML, like Gecko) Chrome/151.0.0.0 Safari/537.36 Edg/151.0.0.0"
2407:4b00:4c02:7da7:70be:f2b:3c85:6bdd - - [17/Aug/2026:10:39:45 +0800] "GET /wp-content/uploads/sites/1482/2023/12/112%E4%B8%AD%E5%B0%8F%E5%AD%B8%E7%BE%BD%E7%90%83%E6%88%90%E7%B8%BE.jpg HTTP/1.1" 200 149114 "https://www.chjh.ilc.edu.tw/" "Mozilla/5.0 (Windows NT 10.0; Win64; x64) AppleWebKit/537.36 (KHTML, like Gecko) Chrome/151.0.0.0 Safari/537.36 Edg/151.0.0.0"
2407:4b00:4c02:7da7:70be:f2b:3c85:6bdd - - [17/Aug/2026:10:39:45 +0800] "GET /wp-content/uploads/sites/1482/2023/12/112%E4%B8%AD%E5%B0%8F%E5%AD%B8%E8%B7%86%E6%8B%B3%E9%81%93%E6%88%90%E7%B8%BE.jpg HTTP/1.1" 200 124638 "https://www.chjh.ilc.edu.tw/" "Mozilla/5.0 (Windows NT 10.0; Win64; x64) AppleWebKit/537.36 (KHTML, like Gecko) Chrome/151.0.0.0 Safari/537.36 Edg/151.0.0.0"
2407:4b00:4c02:7da7:70be:f2b:3c85:6bdd - - [17/Aug/2026:10:39:45 +0800] "GET /wp-content/uploads/sites/1482/2023/12/112%E5%AE%9C%E8%98%AD%E5%8D%80%E9%A0%90%E8%B3%BD%E6%88%90%E7%B8%BE.jpg HTTP/1.1" 200 124410 "https://www.chjh.ilc.edu.tw/" "Mozilla/5.0 (Windows NT 10.0; Win64; x64) AppleWebKit/537.36 (KHTML, like Gecko) Chrome/151.0.0.0 Safari/537.36 Edg/151.0.0.0"
2407:4b00:4c02:7da7:70be:f2b:3c85:6bdd - - [17/Aug/2026:10:39:45 +0800] "GET /wp-content/uploads/sites/1482/2023/12/112%E7%94%B0%E5%BE%91%E6%88%90%E7%B8%BE.jpg HTTP/1.1" 200 146710 "https://www.chjh.ilc.edu.tw/" "Mozilla/5.0 (Windows NT 10.0; Win64; x64) AppleWebKit/537.36 (KHTML, like Gecko) Chrome/151.0.0.0 Safari/537.36 Edg/151.0.0.0"
2407:4b00:4c02:7da7:70be:f2b:3c85:6bdd - - [17/Aug/2026:10:39:45 +0800] "GET /wp-content/uploads/sites/1482/2023/12/112%E4%B8%AD%E5%B0%8F%E5%AD%B8%E6%A1%8C%E7%90%83%E6%88%90%E7%B8%BE.jpg HTTP/1.1" 200 168319 "https://www.chjh.ilc.edu.tw/" "Mozilla/5.0 (Windows NT 10.0; Win64; x64) AppleWebKit/537.36 (KHTML, like Gecko) Chrome/151.0.0.0 Safari/537.36 Edg/151.0.0.0"
::1 - - [17/Aug/2026:10:39:46 +0800] "OPTIONS * HTTP/1.0" 200 110 "-" "Apache/2.4.68 (Ubuntu) OpenSSL/3.0.19 (internal dummy connection)"
::1 - - [17/Aug/2026:10:39:47 +0800] "OPTIONS * HTTP/1.0" 200 110 "-" "Apache/2.4.68 (Ubuntu) OpenSSL/3.0.19 (internal dummy connection)"
2001:288:a24f:1:a840:8ba3:b2ed:fae1 - - [17/Aug/2026:10:39:48 +0800] "GET / HTTP/1.1" 200 25112 "-" "Mozilla/5.0 (Windows NT 10.0; Win64; x64) AppleWebKit/537.36 (KHTML, like Gecko) Chrome/151.0.0.0 Safari/537.36"
2001:288:a24f:1:a840:8ba3:b2ed:fae1 - - [17/Aug/2026:10:39:48 +0800] "GET /wp-content/cache/www.tkjh.ilc.edu.tw/wpfc-minified/mbw4bt68/6vyr.css HTTP/1.1" 200 5959 "https://www.tkjh.ilc.edu.tw/" "Mozilla/5.0 (Windows NT 10.0; Win64; x64) AppleWebKit/537.36 (KHTML, like Gecko) Chrome/151.0.0.0 Safari/537.36"
2001:288:a24f:1:a840:8ba3:b2ed:fae1 - - [17/Aug/2026:10:39:48 +0800] "GET /wp-content/cache/www.tkjh.ilc.edu.tw/wpfc-minified/lxbefab0/6vyr.css HTTP/1.1" 200 40884 "https://www.tkjh.ilc.edu.tw/" "Mozilla/5.0 (Windows NT 10.0; Win64; x64) AppleWebKit/537.36 (KHTML, like Gecko) Chrome/151.0.0.0 Safari/537.36"
2001:288:a24f:1:a840:8ba3:b2ed:fae1 - - [17/Aug/2026:10:39:48 +0800] "GET /wp-content/uploads/sites/888/elementor/css/post-552.css HTTP/1.1" 200 1268 "https://www.tkjh.ilc.edu.tw/" "Mozilla/5.0 (Windows NT 10.0; Win64; x64) AppleWebKit/537.36 (KHTML, like Gecko) Chrome/151.0.0.0 Safari/537.36"
2001:288:a24f:1:a840:8ba3:b2ed:fae1 - - [17/Aug/2026:10:39:48 +0800] "GET /wp-content/cache/www.tkjh.ilc.edu.tw/wpfc-minified/e5cup82p/6vyr.css HTTP/1.1" 200 18878 "https://www.tkjh.ilc.edu.tw/" "Mozilla/5.0 (Windows NT 10.0; Win64; x64) AppleWebKit/537.36 (KHTML, like Gecko) Chrome/151.0.0.0 Safari/537.36"
2001:288:a24f:1:a840:8ba3:b2ed:fae1 - - [17/Aug/2026:10:39:48 +0800] "GET /wp-content/cache/www.tkjh.ilc.edu.tw/wpfc-minified/8wjksvk0/6vyr.css HTTP/1.1" 200 45632 "https://www.tkjh.ilc.edu.tw/" "Mozilla/5.0 (Windows NT 10.0; Win64; x64) AppleWebKit/537.36 (KHTML, like Gecko) Chrome/151.0.0.0 Safari/537.36"
2001:288:a24f:1:a840:8ba3:b2ed:fae1 - - [17/Aug/2026:10:39:48 +0800] "GET /wp-content/uploads/sites/888/elementor/css/post-64.css HTTP/1.1" 200 1658 "https://www.tkjh.ilc.edu.tw/" "Mozilla/5.0 (Windows NT 10.0; Win64; x64) AppleWebKit/537.36 (KHTML, like Gecko) Chrome/151.0.0.0 Safari/537.36"
2001:288:a24f:1:a840:8ba3:b2ed:fae1 - - [17/Aug/2026:10:39:48 +0800] "GET /wp-content/cache/www.tkjh.ilc.edu.tw/wpfc-minified/2dakbp7l/6vyr.css HTTP/1.1" 200 59371 "https://www.tkjh.ilc.edu.tw/" "Mozilla/5.0 (Windows NT 10.0; Win64; x64) AppleWebKit/537.36 (KHTML, like Gecko) Chrome/151.0.0.0 Safari/537.36"
2001:288:a24f:1:a840:8ba3:b2ed:fae1 - - [17/Aug/2026:10:39:48 +0800] "GET /wp-content/cache/www.tkjh.ilc.edu.tw/wpfc-minified/k24nck6h/6vyr.js HTTP/1.1" 200 40361 "https://www.tkjh.ilc.edu.tw/" "Mozilla/5.0 (Windows NT 10.0; Win64; x64) AppleWebKit/537.36 (KHTML, like Gecko) Chrome/151.0.0.0 Safari/537.36"
2001:288:a24f:1:a840:8ba3:b2ed:fae1 - - [17/Aug/2026:10:39:48 +0800] "GET /wp-content/uploads/sites/888/2023/03/1111104-60-LOGO.jpg HTTP/1.1" 200 153512 "https://www.tkjh.ilc.edu.tw/" "Mozilla/5.0 (Windows NT 10.0; Win64; x64) AppleWebKit/537.36 (KHTML, like Gecko) Chrome/151.0.0.0 Safari/537.36"
2001:288:a24f:1:a840:8ba3:b2ed:fae1 - - [17/Aug/2026:10:39:48 +0800] "GET /wp-content/uploads/sites/888/2019/07/108.7.30-banner.jpg HTTP/1.1" 200 478174 "https://www.tkjh.ilc.edu.tw/" "Mozilla/5.0 (Windows NT 10.0; Win64; x64) AppleWebKit/537.36 (KHTML, like Gecko) Chrome/151.0.0.0 Safari/537.36"
2001:288:a24f:1:a840:8ba3:b2ed:fae1 - - [17/Aug/2026:10:39:48 +0800] "GET /wp-content/cache/www.tkjh.ilc.edu.tw/wpfc-minified/6wws96go/6vyr.css HTTP/1.1" 200 3465 "https://www.tkjh.ilc.edu.tw/" "Mozilla/5.0 (Windows NT 10.0; Win64; x64) AppleWebKit/537.36 (KHTML, like Gecko) Chrome/151.0.0.0 Safari/537.36"
2001:288:a24f:1:a840:8ba3:b2ed:fae1 - - [17/Aug/2026:10:39:48 +0800] "GET /wp-content/uploads/sites/888/2026/01/%E5%AE%9C%E8%98%AD%E5%8D%80%E6%A9%9F%E9%97%9C%E7%8E%8B%E5%A4%A7%E8%B3%BD.png HTTP/1.1" 200 410703 "https://www.tkjh.ilc.edu.tw/" "Mozilla/5.0 (Windows NT 10.0; Win64; x64) AppleWebKit/537.36 (KHTML, like Gecko) Chrome/151.0.0.0 Safari/537.36"
2001:288:a24f:1:a840:8ba3:b2ed:fae1 - - [17/Aug/2026:10:39:48 +0800] "GET /wp-content/uploads/sites/888/elementor/css/post-441.css HTTP/1.1" 200 1085 "https://www.tkjh.ilc.edu.tw/" "Mozilla/5.0 (Windows NT 10.0; Win64; x64) AppleWebKit/537.36 (KHTML, like Gecko) Chrome/151.0.0.0 Safari/537.36"
2001:288:a24f:1:a840:8ba3:b2ed:fae1 - - [17/Aug/2026:10:39:48 +0800] "GET /wp-includes/js/hoverintent-js.min.js HTTP/1.1" 200 1597 "https://www.tkjh.ilc.edu.tw/" "Mozilla/5.0 (Windows NT 10.0; Win64; x64) AppleWebKit/537.36 (KHTML, like Gecko) Chrome/151.0.0.0 Safari/537.36"
2001:288:a24f:1:a840:8ba3:b2ed:fae1 - - [17/Aug/2026:10:39:48 +0800] "GET /wp-includes/js/admin-bar.min.js HTTP/1.1" 200 2237 "https://www.tkjh.ilc.edu.tw/" "Mozilla/5.0 (Windows NT 10.0; Win64; x64) AppleWebKit/537.36 (KHTML, like Gecko) Chrome/151.0.0.0 Safari/537.36"
2001:288:a24f:1:a840:8ba3:b2ed:fae1 - - [17/Aug/2026:10:39:48 +0800] "GET /wp-includes/js/underscore.min.js HTTP/1.1" 200 8191 "https://www.tkjh.ilc.edu.tw/" "Mozilla/5.0 (Windows NT 10.0; Win64; x64) AppleWebKit/537.36 (KHTML, like Gecko) Chrome/151.0.0.0 Safari/537.36"
2001:288:a24f:1:a840:8ba3:b2ed:fae1 - - [17/Aug/2026:10:39:48 +0800] "GET /wp-content/themes/huemanilc/assets/front/js/scripts.min.js HTTP/1.1" 200 27001 "https://www.tkjh.ilc.edu.tw/" "Mozilla/5.0 (Windows NT 10.0; Win64; x64) AppleWebKit/537.36 (KHTML, like Gecko) Chrome/151.0.0.0 Safari/537.36"
2001:288:a24f:1:a840:8ba3:b2ed:fae1 - - [17/Aug/2026:10:39:48 +0800] "GET /wp-includes/js/imagesloaded.min.js HTTP/1.1" 200 2683 "https://www.tkjh.ilc.edu.tw/" "Mozilla/5.0 (Windows NT 10.0; Win64; x64) AppleWebKit/537.36 (KHTML, like Gecko) Chrome/151.0.0.0 Safari/537.36"
2001:288:a24f:1:a840:8ba3:b2ed:fae1 - - [17/Aug/2026:10:39:48 +0800] "GET /wp-content/plugins/elementor-pro/assets/js/webpack-pro.runtime.min.js HTTP/1.1" 200 3562 "https://www.tkjh.ilc.edu.tw/" "Mozilla/5.0 (Windows NT 10.0; Win64; x64) AppleWebKit/537.36 (KHTML, like Gecko) Chrome/151.0.0.0 Safari/537.36"
2001:288:a24f:1:a840:8ba3:b2ed:fae1 - - [17/Aug/2026:10:39:48 +0800] "GET /wp-content/plugins/elementor/assets/js/webpack.runtime.min.js HTTP/1.1" 200 3095 "https://www.tkjh.ilc.edu.tw/" "Mozilla/5.0 (Windows NT 10.0; Win64; x64) AppleWebKit/537.36 (KHTML, like Gecko) Chrome/151.0.0.0 Safari/537.36"
2001:288:a24f:1:a840:8ba3:b2ed:fae1 - - [17/Aug/2026:10:39:48 +0800] "GET /wp-includes/js/dist/hooks.min.js HTTP/1.1" 200 2421 "https://www.tkjh.ilc.edu.tw/" "Mozilla/5.0 (Windows NT 10.0; Win64; x64) AppleWebKit/537.36 (KHTML, like Gecko) Chrome/151.0.0.0 Safari/537.36"
2001:288:a24f:1:a840:8ba3:b2ed:fae1 - - [17/Aug/2026:10:39:48 +0800] "GET /wp-content/plugins/elementor/assets/js/frontend-modules.min.js HTTP/1.1" 200 19416 "https://www.tkjh.ilc.edu.tw/" "Mozilla/5.0 (Windows NT 10.0; Win64; x64) AppleWebKit/537.36 (KHTML, like Gecko) Chrome/151.0.0.0 Safari/537.36"
2001:288:a24f:1:a840:8ba3:b2ed:fae1 - - [17/Aug/2026:10:39:48 +0800] "GET /wp-includes/js/dist/i18n.min.js HTTP/1.1" 200 4547 "https://www.tkjh.ilc.edu.tw/" "Mozilla/5.0 (Windows NT 10.0; Win64; x64) AppleWebKit/537.36 (KHTML, like Gecko) Chrome/151.0.0.0 Safari/537.36"
2001:288:a24f:1:a840:8ba3:b2ed:fae1 - - [17/Aug/2026:10:39:48 +0800] "GET /wp-content/plugins/elementor-pro/assets/js/frontend.min.js HTTP/1.1" 200 7574 "https://www.tkjh.ilc.edu.tw/" "Mozilla/5.0 (Windows NT 10.0; Win64; x64) AppleWebKit/537.36 (KHTML, like Gecko) Chrome/151.0.0.0 Safari/537.36"
2001:288:a24f:1:a840:8ba3:b2ed:fae1 - - [17/Aug/2026:10:39:48 +0800] "GET /wp-content/plugins/elementor/assets/lib/waypoints/waypoints.min.js HTTP/1.1" 200 3873 "https://www.tkjh.ilc.edu.tw/" "Mozilla/5.0 (Windows NT 10.0; Win64; x64) AppleWebKit/537.36 (KHTML, like Gecko) Chrome/151.0.0.0 Safari/537.36"
2001:288:a24f:1:a840:8ba3:b2ed:fae1 - - [17/Aug/2026:10:39:48 +0800] "GET /wp-includes/js/jquery/ui/core.min.js HTTP/1.1" 200 7986 "https://www.tkjh.ilc.edu.tw/" "Mozilla/5.0 (Windows NT 10.0; Win64; x64) AppleWebKit/537.36 (KHTML, like Gecko) Chrome/151.0.0.0 Safari/537.36"
2001:288:a24f:1:a840:8ba3:b2ed:fae1 - - [17/Aug/2026:10:39:48 +0800] "GET /wp-content/plugins/elementor/assets/js/frontend.min.js HTTP/1.1" 200 13169 "https://www.tkjh.ilc.edu.tw/" "Mozilla/5.0 (Windows NT 10.0; Win64; x64) AppleWebKit/537.36 (KHTML, like Gecko) Chrome/151.0.0.0 Safari/537.36"
2001:288:a24f:1:a840:8ba3:b2ed:fae1 - - [17/Aug/2026:10:39:48 +0800] "GET /wp-content/plugins/elementor-pro/assets/js/elements-handlers.min.js HTTP/1.1" 200 10882 "https://www.tkjh.ilc.edu.tw/" "Mozilla/5.0 (Windows NT 10.0; Win64; x64) AppleWebKit/537.36 (KHTML, like Gecko) Chrome/151.0.0.0 Safari/537.36"
2001:288:a24f:1:a840:8ba3:b2ed:fae1 - - [17/Aug/2026:10:39:48 +0800] "GET /wp-content/uploads/sites/888/2026/07/115%E7%89%B9%E6%AE%8A%E5%84%AA%E8%89%AF%E6%95%99%E5%B8%AB.png HTTP/1.1" 200 1164955 "https://www.tkjh.ilc.edu.tw/wp-content/uploads/sites/888/elementor/css/post-64.css" "Mozilla/5.0 (Windows NT 10.0; Win64; x64) AppleWebKit/537.36 (KHTML, like Gecko) Chrome/151.0.0.0 Safari/537.36"
2001:288:a24f:1:a840:8ba3:b2ed:fae1 - - [17/Aug/2026:10:39:48 +0800] "GET /wp-content/themes/huemanilc/assets/front/webfonts/fa-solid-900.woff2?v=5.5.0 HTTP/1.1" 200 74879 "https://www.tkjh.ilc.edu.tw/wp-content/cache/www.tkjh.ilc.edu.tw/wpfc-minified/8wjksvk0/6vyr.css" "Mozilla/5.0 (Windows NT 10.0; Win64; x64) AppleWebKit/537.36 (KHTML, like Gecko) Chrome/151.0.0.0 Safari/537.36"
2001:288:a24f:1:a840:8ba3:b2ed:fae1 - - [17/Aug/2026:10:39:48 +0800] "GET /wp-content/plugins/elementor/assets/lib/eicons/fonts/eicons.woff2?5.30.0 HTTP/1.1" 200 98225 "https://www.tkjh.ilc.edu.tw/wp-content/cache/www.tkjh.ilc.edu.tw/wpfc-minified/8wjksvk0/6vyr.css" "Mozilla/5.0 (Windows NT 10.0; Win64; x64) AppleWebKit/537.36 (KHTML, like Gecko) Chrome/151.0.0.0 Safari/537.36"
2001:288:a24f:1:a840:8ba3:b2ed:fae1 - - [17/Aug/2026:10:39:48 +0800] "GET /wp-content/uploads/sites/888/2026/07/115%E7%B7%9A%E4%B8%8A%E9%96%B1%E8%AE%80%E7%89%B9%E5%84%AA.png HTTP/1.1" 200 1605494 "https://www.tkjh.ilc.edu.tw/wp-content/uploads/sites/888/elementor/css/post-64.css" "Mozilla/5.0 (Windows NT 10.0; Win64; x64) AppleWebKit/537.36 (KHTML, like Gecko) Chrome/151.0.0.0 Safari/537.36"
2001:288:a24f:1:a840:8ba3:b2ed:fae1 - - [17/Aug/2026:10:39:48 +0800] "GET /wp-content/themes/huemanilc/assets/front/webfonts/fa-brands-400.woff2?v=5.5.0 HTTP/1.1" 200 70613 "https://www.tkjh.ilc.edu.tw/wp-content/cache/www.tkjh.ilc.edu.tw/wpfc-minified/8wjksvk0/6vyr.css" "Mozilla/5.0 (Windows NT 10.0; Win64; x64) AppleWebKit/537.36 (KHTML, like Gecko) Chrome/151.0.0.0 Safari/537.36"
2001:288:a24f:1:a840:8ba3:b2ed:fae1 - - [17/Aug/2026:10:39:48 +0800] "GET /wp-content/uploads/sites/888/2026/05/114%E9%96%B1%E8%AE%80%E7%8D%8E.png HTTP/1.1" 200 1601192 "https://www.tkjh.ilc.edu.tw/wp-content/uploads/sites/888/elementor/css/post-64.css" "Mozilla/5.0 (Windows NT 10.0; Win64; x64) AppleWebKit/537.36 (KHTML, like Gecko) Chrome/151.0.0.0 Safari/537.36"
2001:288:a24f:1:a840:8ba3:b2ed:fae1 - - [17/Aug/2026:10:39:49 +0800] "GET /wp-content/uploads/sites/888/2026/03/114%E5%8F%A3%E7%90%B4%E5%9B%9B%E9%87%8D%E5%A5%8F%E5%85%A8%E5%9C%8B%E7%89%B9%E5%84%AA.png HTTP/1.1" 200 1107473 "https://www.tkjh.ilc.edu.tw/wp-content/uploads/sites/888/elementor/css/post-64.css" "Mozilla/5.0 (Windows NT 10.0; Win64; x64) AppleWebKit/537.36 (KHTML, like Gecko) Chrome/151.0.0.0 Safari/537.36"
2001:288:a24f:1:a840:8ba3:b2ed:fae1 - - [17/Aug/2026:10:39:48 +0800] "GET /wp-content/uploads/sites/888/2026/03/114%E5%8F%A3%E7%90%B4%E5%90%88%E5%A5%8F%E5%85%A8%E5%9C%8B%E7%89%B9%E5%84%AA.png HTTP/1.1" 200 1566535 "https://www.tkjh.ilc.edu.tw/wp-content/uploads/sites/888/elementor/css/post-64.css" "Mozilla/5.0 (Windows NT 10.0; Win64; x64) AppleWebKit/537.36 (KHTML, like Gecko) Chrome/151.0.0.0 Safari/537.36"
2001:288:a24f:1:a840:8ba3:b2ed:fae1 - - [17/Aug/2026:10:39:49 +0800] "GET /wp-content/uploads/sites/888/2026/03/114%E8%88%9E%E8%B9%88%E5%85%A8%E5%9C%8B%E8%B3%BD.jpg HTTP/1.1" 200 883781 "https://www.tkjh.ilc.edu.tw/wp-content/uploads/sites/888/elementor/css/post-64.css" "Mozilla/5.0 (Windows NT 10.0; Win64; x64) AppleWebKit/537.36 (KHTML, like Gecko) Chrome/151.0.0.0 Safari/537.36"
2001:288:a24f:1:a840:8ba3:b2ed:fae1 - - [17/Aug/2026:10:39:48 +0800] "GET /wp-content/uploads/sites/888/2026/04/114%E8%AE%80%E8%80%85%E5%8A%87%E5%A0%B4.png HTTP/1.1" 200 1708348 "https://www.tkjh.ilc.edu.tw/wp-content/uploads/sites/888/elementor/css/post-64.css" "Mozilla/5.0 (Windows NT 10.0; Win64; x64) AppleWebKit/537.36 (KHTML, like Gecko) Chrome/151.0.0.0 Safari/537.36"
2001:288:a24f:1:a840:8ba3:b2ed:fae1 - - [17/Aug/2026:10:39:48 +0800] "GET /wp-content/uploads/sites/888/2026/04/115%E7%A7%91%E5%B1%95%E7%8D%B2%E7%8D%8E.png HTTP/1.1" 200 2036911 "https://www.tkjh.ilc.edu.tw/wp-content/uploads/sites/888/elementor/css/post-64.css" "Mozilla/5.0 (Windows NT 10.0; Win64; x64) AppleWebKit/537.36 (KHTML, like Gecko) Chrome/151.0.0.0 Safari/537.36"
2001:288:a24f:1:a840:8ba3:b2ed:fae1 - - [17/Aug/2026:10:39:49 +0800] "GET /wp-content/uploads/sites/888/2026/03/114%E7%A7%91%E6%8A%80%E7%AB%B6%E8%B3%BD.png HTTP/1.1" 200 1443585 "https://www.tkjh.ilc.edu.tw/wp-content/uploads/sites/888/elementor/css/post-64.css" "Mozilla/5.0 (Windows NT 10.0; Win64; x64) AppleWebKit/537.36 (KHTML, like Gecko) Chrome/151.0.0.0 Safari/537.36"
2001:288:a24f:1:a840:8ba3:b2ed:fae1 - - [17/Aug/2026:10:39:49 +0800] "GET /wp-content/uploads/sites/888/2025/11/S__4079630_0.jpg HTTP/1.1" 200 415835 "https://www.tkjh.ilc.edu.tw/wp-content/uploads/sites/888/elementor/css/post-64.css" "Mozilla/5.0 (Windows NT 10.0; Win64; x64) AppleWebKit/537.36 (KHTML, like Gecko) Chrome/151.0.0.0 Safari/537.36"
2001:288:a24f:1:a840:8ba3:b2ed:fae1 - - [17/Aug/2026:10:39:49 +0800] "GET /wp-content/uploads/sites/888/2025/11/S__4079629_0.jpg HTTP/1.1" 200 339900 "https://www.tkjh.ilc.edu.tw/wp-content/uploads/sites/888/elementor/css/post-64.css" "Mozilla/5.0 (Windows NT 10.0; Win64; x64) AppleWebKit/537.36 (KHTML, like Gecko) Chrome/151.0.0.0 Safari/537.36"
2001:288:a24f:1:a840:8ba3:b2ed:fae1 - - [17/Aug/2026:10:39:49 +0800] "GET /wp-content/uploads/sites/888/2026/01/115%E7%99%BC%E6%98%8E%E5%B1%95%E7%8D%B2%E7%8D%8E.png HTTP/1.1" 200 1949026 "https://www.tkjh.ilc.edu.tw/wp-content/uploads/sites/888/elementor/css/post-64.css" "Mozilla/5.0 (Windows NT 10.0; Win64; x64) AppleWebKit/537.36 (KHTML, like Gecko) Chrome/151.0.0.0 Safari/537.36"
140.111.67.10 - - [17/Aug/2026:10:39:50 +0800] "GET /" 301 273 "-" "-"
2001:288:a24f:1:a840:8ba3:b2ed:fae1 - - [17/Aug/2026:10:39:49 +0800] "GET /wp-content/uploads/sites/888/2025/11/114%E5%85%AC%E7%9B%8A%E8%A1%8C%E5%8B%95.png HTTP/1.1" 200 1087798 "https://www.tkjh.ilc.edu.tw/wp-content/uploads/sites/888/elementor/css/post-64.css" "Mozilla/5.0 (Windows NT 10.0; Win64; x64) AppleWebKit/537.36 (KHTML, like Gecko) Chrome/151.0.0.0 Safari/537.36"
2001:288:a24f:1:a840:8ba3:b2ed:fae1 - - [17/Aug/2026:10:39:49 +0800] "GET /wp-content/uploads/sites/888/2025/11/114%E7%B5%B2%E7%AB%B9%E5%84%AA%E8%89%AF.png HTTP/1.1" 200 2404954 "https://www.tkjh.ilc.edu.tw/wp-content/uploads/sites/888/elementor/css/post-64.css" "Mozilla/5.0 (Windows NT 10.0; Win64; x64) AppleWebKit/537.36 (KHTML, like Gecko) Chrome/151.0.0.0 Safari/537.36"
2001:288:a24f:1:a840:8ba3:b2ed:fae1 - - [17/Aug/2026:10:39:50 +0800] "GET /wp-content/plugins/elementor-pro/assets/js/slides.fb6b9afd278bb9c5e75b.bundle.min.js HTTP/1.1" 200 2348 "https://www.tkjh.ilc.edu.tw/" "Mozilla/5.0 (Windows NT 10.0; Win64; x64) AppleWebKit/537.36 (KHTML, like Gecko) Chrome/151.0.0.0 Safari/537.36"
2001:288:a24f:1:a840:8ba3:b2ed:fae1 - - [17/Aug/2026:10:39:50 +0800] "GET /wp-content/uploads/sites/888/2025/11/114%E5%AE%9C%E8%98%AD%E7%B8%A3%E8%88%9E%E8%B9%88%E6%AF%94%E8%B3%BD.png HTTP/1.1" 200 2317899 "https://www.tkjh.ilc.edu.tw/wp-content/uploads/sites/888/elementor/css/post-64.css" "Mozilla/5.0 (Windows NT 10.0; Win64; x64) AppleWebKit/537.36 (KHTML, like Gecko) Chrome/151.0.0.0 Safari/537.36"
2001:288:a24f:1:a840:8ba3:b2ed:fae1 - - [17/Aug/2026:10:39:49 +0800] "GET /wp-content/uploads/sites/888/2025/11/114%E5%9C%8B%E6%A8%82%E5%84%AA%E8%89%AF.png HTTP/1.1" 200 2621059 "https://www.tkjh.ilc.edu.tw/wp-content/uploads/sites/888/elementor/css/post-64.css" "Mozilla/5.0 (Windows NT 10.0; Win64; x64) AppleWebKit/537.36 (KHTML, like Gecko) Chrome/151.0.0.0 Safari/537.36"
2001:288:a24f:1:a840:8ba3:b2ed:fae1 - - [17/Aug/2026:10:39:50 +0800] "GET /wp-content/plugins/elementor/assets/lib/swiper/v8/swiper.min.js?ver=8.4.5 HTTP/1.1" 200 40708 "https://www.tkjh.ilc.edu.tw/" "Mozilla/5.0 (Windows NT 10.0; Win64; x64) AppleWebKit/537.36 (KHTML, like Gecko) Chrome/151.0.0.0 Safari/537.36"
2001:288:a24f:1:a840:8ba3:b2ed:fae1 - - [17/Aug/2026:10:39:50 +0800] "-" 408 4802 "-" "-"
2001:288:a24f:1:a840:8ba3:b2ed:fae1 - - [17/Aug/2026:10:39:50 +0800] "-" 408 339 "-" "-"
2001:288:a201::66:125 - - [17/Aug/2026:10:39:50 +0800] "GET /blog/active.php HTTP/1.1" 301 1026 "-" "-"
2001:288:a24f:1:a840:8ba3:b2ed:fae1 - - [17/Aug/2026:10:39:50 +0800] "-" 408 4802 "-" "-"
2001:288:a201::66:125 - - [17/Aug/2026:10:39:50 +0800] "GET /blog/active.php HTTP/1.1" 404 1084 "-" "-"
2001:288:a24f:1:a840:8ba3:b2ed:fae1 - - [17/Aug/2026:10:39:49 +0800] "GET /wp-content/uploads/sites/888/2025/11/114%E7%99%BC%E6%98%8E%E5%B1%95.png HTTP/1.1" 200 2408247 "https://www.tkjh.ilc.edu.tw/wp-content/uploads/sites/888/elementor/css/post-64.css" "Mozilla/5.0 (Windows NT 10.0; Win64; x64) AppleWebKit/537.36 (KHTML, like Gecko) Chrome/151.0.0.0 Safari/537.36"
2001:288:a24f:1:a840:8ba3:b2ed:fae1 - - [17/Aug/2026:10:39:49 +0800] "GET /wp-content/uploads/sites/888/2025/11/114%E5%8E%9F%E4%BD%8F%E6%B0%91%E6%96%87%E5%8C%96%E7%A4%BE%E5%9C%98.png HTTP/1.1" 200 2999353 "https://www.tkjh.ilc.edu.tw/wp-content/uploads/sites/888/elementor/css/post-64.css" "Mozilla/5.0 (Windows NT 10.0; Win64; x64) AppleWebKit/537.36 (KHTML, like Gecko) Chrome/151.0.0.0 Safari/537.36"
140.111.142.152 - - [17/Aug/2026:10:39:51 +0800] "GET /wp-content/uploads/sites/1664/2025/08/%E9%9C%80%E8%A6%81-%E6%89%BE%E4%BA%BA%E5%82%BE%E8%A8%B4%EF%BC%9F.png HTTP/1.1" 200 122652 "https://www.gjes.ilc.edu.tw/" "Mozilla/5.0 (Windows NT 10.0; Win64; x64) AppleWebKit/537.36 (KHTML, like Gecko) Chrome/151.0.0.0 Safari/537.36"
140.111.142.152 - - [17/Aug/2026:10:39:51 +0800] "GET /wp-content/uploads/sites/1664/2022/10/19872260-%E8%BD%89%E6%8F%9B-1-768x400.jpg HTTP/1.1" 200 125779 "https://www.gjes.ilc.edu.tw/" "Mozilla/5.0 (Windows NT 10.0; Win64; x64) AppleWebKit/537.36 (KHTML, like Gecko) Chrome/151.0.0.0 Safari/537.36"
2407:4b00:4c02:7da7:70be:f2b:3c85:6bdd - - [17/Aug/2026:10:39:52 +0800] "GET /wp-content/themes/huemanilc/assets/front/img/opacity-10.png HTTP/1.1" 200 1241 "https://www.chjh.ilc.edu.tw/wp-content/cache/www.chjh.ilc.edu.tw/wpfc-minified/9iyqo13s/6vy4.css" "Mozilla/5.0 (Windows NT 10.0; Win64; x64) AppleWebKit/537.36 (KHTML, like Gecko) Chrome/151.0.0.0 Safari/537.36 Edg/151.0.0.0"
2407:4b00:4c02:7da7:70be:f2b:3c85:6bdd - - [17/Aug/2026:10:39:52 +0800] "-" 408 4799 "-" "-"
::1 - - [17/Aug/2026:10:39:52 +0800] "OPTIONS * HTTP/1.0" 200 110 "-" "Apache/2.4.68 (Ubuntu) OpenSSL/3.0.19 (internal dummy connection)"
::1 - - [17/Aug/2026:10:39:53 +0800] "OPTIONS * HTTP/1.0" 200 110 "-" "Apache/2.4.68 (Ubuntu) OpenSSL/3.0.19 (internal dummy connection)"
2001:4860:7:810::dc - - [17/Aug/2026:10:39:53 +0800] "GET /4659/ HTTP/1.1" 200 23744 "https://www.google.com/" "Mozilla/5.0 (Windows NT 10.0; Win64; x64) AppleWebKit/537.36 (KHTML, like Gecko) Chrome/151.0.0.0 Safari/537.36"
2001:288:a223:1:d3cb:2809:1aee:3679 - - [17/Aug/2026:10:39:54 +0800] "-" 408 339 "-" "-"
::1 - - [17/Aug/2026:10:39:54 +0800] "OPTIONS * HTTP/1.0" 200 110 "-" "Apache/2.4.68 (Ubuntu) OpenSSL/3.0.19 (internal dummy connection)"
140.111.67.10 - - [17/Aug/2026:10:39:55 +0800] "GET /" 301 273 "-" "-"
2001:4860:7:810::db - - [17/Aug/2026:10:39:55 +0800] "GET /1335/ HTTP/1.1" 200 28172 "https://www.google.com/" "Mozilla/5.0 (Windows NT 10.0; Win64; x64) AppleWebKit/537.36 (KHTML, like Gecko) Chrome/151.0.0.0 Safari/537.36"
2001:288:a201::66:125 - - [17/Aug/2026:10:39:55 +0800] "GET /blog/active.php HTTP/1.1" 404 1084 "-" "-"
2001:288:a201::66:125 - - [17/Aug/2026:10:39:55 +0800] "GET /blog/active.php HTTP/1.1" 301 1026 "-" "-"
::1 - - [17/Aug/2026:10:39:55 +0800] "OPTIONS * HTTP/1.0" 200 110 "-" "Apache/2.4.68 (Ubuntu) OpenSSL/3.0.19 (internal dummy connection)"
2001:288:a223:1:d3cb:2809:1aee:3679 - - [17/Aug/2026:10:39:55 +0800] "-" 408 4791 "-" "-"
2001:288:a223:1:d3cb:2809:1aee:3679 - - [17/Aug/2026:10:39:56 +0800] "-" 408 339 "-" "-"
2001:288:a26a:1:6923:8bf3:4374:c578 - - [17/Aug/2026:10:39:56 +0800] "POST /hsics/wp-admin/admin-ajax.php HTTP/1.1" 200 1459 "https://2blog.ilc.edu.tw/hsics/wp-admin/edit.php" "Mozilla/5.0 (Windows NT 10.0; Win64; x64) AppleWebKit/537.36 (KHTML, like Gecko) Chrome/151.0.0.0 Safari/537.36"
::1 - - [17/Aug/2026:10:39:56 +0800] "OPTIONS * HTTP/1.0" 200 110 "-" "Apache/2.4.68 (Ubuntu) OpenSSL/3.0.19 (internal dummy connection)"
2001:b400:e73b:2c5c:c89f:2d52:aced:4b1 - - [17/Aug/2026:10:39:56 +0800] "GET /2018/02/21/%E8%8B%B1%E8%AA%9E%E5%96%AE%E5%AD%97%E7%8E%8B%E4%B8%80%E5%B9%B4%E7%B4%9A50%E5%AD%97/ HTTP/1.1" 200 31180 "https://www.google.com/" "Mozilla/5.0 (iPhone; CPU iPhone OS 18_7 like Mac OS X) AppleWebKit/605.1.15 (KHTML, like Gecko) Version/26.6 Mobile/15E148 Safari/604.1"
2001:b400:e73b:2c5c:c89f:2d52:aced:4b1 - - [17/Aug/2026:10:39:57 +0800] "POST /wp-json/ilc-summary/v1/popular-posts HTTP/1.1" 201 6072 "https://www.yeses.ilc.edu.tw/2018/02/21/%E8%8B%B1%E8%AA%9E%E5%96%AE%E5%AD%97%E7%8E%8B%E4%B8%80%E5%B9%B4%E7%B4%9A50%E5%AD%97/" "Mozilla/5.0 (iPhone; CPU iPhone OS 18_7 like Mac OS X) AppleWebKit/605.1.15 (KHTML, like Gecko) Version/26.6 Mobile/15E148 Safari/604.1"
::1 - - [17/Aug/2026:10:39:57 +0800] "OPTIONS * HTTP/1.0" 200 110 "-" "Apache/2.4.68 (Ubuntu) OpenSSL/3.0.19 (internal dummy connection)"
::1 - - [17/Aug/2026:10:39:58 +0800] "OPTIONS * HTTP/1.0" 200 110 "-" "Apache/2.4.68 (Ubuntu) OpenSSL/3.0.19 (internal dummy connection)"
2001:4860:7:410::f0 - - [17/Aug/2026:10:39:58 +0800] "GET / HTTP/1.1" 200 32482 "https://www.google.com/" "Mozilla/5.0 (Windows NT 10.0; Win64; x64) AppleWebKit/537.36 (KHTML, like Gecko) Chrome/151.0.0.0 Safari/537.36"
::1 - - [17/Aug/2026:10:39:59 +0800] "OPTIONS * HTTP/1.0" 200 110 "-" "Apache/2.4.68 (Ubuntu) OpenSSL/3.0.19 (internal dummy connection)"
140.111.67.10 - - [17/Aug/2026:10:40:00 +0800] "GET /" 301 273 "-" "-"
2001:288:a201::66:125 - - [17/Aug/2026:10:40:00 +0800] "GET /blog/active.php HTTP/1.1" 301 1026 "-" "-"
2001:288:a201::66:125 - - [17/Aug/2026:10:40:00 +0800] "GET /blog/active.php HTTP/1.1" 404 1084 "-" "-"
::1 - - [17/Aug/2026:10:40:00 +0800] "OPTIONS * HTTP/1.0" 200 110 "-" "Apache/2.4.68 (Ubuntu) OpenSSL/3.0.19 (internal dummy connection)"
::1 - - [17/Aug/2026:10:40:01 +0800] "OPTIONS * HTTP/1.0" 200 110 "-" "Apache/2.4.68 (Ubuntu) OpenSSL/3.0.19 (internal dummy connection)"
2001:288:a201::67:81 - - [17/Aug/2026:10:40:01 +0800] "GET / HTTP/1.1" 200 56292 "-" "curl/7.81.0"
2402:7500:5f5:de04::c06c:19ec - - [17/Aug/2026:10:40:02 +0800] "GET /wp-content/uploads/sites/268/868/868-1939920.jpg HTTP/1.1" 200 68630 "https://www.google.com/" "Mozilla/5.0 (Linux; Android 16; SM-A5660 Build/BP4A.251205.006; wv) AppleWebKit/537.36 (KHTML, like Gecko) Version/4.0 Chrome/150.0.7871.181 Mobile Safari/537.36 GoogleApp/17.49.19.ve.arm64"
