2407:4b00:4c01:8cf1:30ed:a961:6309:3e0b - - [17/Aug/2026:10:33:00 +0800] "GET /wp-content/plugins/elementor/assets/js/webpack.runtime.min.js HTTP/1.1" 200 3095 "https://www.fsjh.ilc.edu.tw/" "Mozilla/5.0 (Windows NT 10.0; Win64; x64) AppleWebKit/537.36 (KHTML, like Gecko) Chrome/151.0.0.0 Safari/537.36"
2407:4b00:4c01:8cf1:30ed:a961:6309:3e0b - - [17/Aug/2026:10:33:00 +0800] "GET /wp-content/plugins/elementor/assets/js/frontend-modules.min.js HTTP/1.1" 200 19416 "https://www.fsjh.ilc.edu.tw/" "Mozilla/5.0 (Windows NT 10.0; Win64; x64) AppleWebKit/537.36 (KHTML, like Gecko) Chrome/151.0.0.0 Safari/537.36"
2407:4b00:4c01:8cf1:30ed:a961:6309:3e0b - - [17/Aug/2026:10:33:01 +0800] "GET /wp-includes/js/dist/hooks.min.js HTTP/1.1" 200 2421 "https://www.fsjh.ilc.edu.tw/" "Mozilla/5.0 (Windows NT 10.0; Win64; x64) AppleWebKit/537.36 (KHTML, like Gecko) Chrome/151.0.0.0 Safari/537.36"
2407:4b00:4c01:8cf1:30ed:a961:6309:3e0b - - [17/Aug/2026:10:33:01 +0800] "GET /wp-includes/js/dist/i18n.min.js HTTP/1.1" 200 4547 "https://www.fsjh.ilc.edu.tw/" "Mozilla/5.0 (Windows NT 10.0; Win64; x64) AppleWebKit/537.36 (KHTML, like Gecko) Chrome/151.0.0.0 Safari/537.36"
2407:4b00:4c01:8cf1:30ed:a961:6309:3e0b - - [17/Aug/2026:10:33:01 +0800] "GET /wp-content/plugins/elementor/assets/lib/waypoints/waypoints.min.js HTTP/1.1" 200 3873 "https://www.fsjh.ilc.edu.tw/" "Mozilla/5.0 (Windows NT 10.0; Win64; x64) AppleWebKit/537.36 (KHTML, like Gecko) Chrome/151.0.0.0 Safari/537.36"
2407:4b00:4c01:8cf1:30ed:a961:6309:3e0b - - [17/Aug/2026:10:33:01 +0800] "GET /wp-content/plugins/elementor-pro/assets/js/frontend.min.js HTTP/1.1" 200 7574 "https://www.fsjh.ilc.edu.tw/" "Mozilla/5.0 (Windows NT 10.0; Win64; x64) AppleWebKit/537.36 (KHTML, like Gecko) Chrome/151.0.0.0 Safari/537.36"
2407:4b00:4c01:8cf1:30ed:a961:6309:3e0b - - [17/Aug/2026:10:33:01 +0800] "GET /wp-includes/js/jquery/ui/core.min.js HTTP/1.1" 200 7986 "https://www.fsjh.ilc.edu.tw/" "Mozilla/5.0 (Windows NT 10.0; Win64; x64) AppleWebKit/537.36 (KHTML, like Gecko) Chrome/151.0.0.0 Safari/537.36"
2407:4b00:4c01:8cf1:30ed:a961:6309:3e0b - - [17/Aug/2026:10:33:01 +0800] "GET /wp-content/plugins/elementor/assets/js/frontend.min.js HTTP/1.1" 200 13169 "https://www.fsjh.ilc.edu.tw/" "Mozilla/5.0 (Windows NT 10.0; Win64; x64) AppleWebKit/537.36 (KHTML, like Gecko) Chrome/151.0.0.0 Safari/537.36"
2407:4b00:4c01:8cf1:30ed:a961:6309:3e0b - - [17/Aug/2026:10:33:01 +0800] "GET /wp-content/plugins/elementor-pro/assets/js/elements-handlers.min.js HTTP/1.1" 200 10882 "https://www.fsjh.ilc.edu.tw/" "Mozilla/5.0 (Windows NT 10.0; Win64; x64) AppleWebKit/537.36 (KHTML, like Gecko) Chrome/151.0.0.0 Safari/537.36"
2407:4b00:4c01:8cf1:30ed:a961:6309:3e0b - - [17/Aug/2026:10:33:01 +0800] "GET /wp-content/plugins/wp-dtree-30/dtree-img/join.gif HTTP/1.1" 200 894 "https://www.fsjh.ilc.edu.tw/" "Mozilla/5.0 (Windows NT 10.0; Win64; x64) AppleWebKit/537.36 (KHTML, like Gecko) Chrome/151.0.0.0 Safari/537.36"
2407:4b00:4c01:8cf1:30ed:a961:6309:3e0b - - [17/Aug/2026:10:33:01 +0800] "GET /wp-content/plugins/wp-dtree-30/dtree-img/joinbottom.gif HTTP/1.1" 200 891 "https://www.fsjh.ilc.edu.tw/" "Mozilla/5.0 (Windows NT 10.0; Win64; x64) AppleWebKit/537.36 (KHTML, like Gecko) Chrome/151.0.0.0 Safari/537.36"
180.218.220.218 - - [17/Aug/2026:10:33:02 +0800] "GET /wp-content/uploads/sites/1984/2023/09/IMG_8926-5-1-scaled.jpg HTTP/1.1" 200 483567 "https://www.dses.ilc.edu.tw/" "Mozilla/5.0 (iPhone; CPU iPhone OS 18_7 like Mac OS X) AppleWebKit/605.1.15 (KHTML, like Gecko) Mobile/15E148 Safari Line/26.11.0"
180.218.220.218 - - [17/Aug/2026:10:33:00 +0800] "GET /wp-content/uploads/sites/1984/2023/09/IMG_7433-5-1-scaled.jpg HTTP/1.1" 200 1291910 "https://www.dses.ilc.edu.tw/" "Mozilla/5.0 (iPhone; CPU iPhone OS 18_7 like Mac OS X) AppleWebKit/605.1.15 (KHTML, like Gecko) Mobile/15E148 Safari Line/26.11.0"
180.218.220.218 - - [17/Aug/2026:10:33:03 +0800] "GET /wp-content/uploads/sites/1984/2023/09/IMG_8865-5-1-scaled.jpg HTTP/1.1" 200 294030 "https://www.dses.ilc.edu.tw/" "Mozilla/5.0 (iPhone; CPU iPhone OS 18_7 like Mac OS X) AppleWebKit/605.1.15 (KHTML, like Gecko) Mobile/15E148 Safari Line/26.11.0"
2407:4b00:4c09:2db:3128:e205:7271:5e49 - - [17/Aug/2026:10:33:03 +0800] "GET / HTTP/1.1" 200 29750 "https://www.google.com/url?q=https://www.fsjh.ilc.edu.tw/&sa=U&sqi=2&ved=2ahUKEwjW0-Xnz6aWAxVTc_UHHb2mN88QFnoECE0QAQ&zccpm=epi&usg=AOvVaw0E3F8_X76tY_DbV4aAG1bO" "Mozilla/5.0 (iPhone; CPU iPhone OS 26_6_0 like Mac OS X) AppleWebKit/605.1.15 (KHTML, like Gecko) GSA/433.5.957829776 Mobile/15E148 Safari/604.1"
2407:4b00:4c09:2db:3128:e205:7271:5e49 - - [17/Aug/2026:10:33:03 +0800] "GET /wp-content/cache/www.fsjh.ilc.edu.tw/wpfc-minified/k1jimmmj/6wah.css HTTP/1.1" 200 45696 "https://www.fsjh.ilc.edu.tw/" "Mozilla/5.0 (iPhone; CPU iPhone OS 26_6_0 like Mac OS X) AppleWebKit/605.1.15 (KHTML, like Gecko) GSA/433.5.957829776 Mobile/15E148 Safari/604.1"
2407:4b00:4c09:2db:3128:e205:7271:5e49 - - [17/Aug/2026:10:33:03 +0800] "GET /wp-content/cache/www.fsjh.ilc.edu.tw/wpfc-minified/6ke5b2m4/6wah.css HTTP/1.1" 200 47303 "https://www.fsjh.ilc.edu.tw/" "Mozilla/5.0 (iPhone; CPU iPhone OS 26_6_0 like Mac OS X) AppleWebKit/605.1.15 (KHTML, like Gecko) GSA/433.5.957829776 Mobile/15E148 Safari/604.1"
2407:4b00:4c09:2db:3128:e205:7271:5e49 - - [17/Aug/2026:10:33:03 +0800] "GET /wp-content/uploads/sites/2666/elementor/css/post-103.css HTTP/1.1" 200 1004 "https://www.fsjh.ilc.edu.tw/" "Mozilla/5.0 (iPhone; CPU iPhone OS 26_6_0 like Mac OS X) AppleWebKit/605.1.15 (KHTML, like Gecko) GSA/433.5.957829776 Mobile/15E148 Safari/604.1"
2407:4b00:4c09:2db:3128:e205:7271:5e49 - - [17/Aug/2026:10:33:03 +0800] "GET /wp-content/cache/www.fsjh.ilc.edu.tw/wpfc-minified/qkv37ig4/6wah.css HTTP/1.1" 200 5963 "https://www.fsjh.ilc.edu.tw/" "Mozilla/5.0 (iPhone; CPU iPhone OS 26_6_0 like Mac OS X) AppleWebKit/605.1.15 (KHTML, like Gecko) GSA/433.5.957829776 Mobile/15E148 Safari/604.1"
2407:4b00:4c09:2db:3128:e205:7271:5e49 - - [17/Aug/2026:10:33:03 +0800] "GET /wp-content/cache/www.fsjh.ilc.edu.tw/wpfc-minified/6klmbkv7/6wah.css HTTP/1.1" 200 28117 "https://www.fsjh.ilc.edu.tw/" "Mozilla/5.0 (iPhone; CPU iPhone OS 26_6_0 like Mac OS X) AppleWebKit/605.1.15 (KHTML, like Gecko) GSA/433.5.957829776 Mobile/15E148 Safari/604.1"
2407:4b00:4c09:2db:3128:e205:7271:5e49 - - [17/Aug/2026:10:33:03 +0800] "GET /fsjh/wp-content/uploads/sites/2666/2020/10/040628%E5%BE%A9%E8%88%88%E5%9C%8B%E4%B8%ADlogo-only-FSblue.gif HTTP/1.1" 200 16172 "https://www.fsjh.ilc.edu.tw/" "Mozilla/5.0 (iPhone; CPU iPhone OS 26_6_0 like Mac OS X) AppleWebKit/605.1.15 (KHTML, like Gecko) GSA/433.5.957829776 Mobile/15E148 Safari/604.1"
2407:4b00:4c09:2db:3128:e205:7271:5e49 - - [17/Aug/2026:10:33:03 +0800] "GET /wp-content/uploads/sites/2666/elementor/css/post-81.css HTTP/1.1" 200 6123 "https://www.fsjh.ilc.edu.tw/" "Mozilla/5.0 (iPhone; CPU iPhone OS 26_6_0 like Mac OS X) AppleWebKit/605.1.15 (KHTML, like Gecko) GSA/433.5.957829776 Mobile/15E148 Safari/604.1"
2407:4b00:4c09:2db:3128:e205:7271:5e49 - - [17/Aug/2026:10:33:03 +0800] "GET /wp-content/cache/www.fsjh.ilc.edu.tw/wpfc-minified/dj5cq5sf/6wah.css HTTP/1.1" 200 7705 "https://www.fsjh.ilc.edu.tw/" "Mozilla/5.0 (iPhone; CPU iPhone OS 26_6_0 like Mac OS X) AppleWebKit/605.1.15 (KHTML, like Gecko) GSA/433.5.957829776 Mobile/15E148 Safari/604.1"
2407:4b00:4c09:2db:3128:e205:7271:5e49 - - [17/Aug/2026:10:33:03 +0800] "GET /wp-content/cache/www.fsjh.ilc.edu.tw/wpfc-minified/lm0klrml/6wah.css HTTP/1.1" 200 93590 "https://www.fsjh.ilc.edu.tw/" "Mozilla/5.0 (iPhone; CPU iPhone OS 26_6_0 like Mac OS X) AppleWebKit/605.1.15 (KHTML, like Gecko) GSA/433.5.957829776 Mobile/15E148 Safari/604.1"
2407:4b00:4c09:2db:3128:e205:7271:5e49 - - [17/Aug/2026:10:33:03 +0800] "GET /wp-content/cache/www.fsjh.ilc.edu.tw/wpfc-minified/qa4zgiv7/6wah.css HTTP/1.1" 200 1138 "https://www.fsjh.ilc.edu.tw/" "Mozilla/5.0 (iPhone; CPU iPhone OS 26_6_0 like Mac OS X) AppleWebKit/605.1.15 (KHTML, like Gecko) GSA/433.5.957829776 Mobile/15E148 Safari/604.1"
2407:4b00:4c09:2db:3128:e205:7271:5e49 - - [17/Aug/2026:10:33:03 +0800] "GET /wp-content/cache/www.fsjh.ilc.edu.tw/wpfc-minified/7z76wlqj/6wah.js HTTP/1.1" 200 35559 "https://www.fsjh.ilc.edu.tw/" "Mozilla/5.0 (iPhone; CPU iPhone OS 26_6_0 like Mac OS X) AppleWebKit/605.1.15 (KHTML, like Gecko) GSA/433.5.957829776 Mobile/15E148 Safari/604.1"
2407:4b00:4c09:2db:3128:e205:7271:5e49 - - [17/Aug/2026:10:33:03 +0800] "GET /wp-includes/js/hoverintent-js.min.js HTTP/1.1" 200 1597 "https://www.fsjh.ilc.edu.tw/" "Mozilla/5.0 (iPhone; CPU iPhone OS 26_6_0 like Mac OS X) AppleWebKit/605.1.15 (KHTML, like Gecko) GSA/433.5.957829776 Mobile/15E148 Safari/604.1"
2407:4b00:4c09:2db:3128:e205:7271:5e49 - - [17/Aug/2026:10:33:03 +0800] "GET /wp-content/cache/www.fsjh.ilc.edu.tw/wpfc-minified/lco27ft0/6wah.js HTTP/1.1" 200 3453 "https://www.fsjh.ilc.edu.tw/" "Mozilla/5.0 (iPhone; CPU iPhone OS 26_6_0 like Mac OS X) AppleWebKit/605.1.15 (KHTML, like Gecko) GSA/433.5.957829776 Mobile/15E148 Safari/604.1"
2407:4b00:4c09:2db:3128:e205:7271:5e49 - - [17/Aug/2026:10:33:03 +0800] "GET /wp-includes/js/admin-bar.min.js HTTP/1.1" 200 2237 "https://www.fsjh.ilc.edu.tw/" "Mozilla/5.0 (iPhone; CPU iPhone OS 26_6_0 like Mac OS X) AppleWebKit/605.1.15 (KHTML, like Gecko) GSA/433.5.957829776 Mobile/15E148 Safari/604.1"
2407:4b00:4c09:2db:3128:e205:7271:5e49 - - [17/Aug/2026:10:33:03 +0800] "GET /wp-includes/js/imagesloaded.min.js HTTP/1.1" 200 2683 "https://www.fsjh.ilc.edu.tw/" "Mozilla/5.0 (iPhone; CPU iPhone OS 26_6_0 like Mac OS X) AppleWebKit/605.1.15 (KHTML, like Gecko) GSA/433.5.957829776 Mobile/15E148 Safari/604.1"
2407:4b00:4c09:2db:3128:e205:7271:5e49 - - [17/Aug/2026:10:33:03 +0800] "GET /wp-content/themes/oceanwp/assets/js/full-screen-mobile-menu.min.js HTTP/1.1" 200 4638 "https://www.fsjh.ilc.edu.tw/" "Mozilla/5.0 (iPhone; CPU iPhone OS 26_6_0 like Mac OS X) AppleWebKit/605.1.15 (KHTML, like Gecko) GSA/433.5.957829776 Mobile/15E148 Safari/604.1"
2407:4b00:4c09:2db:3128:e205:7271:5e49 - - [17/Aug/2026:10:33:03 +0800] "GET /wp-content/themes/oceanwp/assets/js/theme.min.js HTTP/1.1" 200 5130 "https://www.fsjh.ilc.edu.tw/" "Mozilla/5.0 (iPhone; CPU iPhone OS 26_6_0 like Mac OS X) AppleWebKit/605.1.15 (KHTML, like Gecko) GSA/433.5.957829776 Mobile/15E148 Safari/604.1"
2407:4b00:4c09:2db:3128:e205:7271:5e49 - - [17/Aug/2026:10:33:03 +0800] "GET /wp-content/themes/oceanwp/assets/js/drop-down-search.min.js HTTP/1.1" 200 2968 "https://www.fsjh.ilc.edu.tw/" "Mozilla/5.0 (iPhone; CPU iPhone OS 26_6_0 like Mac OS X) AppleWebKit/605.1.15 (KHTML, like Gecko) GSA/433.5.957829776 Mobile/15E148 Safari/604.1"
2407:4b00:4c09:2db:3128:e205:7271:5e49 - - [17/Aug/2026:10:33:03 +0800] "GET /wp-content/themes/oceanwp/assets/js/vendors/magnific-popup.min.js HTTP/1.1" 200 8270 "https://www.fsjh.ilc.edu.tw/" "Mozilla/5.0 (iPhone; CPU iPhone OS 26_6_0 like Mac OS X) AppleWebKit/605.1.15 (KHTML, like Gecko) GSA/433.5.957829776 Mobile/15E148 Safari/604.1"
2407:4b00:4c09:2db:3128:e205:7271:5e49 - - [17/Aug/2026:10:33:03 +0800] "GET /wp-content/themes/oceanwp/assets/js/ow-lightbox.min.js HTTP/1.1" 200 2321 "https://www.fsjh.ilc.edu.tw/" "Mozilla/5.0 (iPhone; CPU iPhone OS 26_6_0 like Mac OS X) AppleWebKit/605.1.15 (KHTML, like Gecko) GSA/433.5.957829776 Mobile/15E148 Safari/604.1"
180.218.220.218 - - [17/Aug/2026:10:33:03 +0800] "GET /wp-content/uploads/sites/1984/2023/09/IMG_9004-5-scaled.jpg HTTP/1.1" 200 549755 "https://www.dses.ilc.edu.tw/" "Mozilla/5.0 (iPhone; CPU iPhone OS 18_7 like Mac OS X) AppleWebKit/605.1.15 (KHTML, like Gecko) Mobile/15E148 Safari Line/26.11.0"
2407:4b00:4c09:2db:3128:e205:7271:5e49 - - [17/Aug/2026:10:33:03 +0800] "GET /wp-content/themes/oceanwp/assets/js/ow-slider.min.js HTTP/1.1" 200 1761 "https://www.fsjh.ilc.edu.tw/" "Mozilla/5.0 (iPhone; CPU iPhone OS 26_6_0 like Mac OS X) AppleWebKit/605.1.15 (KHTML, like Gecko) GSA/433.5.957829776 Mobile/15E148 Safari/604.1"
2407:4b00:4c09:2db:3128:e205:7271:5e49 - - [17/Aug/2026:10:33:03 +0800] "GET /wp-content/themes/oceanwp/assets/js/scroll-effect.min.js HTTP/1.1" 200 4127 "https://www.fsjh.ilc.edu.tw/" "Mozilla/5.0 (iPhone; CPU iPhone OS 26_6_0 like Mac OS X) AppleWebKit/605.1.15 (KHTML, like Gecko) GSA/433.5.957829776 Mobile/15E148 Safari/604.1"
2407:4b00:4c09:2db:3128:e205:7271:5e49 - - [17/Aug/2026:10:33:03 +0800] "GET /wp-content/themes/oceanwp/assets/js/vendors/flickity.pkgd.min.js HTTP/1.1" 200 15048 "https://www.fsjh.ilc.edu.tw/" "Mozilla/5.0 (iPhone; CPU iPhone OS 26_6_0 like Mac OS X) AppleWebKit/605.1.15 (KHTML, like Gecko) GSA/433.5.957829776 Mobile/15E148 Safari/604.1"
2407:4b00:4c09:2db:3128:e205:7271:5e49 - - [17/Aug/2026:10:33:03 +0800] "GET /wp-content/themes/oceanwp/assets/js/scroll-top.min.js HTTP/1.1" 200 3202 "https://www.fsjh.ilc.edu.tw/" "Mozilla/5.0 (iPhone; CPU iPhone OS 26_6_0 like Mac OS X) AppleWebKit/605.1.15 (KHTML, like Gecko) GSA/433.5.957829776 Mobile/15E148 Safari/604.1"
2407:4b00:4c09:2db:3128:e205:7271:5e49 - - [17/Aug/2026:10:33:03 +0800] "GET /wp-content/themes/oceanwp/assets/js/select.min.js HTTP/1.1" 200 2408 "https://www.fsjh.ilc.edu.tw/" "Mozilla/5.0 (iPhone; CPU iPhone OS 26_6_0 like Mac OS X) AppleWebKit/605.1.15 (KHTML, like Gecko) GSA/433.5.957829776 Mobile/15E148 Safari/604.1"
2407:4b00:4c09:2db:3128:e205:7271:5e49 - - [17/Aug/2026:10:33:03 +0800] "GET /wp-content/plugins/ocean-extra/includes/widgets/js/flickr.min.js HTTP/1.1" 200 1319 "https://www.fsjh.ilc.edu.tw/" "Mozilla/5.0 (iPhone; CPU iPhone OS 26_6_0 like Mac OS X) AppleWebKit/605.1.15 (KHTML, like Gecko) GSA/433.5.957829776 Mobile/15E148 Safari/604.1"
2407:4b00:4c09:2db:3128:e205:7271:5e49 - - [17/Aug/2026:10:33:03 +0800] "GET /wp-includes/js/dist/hooks.min.js HTTP/1.1" 200 2421 "https://www.fsjh.ilc.edu.tw/" "Mozilla/5.0 (iPhone; CPU iPhone OS 26_6_0 like Mac OS X) AppleWebKit/605.1.15 (KHTML, like Gecko) GSA/433.5.957829776 Mobile/15E148 Safari/604.1"
2407:4b00:4c09:2db:3128:e205:7271:5e49 - - [17/Aug/2026:10:33:03 +0800] "GET /wp-content/plugins/elementor-pro/assets/js/webpack-pro.runtime.min.js HTTP/1.1" 200 3562 "https://www.fsjh.ilc.edu.tw/" "Mozilla/5.0 (iPhone; CPU iPhone OS 26_6_0 like Mac OS X) AppleWebKit/605.1.15 (KHTML, like Gecko) GSA/433.5.957829776 Mobile/15E148 Safari/604.1"
2407:4b00:4c09:2db:3128:e205:7271:5e49 - - [17/Aug/2026:10:33:03 +0800] "GET /wp-content/plugins/elementor/assets/js/webpack.runtime.min.js HTTP/1.1" 200 3095 "https://www.fsjh.ilc.edu.tw/" "Mozilla/5.0 (iPhone; CPU iPhone OS 26_6_0 like Mac OS X) AppleWebKit/605.1.15 (KHTML, like Gecko) GSA/433.5.957829776 Mobile/15E148 Safari/604.1"
2407:4b00:4c09:2db:3128:e205:7271:5e49 - - [17/Aug/2026:10:33:03 +0800] "GET /wp-content/plugins/elementor/assets/js/frontend-modules.min.js HTTP/1.1" 200 19416 "https://www.fsjh.ilc.edu.tw/" "Mozilla/5.0 (iPhone; CPU iPhone OS 26_6_0 like Mac OS X) AppleWebKit/605.1.15 (KHTML, like Gecko) GSA/433.5.957829776 Mobile/15E148 Safari/604.1"
2407:4b00:4c09:2db:3128:e205:7271:5e49 - - [17/Aug/2026:10:33:03 +0800] "GET /wp-includes/js/dist/i18n.min.js HTTP/1.1" 200 4547 "https://www.fsjh.ilc.edu.tw/" "Mozilla/5.0 (iPhone; CPU iPhone OS 26_6_0 like Mac OS X) AppleWebKit/605.1.15 (KHTML, like Gecko) GSA/433.5.957829776 Mobile/15E148 Safari/604.1"
180.218.220.218 - - [17/Aug/2026:10:33:03 +0800] "GET /wp-content/uploads/sites/1984/2023/09/IMG_8998-5-scaled.jpg HTTP/1.1" 200 564037 "https://www.dses.ilc.edu.tw/" "Mozilla/5.0 (iPhone; CPU iPhone OS 18_7 like Mac OS X) AppleWebKit/605.1.15 (KHTML, like Gecko) Mobile/15E148 Safari Line/26.11.0"
2407:4b00:4c09:2db:3128:e205:7271:5e49 - - [17/Aug/2026:10:33:03 +0800] "GET /wp-content/plugins/elementor-pro/assets/js/frontend.min.js HTTP/1.1" 200 7574 "https://www.fsjh.ilc.edu.tw/" "Mozilla/5.0 (iPhone; CPU iPhone OS 26_6_0 like Mac OS X) AppleWebKit/605.1.15 (KHTML, like Gecko) GSA/433.5.957829776 Mobile/15E148 Safari/604.1"
2407:4b00:4c09:2db:3128:e205:7271:5e49 - - [17/Aug/2026:10:33:03 +0800] "GET /wp-content/plugins/elementor/assets/lib/waypoints/waypoints.min.js HTTP/1.1" 200 3873 "https://www.fsjh.ilc.edu.tw/" "Mozilla/5.0 (iPhone; CPU iPhone OS 26_6_0 like Mac OS X) AppleWebKit/605.1.15 (KHTML, like Gecko) GSA/433.5.957829776 Mobile/15E148 Safari/604.1"
2407:4b00:4c09:2db:3128:e205:7271:5e49 - - [17/Aug/2026:10:33:03 +0800] "GET /wp-includes/js/jquery/ui/core.min.js HTTP/1.1" 200 7986 "https://www.fsjh.ilc.edu.tw/" "Mozilla/5.0 (iPhone; CPU iPhone OS 26_6_0 like Mac OS X) AppleWebKit/605.1.15 (KHTML, like Gecko) GSA/433.5.957829776 Mobile/15E148 Safari/604.1"
2407:4b00:4c09:2db:3128:e205:7271:5e49 - - [17/Aug/2026:10:33:03 +0800] "GET /wp-content/plugins/elementor/assets/js/frontend.min.js HTTP/1.1" 200 13169 "https://www.fsjh.ilc.edu.tw/" "Mozilla/5.0 (iPhone; CPU iPhone OS 26_6_0 like Mac OS X) AppleWebKit/605.1.15 (KHTML, like Gecko) GSA/433.5.957829776 Mobile/15E148 Safari/604.1"
2407:4b00:4c09:2db:3128:e205:7271:5e49 - - [17/Aug/2026:10:33:03 +0800] "GET /wp-content/themes/oceanwp/assets/fonts/fontawesome/webfonts/fa-regular-400.woff2 HTTP/1.1" 200 25383 "https://www.fsjh.ilc.edu.tw/" "Mozilla/5.0 (iPhone; CPU iPhone OS 26_6_0 like Mac OS X) AppleWebKit/605.1.15 (KHTML, like Gecko) GSA/433.5.957829776 Mobile/15E148 Safari/604.1"
2407:4b00:4c09:2db:3128:e205:7271:5e49 - - [17/Aug/2026:10:33:03 +0800] "GET /wp-content/plugins/elementor-pro/assets/js/elements-handlers.min.js HTTP/1.1" 200 10882 "https://www.fsjh.ilc.edu.tw/" "Mozilla/5.0 (iPhone; CPU iPhone OS 26_6_0 like Mac OS X) AppleWebKit/605.1.15 (KHTML, like Gecko) GSA/433.5.957829776 Mobile/15E148 Safari/604.1"
2407:4b00:4c09:2db:3128:e205:7271:5e49 - - [17/Aug/2026:10:33:03 +0800] "GET /wp-content/uploads/sites/2666/2021/04/bg18.gif HTTP/1.1" 200 4792 "https://www.fsjh.ilc.edu.tw/" "Mozilla/5.0 (iPhone; CPU iPhone OS 26_6_0 like Mac OS X) AppleWebKit/605.1.15 (KHTML, like Gecko) GSA/433.5.957829776 Mobile/15E148 Safari/604.1"
2407:4b00:4c09:2db:3128:e205:7271:5e49 - - [17/Aug/2026:10:33:03 +0800] "GET /wp-content/plugins/wp-dtree-30/dtree-img/join.gif HTTP/1.1" 200 894 "https://www.fsjh.ilc.edu.tw/" "Mozilla/5.0 (iPhone; CPU iPhone OS 26_6_0 like Mac OS X) AppleWebKit/605.1.15 (KHTML, like Gecko) GSA/433.5.957829776 Mobile/15E148 Safari/604.1"
2407:4b00:4c09:2db:3128:e205:7271:5e49 - - [17/Aug/2026:10:33:03 +0800] "GET /wp-content/plugins/wp-dtree-30/dtree-img/joinbottom.gif HTTP/1.1" 200 891 "https://www.fsjh.ilc.edu.tw/" "Mozilla/5.0 (iPhone; CPU iPhone OS 26_6_0 like Mac OS X) AppleWebKit/605.1.15 (KHTML, like Gecko) GSA/433.5.957829776 Mobile/15E148 Safari/604.1"
2407:4b00:4c09:2db:3128:e205:7271:5e49 - - [17/Aug/2026:10:33:03 +0800] "GET /wp-content/uploads/sites/2666/2021/04/BLOG_Banner.jpg HTTP/1.1" 200 103266 "https://www.fsjh.ilc.edu.tw/" "Mozilla/5.0 (iPhone; CPU iPhone OS 26_6_0 like Mac OS X) AppleWebKit/605.1.15 (KHTML, like Gecko) GSA/433.5.957829776 Mobile/15E148 Safari/604.1"
36.229.196.113 - - [17/Aug/2026:10:33:05 +0800] "-" 408 4801 "-" "-"
36.229.196.113 - - [17/Aug/2026:10:33:05 +0800] "-" 408 4801 "-" "-"
180.218.220.218 - - [17/Aug/2026:10:33:04 +0800] "GET /wp-content/uploads/sites/1984/2023/10/%E5%A4%A7%E6%BA%AA%E6%98%A0%E8%B1%A1.png HTTP/1.1" 200 9820 "https://www.dses.ilc.edu.tw/" "Mozilla/5.0 (iPhone; CPU iPhone OS 18_7 like Mac OS X) AppleWebKit/605.1.15 (KHTML, like Gecko) Mobile/15E148 Safari Line/26.11.0"
180.218.220.218 - - [17/Aug/2026:10:33:04 +0800] "GET /wp-content/uploads/sites/1984/2023/09/IMG_8832-5-scaled.jpg HTTP/1.1" 200 437059 "https://www.dses.ilc.edu.tw/" "Mozilla/5.0 (iPhone; CPU iPhone OS 18_7 like Mac OS X) AppleWebKit/605.1.15 (KHTML, like Gecko) Mobile/15E148 Safari Line/26.11.0"
180.218.220.218 - - [17/Aug/2026:10:33:04 +0800] "GET /wp-content/uploads/sites/1984/2023/09/IMG_8951-5-scaled.jpg HTTP/1.1" 200 633570 "https://www.dses.ilc.edu.tw/" "Mozilla/5.0 (iPhone; CPU iPhone OS 18_7 like Mac OS X) AppleWebKit/605.1.15 (KHTML, like Gecko) Mobile/15E148 Safari Line/26.11.0"
180.218.220.218 - - [17/Aug/2026:10:33:04 +0800] "GET /wp-content/uploads/sites/1984/2023/09/IMG_8900-5-scaled.jpg HTTP/1.1" 200 678475 "https://www.dses.ilc.edu.tw/" "Mozilla/5.0 (iPhone; CPU iPhone OS 18_7 like Mac OS X) AppleWebKit/605.1.15 (KHTML, like Gecko) Mobile/15E148 Safari Line/26.11.0"
140.111.67.10 - - [17/Aug/2026:10:33:05 +0800] "GET /" 301 273 "-" "-"
2001:4860:7:510::f8 - - [17/Aug/2026:10:33:05 +0800] "GET /28/2022/09/05/vickey%E5%88%86%E4%BA%AB%E3%80%8C%E9%96%B1%E8%AE%80%E7%90%86%E8%A7%A3%E6%95%99%E5%AD%B8%E7%AD%96%E7%95%A5%E3%80%8Dkwl-chart/ HTTP/1.1" 200 15436 "https://www.google.com/" "Mozilla/5.0 (Macintosh; Intel Mac OS X 10_15_7) AppleWebKit/537.36 (KHTML, like Gecko) Chrome/151.0.0.0 Safari/537.36"
2001:288:a201::66:125 - - [17/Aug/2026:10:33:05 +0800] "GET /blog/active.php HTTP/1.1" 301 1026 "-" "-"
2001:288:a201::66:125 - - [17/Aug/2026:10:33:05 +0800] "GET /blog/active.php HTTP/1.1" 404 1084 "-" "-"
::1 - - [17/Aug/2026:10:33:06 +0800] "OPTIONS * HTTP/1.0" 200 110 "-" "Apache/2.4.68 (Ubuntu) OpenSSL/3.0.19 (internal dummy connection)"
2a09:bac3:5804:323::50:a4 - - [17/Aug/2026:10:33:06 +0800] "GET /wp-content/uploads/sites/1924/2023/12/%E6%A0%A1%E5%BE%BD.png HTTP/1.1" 200 48642 "https://www.iles.ilc.edu.tw/" "Mozilla/5.0 (iPhone; CPU iPhone OS 18_7 like Mac OS X) AppleWebKit/605.1.15 (KHTML, like Gecko) Version/26.5.2 Mobile/15E148 Safari/604.1"
2a09:bac3:5804:323::50:a4 - - [17/Aug/2026:10:33:06 +0800] "GET /wp-content/uploads/sites/1924/2023/12/%E6%A0%A1%E5%BE%BD-150x150.png HTTP/1.1" 200 22706 "https://www.iles.ilc.edu.tw/" "Mozilla/5.0 (iPhone; CPU iPhone OS 18_7 like Mac OS X) AppleWebKit/605.1.15 (KHTML, like Gecko) Version/26.5.2 Mobile/15E148 Safari/604.1"
::1 - - [17/Aug/2026:10:33:08 +0800] "OPTIONS * HTTP/1.0" 200 110 "-" "Apache/2.4.68 (Ubuntu) OpenSSL/3.0.19 (internal dummy connection)"
::1 - - [17/Aug/2026:10:33:09 +0800] "OPTIONS * HTTP/1.0" 200 110 "-" "Apache/2.4.68 (Ubuntu) OpenSSL/3.0.19 (internal dummy connection)"
120.101.208.201 - - [17/Aug/2026:10:33:09 +0800] "-" 408 4803 "-" "-"
::1 - - [17/Aug/2026:10:33:10 +0800] "OPTIONS * HTTP/1.0" 200 110 "-" "Apache/2.4.68 (Ubuntu) OpenSSL/3.0.19 (internal dummy connection)"
140.111.67.10 - - [17/Aug/2026:10:33:10 +0800] "GET /" 301 273 "-" "-"
2001:288:a201::66:125 - - [17/Aug/2026:10:33:10 +0800] "GET /blog/active.php HTTP/1.1" 404 1084 "-" "-"
2001:288:a201::66:125 - - [17/Aug/2026:10:33:10 +0800] "GET /blog/active.php HTTP/1.1" 301 1026 "-" "-"
::1 - - [17/Aug/2026:10:33:11 +0800] "OPTIONS * HTTP/1.0" 200 110 "-" "Apache/2.4.68 (Ubuntu) OpenSSL/3.0.19 (internal dummy connection)"
2001:288:a26a:1:6923:8bf3:4374:c578 - - [17/Aug/2026:10:33:11 +0800] "POST /hsics/wp-admin/admin-ajax.php HTTP/1.1" 200 1459 "https://2blog.ilc.edu.tw/hsics/wp-admin/edit.php" "Mozilla/5.0 (Windows NT 10.0; Win64; x64) AppleWebKit/537.36 (KHTML, like Gecko) Chrome/151.0.0.0 Safari/537.36"
140.111.67.195 - - [17/Aug/2026:10:33:11 +0800] "GET /wp-admin/admin-post.php?action=steps_ad HTTP/1.1" 200 6425 "-" "node-fetch/1.0 (+https://github.com/bitinn/node-fetch)"
::1 - - [17/Aug/2026:10:33:12 +0800] "OPTIONS * HTTP/1.0" 200 110 "-" "Apache/2.4.68 (Ubuntu) OpenSSL/3.0.19 (internal dummy connection)"
2a09:bac3:5804:323::50:a4 - - [17/Aug/2026:10:33:12 +0800] "GET / HTTP/1.1" 200 19742 "https://eip.ilc.edu.tw/Schboardilc/Public?school=iles" "Mozilla/5.0 (iPhone; CPU iPhone OS 18_7 like Mac OS X) AppleWebKit/605.1.15 (KHTML, like Gecko) Version/26.5.2 Mobile/15E148 Safari/604.1"
2a09:bac3:5804:323::50:a4 - - [17/Aug/2026:10:33:12 +0800] "GET /wp-content/cache/www.iles.ilc.edu.tw/wpfc-minified/7zr19wlv/7a23.css HTTP/1.1" 200 40882 "https://www.iles.ilc.edu.tw/" "Mozilla/5.0 (iPhone; CPU iPhone OS 18_7 like Mac OS X) AppleWebKit/605.1.15 (KHTML, like Gecko) Version/26.5.2 Mobile/15E148 Safari/604.1"
2a09:bac3:5804:323::50:a4 - - [17/Aug/2026:10:33:12 +0800] "GET /wp-content/uploads/sites/1924/2026/04/YilanKids2026.png HTTP/1.1" 200 550572 "https://www.iles.ilc.edu.tw/" "Mozilla/5.0 (iPhone; CPU iPhone OS 18_7 like Mac OS X) AppleWebKit/605.1.15 (KHTML, like Gecko) Version/26.5.2 Mobile/15E148 Safari/604.1"
2a09:bac3:5804:323::50:a4 - - [17/Aug/2026:10:33:12 +0800] "GET /wp-content/cache/www.iles.ilc.edu.tw/wpfc-minified/pxzb66x/7a23.css HTTP/1.1" 200 5958 "https://www.iles.ilc.edu.tw/" "Mozilla/5.0 (iPhone; CPU iPhone OS 18_7 like Mac OS X) AppleWebKit/605.1.15 (KHTML, like Gecko) Version/26.5.2 Mobile/15E148 Safari/604.1"
2a09:bac3:5804:323::50:a4 - - [17/Aug/2026:10:33:12 +0800] "GET /wp-content/cache/www.iles.ilc.edu.tw/wpfc-minified/7vhm2mur/7a23.css HTTP/1.1" 200 20583 "https://www.iles.ilc.edu.tw/" "Mozilla/5.0 (iPhone; CPU iPhone OS 18_7 like Mac OS X) AppleWebKit/605.1.15 (KHTML, like Gecko) Version/26.5.2 Mobile/15E148 Safari/604.1"
::1 - - [17/Aug/2026:10:33:13 +0800] "OPTIONS * HTTP/1.0" 200 110 "-" "Apache/2.4.68 (Ubuntu) OpenSSL/3.0.19 (internal dummy connection)"
::1 - - [17/Aug/2026:10:33:14 +0800] "OPTIONS * HTTP/1.0" 200 110 "-" "Apache/2.4.68 (Ubuntu) OpenSSL/3.0.19 (internal dummy connection)"
49.216.166.238 - - [17/Aug/2026:10:33:15 +0800] "GET /wp-content/uploads/sites/1664/elementor/thumbs/12-qmx86vx8ly509mjq9zrb9yr86mbmxg6zl7wv8tt6eo.jpg HTTP/1.1" 200 10691 "https://www.gjes.ilc.edu.tw/" "Mozilla/5.0 (iPhone; CPU iPhone OS 18_7 like Mac OS X) AppleWebKit/605.1.15 (KHTML, like Gecko) Version/26.5.2 Mobile/15E148 Safari/604.1"
::1 - - [17/Aug/2026:10:33:15 +0800] "OPTIONS * HTTP/1.0" 200 110 "-" "Apache/2.4.68 (Ubuntu) OpenSSL/3.0.19 (internal dummy connection)"
49.216.166.238 - - [17/Aug/2026:10:33:15 +0800] "GET /wp-content/uploads/sites/1664/elementor/thumbs/-63-1-pb8widqjt3rtlmh6z5mlc2xqvaes861zaphvvndfhs.png HTTP/1.1" 200 16532 "https://www.gjes.ilc.edu.tw/" "Mozilla/5.0 (iPhone; CPU iPhone OS 18_7 like Mac OS X) AppleWebKit/605.1.15 (KHTML, like Gecko) Version/26.5.2 Mobile/15E148 Safari/604.1"
140.111.67.10 - - [17/Aug/2026:10:33:15 +0800] "GET /" 301 273 "-" "-"
49.216.166.238 - - [17/Aug/2026:10:33:15 +0800] "GET /wp-content/uploads/sites/1664/2021/08/%E6%88%AA%E5%9C%96-2021-08-14-%E4%B8%8A%E5%8D%889.48.48-1024x224.png HTTP/1.1" 200 87492 "https://www.gjes.ilc.edu.tw/" "Mozilla/5.0 (iPhone; CPU iPhone OS 18_7 like Mac OS X) AppleWebKit/605.1.15 (KHTML, like Gecko) Version/26.5.2 Mobile/15E148 Safari/604.1"
140.111.67.195 - - [17/Aug/2026:10:33:14 +0800] "GET /wp-admin/admin-post.php?action=steps_ad HTTP/1.1" 200 1649 "-" "node-fetch/1.0 (+https://github.com/bitinn/node-fetch)"
49.216.166.238 - - [17/Aug/2026:10:33:15 +0800] "GET /wp-content/uploads/sites/1664/elementor/thumbs/-1-r3k07sgq76s0rup4lkhxeswey5s1elieoa3medt7zk.png HTTP/1.1" 200 16831 "https://www.gjes.ilc.edu.tw/" "Mozilla/5.0 (iPhone; CPU iPhone OS 18_7 like Mac OS X) AppleWebKit/605.1.15 (KHTML, like Gecko) Version/26.5.2 Mobile/15E148 Safari/604.1"
49.216.166.238 - - [17/Aug/2026:10:33:15 +0800] "GET /wp-content/uploads/sites/1664/elementor/thumbs/-63-pb8weholisg3jq4moz36ika2cvl3d9lz3gajdf538w.png HTTP/1.1" 200 20603 "https://www.gjes.ilc.edu.tw/" "Mozilla/5.0 (iPhone; CPU iPhone OS 18_7 like Mac OS X) AppleWebKit/605.1.15 (KHTML, like Gecko) Version/26.5.2 Mobile/15E148 Safari/604.1"
49.216.166.238 - - [17/Aug/2026:10:33:15 +0800] "GET /wp-content/uploads/sites/1664/elementor/thumbs/-62-pb8wc534fp8aitjieyira5mkw7624ia4rtku6imisw.png HTTP/1.1" 200 20080 "https://www.gjes.ilc.edu.tw/" "Mozilla/5.0 (iPhone; CPU iPhone OS 18_7 like Mac OS X) AppleWebKit/605.1.15 (KHTML, like Gecko) Version/26.5.2 Mobile/15E148 Safari/604.1"
49.216.166.238 - - [17/Aug/2026:10:33:15 +0800] "GET /wp-content/uploads/sites/1664/elementor/thumbs/-61-pb8w9z2iog9hr6ou2isq17bbl7uldmoet3fjcju75c.png HTTP/1.1" 200 18450 "https://www.gjes.ilc.edu.tw/" "Mozilla/5.0 (iPhone; CPU iPhone OS 18_7 like Mac OS X) AppleWebKit/605.1.15 (KHTML, like Gecko) Version/26.5.2 Mobile/15E148 Safari/604.1"
49.216.166.238 - - [17/Aug/2026:10:33:15 +0800] "GET /wp-content/uploads/sites/1664/2021/08/%E6%88%AA%E5%9C%96-2021-08-14-%E4%B8%8A%E5%8D%889.37.42-1024x220.png HTTP/1.1" 200 77844 "https://www.gjes.ilc.edu.tw/" "Mozilla/5.0 (iPhone; CPU iPhone OS 18_7 like Mac OS X) AppleWebKit/605.1.15 (KHTML, like Gecko) Version/26.5.2 Mobile/15E148 Safari/604.1"
49.216.166.238 - - [17/Aug/2026:10:33:15 +0800] "GET /wp-content/uploads/sites/1664/2020/08/logo70.png HTTP/1.1" 200 103801 "https://www.gjes.ilc.edu.tw/" "Mozilla/5.0 (iPhone; CPU iPhone OS 18_7 like Mac OS X) AppleWebKit/605.1.15 (KHTML, like Gecko) Version/26.5.2 Mobile/15E148 Safari/604.1"
49.216.166.238 - - [17/Aug/2026:10:33:15 +0800] "GET /wp-content/uploads/sites/1664/elementor/thumbs/-64-pb8wlxklmkmtglbi8ovur6ofnowpb05h4a7x5a3vzk.png HTTP/1.1" 200 13773 "https://www.gjes.ilc.edu.tw/" "Mozilla/5.0 (iPhone; CPU iPhone OS 18_7 like Mac OS X) AppleWebKit/605.1.15 (KHTML, like Gecko) Version/26.5.2 Mobile/15E148 Safari/604.1"
49.216.166.238 - - [17/Aug/2026:10:33:15 +0800] "GET /wp-content/uploads/sites/1664/2021/08/%E6%88%AA%E5%9C%96-2021-08-14-%E4%B8%8A%E5%8D%8810.04.26-1024x226.png HTTP/1.1" 200 83108 "https://www.gjes.ilc.edu.tw/" "Mozilla/5.0 (iPhone; CPU iPhone OS 18_7 like Mac OS X) AppleWebKit/605.1.15 (KHTML, like Gecko) Version/26.5.2 Mobile/15E148 Safari/604.1"
49.216.166.238 - - [17/Aug/2026:10:33:15 +0800] "GET /wp-content/uploads/sites/1664/2021/08/%E6%88%AA%E5%9C%96-2021-08-14-%E4%B8%8A%E5%8D%889.36.40-1024x221.png HTTP/1.1" 200 65029 "https://www.gjes.ilc.edu.tw/" "Mozilla/5.0 (iPhone; CPU iPhone OS 18_7 like Mac OS X) AppleWebKit/605.1.15 (KHTML, like Gecko) Version/26.5.2 Mobile/15E148 Safari/604.1"
49.216.166.238 - - [17/Aug/2026:10:33:15 +0800] "GET /wp-content/uploads/sites/1664/elementor/thumbs/-64-1-pb8wpm3ue7o8xlyzqs690r8ff0rggbrmmi7dtandm8.png HTTP/1.1" 200 16905 "https://www.gjes.ilc.edu.tw/" "Mozilla/5.0 (iPhone; CPU iPhone OS 18_7 like Mac OS X) AppleWebKit/605.1.15 (KHTML, like Gecko) Version/26.5.2 Mobile/15E148 Safari/604.1"
49.216.166.238 - - [17/Aug/2026:10:33:15 +0800] "GET /wp-content/uploads/sites/1664/2021/08/%E6%88%AA%E5%9C%96-2021-08-14-%E4%B8%8A%E5%8D%8810.14.52-1024x237.png HTTP/1.1" 200 73867 "https://www.gjes.ilc.edu.tw/" "Mozilla/5.0 (iPhone; CPU iPhone OS 18_7 like Mac OS X) AppleWebKit/605.1.15 (KHTML, like Gecko) Version/26.5.2 Mobile/15E148 Safari/604.1"
2001:288:a201::66:125 - - [17/Aug/2026:10:33:15 +0800] "GET /blog/active.php HTTP/1.1" 404 1084 "-" "-"
2001:288:a201::66:125 - - [17/Aug/2026:10:33:15 +0800] "GET /blog/active.php HTTP/1.1" 301 1026 "-" "-"
49.216.166.238 - - [17/Aug/2026:10:33:15 +0800] "GET /wp-content/uploads/sites/1664/elementor/thumbs/-69-pb8xhv57sychvoxorzskyml65xilstx76c2r2orels.png HTTP/1.1" 200 13804 "https://www.gjes.ilc.edu.tw/" "Mozilla/5.0 (iPhone; CPU iPhone OS 18_7 like Mac OS X) AppleWebKit/605.1.15 (KHTML, like Gecko) Version/26.5.2 Mobile/15E148 Safari/604.1"
49.216.166.238 - - [17/Aug/2026:10:33:15 +0800] "GET /wp-content/uploads/sites/1664/elementor/thumbs/-67-pb8xbuyc524jpdnpuece1555jb46mg2xom12p1nycw.png HTTP/1.1" 200 16064 "https://www.gjes.ilc.edu.tw/" "Mozilla/5.0 (iPhone; CPU iPhone OS 18_7 like Mac OS X) AppleWebKit/605.1.15 (KHTML, like Gecko) Version/26.5.2 Mobile/15E148 Safari/604.1"
49.216.166.238 - - [17/Aug/2026:10:33:15 +0800] "GET /wp-content/uploads/sites/1664/elementor/thumbs/-65-pb8wsax7y5cs5g2d1g0tnkswlpi9h5fzbtee8snttc.png HTTP/1.1" 200 10448 "https://www.gjes.ilc.edu.tw/" "Mozilla/5.0 (iPhone; CPU iPhone OS 18_7 like Mac OS X) AppleWebKit/605.1.15 (KHTML, like Gecko) Version/26.5.2 Mobile/15E148 Safari/604.1"
49.216.166.238 - - [17/Aug/2026:10:33:15 +0800] "GET /wp-content/uploads/sites/1664/elementor/thumbs/-68-pb8xexvajicdrd6luqad7d5jmrxhuqb9fv0dbp3hyo.png HTTP/1.1" 200 13778 "https://www.gjes.ilc.edu.tw/" "Mozilla/5.0 (iPhone; CPU iPhone OS 18_7 like Mac OS X) AppleWebKit/605.1.15 (KHTML, like Gecko) Version/26.5.2 Mobile/15E148 Safari/604.1"
49.216.166.238 - - [17/Aug/2026:10:33:15 +0800] "GET /wp-content/uploads/sites/1664/elementor/thumbs/-66-pb8wvb0ns3gr8lpci8qx4biwx0ph2cd42of8fm7jxs.png HTTP/1.1" 200 13219 "https://www.gjes.ilc.edu.tw/" "Mozilla/5.0 (iPhone; CPU iPhone OS 18_7 like Mac OS X) AppleWebKit/605.1.15 (KHTML, like Gecko) Version/26.5.2 Mobile/15E148 Safari/604.1"
49.216.166.238 - - [17/Aug/2026:10:33:15 +0800] "GET /wp-content/uploads/sites/1664/2021/08/%E6%88%AA%E5%9C%96-2021-08-14-%E4%B8%8A%E5%8D%8810.15.02-1024x222.png HTTP/1.1" 200 64471 "https://www.gjes.ilc.edu.tw/" "Mozilla/5.0 (iPhone; CPU iPhone OS 18_7 like Mac OS X) AppleWebKit/605.1.15 (KHTML, like Gecko) Version/26.5.2 Mobile/15E148 Safari/604.1"
2001:4860:7:510::f5 - - [17/Aug/2026:10:33:16 +0800] "GET /1003/2012/09/21/%E5%B0%8F%E4%B8%80%E4%B8%8A%E7%AC%AC%E5%9B%9B%E9%80%B1%E5%BE%9E%E8%A3%BD%E4%BD%9C%E6%9B%B8%E6%8F%92%E9%96%8B%E5%A7%8B%E6%84%9B%E4%B8%8A%E9%96%B1%E8%AE%80%E7%9A%84%E7%BF%92%E6%85%A3/ HTTP/1.1" 200 20680 "https://www.google.com/" "Mozilla/5.0 (Windows NT 10.0; Win64; x64) AppleWebKit/537.36 (KHTML, like Gecko) Chrome/151.0.0.0 Safari/537.36"
49.216.166.238 - - [17/Aug/2026:10:33:16 +0800] "GET /wp-content/uploads/sites/1664/elementor/thumbs/-73-pb8xvezgbywb9b92ncnyephegwq3rqpw1enr5ao2wg.png HTTP/1.1" 200 12409 "https://www.gjes.ilc.edu.tw/" "Mozilla/5.0 (iPhone; CPU iPhone OS 18_7 like Mac OS X) AppleWebKit/605.1.15 (KHTML, like Gecko) Version/26.5.2 Mobile/15E148 Safari/604.1"
49.216.166.238 - - [17/Aug/2026:10:33:16 +0800] "GET /wp-content/uploads/sites/1664/elementor/thumbs/-72-pb8xszkgodkn9ks1tsvngtjj82oyvw2updzlik9oz4.png HTTP/1.1" 200 13474 "https://www.gjes.ilc.edu.tw/" "Mozilla/5.0 (iPhone; CPU iPhone OS 18_7 like Mac OS X) AppleWebKit/605.1.15 (KHTML, like Gecko) Version/26.5.2 Mobile/15E148 Safari/604.1"
49.216.166.238 - - [17/Aug/2026:10:33:16 +0800] "GET /wp-content/uploads/sites/1664/elementor/thumbs/-71-pb8xqtjux4luhxxdhd5m7v89x3di50h4qnuaolhdbk.png HTTP/1.1" 200 16647 "https://www.gjes.ilc.edu.tw/" "Mozilla/5.0 (iPhone; CPU iPhone OS 18_7 like Mac OS X) AppleWebKit/605.1.15 (KHTML, like Gecko) Version/26.5.2 Mobile/15E148 Safari/604.1"
49.216.166.238 - - [17/Aug/2026:10:33:16 +0800] "GET /wp-content/uploads/sites/1664/elementor/thumbs/-74-pb8xylnrhr9alqmi1q8fuwjmxx0vutd5568zp1y1tc.png HTTP/1.1" 200 12826 "https://www.gjes.ilc.edu.tw/" "Mozilla/5.0 (iPhone; CPU iPhone OS 18_7 like Mac OS X) AppleWebKit/605.1.15 (KHTML, like Gecko) Version/26.5.2 Mobile/15E148 Safari/604.1"
49.216.166.238 - - [17/Aug/2026:10:33:16 +0800] "GET /wp-content/uploads/sites/1664/elementor/thumbs/-70-pb8xo1wysotgb9y3n635vkdey90lh3hl0yott9l3n4.png HTTP/1.1" 200 16331 "https://www.gjes.ilc.edu.tw/" "Mozilla/5.0 (iPhone; CPU iPhone OS 18_7 like Mac OS X) AppleWebKit/605.1.15 (KHTML, like Gecko) Version/26.5.2 Mobile/15E148 Safari/604.1"
140.111.67.195 - - [17/Aug/2026:10:33:15 +0800] "GET /wp-admin/admin-post.php?action=steps_ad HTTP/1.1" 200 1649 "-" "node-fetch/1.0 (+https://github.com/bitinn/node-fetch)"
49.216.166.238 - - [17/Aug/2026:10:33:16 +0800] "GET /wp-content/uploads/sites/1664/2021/08/%E6%88%AA%E5%9C%96-2021-08-14-%E4%B8%8A%E5%8D%889.48.04-1024x223.png HTTP/1.1" 200 69475 "https://www.gjes.ilc.edu.tw/" "Mozilla/5.0 (iPhone; CPU iPhone OS 18_7 like Mac OS X) AppleWebKit/605.1.15 (KHTML, like Gecko) Version/26.5.2 Mobile/15E148 Safari/604.1"
49.216.166.238 - - [17/Aug/2026:10:33:16 +0800] "GET /wp-content/uploads/sites/1664/elementor/thumbs/-57-pb8vyp08o0tmfn2nxn9w41s6yrg10dwd99ls10k9tc.png HTTP/1.1" 200 18403 "https://www.gjes.ilc.edu.tw/" "Mozilla/5.0 (iPhone; CPU iPhone OS 18_7 like Mac OS X) AppleWebKit/605.1.15 (KHTML, like Gecko) Version/26.5.2 Mobile/15E148 Safari/604.1"
49.216.166.238 - - [17/Aug/2026:10:33:16 +0800] "GET /wp-content/uploads/sites/1664/elementor/thumbs/-58-pb8w2l26yc5chjf87ttaxkfvh69pvacdgit4j8sm28.png HTTP/1.1" 200 18596 "https://www.gjes.ilc.edu.tw/" "Mozilla/5.0 (iPhone; CPU iPhone OS 18_7 like Mac OS X) AppleWebKit/605.1.15 (KHTML, like Gecko) Version/26.5.2 Mobile/15E148 Safari/604.1"
49.216.166.238 - - [17/Aug/2026:10:33:16 +0800] "GET /wp-content/uploads/sites/1664/2021/08/%E6%88%AA%E5%9C%96-2021-08-14-%E4%B8%8A%E5%8D%8810.03.42-1024x232.png HTTP/1.1" 200 68931 "https://www.gjes.ilc.edu.tw/" "Mozilla/5.0 (iPhone; CPU iPhone OS 18_7 like Mac OS X) AppleWebKit/605.1.15 (KHTML, like Gecko) Version/26.5.2 Mobile/15E148 Safari/604.1"
49.216.166.238 - - [17/Aug/2026:10:33:16 +0800] "GET /wp-content/uploads/sites/1664/elementor/thumbs/-75-pb8y0k5nqbxsshs3m2pgjwr7htdew450ev6eot1iuo.png HTTP/1.1" 200 17363 "https://www.gjes.ilc.edu.tw/" "Mozilla/5.0 (iPhone; CPU iPhone OS 18_7 like Mac OS X) AppleWebKit/605.1.15 (KHTML, like Gecko) Version/26.5.2 Mobile/15E148 Safari/604.1"
49.216.166.238 - - [17/Aug/2026:10:33:16 +0800] "GET /wp-content/uploads/sites/1664/elementor/thumbs/-77-pb8ygjevwxta5ukiazd4xvlb1mm1qvkqlyfke5cl2o.png HTTP/1.1" 200 15502 "https://www.gjes.ilc.edu.tw/" "Mozilla/5.0 (iPhone; CPU iPhone OS 18_7 like Mac OS X) AppleWebKit/605.1.15 (KHTML, like Gecko) Version/26.5.2 Mobile/15E148 Safari/604.1"
49.216.166.238 - - [17/Aug/2026:10:33:16 +0800] "GET /wp-content/uploads/sites/1664/elementor/thumbs/-76-pb8y48owhyz89ifl45zuthb795861fr5x35vctl0hc.png HTTP/1.1" 200 13430 "https://www.gjes.ilc.edu.tw/" "Mozilla/5.0 (iPhone; CPU iPhone OS 18_7 like Mac OS X) AppleWebKit/605.1.15 (KHTML, like Gecko) Version/26.5.2 Mobile/15E148 Safari/604.1"
49.216.166.238 - - [17/Aug/2026:10:33:16 +0800] "GET /wp-content/uploads/sites/1664/elementor/thumbs/-78-pb8yjfqyzjs3ykcydqgq4n9gzebsha2y0augnv1vw0.png HTTP/1.1" 200 13479 "https://www.gjes.ilc.edu.tw/" "Mozilla/5.0 (iPhone; CPU iPhone OS 18_7 like Mac OS X) AppleWebKit/605.1.15 (KHTML, like Gecko) Version/26.5.2 Mobile/15E148 Safari/604.1"
49.216.166.238 - - [17/Aug/2026:10:33:16 +0800] "GET /wp-content/uploads/sites/1664/2026/01/20260106.png HTTP/1.1" 200 111453 "https://www.gjes.ilc.edu.tw/" "Mozilla/5.0 (iPhone; CPU iPhone OS 18_7 like Mac OS X) AppleWebKit/605.1.15 (KHTML, like Gecko) Version/26.5.2 Mobile/15E148 Safari/604.1"
49.216.166.238 - - [17/Aug/2026:10:33:16 +0800] "GET /wp-content/uploads/sites/1664/2025/11/%E6%88%AA%E5%9C%96-2025-11-04-%E4%B8%8A%E5%8D%889.11.06-scaled-1-1536x402.png HTTP/1.1" 200 198374 "https://www.gjes.ilc.edu.tw/" "Mozilla/5.0 (iPhone; CPU iPhone OS 18_7 like Mac OS X) AppleWebKit/605.1.15 (KHTML, like Gecko) Version/26.5.2 Mobile/15E148 Safari/604.1"
49.216.166.238 - - [17/Aug/2026:10:33:16 +0800] "GET /wp-content/uploads/sites/1664/2026/08/7fabd388-402b-47a2-8101-9d76ed185237.jpg HTTP/1.1" 200 109860 "https://www.gjes.ilc.edu.tw/" "Mozilla/5.0 (iPhone; CPU iPhone OS 18_7 like Mac OS X) AppleWebKit/605.1.15 (KHTML, like Gecko) Version/26.5.2 Mobile/15E148 Safari/604.1"
49.216.166.238 - - [17/Aug/2026:10:33:16 +0800] "GET /wp-content/uploads/sites/1664/2026/08/e839b8fe-e080-49d7-9778-41f032fc7a3c.jpg HTTP/1.1" 200 77811 "https://www.gjes.ilc.edu.tw/" "Mozilla/5.0 (iPhone; CPU iPhone OS 18_7 like Mac OS X) AppleWebKit/605.1.15 (KHTML, like Gecko) Version/26.5.2 Mobile/15E148 Safari/604.1"
49.216.166.238 - - [17/Aug/2026:10:33:16 +0800] "GET /wp-content/uploads/sites/1664/2025/08/%E9%9C%80%E8%A6%81-%E6%89%BE%E4%BA%BA%E5%82%BE%E8%A8%B4%EF%BC%9F.png HTTP/1.1" 200 117850 "https://www.gjes.ilc.edu.tw/" "Mozilla/5.0 (iPhone; CPU iPhone OS 18_7 like Mac OS X) AppleWebKit/605.1.15 (KHTML, like Gecko) Version/26.5.2 Mobile/15E148 Safari/604.1"
49.216.166.238 - - [17/Aug/2026:10:33:16 +0800] "GET /wp-content/uploads/sites/1664/2022/10/19872260-%E8%BD%89%E6%8F%9B-1.jpg HTTP/1.1" 200 659717 "https://www.gjes.ilc.edu.tw/" "Mozilla/5.0 (iPhone; CPU iPhone OS 18_7 like Mac OS X) AppleWebKit/605.1.15 (KHTML, like Gecko) Version/26.5.2 Mobile/15E148 Safari/604.1"
120.101.207.83 - - [17/Aug/2026:10:33:17 +0800] "-" 408 4803 "-" "-"
120.101.207.83 - - [17/Aug/2026:10:33:17 +0800] "-" 408 339 "-" "-"
::1 - - [17/Aug/2026:10:33:18 +0800] "OPTIONS * HTTP/1.0" 200 110 "-" "Apache/2.4.68 (Ubuntu) OpenSSL/3.0.19 (internal dummy connection)"
66.249.82.169 - - [17/Aug/2026:10:33:18 +0800] "GET /.well-known/traffic-advice HTTP/1.1" 404 60098 "-" "Chrome Privacy Preserving Prefetch Proxy"
::1 - - [17/Aug/2026:10:33:19 +0800] "OPTIONS * HTTP/1.0" 200 110 "-" "Apache/2.4.68 (Ubuntu) OpenSSL/3.0.19 (internal dummy connection)"
140.111.67.195 - - [17/Aug/2026:10:33:19 +0800] "GET /wp-admin/admin-post.php?action=steps_ad HTTP/1.1" 200 1649 "-" "node-fetch/1.0 (+https://github.com/bitinn/node-fetch)"
::1 - - [17/Aug/2026:10:33:20 +0800] "OPTIONS * HTTP/1.0" 200 110 "-" "Apache/2.4.68 (Ubuntu) OpenSSL/3.0.19 (internal dummy connection)"
140.111.67.10 - - [17/Aug/2026:10:33:20 +0800] "GET /" 301 273 "-" "-"
140.111.67.195 - - [17/Aug/2026:10:33:20 +0800] "GET /wp-admin/admin-post.php?action=steps_ad HTTP/1.1" 200 1649 "-" "node-fetch/1.0 (+https://github.com/bitinn/node-fetch)"
2001:288:a201::66:125 - - [17/Aug/2026:10:33:20 +0800] "GET /blog/active.php HTTP/1.1" 404 1084 "-" "-"
2001:288:a201::66:125 - - [17/Aug/2026:10:33:20 +0800] "GET /blog/active.php HTTP/1.1" 301 1026 "-" "-"
::1 - - [17/Aug/2026:10:33:21 +0800] "OPTIONS * HTTP/1.0" 200 110 "-" "Apache/2.4.68 (Ubuntu) OpenSSL/3.0.19 (internal dummy connection)"
52.167.144.222 - - [17/Aug/2026:10:33:21 +0800] "GET /2022/01/ HTTP/1.1" 200 18211 "-" "Mozilla/5.0 AppleWebKit/537.36 (KHTML, like Gecko; compatible; bingbot/2.0; +http://www.bing.com/bingbot.htm) Chrome/116.0.1938.76 Safari/537.36"
2001:288:a21e:1:d0f8:84ba:2585:4ece - - [17/Aug/2026:10:33:21 +0800] "GET /wp-content/uploads/sites/3846/2026/08/%E8%BE%B2%E6%A5%AD%E9%83%A8%E5%BB%A3%E5%91%8A.jpg HTTP/1.1" 304 5581 "https://it.ilc.edu.tw/" "Mozilla/5.0 (Windows NT 10.0; Win64; x64) AppleWebKit/537.36 (KHTML, like Gecko) Chrome/150.0.0.0 Safari/537.36"
2001:288:a21e:1:d0f8:84ba:2585:4ece - - [17/Aug/2026:10:33:21 +0800] "GET /wp-content/uploads/sites/3846/2026/06/%E5%AE%A3%E5%82%B3%E5%9C%96%E7%89%87.png HTTP/1.1" 304 5581 "https://it.ilc.edu.tw/" "Mozilla/5.0 (Windows NT 10.0; Win64; x64) AppleWebKit/537.36 (KHTML, like Gecko) Chrome/150.0.0.0 Safari/537.36"
2001:288:a21e:1:d0f8:84ba:2585:4ece - - [17/Aug/2026:10:33:21 +0800] "GET /wp-content/uploads/sites/3846/2026/06/2026%E5%AE%9C%E8%98%AD%E7%98%8B%E5%AD%B8%E7%BF%92-%E6%9A%91%E5%81%87_%E6%95%99%E8%82%B2%E8%99%95%E9%A6%96%E9%A0%81-1440-x-1080-%E5%83%8F%E7%B4%A0.png HTTP/1.1" 200 2050723 "https://it.ilc.edu.tw/" "Mozilla/5.0 (Windows NT 10.0; Win64; x64) AppleWebKit/537.36 (KHTML, like Gecko) Chrome/150.0.0.0 Safari/537.36"
::1 - - [17/Aug/2026:10:33:24 +0800] "OPTIONS * HTTP/1.0" 200 110 "-" "Apache/2.4.68 (Ubuntu) OpenSSL/3.0.19 (internal dummy connection)"
140.111.67.10 - - [17/Aug/2026:10:33:25 +0800] "GET /" 301 273 "-" "-"
2001:288:a201::66:125 - - [17/Aug/2026:10:33:25 +0800] "GET /blog/active.php HTTP/1.1" 404 1084 "-" "-"
2001:288:a201::66:125 - - [17/Aug/2026:10:33:25 +0800] "GET /blog/active.php HTTP/1.1" 301 1026 "-" "-"
::1 - - [17/Aug/2026:10:33:26 +0800] "OPTIONS * HTTP/1.0" 200 110 "-" "Apache/2.4.68 (Ubuntu) OpenSSL/3.0.19 (internal dummy connection)"
2001:288:a26a:1:6923:8bf3:4374:c578 - - [17/Aug/2026:10:33:26 +0800] "POST /hsics/wp-admin/admin-ajax.php HTTP/1.1" 200 1459 "https://2blog.ilc.edu.tw/hsics/wp-admin/edit.php" "Mozilla/5.0 (Windows NT 10.0; Win64; x64) AppleWebKit/537.36 (KHTML, like Gecko) Chrome/151.0.0.0 Safari/537.36"
::1 - - [17/Aug/2026:10:33:28 +0800] "OPTIONS * HTTP/1.0" 200 110 "-" "Apache/2.4.68 (Ubuntu) OpenSSL/3.0.19 (internal dummy connection)"
140.111.67.195 - - [17/Aug/2026:10:33:27 +0800] "GET /wp-admin/admin-post.php?action=steps_ad HTTP/1.1" 200 1973 "-" "node-fetch/1.0 (+https://github.com/bitinn/node-fetch)"
140.111.67.10 - - [17/Aug/2026:10:33:30 +0800] "GET /" 301 273 "-" "-"
2001:288:a24b:1:2808:18b8:5418:89e6 - - [17/Aug/2026:10:33:30 +0800] "-" 408 4802 "-" "-"
2001:288:a201::66:125 - - [17/Aug/2026:10:33:30 +0800] "GET /blog/active.php HTTP/1.1" 404 1084 "-" "-"
2001:b011:e602:9d14:e024:a4d9:cb35:543b - - [17/Aug/2026:10:33:30 +0800] "GET /1003/2026/05/27/%e3%80%90%e6%95%b8%e4%bd%8d%e5%ad%b8%e7%bf%92%e3%80%91%e3%80%90%e5%b0%8f%e4%b8%80%e5%81%a5%e5%ba%b7%e8%aa%b2%e3%80%91wayground-q%e5%8d%a1%e6%a5%b5%e9%80%9f%e5%a4%a7%e6%8c%91%e6%88%b0%ef%bc%9a%e4%b8%8d/ HTTP/1.1" 200 16955 "https://2blog.ilc.edu.tw/1003/2026/07/30/%e5%b0%8f%e5%a3%81%e8%99%8e%e8%80%81%e5%b8%ab%e7%9a%84%e5%b7%a5%e5%85%b7%e7%ab%99%e3%80%90ai%e5%8d%94%e4%bd%9c%e4%bd%9c%e5%93%81%e3%80%91/" "Mozilla/5.0 (Windows NT 10.0; Win64; x64) AppleWebKit/537.36 (KHTML, like Gecko) Chrome/151.0.0.0 Safari/537.36"
2001:288:a201::66:125 - - [17/Aug/2026:10:33:30 +0800] "GET /blog/active.php HTTP/1.1" 301 1026 "-" "-"
2001:b011:e602:9d14:e024:a4d9:cb35:543b - - [17/Aug/2026:10:33:30 +0800] "GET /1003/wp-content/uploads/sites/233/2026/05/Snipaste_2026-05-27_14-54-11-768x617.png HTTP/1.1" 200 773078 "https://2blog.ilc.edu.tw/1003/2026/05/27/%e3%80%90%e6%95%b8%e4%bd%8d%e5%ad%b8%e7%bf%92%e3%80%91%e3%80%90%e5%b0%8f%e4%b8%80%e5%81%a5%e5%ba%b7%e8%aa%b2%e3%80%91wayground-q%e5%8d%a1%e6%a5%b5%e9%80%9f%e5%a4%a7%e6%8c%91%e6%88%b0%ef%bc%9a%e4%b8%8d/" "Mozilla/5.0 (Windows NT 10.0; Win64; x64) AppleWebKit/537.36 (KHTML, like Gecko) Chrome/151.0.0.0 Safari/537.36"
2001:b011:e602:9d14:e024:a4d9:cb35:543b - - [17/Aug/2026:10:33:30 +0800] "POST /1003/wp-json/ilc-summary/v1/popular-posts HTTP/1.1" 201 1611 "https://2blog.ilc.edu.tw/1003/2026/05/27/%e3%80%90%e6%95%b8%e4%bd%8d%e5%ad%b8%e7%bf%92%e3%80%91%e3%80%90%e5%b0%8f%e4%b8%80%e5%81%a5%e5%ba%b7%e8%aa%b2%e3%80%91wayground-q%e5%8d%a1%e6%a5%b5%e9%80%9f%e5%a4%a7%e6%8c%91%e6%88%b0%ef%bc%9a%e4%b8%8d/" "Mozilla/5.0 (Windows NT 10.0; Win64; x64) AppleWebKit/537.36 (KHTML, like Gecko) Chrome/151.0.0.0 Safari/537.36"
2001:b011:e602:9d14:e024:a4d9:cb35:543b - - [17/Aug/2026:10:33:30 +0800] "GET /1003/wp-content/uploads/sites/233/2026/05/ChatGPT-Image-2026%E5%B9%B45%E6%9C%8827%E6%97%A5-%E4%B8%8B%E5%8D%8803_08_15.png HTTP/1.1" 200 2443848 "https://2blog.ilc.edu.tw/1003/2026/05/27/%e3%80%90%e6%95%b8%e4%bd%8d%e5%ad%b8%e7%bf%92%e3%80%91%e3%80%90%e5%b0%8f%e4%b8%80%e5%81%a5%e5%ba%b7%e8%aa%b2%e3%80%91wayground-q%e5%8d%a1%e6%a5%b5%e9%80%9f%e5%a4%a7%e6%8c%91%e6%88%b0%ef%bc%9a%e4%b8%8d/" "Mozilla/5.0 (Windows NT 10.0; Win64; x64) AppleWebKit/537.36 (KHTML, like Gecko) Chrome/151.0.0.0 Safari/537.36"
2001:b011:e602:9d14:e024:a4d9:cb35:543b - - [17/Aug/2026:10:33:30 +0800] "GET /1003/wp-content/uploads/sites/233/2026/05/ChatGPT-Image-2026%E5%B9%B45%E6%9C%8827%E6%97%A5-%E4%B8%8B%E5%8D%8803_08_15-1.png HTTP/1.1" 200 2444187 "https://2blog.ilc.edu.tw/1003/2026/05/27/%e3%80%90%e6%95%b8%e4%bd%8d%e5%ad%b8%e7%bf%92%e3%80%91%e3%80%90%e5%b0%8f%e4%b8%80%e5%81%a5%e5%ba%b7%e8%aa%b2%e3%80%91wayground-q%e5%8d%a1%e6%a5%b5%e9%80%9f%e5%a4%a7%e6%8c%91%e6%88%b0%ef%bc%9a%e4%b8%8d/" "Mozilla/5.0 (Windows NT 10.0; Win64; x64) AppleWebKit/537.36 (KHTML, like Gecko) Chrome/151.0.0.0 Safari/537.36"
140.111.67.195 - - [17/Aug/2026:10:33:32 +0800] "GET /wp-admin/admin-post.php?action=steps_ad HTTP/1.1" 200 1649 "-" "node-fetch/1.0 (+https://github.com/bitinn/node-fetch)"
140.111.67.195 - - [17/Aug/2026:10:33:33 +0800] "GET /wp-admin/admin-post.php?action=steps_ad HTTP/1.1" 200 1649 "-" "node-fetch/1.0 (+https://github.com/bitinn/node-fetch)"
140.111.67.10 - - [17/Aug/2026:10:33:35 +0800] "GET /" 301 273 "-" "-"
2001:288:a201::66:125 - - [17/Aug/2026:10:33:35 +0800] "GET /blog/active.php HTTP/1.1" 404 1084 "-" "-"
2001:288:a201::66:125 - - [17/Aug/2026:10:33:35 +0800] "GET /blog/active.php HTTP/1.1" 301 1026 "-" "-"
116.241.210.191 - - [17/Aug/2026:10:33:36 +0800] "GET /868/wp-content/cache/2blog.ilc.edu.tw/wpfc-minified/maqxx0v5/5woku.css HTTP/1.1" 200 18667 "https://2blog.ilc.edu.tw/868/49097/" "Mozilla/5.0 (Windows NT 10.0; Win64; x64) AppleWebKit/537.36 (KHTML, like Gecko) Chrome/151.0.0.0 Safari/537.36"
116.241.210.191 - - [17/Aug/2026:10:33:36 +0800] "GET /868/wp-content/cache/2blog.ilc.edu.tw/wpfc-minified/13m1ver4/5wob8.css HTTP/1.1" 200 23805 "https://2blog.ilc.edu.tw/868/49097/" "Mozilla/5.0 (Windows NT 10.0; Win64; x64) AppleWebKit/537.36 (KHTML, like Gecko) Chrome/151.0.0.0 Safari/537.36"
116.241.210.191 - - [17/Aug/2026:10:33:36 +0800] "GET /868/wp-content/cache/2blog.ilc.edu.tw/wpfc-minified/8lw6462p/5woku.css HTTP/1.1" 200 45680 "https://2blog.ilc.edu.tw/868/49097/" "Mozilla/5.0 (Windows NT 10.0; Win64; x64) AppleWebKit/537.36 (KHTML, like Gecko) Chrome/151.0.0.0 Safari/537.36"
116.241.210.191 - - [17/Aug/2026:10:33:36 +0800] "GET /868/wp-content/cache/2blog.ilc.edu.tw/wpfc-minified/7nvg1c6t/5woku.css HTTP/1.1" 200 20776 "https://2blog.ilc.edu.tw/868/49097/" "Mozilla/5.0 (Windows NT 10.0; Win64; x64) AppleWebKit/537.36 (KHTML, like Gecko) Chrome/151.0.0.0 Safari/537.36"
116.241.210.191 - - [17/Aug/2026:10:33:36 +0800] "GET /868/wp-content/themes/hueman/assets/front/webfonts/fa-solid-900.woff2?v=5.15.2 HTTP/1.1" 200 86097 "https://2blog.ilc.edu.tw/868/49097/" "Mozilla/5.0 (Windows NT 10.0; Win64; x64) AppleWebKit/537.36 (KHTML, like Gecko) Chrome/151.0.0.0 Safari/537.36"
116.241.210.191 - - [17/Aug/2026:10:33:36 +0800] "GET /868/wp-content/uploads/sites/268/2025/03/%E5%9C%96%E7%89%872.png HTTP/1.1" 200 11433 "https://2blog.ilc.edu.tw/868/49097/" "Mozilla/5.0 (Windows NT 10.0; Win64; x64) AppleWebKit/537.36 (KHTML, like Gecko) Chrome/151.0.0.0 Safari/537.36"
116.241.210.191 - - [17/Aug/2026:10:33:36 +0800] "GET /868/wp-content/themes/hueman/assets/front/fonts/titillium-light-webfont.woff HTTP/1.1" 200 25606 "https://2blog.ilc.edu.tw/868/49097/" "Mozilla/5.0 (Windows NT 10.0; Win64; x64) AppleWebKit/537.36 (KHTML, like Gecko) Chrome/151.0.0.0 Safari/537.36"
116.241.210.191 - - [17/Aug/2026:10:33:36 +0800] "GET /868/wp-content/themes/hueman/assets/front/webfonts/fa-brands-400.woff2?v=5.15.2 HTTP/1.1" 200 79499 "https://2blog.ilc.edu.tw/868/49097/" "Mozilla/5.0 (Windows NT 10.0; Win64; x64) AppleWebKit/537.36 (KHTML, like Gecko) Chrome/151.0.0.0 Safari/537.36"
116.241.210.191 - - [17/Aug/2026:10:33:36 +0800] "GET /868/wp-content/cache/2blog.ilc.edu.tw/wpfc-minified/1gd3zqn9/5wovy.js HTTP/1.1" 200 1642 "https://2blog.ilc.edu.tw/868/49097/" "Mozilla/5.0 (Windows NT 10.0; Win64; x64) AppleWebKit/537.36 (KHTML, like Gecko) Chrome/151.0.0.0 Safari/537.36"
