::1 - - [17/Aug/2026:10:30:03 +0800] "OPTIONS * HTTP/1.0" 200 110 "-" "Apache/2.4.68 (Ubuntu) OpenSSL/3.0.19 (internal dummy connection)"
2001:288:a26a:1:6923:8bf3:4374:c578 - - [17/Aug/2026:10:30:02 +0800] "GET /wp-admin/my-sites.php HTTP/1.1" 200 18486 "https://2blog.ilc.edu.tw/wp-admin/" "Mozilla/5.0 (Windows NT 10.0; Win64; x64) AppleWebKit/537.36 (KHTML, like Gecko) Chrome/151.0.0.0 Safari/537.36"
::1 - - [17/Aug/2026:10:30:04 +0800] "OPTIONS * HTTP/1.0" 200 110 "-" "Apache/2.4.68 (Ubuntu) OpenSSL/3.0.19 (internal dummy connection)"
140.111.67.10 - - [17/Aug/2026:10:30:05 +0800] "GET /" 301 273 "-" "-"
2001:b011:e602:9d14:e024:a4d9:cb35:543b - - [17/Aug/2026:10:30:05 +0800] "GET /wp-content/uploads/sites/233/1003/1003-4085558.png HTTP/1.1" 200 119144 "https://2blog.ilc.edu.tw/1003/2018/08/29/%E5%B0%8F%E5%A3%81%E8%99%8E%E5%82%99%E8%AA%B2%E6%83%B3%E6%83%B3%E6%83%B3%E5%BA%B7%E8%BB%92%E4%B8%89%E4%B8%8A%E7%AC%AC%E4%BA%8C%E8%AA%B2-%E9%95%B7%E5%A4%A7%E9%80%99%E4%BB%B6%E4%BA%8B/" "Mozilla/5.0 (Windows NT 10.0; Win64; x64) AppleWebKit/537.36 (KHTML, like Gecko) Chrome/151.0.0.0 Safari/537.36"
2001:288:a201::66:125 - - [17/Aug/2026:10:30:05 +0800] "GET /blog/active.php HTTP/1.1" 301 1026 "-" "-"
::1 - - [17/Aug/2026:10:30:05 +0800] "OPTIONS * HTTP/1.0" 200 110 "-" "Apache/2.4.68 (Ubuntu) OpenSSL/3.0.19 (internal dummy connection)"
2001:288:a201::66:125 - - [17/Aug/2026:10:30:05 +0800] "GET /blog/active.php HTTP/1.1" 404 1084 "-" "-"
2001:288:a213:1:3936:b6ca:3b92:d8f4 - - [17/Aug/2026:10:30:05 +0800] "GET /wp-content/uploads/sites/3846/2023/07/%E6%95%99%E8%82%B2%E8%99%95%E5%85%AB%E5%A4%A7%E6%96%B9%E9%87%9D.png HTTP/1.1" 200 200327 "https://it.ilc.edu.tw/" "Mozilla/5.0 (Windows NT 10.0; Win64; x64) AppleWebKit/537.36 (KHTML, like Gecko) Chrome/151.0.0.0 Safari/537.36"
2001:288:a258:1:61e5:f5c3:8718:9804 - - [17/Aug/2026:10:30:06 +0800] "GET / HTTP/1.1" 200 22799 "-" "Mozilla/5.0 (Windows NT 10.0; Win64; x64) AppleWebKit/537.36 (KHTML, like Gecko) Chrome/151.0.0.0 Safari/537.36"
2001:4860:7:810::db - - [17/Aug/2026:10:30:06 +0800] "GET /868/49097/ HTTP/1.1" 200 22404 "https://www.google.com/" "Mozilla/5.0 (Windows NT 10.0; Win64; x64) AppleWebKit/537.36 (KHTML, like Gecko) Chrome/151.0.0.0 Safari/537.36"
2001:288:a258:1:61e5:f5c3:8718:9804 - - [17/Aug/2026:10:30:06 +0800] "GET /wp-content/uploads/sites/1252/2025/11/1-2.jpg HTTP/1.1" 304 1129 "https://www.dsjh.ilc.edu.tw/wp-content/uploads/sites/1252/elementor/css/post-277.css" "Mozilla/5.0 (Windows NT 10.0; Win64; x64) AppleWebKit/537.36 (KHTML, like Gecko) Chrome/151.0.0.0 Safari/537.36"
2001:288:a258:1:61e5:f5c3:8718:9804 - - [17/Aug/2026:10:30:06 +0800] "GET /wp-content/uploads/sites/1252/2025/11/2-1.jpg HTTP/1.1" 304 790 "https://www.dsjh.ilc.edu.tw/wp-content/uploads/sites/1252/elementor/css/post-277.css" "Mozilla/5.0 (Windows NT 10.0; Win64; x64) AppleWebKit/537.36 (KHTML, like Gecko) Chrome/151.0.0.0 Safari/537.36"
34.206.212.24 - - [17/Aug/2026:10:30:07 +0800] "GET /wp-content/uploads/sites/560/?C=S;O%3DA HTTP/1.1" 200 1260 "-" "Mozilla/5.0 AppleWebKit/537.36 (KHTML, like Gecko; compatible; Amazonbot/0.1; +https://developer.amazon.com/support/amazonbot) Chrome/119.0.6045.214 Safari/537.36"
147.92.179.115 - - [17/Aug/2026:10:30:07 +0800] "GET /%EF%BC%8C%E6%AD%A1%E8%BF%8E%E5%90%84%E4%BD%8D%E5%85%88%E9%80%B2%EF%BC%8C%E5%B8%AB%E9%95%B7%E4%BE%9D%E6%83%85%E6%B3%81%E8%B8%B4%E8%BA%8D%E5%8F%83%E8%88%87%EF%BC%8C%E8%AC%9D%E8%AC%9D HTTP/1.1" 404 77024 "-" "facebookexternalhit/1.1;line-poker/1.0"
210.69.149.160 - - [17/Aug/2026:10:30:07 +0800] "-" 408 4803 "-" "-"
140.111.67.10 - - [17/Aug/2026:10:30:10 +0800] "GET /" 301 273 "-" "-"
2001:288:a26a:1:6923:8bf3:4374:c578 - - [17/Aug/2026:10:30:09 +0800] "GET /hsics/wp-admin/ HTTP/1.1" 200 34333 "https://2blog.ilc.edu.tw/wp-admin/my-sites.php" "Mozilla/5.0 (Windows NT 10.0; Win64; x64) AppleWebKit/537.36 (KHTML, like Gecko) Chrome/151.0.0.0 Safari/537.36"
2001:288:a26a:1:6923:8bf3:4374:c578 - - [17/Aug/2026:10:30:10 +0800] "GET /hsics/wp-content/plugins/wp-fastest-cache/css/style.css HTTP/1.1" 200 8457 "https://2blog.ilc.edu.tw/hsics/wp-admin/" "Mozilla/5.0 (Windows NT 10.0; Win64; x64) AppleWebKit/537.36 (KHTML, like Gecko) Chrome/151.0.0.0 Safari/537.36"
2001:288:a26a:1:6923:8bf3:4374:c578 - - [17/Aug/2026:10:30:10 +0800] "GET /hsics/wp-includes/js/thickbox/thickbox.css HTTP/1.1" 200 1811 "https://2blog.ilc.edu.tw/hsics/wp-admin/" "Mozilla/5.0 (Windows NT 10.0; Win64; x64) AppleWebKit/537.36 (KHTML, like Gecko) Chrome/151.0.0.0 Safari/537.36"
2001:288:a26a:1:6923:8bf3:4374:c578 - - [17/Aug/2026:10:30:10 +0800] "GET /hsics/wp-content/plugins/disable-comments/assets/css/notice.css HTTP/1.1" 200 1756 "https://2blog.ilc.edu.tw/hsics/wp-admin/" "Mozilla/5.0 (Windows NT 10.0; Win64; x64) AppleWebKit/537.36 (KHTML, like Gecko) Chrome/151.0.0.0 Safari/537.36"
2001:288:a26a:1:6923:8bf3:4374:c578 - - [17/Aug/2026:10:30:10 +0800] "GET /hsics/wp-content/plugins/ilc-custom/asset/css/wp-notice.css?0023&ver=1.0.0 HTTP/1.1" 200 6040 "https://2blog.ilc.edu.tw/hsics/wp-admin/" "Mozilla/5.0 (Windows NT 10.0; Win64; x64) AppleWebKit/537.36 (KHTML, like Gecko) Chrome/151.0.0.0 Safari/537.36"
2001:288:a26a:1:6923:8bf3:4374:c578 - - [17/Aug/2026:10:30:10 +0800] "GET /hsics/wp-content/plugins/admin-menu-editor-pro/extras/font-awesome/scss/font-awesome.css HTTP/1.1" 200 15412 "https://2blog.ilc.edu.tw/hsics/wp-admin/" "Mozilla/5.0 (Windows NT 10.0; Win64; x64) AppleWebKit/537.36 (KHTML, like Gecko) Chrome/151.0.0.0 Safari/537.36"
2001:288:a26a:1:6923:8bf3:4374:c578 - - [17/Aug/2026:10:30:10 +0800] "GET /hsics/wp-content/plugins/ml-slider/admin/assets/css/notices.css HTTP/1.1" 200 6514 "https://2blog.ilc.edu.tw/hsics/wp-admin/" "Mozilla/5.0 (Windows NT 10.0; Win64; x64) AppleWebKit/537.36 (KHTML, like Gecko) Chrome/151.0.0.0 Safari/537.36"
2001:288:a26a:1:6923:8bf3:4374:c578 - - [17/Aug/2026:10:30:10 +0800] "GET /hsics/wp-content/plugins/ml-slider/admin/assets/css/upgrade.css HTTP/1.1" 200 2042 "https://2blog.ilc.edu.tw/hsics/wp-admin/" "Mozilla/5.0 (Windows NT 10.0; Win64; x64) AppleWebKit/537.36 (KHTML, like Gecko) Chrome/151.0.0.0 Safari/537.36"
2001:288:a26a:1:6923:8bf3:4374:c578 - - [17/Aug/2026:10:30:10 +0800] "GET /hsics/wp-content/plugins/staatic/assets/admin.css HTTP/1.1" 200 2495 "https://2blog.ilc.edu.tw/hsics/wp-admin/" "Mozilla/5.0 (Windows NT 10.0; Win64; x64) AppleWebKit/537.36 (KHTML, like Gecko) Chrome/151.0.0.0 Safari/537.36"
2001:288:a26a:1:6923:8bf3:4374:c578 - - [17/Aug/2026:10:30:10 +0800] "GET /hsics/wp-content/plugins/elementor/assets/lib/eicons/css/elementor-icons.min.css HTTP/1.1" 200 4949 "https://2blog.ilc.edu.tw/hsics/wp-admin/" "Mozilla/5.0 (Windows NT 10.0; Win64; x64) AppleWebKit/537.36 (KHTML, like Gecko) Chrome/151.0.0.0 Safari/537.36"
2001:288:a26a:1:6923:8bf3:4374:c578 - - [17/Aug/2026:10:30:10 +0800] "GET /hsics/wp-admin/load-styles.php?c=1&dir=ltr&load%5Bchunk_0%5D=dashicons,admin-bar,common,forms,admin-menu,dashboard,list-tables,edit,revisions,media,themes,about,nav-menus,wp-pointer,widgets&load%5Bchunk_1%5D=,site-icon,l10n,buttons,wp-auth-check&ver=6.6.7 HTTP/1.1" 200 101797 "https://2blog.ilc.edu.tw/hsics/wp-admin/" "Mozilla/5.0 (Windows NT 10.0; Win64; x64) AppleWebKit/537.36 (KHTML, like Gecko) Chrome/151.0.0.0 Safari/537.36"
2001:288:a26a:1:6923:8bf3:4374:c578 - - [17/Aug/2026:10:30:10 +0800] "GET /hsics/wp-content/plugins/limit-login-attempts-reloaded/assets/css/limit-login-attempts.css HTTP/1.1" 200 21363 "https://2blog.ilc.edu.tw/hsics/wp-admin/" "Mozilla/5.0 (Windows NT 10.0; Win64; x64) AppleWebKit/537.36 (KHTML, like Gecko) Chrome/151.0.0.0 Safari/537.36"
2001:288:a26a:1:6923:8bf3:4374:c578 - - [17/Aug/2026:10:30:10 +0800] "GET /hsics/wp-content/plugins/elementor/assets/css/common.min.css HTTP/1.1" 200 4263 "https://2blog.ilc.edu.tw/hsics/wp-admin/" "Mozilla/5.0 (Windows NT 10.0; Win64; x64) AppleWebKit/537.36 (KHTML, like Gecko) Chrome/151.0.0.0 Safari/537.36"
2001:288:a26a:1:6923:8bf3:4374:c578 - - [17/Aug/2026:10:30:10 +0800] "GET /hsics/wp-content/plugins/elementor/assets/css/theme-light.min.css HTTP/1.1" 200 1595 "https://2blog.ilc.edu.tw/hsics/wp-admin/" "Mozilla/5.0 (Windows NT 10.0; Win64; x64) AppleWebKit/537.36 (KHTML, like Gecko) Chrome/151.0.0.0 Safari/537.36"
2001:288:a26a:1:6923:8bf3:4374:c578 - - [17/Aug/2026:10:30:10 +0800] "GET /hsics/wp-content/plugins/admin-menu-editor-pro/css/admin.css HTTP/1.1" 200 2039 "https://2blog.ilc.edu.tw/hsics/wp-admin/" "Mozilla/5.0 (Windows NT 10.0; Win64; x64) AppleWebKit/537.36 (KHTML, like Gecko) Chrome/151.0.0.0 Safari/537.36"
2001:288:a26a:1:6923:8bf3:4374:c578 - - [17/Aug/2026:10:30:10 +0800] "GET /hsics/wp-content/plugins/elementor/assets/css/admin.min.css HTTP/1.1" 200 12919 "https://2blog.ilc.edu.tw/hsics/wp-admin/" "Mozilla/5.0 (Windows NT 10.0; Win64; x64) AppleWebKit/537.36 (KHTML, like Gecko) Chrome/151.0.0.0 Safari/537.36"
2001:288:a26a:1:6923:8bf3:4374:c578 - - [17/Aug/2026:10:30:10 +0800] "GET /hsics/wp-content/plugins/admin-menu-editor-pro/js/admin-helpers.js HTTP/1.1" 200 2130 "https://2blog.ilc.edu.tw/hsics/wp-admin/" "Mozilla/5.0 (Windows NT 10.0; Win64; x64) AppleWebKit/537.36 (KHTML, like Gecko) Chrome/151.0.0.0 Safari/537.36"
2001:288:a26a:1:6923:8bf3:4374:c578 - - [17/Aug/2026:10:30:10 +0800] "GET /hsics/wp-includes/js/dist/dom-ready.min.js HTTP/1.1" 200 1199 "https://2blog.ilc.edu.tw/hsics/wp-admin/" "Mozilla/5.0 (Windows NT 10.0; Win64; x64) AppleWebKit/537.36 (KHTML, like Gecko) Chrome/151.0.0.0 Safari/537.36"
2001:288:a26a:1:6923:8bf3:4374:c578 - - [17/Aug/2026:10:30:10 +0800] "GET /hsics/wp-includes/js/dist/i18n.min.js HTTP/1.1" 200 4547 "https://2blog.ilc.edu.tw/hsics/wp-admin/" "Mozilla/5.0 (Windows NT 10.0; Win64; x64) AppleWebKit/537.36 (KHTML, like Gecko) Chrome/151.0.0.0 Safari/537.36"
2001:288:a26a:1:6923:8bf3:4374:c578 - - [17/Aug/2026:10:30:10 +0800] "GET /hsics/wp-includes/js/dist/a11y.min.js HTTP/1.1" 200 1829 "https://2blog.ilc.edu.tw/hsics/wp-admin/" "Mozilla/5.0 (Windows NT 10.0; Win64; x64) AppleWebKit/537.36 (KHTML, like Gecko) Chrome/151.0.0.0 Safari/537.36"
2001:288:a26a:1:6923:8bf3:4374:c578 - - [17/Aug/2026:10:30:10 +0800] "GET /hsics/wp-includes/js/dist/deprecated.min.js HTTP/1.1" 200 1325 "https://2blog.ilc.edu.tw/hsics/wp-admin/" "Mozilla/5.0 (Windows NT 10.0; Win64; x64) AppleWebKit/537.36 (KHTML, like Gecko) Chrome/151.0.0.0 Safari/537.36"
2001:288:a26a:1:6923:8bf3:4374:c578 - - [17/Aug/2026:10:30:10 +0800] "GET /hsics/wp-includes/js/dist/vendor/moment.min.js HTTP/1.1" 200 19514 "https://2blog.ilc.edu.tw/hsics/wp-admin/" "Mozilla/5.0 (Windows NT 10.0; Win64; x64) AppleWebKit/537.36 (KHTML, like Gecko) Chrome/151.0.0.0 Safari/537.36"
2001:288:a26a:1:6923:8bf3:4374:c578 - - [17/Aug/2026:10:30:10 +0800] "GET /hsics/wp-content/plugins/limit-login-attempts-reloaded/assets/css/fonts/stylesheet.css HTTP/1.1" 200 1213 "https://2blog.ilc.edu.tw/hsics/wp-content/plugins/limit-login-attempts-reloaded/assets/css/limit-login-attempts.css" "Mozilla/5.0 (Windows NT 10.0; Win64; x64) AppleWebKit/537.36 (KHTML, like Gecko) Chrome/151.0.0.0 Safari/537.36"
2001:288:a26a:1:6923:8bf3:4374:c578 - - [17/Aug/2026:10:30:10 +0800] "GET /hsics/wp-includes/js/dist/vendor/react.min.js HTTP/1.1" 200 3535 "https://2blog.ilc.edu.tw/hsics/wp-admin/" "Mozilla/5.0 (Windows NT 10.0; Win64; x64) AppleWebKit/537.36 (KHTML, like Gecko) Chrome/151.0.0.0 Safari/537.36"
2001:288:a26a:1:6923:8bf3:4374:c578 - - [17/Aug/2026:10:30:10 +0800] "GET /hsics/wp-includes/js/dist/url.min.js HTTP/1.1" 200 4615 "https://2blog.ilc.edu.tw/hsics/wp-admin/" "Mozilla/5.0 (Windows NT 10.0; Win64; x64) AppleWebKit/537.36 (KHTML, like Gecko) Chrome/151.0.0.0 Safari/537.36"
2001:288:a26a:1:6923:8bf3:4374:c578 - - [17/Aug/2026:10:30:10 +0800] "GET /hsics/wp-admin/load-scripts.php?c=1&load%5Bchunk_0%5D=jquery-core,jquery-migrate,utils,wp-hooks&ver=6.6.7 HTTP/1.1" 200 37408 "https://2blog.ilc.edu.tw/hsics/wp-admin/" "Mozilla/5.0 (Windows NT 10.0; Win64; x64) AppleWebKit/537.36 (KHTML, like Gecko) Chrome/151.0.0.0 Safari/537.36"
2001:288:a26a:1:6923:8bf3:4374:c578 - - [17/Aug/2026:10:30:10 +0800] "GET /hsics/wp-includes/js/dist/api-fetch.min.js HTTP/1.1" 200 3212 "https://2blog.ilc.edu.tw/hsics/wp-admin/" "Mozilla/5.0 (Windows NT 10.0; Win64; x64) AppleWebKit/537.36 (KHTML, like Gecko) Chrome/151.0.0.0 Safari/537.36"
2001:288:a26a:1:6923:8bf3:4374:c578 - - [17/Aug/2026:10:30:10 +0800] "GET /hsics/wp-includes/js/dist/vendor/react-jsx-runtime.min.js HTTP/1.1" 200 1431 "https://2blog.ilc.edu.tw/hsics/wp-admin/" "Mozilla/5.0 (Windows NT 10.0; Win64; x64) AppleWebKit/537.36 (KHTML, like Gecko) Chrome/151.0.0.0 Safari/537.36"
2001:288:a26a:1:6923:8bf3:4374:c578 - - [17/Aug/2026:10:30:10 +0800] "GET /hsics/wp-includes/js/dist/dom.min.js HTTP/1.1" 200 5570 "https://2blog.ilc.edu.tw/hsics/wp-admin/" "Mozilla/5.0 (Windows NT 10.0; Win64; x64) AppleWebKit/537.36 (KHTML, like Gecko) Chrome/151.0.0.0 Safari/537.36"
2001:288:a26a:1:6923:8bf3:4374:c578 - - [17/Aug/2026:10:30:10 +0800] "GET /hsics/wp-includes/js/dist/escape-html.min.js HTTP/1.1" 200 1411 "https://2blog.ilc.edu.tw/hsics/wp-admin/" "Mozilla/5.0 (Windows NT 10.0; Win64; x64) AppleWebKit/537.36 (KHTML, like Gecko) Chrome/151.0.0.0 Safari/537.36"
2001:288:a26a:1:6923:8bf3:4374:c578 - - [17/Aug/2026:10:30:10 +0800] "GET /hsics/wp-includes/js/dist/date.min.js HTTP/1.1" 200 44608 "https://2blog.ilc.edu.tw/hsics/wp-admin/" "Mozilla/5.0 (Windows NT 10.0; Win64; x64) AppleWebKit/537.36 (KHTML, like Gecko) Chrome/151.0.0.0 Safari/537.36"
2001:288:a26a:1:6923:8bf3:4374:c578 - - [17/Aug/2026:10:30:10 +0800] "GET /hsics/wp-includes/js/dist/is-shallow-equal.min.js HTTP/1.1" 200 1399 "https://2blog.ilc.edu.tw/hsics/wp-admin/" "Mozilla/5.0 (Windows NT 10.0; Win64; x64) AppleWebKit/537.36 (KHTML, like Gecko) Chrome/151.0.0.0 Safari/537.36"
2001:288:a26a:1:6923:8bf3:4374:c578 - - [17/Aug/2026:10:30:10 +0800] "GET /hsics/wp-includes/js/dist/element.min.js HTTP/1.1" 200 5839 "https://2blog.ilc.edu.tw/hsics/wp-admin/" "Mozilla/5.0 (Windows NT 10.0; Win64; x64) AppleWebKit/537.36 (KHTML, like Gecko) Chrome/151.0.0.0 Safari/537.36"
2001:288:a26a:1:6923:8bf3:4374:c578 - - [17/Aug/2026:10:30:10 +0800] "GET /hsics/wp-includes/js/dist/vendor/react-dom.min.js HTTP/1.1" 200 43962 "https://2blog.ilc.edu.tw/hsics/wp-admin/" "Mozilla/5.0 (Windows NT 10.0; Win64; x64) AppleWebKit/537.36 (KHTML, like Gecko) Chrome/151.0.0.0 Safari/537.36"
2001:288:a26a:1:6923:8bf3:4374:c578 - - [17/Aug/2026:10:30:10 +0800] "GET /hsics/wp-includes/js/dist/priority-queue.min.js HTTP/1.1" 200 2405 "https://2blog.ilc.edu.tw/hsics/wp-admin/" "Mozilla/5.0 (Windows NT 10.0; Win64; x64) AppleWebKit/537.36 (KHTML, like Gecko) Chrome/151.0.0.0 Safari/537.36"
2001:288:a26a:1:6923:8bf3:4374:c578 - - [17/Aug/2026:10:30:10 +0800] "GET /hsics/wp-includes/js/dist/keycodes.min.js HTTP/1.1" 200 2271 "https://2blog.ilc.edu.tw/hsics/wp-admin/" "Mozilla/5.0 (Windows NT 10.0; Win64; x64) AppleWebKit/537.36 (KHTML, like Gecko) Chrome/151.0.0.0 Safari/537.36"
2001:288:a26a:1:6923:8bf3:4374:c578 - - [17/Aug/2026:10:30:10 +0800] "GET /hsics/wp-includes/js/dist/compose.min.js HTTP/1.1" 200 13933 "https://2blog.ilc.edu.tw/hsics/wp-admin/" "Mozilla/5.0 (Windows NT 10.0; Win64; x64) AppleWebKit/537.36 (KHTML, like Gecko) Chrome/151.0.0.0 Safari/537.36"
2001:288:a26a:1:6923:8bf3:4374:c578 - - [17/Aug/2026:10:30:10 +0800] "GET /hsics/wp-includes/js/dist/html-entities.min.js HTTP/1.1" 200 1324 "https://2blog.ilc.edu.tw/hsics/wp-admin/" "Mozilla/5.0 (Windows NT 10.0; Win64; x64) AppleWebKit/537.36 (KHTML, like Gecko) Chrome/151.0.0.0 Safari/537.36"
2001:288:a26a:1:6923:8bf3:4374:c578 - - [17/Aug/2026:10:30:10 +0800] "GET /hsics/wp-includes/js/dist/primitives.min.js HTTP/1.1" 200 1707 "https://2blog.ilc.edu.tw/hsics/wp-admin/" "Mozilla/5.0 (Windows NT 10.0; Win64; x64) AppleWebKit/537.36 (KHTML, like Gecko) Chrome/151.0.0.0 Safari/537.36"
2001:288:a26a:1:6923:8bf3:4374:c578 - - [17/Aug/2026:10:30:10 +0800] "GET /hsics/wp-includes/js/dist/private-apis.min.js HTTP/1.1" 200 1894 "https://2blog.ilc.edu.tw/hsics/wp-admin/" "Mozilla/5.0 (Windows NT 10.0; Win64; x64) AppleWebKit/537.36 (KHTML, like Gecko) Chrome/151.0.0.0 Safari/537.36"
2001:288:a26a:1:6923:8bf3:4374:c578 - - [17/Aug/2026:10:30:10 +0800] "GET /hsics/wp-includes/js/dist/redux-routine.min.js HTTP/1.1" 200 3707 "https://2blog.ilc.edu.tw/hsics/wp-admin/" "Mozilla/5.0 (Windows NT 10.0; Win64; x64) AppleWebKit/537.36 (KHTML, like Gecko) Chrome/151.0.0.0 Safari/537.36"
2001:288:a26a:1:6923:8bf3:4374:c578 - - [17/Aug/2026:10:30:10 +0800] "GET /hsics/wp-includes/js/dist/data.min.js HTTP/1.1" 200 10133 "https://2blog.ilc.edu.tw/hsics/wp-admin/" "Mozilla/5.0 (Windows NT 10.0; Win64; x64) AppleWebKit/537.36 (KHTML, like Gecko) Chrome/151.0.0.0 Safari/537.36"
2001:288:a26a:1:6923:8bf3:4374:c578 - - [17/Aug/2026:10:30:10 +0800] "GET /hsics/wp-includes/js/dist/warning.min.js HTTP/1.1" 200 1124 "https://2blog.ilc.edu.tw/hsics/wp-admin/" "Mozilla/5.0 (Windows NT 10.0; Win64; x64) AppleWebKit/537.36 (KHTML, like Gecko) Chrome/151.0.0.0 Safari/537.36"
2001:288:a26a:1:6923:8bf3:4374:c578 - - [17/Aug/2026:10:30:10 +0800] "GET /hsics/wp-content/plugins/staatic/assets/admin.js HTTP/1.1" 200 8876 "https://2blog.ilc.edu.tw/hsics/wp-admin/" "Mozilla/5.0 (Windows NT 10.0; Win64; x64) AppleWebKit/537.36 (KHTML, like Gecko) Chrome/151.0.0.0 Safari/537.36"
2001:288:a26a:1:6923:8bf3:4374:c578 - - [17/Aug/2026:10:30:10 +0800] "GET /hsics/wp-includes/js/dist/rich-text.min.js HTTP/1.1" 200 10991 "https://2blog.ilc.edu.tw/hsics/wp-admin/" "Mozilla/5.0 (Windows NT 10.0; Win64; x64) AppleWebKit/537.36 (KHTML, like Gecko) Chrome/151.0.0.0 Safari/537.36"
2001:288:a26a:1:6923:8bf3:4374:c578 - - [17/Aug/2026:10:30:10 +0800] "GET /hsics/wp-includes/css/editor.min.css HTTP/1.1" 200 6719 "https://2blog.ilc.edu.tw/hsics/wp-admin/" "Mozilla/5.0 (Windows NT 10.0; Win64; x64) AppleWebKit/537.36 (KHTML, like Gecko) Chrome/151.0.0.0 Safari/537.36"
2001:288:a26a:1:6923:8bf3:4374:c578 - - [17/Aug/2026:10:30:10 +0800] "GET /hsics/wp-content/plugins/limit-login-attempts-reloaded/assets/css/jquery-ui.css HTTP/1.1" 200 9414 "https://2blog.ilc.edu.tw/hsics/wp-admin/" "Mozilla/5.0 (Windows NT 10.0; Win64; x64) AppleWebKit/537.36 (KHTML, like Gecko) Chrome/151.0.0.0 Safari/537.36"
2001:288:a26a:1:6923:8bf3:4374:c578 - - [17/Aug/2026:10:30:10 +0800] "GET /hsics/wp-admin/js/common.min.js HTTP/1.1" 200 8210 "https://2blog.ilc.edu.tw/hsics/wp-admin/" "Mozilla/5.0 (Windows NT 10.0; Win64; x64) AppleWebKit/537.36 (KHTML, like Gecko) Chrome/151.0.0.0 Safari/537.36"
2001:288:a26a:1:6923:8bf3:4374:c578 - - [17/Aug/2026:10:30:10 +0800] "GET /hsics/wp-content/plugins/limit-login-attempts-reloaded/assets/js/chart.umd.js HTTP/1.1" 200 70890 "https://2blog.ilc.edu.tw/hsics/wp-admin/" "Mozilla/5.0 (Windows NT 10.0; Win64; x64) AppleWebKit/537.36 (KHTML, like Gecko) Chrome/151.0.0.0 Safari/537.36"
2001:288:a26a:1:6923:8bf3:4374:c578 - - [17/Aug/2026:10:30:10 +0800] "GET /hsics/wp-admin/load-scripts.php?c=1&load%5Bchunk_0%5D=hoverIntent&ver=6.6.7 HTTP/1.1" 200 1622 "https://2blog.ilc.edu.tw/hsics/wp-admin/" "Mozilla/5.0 (Windows NT 10.0; Win64; x64) AppleWebKit/537.36 (KHTML, like Gecko) Chrome/151.0.0.0 Safari/537.36"
2001:288:a26a:1:6923:8bf3:4374:c578 - - [17/Aug/2026:10:30:10 +0800] "GET /hsics/wp-includes/js/hoverintent-js.min.js HTTP/1.1" 200 1597 "https://2blog.ilc.edu.tw/hsics/wp-admin/" "Mozilla/5.0 (Windows NT 10.0; Win64; x64) AppleWebKit/537.36 (KHTML, like Gecko) Chrome/151.0.0.0 Safari/537.36"
2001:288:a26a:1:6923:8bf3:4374:c578 - - [17/Aug/2026:10:30:10 +0800] "GET /hsics/wp-includes/js/admin-bar.min.js HTTP/1.1" 200 2237 "https://2blog.ilc.edu.tw/hsics/wp-admin/" "Mozilla/5.0 (Windows NT 10.0; Win64; x64) AppleWebKit/537.36 (KHTML, like Gecko) Chrome/151.0.0.0 Safari/537.36"
2001:288:a26a:1:6923:8bf3:4374:c578 - - [17/Aug/2026:10:30:10 +0800] "GET /hsics/wp-includes/js/wp-ajax-response.min.js HTTP/1.1" 200 1971 "https://2blog.ilc.edu.tw/hsics/wp-admin/" "Mozilla/5.0 (Windows NT 10.0; Win64; x64) AppleWebKit/537.36 (KHTML, like Gecko) Chrome/151.0.0.0 Safari/537.36"
2001:288:a26a:1:6923:8bf3:4374:c578 - - [17/Aug/2026:10:30:10 +0800] "GET /hsics/wp-includes/js/wp-lists.min.js HTTP/1.1" 200 3414 "https://2blog.ilc.edu.tw/hsics/wp-admin/" "Mozilla/5.0 (Windows NT 10.0; Win64; x64) AppleWebKit/537.36 (KHTML, like Gecko) Chrome/151.0.0.0 Safari/537.36"
2001:288:a26a:1:6923:8bf3:4374:c578 - - [17/Aug/2026:10:30:10 +0800] "GET /hsics/wp-includes/js/jquery/jquery.color.min.js HTTP/1.1" 200 3784 "https://2blog.ilc.edu.tw/hsics/wp-admin/" "Mozilla/5.0 (Windows NT 10.0; Win64; x64) AppleWebKit/537.36 (KHTML, like Gecko) Chrome/151.0.0.0 Safari/537.36"
2001:288:a26a:1:6923:8bf3:4374:c578 - - [17/Aug/2026:10:30:10 +0800] "GET /hsics/wp-includes/js/quicktags.min.js HTTP/1.1" 200 4389 "https://2blog.ilc.edu.tw/hsics/wp-admin/" "Mozilla/5.0 (Windows NT 10.0; Win64; x64) AppleWebKit/537.36 (KHTML, like Gecko) Chrome/151.0.0.0 Safari/537.36"
2001:288:a26a:1:6923:8bf3:4374:c578 - - [17/Aug/2026:10:30:10 +0800] "GET /hsics/wp-includes/js/jquery/jquery.query.js HTTP/1.1" 200 2507 "https://2blog.ilc.edu.tw/hsics/wp-admin/" "Mozilla/5.0 (Windows NT 10.0; Win64; x64) AppleWebKit/537.36 (KHTML, like Gecko) Chrome/151.0.0.0 Safari/537.36"
2001:288:a26a:1:6923:8bf3:4374:c578 - - [17/Aug/2026:10:30:10 +0800] "GET /hsics/wp-includes/js/dist/components.min.js HTTP/1.1" 200 225050 "https://2blog.ilc.edu.tw/hsics/wp-admin/" "Mozilla/5.0 (Windows NT 10.0; Win64; x64) AppleWebKit/537.36 (KHTML, like Gecko) Chrome/151.0.0.0 Safari/537.36"
2001:288:a26a:1:6923:8bf3:4374:c578 - - [17/Aug/2026:10:30:10 +0800] "GET /hsics/wp-admin/js/edit-comments.min.js HTTP/1.1" 200 5990 "https://2blog.ilc.edu.tw/hsics/wp-admin/" "Mozilla/5.0 (Windows NT 10.0; Win64; x64) AppleWebKit/537.36 (KHTML, like Gecko) Chrome/151.0.0.0 Safari/537.36"
2001:288:a26a:1:6923:8bf3:4374:c578 - - [17/Aug/2026:10:30:10 +0800] "GET /hsics/wp-includes/js/jquery/ui/core.min.js HTTP/1.1" 200 7986 "https://2blog.ilc.edu.tw/hsics/wp-admin/" "Mozilla/5.0 (Windows NT 10.0; Win64; x64) AppleWebKit/537.36 (KHTML, like Gecko) Chrome/151.0.0.0 Safari/537.36"
2001:288:a26a:1:6923:8bf3:4374:c578 - - [17/Aug/2026:10:30:10 +0800] "GET /hsics/wp-includes/js/jquery/ui/mouse.min.js HTTP/1.1" 200 1978 "https://2blog.ilc.edu.tw/hsics/wp-admin/" "Mozilla/5.0 (Windows NT 10.0; Win64; x64) AppleWebKit/537.36 (KHTML, like Gecko) Chrome/151.0.0.0 Safari/537.36"
2001:288:a26a:1:6923:8bf3:4374:c578 - - [17/Aug/2026:10:30:10 +0800] "GET /hsics/wp-includes/js/jquery/ui/sortable.min.js HTTP/1.1" 200 7466 "https://2blog.ilc.edu.tw/hsics/wp-admin/" "Mozilla/5.0 (Windows NT 10.0; Win64; x64) AppleWebKit/537.36 (KHTML, like Gecko) Chrome/151.0.0.0 Safari/537.36"
2001:288:a26a:1:6923:8bf3:4374:c578 - - [17/Aug/2026:10:30:10 +0800] "GET /hsics/wp-admin/js/postbox.min.js HTTP/1.1" 200 3101 "https://2blog.ilc.edu.tw/hsics/wp-admin/" "Mozilla/5.0 (Windows NT 10.0; Win64; x64) AppleWebKit/537.36 (KHTML, like Gecko) Chrome/151.0.0.0 Safari/537.36"
2001:288:a26a:1:6923:8bf3:4374:c578 - - [17/Aug/2026:10:30:10 +0800] "GET /hsics/wp-includes/js/underscore.min.js HTTP/1.1" 200 8191 "https://2blog.ilc.edu.tw/hsics/wp-admin/" "Mozilla/5.0 (Windows NT 10.0; Win64; x64) AppleWebKit/537.36 (KHTML, like Gecko) Chrome/151.0.0.0 Safari/537.36"
2001:288:a26a:1:6923:8bf3:4374:c578 - - [17/Aug/2026:10:30:10 +0800] "GET /hsics/wp-includes/js/wp-util.min.js HTTP/1.1" 200 1633 "https://2blog.ilc.edu.tw/hsics/wp-admin/" "Mozilla/5.0 (Windows NT 10.0; Win64; x64) AppleWebKit/537.36 (KHTML, like Gecko) Chrome/151.0.0.0 Safari/537.36"
2001:288:a26a:1:6923:8bf3:4374:c578 - - [17/Aug/2026:10:30:10 +0800] "GET /hsics/wp-admin/js/dashboard.min.js HTTP/1.1" 200 3942 "https://2blog.ilc.edu.tw/hsics/wp-admin/" "Mozilla/5.0 (Windows NT 10.0; Win64; x64) AppleWebKit/537.36 (KHTML, like Gecko) Chrome/151.0.0.0 Safari/537.36"
2001:288:a26a:1:6923:8bf3:4374:c578 - - [17/Aug/2026:10:30:10 +0800] "GET /hsics/wp-includes/js/shortcode.min.js HTTP/1.1" 200 2025 "https://2blog.ilc.edu.tw/hsics/wp-admin/" "Mozilla/5.0 (Windows NT 10.0; Win64; x64) AppleWebKit/537.36 (KHTML, like Gecko) Chrome/151.0.0.0 Safari/537.36"
2001:288:a26a:1:6923:8bf3:4374:c578 - - [17/Aug/2026:10:30:10 +0800] "GET /hsics/wp-includes/js/thickbox/thickbox.js HTTP/1.1" 200 4912 "https://2blog.ilc.edu.tw/hsics/wp-admin/" "Mozilla/5.0 (Windows NT 10.0; Win64; x64) AppleWebKit/537.36 (KHTML, like Gecko) Chrome/151.0.0.0 Safari/537.36"
2001:288:a26a:1:6923:8bf3:4374:c578 - - [17/Aug/2026:10:30:10 +0800] "GET /hsics/wp-admin/js/media-upload.min.js HTTP/1.1" 200 1492 "https://2blog.ilc.edu.tw/hsics/wp-admin/" "Mozilla/5.0 (Windows NT 10.0; Win64; x64) AppleWebKit/537.36 (KHTML, like Gecko) Chrome/151.0.0.0 Safari/537.36"
2001:288:a26a:1:6923:8bf3:4374:c578 - - [17/Aug/2026:10:30:10 +0800] "GET /hsics/wp-admin/js/svg-painter.js HTTP/1.1" 200 3005 "https://2blog.ilc.edu.tw/hsics/wp-admin/" "Mozilla/5.0 (Windows NT 10.0; Win64; x64) AppleWebKit/537.36 (KHTML, like Gecko) Chrome/151.0.0.0 Safari/537.36"
2001:288:a26a:1:6923:8bf3:4374:c578 - - [17/Aug/2026:10:30:10 +0800] "GET /hsics/wp-includes/js/heartbeat.min.js HTTP/1.1" 200 2936 "https://2blog.ilc.edu.tw/hsics/wp-admin/" "Mozilla/5.0 (Windows NT 10.0; Win64; x64) AppleWebKit/537.36 (KHTML, like Gecko) Chrome/151.0.0.0 Safari/537.36"
2001:288:a26a:1:6923:8bf3:4374:c578 - - [17/Aug/2026:10:30:10 +0800] "GET /hsics/wp-includes/js/wp-auth-check.min.js HTTP/1.1" 200 1652 "https://2blog.ilc.edu.tw/hsics/wp-admin/" "Mozilla/5.0 (Windows NT 10.0; Win64; x64) AppleWebKit/537.36 (KHTML, like Gecko) Chrome/151.0.0.0 Safari/537.36"
2001:288:a26a:1:6923:8bf3:4374:c578 - - [17/Aug/2026:10:30:10 +0800] "GET /hsics/wp-content/plugins/admin-menu-editor-pro/js/menu-highlight-fix.js HTTP/1.1" 200 4413 "https://2blog.ilc.edu.tw/hsics/wp-admin/" "Mozilla/5.0 (Windows NT 10.0; Win64; x64) AppleWebKit/537.36 (KHTML, like Gecko) Chrome/151.0.0.0 Safari/537.36"
2001:288:a26a:1:6923:8bf3:4374:c578 - - [17/Aug/2026:10:30:10 +0800] "GET /hsics/wp-includes/js/jquery/ui/draggable.min.js HTTP/1.1" 200 5755 "https://2blog.ilc.edu.tw/hsics/wp-admin/" "Mozilla/5.0 (Windows NT 10.0; Win64; x64) AppleWebKit/537.36 (KHTML, like Gecko) Chrome/151.0.0.0 Safari/537.36"
2001:288:a26a:1:6923:8bf3:4374:c578 - - [17/Aug/2026:10:30:10 +0800] "GET /hsics/wp-includes/js/backbone.min.js HTTP/1.1" 200 8884 "https://2blog.ilc.edu.tw/hsics/wp-admin/" "Mozilla/5.0 (Windows NT 10.0; Win64; x64) AppleWebKit/537.36 (KHTML, like Gecko) Chrome/151.0.0.0 Safari/537.36"
2001:288:a26a:1:6923:8bf3:4374:c578 - - [17/Aug/2026:10:30:10 +0800] "GET /hsics/wp-content/plugins/elementor/assets/lib/backbone/backbone.marionette.min.js HTTP/1.1" 200 12449 "https://2blog.ilc.edu.tw/hsics/wp-admin/" "Mozilla/5.0 (Windows NT 10.0; Win64; x64) AppleWebKit/537.36 (KHTML, like Gecko) Chrome/151.0.0.0 Safari/537.36"
2001:288:a26a:1:6923:8bf3:4374:c578 - - [17/Aug/2026:10:30:10 +0800] "GET /hsics/wp-content/plugins/elementor/assets/lib/dialog/dialog.min.js HTTP/1.1" 200 4368 "https://2blog.ilc.edu.tw/hsics/wp-admin/" "Mozilla/5.0 (Windows NT 10.0; Win64; x64) AppleWebKit/537.36 (KHTML, like Gecko) Chrome/151.0.0.0 Safari/537.36"
2001:288:a26a:1:6923:8bf3:4374:c578 - - [17/Aug/2026:10:30:10 +0800] "GET /hsics/wp-content/plugins/elementor/assets/lib/backbone/backbone.radio.min.js HTTP/1.1" 200 2448 "https://2blog.ilc.edu.tw/hsics/wp-admin/" "Mozilla/5.0 (Windows NT 10.0; Win64; x64) AppleWebKit/537.36 (KHTML, like Gecko) Chrome/151.0.0.0 Safari/537.36"
2001:288:a26a:1:6923:8bf3:4374:c578 - - [17/Aug/2026:10:30:10 +0800] "GET /hsics/wp-includes/js/api-request.min.js HTTP/1.1" 200 1469 "https://2blog.ilc.edu.tw/hsics/wp-admin/" "Mozilla/5.0 (Windows NT 10.0; Win64; x64) AppleWebKit/537.36 (KHTML, like Gecko) Chrome/151.0.0.0 Safari/537.36"
2001:288:a26a:1:6923:8bf3:4374:c578 - - [17/Aug/2026:10:30:10 +0800] "GET /hsics/wp-content/plugins/elementor/assets/js/dev-tools.min.js HTTP/1.1" 200 3401 "https://2blog.ilc.edu.tw/hsics/wp-admin/" "Mozilla/5.0 (Windows NT 10.0; Win64; x64) AppleWebKit/537.36 (KHTML, like Gecko) Chrome/151.0.0.0 Safari/537.36"
2001:288:a26a:1:6923:8bf3:4374:c578 - - [17/Aug/2026:10:30:10 +0800] "GET /hsics/wp-content/plugins/elementor/assets/js/common-modules.min.js HTTP/1.1" 200 27862 "https://2blog.ilc.edu.tw/hsics/wp-admin/" "Mozilla/5.0 (Windows NT 10.0; Win64; x64) AppleWebKit/537.36 (KHTML, like Gecko) Chrome/151.0.0.0 Safari/537.36"
2001:288:a26a:1:6923:8bf3:4374:c578 - - [17/Aug/2026:10:30:10 +0800] "GET /hsics/wp-content/plugins/elementor/assets/js/admin-modules.min.js HTTP/1.1" 200 6276 "https://2blog.ilc.edu.tw/hsics/wp-admin/" "Mozilla/5.0 (Windows NT 10.0; Win64; x64) AppleWebKit/537.36 (KHTML, like Gecko) Chrome/151.0.0.0 Safari/537.36"
2001:288:a26a:1:6923:8bf3:4374:c578 - - [17/Aug/2026:10:30:10 +0800] "GET /hsics/wp-content/plugins/elementor/assets/js/web-cli.min.js HTTP/1.1" 200 42070 "https://2blog.ilc.edu.tw/hsics/wp-admin/" "Mozilla/5.0 (Windows NT 10.0; Win64; x64) AppleWebKit/537.36 (KHTML, like Gecko) Chrome/151.0.0.0 Safari/537.36"
2001:288:a26a:1:6923:8bf3:4374:c578 - - [17/Aug/2026:10:30:10 +0800] "GET /hsics/wp-content/plugins/wp-fastest-cache/js/column.js HTTP/1.1" 200 1390 "https://2blog.ilc.edu.tw/hsics/wp-admin/" "Mozilla/5.0 (Windows NT 10.0; Win64; x64) AppleWebKit/537.36 (KHTML, like Gecko) Chrome/151.0.0.0 Safari/537.36"
2001:288:a26a:1:6923:8bf3:4374:c578 - - [17/Aug/2026:10:30:10 +0800] "GET /hsics/wp-content/plugins/elementor/assets/js/admin.min.js HTTP/1.1" 200 15297 "https://2blog.ilc.edu.tw/hsics/wp-admin/" "Mozilla/5.0 (Windows NT 10.0; Win64; x64) AppleWebKit/537.36 (KHTML, like Gecko) Chrome/151.0.0.0 Safari/537.36"
2001:288:a26a:1:6923:8bf3:4374:c578 - - [17/Aug/2026:10:30:10 +0800] "GET /hsics/wp-content/themes/oceanwp/inc/themepanel/assets/js/admin.js HTTP/1.1" 200 1235 "https://2blog.ilc.edu.tw/hsics/wp-admin/" "Mozilla/5.0 (Windows NT 10.0; Win64; x64) AppleWebKit/537.36 (KHTML, like Gecko) Chrome/151.0.0.0 Safari/537.36"
2001:288:a26a:1:6923:8bf3:4374:c578 - - [17/Aug/2026:10:30:10 +0800] "GET /hsics/wp-content/plugins/elementor/assets/js/app-loader.min.js HTTP/1.1" 200 25627 "https://2blog.ilc.edu.tw/hsics/wp-admin/" "Mozilla/5.0 (Windows NT 10.0; Win64; x64) AppleWebKit/537.36 (KHTML, like Gecko) Chrome/151.0.0.0 Safari/537.36"
2001:288:a26a:1:6923:8bf3:4374:c578 - - [17/Aug/2026:10:30:10 +0800] "GET /hsics/wp-content/plugins/elementor/assets/js/common.min.js HTTP/1.1" 200 38348 "https://2blog.ilc.edu.tw/hsics/wp-admin/" "Mozilla/5.0 (Windows NT 10.0; Win64; x64) AppleWebKit/537.36 (KHTML, like Gecko) Chrome/151.0.0.0 Safari/537.36"
2001:288:a26a:1:6923:8bf3:4374:c578 - - [17/Aug/2026:10:30:10 +0800] "GET /hsics/wp-includes/js/jquery/ui/accordion.min.js HTTP/1.1" 200 3663 "https://2blog.ilc.edu.tw/hsics/wp-admin/" "Mozilla/5.0 (Windows NT 10.0; Win64; x64) AppleWebKit/537.36 (KHTML, like Gecko) Chrome/151.0.0.0 Safari/537.36"
2001:288:a26a:1:6923:8bf3:4374:c578 - - [17/Aug/2026:10:30:10 +0800] "GET /hsics/wp-content/plugins/elementor/assets/lib/eicons/fonts/eicons.woff2?5.30.0 HTTP/1.1" 200 98225 "https://2blog.ilc.edu.tw/hsics/wp-content/plugins/elementor/assets/lib/eicons/css/elementor-icons.min.css" "Mozilla/5.0 (Windows NT 10.0; Win64; x64) AppleWebKit/537.36 (KHTML, like Gecko) Chrome/151.0.0.0 Safari/537.36"
2001:288:a26a:1:6923:8bf3:4374:c578 - - [17/Aug/2026:10:30:10 +0800] "GET /hsics/wp-includes/js/wp-pointer.min.js HTTP/1.1" 200 2208 "https://2blog.ilc.edu.tw/hsics/wp-admin/" "Mozilla/5.0 (Windows NT 10.0; Win64; x64) AppleWebKit/537.36 (KHTML, like Gecko) Chrome/151.0.0.0 Safari/537.36"
2001:288:a26a:1:6923:8bf3:4374:c578 - - [17/Aug/2026:10:30:10 +0800] "GET /hsics/wp-includes/js/wplink.min.js HTTP/1.1" 200 4787 "https://2blog.ilc.edu.tw/hsics/wp-admin/" "Mozilla/5.0 (Windows NT 10.0; Win64; x64) AppleWebKit/537.36 (KHTML, like Gecko) Chrome/151.0.0.0 Safari/537.36"
2001:288:a26a:1:6923:8bf3:4374:c578 - - [17/Aug/2026:10:30:10 +0800] "GET /hsics/wp-includes/js/jquery/ui/menu.min.js HTTP/1.1" 200 3938 "https://2blog.ilc.edu.tw/hsics/wp-admin/" "Mozilla/5.0 (Windows NT 10.0; Win64; x64) AppleWebKit/537.36 (KHTML, like Gecko) Chrome/151.0.0.0 Safari/537.36"
2001:288:a26a:1:6923:8bf3:4374:c578 - - [17/Aug/2026:10:30:10 +0800] "GET /hsics/wp-includes/js/jquery/ui/autocomplete.min.js HTTP/1.1" 200 3785 "https://2blog.ilc.edu.tw/hsics/wp-admin/" "Mozilla/5.0 (Windows NT 10.0; Win64; x64) AppleWebKit/537.36 (KHTML, like Gecko) Chrome/151.0.0.0 Safari/537.36"
2001:288:a26a:1:6923:8bf3:4374:c578 - - [17/Aug/2026:10:30:10 +0800] "GET /hsics/wp-content/uploads/sites/1400/2019/11/cropped-%E5%AD%B8%E6%A0%A1%E6%A9%AB%E5%B9%85-1-32x32.png HTTP/1.1" 200 3262 "https://2blog.ilc.edu.tw/hsics/wp-admin/" "Mozilla/5.0 (Windows NT 10.0; Win64; x64) AppleWebKit/537.36 (KHTML, like Gecko) Chrome/151.0.0.0 Safari/537.36"
2001:288:a26a:1:6923:8bf3:4374:c578 - - [17/Aug/2026:10:30:10 +0800] "GET /hsics/wp-content/uploads/sites/2866/2020/10/cropped-DSC_0390-2-32x32.jpg HTTP/1.1" 200 24500 "https://2blog.ilc.edu.tw/hsics/wp-admin/" "Mozilla/5.0 (Windows NT 10.0; Win64; x64) AppleWebKit/537.36 (KHTML, like Gecko) Chrome/151.0.0.0 Safari/537.36"
2001:288:a26a:1:6923:8bf3:4374:c578 - - [17/Aug/2026:10:30:10 +0800] "GET /hsics/wp-includes/js/thickbox/loadingAnimation.gif HTTP/1.1" 200 16088 "https://2blog.ilc.edu.tw/hsics/wp-admin/" "Mozilla/5.0 (Windows NT 10.0; Win64; x64) AppleWebKit/537.36 (KHTML, like Gecko) Chrome/151.0.0.0 Safari/537.36"
2001:288:a201::66:125 - - [17/Aug/2026:10:30:10 +0800] "GET /blog/active.php HTTP/1.1" 301 1026 "-" "-"
2001:b400:e251:72d4:7995:70b3:e3d4:a36 - - [17/Aug/2026:10:30:10 +0800] "-" 408 4802 "-" "-"
2001:b400:e251:72d4:7995:70b3:e3d4:a36 - - [17/Aug/2026:10:30:10 +0800] "-" 408 4802 "-" "-"
2001:288:a201::66:125 - - [17/Aug/2026:10:30:10 +0800] "GET /blog/active.php HTTP/1.1" 404 1084 "-" "-"
66.249.68.128 - - [17/Aug/2026:10:30:08 +0800] "GET /wp-login.php?action=ilc_logout&_wpnonce=43754d0aad&redirect_to=http://worldeventspb.ru/job/79820/ HTTP/1.1" 302 8250 "-" "Mozilla/5.0 (Linux; Android 6.0.1; Nexus 5X Build/MMB29P) AppleWebKit/537.36 (KHTML, like Gecko) Chrome/150.0.7871.186 Mobile Safari/537.36 (compatible; GoogleOther)"
2001:288:a26a:1:6923:8bf3:4374:c578 - - [17/Aug/2026:10:30:11 +0800] "POST /hsics/wp-admin/admin-ajax.php HTTP/1.1" 200 1108 "https://2blog.ilc.edu.tw/hsics/wp-admin/" "Mozilla/5.0 (Windows NT 10.0; Win64; x64) AppleWebKit/537.36 (KHTML, like Gecko) Chrome/151.0.0.0 Safari/537.36"
52.167.144.172 - - [17/Aug/2026:10:30:11 +0800] "GET /?s=%E6%88%91%E6%84%9B%E6%A8%82%E7%90%86123 HTTP/1.1" 200 20466 "-" "Mozilla/5.0 AppleWebKit/537.36 (KHTML, like Gecko; compatible; bingbot/2.0; +http://www.bing.com/bingbot.htm) Chrome/116.0.1938.76 Safari/537.36"
2001:b011:e602:9d14:e024:a4d9:cb35:543b - - [17/Aug/2026:10:30:12 +0800] "GET /wp-content/uploads/sites/233/1003/1003-4085560.jpg HTTP/1.1" 200 12067 "https://2blog.ilc.edu.tw/1003/2018/08/29/%E5%B0%8F%E5%A3%81%E8%99%8E%E5%82%99%E8%AA%B2%E6%83%B3%E6%83%B3%E6%83%B3%E5%BA%B7%E8%BB%92%E4%B8%89%E4%B8%8A%E7%AC%AC%E4%BA%8C%E8%AA%B2-%E9%95%B7%E5%A4%A7%E9%80%99%E4%BB%B6%E4%BA%8B/" "Mozilla/5.0 (Windows NT 10.0; Win64; x64) AppleWebKit/537.36 (KHTML, like Gecko) Chrome/151.0.0.0 Safari/537.36"
2001:b011:e602:9d14:e024:a4d9:cb35:543b - - [17/Aug/2026:10:30:14 +0800] "GET /wp-content/uploads/sites/233/1003/1003-4085562.png HTTP/1.1" 200 210643 "https://2blog.ilc.edu.tw/1003/2018/08/29/%E5%B0%8F%E5%A3%81%E8%99%8E%E5%82%99%E8%AA%B2%E6%83%B3%E6%83%B3%E6%83%B3%E5%BA%B7%E8%BB%92%E4%B8%89%E4%B8%8A%E7%AC%AC%E4%BA%8C%E8%AA%B2-%E9%95%B7%E5%A4%A7%E9%80%99%E4%BB%B6%E4%BA%8B/" "Mozilla/5.0 (Windows NT 10.0; Win64; x64) AppleWebKit/537.36 (KHTML, like Gecko) Chrome/151.0.0.0 Safari/537.36"
66.249.68.137 - - [17/Aug/2026:10:30:11 +0800] "GET /wp-login.php?key=s5fn5381&_wpnonce=&action=ilc_logout&redirect_to=https%3A%2F%2Fwww.aayyy.com%2Fgames HTTP/1.1" 302 8243 "-" "Mozilla/5.0 (Linux; Android 6.0.1; Nexus 5X Build/MMB29P) AppleWebKit/537.36 (KHTML, like Gecko) Chrome/151.0.7922.137 Mobile Safari/537.36 (compatible; Googlebot/2.1; +http://www.google.com/bot.html)"
140.111.67.10 - - [17/Aug/2026:10:30:15 +0800] "GET /" 301 273 "-" "-"
2001:288:a265:1:e1db:d1:7589:4508 - - [17/Aug/2026:10:30:15 +0800] "-" 408 4803 "-" "-"
2001:288:a265:1:e1db:d1:7589:4508 - - [17/Aug/2026:10:30:15 +0800] "-" 408 4803 "-" "-"
2001:288:a201::66:125 - - [17/Aug/2026:10:30:15 +0800] "GET /blog/active.php HTTP/1.1" 404 1084 "-" "-"
2001:288:a201::66:125 - - [17/Aug/2026:10:30:15 +0800] "GET /blog/active.php HTTP/1.1" 301 1026 "-" "-"
34.234.197.175 - - [17/Aug/2026:10:30:16 +0800] "GET /englishvillage/wp-content/uploads/sites/3106/2025/02/IMG_7800-1024x768.jpeg HTTP/1.1" 200 179974 "-" "Mozilla/5.0 AppleWebKit/537.36 (KHTML, like Gecko; compatible; Amazonbot/0.1; +https://developer.amazon.com/support/amazonbot) Chrome/119.0.6045.214 Safari/537.36"
::1 - - [17/Aug/2026:10:30:17 +0800] "OPTIONS * HTTP/1.0" 200 110 "-" "Apache/2.4.68 (Ubuntu) OpenSSL/3.0.19 (internal dummy connection)"
66.249.71.163 - - [17/Aug/2026:10:30:14 +0800] "GET /wp-login.php?key=23482381&_wpnonce=&action=ilc_logout&redirect_to=https%3A%2F%2Fplay.google.com%2Fstore%2Fapps%2Fdetails%3Fid%3Dcom.us.dyjycbt.google HTTP/1.1" 302 8283 "-" "Mozilla/5.0 (Linux; Android 6.0.1; Nexus 5X Build/MMB29P) AppleWebKit/537.36 (KHTML, like Gecko) Chrome/151.0.7922.137 Mobile Safari/537.36 (compatible; Googlebot/2.1; +http://www.google.com/bot.html)"
140.111.67.195 - - [17/Aug/2026:10:30:18 +0800] "GET /wp-admin/admin-post.php?action=steps_ad HTTP/1.1" 200 6425 "-" "node-fetch/1.0 (+https://github.com/bitinn/node-fetch)"
2001:288:a273:1:502f:b8ee:59fb:6452 - - [17/Aug/2026:10:30:18 +0800] "GET /wp-content/uploads/sites/3846/2026/08/%E8%BE%B2%E6%A5%AD%E9%83%A8%E5%BB%A3%E5%91%8A.jpg HTTP/1.1" 304 5581 "https://it.ilc.edu.tw/" "Mozilla/5.0 (Windows NT 10.0; Win64; x64) AppleWebKit/537.36 (KHTML, like Gecko) Chrome/150.0.0.0 Safari/537.36"
2001:288:a273:1:502f:b8ee:59fb:6452 - - [17/Aug/2026:10:30:18 +0800] "GET /wp-content/uploads/sites/3846/2026/06/2026%E5%AE%9C%E8%98%AD%E7%98%8B%E5%AD%B8%E7%BF%92-%E6%9A%91%E5%81%87_%E6%95%99%E8%82%B2%E8%99%95%E9%A6%96%E9%A0%81-1440-x-1080-%E5%83%8F%E7%B4%A0.png HTTP/1.1" 304 790 "https://it.ilc.edu.tw/" "Mozilla/5.0 (Windows NT 10.0; Win64; x64) AppleWebKit/537.36 (KHTML, like Gecko) Chrome/150.0.0.0 Safari/537.36"
::1 - - [17/Aug/2026:10:30:18 +0800] "OPTIONS * HTTP/1.0" 200 110 "-" "Apache/2.4.68 (Ubuntu) OpenSSL/3.0.19 (internal dummy connection)"
2001:b011:e602:9d14:e024:a4d9:cb35:543b - - [17/Aug/2026:10:30:18 +0800] "GET /wp-content/uploads/sites/233/1003/1003-4085564.png HTTP/1.1" 200 181221 "https://2blog.ilc.edu.tw/1003/2018/08/29/%E5%B0%8F%E5%A3%81%E8%99%8E%E5%82%99%E8%AA%B2%E6%83%B3%E6%83%B3%E6%83%B3%E5%BA%B7%E8%BB%92%E4%B8%89%E4%B8%8A%E7%AC%AC%E4%BA%8C%E8%AA%B2-%E9%95%B7%E5%A4%A7%E9%80%99%E4%BB%B6%E4%BA%8B/" "Mozilla/5.0 (Windows NT 10.0; Win64; x64) AppleWebKit/537.36 (KHTML, like Gecko) Chrome/151.0.0.0 Safari/537.36"
::1 - - [17/Aug/2026:10:30:19 +0800] "OPTIONS * HTTP/1.0" 200 110 "-" "Apache/2.4.68 (Ubuntu) OpenSSL/3.0.19 (internal dummy connection)"
2001:b011:e602:9d14:e024:a4d9:cb35:543b - - [17/Aug/2026:10:30:19 +0800] "GET /wp-content/uploads/sites/233/1003/1003-4085566.jpg HTTP/1.1" 200 75685 "https://2blog.ilc.edu.tw/1003/2018/08/29/%E5%B0%8F%E5%A3%81%E8%99%8E%E5%82%99%E8%AA%B2%E6%83%B3%E6%83%B3%E6%83%B3%E5%BA%B7%E8%BB%92%E4%B8%89%E4%B8%8A%E7%AC%AC%E4%BA%8C%E8%AA%B2-%E9%95%B7%E5%A4%A7%E9%80%99%E4%BB%B6%E4%BA%8B/" "Mozilla/5.0 (Windows NT 10.0; Win64; x64) AppleWebKit/537.36 (KHTML, like Gecko) Chrome/151.0.0.0 Safari/537.36"
66.249.71.163 - - [17/Aug/2026:10:30:18 +0800] "GET /wp-login.php?key=fn3ro381&_wpnonce=&action=ilc_logout&redirect_to=https%3A%2F%2Fplay.google.com%2Fstore%2Fapps%2Fdetails%3Fid%3Dcom.us.dyjycbt.google HTTP/1.1" 302 3496 "-" "Mozilla/5.0 (Linux; Android 6.0.1; Nexus 5X Build/MMB29P) AppleWebKit/537.36 (KHTML, like Gecko) Chrome/151.0.7922.137 Mobile Safari/537.36 (compatible; Googlebot/2.1; +http://www.google.com/bot.html)"
140.111.67.10 - - [17/Aug/2026:10:30:20 +0800] "GET /" 301 273 "-" "-"
140.111.67.195 - - [17/Aug/2026:10:30:19 +0800] "GET /wp-admin/admin-post.php?action=steps_ad HTTP/1.1" 200 1649 "-" "node-fetch/1.0 (+https://github.com/bitinn/node-fetch)"
2001:288:a201::66:125 - - [17/Aug/2026:10:30:20 +0800] "GET /blog/active.php HTTP/1.1" 301 1026 "-" "-"
::1 - - [17/Aug/2026:10:30:20 +0800] "OPTIONS * HTTP/1.0" 200 110 "-" "Apache/2.4.68 (Ubuntu) OpenSSL/3.0.19 (internal dummy connection)"
2001:288:a201::66:125 - - [17/Aug/2026:10:30:20 +0800] "GET /blog/active.php HTTP/1.1" 404 5513 "-" "-"
::1 - - [17/Aug/2026:10:30:21 +0800] "OPTIONS * HTTP/1.0" 200 110 "-" "Apache/2.4.68 (Ubuntu) OpenSSL/3.0.19 (internal dummy connection)"
140.111.67.195 - - [17/Aug/2026:10:30:21 +0800] "GET /wp-admin/admin-post.php?action=steps_ad HTTP/1.1" 200 1649 "-" "node-fetch/1.0 (+https://github.com/bitinn/node-fetch)"
2001:288:a26a:1:6923:8bf3:4374:c578 - - [17/Aug/2026:10:30:22 +0800] "GET /hsics/wp-admin/edit.php?post_type=page HTTP/1.1" 200 28891 "https://2blog.ilc.edu.tw/hsics/wp-admin/" "Mozilla/5.0 (Windows NT 10.0; Win64; x64) AppleWebKit/537.36 (KHTML, like Gecko) Chrome/151.0.0.0 Safari/537.36"
2001:288:a26a:1:6923:8bf3:4374:c578 - - [17/Aug/2026:10:30:22 +0800] "GET /hsics/wp-admin/js/tags-suggest.min.js HTTP/1.1" 200 1965 "https://2blog.ilc.edu.tw/hsics/wp-admin/edit.php?post_type=page" "Mozilla/5.0 (Windows NT 10.0; Win64; x64) AppleWebKit/537.36 (KHTML, like Gecko) Chrome/151.0.0.0 Safari/537.36"
2001:288:a26a:1:6923:8bf3:4374:c578 - - [17/Aug/2026:10:30:22 +0800] "GET /hsics/wp-admin/js/inline-edit-post.min.js HTTP/1.1" 200 4483 "https://2blog.ilc.edu.tw/hsics/wp-admin/edit.php?post_type=page" "Mozilla/5.0 (Windows NT 10.0; Win64; x64) AppleWebKit/537.36 (KHTML, like Gecko) Chrome/151.0.0.0 Safari/537.36"
66.249.71.163 - - [17/Aug/2026:10:30:20 +0800] "GET /wp-login.php?action=ilc_logout&_wpnonce=43754d0aad&redirect_to=http://akmovent.ru/job/78796/ HTTP/1.1" 302 8245 "-" "Mozilla/5.0 (Linux; Android 6.0.1; Nexus 5X Build/MMB29P) AppleWebKit/537.36 (KHTML, like Gecko) Chrome/150.0.7871.186 Mobile Safari/537.36 (compatible; GoogleOther)"
2001:288:a26a:1:6923:8bf3:4374:c578 - - [17/Aug/2026:10:30:22 +0800] "POST /hsics/wp-admin/admin-ajax.php HTTP/1.1" 200 1120 "https://2blog.ilc.edu.tw/hsics/wp-admin/edit.php?post_type=page" "Mozilla/5.0 (Windows NT 10.0; Win64; x64) AppleWebKit/537.36 (KHTML, like Gecko) Chrome/151.0.0.0 Safari/537.36"
2001:288:a26a:1:6923:8bf3:4374:c578 - - [17/Aug/2026:10:30:23 +0800] "POST /hsics/wp-admin/admin-ajax.php HTTP/1.1" 200 1108 "https://2blog.ilc.edu.tw/hsics/wp-admin/edit.php?post_type=page" "Mozilla/5.0 (Windows NT 10.0; Win64; x64) AppleWebKit/537.36 (KHTML, like Gecko) Chrome/151.0.0.0 Safari/537.36"
140.111.67.10 - - [17/Aug/2026:10:30:25 +0800] "GET /" 301 273 "-" "-"
2001:288:a201::66:125 - - [17/Aug/2026:10:30:25 +0800] "GET /blog/active.php HTTP/1.1" 404 1084 "-" "-"
2001:288:a201::66:125 - - [17/Aug/2026:10:30:25 +0800] "GET /blog/active.php HTTP/1.1" 301 1026 "-" "-"
66.249.68.136 - - [17/Aug/2026:10:30:23 +0800] "GET /wp-login.php?key=oppy7381&_wpnonce=&action=ilc_logout&redirect_to=https%3A%2F%2Fwww.aayyy.com%2Fgames HTTP/1.1" 302 8243 "-" "Mozilla/5.0 (Linux; Android 6.0.1; Nexus 5X Build/MMB29P) AppleWebKit/537.36 (KHTML, like Gecko) Chrome/151.0.7922.137 Mobile Safari/537.36 (compatible; Googlebot/2.1; +http://www.google.com/bot.html)"
140.111.67.195 - - [17/Aug/2026:10:30:25 +0800] "GET /wp-admin/admin-post.php?action=steps_ad HTTP/1.1" 200 1649 "-" "node-fetch/1.0 (+https://github.com/bitinn/node-fetch)"
2001:288:a26a:1:6923:8bf3:4374:c578 - - [17/Aug/2026:10:30:25 +0800] "GET /hsics/wp-admin/edit.php HTTP/1.1" 200 35296 "https://2blog.ilc.edu.tw/hsics/wp-admin/edit.php?post_type=page" "Mozilla/5.0 (Windows NT 10.0; Win64; x64) AppleWebKit/537.36 (KHTML, like Gecko) Chrome/151.0.0.0 Safari/537.36"
140.111.141.41 - - [17/Aug/2026:10:30:25 +0800] "POST /wp-admin/admin-ajax.php HTTP/1.1" 200 5925 "https://www.gjes.ilc.edu.tw/wp-admin/edit.php?post_type=page" "Mozilla/5.0 (Windows NT 10.0; Win64; x64) AppleWebKit/537.36 (KHTML, like Gecko) Chrome/151.0.0.0 Safari/537.36"
2001:288:a26a:1:6923:8bf3:4374:c578 - - [17/Aug/2026:10:30:26 +0800] "POST /hsics/wp-admin/admin-ajax.php HTTP/1.1" 200 1120 "https://2blog.ilc.edu.tw/hsics/wp-admin/edit.php" "Mozilla/5.0 (Windows NT 10.0; Win64; x64) AppleWebKit/537.36 (KHTML, like Gecko) Chrome/151.0.0.0 Safari/537.36"
2001:288:a26a:1:6923:8bf3:4374:c578 - - [17/Aug/2026:10:30:27 +0800] "POST /hsics/wp-admin/admin-ajax.php HTTP/1.1" 200 1108 "https://2blog.ilc.edu.tw/hsics/wp-admin/edit.php" "Mozilla/5.0 (Windows NT 10.0; Win64; x64) AppleWebKit/537.36 (KHTML, like Gecko) Chrome/151.0.0.0 Safari/537.36"
140.111.67.10 - - [17/Aug/2026:10:30:30 +0800] "GET /" 301 273 "-" "-"
2001:288:a201::66:125 - - [17/Aug/2026:10:30:30 +0800] "GET /blog/active.php HTTP/1.1" 404 1084 "-" "-"
2001:288:a201::66:125 - - [17/Aug/2026:10:30:30 +0800] "GET /blog/active.php HTTP/1.1" 301 1026 "-" "-"
2001:288:a229:1:1d17:1da5:f39b:4f18 - - [17/Aug/2026:10:30:31 +0800] "-" 408 4801 "-" "-"
2001:288:a229:1:1d17:1da5:f39b:4f18 - - [17/Aug/2026:10:30:31 +0800] "-" 408 4801 "-" "-"
210.69.149.252 - - [17/Aug/2026:10:30:31 +0800] "GET /%E4%BA%BA%E5%93%A1%E7%B5%84%E7%B9%94/%E8%82%B2%E6%89%8D%E6%88%90%E5%93%A1/ HTTP/1.1" 200 18046 "https://www.google.com/" "Mozilla/5.0 (Windows NT 10.0; Win64; x64) AppleWebKit/537.36 (KHTML, like Gecko) Chrome/151.0.0.0 Safari/537.36"
2001:b011:e602:9d14:e024:a4d9:cb35:543b - - [17/Aug/2026:10:30:31 +0800] "GET /1003/2018/08/24/%e7%8f%ad%e7%b4%9a%e7%b6%93%e7%87%9f%e5%be%9e%e4%bb%96%e5%be%8b%e5%88%b0%e8%87%aa%e5%be%8b%e9%96%8b%e5%85%ac%e5%8f%b8%e5%9b%89%ef%bc%81/ HTTP/1.1" 200 14834 "https://2blog.ilc.edu.tw/1003/2018/08/29/%E5%B0%8F%E5%A3%81%E8%99%8E%E5%82%99%E8%AA%B2%E6%83%B3%E6%83%B3%E6%83%B3%E5%BA%B7%E8%BB%92%E4%B8%89%E4%B8%8A%E7%AC%AC%E4%BA%8C%E8%AA%B2-%E9%95%B7%E5%A4%A7%E9%80%99%E4%BB%B6%E4%BA%8B/" "Mozilla/5.0 (Windows NT 10.0; Win64; x64) AppleWebKit/537.36 (KHTML, like Gecko) Chrome/151.0.0.0 Safari/537.36"
2001:b011:e602:9d14:e024:a4d9:cb35:543b - - [17/Aug/2026:10:30:32 +0800] "GET /wp-content/uploads/sites/233/1003/1003-4084352.png HTTP/1.1" 200 7807 "https://2blog.ilc.edu.tw/1003/2018/08/24/%e7%8f%ad%e7%b4%9a%e7%b6%93%e7%87%9f%e5%be%9e%e4%bb%96%e5%be%8b%e5%88%b0%e8%87%aa%e5%be%8b%e9%96%8b%e5%85%ac%e5%8f%b8%e5%9b%89%ef%bc%81/" "Mozilla/5.0 (Windows NT 10.0; Win64; x64) AppleWebKit/537.36 (KHTML, like Gecko) Chrome/151.0.0.0 Safari/537.36"
2001:b011:e602:9d14:e024:a4d9:cb35:543b - - [17/Aug/2026:10:30:32 +0800] "GET /wp-content/uploads/sites/233/1003/1003-4084353.png HTTP/1.1" 200 30477 "https://2blog.ilc.edu.tw/1003/2018/08/24/%e7%8f%ad%e7%b4%9a%e7%b6%93%e7%87%9f%e5%be%9e%e4%bb%96%e5%be%8b%e5%88%b0%e8%87%aa%e5%be%8b%e9%96%8b%e5%85%ac%e5%8f%b8%e5%9b%89%ef%bc%81/" "Mozilla/5.0 (Windows NT 10.0; Win64; x64) AppleWebKit/537.36 (KHTML, like Gecko) Chrome/151.0.0.0 Safari/537.36"
2001:b011:e602:9d14:e024:a4d9:cb35:543b - - [17/Aug/2026:10:30:32 +0800] "GET /wp-content/uploads/sites/233/1003/1003-4084354.png HTTP/1.1" 200 26284 "https://2blog.ilc.edu.tw/1003/2018/08/24/%e7%8f%ad%e7%b4%9a%e7%b6%93%e7%87%9f%e5%be%9e%e4%bb%96%e5%be%8b%e5%88%b0%e8%87%aa%e5%be%8b%e9%96%8b%e5%85%ac%e5%8f%b8%e5%9b%89%ef%bc%81/" "Mozilla/5.0 (Windows NT 10.0; Win64; x64) AppleWebKit/537.36 (KHTML, like Gecko) Chrome/151.0.0.0 Safari/537.36"
2001:b011:e602:9d14:e024:a4d9:cb35:543b - - [17/Aug/2026:10:30:32 +0800] "POST /1003/wp-json/ilc-summary/v1/popular-posts HTTP/1.1" 201 1611 "https://2blog.ilc.edu.tw/1003/2018/08/24/%e7%8f%ad%e7%b4%9a%e7%b6%93%e7%87%9f%e5%be%9e%e4%bb%96%e5%be%8b%e5%88%b0%e8%87%aa%e5%be%8b%e9%96%8b%e5%85%ac%e5%8f%b8%e5%9b%89%ef%bc%81/" "Mozilla/5.0 (Windows NT 10.0; Win64; x64) AppleWebKit/537.36 (KHTML, like Gecko) Chrome/151.0.0.0 Safari/537.36"
210.69.149.252 - - [17/Aug/2026:10:30:32 +0800] "GET /wp-content/cache/www.ytps.ilc.edu.tw/wpfc-minified/mby2kquq/77dh.css HTTP/1.1" 200 20781 "https://www.ytps.ilc.edu.tw/%E4%BA%BA%E5%93%A1%E7%B5%84%E7%B9%94/%E8%82%B2%E6%89%8D%E6%88%90%E5%93%A1/" "Mozilla/5.0 (Windows NT 10.0; Win64; x64) AppleWebKit/537.36 (KHTML, like Gecko) Chrome/151.0.0.0 Safari/537.36"
210.69.149.252 - - [17/Aug/2026:10:30:32 +0800] "GET /wp-content/cache/www.ytps.ilc.edu.tw/wpfc-minified/knjfzcc6/6x60.css HTTP/1.1" 200 40884 "https://www.ytps.ilc.edu.tw/%E4%BA%BA%E5%93%A1%E7%B5%84%E7%B9%94/%E8%82%B2%E6%89%8D%E6%88%90%E5%93%A1/" "Mozilla/5.0 (Windows NT 10.0; Win64; x64) AppleWebKit/537.36 (KHTML, like Gecko) Chrome/151.0.0.0 Safari/537.36"
210.69.149.252 - - [17/Aug/2026:10:30:32 +0800] "GET /wp-content/cache/www.ytps.ilc.edu.tw/wpfc-minified/dvdrxpck/77dh.css HTTP/1.1" 200 15324 "https://www.ytps.ilc.edu.tw/%E4%BA%BA%E5%93%A1%E7%B5%84%E7%B9%94/%E8%82%B2%E6%89%8D%E6%88%90%E5%93%A1/" "Mozilla/5.0 (Windows NT 10.0; Win64; x64) AppleWebKit/537.36 (KHTML, like Gecko) Chrome/151.0.0.0 Safari/537.36"
210.69.149.252 - - [17/Aug/2026:10:30:32 +0800] "GET /wp-content/cache/www.ytps.ilc.edu.tw/wpfc-minified/l9pcxarv/6x60.css HTTP/1.1" 200 19008 "https://www.ytps.ilc.edu.tw/%E4%BA%BA%E5%93%A1%E7%B5%84%E7%B9%94/%E8%82%B2%E6%89%8D%E6%88%90%E5%93%A1/" "Mozilla/5.0 (Windows NT 10.0; Win64; x64) AppleWebKit/537.36 (KHTML, like Gecko) Chrome/151.0.0.0 Safari/537.36"
210.69.149.252 - - [17/Aug/2026:10:30:32 +0800] "GET /wp-content/cache/www.ytps.ilc.edu.tw/wpfc-minified/kcapbcch/6x60.css HTTP/1.1" 200 2315 "https://www.ytps.ilc.edu.tw/%E4%BA%BA%E5%93%A1%E7%B5%84%E7%B9%94/%E8%82%B2%E6%89%8D%E6%88%90%E5%93%A1/" "Mozilla/5.0 (Windows NT 10.0; Win64; x64) AppleWebKit/537.36 (KHTML, like Gecko) Chrome/151.0.0.0 Safari/537.36"
