::1 - - [17/Aug/2026:10:31:02 +0800] "OPTIONS * HTTP/1.0" 200 110 "-" "Apache/2.4.68 (Ubuntu) OpenSSL/3.0.19 (internal dummy connection)"
2001:288:7314:0:513d:950:2924:a73c - - [17/Aug/2026:10:31:03 +0800] "-" 408 4796 "-" "-"
140.111.67.195 - - [17/Aug/2026:10:31:03 +0800] "GET /wp-admin/admin-post.php?action=steps_ad HTTP/1.1" 200 1649 "-" "node-fetch/1.0 (+https://github.com/bitinn/node-fetch)"
140.111.67.195 - - [17/Aug/2026:10:31:03 +0800] "GET /wp-admin/admin-post.php?action=steps_ad HTTP/1.1" 200 1649 "-" "node-fetch/1.0 (+https://github.com/bitinn/node-fetch)"
52.167.144.145 - - [17/Aug/2026:10:31:03 +0800] "GET /6543/2016/09/23/105%E4%BA%94-6%E5%AE%B6%E9%95%B7%E5%BF%97%E5%B7%A5%E7%AF%80%E8%83%BD%E6%B8%9B%E7%A2%B3%E6%95%99%E8%82%B2%E8%A8%93%E7%B7%B4/ HTTP/1.1" 200 16844 "-" "Mozilla/5.0 AppleWebKit/537.36 (KHTML, like Gecko; compatible; bingbot/2.0; +http://www.bing.com/bingbot.htm) Chrome/116.0.1938.76 Safari/537.36"
66.249.68.136 - - [17/Aug/2026:10:31:02 +0800] "GET /wp-login.php?action=ilc_logout&_wpnonce=43754d0aad&redirect_to=http://tatekosta.ru/creator/68147/ HTTP/1.1" 302 8250 "-" "Mozilla/5.0 (Linux; Android 6.0.1; Nexus 5X Build/MMB29P) AppleWebKit/537.36 (KHTML, like Gecko) Chrome/150.0.7871.186 Mobile Safari/537.36 (compatible; Googlebot/2.1; +http://www.google.com/bot.html)"
2001:288:a240:1:b961:82b6:4c04:193f - - [17/Aug/2026:10:31:04 +0800] "GET / HTTP/1.1" 200 28989 "-" "Mozilla/5.0 (Windows NT 10.0; Win64; x64) AppleWebKit/537.36 (KHTML, like Gecko) Chrome/151.0.0.0 Safari/537.36"
140.111.67.10 - - [17/Aug/2026:10:31:05 +0800] "GET /" 301 273 "-" "-"
140.111.67.195 - - [17/Aug/2026:10:31:04 +0800] "GET /wp-admin/admin-post.php?action=steps_ad HTTP/1.1" 200 1649 "-" "node-fetch/1.0 (+https://github.com/bitinn/node-fetch)"
2001:288:a201::66:125 - - [17/Aug/2026:10:31:05 +0800] "GET /blog/active.php HTTP/1.1" 301 1026 "-" "-"
2001:288:a201::66:125 - - [17/Aug/2026:10:31:05 +0800] "GET /blog/active.php HTTP/1.1" 404 1084 "-" "-"
::1 - - [17/Aug/2026:10:31:05 +0800] "OPTIONS * HTTP/1.0" 200 110 "-" "Apache/2.4.68 (Ubuntu) OpenSSL/3.0.19 (internal dummy connection)"
2001:288:a240:1:b961:82b6:4c04:193f - - [17/Aug/2026:10:31:05 +0800] "GET /wp-content/uploads/sites/1664/elementor/css/post-2.css HTTP/1.1" 200 2596 "https://www.gjes.ilc.edu.tw/" "Mozilla/5.0 (Windows NT 10.0; Win64; x64) AppleWebKit/537.36 (KHTML, like Gecko) Chrome/151.0.0.0 Safari/537.36"
::1 - - [17/Aug/2026:10:31:06 +0800] "OPTIONS * HTTP/1.0" 200 110 "-" "Apache/2.4.68 (Ubuntu) OpenSSL/3.0.19 (internal dummy connection)"
52.167.144.23 - - [17/Aug/2026:10:31:07 +0800] "GET /page/5/?s=1 HTTP/1.1" 200 17699 "-" "Mozilla/5.0 AppleWebKit/537.36 (KHTML, like Gecko; compatible; bingbot/2.0; +http://www.bing.com/bingbot.htm) Chrome/116.0.1938.76 Safari/537.36"
2001:b011:e602:9d14:e024:a4d9:cb35:543b - - [17/Aug/2026:10:31:07 +0800] "GET /wp-content/uploads/sites/233/1003/1003-4084355.png HTTP/1.1" 200 16082 "https://2blog.ilc.edu.tw/1003/2018/08/24/%e7%8f%ad%e7%b4%9a%e7%b6%93%e7%87%9f%e5%be%9e%e4%bb%96%e5%be%8b%e5%88%b0%e8%87%aa%e5%be%8b%e9%96%8b%e5%85%ac%e5%8f%b8%e5%9b%89%ef%bc%81/" "Mozilla/5.0 (Windows NT 10.0; Win64; x64) AppleWebKit/537.36 (KHTML, like Gecko) Chrome/151.0.0.0 Safari/537.36"
140.111.67.195 - - [17/Aug/2026:10:31:07 +0800] "GET /wp-admin/admin-post.php?action=steps_ad HTTP/1.1" 200 1649 "-" "node-fetch/1.0 (+https://github.com/bitinn/node-fetch)"
140.111.67.195 - - [17/Aug/2026:10:31:07 +0800] "GET /wp-admin/admin-post.php?action=steps_ad HTTP/1.1" 200 1649 "-" "node-fetch/1.0 (+https://github.com/bitinn/node-fetch)"
::1 - - [17/Aug/2026:10:31:07 +0800] "OPTIONS * HTTP/1.0" 200 110 "-" "Apache/2.4.68 (Ubuntu) OpenSSL/3.0.19 (internal dummy connection)"
66.249.71.163 - - [17/Aug/2026:10:31:05 +0800] "GET /wp-login.php?action=ilc_logout&_wpnonce=43754d0aad&redirect_to=http://hldosaaf.ru/job/42697/ HTTP/1.1" 302 8245 "-" "Mozilla/5.0 (Linux; Android 6.0.1; Nexus 5X Build/MMB29P) AppleWebKit/537.36 (KHTML, like Gecko) Chrome/150.0.7871.186 Mobile Safari/537.36 (compatible; GoogleOther)"
::1 - - [17/Aug/2026:10:31:08 +0800] "OPTIONS * HTTP/1.0" 200 110 "-" "Apache/2.4.68 (Ubuntu) OpenSSL/3.0.19 (internal dummy connection)"
2001:288:a240:1:b961:82b6:4c04:193f - - [17/Aug/2026:10:31:09 +0800] "POST /wp-json/wp-statistics/v2/hit HTTP/1.1" 200 6014 "https://www.gjes.ilc.edu.tw/" "Mozilla/5.0 (Windows NT 10.0; Win64; x64) AppleWebKit/537.36 (KHTML, like Gecko) Chrome/151.0.0.0 Safari/537.36"
2001:b011:e602:9d14:e024:a4d9:cb35:543b - - [17/Aug/2026:10:31:09 +0800] "GET /wp-content/uploads/sites/233/1003/1003-4084356.png HTTP/1.1" 200 31772 "https://2blog.ilc.edu.tw/1003/2018/08/24/%e7%8f%ad%e7%b4%9a%e7%b6%93%e7%87%9f%e5%be%9e%e4%bb%96%e5%be%8b%e5%88%b0%e8%87%aa%e5%be%8b%e9%96%8b%e5%85%ac%e5%8f%b8%e5%9b%89%ef%bc%81/" "Mozilla/5.0 (Windows NT 10.0; Win64; x64) AppleWebKit/537.36 (KHTML, like Gecko) Chrome/151.0.0.0 Safari/537.36"
140.111.67.10 - - [17/Aug/2026:10:31:10 +0800] "GET /" 301 273 "-" "-"
2001:288:a201::66:125 - - [17/Aug/2026:10:31:10 +0800] "GET /blog/active.php HTTP/1.1" 301 1026 "-" "-"
2001:288:a201::66:125 - - [17/Aug/2026:10:31:10 +0800] "GET /blog/active.php HTTP/1.1" 404 1084 "-" "-"
::1 - - [17/Aug/2026:10:31:10 +0800] "OPTIONS * HTTP/1.0" 200 110 "-" "Apache/2.4.68 (Ubuntu) OpenSSL/3.0.19 (internal dummy connection)"
2001:4860:7:b10::f8 - - [17/Aug/2026:10:31:11 +0800] "GET / HTTP/1.1" 200 22799 "https://www.google.com/" "Mozilla/5.0 (Windows NT 10.0; Win64; x64) AppleWebKit/537.36 (KHTML, like Gecko) Chrome/150.0.0.0 Safari/537.36"
2001:288:a26a:1:6923:8bf3:4374:c578 - - [17/Aug/2026:10:31:11 +0800] "POST /hsics/wp-admin/admin-ajax.php HTTP/1.1" 200 1459 "https://2blog.ilc.edu.tw/hsics/wp-admin/edit.php" "Mozilla/5.0 (Windows NT 10.0; Win64; x64) AppleWebKit/537.36 (KHTML, like Gecko) Chrome/151.0.0.0 Safari/537.36"
::1 - - [17/Aug/2026:10:31:12 +0800] "OPTIONS * HTTP/1.0" 200 110 "-" "Apache/2.4.68 (Ubuntu) OpenSSL/3.0.19 (internal dummy connection)"
52.167.144.145 - - [17/Aug/2026:10:31:14 +0800] "GET /1003/?s=%E0%B8%A3%E0%B8%B9%E0%B8%9B%E0%B8%AA%E0%B8%B1%E0%B8%9B%E0%B8%94%E0%B8%B2%E0%B8%AB%E0%B9%8C%E0%B8%A7%E0%B8%B1%E0%B8%99%E0%B8%A7%E0%B8%B4%E0%B8%97%E0%B8%A2%E0%B8%B2%E0%B8%A8%E0%B8%B2%E0%B8%AA%E0%B8%95%E0%B8%A3%E0%B9%8C+%E0%B8%9B%E0%B8%B5+69 HTTP/1.1" 200 13863 "-" "Mozilla/5.0 AppleWebKit/537.36 (KHTML, like Gecko; compatible; bingbot/2.0; +http://www.bing.com/bingbot.htm) Chrome/116.0.1938.76 Safari/537.36"
::1 - - [17/Aug/2026:10:31:14 +0800] "OPTIONS * HTTP/1.0" 200 110 "-" "Apache/2.4.68 (Ubuntu) OpenSSL/3.0.19 (internal dummy connection)"
140.111.67.10 - - [17/Aug/2026:10:31:15 +0800] "GET /" 301 273 "-" "-"
2001:288:a201::66:125 - - [17/Aug/2026:10:31:15 +0800] "GET /blog/active.php HTTP/1.1" 301 1026 "-" "-"
2001:288:a201::66:125 - - [17/Aug/2026:10:31:15 +0800] "GET /blog/active.php HTTP/1.1" 404 1084 "-" "-"
2001:4860:7:b10::f - - [17/Aug/2026:10:31:15 +0800] "GET /?page_id=66 HTTP/1.1" 200 20992 "https://www.google.com/" "Mozilla/5.0 (Windows NT 10.0; Win64; x64) AppleWebKit/537.36 (KHTML, like Gecko) Chrome/151.0.0.0 Safari/537.36"
2001:4860:7:b10::fe - - [17/Aug/2026:10:31:18 +0800] "GET / HTTP/1.1" 200 22799 "https://www.google.com/" "Mozilla/5.0 (Windows NT 10.0; Win64; x64) AppleWebKit/537.36 (KHTML, like Gecko) Chrome/150.0.0.0 Safari/537.36"
140.111.67.195 - - [17/Aug/2026:10:31:19 +0800] "GET /wp-admin/admin-post.php?action=steps_ad HTTP/1.1" 200 1973 "-" "node-fetch/1.0 (+https://github.com/bitinn/node-fetch)"
140.111.67.10 - - [17/Aug/2026:10:31:20 +0800] "GET /" 301 273 "-" "-"
140.111.67.195 - - [17/Aug/2026:10:31:20 +0800] "GET /wp-admin/admin-post.php?action=steps_ad HTTP/1.1" 200 1649 "-" "node-fetch/1.0 (+https://github.com/bitinn/node-fetch)"
2001:288:a201::66:125 - - [17/Aug/2026:10:31:20 +0800] "GET /blog/active.php HTTP/1.1" 301 1026 "-" "-"
2001:288:a201::66:125 - - [17/Aug/2026:10:31:20 +0800] "GET /blog/active.php HTTP/1.1" 404 1084 "-" "-"
52.167.144.172 - - [17/Aug/2026:10:31:21 +0800] "GET /?s=%E7%A4%81%E6%BA%AA%E9%95%B7%E6%A6%AE HTTP/1.1" 200 20465 "-" "Mozilla/5.0 AppleWebKit/537.36 (KHTML, like Gecko; compatible; bingbot/2.0; +http://www.bing.com/bingbot.htm) Chrome/116.0.1938.76 Safari/537.36"
2001:288:a218:1:a896:c9a5:8e9:d509 - - [17/Aug/2026:10:31:23 +0800] "-" 408 4801 "-" "-"
140.111.67.10 - - [17/Aug/2026:10:31:25 +0800] "GET /" 301 273 "-" "-"
140.111.67.195 - - [17/Aug/2026:10:31:25 +0800] "GET /wp-admin/admin-post.php?action=steps_ad HTTP/1.1" 200 1973 "-" "node-fetch/1.0 (+https://github.com/bitinn/node-fetch)"
2001:288:a201::66:125 - - [17/Aug/2026:10:31:25 +0800] "GET /blog/active.php HTTP/1.1" 301 1026 "-" "-"
2001:288:a201::66:125 - - [17/Aug/2026:10:31:25 +0800] "GET /blog/active.php HTTP/1.1" 404 1084 "-" "-"
2001:288:a26a:1:6923:8bf3:4374:c578 - - [17/Aug/2026:10:31:26 +0800] "POST /hsics/wp-admin/admin-ajax.php HTTP/1.1" 200 1459 "https://2blog.ilc.edu.tw/hsics/wp-admin/edit.php" "Mozilla/5.0 (Windows NT 10.0; Win64; x64) AppleWebKit/537.36 (KHTML, like Gecko) Chrome/151.0.0.0 Safari/537.36"
2001:b400:e75f:5cef:34a1:8de8:c5d5:1c9e - - [17/Aug/2026:10:31:26 +0800] "-" 408 339 "-" "-"
2001:288:a240:1:b961:82b6:4c04:193f - - [17/Aug/2026:10:31:26 +0800] "GET /wp-content/uploads/sites/3846/2023/07/%E6%95%99%E8%82%B2%E8%99%95%E5%85%AB%E5%A4%A7%E6%96%B9%E9%87%9D.png HTTP/1.1" 200 200327 "https://it.ilc.edu.tw/" "Mozilla/5.0 (Windows NT 10.0; Win64; x64) AppleWebKit/537.36 (KHTML, like Gecko) Chrome/151.0.0.0 Safari/537.36"
140.111.67.195 - - [17/Aug/2026:10:31:27 +0800] "GET /wp-admin/admin-post.php?action=steps_ad HTTP/1.1" 200 1649 "-" "node-fetch/1.0 (+https://github.com/bitinn/node-fetch)"
2001:288:a240:1:b961:82b6:4c04:193f - - [17/Aug/2026:10:31:27 +0800] "GET /wp-content/uploads/sites/3846/2026/02/%E9%81%BF%E5%85%8D%E8%AA%A4%E5%85%A5%E8%A9%90%E9%A8%99%E7%B6%B2%E7%AB%99APP%E5%B0%8F%E5%B8%B8%E8%AD%98.jpg HTTP/1.1" 200 454833 "https://it.ilc.edu.tw/" "Mozilla/5.0 (Windows NT 10.0; Win64; x64) AppleWebKit/537.36 (KHTML, like Gecko) Chrome/151.0.0.0 Safari/537.36"
2001:288:a240:1:b961:82b6:4c04:193f - - [17/Aug/2026:10:31:27 +0800] "GET /wp-content/uploads/sites/3846/2026/08/%E8%BE%B2%E6%A5%AD%E9%83%A8%E5%BB%A3%E5%91%8A.jpg HTTP/1.1" 200 240914 "https://it.ilc.edu.tw/" "Mozilla/5.0 (Windows NT 10.0; Win64; x64) AppleWebKit/537.36 (KHTML, like Gecko) Chrome/151.0.0.0 Safari/537.36"
2001:288:a240:1:b961:82b6:4c04:193f - - [17/Aug/2026:10:31:27 +0800] "GET /wp-content/uploads/sites/3846/2026/06/2026%E5%AE%9C%E8%98%AD%E7%98%8B%E5%AD%B8%E7%BF%92-%E6%9A%91%E5%81%87_%E6%95%99%E8%82%B2%E8%99%95%E9%A6%96%E9%A0%81-1440-x-1080-%E5%83%8F%E7%B4%A0.png HTTP/1.1" 200 2050723 "https://it.ilc.edu.tw/" "Mozilla/5.0 (Windows NT 10.0; Win64; x64) AppleWebKit/537.36 (KHTML, like Gecko) Chrome/151.0.0.0 Safari/537.36"
2001:288:a240:1:b961:82b6:4c04:193f - - [17/Aug/2026:10:31:27 +0800] "GET /wp-content/uploads/sites/3846/2026/06/%E5%AE%A3%E5%82%B3%E5%9C%96%E7%89%87.png HTTP/1.1" 200 1053112 "https://it.ilc.edu.tw/" "Mozilla/5.0 (Windows NT 10.0; Win64; x64) AppleWebKit/537.36 (KHTML, like Gecko) Chrome/151.0.0.0 Safari/537.36"
2001:288:a241:1:dda2:d338:494f:585b - - [17/Aug/2026:10:31:29 +0800] "-" 408 4791 "-" "-"
2001:4860:7:510::f5 - - [17/Aug/2026:10:31:29 +0800] "GET / HTTP/1.1" 200 21105 "https://www.google.com/" "Mozilla/5.0 (Windows NT 10.0; Win64; x64) AppleWebKit/537.36 (KHTML, like Gecko) Chrome/151.0.0.0 Safari/537.36"
140.111.67.10 - - [17/Aug/2026:10:31:30 +0800] "GET /" 301 273 "-" "-"
2001:288:a201::66:125 - - [17/Aug/2026:10:31:30 +0800] "GET /blog/active.php HTTP/1.1" 301 1026 "-" "-"
2001:288:a201::66:125 - - [17/Aug/2026:10:31:30 +0800] "GET /blog/active.php HTTP/1.1" 404 1084 "-" "-"
140.111.67.10 - - [17/Aug/2026:10:31:35 +0800] "GET /" 301 273 "-" "-"
52.167.144.163 - - [17/Aug/2026:10:31:34 +0800] "GET /32745/2021/12/30/%E7%84%A1%E6%83%85%E9%A2%A8%E6%9C%89%E6%83%85%E9%9B%A8/ HTTP/1.1" 200 92101 "-" "Mozilla/5.0 AppleWebKit/537.36 (KHTML, like Gecko; compatible; bingbot/2.0; +http://www.bing.com/bingbot.htm) Chrome/116.0.1938.76 Safari/537.36"
140.111.67.195 - - [17/Aug/2026:10:31:35 +0800] "GET /wp-admin/admin-post.php?action=steps_ad HTTP/1.1" 200 1973 "-" "node-fetch/1.0 (+https://github.com/bitinn/node-fetch)"
2001:288:a201::66:125 - - [17/Aug/2026:10:31:35 +0800] "GET /blog/active.php HTTP/1.1" 301 1026 "-" "-"
2001:288:a201::66:125 - - [17/Aug/2026:10:31:35 +0800] "GET /blog/active.php HTTP/1.1" 404 1084 "-" "-"
52.167.144.163 - - [17/Aug/2026:10:31:36 +0800] "POST /868/wp-json/ilc-summary/v1/popular-posts HTTP/1.1" 201 1215 "https://2blog.ilc.edu.tw/868/18951/" "Mozilla/5.0 AppleWebKit/537.36 (KHTML, like Gecko; compatible; bingbot/2.0; +http://www.bing.com/bingbot.htm) Chrome/136.0.0.0 Safari/537.36 AppleWebKit/537.36 (KHTML, like Gecko; compatible; bingbot/2.0; +http://www.bing.com/bingbot.htm) Chrome/116.0.1938.76 Safari/537.36"
2001:288:a210:1:f509:2c42:6211:2d76 - - [17/Aug/2026:10:31:36 +0800] "-" 408 4791 "-" "-"
2001:288:a210:1:f509:2c42:6211:2d76 - - [17/Aug/2026:10:31:36 +0800] "-" 408 4791 "-" "-"
::1 - - [17/Aug/2026:10:31:37 +0800] "OPTIONS * HTTP/1.0" 200 110 "-" "Apache/2.4.68 (Ubuntu) OpenSSL/3.0.19 (internal dummy connection)"
2407:4b00:4c0d:81ea:207a:301b:b49e:d7c7 - - [17/Aug/2026:10:31:38 +0800] "GET /wp-content/uploads/sites/1393/elementor/css/post-189.css HTTP/1.1" 304 5594 "https://www.cges.ilc.edu.tw/" "Mozilla/5.0 (Linux; Android 10; K) AppleWebKit/537.36 (KHTML, like Gecko) Chrome/151.0.0.0 Mobile Safari/537.36"
2407:4b00:4c0d:81ea:207a:301b:b49e:d7c7 - - [17/Aug/2026:10:31:38 +0800] "GET /wp-content/uploads/sites/1393/2019/11/2026-06-15-16-37-19.jpg HTTP/1.1" 200 752073 "https://www.cges.ilc.edu.tw/wp-content/uploads/sites/1393/elementor/css/post-189.css" "Mozilla/5.0 (Linux; Android 10; K) AppleWebKit/537.36 (KHTML, like Gecko) Chrome/151.0.0.0 Mobile Safari/537.36"
2001:4860:7:410::f6 - - [17/Aug/2026:10:31:39 +0800] "GET /11524/ HTTP/1.1" 200 22534 "https://www.google.com/" "Mozilla/5.0 (Windows NT 10.0; Win64; x64) AppleWebKit/537.36 (KHTML, like Gecko) Chrome/151.0.0.0 Safari/537.36"
2407:4b00:4c0d:81ea:207a:301b:b49e:d7c7 - - [17/Aug/2026:10:31:38 +0800] "GET /wp-content/uploads/sites/1393/2019/11/%E6%96%B0%E8%81%9E_115%E6%8B%9B%E7%94%9F%E5%AE%A3%E5%82%B3%E5%9C%96_OK-scaled.jpg HTTP/1.1" 200 699100 "https://www.cges.ilc.edu.tw/wp-content/uploads/sites/1393/elementor/css/post-189.css" "Mozilla/5.0 (Linux; Android 10; K) AppleWebKit/537.36 (KHTML, like Gecko) Chrome/151.0.0.0 Mobile Safari/537.36"
2407:4b00:4c0d:81ea:207a:301b:b49e:d7c7 - - [17/Aug/2026:10:31:38 +0800] "GET /wp-content/uploads/sites/1393/2019/11/2026-06-15-16-53-16.jpg HTTP/1.1" 200 814627 "https://www.cges.ilc.edu.tw/wp-content/uploads/sites/1393/elementor/css/post-189.css" "Mozilla/5.0 (Linux; Android 10; K) AppleWebKit/537.36 (KHTML, like Gecko) Chrome/151.0.0.0 Mobile Safari/537.36"
2407:4b00:4c0d:81ea:207a:301b:b49e:d7c7 - - [17/Aug/2026:10:31:38 +0800] "GET /wp-content/uploads/sites/1393/2019/11/1141205-%E6%88%90%E5%8A%9F%E6%9D%B1%E5%85%89%E7%95%A2%E6%A5%AD%E7%BE%8E%E5%B1%95-%E6%96%B0%E8%81%9E%E7%A8%BF%E5%AE%A3%E5%82%B3%E7%94%A8-scaled.jpg HTTP/1.1" 200 702314 "https://www.cges.ilc.edu.tw/wp-content/uploads/sites/1393/elementor/css/post-189.css" "Mozilla/5.0 (Linux; Android 10; K) AppleWebKit/537.36 (KHTML, like Gecko) Chrome/151.0.0.0 Mobile Safari/537.36"
2407:4b00:4c0d:81ea:207a:301b:b49e:d7c7 - - [17/Aug/2026:10:31:38 +0800] "GET /wp-content/uploads/sites/1393/2019/11/2026-04-28-08-53-38.jpg HTTP/1.1" 200 851866 "https://www.cges.ilc.edu.tw/wp-content/uploads/sites/1393/elementor/css/post-189.css" "Mozilla/5.0 (Linux; Android 10; K) AppleWebKit/537.36 (KHTML, like Gecko) Chrome/151.0.0.0 Mobile Safari/537.36"
2407:4b00:4c0d:81ea:207a:301b:b49e:d7c7 - - [17/Aug/2026:10:31:39 +0800] "GET /wp-content/uploads/sites/1393/2019/11/376420000A_1120168031_ATTACH2-1.png HTTP/1.1" 200 1176126 "https://www.cges.ilc.edu.tw/wp-content/uploads/sites/1393/elementor/css/post-189.css" "Mozilla/5.0 (Linux; Android 10; K) AppleWebKit/537.36 (KHTML, like Gecko) Chrome/151.0.0.0 Mobile Safari/537.36"
2407:4b00:4c0d:81ea:207a:301b:b49e:d7c7 - - [17/Aug/2026:10:31:38 +0800] "GET /wp-content/uploads/sites/1393/2019/11/IMG_6003-scaled.jpg HTTP/1.1" 200 1179912 "https://www.cges.ilc.edu.tw/wp-content/uploads/sites/1393/elementor/css/post-189.css" "Mozilla/5.0 (Linux; Android 10; K) AppleWebKit/537.36 (KHTML, like Gecko) Chrome/151.0.0.0 Mobile Safari/537.36"
140.111.67.10 - - [17/Aug/2026:10:31:40 +0800] "GET /" 301 273 "-" "-"
2001:288:a201::66:125 - - [17/Aug/2026:10:31:40 +0800] "GET /blog/active.php HTTP/1.1" 301 1026 "-" "-"
2001:288:a201::66:125 - - [17/Aug/2026:10:31:40 +0800] "GET /blog/active.php HTTP/1.1" 404 1084 "-" "-"
2001:b011:e602:9d14:e024:a4d9:cb35:543b - - [17/Aug/2026:10:31:40 +0800] "GET /1003/%e6%88%91%e6%98%af%e5%b0%8f%e5%a3%81%e8%99%8e%e8%80%81%e5%b8%ab/ HTTP/1.1" 200 9716 "https://2blog.ilc.edu.tw/1003/2018/08/24/%e7%8f%ad%e7%b4%9a%e7%b6%93%e7%87%9f%e5%be%9e%e4%bb%96%e5%be%8b%e5%88%b0%e8%87%aa%e5%be%8b%e9%96%8b%e5%85%ac%e5%8f%b8%e5%9b%89%ef%bc%81/" "Mozilla/5.0 (Windows NT 10.0; Win64; x64) AppleWebKit/537.36 (KHTML, like Gecko) Chrome/151.0.0.0 Safari/537.36"
2001:288:a26a:1:6923:8bf3:4374:c578 - - [17/Aug/2026:10:31:41 +0800] "POST /hsics/wp-admin/admin-ajax.php HTTP/1.1" 200 1459 "https://2blog.ilc.edu.tw/hsics/wp-admin/edit.php" "Mozilla/5.0 (Windows NT 10.0; Win64; x64) AppleWebKit/537.36 (KHTML, like Gecko) Chrome/151.0.0.0 Safari/537.36"
140.111.67.195 - - [17/Aug/2026:10:31:41 +0800] "GET /wp-admin/admin-post.php?action=steps_ad HTTP/1.1" 200 1973 "-" "node-fetch/1.0 (+https://github.com/bitinn/node-fetch)"
2001:288:a27a:1:6ddc:2a4b:ac26:cde2 - - [17/Aug/2026:10:31:42 +0800] "POST /namt/wp-admin/admin-ajax.php HTTP/1.1" 200 1459 "https://2blog.ilc.edu.tw/namt/wp-admin/user-new.php?user_id=1731" "Mozilla/5.0 (Windows NT 10.0; Win64; x64) AppleWebKit/537.36 (KHTML, like Gecko) Chrome/151.0.0.0 Safari/537.36"
140.111.67.10 - - [17/Aug/2026:10:31:45 +0800] "GET /" 301 273 "-" "-"
2001:288:a201::66:125 - - [17/Aug/2026:10:31:45 +0800] "GET /blog/active.php HTTP/1.1" 404 1084 "-" "-"
2001:288:a201::66:125 - - [17/Aug/2026:10:31:45 +0800] "GET /blog/active.php HTTP/1.1" 301 1026 "-" "-"
::1 - - [17/Aug/2026:10:31:45 +0800] "OPTIONS * HTTP/1.0" 200 110 "-" "Apache/2.4.68 (Ubuntu) OpenSSL/3.0.19 (internal dummy connection)"
::1 - - [17/Aug/2026:10:31:47 +0800] "OPTIONS * HTTP/1.0" 200 110 "-" "Apache/2.4.68 (Ubuntu) OpenSSL/3.0.19 (internal dummy connection)"
::1 - - [17/Aug/2026:10:31:49 +0800] "OPTIONS * HTTP/1.0" 200 110 "-" "Apache/2.4.68 (Ubuntu) OpenSSL/3.0.19 (internal dummy connection)"
140.111.67.10 - - [17/Aug/2026:10:31:50 +0800] "GET /" 301 273 "-" "-"
140.111.67.195 - - [17/Aug/2026:10:31:50 +0800] "GET /wp-admin/admin-post.php?action=steps_ad HTTP/1.1" 200 1973 "-" "node-fetch/1.0 (+https://github.com/bitinn/node-fetch)"
2001:288:a201::66:125 - - [17/Aug/2026:10:31:50 +0800] "GET /blog/active.php HTTP/1.1" 301 1026 "-" "-"
2001:288:a201::66:125 - - [17/Aug/2026:10:31:50 +0800] "GET /blog/active.php HTTP/1.1" 404 1084 "-" "-"
2001:b011:e602:9d14:e024:a4d9:cb35:543b - - [17/Aug/2026:10:31:51 +0800] "GET /1003/tag/%e4%b8%89%e5%b9%b4%e7%b4%9a/ HTTP/1.1" 200 14953 "https://2blog.ilc.edu.tw/1003/%e6%88%91%e6%98%af%e5%b0%8f%e5%a3%81%e8%99%8e%e8%80%81%e5%b8%ab/" "Mozilla/5.0 (Windows NT 10.0; Win64; x64) AppleWebKit/537.36 (KHTML, like Gecko) Chrome/151.0.0.0 Safari/537.36"
2001:288:a22f:1:640b:8765:bf0:1eba - - [17/Aug/2026:10:31:51 +0800] "-" 408 4802 "-" "-"
2001:b011:e602:9d14:e024:a4d9:cb35:543b - - [17/Aug/2026:10:31:51 +0800] "GET /1003/wp-content/uploads/sites/233/2021/12/IMG_7535-600x600.jpg HTTP/1.1" 200 80574 "https://2blog.ilc.edu.tw/1003/tag/%e4%b8%89%e5%b9%b4%e7%b4%9a/" "Mozilla/5.0 (Windows NT 10.0; Win64; x64) AppleWebKit/537.36 (KHTML, like Gecko) Chrome/151.0.0.0 Safari/537.36"
2001:b011:e602:9d14:e024:a4d9:cb35:543b - - [17/Aug/2026:10:31:51 +0800] "GET /1003/wp-content/uploads/sites/233/2023/09/sp230926_144457-600x600.png HTTP/1.1" 200 608124 "https://2blog.ilc.edu.tw/1003/tag/%e4%b8%89%e5%b9%b4%e7%b4%9a/" "Mozilla/5.0 (Windows NT 10.0; Win64; x64) AppleWebKit/537.36 (KHTML, like Gecko) Chrome/151.0.0.0 Safari/537.36"
2001:b011:e602:9d14:e024:a4d9:cb35:543b - - [17/Aug/2026:10:31:51 +0800] "GET /1003/wp-content/uploads/sites/233/2019/11/sp191118_163030.jpg HTTP/1.1" 200 126315 "https://2blog.ilc.edu.tw/1003/tag/%e4%b8%89%e5%b9%b4%e7%b4%9a/" "Mozilla/5.0 (Windows NT 10.0; Win64; x64) AppleWebKit/537.36 (KHTML, like Gecko) Chrome/151.0.0.0 Safari/537.36"
2001:b011:e602:9d14:e024:a4d9:cb35:543b - - [17/Aug/2026:10:31:51 +0800] "GET /1003/wp-content/uploads/sites/233/2020/04/IMG20200423110850.jpg HTTP/1.1" 200 878290 "https://2blog.ilc.edu.tw/1003/tag/%e4%b8%89%e5%b9%b4%e7%b4%9a/" "Mozilla/5.0 (Windows NT 10.0; Win64; x64) AppleWebKit/537.36 (KHTML, like Gecko) Chrome/151.0.0.0 Safari/537.36"
140.111.67.195 - - [17/Aug/2026:10:31:52 +0800] "GET /wp-admin/admin-post.php?action=steps_ad HTTP/1.1" 200 1649 "-" "node-fetch/1.0 (+https://github.com/bitinn/node-fetch)"
2001:288:a25e:1:48b1:4717:fb79:c1df - - [17/Aug/2026:10:31:53 +0800] "-" 408 4791 "-" "-"
140.111.67.195 - - [17/Aug/2026:10:31:53 +0800] "GET /wp-admin/admin-post.php?action=steps_ad HTTP/1.1" 200 1649 "-" "node-fetch/1.0 (+https://github.com/bitinn/node-fetch)"
140.111.67.10 - - [17/Aug/2026:10:31:55 +0800] "GET /" 301 273 "-" "-"
140.111.67.195 - - [17/Aug/2026:10:31:54 +0800] "GET /wp-admin/admin-post.php?action=steps_ad HTTP/1.1" 200 1649 "-" "node-fetch/1.0 (+https://github.com/bitinn/node-fetch)"
140.111.67.195 - - [17/Aug/2026:10:31:54 +0800] "GET /wp-admin/admin-post.php?action=steps_ad HTTP/1.1" 200 1973 "-" "node-fetch/1.0 (+https://github.com/bitinn/node-fetch)"
140.111.67.195 - - [17/Aug/2026:10:31:55 +0800] "GET /wp-admin/admin-post.php?action=steps_ad HTTP/1.1" 200 1973 "-" "node-fetch/1.0 (+https://github.com/bitinn/node-fetch)"
2001:288:a201::66:125 - - [17/Aug/2026:10:31:55 +0800] "GET /blog/active.php HTTP/1.1" 404 1084 "-" "-"
2001:288:a201::66:125 - - [17/Aug/2026:10:31:55 +0800] "GET /blog/active.php HTTP/1.1" 301 1026 "-" "-"
140.111.67.195 - - [17/Aug/2026:10:31:55 +0800] "GET /wp-admin/admin-post.php?action=steps_ad HTTP/1.1" 200 1649 "-" "node-fetch/1.0 (+https://github.com/bitinn/node-fetch)"
2001:b011:7801:f4b3:c895:ddd8:52e5:1451 - - [17/Aug/2026:10:31:56 +0800] "GET /wp-content/uploads/sites/3846/2026/08/%E8%BE%B2%E6%A5%AD%E9%83%A8%E5%BB%A3%E5%91%8A.jpg HTTP/1.1" 304 5581 "https://it.ilc.edu.tw/" "Mozilla/5.0 (Windows NT 10.0; Win64; x64) AppleWebKit/537.36 (KHTML, like Gecko) Chrome/151.0.0.0 Safari/537.36"
2001:4860:7:810::e4 - - [17/Aug/2026:10:31:56 +0800] "GET / HTTP/1.1" 200 36836 "https://www.google.com/" "Mozilla/5.0 (Windows NT 10.0; Win64; x64) AppleWebKit/537.36 (KHTML, like Gecko) Chrome/151.0.0.0 Safari/537.36"
2001:288:a26a:1:6923:8bf3:4374:c578 - - [17/Aug/2026:10:31:56 +0800] "POST /hsics/wp-admin/admin-ajax.php HTTP/1.1" 200 1459 "https://2blog.ilc.edu.tw/hsics/wp-admin/edit.php" "Mozilla/5.0 (Windows NT 10.0; Win64; x64) AppleWebKit/537.36 (KHTML, like Gecko) Chrome/151.0.0.0 Safari/537.36"
140.111.67.195 - - [17/Aug/2026:10:31:56 +0800] "GET /wp-admin/admin-post.php?action=steps_ad HTTP/1.1" 200 1649 "-" "node-fetch/1.0 (+https://github.com/bitinn/node-fetch)"
140.111.67.195 - - [17/Aug/2026:10:31:58 +0800] "GET /wp-admin/admin-post.php?action=steps_ad HTTP/1.1" 200 1649 "-" "node-fetch/1.0 (+https://github.com/bitinn/node-fetch)"
66.249.79.197 - - [17/Aug/2026:10:31:58 +0800] "GET /blog/rss.php?blogId=3860&categoryId=10888 HTTP/1.1" 301 1119 "-" "Mozilla/5.0 (compatible; Googlebot/2.1; +http://www.google.com/bot.html)"
140.111.67.10 - - [17/Aug/2026:10:32:00 +0800] "GET /" 301 273 "-" "-"
2001:288:a201::66:125 - - [17/Aug/2026:10:32:00 +0800] "GET /blog/active.php HTTP/1.1" 301 1026 "-" "-"
2001:288:a201::66:125 - - [17/Aug/2026:10:32:00 +0800] "GET /blog/active.php HTTP/1.1" 404 1084 "-" "-"
2001:288:a201::67:81 - - [17/Aug/2026:10:32:01 +0800] "GET / HTTP/1.1" 200 56292 "-" "curl/7.81.0"
140.111.67.86 - - [17/Aug/2026:10:32:02 +0800] "GET / HTTP/1.1" 200 56292 "-" "curl/7.81.0"
35.171.141.42 - - [17/Aug/2026:10:32:02 +0800] "GET /28/2006/05/ HTTP/1.1" 200 15562 "-" "Mozilla/5.0 AppleWebKit/537.36 (KHTML, like Gecko; compatible; Amazonbot/0.1; +https://developer.amazon.com/support/amazonbot) Chrome/119.0.6045.214 Safari/537.36"
::1 - - [17/Aug/2026:10:32:03 +0800] "OPTIONS * HTTP/1.0" 200 110 "-" "Apache/2.4.68 (Ubuntu) OpenSSL/3.0.19 (internal dummy connection)"
52.167.144.227 - - [17/Aug/2026:10:32:04 +0800] "GET /6372/2021/07/12/%E6%B5%B7%E6%B4%8B%E7%9C%9F%E9%99%B6%E5%99%A8%E6%8E%A8%E5%BB%A3%E7%A0%94%E7%BF%921%E9%AD%9A%E5%BD%A2%E8%8A%B1%E5%99%A8%E8%A3%BD%E4%BD%9C/ HTTP/1.1" 404 44591 "-" "Mozilla/5.0 AppleWebKit/537.36 (KHTML, like Gecko; compatible; bingbot/2.0; +http://www.bing.com/bingbot.htm) Chrome/116.0.1938.76 Safari/537.36"
::1 - - [17/Aug/2026:10:32:04 +0800] "OPTIONS * HTTP/1.0" 200 110 "-" "Apache/2.4.68 (Ubuntu) OpenSSL/3.0.19 (internal dummy connection)"
140.111.67.10 - - [17/Aug/2026:10:32:05 +0800] "GET /" 301 273 "-" "-"
2001:288:a201::66:125 - - [17/Aug/2026:10:32:05 +0800] "GET /blog/active.php HTTP/1.1" 404 1084 "-" "-"
2001:288:a201::66:125 - - [17/Aug/2026:10:32:05 +0800] "GET /blog/active.php HTTP/1.1" 301 1026 "-" "-"
::1 - - [17/Aug/2026:10:32:05 +0800] "OPTIONS * HTTP/1.0" 200 110 "-" "Apache/2.4.68 (Ubuntu) OpenSSL/3.0.19 (internal dummy connection)"
2001:b400:e177:20ee:ccdc:b6:9b56:992f - - [17/Aug/2026:10:32:08 +0800] "GET / HTTP/1.1" 200 29675 "https://www.google.com/" "Mozilla/5.0 (iPhone; CPU iPhone OS 26_6_0 like Mac OS X) AppleWebKit/605.1.15 (KHTML, like Gecko) CriOS/151.0.7922.112 Mobile/15E148 Safari/604.1"
2001:b400:e177:20ee:ccdc:b6:9b56:992f - - [17/Aug/2026:10:32:08 +0800] "GET /wp-content/cache/www.dses.ilc.edu.tw/wpfc-minified/33etc095/72pp.css HTTP/1.1" 200 45686 "https://www.dses.ilc.edu.tw/" "Mozilla/5.0 (iPhone; CPU iPhone OS 26_6_0 like Mac OS X) AppleWebKit/605.1.15 (KHTML, like Gecko) CriOS/151.0.7922.112 Mobile/15E148 Safari/604.1"
2001:b400:e177:20ee:ccdc:b6:9b56:992f - - [17/Aug/2026:10:32:08 +0800] "GET /wp-content/cache/www.dses.ilc.edu.tw/wpfc-minified/1e67c88w/72pp.css HTTP/1.1" 200 1157 "https://www.dses.ilc.edu.tw/" "Mozilla/5.0 (iPhone; CPU iPhone OS 26_6_0 like Mac OS X) AppleWebKit/605.1.15 (KHTML, like Gecko) CriOS/151.0.7922.112 Mobile/15E148 Safari/604.1"
2001:b400:e177:20ee:ccdc:b6:9b56:992f - - [17/Aug/2026:10:32:09 +0800] "GET /wp-content/uploads/sites/1984/elementor/css/post-921.css HTTP/1.1" 200 6225 "https://www.dses.ilc.edu.tw/" "Mozilla/5.0 (iPhone; CPU iPhone OS 26_6_0 like Mac OS X) AppleWebKit/605.1.15 (KHTML, like Gecko) CriOS/151.0.7922.112 Mobile/15E148 Safari/604.1"
2001:b400:e177:20ee:ccdc:b6:9b56:992f - - [17/Aug/2026:10:32:09 +0800] "GET /wp-content/cache/www.dses.ilc.edu.tw/wpfc-minified/mot3luef/72pp.js HTTP/1.1" 200 35557 "https://www.dses.ilc.edu.tw/" "Mozilla/5.0 (iPhone; CPU iPhone OS 26_6_0 like Mac OS X) AppleWebKit/605.1.15 (KHTML, like Gecko) CriOS/151.0.7922.112 Mobile/15E148 Safari/604.1"
2001:b400:e177:20ee:ccdc:b6:9b56:992f - - [17/Aug/2026:10:32:09 +0800] "GET /wp-content/uploads/sites/1984/elementor/css/post-398.css HTTP/1.1" 200 6126 "https://www.dses.ilc.edu.tw/" "Mozilla/5.0 (iPhone; CPU iPhone OS 26_6_0 like Mac OS X) AppleWebKit/605.1.15 (KHTML, like Gecko) CriOS/151.0.7922.112 Mobile/15E148 Safari/604.1"
2001:b400:e177:20ee:ccdc:b6:9b56:992f - - [17/Aug/2026:10:32:09 +0800] "GET /wp-content/cache/www.dses.ilc.edu.tw/wpfc-minified/8xnl42fs/77wu.css HTTP/1.1" 200 52089 "https://www.dses.ilc.edu.tw/" "Mozilla/5.0 (iPhone; CPU iPhone OS 26_6_0 like Mac OS X) AppleWebKit/605.1.15 (KHTML, like Gecko) CriOS/151.0.7922.112 Mobile/15E148 Safari/604.1"
2001:b400:e177:20ee:ccdc:b6:9b56:992f - - [17/Aug/2026:10:32:09 +0800] "GET /wp-includes/js/hoverintent-js.min.js HTTP/1.1" 200 1597 "https://www.dses.ilc.edu.tw/" "Mozilla/5.0 (iPhone; CPU iPhone OS 26_6_0 like Mac OS X) AppleWebKit/605.1.15 (KHTML, like Gecko) CriOS/151.0.7922.112 Mobile/15E148 Safari/604.1"
2001:b400:e177:20ee:ccdc:b6:9b56:992f - - [17/Aug/2026:10:32:09 +0800] "GET /wp-includes/js/imagesloaded.min.js HTTP/1.1" 200 2683 "https://www.dses.ilc.edu.tw/" "Mozilla/5.0 (iPhone; CPU iPhone OS 26_6_0 like Mac OS X) AppleWebKit/605.1.15 (KHTML, like Gecko) CriOS/151.0.7922.112 Mobile/15E148 Safari/604.1"
2001:b400:e177:20ee:ccdc:b6:9b56:992f - - [17/Aug/2026:10:32:09 +0800] "GET /wp-includes/js/admin-bar.min.js HTTP/1.1" 200 2237 "https://www.dses.ilc.edu.tw/" "Mozilla/5.0 (iPhone; CPU iPhone OS 26_6_0 like Mac OS X) AppleWebKit/605.1.15 (KHTML, like Gecko) CriOS/151.0.7922.112 Mobile/15E148 Safari/604.1"
2001:b400:e177:20ee:ccdc:b6:9b56:992f - - [17/Aug/2026:10:32:09 +0800] "GET /wp-content/cache/www.dses.ilc.edu.tw/wpfc-minified/9huotwi0/77wu.css HTTP/1.1" 200 90835 "https://www.dses.ilc.edu.tw/" "Mozilla/5.0 (iPhone; CPU iPhone OS 26_6_0 like Mac OS X) AppleWebKit/605.1.15 (KHTML, like Gecko) CriOS/151.0.7922.112 Mobile/15E148 Safari/604.1"
2001:b400:e177:20ee:ccdc:b6:9b56:992f - - [17/Aug/2026:10:32:09 +0800] "GET /wp-content/themes/oceanwp/assets/js/theme.min.js HTTP/1.1" 200 5130 "https://www.dses.ilc.edu.tw/" "Mozilla/5.0 (iPhone; CPU iPhone OS 26_6_0 like Mac OS X) AppleWebKit/605.1.15 (KHTML, like Gecko) CriOS/151.0.7922.112 Mobile/15E148 Safari/604.1"
2001:b400:e177:20ee:ccdc:b6:9b56:992f - - [17/Aug/2026:10:32:09 +0800] "GET /wp-content/themes/oceanwp/assets/js/drop-down-mobile-menu.min.js HTTP/1.1" 200 4663 "https://www.dses.ilc.edu.tw/" "Mozilla/5.0 (iPhone; CPU iPhone OS 26_6_0 like Mac OS X) AppleWebKit/605.1.15 (KHTML, like Gecko) CriOS/151.0.7922.112 Mobile/15E148 Safari/604.1"
2001:b400:e177:20ee:ccdc:b6:9b56:992f - - [17/Aug/2026:10:32:09 +0800] "GET /wp-content/themes/oceanwp/assets/js/drop-down-search.min.js HTTP/1.1" 200 2968 "https://www.dses.ilc.edu.tw/" "Mozilla/5.0 (iPhone; CPU iPhone OS 26_6_0 like Mac OS X) AppleWebKit/605.1.15 (KHTML, like Gecko) CriOS/151.0.7922.112 Mobile/15E148 Safari/604.1"
2001:b400:e177:20ee:ccdc:b6:9b56:992f - - [17/Aug/2026:10:32:09 +0800] "GET /wp-content/themes/oceanwp/assets/js/vendors/magnific-popup.min.js HTTP/1.1" 200 8270 "https://www.dses.ilc.edu.tw/" "Mozilla/5.0 (iPhone; CPU iPhone OS 26_6_0 like Mac OS X) AppleWebKit/605.1.15 (KHTML, like Gecko) CriOS/151.0.7922.112 Mobile/15E148 Safari/604.1"
2001:b400:e177:20ee:ccdc:b6:9b56:992f - - [17/Aug/2026:10:32:09 +0800] "GET /wp-content/uploads/sites/1984/2024/09/surfing11000-x-200-%E5%83%8F%E7%B4%A0.png HTTP/1.1" 200 353902 "https://www.dses.ilc.edu.tw/" "Mozilla/5.0 (iPhone; CPU iPhone OS 26_6_0 like Mac OS X) AppleWebKit/605.1.15 (KHTML, like Gecko) CriOS/151.0.7922.112 Mobile/15E148 Safari/604.1"
2001:b400:e177:20ee:ccdc:b6:9b56:992f - - [17/Aug/2026:10:32:09 +0800] "GET /wp-content/themes/oceanwp/assets/js/ow-lightbox.min.js HTTP/1.1" 200 2321 "https://www.dses.ilc.edu.tw/" "Mozilla/5.0 (iPhone; CPU iPhone OS 26_6_0 like Mac OS X) AppleWebKit/605.1.15 (KHTML, like Gecko) CriOS/151.0.7922.112 Mobile/15E148 Safari/604.1"
2001:b400:e177:20ee:ccdc:b6:9b56:992f - - [17/Aug/2026:10:32:09 +0800] "GET /wp-content/themes/oceanwp/assets/js/vendors/flickity.pkgd.min.js HTTP/1.1" 200 15048 "https://www.dses.ilc.edu.tw/" "Mozilla/5.0 (iPhone; CPU iPhone OS 26_6_0 like Mac OS X) AppleWebKit/605.1.15 (KHTML, like Gecko) CriOS/151.0.7922.112 Mobile/15E148 Safari/604.1"
2001:b400:e177:20ee:ccdc:b6:9b56:992f - - [17/Aug/2026:10:32:09 +0800] "GET /wp-content/themes/oceanwp/assets/js/ow-slider.min.js HTTP/1.1" 200 1761 "https://www.dses.ilc.edu.tw/" "Mozilla/5.0 (iPhone; CPU iPhone OS 26_6_0 like Mac OS X) AppleWebKit/605.1.15 (KHTML, like Gecko) CriOS/151.0.7922.112 Mobile/15E148 Safari/604.1"
2001:b400:e177:20ee:ccdc:b6:9b56:992f - - [17/Aug/2026:10:32:09 +0800] "GET /wp-content/themes/oceanwp/assets/js/scroll-effect.min.js HTTP/1.1" 200 4127 "https://www.dses.ilc.edu.tw/" "Mozilla/5.0 (iPhone; CPU iPhone OS 26_6_0 like Mac OS X) AppleWebKit/605.1.15 (KHTML, like Gecko) CriOS/151.0.7922.112 Mobile/15E148 Safari/604.1"
2001:b400:e177:20ee:ccdc:b6:9b56:992f - - [17/Aug/2026:10:32:09 +0800] "GET /wp-content/themes/oceanwp/assets/js/scroll-top.min.js HTTP/1.1" 200 3202 "https://www.dses.ilc.edu.tw/" "Mozilla/5.0 (iPhone; CPU iPhone OS 26_6_0 like Mac OS X) AppleWebKit/605.1.15 (KHTML, like Gecko) CriOS/151.0.7922.112 Mobile/15E148 Safari/604.1"
2001:b400:e177:20ee:ccdc:b6:9b56:992f - - [17/Aug/2026:10:32:09 +0800] "GET /wp-content/themes/oceanwp/assets/js/select.min.js HTTP/1.1" 200 2408 "https://www.dses.ilc.edu.tw/" "Mozilla/5.0 (iPhone; CPU iPhone OS 26_6_0 like Mac OS X) AppleWebKit/605.1.15 (KHTML, like Gecko) CriOS/151.0.7922.112 Mobile/15E148 Safari/604.1"
2001:b400:e177:20ee:ccdc:b6:9b56:992f - - [17/Aug/2026:10:32:09 +0800] "GET /wp-content/plugins/elementor-pro/assets/js/webpack-pro.runtime.min.js HTTP/1.1" 200 3562 "https://www.dses.ilc.edu.tw/" "Mozilla/5.0 (iPhone; CPU iPhone OS 26_6_0 like Mac OS X) AppleWebKit/605.1.15 (KHTML, like Gecko) CriOS/151.0.7922.112 Mobile/15E148 Safari/604.1"
2001:b400:e177:20ee:ccdc:b6:9b56:992f - - [17/Aug/2026:10:32:09 +0800] "GET /wp-content/plugins/elementor/assets/js/webpack.runtime.min.js HTTP/1.1" 200 3095 "https://www.dses.ilc.edu.tw/" "Mozilla/5.0 (iPhone; CPU iPhone OS 26_6_0 like Mac OS X) AppleWebKit/605.1.15 (KHTML, like Gecko) CriOS/151.0.7922.112 Mobile/15E148 Safari/604.1"
2001:b400:e177:20ee:ccdc:b6:9b56:992f - - [17/Aug/2026:10:32:09 +0800] "GET /wp-content/plugins/elementor/assets/js/frontend-modules.min.js HTTP/1.1" 200 19416 "https://www.dses.ilc.edu.tw/" "Mozilla/5.0 (iPhone; CPU iPhone OS 26_6_0 like Mac OS X) AppleWebKit/605.1.15 (KHTML, like Gecko) CriOS/151.0.7922.112 Mobile/15E148 Safari/604.1"
2001:b400:e177:20ee:ccdc:b6:9b56:992f - - [17/Aug/2026:10:32:09 +0800] "GET /wp-includes/js/dist/hooks.min.js HTTP/1.1" 200 2421 "https://www.dses.ilc.edu.tw/" "Mozilla/5.0 (iPhone; CPU iPhone OS 26_6_0 like Mac OS X) AppleWebKit/605.1.15 (KHTML, like Gecko) CriOS/151.0.7922.112 Mobile/15E148 Safari/604.1"
2001:b400:e177:20ee:ccdc:b6:9b56:992f - - [17/Aug/2026:10:32:09 +0800] "GET /wp-includes/js/dist/i18n.min.js HTTP/1.1" 200 4547 "https://www.dses.ilc.edu.tw/" "Mozilla/5.0 (iPhone; CPU iPhone OS 26_6_0 like Mac OS X) AppleWebKit/605.1.15 (KHTML, like Gecko) CriOS/151.0.7922.112 Mobile/15E148 Safari/604.1"
2001:b400:e177:20ee:ccdc:b6:9b56:992f - - [17/Aug/2026:10:32:09 +0800] "GET /wp-content/plugins/elementor-pro/assets/js/frontend.min.js HTTP/1.1" 200 7574 "https://www.dses.ilc.edu.tw/" "Mozilla/5.0 (iPhone; CPU iPhone OS 26_6_0 like Mac OS X) AppleWebKit/605.1.15 (KHTML, like Gecko) CriOS/151.0.7922.112 Mobile/15E148 Safari/604.1"
2001:b400:e177:20ee:ccdc:b6:9b56:992f - - [17/Aug/2026:10:32:09 +0800] "GET /wp-content/plugins/elementor/assets/lib/waypoints/waypoints.min.js HTTP/1.1" 200 3873 "https://www.dses.ilc.edu.tw/" "Mozilla/5.0 (iPhone; CPU iPhone OS 26_6_0 like Mac OS X) AppleWebKit/605.1.15 (KHTML, like Gecko) CriOS/151.0.7922.112 Mobile/15E148 Safari/604.1"
2001:b400:e177:20ee:ccdc:b6:9b56:992f - - [17/Aug/2026:10:32:09 +0800] "GET /wp-includes/js/jquery/ui/core.min.js HTTP/1.1" 200 7986 "https://www.dses.ilc.edu.tw/" "Mozilla/5.0 (iPhone; CPU iPhone OS 26_6_0 like Mac OS X) AppleWebKit/605.1.15 (KHTML, like Gecko) CriOS/151.0.7922.112 Mobile/15E148 Safari/604.1"
2001:b400:e177:20ee:ccdc:b6:9b56:992f - - [17/Aug/2026:10:32:09 +0800] "GET /wp-content/plugins/elementor/assets/js/frontend.min.js HTTP/1.1" 200 13169 "https://www.dses.ilc.edu.tw/" "Mozilla/5.0 (iPhone; CPU iPhone OS 26_6_0 like Mac OS X) AppleWebKit/605.1.15 (KHTML, like Gecko) CriOS/151.0.7922.112 Mobile/15E148 Safari/604.1"
2001:b400:e177:20ee:ccdc:b6:9b56:992f - - [17/Aug/2026:10:32:09 +0800] "GET /wp-content/plugins/elementor-pro/assets/js/elements-handlers.min.js HTTP/1.1" 200 10882 "https://www.dses.ilc.edu.tw/" "Mozilla/5.0 (iPhone; CPU iPhone OS 26_6_0 like Mac OS X) AppleWebKit/605.1.15 (KHTML, like Gecko) CriOS/151.0.7922.112 Mobile/15E148 Safari/604.1"
2001:b400:e177:20ee:ccdc:b6:9b56:992f - - [17/Aug/2026:10:32:09 +0800] "GET /wp-content/uploads/sites/1984/2023/10/%E5%A4%A7%E6%BA%AA%E5%A0%B1%E9%A6%AC%E4%BB%94.png HTTP/1.1" 200 10267 "https://www.dses.ilc.edu.tw/" "Mozilla/5.0 (iPhone; CPU iPhone OS 26_6_0 like Mac OS X) AppleWebKit/605.1.15 (KHTML, like Gecko) CriOS/151.0.7922.112 Mobile/15E148 Safari/604.1"
2001:b400:e177:20ee:ccdc:b6:9b56:992f - - [17/Aug/2026:10:32:09 +0800] "GET /wp-content/uploads/sites/1984/2024/08/%E8%9C%9C%E6%9C%88%E7%81%A3%E6%B5%AA%E6%B3%81%E7%9B%B4%E6%92%AD-1.jpg HTTP/1.1" 200 5540 "https://www.dses.ilc.edu.tw/" "Mozilla/5.0 (iPhone; CPU iPhone OS 26_6_0 like Mac OS X) AppleWebKit/605.1.15 (KHTML, like Gecko) CriOS/151.0.7922.112 Mobile/15E148 Safari/604.1"
2001:b400:e177:20ee:ccdc:b6:9b56:992f - - [17/Aug/2026:10:32:09 +0800] "GET /wp-content/plugins/elementor/assets/lib/eicons/fonts/eicons.woff2?5.30.0 HTTP/1.1" 200 98225 "https://www.dses.ilc.edu.tw/" "Mozilla/5.0 (iPhone; CPU iPhone OS 26_6_0 like Mac OS X) AppleWebKit/605.1.15 (KHTML, like Gecko) CriOS/151.0.7922.112 Mobile/15E148 Safari/604.1"
2001:b400:e177:20ee:ccdc:b6:9b56:992f - - [17/Aug/2026:10:32:09 +0800] "GET /wp-content/uploads/sites/1984/2023/09/%E6%9C%AA%E5%91%BD%E5%90%8D%E8%A8%AD%E8%A8%88-1.png HTTP/1.1" 200 25173 "https://www.dses.ilc.edu.tw/" "Mozilla/5.0 (iPhone; CPU iPhone OS 26_6_0 like Mac OS X) AppleWebKit/605.1.15 (KHTML, like Gecko) CriOS/151.0.7922.112 Mobile/15E148 Safari/604.1"
2001:b400:e177:20ee:ccdc:b6:9b56:992f - - [17/Aug/2026:10:32:09 +0800] "GET /wp-content/plugins/elementor/assets/js/lightbox.94b920846d1e37cafb78.bundle.min.js HTTP/1.1" 200 10857 "https://www.dses.ilc.edu.tw/" "Mozilla/5.0 (iPhone; CPU iPhone OS 26_6_0 like Mac OS X) AppleWebKit/605.1.15 (KHTML, like Gecko) CriOS/151.0.7922.112 Mobile/15E148 Safari/604.1"
2001:b400:e177:20ee:ccdc:b6:9b56:992f - - [17/Aug/2026:10:32:09 +0800] "GET /wp-content/plugins/elementor/assets/lib/share-link/share-link.min.js?ver=3.22.3 HTTP/1.1" 200 2049 "https://www.dses.ilc.edu.tw/" "Mozilla/5.0 (iPhone; CPU iPhone OS 26_6_0 like Mac OS X) AppleWebKit/605.1.15 (KHTML, like Gecko) CriOS/151.0.7922.112 Mobile/15E148 Safari/604.1"
2001:b400:e177:20ee:ccdc:b6:9b56:992f - - [17/Aug/2026:10:32:09 +0800] "GET /wp-content/plugins/elementor/assets/lib/dialog/dialog.min.js?ver=4.9.0 HTTP/1.1" 200 4368 "https://www.dses.ilc.edu.tw/" "Mozilla/5.0 (iPhone; CPU iPhone OS 26_6_0 like Mac OS X) AppleWebKit/605.1.15 (KHTML, like Gecko) CriOS/151.0.7922.112 Mobile/15E148 Safari/604.1"
2001:b400:e177:20ee:ccdc:b6:9b56:992f - - [17/Aug/2026:10:32:09 +0800] "GET /wp-content/themes/oceanwp/assets/fonts/fontawesome/webfonts/fa-solid-900.woff2 HTTP/1.1" 200 151246 "https://www.dses.ilc.edu.tw/" "Mozilla/5.0 (iPhone; CPU iPhone OS 26_6_0 like Mac OS X) AppleWebKit/605.1.15 (KHTML, like Gecko) CriOS/151.0.7922.112 Mobile/15E148 Safari/604.1"
2001:b400:e177:20ee:ccdc:b6:9b56:992f - - [17/Aug/2026:10:32:09 +0800] "GET /wp-content/plugins/elementor-pro/assets/js/media-carousel.aca2224ef13e6f999011.bundle.min.js HTTP/1.1" 200 2948 "https://www.dses.ilc.edu.tw/" "Mozilla/5.0 (iPhone; CPU iPhone OS 26_6_0 like Mac OS X) AppleWebKit/605.1.15 (KHTML, like Gecko) CriOS/151.0.7922.112 Mobile/15E148 Safari/604.1"
2001:b400:e177:20ee:ccdc:b6:9b56:992f - - [17/Aug/2026:10:32:09 +0800] "GET /wp-content/plugins/elementor-pro/assets/js/social.2d2e44e8608690943f29.bundle.min.js HTTP/1.1" 200 1433 "https://www.dses.ilc.edu.tw/" "Mozilla/5.0 (iPhone; CPU iPhone OS 26_6_0 like Mac OS X) AppleWebKit/605.1.15 (KHTML, like Gecko) CriOS/151.0.7922.112 Mobile/15E148 Safari/604.1"
2001:b400:e177:20ee:ccdc:b6:9b56:992f - - [17/Aug/2026:10:32:09 +0800] "GET /wp-content/plugins/elementor/assets/lib/swiper/v8/swiper.min.js?ver=8.4.5 HTTP/1.1" 200 40708 "https://www.dses.ilc.edu.tw/" "Mozilla/5.0 (iPhone; CPU iPhone OS 26_6_0 like Mac OS X) AppleWebKit/605.1.15 (KHTML, like Gecko) CriOS/151.0.7922.112 Mobile/15E148 Safari/604.1"
2001:b400:e177:20ee:ccdc:b6:9b56:992f - - [17/Aug/2026:10:32:09 +0800] "GET /wp-content/uploads/sites/1984/2020/09/cropped-%E6%A0%A1%E5%88%8A-180x180.png HTTP/1.1" 200 39331 "-" "Mozilla/5.0 (iPhone; CPU iPhone OS 26_6_0 like Mac OS X) AppleWebKit/605.1.15 (KHTML, like Gecko) CriOS/151.0.7922.112 Mobile/15E148 Safari/604.1"
2001:b400:e177:20ee:ccdc:b6:9b56:992f - - [17/Aug/2026:10:32:09 +0800] "GET /wp-content/uploads/sites/1984/2020/09/cropped-%E6%A0%A1%E5%88%8A-192x192.png HTTP/1.1" 200 42797 "-" "Mozilla/5.0 (iPhone; CPU iPhone OS 26_6_0 like Mac OS X) AppleWebKit/605.1.15 (KHTML, like Gecko) CriOS/151.0.7922.112 Mobile/15E148 Safari/604.1"
2001:b400:e177:20ee:ccdc:b6:9b56:992f - - [17/Aug/2026:10:32:09 +0800] "GET /wp-content/uploads/sites/1984/2023/09/2023-09-25_133306.png HTTP/1.1" 200 554095 "https://www.dses.ilc.edu.tw/" "Mozilla/5.0 (iPhone; CPU iPhone OS 26_6_0 like Mac OS X) AppleWebKit/605.1.15 (KHTML, like Gecko) CriOS/151.0.7922.112 Mobile/15E148 Safari/604.1"
2001:b400:e177:20ee:ccdc:b6:9b56:992f - - [17/Aug/2026:10:32:09 +0800] "GET /wp-content/uploads/sites/1984/2023/09/2023-09-25_114543.png HTTP/1.1" 200 532923 "https://www.dses.ilc.edu.tw/" "Mozilla/5.0 (iPhone; CPU iPhone OS 26_6_0 like Mac OS X) AppleWebKit/605.1.15 (KHTML, like Gecko) CriOS/151.0.7922.112 Mobile/15E148 Safari/604.1"
140.111.67.10 - - [17/Aug/2026:10:32:10 +0800] "GET /" 301 273 "-" "-"
2001:b400:e177:20ee:ccdc:b6:9b56:992f - - [17/Aug/2026:10:32:09 +0800] "GET /wp-content/uploads/sites/1984/2023/09/2023-09-25_145636.png HTTP/1.1" 200 595153 "https://www.dses.ilc.edu.tw/" "Mozilla/5.0 (iPhone; CPU iPhone OS 26_6_0 like Mac OS X) AppleWebKit/605.1.15 (KHTML, like Gecko) CriOS/151.0.7922.112 Mobile/15E148 Safari/604.1"
2001:b400:e177:20ee:ccdc:b6:9b56:992f - - [17/Aug/2026:10:32:10 +0800] "GET /wp-content/uploads/sites/1984/2023/09/2023-09-25_145648.png HTTP/1.1" 200 599937 "https://www.dses.ilc.edu.tw/" "Mozilla/5.0 (iPhone; CPU iPhone OS 26_6_0 like Mac OS X) AppleWebKit/605.1.15 (KHTML, like Gecko) CriOS/151.0.7922.112 Mobile/15E148 Safari/604.1"
2001:b400:e177:20ee:ccdc:b6:9b56:992f - - [17/Aug/2026:10:32:10 +0800] "GET /wp-content/uploads/sites/1984/2023/10/2023-10-02_223016.png HTTP/1.1" 200 835646 "https://www.dses.ilc.edu.tw/" "Mozilla/5.0 (iPhone; CPU iPhone OS 26_6_0 like Mac OS X) AppleWebKit/605.1.15 (KHTML, like Gecko) CriOS/151.0.7922.112 Mobile/15E148 Safari/604.1"
2001:b400:e177:20ee:ccdc:b6:9b56:992f - - [17/Aug/2026:10:32:10 +0800] "GET /wp-content/uploads/sites/1984/2023/10/2023-10-05_094249.png HTTP/1.1" 200 649700 "https://www.dses.ilc.edu.tw/" "Mozilla/5.0 (iPhone; CPU iPhone OS 26_6_0 like Mac OS X) AppleWebKit/605.1.15 (KHTML, like Gecko) CriOS/151.0.7922.112 Mobile/15E148 Safari/604.1"
2001:b400:e177:20ee:ccdc:b6:9b56:992f - - [17/Aug/2026:10:32:10 +0800] "GET /wp-content/uploads/sites/1984/2023/09/2023-09-25_150338.png HTTP/1.1" 200 586523 "https://www.dses.ilc.edu.tw/" "Mozilla/5.0 (iPhone; CPU iPhone OS 26_6_0 like Mac OS X) AppleWebKit/605.1.15 (KHTML, like Gecko) CriOS/151.0.7922.112 Mobile/15E148 Safari/604.1"
2001:b400:e177:20ee:ccdc:b6:9b56:992f - - [17/Aug/2026:10:32:10 +0800] "GET /wp-content/uploads/sites/1984/2023/10/2023-10-01_151030.png HTTP/1.1" 200 484055 "https://www.dses.ilc.edu.tw/" "Mozilla/5.0 (iPhone; CPU iPhone OS 26_6_0 like Mac OS X) AppleWebKit/605.1.15 (KHTML, like Gecko) CriOS/151.0.7922.112 Mobile/15E148 Safari/604.1"
2001:288:a201::66:125 - - [17/Aug/2026:10:32:10 +0800] "GET /blog/active.php HTTP/1.1" 301 1026 "-" "-"
2001:288:a201::66:125 - - [17/Aug/2026:10:32:10 +0800] "GET /blog/active.php HTTP/1.1" 404 1084 "-" "-"
2001:288:a26a:1:6923:8bf3:4374:c578 - - [17/Aug/2026:10:32:11 +0800] "POST /hsics/wp-admin/admin-ajax.php HTTP/1.1" 200 1459 "https://2blog.ilc.edu.tw/hsics/wp-admin/edit.php" "Mozilla/5.0 (Windows NT 10.0; Win64; x64) AppleWebKit/537.36 (KHTML, like Gecko) Chrome/151.0.0.0 Safari/537.36"
2001:b400:e177:20ee:ccdc:b6:9b56:992f - - [17/Aug/2026:10:32:10 +0800] "GET /wp-content/uploads/sites/1984/2024/02/2024-02-24_193149.png HTTP/1.1" 200 639824 "https://www.dses.ilc.edu.tw/" "Mozilla/5.0 (iPhone; CPU iPhone OS 26_6_0 like Mac OS X) AppleWebKit/605.1.15 (KHTML, like Gecko) CriOS/151.0.7922.112 Mobile/15E148 Safari/604.1"
2001:b400:e177:20ee:ccdc:b6:9b56:992f - - [17/Aug/2026:10:32:10 +0800] "GET /wp-content/uploads/sites/1984/2024/03/2024-03-17_103501.png HTTP/1.1" 200 905499 "https://www.dses.ilc.edu.tw/" "Mozilla/5.0 (iPhone; CPU iPhone OS 26_6_0 like Mac OS X) AppleWebKit/605.1.15 (KHTML, like Gecko) CriOS/151.0.7922.112 Mobile/15E148 Safari/604.1"
120.101.197.59 - - [17/Aug/2026:10:32:14 +0800] "GET / HTTP/1.1" 200 30833 "https://www.google.com/" "Mozilla/5.0 (Windows NT 10.0; Win64; x64) AppleWebKit/537.36 (KHTML, like Gecko) Chrome/151.0.0.0 Safari/537.36"
120.101.197.59 - - [17/Aug/2026:10:32:14 +0800] "GET /wp-content/cache/www.cwjh.ilc.edu.tw/wpfc-minified/2mrmz3dm/77dd.css HTTP/1.1" 200 40884 "https://www.cwjh.ilc.edu.tw/" "Mozilla/5.0 (Windows NT 10.0; Win64; x64) AppleWebKit/537.36 (KHTML, like Gecko) Chrome/151.0.0.0 Safari/537.36"
120.101.197.59 - - [17/Aug/2026:10:32:14 +0800] "GET /wp-content/cache/www.cwjh.ilc.edu.tw/wpfc-minified/7957u2ji/77dd.css HTTP/1.1" 200 20585 "https://www.cwjh.ilc.edu.tw/" "Mozilla/5.0 (Windows NT 10.0; Win64; x64) AppleWebKit/537.36 (KHTML, like Gecko) Chrome/151.0.0.0 Safari/537.36"
120.101.197.59 - - [17/Aug/2026:10:32:14 +0800] "GET /wp-content/cache/www.cwjh.ilc.edu.tw/wpfc-minified/8wopko65/77dd.css HTTP/1.1" 200 1157 "https://www.cwjh.ilc.edu.tw/" "Mozilla/5.0 (Windows NT 10.0; Win64; x64) AppleWebKit/537.36 (KHTML, like Gecko) Chrome/151.0.0.0 Safari/537.36"
120.101.197.59 - - [17/Aug/2026:10:32:14 +0800] "GET /wp-content/cache/www.cwjh.ilc.edu.tw/wpfc-minified/f11u7byj/77dd.js HTTP/1.1" 200 35559 "https://www.cwjh.ilc.edu.tw/" "Mozilla/5.0 (Windows NT 10.0; Win64; x64) AppleWebKit/537.36 (KHTML, like Gecko) Chrome/151.0.0.0 Safari/537.36"
120.101.197.59 - - [17/Aug/2026:10:32:14 +0800] "GET /wp-content/cache/www.cwjh.ilc.edu.tw/wpfc-minified/dhutxct0/77dd.css HTTP/1.1" 200 66148 "https://www.cwjh.ilc.edu.tw/" "Mozilla/5.0 (Windows NT 10.0; Win64; x64) AppleWebKit/537.36 (KHTML, like Gecko) Chrome/151.0.0.0 Safari/537.36"
120.101.197.59 - - [17/Aug/2026:10:32:14 +0800] "GET /wp-content/uploads/sites/1364/2025/11/376420000A_1140189696_ATTACH1-300x95.png HTTP/1.1" 200 24722 "https://www.cwjh.ilc.edu.tw/" "Mozilla/5.0 (Windows NT 10.0; Win64; x64) AppleWebKit/537.36 (KHTML, like Gecko) Chrome/151.0.0.0 Safari/537.36"
120.101.197.59 - - [17/Aug/2026:10:32:14 +0800] "GET /wp-includes/js/hoverintent-js.min.js HTTP/1.1" 200 1597 "https://www.cwjh.ilc.edu.tw/" "Mozilla/5.0 (Windows NT 10.0; Win64; x64) AppleWebKit/537.36 (KHTML, like Gecko) Chrome/151.0.0.0 Safari/537.36"
120.101.197.59 - - [17/Aug/2026:10:32:14 +0800] "GET /wp-includes/js/admin-bar.min.js HTTP/1.1" 200 2237 "https://www.cwjh.ilc.edu.tw/" "Mozilla/5.0 (Windows NT 10.0; Win64; x64) AppleWebKit/537.36 (KHTML, like Gecko) Chrome/151.0.0.0 Safari/537.36"
120.101.197.59 - - [17/Aug/2026:10:32:14 +0800] "GET /wp-includes/js/imagesloaded.min.js HTTP/1.1" 200 2683 "https://www.cwjh.ilc.edu.tw/" "Mozilla/5.0 (Windows NT 10.0; Win64; x64) AppleWebKit/537.36 (KHTML, like Gecko) Chrome/151.0.0.0 Safari/537.36"
120.101.197.59 - - [17/Aug/2026:10:32:14 +0800] "GET /wp-content/themes/oceanwp/assets/js/drop-down-mobile-menu.min.js HTTP/1.1" 200 4663 "https://www.cwjh.ilc.edu.tw/" "Mozilla/5.0 (Windows NT 10.0; Win64; x64) AppleWebKit/537.36 (KHTML, like Gecko) Chrome/151.0.0.0 Safari/537.36"
120.101.197.59 - - [17/Aug/2026:10:32:14 +0800] "GET /wp-content/themes/oceanwp/assets/js/theme.min.js HTTP/1.1" 200 5130 "https://www.cwjh.ilc.edu.tw/" "Mozilla/5.0 (Windows NT 10.0; Win64; x64) AppleWebKit/537.36 (KHTML, like Gecko) Chrome/151.0.0.0 Safari/537.36"
120.101.197.59 - - [17/Aug/2026:10:32:14 +0800] "GET /wp-content/themes/oceanwp/assets/js/drop-down-search.min.js HTTP/1.1" 200 2968 "https://www.cwjh.ilc.edu.tw/" "Mozilla/5.0 (Windows NT 10.0; Win64; x64) AppleWebKit/537.36 (KHTML, like Gecko) Chrome/151.0.0.0 Safari/537.36"
120.101.197.59 - - [17/Aug/2026:10:32:14 +0800] "GET /wp-content/themes/oceanwp/assets/js/vendors/magnific-popup.min.js HTTP/1.1" 200 13073 "https://www.cwjh.ilc.edu.tw/" "Mozilla/5.0 (Windows NT 10.0; Win64; x64) AppleWebKit/537.36 (KHTML, like Gecko) Chrome/151.0.0.0 Safari/537.36"
120.101.197.59 - - [17/Aug/2026:10:32:14 +0800] "GET /wp-content/themes/oceanwp/assets/js/ow-lightbox.min.js HTTP/1.1" 200 2321 "https://www.cwjh.ilc.edu.tw/" "Mozilla/5.0 (Windows NT 10.0; Win64; x64) AppleWebKit/537.36 (KHTML, like Gecko) Chrome/151.0.0.0 Safari/537.36"
120.101.197.59 - - [17/Aug/2026:10:32:14 +0800] "GET /wp-content/uploads/sites/1364/2026/07/ChatGPT-Image-2026%E5%B9%B47%E6%9C%882%E6%97%A5-%E4%B8%8A%E5%8D%8811_24_32-300x169.png HTTP/1.1" 200 123995 "https://www.cwjh.ilc.edu.tw/" "Mozilla/5.0 (Windows NT 10.0; Win64; x64) AppleWebKit/537.36 (KHTML, like Gecko) Chrome/151.0.0.0 Safari/537.36"
120.101.197.59 - - [17/Aug/2026:10:32:14 +0800] "GET /wp-content/themes/oceanwp/assets/js/vendors/flickity.pkgd.min.js HTTP/1.1" 200 15048 "https://www.cwjh.ilc.edu.tw/" "Mozilla/5.0 (Windows NT 10.0; Win64; x64) AppleWebKit/537.36 (KHTML, like Gecko) Chrome/151.0.0.0 Safari/537.36"
120.101.197.59 - - [17/Aug/2026:10:32:14 +0800] "GET /wp-content/themes/oceanwp/assets/js/ow-slider.min.js HTTP/1.1" 200 1761 "https://www.cwjh.ilc.edu.tw/" "Mozilla/5.0 (Windows NT 10.0; Win64; x64) AppleWebKit/537.36 (KHTML, like Gecko) Chrome/151.0.0.0 Safari/537.36"
120.101.197.59 - - [17/Aug/2026:10:32:14 +0800] "GET /wp-content/themes/oceanwp/assets/js/scroll-effect.min.js HTTP/1.1" 200 4127 "https://www.cwjh.ilc.edu.tw/" "Mozilla/5.0 (Windows NT 10.0; Win64; x64) AppleWebKit/537.36 (KHTML, like Gecko) Chrome/151.0.0.0 Safari/537.36"
