210.69.149.252 - - [17/Aug/2026:10:39:27 +0800] "GET /wp-content/uploads/sites/1252/2024/06/%E5%89%AA%E5%BD%B12.jpg HTTP/1.1" 200 700668 "https://www.dsjh.ilc.edu.tw/" "Mozilla/5.0 (Windows NT 10.0; Win64; x64) AppleWebKit/537.36 (KHTML, like Gecko) Chrome/151.0.0.0 Safari/537.36"
210.69.149.252 - - [17/Aug/2026:10:39:27 +0800] "GET /wp-content/uploads/sites/1252/2025/04/%E6%80%A7%E5%88%A5%E5%B9%B3%E7%AD%89%E5%B0%88%E5%8D%80-1.jpg HTTP/1.1" 200 184373 "https://www.dsjh.ilc.edu.tw/" "Mozilla/5.0 (Windows NT 10.0; Win64; x64) AppleWebKit/537.36 (KHTML, like Gecko) Chrome/151.0.0.0 Safari/537.36"
140.111.67.10 - - [17/Aug/2026:10:39:30 +0800] "GET /" 301 273 "-" "-"
2001:288:a24f:1:a840:8ba3:b2ed:fae1 - - [17/Aug/2026:10:39:30 +0800] "GET / HTTP/1.1" 200 29844 "-" "Mozilla/5.0 (Windows NT 10.0; Win64; x64) AppleWebKit/537.36 (KHTML, like Gecko) Chrome/151.0.0.0 Safari/537.36"
2001:288:a201::66:125 - - [17/Aug/2026:10:39:30 +0800] "GET /blog/active.php HTTP/1.1" 301 1026 "-" "-"
2001:288:a24f:1:a840:8ba3:b2ed:fae1 - - [17/Aug/2026:10:39:30 +0800] "GET /wp-content/cache/www.yeses.ilc.edu.tw/wpfc-minified/4qskn9o/bflo8.css HTTP/1.1" 304 790 "https://www.yeses.ilc.edu.tw/" "Mozilla/5.0 (Windows NT 10.0; Win64; x64) AppleWebKit/537.36 (KHTML, like Gecko) Chrome/151.0.0.0 Safari/537.36"
2001:288:a24f:1:a840:8ba3:b2ed:fae1 - - [17/Aug/2026:10:39:30 +0800] "GET /wp-content/cache/www.yeses.ilc.edu.tw/wpfc-minified/qtr4ae6o/bfpbu.css HTTP/1.1" 304 790 "https://www.yeses.ilc.edu.tw/" "Mozilla/5.0 (Windows NT 10.0; Win64; x64) AppleWebKit/537.36 (KHTML, like Gecko) Chrome/151.0.0.0 Safari/537.36"
2001:288:a24f:1:a840:8ba3:b2ed:fae1 - - [17/Aug/2026:10:39:30 +0800] "GET /wp-content/cache/www.yeses.ilc.edu.tw/wpfc-minified/mo6k5vl0/bflo8.css HTTP/1.1" 304 1129 "https://www.yeses.ilc.edu.tw/" "Mozilla/5.0 (Windows NT 10.0; Win64; x64) AppleWebKit/537.36 (KHTML, like Gecko) Chrome/151.0.0.0 Safari/537.36"
2001:288:a24f:1:a840:8ba3:b2ed:fae1 - - [17/Aug/2026:10:39:30 +0800] "GET /wp-content/cache/www.yeses.ilc.edu.tw/wpfc-minified/kentcdjr/bflo8.css HTTP/1.1" 304 1129 "https://www.yeses.ilc.edu.tw/" "Mozilla/5.0 (Windows NT 10.0; Win64; x64) AppleWebKit/537.36 (KHTML, like Gecko) Chrome/151.0.0.0 Safari/537.36"
2001:288:a24f:1:a840:8ba3:b2ed:fae1 - - [17/Aug/2026:10:39:30 +0800] "GET /wp-content/uploads/sites/890/2026/08/%E5%9C%8B%E5%AE%B6%E5%9C%98%E7%B5%90%E6%9C%88%E8%88%87%E5%9F%8E%E9%8E%AE%E9%9F%8C%E6%80%A7%E8%BC%AA%E6%92%AD.gif HTTP/1.1" 304 5592 "https://www.yeses.ilc.edu.tw/" "Mozilla/5.0 (Windows NT 10.0; Win64; x64) AppleWebKit/537.36 (KHTML, like Gecko) Chrome/151.0.0.0 Safari/537.36"
2001:288:a24f:1:a840:8ba3:b2ed:fae1 - - [17/Aug/2026:10:39:30 +0800] "GET /wp-content/cache/www.yeses.ilc.edu.tw/wpfc-minified/mas60gdk/bflo8.js HTTP/1.1" 304 5592 "https://www.yeses.ilc.edu.tw/" "Mozilla/5.0 (Windows NT 10.0; Win64; x64) AppleWebKit/537.36 (KHTML, like Gecko) Chrome/151.0.0.0 Safari/537.36"
2001:288:a201::66:125 - - [17/Aug/2026:10:39:30 +0800] "GET /blog/active.php HTTP/1.1" 404 1084 "-" "-"
2001:288:a24f:1:a840:8ba3:b2ed:fae1 - - [17/Aug/2026:10:39:31 +0800] "GET /wp-content/uploads/sites/890/2026/07/2026718%E5%9C%8B%E6%A8%82%E5%9C%98%E9%87%91%E6%A8%BD%E6%BC%94%E5%87%BA%E7%B8%AE%E5%9C%96.jpg HTTP/1.1" 304 790 "https://www.yeses.ilc.edu.tw/" "Mozilla/5.0 (Windows NT 10.0; Win64; x64) AppleWebKit/537.36 (KHTML, like Gecko) Chrome/151.0.0.0 Safari/537.36"
2001:288:a24f:1:a840:8ba3:b2ed:fae1 - - [17/Aug/2026:10:39:31 +0800] "GET /wp-content/uploads/sites/890/2026/07/LINE_ALBUM_20260709%E9%84%89%E8%AA%9E%E6%96%87%E7%AB%B6%E8%B3%BD_260710_6.jpg HTTP/1.1" 304 790 "https://www.yeses.ilc.edu.tw/" "Mozilla/5.0 (Windows NT 10.0; Win64; x64) AppleWebKit/537.36 (KHTML, like Gecko) Chrome/151.0.0.0 Safari/537.36"
2407:4b00:4c02:7da7:70be:f2b:3c85:6bdd - - [17/Aug/2026:10:39:32 +0800] "GET / HTTP/1.1" 200 32482 "https://www.google.com/" "Mozilla/5.0 (Windows NT 10.0; Win64; x64) AppleWebKit/537.36 (KHTML, like Gecko) Chrome/151.0.0.0 Safari/537.36 Edg/151.0.0.0"
2407:4b00:4c02:7da7:70be:f2b:3c85:6bdd - - [17/Aug/2026:10:39:32 +0800] "GET /wp-content/cache/www.chjh.ilc.edu.tw/wpfc-minified/ee8a0dvs/6vy4.css HTTP/1.1" 200 45683 "https://www.chjh.ilc.edu.tw/" "Mozilla/5.0 (Windows NT 10.0; Win64; x64) AppleWebKit/537.36 (KHTML, like Gecko) Chrome/151.0.0.0 Safari/537.36 Edg/151.0.0.0"
2407:4b00:4c02:7da7:70be:f2b:3c85:6bdd - - [17/Aug/2026:10:39:33 +0800] "GET /wp-content/cache/www.chjh.ilc.edu.tw/wpfc-minified/78jy2wn7/6vy4.css HTTP/1.1" 200 1157 "https://www.chjh.ilc.edu.tw/" "Mozilla/5.0 (Windows NT 10.0; Win64; x64) AppleWebKit/537.36 (KHTML, like Gecko) Chrome/151.0.0.0 Safari/537.36 Edg/151.0.0.0"
2407:4b00:4c02:7da7:70be:f2b:3c85:6bdd - - [17/Aug/2026:10:39:33 +0800] "GET /wp-content/cache/www.chjh.ilc.edu.tw/wpfc-minified/9iyqo13s/6vy4.css HTTP/1.1" 200 18539 "https://www.chjh.ilc.edu.tw/" "Mozilla/5.0 (Windows NT 10.0; Win64; x64) AppleWebKit/537.36 (KHTML, like Gecko) Chrome/151.0.0.0 Safari/537.36 Edg/151.0.0.0"
2407:4b00:4c02:7da7:70be:f2b:3c85:6bdd - - [17/Aug/2026:10:39:33 +0800] "GET /wp-content/uploads/sites/1482/elementor/css/post-309.css HTTP/1.1" 200 1631 "https://www.chjh.ilc.edu.tw/" "Mozilla/5.0 (Windows NT 10.0; Win64; x64) AppleWebKit/537.36 (KHTML, like Gecko) Chrome/151.0.0.0 Safari/537.36 Edg/151.0.0.0"
2407:4b00:4c02:7da7:70be:f2b:3c85:6bdd - - [17/Aug/2026:10:39:33 +0800] "GET /wp-content/cache/www.chjh.ilc.edu.tw/wpfc-minified/e1voqedy/6vy4.css HTTP/1.1" 200 45632 "https://www.chjh.ilc.edu.tw/" "Mozilla/5.0 (Windows NT 10.0; Win64; x64) AppleWebKit/537.36 (KHTML, like Gecko) Chrome/151.0.0.0 Safari/537.36 Edg/151.0.0.0"
2407:4b00:4c02:7da7:70be:f2b:3c85:6bdd - - [17/Aug/2026:10:39:33 +0800] "GET /wp-content/uploads/sites/1482/elementor/css/post-2.css HTTP/1.1" 200 5949 "https://www.chjh.ilc.edu.tw/" "Mozilla/5.0 (Windows NT 10.0; Win64; x64) AppleWebKit/537.36 (KHTML, like Gecko) Chrome/151.0.0.0 Safari/537.36 Edg/151.0.0.0"
2407:4b00:4c02:7da7:70be:f2b:3c85:6bdd - - [17/Aug/2026:10:39:33 +0800] "GET /wp-content/cache/www.chjh.ilc.edu.tw/wpfc-minified/4uxh7t9/6vy4.css HTTP/1.1" 200 6510 "https://www.chjh.ilc.edu.tw/" "Mozilla/5.0 (Windows NT 10.0; Win64; x64) AppleWebKit/537.36 (KHTML, like Gecko) Chrome/151.0.0.0 Safari/537.36 Edg/151.0.0.0"
2407:4b00:4c02:7da7:70be:f2b:3c85:6bdd - - [17/Aug/2026:10:39:33 +0800] "GET /wp-content/cache/www.chjh.ilc.edu.tw/wpfc-minified/mc2crcdt/6vy4.js HTTP/1.1" 200 35559 "https://www.chjh.ilc.edu.tw/" "Mozilla/5.0 (Windows NT 10.0; Win64; x64) AppleWebKit/537.36 (KHTML, like Gecko) Chrome/151.0.0.0 Safari/537.36 Edg/151.0.0.0"
2407:4b00:4c02:7da7:70be:f2b:3c85:6bdd - - [17/Aug/2026:10:39:33 +0800] "GET /wp-content/uploads/sites/1482/2026/06/115%E6%9C%83%E8%80%83.jpg HTTP/1.1" 200 103282 "https://www.chjh.ilc.edu.tw/" "Mozilla/5.0 (Windows NT 10.0; Win64; x64) AppleWebKit/537.36 (KHTML, like Gecko) Chrome/151.0.0.0 Safari/537.36 Edg/151.0.0.0"
2407:4b00:4c02:7da7:70be:f2b:3c85:6bdd - - [17/Aug/2026:10:39:33 +0800] "GET /wp-content/uploads/sites/1482/2024/12/White-Minimalist-Library-Open-Hours-Instagram-Story-576x1024.png HTTP/1.1" 200 493801 "https://www.chjh.ilc.edu.tw/" "Mozilla/5.0 (Windows NT 10.0; Win64; x64) AppleWebKit/537.36 (KHTML, like Gecko) Chrome/151.0.0.0 Safari/537.36 Edg/151.0.0.0"
2407:4b00:4c02:7da7:70be:f2b:3c85:6bdd - - [17/Aug/2026:10:39:33 +0800] "GET /wp-includes/js/hoverintent-js.min.js HTTP/1.1" 200 1597 "https://www.chjh.ilc.edu.tw/" "Mozilla/5.0 (Windows NT 10.0; Win64; x64) AppleWebKit/537.36 (KHTML, like Gecko) Chrome/151.0.0.0 Safari/537.36 Edg/151.0.0.0"
2407:4b00:4c02:7da7:70be:f2b:3c85:6bdd - - [17/Aug/2026:10:39:33 +0800] "GET /wp-content/uploads/sites/1482/2023/07/%E8%B3%87%E5%AE%89%E7%A0%94%E7%BF%92.png HTTP/1.1" 200 7369 "https://www.chjh.ilc.edu.tw/" "Mozilla/5.0 (Windows NT 10.0; Win64; x64) AppleWebKit/537.36 (KHTML, like Gecko) Chrome/151.0.0.0 Safari/537.36 Edg/151.0.0.0"
2407:4b00:4c02:7da7:70be:f2b:3c85:6bdd - - [17/Aug/2026:10:39:33 +0800] "GET /wp-content/uploads/sites/1482/2026/05/114%E5%AD%B8%E5%B9%B4%E5%BA%A6%E8%81%AF%E8%B3%BD%E6%88%90%E7%B8%BE.jpg HTTP/1.1" 200 123683 "https://www.chjh.ilc.edu.tw/" "Mozilla/5.0 (Windows NT 10.0; Win64; x64) AppleWebKit/537.36 (KHTML, like Gecko) Chrome/151.0.0.0 Safari/537.36 Edg/151.0.0.0"
2407:4b00:4c02:7da7:70be:f2b:3c85:6bdd - - [17/Aug/2026:10:39:33 +0800] "GET /wp-includes/js/underscore.min.js HTTP/1.1" 200 8191 "https://www.chjh.ilc.edu.tw/" "Mozilla/5.0 (Windows NT 10.0; Win64; x64) AppleWebKit/537.36 (KHTML, like Gecko) Chrome/151.0.0.0 Safari/537.36 Edg/151.0.0.0"
2407:4b00:4c02:7da7:70be:f2b:3c85:6bdd - - [17/Aug/2026:10:39:33 +0800] "GET /wp-includes/js/admin-bar.min.js HTTP/1.1" 200 2237 "https://www.chjh.ilc.edu.tw/" "Mozilla/5.0 (Windows NT 10.0; Win64; x64) AppleWebKit/537.36 (KHTML, like Gecko) Chrome/151.0.0.0 Safari/537.36 Edg/151.0.0.0"
2407:4b00:4c02:7da7:70be:f2b:3c85:6bdd - - [17/Aug/2026:10:39:33 +0800] "GET /chjh2/wp-content/uploads/sites/1482/2020/02/cropped-Image2.png HTTP/1.1" 200 346219 "https://www.chjh.ilc.edu.tw/" "Mozilla/5.0 (Windows NT 10.0; Win64; x64) AppleWebKit/537.36 (KHTML, like Gecko) Chrome/151.0.0.0 Safari/537.36 Edg/151.0.0.0"
2407:4b00:4c02:7da7:70be:f2b:3c85:6bdd - - [17/Aug/2026:10:39:33 +0800] "GET /wp-content/plugins/elementor/assets/lib/eicons/fonts/eicons.woff2?5.30.0 HTTP/1.1" 200 98225 "https://www.chjh.ilc.edu.tw/wp-content/cache/www.chjh.ilc.edu.tw/wpfc-minified/e1voqedy/6vy4.css" "Mozilla/5.0 (Windows NT 10.0; Win64; x64) AppleWebKit/537.36 (KHTML, like Gecko) Chrome/151.0.0.0 Safari/537.36 Edg/151.0.0.0"
2407:4b00:4c02:7da7:70be:f2b:3c85:6bdd - - [17/Aug/2026:10:39:33 +0800] "GET /wp-content/themes/huemanilc/assets/front/webfonts/fa-solid-900.woff2?v=5.5.0 HTTP/1.1" 200 74879 "https://www.chjh.ilc.edu.tw/wp-content/cache/www.chjh.ilc.edu.tw/wpfc-minified/e1voqedy/6vy4.css" "Mozilla/5.0 (Windows NT 10.0; Win64; x64) AppleWebKit/537.36 (KHTML, like Gecko) Chrome/151.0.0.0 Safari/537.36 Edg/151.0.0.0"
2407:4b00:4c02:7da7:70be:f2b:3c85:6bdd - - [17/Aug/2026:10:39:33 +0800] "GET /wp-content/themes/huemanilc/assets/front/js/scripts.min.js HTTP/1.1" 200 27001 "https://www.chjh.ilc.edu.tw/" "Mozilla/5.0 (Windows NT 10.0; Win64; x64) AppleWebKit/537.36 (KHTML, like Gecko) Chrome/151.0.0.0 Safari/537.36 Edg/151.0.0.0"
2407:4b00:4c02:7da7:70be:f2b:3c85:6bdd - - [17/Aug/2026:10:39:33 +0800] "GET /wp-content/uploads/sites/1482/2022/07/%E6%96%B0%E7%94%9F%E6%AD%A3%E5%BC%8F%E7%B7%A8%E7%8F%AD%E5%90%8D%E5%96%AE.jpg HTTP/1.1" 200 25321 "https://www.chjh.ilc.edu.tw/" "Mozilla/5.0 (Windows NT 10.0; Win64; x64) AppleWebKit/537.36 (KHTML, like Gecko) Chrome/151.0.0.0 Safari/537.36 Edg/151.0.0.0"
2407:4b00:4c02:7da7:70be:f2b:3c85:6bdd - - [17/Aug/2026:10:39:33 +0800] "GET /wp-content/plugins/elementor/assets/js/webpack.runtime.min.js HTTP/1.1" 200 3095 "https://www.chjh.ilc.edu.tw/" "Mozilla/5.0 (Windows NT 10.0; Win64; x64) AppleWebKit/537.36 (KHTML, like Gecko) Chrome/151.0.0.0 Safari/537.36 Edg/151.0.0.0"
2407:4b00:4c02:7da7:70be:f2b:3c85:6bdd - - [17/Aug/2026:10:39:33 +0800] "GET /wp-content/plugins/elementor/assets/js/frontend-modules.min.js HTTP/1.1" 200 19416 "https://www.chjh.ilc.edu.tw/" "Mozilla/5.0 (Windows NT 10.0; Win64; x64) AppleWebKit/537.36 (KHTML, like Gecko) Chrome/151.0.0.0 Safari/537.36 Edg/151.0.0.0"
2407:4b00:4c02:7da7:70be:f2b:3c85:6bdd - - [17/Aug/2026:10:39:33 +0800] "GET /wp-content/plugins/elementor/assets/lib/waypoints/waypoints.min.js HTTP/1.1" 200 3873 "https://www.chjh.ilc.edu.tw/" "Mozilla/5.0 (Windows NT 10.0; Win64; x64) AppleWebKit/537.36 (KHTML, like Gecko) Chrome/151.0.0.0 Safari/537.36 Edg/151.0.0.0"
2407:4b00:4c02:7da7:70be:f2b:3c85:6bdd - - [17/Aug/2026:10:39:33 +0800] "GET /wp-content/plugins/elementor/assets/js/frontend.min.js HTTP/1.1" 200 13169 "https://www.chjh.ilc.edu.tw/" "Mozilla/5.0 (Windows NT 10.0; Win64; x64) AppleWebKit/537.36 (KHTML, like Gecko) Chrome/151.0.0.0 Safari/537.36 Edg/151.0.0.0"
2407:4b00:4c02:7da7:70be:f2b:3c85:6bdd - - [17/Aug/2026:10:39:33 +0800] "GET /wp-includes/js/jquery/ui/core.min.js HTTP/1.1" 200 7986 "https://www.chjh.ilc.edu.tw/" "Mozilla/5.0 (Windows NT 10.0; Win64; x64) AppleWebKit/537.36 (KHTML, like Gecko) Chrome/151.0.0.0 Safari/537.36 Edg/151.0.0.0"
2407:4b00:4c02:7da7:70be:f2b:3c85:6bdd - - [17/Aug/2026:10:39:33 +0800] "GET /wp-content/uploads/sites/1482/2026/05/115%E5%85%A8%E4%B8%AD%E9%81%8B%E6%88%90%E7%B8%BE.jpg HTTP/1.1" 200 125380 "https://www.chjh.ilc.edu.tw/" "Mozilla/5.0 (Windows NT 10.0; Win64; x64) AppleWebKit/537.36 (KHTML, like Gecko) Chrome/151.0.0.0 Safari/537.36 Edg/151.0.0.0"
2407:4b00:4c02:7da7:70be:f2b:3c85:6bdd - - [17/Aug/2026:10:39:33 +0800] "GET /wp-content/uploads/sites/1482/2026/04/%E7%A7%91%E5%B1%95%E7%AB%B6%E8%B3%BD%E6%B5%B7%E5%A0%B1-1024x572.png HTTP/1.1" 200 727375 "https://www.chjh.ilc.edu.tw/" "Mozilla/5.0 (Windows NT 10.0; Win64; x64) AppleWebKit/537.36 (KHTML, like Gecko) Chrome/151.0.0.0 Safari/537.36 Edg/151.0.0.0"
2407:4b00:4c02:7da7:70be:f2b:3c85:6bdd - - [17/Aug/2026:10:39:33 +0800] "GET /wp-content/uploads/sites/1482/2026/04/%E6%AD%8C%E5%94%B1%E6%AF%94%E8%B3%BD%E7%A5%9D%E8%B3%80%E6%B5%B7%E5%A0%B1_page-0001_0-1024x576.jpg HTTP/1.1" 200 88311 "https://www.chjh.ilc.edu.tw/" "Mozilla/5.0 (Windows NT 10.0; Win64; x64) AppleWebKit/537.36 (KHTML, like Gecko) Chrome/151.0.0.0 Safari/537.36 Edg/151.0.0.0"
2407:4b00:4c02:7da7:70be:f2b:3c85:6bdd - - [17/Aug/2026:10:39:33 +0800] "GET /wp-content/uploads/sites/1482/2026/04/%E8%AE%80%E8%80%85%E5%8A%87%E5%A0%B4%E7%A5%9D%E8%B3%80%E6%B5%B7%E5%A0%B1_page-0001_0-1024x576.jpg HTTP/1.1" 200 87594 "https://www.chjh.ilc.edu.tw/" "Mozilla/5.0 (Windows NT 10.0; Win64; x64) AppleWebKit/537.36 (KHTML, like Gecko) Chrome/151.0.0.0 Safari/537.36 Edg/151.0.0.0"
2407:4b00:4c02:7da7:70be:f2b:3c85:6bdd - - [17/Aug/2026:10:39:33 +0800] "GET /wp-content/uploads/sites/1482/2026/04/%E5%96%AE%E5%AD%97%E7%8E%8B%E7%A5%9D%E8%B3%80%E6%B5%B7%E5%A0%B1_page-0001_0-1024x576.jpg HTTP/1.1" 200 105740 "https://www.chjh.ilc.edu.tw/" "Mozilla/5.0 (Windows NT 10.0; Win64; x64) AppleWebKit/537.36 (KHTML, like Gecko) Chrome/151.0.0.0 Safari/537.36 Edg/151.0.0.0"
2407:4b00:4c02:7da7:70be:f2b:3c85:6bdd - - [17/Aug/2026:10:39:33 +0800] "GET /wp-content/uploads/sites/1482/2026/03/%E3%80%8C114%E5%AD%B8%E5%B9%B4%E5%BA%A6%E5%85%A8%E5%9C%8B%E5%AD%B8%E7%94%9F%E9%9F%B3%E6%A8%82%E6%AF%94%E8%B3%BD%E3%80%8D%E5%80%8B%E4%BA%BA%E9%A0%85%E7%9B%AE%E5%85%A8%E5%8D%80%E6%B1%BA%E8%B3%BD-%E6%88%90%E7%B8%BE%E5%85%AC%E5%91%8A-%E5%80%8B%E4%BA%BA-1024x576.jpg HTTP/1.1" 200 105028 "https://www.chjh.ilc.edu.tw/" "Mozilla/5.0 (Windows NT 10.0; Win64; x64) AppleWebKit/537.36 (KHTML, like Gecko) Chrome/151.0.0.0 Safari/537.36 Edg/151.0.0.0"
2407:4b00:4c02:7da7:70be:f2b:3c85:6bdd - - [17/Aug/2026:10:39:33 +0800] "GET /wp-content/uploads/sites/1482/2025/12/114%E5%AD%B8%E5%B9%B4%E7%B0%A1%E5%A0%B1%E9%81%94%E4%BA%BA%E5%85%AC%E5%91%8A.jpg HTTP/1.1" 200 104018 "https://www.chjh.ilc.edu.tw/" "Mozilla/5.0 (Windows NT 10.0; Win64; x64) AppleWebKit/537.36 (KHTML, like Gecko) Chrome/151.0.0.0 Safari/537.36 Edg/151.0.0.0"
2407:4b00:4c02:7da7:70be:f2b:3c85:6bdd - - [17/Aug/2026:10:39:33 +0800] "GET /wp-content/uploads/sites/1482/2025/11/114%E5%AD%B8%E5%B9%B4%E5%BA%A6%E5%AE%9C%E8%98%AD%E7%B8%A3%E5%AD%B8%E7%94%9F%E9%9F%B3%E6%A8%82%E6%9A%A8%E5%B8%AB%E7%94%9F%E9%84%89%E5%9C%9F%E6%AD%8C%E8%AC%A0%E6%AF%94%E8%B3%BD-%E6%88%90%E7%B8%BE%E5%85%AC%E5%91%8A%E5%9C%98%E9%AB%94_0-1024x576.jpg HTTP/1.1" 200 92532 "https://www.chjh.ilc.edu.tw/" "Mozilla/5.0 (Windows NT 10.0; Win64; x64) AppleWebKit/537.36 (KHTML, like Gecko) Chrome/151.0.0.0 Safari/537.36 Edg/151.0.0.0"
2407:4b00:4c02:7da7:70be:f2b:3c85:6bdd - - [17/Aug/2026:10:39:33 +0800] "GET /wp-content/uploads/sites/1482/2026/01/%E7%A7%91%E6%8A%80%E7%AB%B6%E8%B3%BD%E6%B5%B7%E5%A0%B1.png HTTP/1.1" 200 872970 "https://www.chjh.ilc.edu.tw/" "Mozilla/5.0 (Windows NT 10.0; Win64; x64) AppleWebKit/537.36 (KHTML, like Gecko) Chrome/151.0.0.0 Safari/537.36 Edg/151.0.0.0"
2407:4b00:4c02:7da7:70be:f2b:3c85:6bdd - - [17/Aug/2026:10:39:34 +0800] "GET /wp-content/uploads/sites/1482/2025/11/114%E5%AD%B8%E5%B9%B4%E5%BA%A6%E5%AE%9C%E8%98%AD%E7%B8%A3%E5%AD%B8%E7%94%9F%E9%9F%B3%E6%A8%82%E6%9A%A8%E5%B8%AB%E7%94%9F%E9%84%89%E5%9C%9F%E6%AD%8C%E8%AC%A0%E6%AF%94%E8%B3%BD-%E6%88%90%E7%B8%BE%E5%85%AC%E5%91%8A-%E5%80%8B%E4%BA%BA_0-1024x576.jpg HTTP/1.1" 200 128004 "https://www.chjh.ilc.edu.tw/" "Mozilla/5.0 (Windows NT 10.0; Win64; x64) AppleWebKit/537.36 (KHTML, like Gecko) Chrome/151.0.0.0 Safari/537.36 Edg/151.0.0.0"
2407:4b00:4c02:7da7:70be:f2b:3c85:6bdd - - [17/Aug/2026:10:39:34 +0800] "GET /wp-content/uploads/sites/1482/2025/11/%E7%A5%9D%E8%B3%80%E6%B5%B7%E5%A0%B1_712%E8%91%89%E5%AE%87%E7%BF%94-1024x576.jpg HTTP/1.1" 200 77480 "https://www.chjh.ilc.edu.tw/" "Mozilla/5.0 (Windows NT 10.0; Win64; x64) AppleWebKit/537.36 (KHTML, like Gecko) Chrome/151.0.0.0 Safari/537.36 Edg/151.0.0.0"
2407:4b00:4c02:7da7:70be:f2b:3c85:6bdd - - [17/Aug/2026:10:39:34 +0800] "GET /wp-content/uploads/sites/1482/2025/11/Hanover-and-Tyke-High-School-Present-724x1024.png HTTP/1.1" 200 267038 "https://www.chjh.ilc.edu.tw/" "Mozilla/5.0 (Windows NT 10.0; Win64; x64) AppleWebKit/537.36 (KHTML, like Gecko) Chrome/151.0.0.0 Safari/537.36 Edg/151.0.0.0"
2407:4b00:4c02:7da7:70be:f2b:3c85:6bdd - - [17/Aug/2026:10:39:34 +0800] "GET /wp-content/uploads/sites/1482/2025/10/%E7%8D%B2%E7%8D%8E%E5%85%AC%E5%91%8A114%E7%BE%8E%E8%A1%93%E6%AF%94%E8%B3%BD.jpg HTTP/1.1" 200 178023 "https://www.chjh.ilc.edu.tw/" "Mozilla/5.0 (Windows NT 10.0; Win64; x64) AppleWebKit/537.36 (KHTML, like Gecko) Chrome/151.0.0.0 Safari/537.36 Edg/151.0.0.0"
2407:4b00:4c02:7da7:70be:f2b:3c85:6bdd - - [17/Aug/2026:10:39:33 +0800] "GET /wp-content/uploads/sites/1482/2026/03/%E9%87%91%E9%A0%AD%E8%85%A6-1024x571.png HTTP/1.1" 200 925785 "https://www.chjh.ilc.edu.tw/" "Mozilla/5.0 (Windows NT 10.0; Win64; x64) AppleWebKit/537.36 (KHTML, like Gecko) Chrome/151.0.0.0 Safari/537.36 Edg/151.0.0.0"
2407:4b00:4c02:7da7:70be:f2b:3c85:6bdd - - [17/Aug/2026:10:39:34 +0800] "GET /wp-content/uploads/sites/1482/2025/09/33-1024x576.jpg HTTP/1.1" 200 87435 "https://www.chjh.ilc.edu.tw/" "Mozilla/5.0 (Windows NT 10.0; Win64; x64) AppleWebKit/537.36 (KHTML, like Gecko) Chrome/151.0.0.0 Safari/537.36 Edg/151.0.0.0"
2407:4b00:4c02:7da7:70be:f2b:3c85:6bdd - - [17/Aug/2026:10:39:34 +0800] "GET /wp-content/uploads/sites/1482/2025/09/23-1024x576.jpg HTTP/1.1" 200 96415 "https://www.chjh.ilc.edu.tw/" "Mozilla/5.0 (Windows NT 10.0; Win64; x64) AppleWebKit/537.36 (KHTML, like Gecko) Chrome/151.0.0.0 Safari/537.36 Edg/151.0.0.0"
2407:4b00:4c02:7da7:70be:f2b:3c85:6bdd - - [17/Aug/2026:10:39:34 +0800] "GET /wp-content/uploads/sites/1482/2025/09/13-1024x576.jpg HTTP/1.1" 200 89010 "https://www.chjh.ilc.edu.tw/" "Mozilla/5.0 (Windows NT 10.0; Win64; x64) AppleWebKit/537.36 (KHTML, like Gecko) Chrome/151.0.0.0 Safari/537.36 Edg/151.0.0.0"
2407:4b00:4c02:7da7:70be:f2b:3c85:6bdd - - [17/Aug/2026:10:39:34 +0800] "GET /wp-content/uploads/sites/1482/2025/08/36-1024x724.png HTTP/1.1" 200 171953 "https://www.chjh.ilc.edu.tw/" "Mozilla/5.0 (Windows NT 10.0; Win64; x64) AppleWebKit/537.36 (KHTML, like Gecko) Chrome/151.0.0.0 Safari/537.36 Edg/151.0.0.0"
2407:4b00:4c02:7da7:70be:f2b:3c85:6bdd - - [17/Aug/2026:10:39:34 +0800] "GET /wp-content/uploads/sites/1482/2025/08/26-1024x724.png HTTP/1.1" 200 164697 "https://www.chjh.ilc.edu.tw/" "Mozilla/5.0 (Windows NT 10.0; Win64; x64) AppleWebKit/537.36 (KHTML, like Gecko) Chrome/151.0.0.0 Safari/537.36 Edg/151.0.0.0"
2407:4b00:4c02:7da7:70be:f2b:3c85:6bdd - - [17/Aug/2026:10:39:34 +0800] "GET /wp-content/uploads/sites/1482/2025/08/14-1024x724.png HTTP/1.1" 200 163205 "https://www.chjh.ilc.edu.tw/" "Mozilla/5.0 (Windows NT 10.0; Win64; x64) AppleWebKit/537.36 (KHTML, like Gecko) Chrome/151.0.0.0 Safari/537.36 Edg/151.0.0.0"
52.167.144.228 - - [17/Aug/2026:10:39:33 +0800] "GET /32745/2022/04/16/%E5%AE%9C%E8%98%AD%E4%BA%BA/ HTTP/1.1" 200 92860 "-" "Mozilla/5.0 AppleWebKit/537.36 (KHTML, like Gecko; compatible; bingbot/2.0; +http://www.bing.com/bingbot.htm) Chrome/116.0.1938.76 Safari/537.36"
140.111.67.10 - - [17/Aug/2026:10:39:35 +0800] "GET /" 301 273 "-" "-"
2407:4b00:4c02:7da7:70be:f2b:3c85:6bdd - - [17/Aug/2026:10:39:34 +0800] "GET /wp-content/uploads/sites/1482/2025/08/6-1024x724.png HTTP/1.1" 200 283705 "https://www.chjh.ilc.edu.tw/" "Mozilla/5.0 (Windows NT 10.0; Win64; x64) AppleWebKit/537.36 (KHTML, like Gecko) Chrome/151.0.0.0 Safari/537.36 Edg/151.0.0.0"
2407:4b00:4c02:7da7:70be:f2b:3c85:6bdd - - [17/Aug/2026:10:39:34 +0800] "GET /wp-content/uploads/sites/1482/2025/08/7-1024x724.png HTTP/1.1" 200 274608 "https://www.chjh.ilc.edu.tw/" "Mozilla/5.0 (Windows NT 10.0; Win64; x64) AppleWebKit/537.36 (KHTML, like Gecko) Chrome/151.0.0.0 Safari/537.36 Edg/151.0.0.0"
2001:288:a24f:1:a840:8ba3:b2ed:fae1 - - [17/Aug/2026:10:39:34 +0800] "GET /wp-content/uploads/sites/890/2021/03/6.png HTTP/1.1" 200 8862 "https://www.yeses.ilc.edu.tw/" "Mozilla/5.0 (Windows NT 10.0; Win64; x64) AppleWebKit/537.36 (KHTML, like Gecko) Chrome/151.0.0.0 Safari/537.36"
2001:288:a239:1:a25f:89a1:e0e3:ae4e - - [17/Aug/2026:10:39:35 +0800] "-" 408 4796 "-" "-"
2001:288:a24f:1:a840:8ba3:b2ed:fae1 - - [17/Aug/2026:10:39:35 +0800] "GET /wp-content/uploads/sites/890/2026/06/20260603_%E5%85%AD%E6%9C%88%E4%BB%BD%E5%AD%B8%E7%94%9F%E9%9B%86%E6%9C%83%E7%B8%AE%E5%9C%96-1.jpg HTTP/1.1" 200 483007 "https://www.yeses.ilc.edu.tw/" "Mozilla/5.0 (Windows NT 10.0; Win64; x64) AppleWebKit/537.36 (KHTML, like Gecko) Chrome/151.0.0.0 Safari/537.36"
2001:288:a24f:1:a840:8ba3:b2ed:fae1 - - [17/Aug/2026:10:39:34 +0800] "GET /wp-content/uploads/sites/890/2026/06/20260609_%E5%85%AD%E5%B9%B4%E7%B4%9A%E7%95%A2%E6%A5%AD%E7%94%9F%E9%A0%92%E7%99%BC%E6%9C%9F%E6%9C%AB%E7%8D%8E%E9%A0%85%E7%B8%AE%E5%9C%96-scaled.jpg HTTP/1.1" 200 580625 "https://www.yeses.ilc.edu.tw/" "Mozilla/5.0 (Windows NT 10.0; Win64; x64) AppleWebKit/537.36 (KHTML, like Gecko) Chrome/151.0.0.0 Safari/537.36"
2407:4b00:4c02:7da7:70be:f2b:3c85:6bdd - - [17/Aug/2026:10:39:35 +0800] "GET /wp-content/uploads/sites/1482/2025/08/5-1024x724.png HTTP/1.1" 200 276868 "https://www.chjh.ilc.edu.tw/" "Mozilla/5.0 (Windows NT 10.0; Win64; x64) AppleWebKit/537.36 (KHTML, like Gecko) Chrome/151.0.0.0 Safari/537.36 Edg/151.0.0.0"
2001:288:a201::66:125 - - [17/Aug/2026:10:39:35 +0800] "GET /blog/active.php HTTP/1.1" 404 1084 "-" "-"
2001:288:a201::66:125 - - [17/Aug/2026:10:39:35 +0800] "GET /blog/active.php HTTP/1.1" 301 1026 "-" "-"
2001:288:a223:1:d3cb:2809:1aee:3679 - - [17/Aug/2026:10:39:34 +0800] "GET /wp-content/uploads/sites/69/2026/04/%E7%A4%81%E6%BA%AA%E6%89%B6%E8%BC%AA%E7%A4%BE%E8%99%9F%E5%8F%AC%E6%8D%9011-5%E8%90%AC-%E5%85%85%E5%AF%A6%E4%BA%8C%E5%9F%8E%E5%9C%8B%E5%B0%8F%E6%95%99%E5%AD%B8%E7%92%B0%E5%A2%83.mp4 HTTP/1.1" 200 1408376 "https://www.eces.ilc.edu.tw/" "Mozilla/5.0 (Windows NT 10.0; Win64; x64) AppleWebKit/537.36 (KHTML, like Gecko) Chrome/151.0.0.0 Safari/537.36"
2407:4b00:4c02:7da7:70be:f2b:3c85:6bdd - - [17/Aug/2026:10:39:35 +0800] "GET /wp-content/uploads/sites/1482/2025/08/4-1024x724.png HTTP/1.1" 200 273492 "https://www.chjh.ilc.edu.tw/" "Mozilla/5.0 (Windows NT 10.0; Win64; x64) AppleWebKit/537.36 (KHTML, like Gecko) Chrome/151.0.0.0 Safari/537.36 Edg/151.0.0.0"
2407:4b00:4c02:7da7:70be:f2b:3c85:6bdd - - [17/Aug/2026:10:39:35 +0800] "GET /wp-content/uploads/sites/1482/2025/05/4_3-1024x724.png HTTP/1.1" 200 396610 "https://www.chjh.ilc.edu.tw/" "Mozilla/5.0 (Windows NT 10.0; Win64; x64) AppleWebKit/537.36 (KHTML, like Gecko) Chrome/151.0.0.0 Safari/537.36 Edg/151.0.0.0"
2407:4b00:4c02:7da7:70be:f2b:3c85:6bdd - - [17/Aug/2026:10:39:35 +0800] "GET /wp-content/uploads/sites/1482/2025/05/35-1-1024x724.png HTTP/1.1" 200 395898 "https://www.chjh.ilc.edu.tw/" "Mozilla/5.0 (Windows NT 10.0; Win64; x64) AppleWebKit/537.36 (KHTML, like Gecko) Chrome/151.0.0.0 Safari/537.36 Edg/151.0.0.0"
2407:4b00:4c02:7da7:70be:f2b:3c85:6bdd - - [17/Aug/2026:10:39:35 +0800] "GET /wp-content/uploads/sites/1482/2025/05/25-1024x724.png HTTP/1.1" 200 399654 "https://www.chjh.ilc.edu.tw/" "Mozilla/5.0 (Windows NT 10.0; Win64; x64) AppleWebKit/537.36 (KHTML, like Gecko) Chrome/151.0.0.0 Safari/537.36 Edg/151.0.0.0"
2407:4b00:4c02:7da7:70be:f2b:3c85:6bdd - - [17/Aug/2026:10:39:36 +0800] "GET /wp-content/uploads/sites/1482/2025/04/113%E5%AD%B8%E5%B9%B4%E7%B0%A1%E5%A0%B1%E9%81%94%E4%BA%BA%E5%85%AC%E5%91%8A.png HTTP/1.1" 200 255245 "https://www.chjh.ilc.edu.tw/" "Mozilla/5.0 (Windows NT 10.0; Win64; x64) AppleWebKit/537.36 (KHTML, like Gecko) Chrome/151.0.0.0 Safari/537.36 Edg/151.0.0.0"
2407:4b00:4c02:7da7:70be:f2b:3c85:6bdd - - [17/Aug/2026:10:39:36 +0800] "GET /wp-content/uploads/sites/1482/2025/04/34-1024x724.png HTTP/1.1" 200 626196 "https://www.chjh.ilc.edu.tw/" "Mozilla/5.0 (Windows NT 10.0; Win64; x64) AppleWebKit/537.36 (KHTML, like Gecko) Chrome/151.0.0.0 Safari/537.36 Edg/151.0.0.0"
2407:4b00:4c02:7da7:70be:f2b:3c85:6bdd - - [17/Aug/2026:10:39:36 +0800] "GET /wp-content/uploads/sites/1482/2025/04/911%E4%BD%B3%E4%BD%9C-1024x724.jpg HTTP/1.1" 200 134650 "https://www.chjh.ilc.edu.tw/" "Mozilla/5.0 (Windows NT 10.0; Win64; x64) AppleWebKit/537.36 (KHTML, like Gecko) Chrome/151.0.0.0 Safari/537.36 Edg/151.0.0.0"
2407:4b00:4c02:7da7:70be:f2b:3c85:6bdd - - [17/Aug/2026:10:39:36 +0800] "GET /wp-content/uploads/sites/1482/2025/04/24-1024x724.png HTTP/1.1" 200 635836 "https://www.chjh.ilc.edu.tw/" "Mozilla/5.0 (Windows NT 10.0; Win64; x64) AppleWebKit/537.36 (KHTML, like Gecko) Chrome/151.0.0.0 Safari/537.36 Edg/151.0.0.0"
2407:4b00:4c02:7da7:70be:f2b:3c85:6bdd - - [17/Aug/2026:10:39:36 +0800] "GET /wp-content/uploads/sites/1482/2025/04/4_2-1024x724.png HTTP/1.1" 200 622434 "https://www.chjh.ilc.edu.tw/" "Mozilla/5.0 (Windows NT 10.0; Win64; x64) AppleWebKit/537.36 (KHTML, like Gecko) Chrome/151.0.0.0 Safari/537.36 Edg/151.0.0.0"
101.12.129.94 - - [17/Aug/2026:10:39:37 +0800] "GET /wp-content/uploads/sites/3846/2023/07/%E6%95%99%E8%82%B2%E8%99%95%E5%85%AB%E5%A4%A7%E6%96%B9%E9%87%9D.png HTTP/1.1" 200 200327 "https://it.ilc.edu.tw/" "Mozilla/5.0 (Windows NT 10.0; Win64; x64) AppleWebKit/537.36 (KHTML, like Gecko) Chrome/142.0.0.0 Safari/537.36"
2407:4b00:4c02:7da7:70be:f2b:3c85:6bdd - - [17/Aug/2026:10:39:37 +0800] "GET /wp-content/uploads/sites/1482/2025/03/12-1024x724.png HTTP/1.1" 200 569352 "https://www.chjh.ilc.edu.tw/" "Mozilla/5.0 (Windows NT 10.0; Win64; x64) AppleWebKit/537.36 (KHTML, like Gecko) Chrome/151.0.0.0 Safari/537.36 Edg/151.0.0.0"
2407:4b00:4c02:7da7:70be:f2b:3c85:6bdd - - [17/Aug/2026:10:39:37 +0800] "GET /wp-content/uploads/sites/1482/2025/03/33-1024x724.png HTTP/1.1" 200 549165 "https://www.chjh.ilc.edu.tw/" "Mozilla/5.0 (Windows NT 10.0; Win64; x64) AppleWebKit/537.36 (KHTML, like Gecko) Chrome/151.0.0.0 Safari/537.36 Edg/151.0.0.0"
::1 - - [17/Aug/2026:10:39:37 +0800] "OPTIONS * HTTP/1.0" 200 110 "-" "Apache/2.4.68 (Ubuntu) OpenSSL/3.0.19 (internal dummy connection)"
2407:4b00:4c02:7da7:70be:f2b:3c85:6bdd - - [17/Aug/2026:10:39:36 +0800] "GET /wp-content/uploads/sites/1482/2025/04/13-1024x724.png HTTP/1.1" 200 586132 "https://www.chjh.ilc.edu.tw/" "Mozilla/5.0 (Windows NT 10.0; Win64; x64) AppleWebKit/537.36 (KHTML, like Gecko) Chrome/151.0.0.0 Safari/537.36 Edg/151.0.0.0"
2001:4860:7:410::f4 - - [17/Aug/2026:10:39:37 +0800] "GET / HTTP/1.1" 200 25721 "https://www.google.com/" "Mozilla/5.0 (Windows NT 10.0; Win64; x64) AppleWebKit/537.36 (KHTML, like Gecko) Chrome/151.0.0.0 Safari/537.36"
2407:4b00:4c02:7da7:70be:f2b:3c85:6bdd - - [17/Aug/2026:10:39:38 +0800] "GET /wp-content/uploads/sites/1482/2025/03/23-1024x724.png HTTP/1.1" 200 548809 "https://www.chjh.ilc.edu.tw/" "Mozilla/5.0 (Windows NT 10.0; Win64; x64) AppleWebKit/537.36 (KHTML, like Gecko) Chrome/151.0.0.0 Safari/537.36 Edg/151.0.0.0"
2407:4b00:4c02:7da7:70be:f2b:3c85:6bdd - - [17/Aug/2026:10:39:38 +0800] "GET /wp-content/uploads/sites/1482/2025/02/%E6%9E%97%E7%87%88%E7%9B%83%E7%A7%91%E5%AD%B8%E7%AB%B6%E8%B3%BD-1024x683.png HTTP/1.1" 200 323756 "https://www.chjh.ilc.edu.tw/" "Mozilla/5.0 (Windows NT 10.0; Win64; x64) AppleWebKit/537.36 (KHTML, like Gecko) Chrome/151.0.0.0 Safari/537.36 Edg/151.0.0.0"
2407:4b00:4c02:7da7:70be:f2b:3c85:6bdd - - [17/Aug/2026:10:39:38 +0800] "GET /wp-content/uploads/sites/1482/2025/02/Blue-and-White-Simple-Congratulations-Card-3-1024x683.png HTTP/1.1" 200 281534 "https://www.chjh.ilc.edu.tw/" "Mozilla/5.0 (Windows NT 10.0; Win64; x64) AppleWebKit/537.36 (KHTML, like Gecko) Chrome/151.0.0.0 Safari/537.36 Edg/151.0.0.0"
2407:4b00:4c02:7da7:70be:f2b:3c85:6bdd - - [17/Aug/2026:10:39:39 +0800] "GET /wp-content/uploads/sites/1482/2025/02/%E5%9C%8B%E4%B8%ADScratch%E7%94%9F%E6%B4%BB%E6%87%89%E7%94%A8%E7%B5%84.png HTTP/1.1" 200 475327 "https://www.chjh.ilc.edu.tw/" "Mozilla/5.0 (Windows NT 10.0; Win64; x64) AppleWebKit/537.36 (KHTML, like Gecko) Chrome/151.0.0.0 Safari/537.36 Edg/151.0.0.0"
2407:4b00:4c02:7da7:70be:f2b:3c85:6bdd - - [17/Aug/2026:10:39:39 +0800] "GET /wp-content/uploads/sites/1482/2025/02/%E5%9C%8B%E4%B8%ADAPP%E6%95%B8%E7%90%86%E8%A7%A3%E9%A1%8C%E7%B5%84.png HTTP/1.1" 200 432973 "https://www.chjh.ilc.edu.tw/" "Mozilla/5.0 (Windows NT 10.0; Win64; x64) AppleWebKit/537.36 (KHTML, like Gecko) Chrome/151.0.0.0 Safari/537.36 Edg/151.0.0.0"
2001:4860:7:410::f0 - - [17/Aug/2026:10:39:38 +0800] "GET /3860/%E8%8E%8A%E6%96%87%E9%BE%8D%E8%AC%9B%E5%B8%AB%E7%B0%A1%E6%AD%B7/page/13/ HTTP/1.1" 200 37150 "https://www.google.com/" "Mozilla/5.0 (Windows NT 10.0; Win64; x64) AppleWebKit/537.36 (KHTML, like Gecko) Chrome/151.0.0.0 Safari/537.36"
2407:4b00:4c02:7da7:70be:f2b:3c85:6bdd - - [17/Aug/2026:10:39:39 +0800] "GET /wp-content/uploads/sites/1482/2025/02/%E5%9C%8B%E4%B8%AD%E6%A9%9F%E6%A7%8B%E7%B5%90%E6%A7%8B%E7%B5%84.png HTTP/1.1" 200 412516 "https://www.chjh.ilc.edu.tw/" "Mozilla/5.0 (Windows NT 10.0; Win64; x64) AppleWebKit/537.36 (KHTML, like Gecko) Chrome/151.0.0.0 Safari/537.36 Edg/151.0.0.0"
2407:4b00:4c02:7da7:70be:f2b:3c85:6bdd - - [17/Aug/2026:10:39:39 +0800] "GET /wp-content/uploads/sites/1482/2024/12/Light-blue-playful-santas-nice-list-certificate-1024x724.png HTTP/1.1" 200 415738 "https://www.chjh.ilc.edu.tw/" "Mozilla/5.0 (Windows NT 10.0; Win64; x64) AppleWebKit/537.36 (KHTML, like Gecko) Chrome/151.0.0.0 Safari/537.36 Edg/151.0.0.0"
2407:4b00:4c02:7da7:70be:f2b:3c85:6bdd - - [17/Aug/2026:10:39:39 +0800] "GET /wp-content/uploads/sites/1482/2024/12/31-1024x647.png HTTP/1.1" 200 328814 "https://www.chjh.ilc.edu.tw/" "Mozilla/5.0 (Windows NT 10.0; Win64; x64) AppleWebKit/537.36 (KHTML, like Gecko) Chrome/151.0.0.0 Safari/537.36 Edg/151.0.0.0"
2407:4b00:4c02:7da7:70be:f2b:3c85:6bdd - - [17/Aug/2026:10:39:39 +0800] "GET /wp-content/uploads/sites/1482/2024/12/21-1024x647.png HTTP/1.1" 200 347177 "https://www.chjh.ilc.edu.tw/" "Mozilla/5.0 (Windows NT 10.0; Win64; x64) AppleWebKit/537.36 (KHTML, like Gecko) Chrome/151.0.0.0 Safari/537.36 Edg/151.0.0.0"
2407:4b00:4c02:7da7:70be:f2b:3c85:6bdd - - [17/Aug/2026:10:39:39 +0800] "GET /wp-content/uploads/sites/1482/2024/12/11-1024x647.png HTTP/1.1" 200 352051 "https://www.chjh.ilc.edu.tw/" "Mozilla/5.0 (Windows NT 10.0; Win64; x64) AppleWebKit/537.36 (KHTML, like Gecko) Chrome/151.0.0.0 Safari/537.36 Edg/151.0.0.0"
2407:4b00:4c02:7da7:70be:f2b:3c85:6bdd - - [17/Aug/2026:10:39:39 +0800] "GET /wp-content/uploads/sites/1482/2024/12/4_1-1024x647.png HTTP/1.1" 200 309706 "https://www.chjh.ilc.edu.tw/" "Mozilla/5.0 (Windows NT 10.0; Win64; x64) AppleWebKit/537.36 (KHTML, like Gecko) Chrome/151.0.0.0 Safari/537.36 Edg/151.0.0.0"
2407:4b00:4c02:7da7:70be:f2b:3c85:6bdd - - [17/Aug/2026:10:39:39 +0800] "GET /wp-content/uploads/sites/1482/2024/11/messageImage_1732610199011-1024x576.jpg HTTP/1.1" 200 160539 "https://www.chjh.ilc.edu.tw/" "Mozilla/5.0 (Windows NT 10.0; Win64; x64) AppleWebKit/537.36 (KHTML, like Gecko) Chrome/151.0.0.0 Safari/537.36 Edg/151.0.0.0"
2407:4b00:4c02:7da7:70be:f2b:3c85:6bdd - - [17/Aug/2026:10:39:39 +0800] "GET /wp-content/uploads/sites/1482/2024/11/messageImage_1732607904017-1024x578.jpg HTTP/1.1" 200 107824 "https://www.chjh.ilc.edu.tw/" "Mozilla/5.0 (Windows NT 10.0; Win64; x64) AppleWebKit/537.36 (KHTML, like Gecko) Chrome/151.0.0.0 Safari/537.36 Edg/151.0.0.0"
2407:4b00:4c02:7da7:70be:f2b:3c85:6bdd - - [17/Aug/2026:10:39:39 +0800] "GET /wp-content/uploads/sites/1482/2024/11/113%E5%AD%B8%E5%B9%B4%E5%BA%A6%E5%AE%9C%E8%98%AD%E7%B8%A3%E9%9F%B3%E6%A8%82%E6%AF%94%E8%B3%BD%E6%A6%9C%E5%96%AE-1024x576.jpg HTTP/1.1" 200 139607 "https://www.chjh.ilc.edu.tw/" "Mozilla/5.0 (Windows NT 10.0; Win64; x64) AppleWebKit/537.36 (KHTML, like Gecko) Chrome/151.0.0.0 Safari/537.36 Edg/151.0.0.0"
::1 - - [17/Aug/2026:10:39:39 +0800] "OPTIONS * HTTP/1.0" 200 110 "-" "Apache/2.4.68 (Ubuntu) OpenSSL/3.0.19 (internal dummy connection)"
2407:4b00:4c02:7da7:70be:f2b:3c85:6bdd - - [17/Aug/2026:10:39:39 +0800] "GET /wp-content/uploads/sites/1482/2024/11/113%E5%AD%B8%E5%B9%B4%E5%BA%A6%E5%AE%9C%E8%98%AD%E7%B8%A3%E9%9F%B3%E6%A8%82%E6%AF%94%E8%B3%BD%E5%80%8B%E4%BA%BA%E8%B3%BD%E6%A6%9C%E5%96%AE-1024x576.png HTTP/1.1" 200 680770 "https://www.chjh.ilc.edu.tw/" "Mozilla/5.0 (Windows NT 10.0; Win64; x64) AppleWebKit/537.36 (KHTML, like Gecko) Chrome/151.0.0.0 Safari/537.36 Edg/151.0.0.0"
140.111.67.10 - - [17/Aug/2026:10:39:40 +0800] "GET /" 301 273 "-" "-"
36.229.217.137 - - [17/Aug/2026:10:39:40 +0800] "GET / HTTP/1.1" 200 21872 "https://www.google.com/" "Mozilla/5.0 (iPhone; CPU iPhone OS 18_7 like Mac OS X) AppleWebKit/605.1.15 (KHTML, like Gecko) Version/26.6 Mobile/15E148 Safari/604.1"
36.229.217.137 - - [17/Aug/2026:10:39:40 +0800] "GET /wp-content/cache/www.whjh.ilc.edu.tw/wpfc-minified/6xj8bvty/6w61.css HTTP/1.1" 200 45683 "https://www.whjh.ilc.edu.tw/" "Mozilla/5.0 (iPhone; CPU iPhone OS 18_7 like Mac OS X) AppleWebKit/605.1.15 (KHTML, like Gecko) Version/26.6 Mobile/15E148 Safari/604.1"
36.229.217.137 - - [17/Aug/2026:10:39:40 +0800] "GET /wp-content/cache/www.whjh.ilc.edu.tw/wpfc-minified/qjmkpdpq/6w61.css HTTP/1.1" 200 64946 "https://www.whjh.ilc.edu.tw/" "Mozilla/5.0 (iPhone; CPU iPhone OS 18_7 like Mac OS X) AppleWebKit/605.1.15 (KHTML, like Gecko) Version/26.6 Mobile/15E148 Safari/604.1"
36.229.217.137 - - [17/Aug/2026:10:39:40 +0800] "GET /wp-content/uploads/sites/944/elementor/css/post-754.css HTTP/1.1" 200 958 "https://www.whjh.ilc.edu.tw/" "Mozilla/5.0 (iPhone; CPU iPhone OS 18_7 like Mac OS X) AppleWebKit/605.1.15 (KHTML, like Gecko) Version/26.6 Mobile/15E148 Safari/604.1"
36.229.217.137 - - [17/Aug/2026:10:39:40 +0800] "GET /wp-content/cache/www.whjh.ilc.edu.tw/wpfc-minified/7cam4p65/6w61.css HTTP/1.1" 200 23807 "https://www.whjh.ilc.edu.tw/" "Mozilla/5.0 (iPhone; CPU iPhone OS 18_7 like Mac OS X) AppleWebKit/605.1.15 (KHTML, like Gecko) Version/26.6 Mobile/15E148 Safari/604.1"
36.229.217.137 - - [17/Aug/2026:10:39:40 +0800] "GET /wp-content/uploads/sites/944/elementor/css/post-836.css HTTP/1.1" 200 6068 "https://www.whjh.ilc.edu.tw/" "Mozilla/5.0 (iPhone; CPU iPhone OS 18_7 like Mac OS X) AppleWebKit/605.1.15 (KHTML, like Gecko) Version/26.6 Mobile/15E148 Safari/604.1"
36.229.217.137 - - [17/Aug/2026:10:39:40 +0800] "GET /wp-content/cache/www.whjh.ilc.edu.tw/wpfc-minified/kxwq3nnq/6w61.css HTTP/1.1" 200 5956 "https://www.whjh.ilc.edu.tw/" "Mozilla/5.0 (iPhone; CPU iPhone OS 18_7 like Mac OS X) AppleWebKit/605.1.15 (KHTML, like Gecko) Version/26.6 Mobile/15E148 Safari/604.1"
36.229.217.137 - - [17/Aug/2026:10:39:40 +0800] "GET /wp-content/cache/www.whjh.ilc.edu.tw/wpfc-minified/kyohlat9/6w61.css HTTP/1.1" 200 51768 "https://www.whjh.ilc.edu.tw/" "Mozilla/5.0 (iPhone; CPU iPhone OS 18_7 like Mac OS X) AppleWebKit/605.1.15 (KHTML, like Gecko) Version/26.6 Mobile/15E148 Safari/604.1"
36.229.217.137 - - [17/Aug/2026:10:39:40 +0800] "GET /wp-content/cache/www.whjh.ilc.edu.tw/wpfc-minified/1bwbd5u0/6w61.js HTTP/1.1" 200 35559 "https://www.whjh.ilc.edu.tw/" "Mozilla/5.0 (iPhone; CPU iPhone OS 18_7 like Mac OS X) AppleWebKit/605.1.15 (KHTML, like Gecko) Version/26.6 Mobile/15E148 Safari/604.1"
36.229.217.137 - - [17/Aug/2026:10:39:40 +0800] "GET /wp-content/cache/www.whjh.ilc.edu.tw/wpfc-minified/8imirqcp/6w61.js HTTP/1.1" 200 21760 "https://www.whjh.ilc.edu.tw/" "Mozilla/5.0 (iPhone; CPU iPhone OS 18_7 like Mac OS X) AppleWebKit/605.1.15 (KHTML, like Gecko) Version/26.6 Mobile/15E148 Safari/604.1"
36.229.217.137 - - [17/Aug/2026:10:39:40 +0800] "GET /wp-content/themes/hueman/assets/front/webfonts/fa-brands-400.woff2?v=5.15.2 HTTP/1.1" 200 79499 "https://www.whjh.ilc.edu.tw/" "Mozilla/5.0 (iPhone; CPU iPhone OS 18_7 like Mac OS X) AppleWebKit/605.1.15 (KHTML, like Gecko) Version/26.6 Mobile/15E148 Safari/604.1"
36.229.217.137 - - [17/Aug/2026:10:39:40 +0800] "GET /wp-content/themes/hueman/assets/front/webfonts/fa-regular-400.woff2?v=5.15.2 HTTP/1.1" 200 14439 "https://www.whjh.ilc.edu.tw/" "Mozilla/5.0 (iPhone; CPU iPhone OS 18_7 like Mac OS X) AppleWebKit/605.1.15 (KHTML, like Gecko) Version/26.6 Mobile/15E148 Safari/604.1"
36.229.217.137 - - [17/Aug/2026:10:39:40 +0800] "GET /wp-content/themes/hueman/assets/front/webfonts/fa-solid-900.woff2?v=5.15.2 HTTP/1.1" 200 81301 "https://www.whjh.ilc.edu.tw/" "Mozilla/5.0 (iPhone; CPU iPhone OS 18_7 like Mac OS X) AppleWebKit/605.1.15 (KHTML, like Gecko) Version/26.6 Mobile/15E148 Safari/604.1"
36.229.217.137 - - [17/Aug/2026:10:39:40 +0800] "GET /wp-content/themes/hueman/assets/front/fonts/titillium-light-webfont.woff HTTP/1.1" 200 25606 "https://www.whjh.ilc.edu.tw/" "Mozilla/5.0 (iPhone; CPU iPhone OS 18_7 like Mac OS X) AppleWebKit/605.1.15 (KHTML, like Gecko) Version/26.6 Mobile/15E148 Safari/604.1"
2407:4b00:4c02:7da7:70be:f2b:3c85:6bdd - - [17/Aug/2026:10:39:40 +0800] "GET /wp-content/uploads/sites/1482/2024/11/22-1024x576.jpg HTTP/1.1" 200 87947 "https://www.chjh.ilc.edu.tw/" "Mozilla/5.0 (Windows NT 10.0; Win64; x64) AppleWebKit/537.36 (KHTML, like Gecko) Chrome/151.0.0.0 Safari/537.36 Edg/151.0.0.0"
36.229.217.137 - - [17/Aug/2026:10:39:40 +0800] "GET /wp-content/themes/hueman/assets/front/fonts/titillium-lightitalic-webfont.woff HTTP/1.1" 200 27654 "https://www.whjh.ilc.edu.tw/" "Mozilla/5.0 (iPhone; CPU iPhone OS 18_7 like Mac OS X) AppleWebKit/605.1.15 (KHTML, like Gecko) Version/26.6 Mobile/15E148 Safari/604.1"
36.229.217.137 - - [17/Aug/2026:10:39:40 +0800] "GET /wp-content/themes/hueman/assets/front/fonts/titillium-regular-webfont.woff HTTP/1.1" 200 25590 "https://www.whjh.ilc.edu.tw/" "Mozilla/5.0 (iPhone; CPU iPhone OS 18_7 like Mac OS X) AppleWebKit/605.1.15 (KHTML, like Gecko) Version/26.6 Mobile/15E148 Safari/604.1"
36.229.217.137 - - [17/Aug/2026:10:39:40 +0800] "GET /wp-content/themes/hueman/assets/front/fonts/titillium-regularitalic-webfont.woff HTTP/1.1" 200 27482 "https://www.whjh.ilc.edu.tw/" "Mozilla/5.0 (iPhone; CPU iPhone OS 18_7 like Mac OS X) AppleWebKit/605.1.15 (KHTML, like Gecko) Version/26.6 Mobile/15E148 Safari/604.1"
2407:4b00:4c02:7da7:70be:f2b:3c85:6bdd - - [17/Aug/2026:10:39:40 +0800] "GET /wp-content/uploads/sites/1482/2024/11/12-1024x576.jpg HTTP/1.1" 200 88002 "https://www.chjh.ilc.edu.tw/" "Mozilla/5.0 (Windows NT 10.0; Win64; x64) AppleWebKit/537.36 (KHTML, like Gecko) Chrome/151.0.0.0 Safari/537.36 Edg/151.0.0.0"
36.229.217.137 - - [17/Aug/2026:10:39:40 +0800] "GET /wp-content/themes/hueman/assets/front/fonts/titillium-semibold-webfont.woff HTTP/1.1" 200 25626 "https://www.whjh.ilc.edu.tw/" "Mozilla/5.0 (iPhone; CPU iPhone OS 18_7 like Mac OS X) AppleWebKit/605.1.15 (KHTML, like Gecko) Version/26.6 Mobile/15E148 Safari/604.1"
36.229.217.137 - - [17/Aug/2026:10:39:40 +0800] "GET /wp-content/uploads/sites/944/2019/10/cropped-%E6%96%87%E4%B8%ADbanner1.jpg HTTP/1.1" 200 131750 "https://www.whjh.ilc.edu.tw/" "Mozilla/5.0 (iPhone; CPU iPhone OS 18_7 like Mac OS X) AppleWebKit/605.1.15 (KHTML, like Gecko) Version/26.6 Mobile/15E148 Safari/604.1"
36.229.217.137 - - [17/Aug/2026:10:39:40 +0800] "GET /wp-includes/js/hoverintent-js.min.js HTTP/1.1" 200 1597 "https://www.whjh.ilc.edu.tw/" "Mozilla/5.0 (iPhone; CPU iPhone OS 18_7 like Mac OS X) AppleWebKit/605.1.15 (KHTML, like Gecko) Version/26.6 Mobile/15E148 Safari/604.1"
36.229.217.137 - - [17/Aug/2026:10:39:40 +0800] "GET /wp-includes/js/admin-bar.min.js HTTP/1.1" 200 2237 "https://www.whjh.ilc.edu.tw/" "Mozilla/5.0 (iPhone; CPU iPhone OS 18_7 like Mac OS X) AppleWebKit/605.1.15 (KHTML, like Gecko) Version/26.6 Mobile/15E148 Safari/604.1"
36.229.217.137 - - [17/Aug/2026:10:39:40 +0800] "GET /wp-includes/js/underscore.min.js HTTP/1.1" 200 8191 "https://www.whjh.ilc.edu.tw/" "Mozilla/5.0 (iPhone; CPU iPhone OS 18_7 like Mac OS X) AppleWebKit/605.1.15 (KHTML, like Gecko) Version/26.6 Mobile/15E148 Safari/604.1"
36.229.217.137 - - [17/Aug/2026:10:39:40 +0800] "GET /wp-content/themes/hueman/assets/front/js/scripts.min.js HTTP/1.1" 200 22643 "https://www.whjh.ilc.edu.tw/" "Mozilla/5.0 (iPhone; CPU iPhone OS 18_7 like Mac OS X) AppleWebKit/605.1.15 (KHTML, like Gecko) Version/26.6 Mobile/15E148 Safari/604.1"
36.229.217.137 - - [17/Aug/2026:10:39:40 +0800] "GET /wp-content/plugins/elementor-pro/assets/js/webpack-pro.runtime.min.js HTTP/1.1" 200 3562 "https://www.whjh.ilc.edu.tw/" "Mozilla/5.0 (iPhone; CPU iPhone OS 18_7 like Mac OS X) AppleWebKit/605.1.15 (KHTML, like Gecko) Version/26.6 Mobile/15E148 Safari/604.1"
36.229.217.137 - - [17/Aug/2026:10:39:40 +0800] "GET /wp-content/plugins/elementor/assets/js/webpack.runtime.min.js HTTP/1.1" 200 3095 "https://www.whjh.ilc.edu.tw/" "Mozilla/5.0 (iPhone; CPU iPhone OS 18_7 like Mac OS X) AppleWebKit/605.1.15 (KHTML, like Gecko) Version/26.6 Mobile/15E148 Safari/604.1"
36.229.217.137 - - [17/Aug/2026:10:39:40 +0800] "GET /wp-content/plugins/elementor/assets/js/frontend-modules.min.js HTTP/1.1" 200 19416 "https://www.whjh.ilc.edu.tw/" "Mozilla/5.0 (iPhone; CPU iPhone OS 18_7 like Mac OS X) AppleWebKit/605.1.15 (KHTML, like Gecko) Version/26.6 Mobile/15E148 Safari/604.1"
36.229.217.137 - - [17/Aug/2026:10:39:40 +0800] "GET /wp-includes/js/dist/hooks.min.js HTTP/1.1" 200 2421 "https://www.whjh.ilc.edu.tw/" "Mozilla/5.0 (iPhone; CPU iPhone OS 18_7 like Mac OS X) AppleWebKit/605.1.15 (KHTML, like Gecko) Version/26.6 Mobile/15E148 Safari/604.1"
36.229.217.137 - - [17/Aug/2026:10:39:40 +0800] "GET /wp-includes/js/dist/i18n.min.js HTTP/1.1" 200 4547 "https://www.whjh.ilc.edu.tw/" "Mozilla/5.0 (iPhone; CPU iPhone OS 18_7 like Mac OS X) AppleWebKit/605.1.15 (KHTML, like Gecko) Version/26.6 Mobile/15E148 Safari/604.1"
36.229.217.137 - - [17/Aug/2026:10:39:40 +0800] "GET /wp-content/plugins/elementor-pro/assets/js/frontend.min.js HTTP/1.1" 200 7574 "https://www.whjh.ilc.edu.tw/" "Mozilla/5.0 (iPhone; CPU iPhone OS 18_7 like Mac OS X) AppleWebKit/605.1.15 (KHTML, like Gecko) Version/26.6 Mobile/15E148 Safari/604.1"
36.229.217.137 - - [17/Aug/2026:10:39:40 +0800] "GET /wp-content/plugins/elementor/assets/lib/waypoints/waypoints.min.js HTTP/1.1" 200 3873 "https://www.whjh.ilc.edu.tw/" "Mozilla/5.0 (iPhone; CPU iPhone OS 18_7 like Mac OS X) AppleWebKit/605.1.15 (KHTML, like Gecko) Version/26.6 Mobile/15E148 Safari/604.1"
36.229.217.137 - - [17/Aug/2026:10:39:40 +0800] "GET /wp-includes/js/jquery/ui/core.min.js HTTP/1.1" 200 7986 "https://www.whjh.ilc.edu.tw/" "Mozilla/5.0 (iPhone; CPU iPhone OS 18_7 like Mac OS X) AppleWebKit/605.1.15 (KHTML, like Gecko) Version/26.6 Mobile/15E148 Safari/604.1"
36.229.217.137 - - [17/Aug/2026:10:39:40 +0800] "GET /wp-content/plugins/elementor/assets/js/frontend.min.js HTTP/1.1" 200 13169 "https://www.whjh.ilc.edu.tw/" "Mozilla/5.0 (iPhone; CPU iPhone OS 18_7 like Mac OS X) AppleWebKit/605.1.15 (KHTML, like Gecko) Version/26.6 Mobile/15E148 Safari/604.1"
36.229.217.137 - - [17/Aug/2026:10:39:40 +0800] "GET /wp-content/plugins/elementor-pro/assets/js/elements-handlers.min.js HTTP/1.1" 200 10882 "https://www.whjh.ilc.edu.tw/" "Mozilla/5.0 (iPhone; CPU iPhone OS 18_7 like Mac OS X) AppleWebKit/605.1.15 (KHTML, like Gecko) Version/26.6 Mobile/15E148 Safari/604.1"
36.229.217.137 - - [17/Aug/2026:10:39:40 +0800] "GET /wp-content/uploads/sites/944/2019/10/%E6%9C%AC%E6%A0%A1%E6%A0%A1%E5%8F%8B%E9%BB%83%E8%8A%9D%E9%B3%B3941016%E6%89%93%E7%A0%B4%E5%85%A8%E5%9C%8B%E5%A5%B3%E5%AD%90%E9%8F%88%E7%90%83%E5%85%A8%E5%9C%8B%E7%B4%80%E9%8C%8461.54%E7%B1%B3_resized-150x150.jpg HTTP/1.1" 200 10703 "https://www.whjh.ilc.edu.tw/" "Mozilla/5.0 (iPhone; CPU iPhone OS 18_7 like Mac OS X) AppleWebKit/605.1.15 (KHTML, like Gecko) Version/26.6 Mobile/15E148 Safari/604.1"
36.229.217.137 - - [17/Aug/2026:10:39:40 +0800] "GET /wp-content/uploads/sites/944/2019/10/%E8%82%9A%E7%9A%AE%E8%88%9E_resized-150x150.jpg HTTP/1.1" 200 8512 "https://www.whjh.ilc.edu.tw/" "Mozilla/5.0 (iPhone; CPU iPhone OS 18_7 like Mac OS X) AppleWebKit/605.1.15 (KHTML, like Gecko) Version/26.6 Mobile/15E148 Safari/604.1"
36.229.217.137 - - [17/Aug/2026:10:39:40 +0800] "GET /wp-content/uploads/sites/944/2019/10/%E6%9C%AC%E6%A0%A1%E6%A0%A1%E5%8F%8B%E9%BB%83%E5%87%A1%E7%8F%8A2018%E4%BA%9E%E9%81%8B%E5%A5%B3%E7%B1%83%E5%9C%8B%E6%89%8B_resized-150x150.jpg HTTP/1.1" 200 8515 "https://www.whjh.ilc.edu.tw/" "Mozilla/5.0 (iPhone; CPU iPhone OS 18_7 like Mac OS X) AppleWebKit/605.1.15 (KHTML, like Gecko) Version/26.6 Mobile/15E148 Safari/604.1"
36.229.217.137 - - [17/Aug/2026:10:39:40 +0800] "GET /wp-content/uploads/sites/944/2019/10/%E6%9C%AC%E6%A0%A1%E6%A0%A1%E5%8F%8B%E9%99%B3%E9%88%BA%E5%90%9B2018%E4%BA%9E%E9%81%8B%E5%A5%B3%E7%B1%83%E9%9A%8A%E9%95%B7_resized-150x150.jpg HTTP/1.1" 200 10375 "https://www.whjh.ilc.edu.tw/" "Mozilla/5.0 (iPhone; CPU iPhone OS 18_7 like Mac OS X) AppleWebKit/605.1.15 (KHTML, like Gecko) Version/26.6 Mobile/15E148 Safari/604.1"
36.229.217.137 - - [17/Aug/2026:10:39:40 +0800] "GET /wp-content/uploads/sites/944/2019/10/RED_2301_resized-150x150.jpg HTTP/1.1" 200 12226 "https://www.whjh.ilc.edu.tw/" "Mozilla/5.0 (iPhone; CPU iPhone OS 18_7 like Mac OS X) AppleWebKit/605.1.15 (KHTML, like Gecko) Version/26.6 Mobile/15E148 Safari/604.1"
36.229.217.137 - - [17/Aug/2026:10:39:40 +0800] "GET /wp-content/uploads/sites/944/2019/10/IMG20180314140232_resized-150x150.jpg HTTP/1.1" 200 8487 "https://www.whjh.ilc.edu.tw/" "Mozilla/5.0 (iPhone; CPU iPhone OS 18_7 like Mac OS X) AppleWebKit/605.1.15 (KHTML, like Gecko) Version/26.6 Mobile/15E148 Safari/604.1"
36.229.217.137 - - [17/Aug/2026:10:39:40 +0800] "GET /wp-content/uploads/sites/944/2019/10/IMG20180306112208_1_resized-150x150.jpg HTTP/1.1" 200 8676 "https://www.whjh.ilc.edu.tw/" "Mozilla/5.0 (iPhone; CPU iPhone OS 18_7 like Mac OS X) AppleWebKit/605.1.15 (KHTML, like Gecko) Version/26.6 Mobile/15E148 Safari/604.1"
2407:4b00:4c02:7da7:70be:f2b:3c85:6bdd - - [17/Aug/2026:10:39:40 +0800] "GET /wp-content/uploads/sites/1482/2024/11/32-1024x576.jpg HTTP/1.1" 200 87986 "https://www.chjh.ilc.edu.tw/" "Mozilla/5.0 (Windows NT 10.0; Win64; x64) AppleWebKit/537.36 (KHTML, like Gecko) Chrome/151.0.0.0 Safari/537.36 Edg/151.0.0.0"
36.229.217.137 - - [17/Aug/2026:10:39:40 +0800] "GET /wp-content/uploads/sites/944/2019/10/IMG_7950_resized-150x150.jpg HTTP/1.1" 200 10173 "https://www.whjh.ilc.edu.tw/" "Mozilla/5.0 (iPhone; CPU iPhone OS 18_7 like Mac OS X) AppleWebKit/605.1.15 (KHTML, like Gecko) Version/26.6 Mobile/15E148 Safari/604.1"
36.229.217.137 - - [17/Aug/2026:10:39:40 +0800] "GET /wp-content/uploads/sites/944/2019/10/IMG_5604_resized-150x150.jpg HTTP/1.1" 200 11270 "https://www.whjh.ilc.edu.tw/" "Mozilla/5.0 (iPhone; CPU iPhone OS 18_7 like Mac OS X) AppleWebKit/605.1.15 (KHTML, like Gecko) Version/26.6 Mobile/15E148 Safari/604.1"
36.229.217.137 - - [17/Aug/2026:10:39:40 +0800] "GET /wp-content/themes/hueman/assets/front/fonts/titillium-light-webfont.svg HTTP/1.1" 200 56952 "https://www.whjh.ilc.edu.tw/" "Mozilla/5.0 (iPhone; CPU iPhone OS 18_7 like Mac OS X) AppleWebKit/605.1.15 (KHTML, like Gecko) Version/26.6 Mobile/15E148 Safari/604.1"
36.229.217.137 - - [17/Aug/2026:10:39:40 +0800] "GET /wp-content/themes/hueman/assets/front/fonts/titillium-regular-webfont.svg HTTP/1.1" 200 57056 "https://www.whjh.ilc.edu.tw/" "Mozilla/5.0 (iPhone; CPU iPhone OS 18_7 like Mac OS X) AppleWebKit/605.1.15 (KHTML, like Gecko) Version/26.6 Mobile/15E148 Safari/604.1"
36.229.217.137 - - [17/Aug/2026:10:39:40 +0800] "GET /wp-content/plugins/elementor/assets/lib/eicons/fonts/eicons.woff2?5.30.0 HTTP/1.1" 200 98225 "https://www.whjh.ilc.edu.tw/" "Mozilla/5.0 (iPhone; CPU iPhone OS 18_7 like Mac OS X) AppleWebKit/605.1.15 (KHTML, like Gecko) Version/26.6 Mobile/15E148 Safari/604.1"
2407:4b00:4c02:7da7:70be:f2b:3c85:6bdd - - [17/Aug/2026:10:39:40 +0800] "GET /wp-content/uploads/sites/1482/2024/11/4-1024x576.jpg HTTP/1.1" 200 88028 "https://www.chjh.ilc.edu.tw/" "Mozilla/5.0 (Windows NT 10.0; Win64; x64) AppleWebKit/537.36 (KHTML, like Gecko) Chrome/151.0.0.0 Safari/537.36 Edg/151.0.0.0"
36.229.217.137 - - [17/Aug/2026:10:39:40 +0800] "GET /wp-content/themes/hueman/assets/front/fonts/titillium-semibold-webfont.svg HTTP/1.1" 200 55517 "https://www.whjh.ilc.edu.tw/" "Mozilla/5.0 (iPhone; CPU iPhone OS 18_7 like Mac OS X) AppleWebKit/605.1.15 (KHTML, like Gecko) Version/26.6 Mobile/15E148 Safari/604.1"
36.229.217.137 - - [17/Aug/2026:10:39:40 +0800] "GET /wp-content/plugins/elementor/assets/lib/font-awesome/webfonts/fa-solid-900.woff2 HTTP/1.1" 200 79223 "https://www.whjh.ilc.edu.tw/" "Mozilla/5.0 (iPhone; CPU iPhone OS 18_7 like Mac OS X) AppleWebKit/605.1.15 (KHTML, like Gecko) Version/26.6 Mobile/15E148 Safari/604.1"
2001:288:a201::66:125 - - [17/Aug/2026:10:39:40 +0800] "GET /blog/active.php HTTP/1.1" 301 1026 "-" "-"
36.229.217.137 - - [17/Aug/2026:10:39:40 +0800] "GET /wp-content/plugins/elementor/assets/lib/font-awesome/webfonts/fa-brands-400.woff2 HTTP/1.1" 200 82661 "https://www.whjh.ilc.edu.tw/" "Mozilla/5.0 (iPhone; CPU iPhone OS 18_7 like Mac OS X) AppleWebKit/605.1.15 (KHTML, like Gecko) Version/26.6 Mobile/15E148 Safari/604.1"
36.229.217.137 - - [17/Aug/2026:10:39:40 +0800] "GET /wp-content/uploads/sites/944/2019/10/1121a0083_resized-150x150.jpg HTTP/1.1" 200 8417 "https://www.whjh.ilc.edu.tw/" "Mozilla/5.0 (iPhone; CPU iPhone OS 18_7 like Mac OS X) AppleWebKit/605.1.15 (KHTML, like Gecko) Version/26.6 Mobile/15E148 Safari/604.1"
