2001:b400:e75e:cbc8:a43a:bb37:265c:bcb9 - - [17/Aug/2026:10:36:41 +0800] "GET /wp-content/themes/oceanwp/assets/js/select.min.js HTTP/1.1" 200 2408 "https://www.nses.ilc.edu.tw/" "Mozilla/5.0 (Macintosh; Intel Mac OS X 10_15_7) AppleWebKit/605.1.15 (KHTML, like Gecko) Version/26.5.2 Safari/605.1.15"
2001:b400:e75e:cbc8:a43a:bb37:265c:bcb9 - - [17/Aug/2026:10:36:41 +0800] "GET /wp-includes/js/mediaelement/mediaelement-and-player.min.js HTTP/1.1" 200 39802 "https://www.nses.ilc.edu.tw/" "Mozilla/5.0 (Macintosh; Intel Mac OS X 10_15_7) AppleWebKit/605.1.15 (KHTML, like Gecko) Version/26.5.2 Safari/605.1.15"
2001:b400:e75e:cbc8:a43a:bb37:265c:bcb9 - - [17/Aug/2026:10:36:41 +0800] "GET /wp-includes/js/mediaelement/mediaelement-migrate.min.js HTTP/1.1" 200 1419 "https://www.nses.ilc.edu.tw/" "Mozilla/5.0 (Macintosh; Intel Mac OS X 10_15_7) AppleWebKit/605.1.15 (KHTML, like Gecko) Version/26.5.2 Safari/605.1.15"
2001:b400:e75e:cbc8:a43a:bb37:265c:bcb9 - - [17/Aug/2026:10:36:41 +0800] "GET /wp-content/uploads/sites/1678/2025/05/%E9%98%B2%E7%81%BD%E8%A8%88%E7%95%ABlogo.png HTTP/1.1" 200 1727615 "https://www.nses.ilc.edu.tw/" "Mozilla/5.0 (Macintosh; Intel Mac OS X 10_15_7) AppleWebKit/605.1.15 (KHTML, like Gecko) Version/26.5.2 Safari/605.1.15"
2001:b400:e75e:cbc8:a43a:bb37:265c:bcb9 - - [17/Aug/2026:10:36:41 +0800] "GET /wp-includes/js/mediaelement/wp-mediaelement.min.js HTTP/1.1" 200 1417 "https://www.nses.ilc.edu.tw/" "Mozilla/5.0 (Macintosh; Intel Mac OS X 10_15_7) AppleWebKit/605.1.15 (KHTML, like Gecko) Version/26.5.2 Safari/605.1.15"
2001:b400:e75e:cbc8:a43a:bb37:265c:bcb9 - - [17/Aug/2026:10:36:41 +0800] "GET /wp-includes/js/mediaelement/renderers/vimeo.min.js HTTP/1.1" 200 3164 "https://www.nses.ilc.edu.tw/" "Mozilla/5.0 (Macintosh; Intel Mac OS X 10_15_7) AppleWebKit/605.1.15 (KHTML, like Gecko) Version/26.5.2 Safari/605.1.15"
2001:b400:e75e:cbc8:a43a:bb37:265c:bcb9 - - [17/Aug/2026:10:36:42 +0800] "GET /wp-content/themes/oceanwp/assets/fonts/simple-line-icons/Simple-Line-Icons.woff2?v=2.4.0 HTTP/1.1" 200 30959 "https://www.nses.ilc.edu.tw/" "Mozilla/5.0 (Macintosh; Intel Mac OS X 10_15_7) AppleWebKit/605.1.15 (KHTML, like Gecko) Version/26.5.2 Safari/605.1.15"
2001:b400:e75e:cbc8:a43a:bb37:265c:bcb9 - - [17/Aug/2026:10:36:42 +0800] "GET /wp-content/themes/oceanwp/assets/fonts/fontawesome/webfonts/fa-solid-900.woff2 HTTP/1.1" 200 151246 "https://www.nses.ilc.edu.tw/" "Mozilla/5.0 (Macintosh; Intel Mac OS X 10_15_7) AppleWebKit/605.1.15 (KHTML, like Gecko) Version/26.5.2 Safari/605.1.15"
2001:b400:e75e:cbc8:a43a:bb37:265c:bcb9 - - [17/Aug/2026:10:36:42 +0800] "GET /wp-content/uploads/sites/1678/2020/04/cropped-%E5%8D%97%E5%B1%B1%E5%9C%8B%E5%B0%8F%E6%A0%A1%E5%9C%92-7.jpg HTTP/1.1" 200 166806 "https://www.nses.ilc.edu.tw/" "Mozilla/5.0 (Macintosh; Intel Mac OS X 10_15_7) AppleWebKit/605.1.15 (KHTML, like Gecko) Version/26.5.2 Safari/605.1.15"
2001:b400:e75e:cbc8:a43a:bb37:265c:bcb9 - - [17/Aug/2026:10:36:41 +0800] "GET /wp-content/uploads/sites/1678/2025/11/Gemini_Generated_Image_9z7vib9z7vib9z7v-768x419.png HTTP/1.1" 200 566242 "https://www.nses.ilc.edu.tw/" "Mozilla/5.0 (Macintosh; Intel Mac OS X 10_15_7) AppleWebKit/605.1.15 (KHTML, like Gecko) Version/26.5.2 Safari/605.1.15"
2001:b400:e75e:cbc8:a43a:bb37:265c:bcb9 - - [17/Aug/2026:10:36:42 +0800] "GET /wp-content/uploads/sites/1678/2022/07/%E9%AB%98%E6%BA%AB%E8%A5%B2%E6%93%8A%EF%BC%8C%E5%B0%8F%E5%BF%83%E7%86%B1%E5%82%B7%E5%AE%B3%EF%BC%81.mp4?_=1 HTTP/1.1" 200 1609176 "https://www.nses.ilc.edu.tw/" "Mozilla/5.0 (Macintosh; Intel Mac OS X 10_15_7) AppleWebKit/605.1.15 (KHTML, like Gecko) Version/26.5.2 Safari/605.1.15"
2001:b400:e75e:cbc8:a43a:bb37:265c:bcb9 - - [17/Aug/2026:10:36:42 +0800] "GET /wp-content/uploads/sites/1678/2021/05/%E5%AE%9C%E8%98%AD%E7%B8%A3%E9%98%B2%E7%96%AB%E7%9F%AD%E7%89%87.mp4?_=2 HTTP/1.1" 200 695000 "https://www.nses.ilc.edu.tw/" "Mozilla/5.0 (Macintosh; Intel Mac OS X 10_15_7) AppleWebKit/605.1.15 (KHTML, like Gecko) Version/26.5.2 Safari/605.1.15"
2001:b400:e75e:cbc8:a43a:bb37:265c:bcb9 - - [17/Aug/2026:10:36:42 +0800] "GET /wp-content/uploads/sites/1678/2021/05/%E5%AE%9C%E8%98%AD%E7%B8%A3%E9%98%B2%E7%96%AB%E7%9F%AD%E7%89%87.mp4?_=2 HTTP/1.1" 200 4252381 "https://www.nses.ilc.edu.tw/" "Mozilla/5.0 (Macintosh; Intel Mac OS X 10_15_7) AppleWebKit/605.1.15 (KHTML, like Gecko) Version/26.5.2 Safari/605.1.15"
2001:b400:e75e:cbc8:a43a:bb37:265c:bcb9 - - [17/Aug/2026:10:36:42 +0800] "GET /wp-content/uploads/sites/1678/2021/05/home_1.jpg HTTP/1.1" 200 74570 "https://www.nses.ilc.edu.tw/" "Mozilla/5.0 (Macintosh; Intel Mac OS X 10_15_7) AppleWebKit/605.1.15 (KHTML, like Gecko) Version/26.5.2 Safari/605.1.15"
2001:b400:e75e:cbc8:a43a:bb37:265c:bcb9 - - [17/Aug/2026:10:36:42 +0800] "GET /wp-content/uploads/sites/1678/2020/07/%E8%90%AC%E5%AE%8943%E8%99%9F-1.jpg HTTP/1.1" 200 129485 "https://www.nses.ilc.edu.tw/" "Mozilla/5.0 (Macintosh; Intel Mac OS X 10_15_7) AppleWebKit/605.1.15 (KHTML, like Gecko) Version/26.5.2 Safari/605.1.15"
2001:b400:e75e:cbc8:a43a:bb37:265c:bcb9 - - [17/Aug/2026:10:36:42 +0800] "GET /wp-content/uploads/sites/1678/2024/09/%E8%8B%B1%E9%9B%84%E5%A5%BD%E6%BC%A2%E5%8F%8D%E9%9C%B8%E5%87%8C-768x439.jpg HTTP/1.1" 200 89429 "https://www.nses.ilc.edu.tw/" "Mozilla/5.0 (Macintosh; Intel Mac OS X 10_15_7) AppleWebKit/605.1.15 (KHTML, like Gecko) Version/26.5.2 Safari/605.1.15"
2001:b400:e75e:cbc8:a43a:bb37:265c:bcb9 - - [17/Aug/2026:10:36:43 +0800] "GET /wp-content/uploads/sites/1678/2024/11/%E8%AA%B2%E7%A8%8B%E8%A8%88%E7%95%AB%E5%9C%96.png HTTP/1.1" 200 636515 "https://www.nses.ilc.edu.tw/" "Mozilla/5.0 (Macintosh; Intel Mac OS X 10_15_7) AppleWebKit/605.1.15 (KHTML, like Gecko) Version/26.5.2 Safari/605.1.15"
2001:b400:e75e:cbc8:a43a:bb37:265c:bcb9 - - [17/Aug/2026:10:36:43 +0800] "GET /wp-content/uploads/sites/1678/2024/09/%E7%9B%B8%E7%B0%BF%E5%9C%96.png HTTP/1.1" 200 146519 "https://www.nses.ilc.edu.tw/" "Mozilla/5.0 (Macintosh; Intel Mac OS X 10_15_7) AppleWebKit/605.1.15 (KHTML, like Gecko) Version/26.5.2 Safari/605.1.15"
2001:b400:e75e:cbc8:a43a:bb37:265c:bcb9 - - [17/Aug/2026:10:36:43 +0800] "GET /wp-includes/js/mediaelement/mejs-controls.svg HTTP/1.1" 200 5429 "https://www.nses.ilc.edu.tw/" "Mozilla/5.0 (Macintosh; Intel Mac OS X 10_15_7) AppleWebKit/605.1.15 (KHTML, like Gecko) Version/26.5.2 Safari/605.1.15"
2001:b400:e75e:cbc8:a43a:bb37:265c:bcb9 - - [17/Aug/2026:10:36:43 +0800] "GET /wp-content/uploads/sites/1678/2024/09/%E5%9C%B0%E9%9C%87%E4%BF%9D%E5%91%BD%E6%AD%A5%E9%A9%9F-708x1024.jpg HTTP/1.1" 200 111454 "https://www.nses.ilc.edu.tw/" "Mozilla/5.0 (Macintosh; Intel Mac OS X 10_15_7) AppleWebKit/605.1.15 (KHTML, like Gecko) Version/26.5.2 Safari/605.1.15"
2001:b400:e75e:cbc8:a43a:bb37:265c:bcb9 - - [17/Aug/2026:10:36:43 +0800] "GET /wp-content/uploads/sites/1678/2024/09/%E5%BF%83%E7%90%86%E8%A1%9B%E7%94%9F%E6%8E%A8%E5%BB%A3-600x600.png HTTP/1.1" 200 501389 "https://www.nses.ilc.edu.tw/" "Mozilla/5.0 (Macintosh; Intel Mac OS X 10_15_7) AppleWebKit/605.1.15 (KHTML, like Gecko) Version/26.5.2 Safari/605.1.15"
2001:b400:e75e:cbc8:a43a:bb37:265c:bcb9 - - [17/Aug/2026:10:36:42 +0800] "GET /wp-content/uploads/sites/1678/2022/07/%E9%AB%98%E6%BA%AB%E8%A5%B2%E6%93%8A%EF%BC%8C%E5%B0%8F%E5%BF%83%E7%86%B1%E5%82%B7%E5%AE%B3%EF%BC%81.mp4?_=1 HTTP/1.1" 200 3800790 "https://www.nses.ilc.edu.tw/" "Mozilla/5.0 (Macintosh; Intel Mac OS X 10_15_7) AppleWebKit/605.1.15 (KHTML, like Gecko) Version/26.5.2 Safari/605.1.15"
2001:288:a27a:1:6ddc:2a4b:ac26:cde2 - - [17/Aug/2026:10:36:42 +0800] "POST /namt/wp-admin/admin-ajax.php HTTP/1.1" 200 1459 "https://2blog.ilc.edu.tw/namt/wp-admin/user-new.php?user_id=1731" "Mozilla/5.0 (Windows NT 10.0; Win64; x64) AppleWebKit/537.36 (KHTML, like Gecko) Chrome/151.0.0.0 Safari/537.36"
140.111.67.10 - - [17/Aug/2026:10:36:45 +0800] "GET /" 301 273 "-" "-"
2001:288:a201::66:125 - - [17/Aug/2026:10:36:45 +0800] "GET /blog/active.php HTTP/1.1" 301 1026 "-" "-"
2001:288:a201::66:125 - - [17/Aug/2026:10:36:45 +0800] "GET /blog/active.php HTTP/1.1" 404 1084 "-" "-"
::1 - - [17/Aug/2026:10:36:46 +0800] "OPTIONS * HTTP/1.0" 200 110 "-" "Apache/2.4.68 (Ubuntu) OpenSSL/3.0.19 (internal dummy connection)"
2001:b400:e75e:cbc8:a43a:bb37:265c:bcb9 - - [17/Aug/2026:10:36:46 +0800] "GET /wp-content/uploads/sites/1678/2024/11/%E8%AA%B2%E7%A8%8B%E8%A8%88%E7%95%AB%E5%90%8C%E6%84%8F%E5%82%99%E6%9F%A5.png HTTP/1.1" 200 684206 "https://www.nses.ilc.edu.tw/" "Mozilla/5.0 (Macintosh; Intel Mac OS X 10_15_7) AppleWebKit/605.1.15 (KHTML, like Gecko) Version/26.5.2 Safari/605.1.15"
2001:b400:e75e:cbc8:a43a:bb37:265c:bcb9 - - [17/Aug/2026:10:36:46 +0800] "GET /wp-content/uploads/sites/1678/2024/11/%E4%B8%8D%E5%8F%AF%E7%94%A8%E5%A1%91%E8%86%A0%E7%89%A9%E5%93%81-600x600.png HTTP/1.1" 200 532194 "https://www.nses.ilc.edu.tw/" "Mozilla/5.0 (Macintosh; Intel Mac OS X 10_15_7) AppleWebKit/605.1.15 (KHTML, like Gecko) Version/26.5.2 Safari/605.1.15"
::1 - - [17/Aug/2026:10:36:47 +0800] "OPTIONS * HTTP/1.0" 200 110 "-" "Apache/2.4.68 (Ubuntu) OpenSSL/3.0.19 (internal dummy connection)"
2001:b400:e75e:cbc8:a43a:bb37:265c:bcb9 - - [17/Aug/2026:10:36:47 +0800] "GET /wp-content/uploads/sites/1678/2022/12/%E6%A0%A1%E5%9C%92%E5%82%B3%E6%9F%93%E7%97%85%E9%98%B2%E6%B2%BB-%E6%B0%B4%E7%97%98-724x1024.png HTTP/1.1" 200 403040 "https://www.nses.ilc.edu.tw/" "Mozilla/5.0 (Macintosh; Intel Mac OS X 10_15_7) AppleWebKit/605.1.15 (KHTML, like Gecko) Version/26.5.2 Safari/605.1.15"
2001:b400:e75e:cbc8:a43a:bb37:265c:bcb9 - - [17/Aug/2026:10:36:47 +0800] "GET /wp-content/uploads/sites/1678/2024/11/%E8%97%A5%E7%89%A9%E6%BF%AB%E7%94%A8%E5%AE%A3%E5%B0%8E-600x600.png HTTP/1.1" 200 545721 "https://www.nses.ilc.edu.tw/" "Mozilla/5.0 (Macintosh; Intel Mac OS X 10_15_7) AppleWebKit/605.1.15 (KHTML, like Gecko) Version/26.5.2 Safari/605.1.15"
2001:b400:e75e:cbc8:a43a:bb37:265c:bcb9 - - [17/Aug/2026:10:36:48 +0800] "GET /wp-content/uploads/sites/1678/2020/04/%E6%A0%A1%E5%BE%BD504x504-300x300.jpg HTTP/1.1" 200 17642 "https://www.nses.ilc.edu.tw/" "Mozilla/5.0 (Macintosh; Intel Mac OS X 10_15_7) AppleWebKit/605.1.15 (KHTML, like Gecko) Version/26.5.2 Safari/605.1.15"
2001:b400:e75e:cbc8:a43a:bb37:265c:bcb9 - - [17/Aug/2026:10:36:48 +0800] "GET /wp-content/uploads/sites/1678/2020/04/%E6%A0%A1%E5%BE%BD504x504-150x150.jpg HTTP/1.1" 200 8352 "https://www.nses.ilc.edu.tw/" "Mozilla/5.0 (Macintosh; Intel Mac OS X 10_15_7) AppleWebKit/605.1.15 (KHTML, like Gecko) Version/26.5.2 Safari/605.1.15"
2001:b400:e75e:cbc8:a43a:bb37:265c:bcb9 - - [17/Aug/2026:10:36:48 +0800] "GET /wp-content/uploads/sites/1678/2025/08/1754978411289.jpg HTTP/1.1" 200 227696 "https://www.nses.ilc.edu.tw/" "Mozilla/5.0 (Macintosh; Intel Mac OS X 10_15_7) AppleWebKit/605.1.15 (KHTML, like Gecko) Version/26.5.2 Safari/605.1.15"
2001:b400:e75e:cbc8:a43a:bb37:265c:bcb9 - - [17/Aug/2026:10:36:48 +0800] "GET /wp-content/uploads/sites/1678/2025/08/1754978429167.jpg HTTP/1.1" 200 309542 "https://www.nses.ilc.edu.tw/" "Mozilla/5.0 (Macintosh; Intel Mac OS X 10_15_7) AppleWebKit/605.1.15 (KHTML, like Gecko) Version/26.5.2 Safari/605.1.15"
::1 - - [17/Aug/2026:10:36:48 +0800] "OPTIONS * HTTP/1.0" 200 110 "-" "Apache/2.4.68 (Ubuntu) OpenSSL/3.0.19 (internal dummy connection)"
2001:b400:e75e:cbc8:a43a:bb37:265c:bcb9 - - [17/Aug/2026:10:36:48 +0800] "GET /wp-content/uploads/sites/1678/2025/08/1754978455521.jpg HTTP/1.1" 200 297945 "https://www.nses.ilc.edu.tw/" "Mozilla/5.0 (Macintosh; Intel Mac OS X 10_15_7) AppleWebKit/605.1.15 (KHTML, like Gecko) Version/26.5.2 Safari/605.1.15"
::1 - - [17/Aug/2026:10:36:49 +0800] "OPTIONS * HTTP/1.0" 200 110 "-" "Apache/2.4.68 (Ubuntu) OpenSSL/3.0.19 (internal dummy connection)"
2001:b400:e75e:cbc8:a43a:bb37:265c:bcb9 - - [17/Aug/2026:10:36:49 +0800] "GET /wp-content/uploads/sites/1678/2024/11/%E7%B7%8A%E6%80%A5%E5%82%B7%E7%97%85%E8%99%95%E7%90%86.png HTTP/1.1" 200 837302 "https://www.nses.ilc.edu.tw/" "Mozilla/5.0 (Macintosh; Intel Mac OS X 10_15_7) AppleWebKit/605.1.15 (KHTML, like Gecko) Version/26.5.2 Safari/605.1.15"
140.111.67.10 - - [17/Aug/2026:10:36:50 +0800] "GET /" 301 273 "-" "-"
2001:b400:e75e:cbc8:a43a:bb37:265c:bcb9 - - [17/Aug/2026:10:36:50 +0800] "GET /wp-content/uploads/sites/1678/2021/02/8%E5%A4%A7%E5%A0%B4%E6%89%80%E8%A6%81%E6%88%B4%E5%8F%A3%E7%BD%A9-768x543.jpg HTTP/1.1" 200 142282 "https://www.nses.ilc.edu.tw/" "Mozilla/5.0 (Macintosh; Intel Mac OS X 10_15_7) AppleWebKit/605.1.15 (KHTML, like Gecko) Version/26.5.2 Safari/605.1.15"
2001:288:a201::66:125 - - [17/Aug/2026:10:36:50 +0800] "GET /blog/active.php HTTP/1.1" 301 1026 "-" "-"
2001:288:a201::66:125 - - [17/Aug/2026:10:36:50 +0800] "GET /blog/active.php HTTP/1.1" 404 1084 "-" "-"
2001:b400:e75e:cbc8:a43a:bb37:265c:bcb9 - - [17/Aug/2026:10:36:50 +0800] "GET /wp-content/uploads/sites/1678/2022/03/%E5%B7%A5%E5%95%86%E6%99%AE%E6%9F%A5-%E6%B5%B7%E5%A0%B1_1022_final%E7%84%A1code-724x1024.jpg HTTP/1.1" 200 235730 "https://www.nses.ilc.edu.tw/" "Mozilla/5.0 (Macintosh; Intel Mac OS X 10_15_7) AppleWebKit/605.1.15 (KHTML, like Gecko) Version/26.5.2 Safari/605.1.15"
140.111.67.195 - - [17/Aug/2026:10:36:52 +0800] "GET /wp-admin/admin-post.php?action=steps_ad HTTP/1.1" 200 6425 "-" "node-fetch/1.0 (+https://github.com/bitinn/node-fetch)"
140.111.67.195 - - [17/Aug/2026:10:36:52 +0800] "GET /wp-admin/admin-post.php?action=steps_ad HTTP/1.1" 200 1649 "-" "node-fetch/1.0 (+https://github.com/bitinn/node-fetch)"
140.111.119.10 - - [17/Aug/2026:10:36:53 +0800] "GET /wp-content/uploads/sites/3846/2026/08/%E8%BE%B2%E6%A5%AD%E9%83%A8%E5%BB%A3%E5%91%8A.jpg HTTP/1.1" 200 240914 "https://it.ilc.edu.tw/" "Mozilla/5.0 (Windows NT 10.0; Win64; x64) AppleWebKit/537.36 (KHTML, like Gecko) Chrome/151.0.0.0 Safari/537.36"
140.111.119.10 - - [17/Aug/2026:10:36:53 +0800] "GET /wp-content/uploads/sites/3846/2026/06/%E5%AE%A3%E5%82%B3%E5%9C%96%E7%89%87.png HTTP/1.1" 200 1053112 "https://it.ilc.edu.tw/" "Mozilla/5.0 (Windows NT 10.0; Win64; x64) AppleWebKit/537.36 (KHTML, like Gecko) Chrome/151.0.0.0 Safari/537.36"
140.111.119.10 - - [17/Aug/2026:10:36:53 +0800] "GET /wp-content/uploads/sites/3846/2026/06/2026%E5%AE%9C%E8%98%AD%E7%98%8B%E5%AD%B8%E7%BF%92-%E6%9A%91%E5%81%87_%E6%95%99%E8%82%B2%E8%99%95%E9%A6%96%E9%A0%81-1440-x-1080-%E5%83%8F%E7%B4%A0.png HTTP/1.1" 200 2050723 "https://it.ilc.edu.tw/" "Mozilla/5.0 (Windows NT 10.0; Win64; x64) AppleWebKit/537.36 (KHTML, like Gecko) Chrome/151.0.0.0 Safari/537.36"
52.167.144.227 - - [17/Aug/2026:10:36:53 +0800] "GET /wp-content/uploads/sites/1493/4950/previews-med/4950-3908770.jpg HTTP/1.1" 301 1105 "-" "Mozilla/5.0 AppleWebKit/537.36 (KHTML, like Gecko; compatible; bingbot/2.0; +http://www.bing.com/bingbot.htm) Chrome/116.0.1938.76 Safari/537.36"
211.72.195.139 - - [17/Aug/2026:10:36:54 +0800] "GET / HTTP/1.1" 200 29750 "-" "Mozilla/5.0 (Linux; Android 10; K) AppleWebKit/537.36 (KHTML, like Gecko) Chrome/151.0.0.0 Mobile Safari/537.36"
211.72.195.139 - - [17/Aug/2026:10:36:55 +0800] "GET /wp-content/cache/www.fsjh.ilc.edu.tw/wpfc-minified/k1jimmmj/6wah.css HTTP/1.1" 200 40894 "https://www.fsjh.ilc.edu.tw/" "Mozilla/5.0 (Linux; Android 10; K) AppleWebKit/537.36 (KHTML, like Gecko) Chrome/151.0.0.0 Mobile Safari/537.36"
211.72.195.139 - - [17/Aug/2026:10:36:55 +0800] "GET /wp-content/cache/www.fsjh.ilc.edu.tw/wpfc-minified/qkv37ig4/6wah.css HTTP/1.1" 200 1500 "https://www.fsjh.ilc.edu.tw/" "Mozilla/5.0 (Linux; Android 10; K) AppleWebKit/537.36 (KHTML, like Gecko) Chrome/151.0.0.0 Mobile Safari/537.36"
211.72.195.139 - - [17/Aug/2026:10:36:55 +0800] "GET /wp-content/cache/www.fsjh.ilc.edu.tw/wpfc-minified/6klmbkv7/6wah.css HTTP/1.1" 200 23654 "https://www.fsjh.ilc.edu.tw/" "Mozilla/5.0 (Linux; Android 10; K) AppleWebKit/537.36 (KHTML, like Gecko) Chrome/151.0.0.0 Mobile Safari/537.36"
211.72.195.139 - - [17/Aug/2026:10:36:55 +0800] "GET /wp-content/cache/www.fsjh.ilc.edu.tw/wpfc-minified/lm0klrml/6wah.css HTTP/1.1" 200 93590 "https://www.fsjh.ilc.edu.tw/" "Mozilla/5.0 (Linux; Android 10; K) AppleWebKit/537.36 (KHTML, like Gecko) Chrome/151.0.0.0 Mobile Safari/537.36"
211.72.195.139 - - [17/Aug/2026:10:36:55 +0800] "GET /wp-content/uploads/sites/2666/elementor/css/post-81.css HTTP/1.1" 200 6123 "https://www.fsjh.ilc.edu.tw/" "Mozilla/5.0 (Linux; Android 10; K) AppleWebKit/537.36 (KHTML, like Gecko) Chrome/151.0.0.0 Mobile Safari/537.36"
211.72.195.139 - - [17/Aug/2026:10:36:55 +0800] "GET /wp-content/cache/www.fsjh.ilc.edu.tw/wpfc-minified/6ke5b2m4/6wah.css HTTP/1.1" 200 47303 "https://www.fsjh.ilc.edu.tw/" "Mozilla/5.0 (Linux; Android 10; K) AppleWebKit/537.36 (KHTML, like Gecko) Chrome/151.0.0.0 Mobile Safari/537.36"
211.72.195.139 - - [17/Aug/2026:10:36:55 +0800] "GET /wp-content/uploads/sites/2666/elementor/css/post-103.css HTTP/1.1" 200 5806 "https://www.fsjh.ilc.edu.tw/" "Mozilla/5.0 (Linux; Android 10; K) AppleWebKit/537.36 (KHTML, like Gecko) Chrome/151.0.0.0 Mobile Safari/537.36"
140.111.67.10 - - [17/Aug/2026:10:36:55 +0800] "GET /" 301 273 "-" "-"
211.72.195.139 - - [17/Aug/2026:10:36:55 +0800] "GET /wp-content/cache/www.fsjh.ilc.edu.tw/wpfc-minified/qa4zgiv7/6wah.css HTTP/1.1" 200 1138 "https://www.fsjh.ilc.edu.tw/" "Mozilla/5.0 (Linux; Android 10; K) AppleWebKit/537.36 (KHTML, like Gecko) Chrome/151.0.0.0 Mobile Safari/537.36"
211.72.195.139 - - [17/Aug/2026:10:36:55 +0800] "GET /wp-content/cache/www.fsjh.ilc.edu.tw/wpfc-minified/dj5cq5sf/6wah.css HTTP/1.1" 200 7705 "https://www.fsjh.ilc.edu.tw/" "Mozilla/5.0 (Linux; Android 10; K) AppleWebKit/537.36 (KHTML, like Gecko) Chrome/151.0.0.0 Mobile Safari/537.36"
211.72.195.139 - - [17/Aug/2026:10:36:55 +0800] "GET /wp-content/cache/www.fsjh.ilc.edu.tw/wpfc-minified/lco27ft0/6wah.js HTTP/1.1" 200 3453 "https://www.fsjh.ilc.edu.tw/" "Mozilla/5.0 (Linux; Android 10; K) AppleWebKit/537.36 (KHTML, like Gecko) Chrome/151.0.0.0 Mobile Safari/537.36"
211.72.195.139 - - [17/Aug/2026:10:36:55 +0800] "GET /wp-includes/js/hoverintent-js.min.js HTTP/1.1" 200 1597 "https://www.fsjh.ilc.edu.tw/" "Mozilla/5.0 (Linux; Android 10; K) AppleWebKit/537.36 (KHTML, like Gecko) Chrome/151.0.0.0 Mobile Safari/537.36"
211.72.195.139 - - [17/Aug/2026:10:36:55 +0800] "GET /wp-content/cache/www.fsjh.ilc.edu.tw/wpfc-minified/7z76wlqj/6wah.js HTTP/1.1" 200 35559 "https://www.fsjh.ilc.edu.tw/" "Mozilla/5.0 (Linux; Android 10; K) AppleWebKit/537.36 (KHTML, like Gecko) Chrome/151.0.0.0 Mobile Safari/537.36"
211.72.195.139 - - [17/Aug/2026:10:36:55 +0800] "GET /fsjh/wp-content/uploads/sites/2666/2020/10/040628%E5%BE%A9%E8%88%88%E5%9C%8B%E4%B8%ADlogo-only-FSblue.gif HTTP/1.1" 200 16172 "https://www.fsjh.ilc.edu.tw/" "Mozilla/5.0 (Linux; Android 10; K) AppleWebKit/537.36 (KHTML, like Gecko) Chrome/151.0.0.0 Mobile Safari/537.36"
211.72.195.139 - - [17/Aug/2026:10:36:55 +0800] "GET /wp-includes/js/admin-bar.min.js HTTP/1.1" 200 2237 "https://www.fsjh.ilc.edu.tw/" "Mozilla/5.0 (Linux; Android 10; K) AppleWebKit/537.36 (KHTML, like Gecko) Chrome/151.0.0.0 Mobile Safari/537.36"
211.72.195.139 - - [17/Aug/2026:10:36:55 +0800] "GET /wp-includes/js/imagesloaded.min.js HTTP/1.1" 200 2683 "https://www.fsjh.ilc.edu.tw/" "Mozilla/5.0 (Linux; Android 10; K) AppleWebKit/537.36 (KHTML, like Gecko) Chrome/151.0.0.0 Mobile Safari/537.36"
211.72.195.139 - - [17/Aug/2026:10:36:55 +0800] "GET /wp-content/themes/oceanwp/assets/js/theme.min.js HTTP/1.1" 200 5130 "https://www.fsjh.ilc.edu.tw/" "Mozilla/5.0 (Linux; Android 10; K) AppleWebKit/537.36 (KHTML, like Gecko) Chrome/151.0.0.0 Mobile Safari/537.36"
211.72.195.139 - - [17/Aug/2026:10:36:55 +0800] "GET /wp-content/themes/oceanwp/assets/js/full-screen-mobile-menu.min.js HTTP/1.1" 200 4977 "https://www.fsjh.ilc.edu.tw/" "Mozilla/5.0 (Linux; Android 10; K) AppleWebKit/537.36 (KHTML, like Gecko) Chrome/151.0.0.0 Mobile Safari/537.36"
211.72.195.139 - - [17/Aug/2026:10:36:55 +0800] "GET /wp-content/themes/oceanwp/assets/js/drop-down-search.min.js HTTP/1.1" 200 3307 "https://www.fsjh.ilc.edu.tw/" "Mozilla/5.0 (Linux; Android 10; K) AppleWebKit/537.36 (KHTML, like Gecko) Chrome/151.0.0.0 Mobile Safari/537.36"
2001:288:a201::66:125 - - [17/Aug/2026:10:36:55 +0800] "GET /blog/active.php HTTP/1.1" 404 1084 "-" "-"
2001:288:a201::66:125 - - [17/Aug/2026:10:36:55 +0800] "GET /blog/active.php HTTP/1.1" 301 1026 "-" "-"
211.72.195.139 - - [17/Aug/2026:10:36:55 +0800] "GET /wp-content/themes/oceanwp/assets/js/vendors/magnific-popup.min.js HTTP/1.1" 200 8270 "https://www.fsjh.ilc.edu.tw/" "Mozilla/5.0 (Linux; Android 10; K) AppleWebKit/537.36 (KHTML, like Gecko) Chrome/151.0.0.0 Mobile Safari/537.36"
211.72.195.139 - - [17/Aug/2026:10:36:55 +0800] "GET /wp-content/themes/oceanwp/assets/js/scroll-effect.min.js HTTP/1.1" 200 4466 "https://www.fsjh.ilc.edu.tw/" "Mozilla/5.0 (Linux; Android 10; K) AppleWebKit/537.36 (KHTML, like Gecko) Chrome/151.0.0.0 Mobile Safari/537.36"
211.72.195.139 - - [17/Aug/2026:10:36:55 +0800] "GET /wp-content/themes/oceanwp/assets/js/ow-lightbox.min.js HTTP/1.1" 200 2321 "https://www.fsjh.ilc.edu.tw/" "Mozilla/5.0 (Linux; Android 10; K) AppleWebKit/537.36 (KHTML, like Gecko) Chrome/151.0.0.0 Mobile Safari/537.36"
211.72.195.139 - - [17/Aug/2026:10:36:55 +0800] "GET /wp-content/themes/oceanwp/assets/js/scroll-top.min.js HTTP/1.1" 200 8004 "https://www.fsjh.ilc.edu.tw/" "Mozilla/5.0 (Linux; Android 10; K) AppleWebKit/537.36 (KHTML, like Gecko) Chrome/151.0.0.0 Mobile Safari/537.36"
211.72.195.139 - - [17/Aug/2026:10:36:55 +0800] "GET /wp-content/themes/oceanwp/assets/js/vendors/flickity.pkgd.min.js HTTP/1.1" 200 15387 "https://www.fsjh.ilc.edu.tw/" "Mozilla/5.0 (Linux; Android 10; K) AppleWebKit/537.36 (KHTML, like Gecko) Chrome/151.0.0.0 Mobile Safari/537.36"
211.72.195.139 - - [17/Aug/2026:10:36:55 +0800] "GET /wp-content/themes/oceanwp/assets/js/ow-slider.min.js HTTP/1.1" 200 6563 "https://www.fsjh.ilc.edu.tw/" "Mozilla/5.0 (Linux; Android 10; K) AppleWebKit/537.36 (KHTML, like Gecko) Chrome/151.0.0.0 Mobile Safari/537.36"
211.72.195.139 - - [17/Aug/2026:10:36:55 +0800] "GET /wp-content/themes/oceanwp/assets/fonts/fontawesome/webfonts/fa-regular-400.woff2 HTTP/1.1" 200 25383 "https://www.fsjh.ilc.edu.tw/wp-content/cache/www.fsjh.ilc.edu.tw/wpfc-minified/lm0klrml/6wah.css" "Mozilla/5.0 (Linux; Android 10; K) AppleWebKit/537.36 (KHTML, like Gecko) Chrome/151.0.0.0 Mobile Safari/537.36"
211.72.195.139 - - [17/Aug/2026:10:36:55 +0800] "GET /wp-content/themes/oceanwp/assets/js/select.min.js HTTP/1.1" 200 2408 "https://www.fsjh.ilc.edu.tw/" "Mozilla/5.0 (Linux; Android 10; K) AppleWebKit/537.36 (KHTML, like Gecko) Chrome/151.0.0.0 Mobile Safari/537.36"
211.72.195.139 - - [17/Aug/2026:10:36:55 +0800] "GET /wp-content/plugins/ocean-extra/includes/widgets/js/flickr.min.js HTTP/1.1" 200 1319 "https://www.fsjh.ilc.edu.tw/" "Mozilla/5.0 (Linux; Android 10; K) AppleWebKit/537.36 (KHTML, like Gecko) Chrome/151.0.0.0 Mobile Safari/537.36"
211.72.195.139 - - [17/Aug/2026:10:36:55 +0800] "GET /wp-content/plugins/elementor-pro/assets/js/webpack-pro.runtime.min.js HTTP/1.1" 200 3562 "https://www.fsjh.ilc.edu.tw/" "Mozilla/5.0 (Linux; Android 10; K) AppleWebKit/537.36 (KHTML, like Gecko) Chrome/151.0.0.0 Mobile Safari/537.36"
211.72.195.139 - - [17/Aug/2026:10:36:55 +0800] "GET /wp-content/plugins/elementor/assets/js/webpack.runtime.min.js HTTP/1.1" 200 3095 "https://www.fsjh.ilc.edu.tw/" "Mozilla/5.0 (Linux; Android 10; K) AppleWebKit/537.36 (KHTML, like Gecko) Chrome/151.0.0.0 Mobile Safari/537.36"
211.72.195.139 - - [17/Aug/2026:10:36:55 +0800] "GET /wp-content/uploads/sites/2666/2021/04/bg18.gif HTTP/1.1" 200 4792 "https://www.fsjh.ilc.edu.tw/" "Mozilla/5.0 (Linux; Android 10; K) AppleWebKit/537.36 (KHTML, like Gecko) Chrome/151.0.0.0 Mobile Safari/537.36"
211.72.195.139 - - [17/Aug/2026:10:36:55 +0800] "GET /wp-content/plugins/elementor/assets/js/frontend-modules.min.js HTTP/1.1" 200 19416 "https://www.fsjh.ilc.edu.tw/" "Mozilla/5.0 (Linux; Android 10; K) AppleWebKit/537.36 (KHTML, like Gecko) Chrome/151.0.0.0 Mobile Safari/537.36"
211.72.195.139 - - [17/Aug/2026:10:36:55 +0800] "GET /wp-content/uploads/sites/2666/2021/04/BLOG_Banner.jpg HTTP/1.1" 200 103266 "https://www.fsjh.ilc.edu.tw/" "Mozilla/5.0 (Linux; Android 10; K) AppleWebKit/537.36 (KHTML, like Gecko) Chrome/151.0.0.0 Mobile Safari/537.36"
211.72.195.139 - - [17/Aug/2026:10:36:55 +0800] "GET /wp-includes/js/dist/hooks.min.js HTTP/1.1" 200 2421 "https://www.fsjh.ilc.edu.tw/" "Mozilla/5.0 (Linux; Android 10; K) AppleWebKit/537.36 (KHTML, like Gecko) Chrome/151.0.0.0 Mobile Safari/537.36"
211.72.195.139 - - [17/Aug/2026:10:36:55 +0800] "GET /wp-includes/js/dist/i18n.min.js HTTP/1.1" 200 4547 "https://www.fsjh.ilc.edu.tw/" "Mozilla/5.0 (Linux; Android 10; K) AppleWebKit/537.36 (KHTML, like Gecko) Chrome/151.0.0.0 Mobile Safari/537.36"
211.72.195.139 - - [17/Aug/2026:10:36:55 +0800] "GET /wp-content/plugins/elementor-pro/assets/js/frontend.min.js HTTP/1.1" 200 7574 "https://www.fsjh.ilc.edu.tw/" "Mozilla/5.0 (Linux; Android 10; K) AppleWebKit/537.36 (KHTML, like Gecko) Chrome/151.0.0.0 Mobile Safari/537.36"
211.72.195.139 - - [17/Aug/2026:10:36:55 +0800] "GET /wp-content/plugins/elementor/assets/lib/waypoints/waypoints.min.js HTTP/1.1" 200 3873 "https://www.fsjh.ilc.edu.tw/" "Mozilla/5.0 (Linux; Android 10; K) AppleWebKit/537.36 (KHTML, like Gecko) Chrome/151.0.0.0 Mobile Safari/537.36"
211.72.195.139 - - [17/Aug/2026:10:36:55 +0800] "GET /wp-includes/js/jquery/ui/core.min.js HTTP/1.1" 200 7986 "https://www.fsjh.ilc.edu.tw/" "Mozilla/5.0 (Linux; Android 10; K) AppleWebKit/537.36 (KHTML, like Gecko) Chrome/151.0.0.0 Mobile Safari/537.36"
211.72.195.139 - - [17/Aug/2026:10:36:55 +0800] "GET /wp-content/plugins/elementor/assets/js/frontend.min.js HTTP/1.1" 200 13169 "https://www.fsjh.ilc.edu.tw/" "Mozilla/5.0 (Linux; Android 10; K) AppleWebKit/537.36 (KHTML, like Gecko) Chrome/151.0.0.0 Mobile Safari/537.36"
211.72.195.139 - - [17/Aug/2026:10:36:55 +0800] "GET /wp-content/plugins/elementor-pro/assets/js/elements-handlers.min.js HTTP/1.1" 200 10882 "https://www.fsjh.ilc.edu.tw/" "Mozilla/5.0 (Linux; Android 10; K) AppleWebKit/537.36 (KHTML, like Gecko) Chrome/151.0.0.0 Mobile Safari/537.36"
211.72.195.139 - - [17/Aug/2026:10:36:55 +0800] "GET /wp-content/plugins/wp-dtree-30/dtree-img/join.gif HTTP/1.1" 200 894 "https://www.fsjh.ilc.edu.tw/" "Mozilla/5.0 (Linux; Android 10; K) AppleWebKit/537.36 (KHTML, like Gecko) Chrome/151.0.0.0 Mobile Safari/537.36"
211.72.195.139 - - [17/Aug/2026:10:36:55 +0800] "GET /wp-content/plugins/wp-dtree-30/dtree-img/joinbottom.gif HTTP/1.1" 200 891 "https://www.fsjh.ilc.edu.tw/" "Mozilla/5.0 (Linux; Android 10; K) AppleWebKit/537.36 (KHTML, like Gecko) Chrome/151.0.0.0 Mobile Safari/537.36"
2001:288:a26a:1:6923:8bf3:4374:c578 - - [17/Aug/2026:10:36:56 +0800] "POST /hsics/wp-admin/admin-ajax.php HTTP/1.1" 200 1459 "https://2blog.ilc.edu.tw/hsics/wp-admin/edit.php" "Mozilla/5.0 (Windows NT 10.0; Win64; x64) AppleWebKit/537.36 (KHTML, like Gecko) Chrome/151.0.0.0 Safari/537.36"
140.111.67.195 - - [17/Aug/2026:10:36:56 +0800] "GET /wp-admin/admin-post.php?action=steps_ad HTTP/1.1" 200 1649 "-" "node-fetch/1.0 (+https://github.com/bitinn/node-fetch)"
211.72.195.139 - - [17/Aug/2026:10:36:57 +0800] "GET /wp-content/uploads/sites/2666/2020/10/cropped-040628%E5%BE%A9%E8%88%88%E5%9C%8B%E4%B8%ADlogo-only-FSblue-3-192x192.gif HTTP/1.1" 200 9425 "https://www.fsjh.ilc.edu.tw/" "Mozilla/5.0 (Linux; Android 10; K) AppleWebKit/537.36 (KHTML, like Gecko) Chrome/151.0.0.0 Mobile Safari/537.36"
211.72.195.139 - - [17/Aug/2026:10:36:57 +0800] "GET /wp-content/uploads/sites/2666/2020/10/cropped-040628%E5%BE%A9%E8%88%88%E5%9C%8B%E4%B8%ADlogo-only-FSblue-3-180x180.gif HTTP/1.1" 200 8556 "https://www.fsjh.ilc.edu.tw/" "Mozilla/5.0 (Linux; Android 10; K) AppleWebKit/537.36 (KHTML, like Gecko) Chrome/151.0.0.0 Mobile Safari/537.36"
140.111.67.195 - - [17/Aug/2026:10:36:58 +0800] "GET /wp-admin/admin-post.php?action=steps_ad HTTP/1.1" 200 1649 "-" "node-fetch/1.0 (+https://github.com/bitinn/node-fetch)"
2001:4860:7:510::f - - [17/Aug/2026:10:36:58 +0800] "GET / HTTP/1.1" 200 22438 "https://www.google.com/" "Mozilla/5.0 (Windows NT 10.0; Win64; x64) AppleWebKit/537.36 (KHTML, like Gecko) Chrome/151.0.0.0 Safari/537.36"
2001:4860:7:810::f2 - - [17/Aug/2026:10:36:59 +0800] "GET / HTTP/1.1" 200 30944 "https://www.google.com/" "Mozilla/5.0 (Windows NT 10.0; Win64; x64) AppleWebKit/537.36 (KHTML, like Gecko) Chrome/151.0.0.0 Safari/537.36"
118.165.142.49 - - [17/Aug/2026:10:37:00 +0800] "GET /wp-content/cache/www.waldorf.ilc.edu.tw/wpfc-minified/ff80h2zh/6xg3.css HTTP/1.1" 200 45696 "https://www.waldorf.ilc.edu.tw/" "Mozilla/5.0 (Windows NT 10.0; Win64; x64) AppleWebKit/537.36 (KHTML, like Gecko) Chrome/151.0.0.0 Safari/537.36"
140.111.67.10 - - [17/Aug/2026:10:37:00 +0800] "GET /" 301 273 "-" "-"
118.165.142.49 - - [17/Aug/2026:10:37:00 +0800] "GET /wp-content/cache/www.waldorf.ilc.edu.tw/wpfc-minified/jpr50rx6/6xg3.css HTTP/1.1" 200 5964 "https://www.waldorf.ilc.edu.tw/" "Mozilla/5.0 (Windows NT 10.0; Win64; x64) AppleWebKit/537.36 (KHTML, like Gecko) Chrome/151.0.0.0 Safari/537.36"
118.165.142.49 - - [17/Aug/2026:10:37:00 +0800] "GET /wp-content/uploads/sites/1517/elementor/css/post-3740.css HTTP/1.1" 200 6114 "https://www.waldorf.ilc.edu.tw/" "Mozilla/5.0 (Windows NT 10.0; Win64; x64) AppleWebKit/537.36 (KHTML, like Gecko) Chrome/151.0.0.0 Safari/537.36"
118.165.142.49 - - [17/Aug/2026:10:37:00 +0800] "GET /wp-content/cache/www.waldorf.ilc.edu.tw/wpfc-minified/lwt2mv0t/6xg3.css HTTP/1.1" 200 19350 "https://www.waldorf.ilc.edu.tw/" "Mozilla/5.0 (Windows NT 10.0; Win64; x64) AppleWebKit/537.36 (KHTML, like Gecko) Chrome/151.0.0.0 Safari/537.36"
118.165.142.49 - - [17/Aug/2026:10:37:00 +0800] "GET /wp-content/cache/www.waldorf.ilc.edu.tw/wpfc-minified/g1ne7hpx/6xg3.css HTTP/1.1" 200 48698 "https://www.waldorf.ilc.edu.tw/" "Mozilla/5.0 (Windows NT 10.0; Win64; x64) AppleWebKit/537.36 (KHTML, like Gecko) Chrome/151.0.0.0 Safari/537.36"
118.165.142.49 - - [17/Aug/2026:10:37:00 +0800] "GET /wp-content/cache/www.waldorf.ilc.edu.tw/wpfc-minified/s9du8dd/6xg3.css HTTP/1.1" 200 52094 "https://www.waldorf.ilc.edu.tw/" "Mozilla/5.0 (Windows NT 10.0; Win64; x64) AppleWebKit/537.36 (KHTML, like Gecko) Chrome/151.0.0.0 Safari/537.36"
118.165.142.49 - - [17/Aug/2026:10:37:00 +0800] "GET /wp-content/uploads/sites/1517/elementor/css/post-1413.css HTTP/1.1" 200 2011 "https://www.waldorf.ilc.edu.tw/" "Mozilla/5.0 (Windows NT 10.0; Win64; x64) AppleWebKit/537.36 (KHTML, like Gecko) Chrome/151.0.0.0 Safari/537.36"
118.165.142.49 - - [17/Aug/2026:10:37:00 +0800] "GET /wp-content/cache/www.waldorf.ilc.edu.tw/wpfc-minified/3pjp17l/6xg3.css HTTP/1.1" 200 13906 "https://www.waldorf.ilc.edu.tw/" "Mozilla/5.0 (Windows NT 10.0; Win64; x64) AppleWebKit/537.36 (KHTML, like Gecko) Chrome/151.0.0.0 Safari/537.36"
118.165.142.49 - - [17/Aug/2026:10:37:00 +0800] "GET /wp-content/cache/www.waldorf.ilc.edu.tw/wpfc-minified/kl1hde1y/6xg3.js HTTP/1.1" 200 35563 "https://www.waldorf.ilc.edu.tw/" "Mozilla/5.0 (Windows NT 10.0; Win64; x64) AppleWebKit/537.36 (KHTML, like Gecko) Chrome/151.0.0.0 Safari/537.36"
118.165.142.49 - - [17/Aug/2026:10:37:00 +0800] "GET /wp-content/themes/hueman/assets/front/webfonts/fa-brands-400.woff2?v=5.15.2 HTTP/1.1" 200 79499 "https://www.waldorf.ilc.edu.tw/" "Mozilla/5.0 (Windows NT 10.0; Win64; x64) AppleWebKit/537.36 (KHTML, like Gecko) Chrome/151.0.0.0 Safari/537.36"
118.165.142.49 - - [17/Aug/2026:10:37:00 +0800] "GET /wp-content/themes/hueman/assets/front/webfonts/fa-regular-400.woff2?v=5.15.2 HTTP/1.1" 200 14439 "https://www.waldorf.ilc.edu.tw/" "Mozilla/5.0 (Windows NT 10.0; Win64; x64) AppleWebKit/537.36 (KHTML, like Gecko) Chrome/151.0.0.0 Safari/537.36"
118.165.142.49 - - [17/Aug/2026:10:37:00 +0800] "GET /wp-content/themes/hueman/assets/front/webfonts/fa-solid-900.woff2?v=5.15.2 HTTP/1.1" 200 81301 "https://www.waldorf.ilc.edu.tw/" "Mozilla/5.0 (Windows NT 10.0; Win64; x64) AppleWebKit/537.36 (KHTML, like Gecko) Chrome/151.0.0.0 Safari/537.36"
118.165.142.49 - - [17/Aug/2026:10:37:00 +0800] "GET /wp-content/themes/hueman/assets/front/fonts/titillium-light-webfont.woff HTTP/1.1" 200 25606 "https://www.waldorf.ilc.edu.tw/" "Mozilla/5.0 (Windows NT 10.0; Win64; x64) AppleWebKit/537.36 (KHTML, like Gecko) Chrome/151.0.0.0 Safari/537.36"
118.165.142.49 - - [17/Aug/2026:10:37:00 +0800] "GET /wp-content/themes/hueman/assets/front/fonts/titillium-lightitalic-webfont.woff HTTP/1.1" 200 27654 "https://www.waldorf.ilc.edu.tw/" "Mozilla/5.0 (Windows NT 10.0; Win64; x64) AppleWebKit/537.36 (KHTML, like Gecko) Chrome/151.0.0.0 Safari/537.36"
118.165.142.49 - - [17/Aug/2026:10:37:00 +0800] "GET /wp-content/themes/hueman/assets/front/fonts/titillium-regular-webfont.woff HTTP/1.1" 200 25590 "https://www.waldorf.ilc.edu.tw/" "Mozilla/5.0 (Windows NT 10.0; Win64; x64) AppleWebKit/537.36 (KHTML, like Gecko) Chrome/151.0.0.0 Safari/537.36"
118.165.142.49 - - [17/Aug/2026:10:37:00 +0800] "GET /wp-content/themes/hueman/assets/front/fonts/titillium-regularitalic-webfont.woff HTTP/1.1" 200 27482 "https://www.waldorf.ilc.edu.tw/" "Mozilla/5.0 (Windows NT 10.0; Win64; x64) AppleWebKit/537.36 (KHTML, like Gecko) Chrome/151.0.0.0 Safari/537.36"
118.165.142.49 - - [17/Aug/2026:10:37:00 +0800] "GET /wp-content/themes/hueman/assets/front/fonts/titillium-semibold-webfont.woff HTTP/1.1" 200 25626 "https://www.waldorf.ilc.edu.tw/" "Mozilla/5.0 (Windows NT 10.0; Win64; x64) AppleWebKit/537.36 (KHTML, like Gecko) Chrome/151.0.0.0 Safari/537.36"
118.165.142.49 - - [17/Aug/2026:10:37:00 +0800] "GET /wp-content/uploads/sites/1517/2024/07/%E6%A0%A1%E8%88%8D%E5%8B%B8%E5%8B%9F%E5%B0%88%E5%8D%80.png HTTP/1.1" 200 11216 "https://www.waldorf.ilc.edu.tw/" "Mozilla/5.0 (Windows NT 10.0; Win64; x64) AppleWebKit/537.36 (KHTML, like Gecko) Chrome/151.0.0.0 Safari/537.36"
118.165.142.49 - - [17/Aug/2026:10:37:00 +0800] "GET /wp-content/uploads/sites/1517/2024/08/%E5%B9%B4%E5%BA%A6%E8%AA%B2%E7%A8%8B%E8%A8%88%E7%95%AB.png HTTP/1.1" 200 10087 "https://www.waldorf.ilc.edu.tw/" "Mozilla/5.0 (Windows NT 10.0; Win64; x64) AppleWebKit/537.36 (KHTML, like Gecko) Chrome/151.0.0.0 Safari/537.36"
118.165.142.49 - - [17/Aug/2026:10:37:00 +0800] "GET /wp-content/uploads/sites/1517/2024/03/%E5%8F%8B%E5%96%84%E6%A0%A1%E5%9C%92%E5%B0%88%E5%8D%80.png HTTP/1.1" 200 10591 "https://www.waldorf.ilc.edu.tw/" "Mozilla/5.0 (Windows NT 10.0; Win64; x64) AppleWebKit/537.36 (KHTML, like Gecko) Chrome/151.0.0.0 Safari/537.36"
118.165.142.49 - - [17/Aug/2026:10:37:00 +0800] "GET /wp-content/cache/www.waldorf.ilc.edu.tw/wpfc-minified/l0srqxzl/6xg3.css HTTP/1.1" 200 3465 "https://www.waldorf.ilc.edu.tw/" "Mozilla/5.0 (Windows NT 10.0; Win64; x64) AppleWebKit/537.36 (KHTML, like Gecko) Chrome/151.0.0.0 Safari/537.36"
118.165.142.49 - - [17/Aug/2026:10:37:00 +0800] "GET /wp-includes/js/hoverintent-js.min.js HTTP/1.1" 200 1597 "https://www.waldorf.ilc.edu.tw/" "Mozilla/5.0 (Windows NT 10.0; Win64; x64) AppleWebKit/537.36 (KHTML, like Gecko) Chrome/151.0.0.0 Safari/537.36"
118.165.142.49 - - [17/Aug/2026:10:37:00 +0800] "GET /wp-includes/js/admin-bar.min.js HTTP/1.1" 200 2237 "https://www.waldorf.ilc.edu.tw/" "Mozilla/5.0 (Windows NT 10.0; Win64; x64) AppleWebKit/537.36 (KHTML, like Gecko) Chrome/151.0.0.0 Safari/537.36"
118.165.142.49 - - [17/Aug/2026:10:37:00 +0800] "GET /wp-includes/js/dist/hooks.min.js HTTP/1.1" 200 2421 "https://www.waldorf.ilc.edu.tw/" "Mozilla/5.0 (Windows NT 10.0; Win64; x64) AppleWebKit/537.36 (KHTML, like Gecko) Chrome/151.0.0.0 Safari/537.36"
118.165.142.49 - - [17/Aug/2026:10:37:00 +0800] "GET /wp-content/plugins/elementor-pro/assets/js/webpack-pro.runtime.min.js HTTP/1.1" 200 3562 "https://www.waldorf.ilc.edu.tw/" "Mozilla/5.0 (Windows NT 10.0; Win64; x64) AppleWebKit/537.36 (KHTML, like Gecko) Chrome/151.0.0.0 Safari/537.36"
118.165.142.49 - - [17/Aug/2026:10:37:00 +0800] "GET /wp-content/plugins/elementor/assets/js/webpack.runtime.min.js HTTP/1.1" 200 3095 "https://www.waldorf.ilc.edu.tw/" "Mozilla/5.0 (Windows NT 10.0; Win64; x64) AppleWebKit/537.36 (KHTML, like Gecko) Chrome/151.0.0.0 Safari/537.36"
118.165.142.49 - - [17/Aug/2026:10:37:00 +0800] "GET /wp-includes/js/underscore.min.js HTTP/1.1" 200 8191 "https://www.waldorf.ilc.edu.tw/" "Mozilla/5.0 (Windows NT 10.0; Win64; x64) AppleWebKit/537.36 (KHTML, like Gecko) Chrome/151.0.0.0 Safari/537.36"
118.165.142.49 - - [17/Aug/2026:10:37:00 +0800] "GET /wp-content/plugins/elementor/assets/js/frontend-modules.min.js HTTP/1.1" 200 19416 "https://www.waldorf.ilc.edu.tw/" "Mozilla/5.0 (Windows NT 10.0; Win64; x64) AppleWebKit/537.36 (KHTML, like Gecko) Chrome/151.0.0.0 Safari/537.36"
118.165.142.49 - - [17/Aug/2026:10:37:00 +0800] "GET /wp-includes/js/dist/i18n.min.js HTTP/1.1" 200 4547 "https://www.waldorf.ilc.edu.tw/" "Mozilla/5.0 (Windows NT 10.0; Win64; x64) AppleWebKit/537.36 (KHTML, like Gecko) Chrome/151.0.0.0 Safari/537.36"
118.165.142.49 - - [17/Aug/2026:10:37:00 +0800] "GET /wp-content/plugins/elementor-pro/assets/js/frontend.min.js HTTP/1.1" 200 7574 "https://www.waldorf.ilc.edu.tw/" "Mozilla/5.0 (Windows NT 10.0; Win64; x64) AppleWebKit/537.36 (KHTML, like Gecko) Chrome/151.0.0.0 Safari/537.36"
118.165.142.49 - - [17/Aug/2026:10:37:00 +0800] "GET /wp-includes/js/jquery/ui/core.min.js HTTP/1.1" 200 7986 "https://www.waldorf.ilc.edu.tw/" "Mozilla/5.0 (Windows NT 10.0; Win64; x64) AppleWebKit/537.36 (KHTML, like Gecko) Chrome/151.0.0.0 Safari/537.36"
118.165.142.49 - - [17/Aug/2026:10:37:00 +0800] "GET /wp-content/plugins/elementor/assets/lib/waypoints/waypoints.min.js HTTP/1.1" 200 3873 "https://www.waldorf.ilc.edu.tw/" "Mozilla/5.0 (Windows NT 10.0; Win64; x64) AppleWebKit/537.36 (KHTML, like Gecko) Chrome/151.0.0.0 Safari/537.36"
118.165.142.49 - - [17/Aug/2026:10:37:00 +0800] "GET /wp-content/plugins/elementor-pro/assets/js/elements-handlers.min.js HTTP/1.1" 200 10882 "https://www.waldorf.ilc.edu.tw/" "Mozilla/5.0 (Windows NT 10.0; Win64; x64) AppleWebKit/537.36 (KHTML, like Gecko) Chrome/151.0.0.0 Safari/537.36"
118.165.142.49 - - [17/Aug/2026:10:37:00 +0800] "GET /wp-content/plugins/elementor/assets/js/frontend.min.js HTTP/1.1" 200 13169 "https://www.waldorf.ilc.edu.tw/" "Mozilla/5.0 (Windows NT 10.0; Win64; x64) AppleWebKit/537.36 (KHTML, like Gecko) Chrome/151.0.0.0 Safari/537.36"
118.165.142.49 - - [17/Aug/2026:10:37:00 +0800] "GET /wp-content/themes/hueman/assets/front/js/scripts.min.js HTTP/1.1" 200 22643 "https://www.waldorf.ilc.edu.tw/" "Mozilla/5.0 (Windows NT 10.0; Win64; x64) AppleWebKit/537.36 (KHTML, like Gecko) Chrome/151.0.0.0 Safari/537.36"
118.165.142.49 - - [17/Aug/2026:10:37:00 +0800] "GET /wp-content/uploads/sites/1517/2024/07/%E5%9C%8B%E4%B8%AD%E5%8D%87%E5%AD%B8%E5%B0%88%E5%8D%80.png HTTP/1.1" 200 9911 "https://www.waldorf.ilc.edu.tw/" "Mozilla/5.0 (Windows NT 10.0; Win64; x64) AppleWebKit/537.36 (KHTML, like Gecko) Chrome/151.0.0.0 Safari/537.36"
118.165.142.49 - - [17/Aug/2026:10:37:00 +0800] "GET /wp-content/uploads/sites/1517/2024/12/%E7%89%B9%E6%95%99%E8%BC%94%E5%B0%8E%E5%B0%88%E5%8D%80.png HTTP/1.1" 200 11227 "https://www.waldorf.ilc.edu.tw/" "Mozilla/5.0 (Windows NT 10.0; Win64; x64) AppleWebKit/537.36 (KHTML, like Gecko) Chrome/151.0.0.0 Safari/537.36"
118.165.142.49 - - [17/Aug/2026:10:37:00 +0800] "GET /wp-content/uploads/sites/1517/2024/01/%E5%8D%88%E9%A4%90%E5%B0%88%E5%8D%80.png HTTP/1.1" 200 8269 "https://www.waldorf.ilc.edu.tw/" "Mozilla/5.0 (Windows NT 10.0; Win64; x64) AppleWebKit/537.36 (KHTML, like Gecko) Chrome/151.0.0.0 Safari/537.36"
118.165.142.49 - - [17/Aug/2026:10:37:00 +0800] "GET /wp-content/uploads/sites/1517/2024/01/49827-2-1536x312.jpg HTTP/1.1" 200 94382 "https://www.waldorf.ilc.edu.tw/" "Mozilla/5.0 (Windows NT 10.0; Win64; x64) AppleWebKit/537.36 (KHTML, like Gecko) Chrome/151.0.0.0 Safari/537.36"
118.165.142.49 - - [17/Aug/2026:10:37:00 +0800] "GET /wp-content/uploads/sites/1517/2020/11/asfc.png HTTP/1.1" 200 48257 "https://www.waldorf.ilc.edu.tw/" "Mozilla/5.0 (Windows NT 10.0; Win64; x64) AppleWebKit/537.36 (KHTML, like Gecko) Chrome/151.0.0.0 Safari/537.36"
118.165.142.49 - - [17/Aug/2026:10:37:00 +0800] "GET /wp-content/uploads/sites/1517/2020/11/as1.jpg HTTP/1.1" 200 25119 "https://www.waldorf.ilc.edu.tw/" "Mozilla/5.0 (Windows NT 10.0; Win64; x64) AppleWebKit/537.36 (KHTML, like Gecko) Chrome/151.0.0.0 Safari/537.36"
118.165.142.49 - - [17/Aug/2026:10:37:00 +0800] "GET /wp-content/plugins/elementor/assets/lib/font-awesome/webfonts/fa-solid-900.woff2 HTTP/1.1" 200 79223 "https://www.waldorf.ilc.edu.tw/wp-content/cache/www.waldorf.ilc.edu.tw/wpfc-minified/3pjp17l/6xg3.css" "Mozilla/5.0 (Windows NT 10.0; Win64; x64) AppleWebKit/537.36 (KHTML, like Gecko) Chrome/151.0.0.0 Safari/537.36"
2001:288:a201::66:125 - - [17/Aug/2026:10:37:00 +0800] "GET /blog/active.php HTTP/1.1" 301 1026 "-" "-"
118.165.142.49 - - [17/Aug/2026:10:37:00 +0800] "GET /wp-content/uploads/sites/1517/2020/11/asfc95.png HTTP/1.1" 200 58205 "https://www.waldorf.ilc.edu.tw/" "Mozilla/5.0 (Windows NT 10.0; Win64; x64) AppleWebKit/537.36 (KHTML, like Gecko) Chrome/151.0.0.0 Safari/537.36"
118.165.142.49 - - [17/Aug/2026:10:37:00 +0800] "GET /wp-content/uploads/sites/1517/2020/11/asfc98.png HTTP/1.1" 200 45201 "https://www.waldorf.ilc.edu.tw/" "Mozilla/5.0 (Windows NT 10.0; Win64; x64) AppleWebKit/537.36 (KHTML, like Gecko) Chrome/151.0.0.0 Safari/537.36"
2001:288:a201::66:125 - - [17/Aug/2026:10:37:00 +0800] "GET /blog/active.php HTTP/1.1" 404 1084 "-" "-"
118.165.142.49 - - [17/Aug/2026:10:37:00 +0800] "GET /wp-content/uploads/sites/1517/2020/11/asfc99.png HTTP/1.1" 200 49717 "https://www.waldorf.ilc.edu.tw/" "Mozilla/5.0 (Windows NT 10.0; Win64; x64) AppleWebKit/537.36 (KHTML, like Gecko) Chrome/151.0.0.0 Safari/537.36"
118.165.142.49 - - [17/Aug/2026:10:37:01 +0800] "GET /wp-content/plugins/elementor-pro/assets/js/social.2d2e44e8608690943f29.bundle.min.js HTTP/1.1" 200 1433 "https://www.waldorf.ilc.edu.tw/" "Mozilla/5.0 (Windows NT 10.0; Win64; x64) AppleWebKit/537.36 (KHTML, like Gecko) Chrome/151.0.0.0 Safari/537.36"
118.165.142.49 - - [17/Aug/2026:10:37:01 +0800] "GET /wp-content/plugins/elementor/assets/js/text-editor.2c35aafbe5bf0e127950.bundle.min.js HTTP/1.1" 200 1545 "https://www.waldorf.ilc.edu.tw/" "Mozilla/5.0 (Windows NT 10.0; Win64; x64) AppleWebKit/537.36 (KHTML, like Gecko) Chrome/151.0.0.0 Safari/537.36"
118.165.142.49 - - [17/Aug/2026:10:37:01 +0800] "GET /wp-content/plugins/elementor/assets/js/toggle.31881477c45ff5cf9d4d.bundle.min.js HTTP/1.1" 200 2281 "https://www.waldorf.ilc.edu.tw/" "Mozilla/5.0 (Windows NT 10.0; Win64; x64) AppleWebKit/537.36 (KHTML, like Gecko) Chrome/151.0.0.0 Safari/537.36"
140.111.67.195 - - [17/Aug/2026:10:37:01 +0800] "GET /wp-admin/admin-post.php?action=steps_ad HTTP/1.1" 200 1649 "-" "node-fetch/1.0 (+https://github.com/bitinn/node-fetch)"
118.165.142.49 - - [17/Aug/2026:10:37:02 +0800] "GET /wp-content/uploads/sites/1517/2022/09/cropped-%E6%88%AA%E5%9C%96-2022-09-01-15_0.59.21-32x32.png HTTP/1.1" 200 1932 "https://www.waldorf.ilc.edu.tw/" "Mozilla/5.0 (Windows NT 10.0; Win64; x64) AppleWebKit/537.36 (KHTML, like Gecko) Chrome/151.0.0.0 Safari/537.36"
52.167.144.220 - - [17/Aug/2026:10:37:02 +0800] "GET /?s=pbl+%E6%93%B4%E5%85%85%E6%A8%A1%E7%B5%84 HTTP/1.1" 200 20469 "-" "Mozilla/5.0 AppleWebKit/537.36 (KHTML, like Gecko; compatible; bingbot/2.0; +http://www.bing.com/bingbot.htm) Chrome/116.0.1938.76 Safari/537.36"
2001:b011:4013:bf9a:2d3d:f8cb:8e4b:5f4f - - [17/Aug/2026:10:37:02 +0800] "GET /favicon.ico HTTP/1.1" 302 1369 "https://twcampus.org/" "Mozilla/5.0 (Windows NT 10.0; Win64; x64) AppleWebKit/537.36 (KHTML, like Gecko) Chrome/151.0.0.0 Safari/537.36"
118.165.142.49 - - [17/Aug/2026:10:37:04 +0800] "GET /wp-content/themes/hueman/assets/front/img/opacity-10.png HTTP/1.1" 200 902 "https://www.waldorf.ilc.edu.tw/wp-content/cache/www.waldorf.ilc.edu.tw/wpfc-minified/lwt2mv0t/6xg3.css" "Mozilla/5.0 (Windows NT 10.0; Win64; x64) AppleWebKit/537.36 (KHTML, like Gecko) Chrome/151.0.0.0 Safari/537.36"
140.111.67.195 - - [17/Aug/2026:10:37:04 +0800] "GET /wp-admin/admin-post.php?action=steps_ad HTTP/1.1" 200 1649 "-" "node-fetch/1.0 (+https://github.com/bitinn/node-fetch)"
140.111.67.10 - - [17/Aug/2026:10:37:05 +0800] "GET /" 301 273 "-" "-"
2001:288:a201::66:125 - - [17/Aug/2026:10:37:05 +0800] "GET /blog/active.php HTTP/1.1" 404 1084 "-" "-"
2001:288:a201::66:125 - - [17/Aug/2026:10:37:05 +0800] "GET /blog/active.php HTTP/1.1" 301 1026 "-" "-"
::1 - - [17/Aug/2026:10:37:06 +0800] "OPTIONS * HTTP/1.0" 200 110 "-" "Apache/2.4.68 (Ubuntu) OpenSSL/3.0.19 (internal dummy connection)"
::1 - - [17/Aug/2026:10:37:07 +0800] "OPTIONS * HTTP/1.0" 200 110 "-" "Apache/2.4.68 (Ubuntu) OpenSSL/3.0.19 (internal dummy connection)"
::1 - - [17/Aug/2026:10:37:08 +0800] "OPTIONS * HTTP/1.0" 200 110 "-" "Apache/2.4.68 (Ubuntu) OpenSSL/3.0.19 (internal dummy connection)"
2001:288:a211:1:8585:2c8a:992e:f6e5 - - [17/Aug/2026:10:37:08 +0800] "-" 408 4791 "-" "-"
::1 - - [17/Aug/2026:10:37:09 +0800] "OPTIONS * HTTP/1.0" 200 110 "-" "Apache/2.4.68 (Ubuntu) OpenSSL/3.0.19 (internal dummy connection)"
140.111.67.10 - - [17/Aug/2026:10:37:10 +0800] "GET /" 301 273 "-" "-"
2001:b400:e2af:a6ef:569c:bd89:93b3:4b1c - - [17/Aug/2026:10:37:10 +0800] "-" 408 4807 "-" "-"
2001:b400:e2af:a6ef:569c:bd89:93b3:4b1c - - [17/Aug/2026:10:37:10 +0800] "-" 408 4807 "-" "-"
::1 - - [17/Aug/2026:10:37:10 +0800] "OPTIONS * HTTP/1.0" 200 110 "-" "Apache/2.4.68 (Ubuntu) OpenSSL/3.0.19 (internal dummy connection)"
2001:288:a201::66:125 - - [17/Aug/2026:10:37:10 +0800] "GET /blog/active.php HTTP/1.1" 404 1084 "-" "-"
2001:288:a201::66:125 - - [17/Aug/2026:10:37:10 +0800] "GET /blog/active.php HTTP/1.1" 301 1026 "-" "-"
114.24.251.215 - - [17/Aug/2026:10:37:11 +0800] "GET /wp-content/uploads/sites/3846/2023/07/%E6%95%99%E8%82%B2%E8%99%95%E5%85%AB%E5%A4%A7%E6%96%B9%E9%87%9D.png HTTP/1.1" 200 200327 "https://it.ilc.edu.tw/" "Mozilla/5.0 (X11; CrOS x86_64 14541.0.0) AppleWebKit/537.36 (KHTML, like Gecko) Chrome/114.0.0.0 Safari/537.36"
::1 - - [17/Aug/2026:10:37:11 +0800] "OPTIONS * HTTP/1.0" 200 110 "-" "Apache/2.4.68 (Ubuntu) OpenSSL/3.0.19 (internal dummy connection)"
2001:288:a26a:1:6923:8bf3:4374:c578 - - [17/Aug/2026:10:37:11 +0800] "POST /hsics/wp-admin/admin-ajax.php HTTP/1.1" 200 1459 "https://2blog.ilc.edu.tw/hsics/wp-admin/edit.php" "Mozilla/5.0 (Windows NT 10.0; Win64; x64) AppleWebKit/537.36 (KHTML, like Gecko) Chrome/151.0.0.0 Safari/537.36"
::1 - - [17/Aug/2026:10:37:12 +0800] "OPTIONS * HTTP/1.0" 200 110 "-" "Apache/2.4.68 (Ubuntu) OpenSSL/3.0.19 (internal dummy connection)"
140.111.67.195 - - [17/Aug/2026:10:37:12 +0800] "GET /wp-admin/admin-post.php?action=steps_ad HTTP/1.1" 200 1973 "-" "node-fetch/1.0 (+https://github.com/bitinn/node-fetch)"
114.24.251.215 - - [17/Aug/2026:10:37:12 +0800] "GET /wp-content/uploads/sites/3846/2026/02/%E9%81%BF%E5%85%8D%E8%AA%A4%E5%85%A5%E8%A9%90%E9%A8%99%E7%B6%B2%E7%AB%99APP%E5%B0%8F%E5%B8%B8%E8%AD%98.jpg HTTP/1.1" 200 454833 "https://it.ilc.edu.tw/" "Mozilla/5.0 (X11; CrOS x86_64 14541.0.0) AppleWebKit/537.36 (KHTML, like Gecko) Chrome/114.0.0.0 Safari/537.36"
114.24.251.215 - - [17/Aug/2026:10:37:12 +0800] "GET /wp-content/uploads/sites/3846/2026/08/%E8%BE%B2%E6%A5%AD%E9%83%A8%E5%BB%A3%E5%91%8A.jpg HTTP/1.1" 200 236462 "https://it.ilc.edu.tw/" "Mozilla/5.0 (X11; CrOS x86_64 14541.0.0) AppleWebKit/537.36 (KHTML, like Gecko) Chrome/114.0.0.0 Safari/537.36"
114.24.251.215 - - [17/Aug/2026:10:37:12 +0800] "GET /wp-content/uploads/sites/3846/2026/06/2026%E5%AE%9C%E8%98%AD%E7%98%8B%E5%AD%B8%E7%BF%92-%E6%9A%91%E5%81%87_%E6%95%99%E8%82%B2%E8%99%95%E9%A6%96%E9%A0%81-1440-x-1080-%E5%83%8F%E7%B4%A0.png HTTP/1.1" 200 2046271 "https://it.ilc.edu.tw/" "Mozilla/5.0 (X11; CrOS x86_64 14541.0.0) AppleWebKit/537.36 (KHTML, like Gecko) Chrome/114.0.0.0 Safari/537.36"
114.24.251.215 - - [17/Aug/2026:10:37:12 +0800] "GET /wp-content/uploads/sites/3846/2026/06/%E5%AE%A3%E5%82%B3%E5%9C%96%E7%89%87.png HTTP/1.1" 200 1053112 "https://it.ilc.edu.tw/" "Mozilla/5.0 (X11; CrOS x86_64 14541.0.0) AppleWebKit/537.36 (KHTML, like Gecko) Chrome/114.0.0.0 Safari/537.36"
140.111.67.195 - - [17/Aug/2026:10:37:13 +0800] "GET /wp-admin/admin-post.php?action=steps_ad HTTP/1.1" 200 1649 "-" "node-fetch/1.0 (+https://github.com/bitinn/node-fetch)"
52.167.144.227 - - [17/Aug/2026:10:37:13 +0800] "GET /wp-content/uploads/sites/1493/4950/previews-med/4950-3908770.jpg HTTP/1.1" 200 25797 "-" "Mozilla/5.0 AppleWebKit/537.36 (KHTML, like Gecko; compatible; bingbot/2.0; +http://www.bing.com/bingbot.htm) Chrome/116.0.1938.76 Safari/537.36"
140.111.67.10 - - [17/Aug/2026:10:37:15 +0800] "GET /" 301 273 "-" "-"
52.167.144.163 - - [17/Aug/2026:10:37:15 +0800] "GET /3226/2013/03/19/%E8%BD%89%E7%9F%A5102%E5%B9%B4%E6%95%99%E8%82%B2%E9%83%A8%E9%96%A9%E5%8D%97%E8%AA%9E%E8%AA%9E%E8%A8%80%E8%83%BD%E5%8A%9B%E8%AA%8D%E8%AD%89%E7%9B%B8%E9%97%9C%E8%A8%8A%E6%81%AF/ HTTP/1.1" 200 22799 "-" "Mozilla/5.0 AppleWebKit/537.36 (KHTML, like Gecko; compatible; bingbot/2.0; +http://www.bing.com/bingbot.htm) Chrome/116.0.1938.76 Safari/537.36"
2001:288:a201::66:125 - - [17/Aug/2026:10:37:15 +0800] "GET /blog/active.php HTTP/1.1" 404 1084 "-" "-"
2001:288:a201::66:125 - - [17/Aug/2026:10:37:15 +0800] "GET /blog/active.php HTTP/1.1" 301 1026 "-" "-"
2407:4b00:4c02:877a:e4e8:e623:2098:ab3d - - [17/Aug/2026:10:37:18 +0800] "GET / HTTP/1.1" 200 25942 "https://www.bing.com/" "Mozilla/5.0 (Windows NT 10.0; Win64; x64) AppleWebKit/537.36 (KHTML, like Gecko) Chrome/151.0.0.0 Safari/537.36 Edg/151.0.0.0"
2407:4b00:4c02:877a:e4e8:e623:2098:ab3d - - [17/Aug/2026:10:37:18 +0800] "GET /wp-content/cache/www.iljh.ilc.edu.tw/wpfc-minified/g37rvqkn/6x5k.css HTTP/1.1" 200 45685 "https://www.iljh.ilc.edu.tw/" "Mozilla/5.0 (Windows NT 10.0; Win64; x64) AppleWebKit/537.36 (KHTML, like Gecko) Chrome/151.0.0.0 Safari/537.36 Edg/151.0.0.0"
