120.101.197.59 - - [17/Aug/2026:10:32:14 +0800] "GET /wp-content/themes/oceanwp/assets/js/scroll-top.min.js HTTP/1.1" 200 3202 "https://www.cwjh.ilc.edu.tw/" "Mozilla/5.0 (Windows NT 10.0; Win64; x64) AppleWebKit/537.36 (KHTML, like Gecko) Chrome/151.0.0.0 Safari/537.36"
120.101.197.59 - - [17/Aug/2026:10:32:14 +0800] "GET /wp-content/themes/oceanwp/assets/js/select.min.js HTTP/1.1" 200 2408 "https://www.cwjh.ilc.edu.tw/" "Mozilla/5.0 (Windows NT 10.0; Win64; x64) AppleWebKit/537.36 (KHTML, like Gecko) Chrome/151.0.0.0 Safari/537.36"
120.101.197.59 - - [17/Aug/2026:10:32:14 +0800] "GET /wp-content/plugins/ocean-extra/includes/widgets/js/flickr.min.js HTTP/1.1" 200 1319 "https://www.cwjh.ilc.edu.tw/" "Mozilla/5.0 (Windows NT 10.0; Win64; x64) AppleWebKit/537.36 (KHTML, like Gecko) Chrome/151.0.0.0 Safari/537.36"
120.101.197.59 - - [17/Aug/2026:10:32:14 +0800] "GET /wp-content/uploads/sites/1364/2020/02/Animated-Gif-New-1.gif HTTP/1.1" 200 3399 "https://www.cwjh.ilc.edu.tw/" "Mozilla/5.0 (Windows NT 10.0; Win64; x64) AppleWebKit/537.36 (KHTML, like Gecko) Chrome/151.0.0.0 Safari/537.36"
120.101.197.59 - - [17/Aug/2026:10:32:14 +0800] "GET /wp-content/uploads/sites/1364/2024/07/Reference-School-Horizontal.png HTTP/1.1" 200 22083 "https://www.cwjh.ilc.edu.tw/" "Mozilla/5.0 (Windows NT 10.0; Win64; x64) AppleWebKit/537.36 (KHTML, like Gecko) Chrome/151.0.0.0 Safari/537.36"
120.101.197.59 - - [17/Aug/2026:10:32:14 +0800] "GET /wp-content/themes/oceanwp/assets/fonts/fontawesome/webfonts/fa-solid-900.woff2 HTTP/1.1" 200 151246 "https://www.cwjh.ilc.edu.tw/wp-content/cache/www.cwjh.ilc.edu.tw/wpfc-minified/dhutxct0/77dd.css" "Mozilla/5.0 (Windows NT 10.0; Win64; x64) AppleWebKit/537.36 (KHTML, like Gecko) Chrome/151.0.0.0 Safari/537.36"
120.101.197.59 - - [17/Aug/2026:10:32:14 +0800] "GET /wp-content/uploads/sites/1364/2019/10/cropped-21502-3467847-1.png HTTP/1.1" 200 1491354 "https://www.cwjh.ilc.edu.tw/" "Mozilla/5.0 (Windows NT 10.0; Win64; x64) AppleWebKit/537.36 (KHTML, like Gecko) Chrome/151.0.0.0 Safari/537.36"
120.101.197.59 - - [17/Aug/2026:10:32:14 +0800] "GET /wp-content/themes/oceanwp/assets/fonts/simple-line-icons/Simple-Line-Icons.woff2?v=2.4.0 HTTP/1.1" 200 30959 "https://www.cwjh.ilc.edu.tw/wp-content/cache/www.cwjh.ilc.edu.tw/wpfc-minified/dhutxct0/77dd.css" "Mozilla/5.0 (Windows NT 10.0; Win64; x64) AppleWebKit/537.36 (KHTML, like Gecko) Chrome/151.0.0.0 Safari/537.36"
2001:b400:e177:20ee:ccdc:b6:9b56:992f - - [17/Aug/2026:10:32:11 +0800] "GET /wp-content/uploads/sites/1984/2024/03/2024-03-17_220445.png HTTP/1.1" 200 716779 "https://www.dses.ilc.edu.tw/" "Mozilla/5.0 (iPhone; CPU iPhone OS 26_6_0 like Mac OS X) AppleWebKit/605.1.15 (KHTML, like Gecko) CriOS/151.0.7922.112 Mobile/15E148 Safari/604.1"
140.111.67.10 - - [17/Aug/2026:10:32:15 +0800] "GET /" 301 273 "-" "-"
2001:288:a201::66:125 - - [17/Aug/2026:10:32:15 +0800] "GET /blog/active.php HTTP/1.1" 404 1084 "-" "-"
2001:288:a201::66:125 - - [17/Aug/2026:10:32:15 +0800] "GET /blog/active.php HTTP/1.1" 301 1026 "-" "-"
120.101.197.59 - - [17/Aug/2026:10:32:16 +0800] "GET /2012/07/06/%E5%90%84%E8%99%95%E5%AE%A4%E9%9B%BB%E8%A9%B1/ HTTP/1.1" 200 23715 "https://www.google.com/" "Mozilla/5.0 (Windows NT 10.0; Win64; x64) AppleWebKit/537.36 (KHTML, like Gecko) Chrome/151.0.0.0 Safari/537.36"
120.101.197.59 - - [17/Aug/2026:10:32:16 +0800] "GET /wp-content/cache/www.cwjh.ilc.edu.tw/wpfc-minified/ky24g1hk/7m68.js HTTP/1.1" 200 1638 "https://www.cwjh.ilc.edu.tw/2012/07/06/%E5%90%84%E8%99%95%E5%AE%A4%E9%9B%BB%E8%A9%B1/" "Mozilla/5.0 (Windows NT 10.0; Win64; x64) AppleWebKit/537.36 (KHTML, like Gecko) Chrome/151.0.0.0 Safari/537.36"
120.101.197.59 - - [17/Aug/2026:10:32:17 +0800] "GET /wp-content/uploads/sites/1364/2020/02/cropped-cwjh001-32x32.png HTTP/1.1" 200 3126 "https://www.cwjh.ilc.edu.tw/2012/07/06/%E5%90%84%E8%99%95%E5%AE%A4%E9%9B%BB%E8%A9%B1/" "Mozilla/5.0 (Windows NT 10.0; Win64; x64) AppleWebKit/537.36 (KHTML, like Gecko) Chrome/151.0.0.0 Safari/537.36"
2001:b400:e177:20ee:ccdc:b6:9b56:992f - - [17/Aug/2026:10:32:10 +0800] "GET /wp-content/uploads/sites/1984/2023/11/2023-11-15_232530.png HTTP/1.1" 200 2885307 "https://www.dses.ilc.edu.tw/" "Mozilla/5.0 (iPhone; CPU iPhone OS 26_6_0 like Mac OS X) AppleWebKit/605.1.15 (KHTML, like Gecko) CriOS/151.0.7922.112 Mobile/15E148 Safari/604.1"
120.101.197.59 - - [17/Aug/2026:10:32:17 +0800] "POST /wp-json/ilc-summary/v1/popular-posts HTTP/1.1" 201 1395 "https://www.cwjh.ilc.edu.tw/2012/07/06/%E5%90%84%E8%99%95%E5%AE%A4%E9%9B%BB%E8%A9%B1/" "Mozilla/5.0 (Windows NT 10.0; Win64; x64) AppleWebKit/537.36 (KHTML, like Gecko) Chrome/151.0.0.0 Safari/537.36"
2001:b400:e177:20ee:ccdc:b6:9b56:992f - - [17/Aug/2026:10:32:18 +0800] "GET /wp-content/uploads/sites/1984/2024/08/%E8%82%89%E6%AF%94%E9%A0%AD.png HTTP/1.1" 200 1221105 "https://www.dses.ilc.edu.tw/" "Mozilla/5.0 (iPhone; CPU iPhone OS 26_6_0 like Mac OS X) AppleWebKit/605.1.15 (KHTML, like Gecko) CriOS/151.0.7922.112 Mobile/15E148 Safari/604.1"
140.111.67.10 - - [17/Aug/2026:10:32:20 +0800] "GET /" 301 273 "-" "-"
2001:288:a201::66:125 - - [17/Aug/2026:10:32:20 +0800] "GET /blog/active.php HTTP/1.1" 301 1026 "-" "-"
2001:288:a201::66:125 - - [17/Aug/2026:10:32:20 +0800] "GET /blog/active.php HTTP/1.1" 404 1084 "-" "-"
49.159.181.102 - - [17/Aug/2026:10:32:21 +0800] "GET / HTTP/1.1" 200 17463 "https://www.google.com/" "Mozilla/5.0 (Linux; Android 10; K) AppleWebKit/537.36 (KHTML, like Gecko) Chrome/151.0.0.0 Mobile Safari/537.36"
49.159.181.102 - - [17/Aug/2026:10:32:22 +0800] "GET /wp-content/cache/www.jaes.ilc.edu.tw/wpfc-minified/1b2s554a/78ap.css HTTP/1.1" 200 40884 "https://www.jaes.ilc.edu.tw/" "Mozilla/5.0 (Linux; Android 10; K) AppleWebKit/537.36 (KHTML, like Gecko) Chrome/151.0.0.0 Mobile Safari/537.36"
49.159.181.102 - - [17/Aug/2026:10:32:22 +0800] "GET /wp-content/cache/www.jaes.ilc.edu.tw/wpfc-minified/6ne2tht5/78ap.css HTTP/1.1" 200 15777 "https://www.jaes.ilc.edu.tw/" "Mozilla/5.0 (Linux; Android 10; K) AppleWebKit/537.36 (KHTML, like Gecko) Chrome/151.0.0.0 Mobile Safari/537.36"
49.159.181.102 - - [17/Aug/2026:10:32:22 +0800] "GET /wp-content/cache/www.jaes.ilc.edu.tw/wpfc-minified/79shrf9y/78ap.css HTTP/1.1" 200 1496 "https://www.jaes.ilc.edu.tw/" "Mozilla/5.0 (Linux; Android 10; K) AppleWebKit/537.36 (KHTML, like Gecko) Chrome/151.0.0.0 Mobile Safari/537.36"
49.159.181.102 - - [17/Aug/2026:10:32:22 +0800] "GET /wp-content/uploads/sites/2036/2020/08/%E7%AB%B9%E5%AE%89%E5%9C%8B%E5%B0%8F-MARK-1536x1469.jpg HTTP/1.1" 200 193945 "https://www.jaes.ilc.edu.tw/" "Mozilla/5.0 (Linux; Android 10; K) AppleWebKit/537.36 (KHTML, like Gecko) Chrome/151.0.0.0 Mobile Safari/537.36"
49.159.181.102 - - [17/Aug/2026:10:32:22 +0800] "GET /wp-includes/js/admin-bar.min.js HTTP/1.1" 200 2237 "https://www.jaes.ilc.edu.tw/" "Mozilla/5.0 (Linux; Android 10; K) AppleWebKit/537.36 (KHTML, like Gecko) Chrome/151.0.0.0 Mobile Safari/537.36"
49.159.181.102 - - [17/Aug/2026:10:32:22 +0800] "GET /wp-includes/js/hoverintent-js.min.js HTTP/1.1" 200 6399 "https://www.jaes.ilc.edu.tw/" "Mozilla/5.0 (Linux; Android 10; K) AppleWebKit/537.36 (KHTML, like Gecko) Chrome/151.0.0.0 Mobile Safari/537.36"
49.159.181.102 - - [17/Aug/2026:10:32:22 +0800] "GET /wp-content/cache/www.jaes.ilc.edu.tw/wpfc-minified/g421l6f3/78ap.js HTTP/1.1" 200 40360 "https://www.jaes.ilc.edu.tw/" "Mozilla/5.0 (Linux; Android 10; K) AppleWebKit/537.36 (KHTML, like Gecko) Chrome/151.0.0.0 Mobile Safari/537.36"
49.159.181.102 - - [17/Aug/2026:10:32:22 +0800] "GET /wp-content/cache/www.jaes.ilc.edu.tw/wpfc-minified/qw06p7fw/78ap.css HTTP/1.1" 200 61644 "https://www.jaes.ilc.edu.tw/" "Mozilla/5.0 (Linux; Android 10; K) AppleWebKit/537.36 (KHTML, like Gecko) Chrome/151.0.0.0 Mobile Safari/537.36"
49.159.181.102 - - [17/Aug/2026:10:32:22 +0800] "GET /wp-includes/js/imagesloaded.min.js HTTP/1.1" 200 2683 "https://www.jaes.ilc.edu.tw/" "Mozilla/5.0 (Linux; Android 10; K) AppleWebKit/537.36 (KHTML, like Gecko) Chrome/151.0.0.0 Mobile Safari/537.36"
49.159.181.102 - - [17/Aug/2026:10:32:22 +0800] "GET /wp-content/themes/oceanwp/assets/js/theme.min.js HTTP/1.1" 200 5130 "https://www.jaes.ilc.edu.tw/" "Mozilla/5.0 (Linux; Android 10; K) AppleWebKit/537.36 (KHTML, like Gecko) Chrome/151.0.0.0 Mobile Safari/537.36"
49.159.181.102 - - [17/Aug/2026:10:32:22 +0800] "GET /wp-content/themes/oceanwp/assets/js/drop-down-mobile-menu.min.js HTTP/1.1" 200 4663 "https://www.jaes.ilc.edu.tw/" "Mozilla/5.0 (Linux; Android 10; K) AppleWebKit/537.36 (KHTML, like Gecko) Chrome/151.0.0.0 Mobile Safari/537.36"
49.159.181.102 - - [17/Aug/2026:10:32:22 +0800] "GET /wp-content/themes/oceanwp/assets/js/drop-down-search.min.js HTTP/1.1" 200 2968 "https://www.jaes.ilc.edu.tw/" "Mozilla/5.0 (Linux; Android 10; K) AppleWebKit/537.36 (KHTML, like Gecko) Chrome/151.0.0.0 Mobile Safari/537.36"
49.159.181.102 - - [17/Aug/2026:10:32:22 +0800] "GET /wp-content/themes/oceanwp/assets/js/vendors/magnific-popup.min.js HTTP/1.1" 200 8270 "https://www.jaes.ilc.edu.tw/" "Mozilla/5.0 (Linux; Android 10; K) AppleWebKit/537.36 (KHTML, like Gecko) Chrome/151.0.0.0 Mobile Safari/537.36"
49.159.181.102 - - [17/Aug/2026:10:32:22 +0800] "GET /wp-content/themes/oceanwp/assets/js/ow-lightbox.min.js HTTP/1.1" 200 2321 "https://www.jaes.ilc.edu.tw/" "Mozilla/5.0 (Linux; Android 10; K) AppleWebKit/537.36 (KHTML, like Gecko) Chrome/151.0.0.0 Mobile Safari/537.36"
49.159.181.102 - - [17/Aug/2026:10:32:22 +0800] "GET /wp-content/themes/oceanwp/assets/js/vendors/flickity.pkgd.min.js HTTP/1.1" 200 15048 "https://www.jaes.ilc.edu.tw/" "Mozilla/5.0 (Linux; Android 10; K) AppleWebKit/537.36 (KHTML, like Gecko) Chrome/151.0.0.0 Mobile Safari/537.36"
49.159.181.102 - - [17/Aug/2026:10:32:22 +0800] "GET /wp-content/themes/oceanwp/assets/js/ow-slider.min.js HTTP/1.1" 200 1761 "https://www.jaes.ilc.edu.tw/" "Mozilla/5.0 (Linux; Android 10; K) AppleWebKit/537.36 (KHTML, like Gecko) Chrome/151.0.0.0 Mobile Safari/537.36"
49.159.181.102 - - [17/Aug/2026:10:32:22 +0800] "GET /wp-content/themes/oceanwp/assets/js/scroll-top.min.js HTTP/1.1" 200 3202 "https://www.jaes.ilc.edu.tw/" "Mozilla/5.0 (Linux; Android 10; K) AppleWebKit/537.36 (KHTML, like Gecko) Chrome/151.0.0.0 Mobile Safari/537.36"
49.159.181.102 - - [17/Aug/2026:10:32:22 +0800] "GET /wp-content/themes/oceanwp/assets/js/select.min.js HTTP/1.1" 200 2408 "https://www.jaes.ilc.edu.tw/" "Mozilla/5.0 (Linux; Android 10; K) AppleWebKit/537.36 (KHTML, like Gecko) Chrome/151.0.0.0 Mobile Safari/537.36"
49.159.181.102 - - [17/Aug/2026:10:32:22 +0800] "GET /wp-content/themes/oceanwp/assets/js/scroll-effect.min.js HTTP/1.1" 200 4127 "https://www.jaes.ilc.edu.tw/" "Mozilla/5.0 (Linux; Android 10; K) AppleWebKit/537.36 (KHTML, like Gecko) Chrome/151.0.0.0 Mobile Safari/537.36"
49.159.181.102 - - [17/Aug/2026:10:32:22 +0800] "GET /wp-content/plugins/ocean-extra/includes/widgets/js/flickr.min.js HTTP/1.1" 200 1319 "https://www.jaes.ilc.edu.tw/" "Mozilla/5.0 (Linux; Android 10; K) AppleWebKit/537.36 (KHTML, like Gecko) Chrome/151.0.0.0 Mobile Safari/537.36"
49.159.181.102 - - [17/Aug/2026:10:32:22 +0800] "GET /wp-content/uploads/sites/2036/2020/08/111.jpg HTTP/1.1" 200 434035 "https://www.jaes.ilc.edu.tw/" "Mozilla/5.0 (Linux; Android 10; K) AppleWebKit/537.36 (KHTML, like Gecko) Chrome/151.0.0.0 Mobile Safari/537.36"
2001:b400:e177:20ee:ccdc:b6:9b56:992f - - [17/Aug/2026:10:32:22 +0800] "GET /wp-content/uploads/sites/1984/2024/03/%E4%B8%89%E5%95%86%E7%BE%8E%E9%82%A6%E6%A8%82%E6%A8%82%E6%A3%92-.png HTTP/1.1" 200 952546 "https://www.dses.ilc.edu.tw/" "Mozilla/5.0 (iPhone; CPU iPhone OS 26_6_0 like Mac OS X) AppleWebKit/605.1.15 (KHTML, like Gecko) CriOS/151.0.7922.112 Mobile/15E148 Safari/604.1"
2001:b400:e177:20ee:ccdc:b6:9b56:992f - - [17/Aug/2026:10:32:22 +0800] "GET /wp-content/uploads/sites/1984/2025/09/%E9%9C%B2%E7%87%9F.png HTTP/1.1" 200 879320 "https://www.dses.ilc.edu.tw/" "Mozilla/5.0 (iPhone; CPU iPhone OS 26_6_0 like Mac OS X) AppleWebKit/605.1.15 (KHTML, like Gecko) CriOS/151.0.7922.112 Mobile/15E148 Safari/604.1"
2001:288:a201::67:81 - - [17/Aug/2026:10:32:22 +0800] "GET /2373/ HTTP/1.1" 200 21227 "-" "WordPress/6.6.7; https://www.djes.ilc.edu.tw"
2001:288:a201::67:81 - - [17/Aug/2026:10:32:22 +0800] "GET /2373/feed/ HTTP/1.1" 200 23016 "-" "WordPress/6.6.7; https://www.djes.ilc.edu.tw"
2001:288:a202:0:cce5:266c:49f8:19a9 - - [17/Aug/2026:10:32:22 +0800] "-" 408 4791 "-" "-"
52.167.144.160 - - [17/Aug/2026:10:32:22 +0800] "GET /?s=2027 HTTP/1.1" 200 24817 "-" "Mozilla/5.0 AppleWebKit/537.36 (KHTML, like Gecko; compatible; bingbot/2.0; +http://www.bing.com/bingbot.htm) Chrome/116.0.1938.76 Safari/537.36"
2001:b400:e177:20ee:ccdc:b6:9b56:992f - - [17/Aug/2026:10:32:22 +0800] "GET /wp-content/uploads/sites/1984/2025/09/%E8%8F%AF%E8%A6%96%E6%96%B0%E8%81%9E%E9%9B%9C%E8%AA%8C.png HTTP/1.1" 200 543740 "https://www.dses.ilc.edu.tw/" "Mozilla/5.0 (iPhone; CPU iPhone OS 26_6_0 like Mac OS X) AppleWebKit/605.1.15 (KHTML, like Gecko) CriOS/151.0.7922.112 Mobile/15E148 Safari/604.1"
2001:b400:e177:20ee:ccdc:b6:9b56:992f - - [17/Aug/2026:10:32:22 +0800] "GET /wp-content/uploads/sites/1984/2024/04/2024-04-02_222323.png HTTP/1.1" 200 1113550 "https://www.dses.ilc.edu.tw/" "Mozilla/5.0 (iPhone; CPU iPhone OS 26_6_0 like Mac OS X) AppleWebKit/605.1.15 (KHTML, like Gecko) CriOS/151.0.7922.112 Mobile/15E148 Safari/604.1"
49.159.181.102 - - [17/Aug/2026:10:32:23 +0800] "GET /wp-content/themes/oceanwp/assets/fonts/fontawesome/webfonts/fa-solid-900.woff2 HTTP/1.1" 200 151246 "https://www.jaes.ilc.edu.tw/wp-content/cache/www.jaes.ilc.edu.tw/wpfc-minified/qw06p7fw/78ap.css" "Mozilla/5.0 (Linux; Android 10; K) AppleWebKit/537.36 (KHTML, like Gecko) Chrome/151.0.0.0 Mobile Safari/537.36"
2001:b400:e177:20ee:ccdc:b6:9b56:992f - - [17/Aug/2026:10:32:23 +0800] "GET /wp-content/uploads/sites/1984/2023/10/%E6%9C%AC%E6%A0%A1%E6%A6%AE%E7%8D%B2%E5%AD%B8%E5%B9%B4%E5%BA%A6%E5%AE%9C%E8%98%AD%E7%B8%A3%E9%99%B6%E7%AC%9B.png HTTP/1.1" 200 327324 "https://www.dses.ilc.edu.tw/" "Mozilla/5.0 (iPhone; CPU iPhone OS 26_6_0 like Mac OS X) AppleWebKit/605.1.15 (KHTML, like Gecko) CriOS/151.0.7922.112 Mobile/15E148 Safari/604.1"
2001:b400:e177:20ee:ccdc:b6:9b56:992f - - [17/Aug/2026:10:32:23 +0800] "GET /wp-content/uploads/sites/1984/2023/12/112%E9%99%B6%E7%AC%9B%E6%AF%94%E8%B3%BD%E5%84%AA%E7%AD%89.png HTTP/1.1" 200 328550 "https://www.dses.ilc.edu.tw/" "Mozilla/5.0 (iPhone; CPU iPhone OS 26_6_0 like Mac OS X) AppleWebKit/605.1.15 (KHTML, like Gecko) CriOS/151.0.7922.112 Mobile/15E148 Safari/604.1"
2001:b400:e177:20ee:ccdc:b6:9b56:992f - - [17/Aug/2026:10:32:23 +0800] "GET /wp-content/uploads/sites/1984/2023/10/%E6%96%B0%E5%A2%9E%E6%A8%99%E9%A1%8C.png HTTP/1.1" 200 526817 "https://www.dses.ilc.edu.tw/" "Mozilla/5.0 (iPhone; CPU iPhone OS 26_6_0 like Mac OS X) AppleWebKit/605.1.15 (KHTML, like Gecko) CriOS/151.0.7922.112 Mobile/15E148 Safari/604.1"
2001:b011:4013:bf9a:2d3d:f8cb:8e4b:5f4f - - [17/Aug/2026:10:32:23 +0800] "GET /favicon.ico HTTP/1.1" 302 1369 "https://twcampus.org/" "Mozilla/5.0 (Windows NT 10.0; Win64; x64) AppleWebKit/537.36 (KHTML, like Gecko) Chrome/151.0.0.0 Safari/537.36"
2001:4860:7:410::f0 - - [17/Aug/2026:10:32:23 +0800] "GET /868/43503/ HTTP/1.1" 200 19737 "https://www.google.com/" "Mozilla/5.0 (Linux; Android 10; K) AppleWebKit/537.36 (KHTML, like Gecko) Chrome/151.0.0.0 Mobile Safari/537.36"
49.159.181.102 - - [17/Aug/2026:10:32:24 +0800] "GET /favicon.ico HTTP/1.1" 302 1062 "https://www.jaes.ilc.edu.tw/" "Mozilla/5.0 (Linux; Android 10; K) AppleWebKit/537.36 (KHTML, like Gecko) Chrome/151.0.0.0 Mobile Safari/537.36"
49.159.181.102 - - [17/Aug/2026:10:32:24 +0800] "GET /wp-includes/images/w-logo-blue-white-bg.png HTTP/1.1" 200 4946 "https://www.jaes.ilc.edu.tw/" "Mozilla/5.0 (Linux; Android 10; K) AppleWebKit/537.36 (KHTML, like Gecko) Chrome/151.0.0.0 Mobile Safari/537.36"
2001:b400:e177:20ee:ccdc:b6:9b56:992f - - [17/Aug/2026:10:32:23 +0800] "GET /wp-content/uploads/sites/1984/2023/12/%E8%B2%9D%E8%B2%9D%E5%B0%8F%E6%8F%90%E7%90%B4.png HTTP/1.1" 200 499452 "https://www.dses.ilc.edu.tw/" "Mozilla/5.0 (iPhone; CPU iPhone OS 26_6_0 like Mac OS X) AppleWebKit/605.1.15 (KHTML, like Gecko) CriOS/151.0.7922.112 Mobile/15E148 Safari/604.1"
2001:b400:e177:20ee:ccdc:b6:9b56:992f - - [17/Aug/2026:10:32:23 +0800] "GET /wp-content/uploads/sites/1984/2024/04/112%E6%A8%82%E6%A8%82%E6%A3%92%E5%86%A0%E8%BB%8D.png HTTP/1.1" 200 631074 "https://www.dses.ilc.edu.tw/" "Mozilla/5.0 (iPhone; CPU iPhone OS 26_6_0 like Mac OS X) AppleWebKit/605.1.15 (KHTML, like Gecko) CriOS/151.0.7922.112 Mobile/15E148 Safari/604.1"
140.111.67.10 - - [17/Aug/2026:10:32:25 +0800] "GET /" 301 273 "-" "-"
120.101.209.107 - - [17/Aug/2026:10:32:25 +0800] "GET / HTTP/1.1" 200 28989 "https://www.google.com.tw/" "Mozilla/5.0 (Windows NT 10.0; Win64; x64) AppleWebKit/537.36 (KHTML, like Gecko) Chrome/151.0.0.0 Safari/537.36 Edg/151.0.0.0"
2001:b400:e177:20ee:ccdc:b6:9b56:992f - - [17/Aug/2026:10:32:25 +0800] "GET /wp-content/uploads/sites/1984/2023/10/%E6%9C%AC%E6%A0%A1%E8%94%A1O%E9%9C%93%E5%90%8C%E5%AD%B8-1.png HTTP/1.1" 200 452518 "https://www.dses.ilc.edu.tw/" "Mozilla/5.0 (iPhone; CPU iPhone OS 26_6_0 like Mac OS X) AppleWebKit/605.1.15 (KHTML, like Gecko) CriOS/151.0.7922.112 Mobile/15E148 Safari/604.1"
2001:b400:e177:20ee:ccdc:b6:9b56:992f - - [17/Aug/2026:10:32:25 +0800] "GET /wp-content/uploads/sites/1984/2023/10/%E5%B0%96%E9%BE%9C%E8%9C%9C%E5%A5%BD%E6%AD%A1%E5%96%9C-760-%C3%97-480-%E5%83%8F%E7%B4%A0-1.png HTTP/1.1" 200 554494 "https://www.dses.ilc.edu.tw/" "Mozilla/5.0 (iPhone; CPU iPhone OS 26_6_0 like Mac OS X) AppleWebKit/605.1.15 (KHTML, like Gecko) CriOS/151.0.7922.112 Mobile/15E148 Safari/604.1"
120.101.209.107 - - [17/Aug/2026:10:32:25 +0800] "GET /wp-content/cache/www.gjes.ilc.edu.tw/wpfc-minified/loik9v0j/72cw.css HTTP/1.1" 200 1496 "https://www.gjes.ilc.edu.tw/" "Mozilla/5.0 (Windows NT 10.0; Win64; x64) AppleWebKit/537.36 (KHTML, like Gecko) Chrome/151.0.0.0 Safari/537.36 Edg/151.0.0.0"
120.101.209.107 - - [17/Aug/2026:10:32:25 +0800] "GET /wp-content/cache/www.gjes.ilc.edu.tw/wpfc-minified/fu08zcmx/72cw.css HTTP/1.1" 200 40884 "https://www.gjes.ilc.edu.tw/" "Mozilla/5.0 (Windows NT 10.0; Win64; x64) AppleWebKit/537.36 (KHTML, like Gecko) Chrome/151.0.0.0 Safari/537.36 Edg/151.0.0.0"
120.101.209.107 - - [17/Aug/2026:10:32:25 +0800] "GET /wp-content/cache/www.gjes.ilc.edu.tw/wpfc-minified/lw8arvsy/72cw.css HTTP/1.1" 200 55050 "https://www.gjes.ilc.edu.tw/" "Mozilla/5.0 (Windows NT 10.0; Win64; x64) AppleWebKit/537.36 (KHTML, like Gecko) Chrome/151.0.0.0 Safari/537.36 Edg/151.0.0.0"
120.101.209.107 - - [17/Aug/2026:10:32:25 +0800] "GET /wp-content/cache/www.gjes.ilc.edu.tw/wpfc-minified/d3mrt8qj/72cw.css HTTP/1.1" 200 80234 "https://www.gjes.ilc.edu.tw/" "Mozilla/5.0 (Windows NT 10.0; Win64; x64) AppleWebKit/537.36 (KHTML, like Gecko) Chrome/151.0.0.0 Safari/537.36 Edg/151.0.0.0"
2001:288:a201::66:125 - - [17/Aug/2026:10:32:26 +0800] "GET /blog/active.php HTTP/1.1" 301 1026 "-" "-"
2001:b400:e177:20ee:ccdc:b6:9b56:992f - - [17/Aug/2026:10:32:25 +0800] "GET /wp-content/uploads/sites/1984/2023/10/%E5%B0%96%E9%BE%9C%E8%9C%9C%E5%A5%BD%E6%AD%A1%E5%96%9C-760-%C3%97-480-%E5%83%8F%E7%B4%A0-2.png HTTP/1.1" 200 642577 "https://www.dses.ilc.edu.tw/" "Mozilla/5.0 (iPhone; CPU iPhone OS 26_6_0 like Mac OS X) AppleWebKit/605.1.15 (KHTML, like Gecko) CriOS/151.0.7922.112 Mobile/15E148 Safari/604.1"
2001:288:5425:0:4f6f:b8c5:8479:ce8 - - [17/Aug/2026:10:32:26 +0800] "GET /24/wp-content/cache/2blog.ilc.edu.tw/wpfc-minified/kblgh2kv/5wouu.js HTTP/1.1" 200 8249 "https://2blog.ilc.edu.tw/24/2005/09/19/%E5%B8%B8%E7%94%A8%E4%BF%AE%E8%BE%AD%E8%88%89%E4%BE%8B-%E6%A5%8A%E8%A3%95%E8%B2%BF%E6%95%99%E6%8E%88%E6%8F%90%E4%BE%9B/" "Mozilla/5.0 (Windows NT 10.0; Win64; x64) AppleWebKit/537.36 (KHTML, like Gecko) Chrome/151.0.0.0 Safari/537.36"
120.101.209.107 - - [17/Aug/2026:10:32:25 +0800] "GET /wp-content/uploads/sites/1664/elementor/css/post-2.css HTTP/1.1" 200 2596 "https://www.gjes.ilc.edu.tw/" "Mozilla/5.0 (Windows NT 10.0; Win64; x64) AppleWebKit/537.36 (KHTML, like Gecko) Chrome/151.0.0.0 Safari/537.36 Edg/151.0.0.0"
2001:288:5425:0:4f6f:b8c5:8479:ce8 - - [17/Aug/2026:10:32:25 +0800] "GET /24/wp-content/cache/2blog.ilc.edu.tw/wpfc-minified/9lahg00f/5wouu.js HTTP/1.1" 200 6435 "https://2blog.ilc.edu.tw/24/2005/09/19/%E5%B8%B8%E7%94%A8%E4%BF%AE%E8%BE%AD%E8%88%89%E4%BE%8B-%E6%A5%8A%E8%A3%95%E8%B2%BF%E6%95%99%E6%8E%88%E6%8F%90%E4%BE%9B/" "Mozilla/5.0 (Windows NT 10.0; Win64; x64) AppleWebKit/537.36 (KHTML, like Gecko) Chrome/151.0.0.0 Safari/537.36"
2001:288:5425:0:4f6f:b8c5:8479:ce8 - - [17/Aug/2026:10:32:25 +0800] "GET /24/wp-content/cache/2blog.ilc.edu.tw/wpfc-minified/qudelhzb/5wouu.css HTTP/1.1" 200 32136 "https://2blog.ilc.edu.tw/24/2005/09/19/%E5%B8%B8%E7%94%A8%E4%BF%AE%E8%BE%AD%E8%88%89%E4%BE%8B-%E6%A5%8A%E8%A3%95%E8%B2%BF%E6%95%99%E6%8E%88%E6%8F%90%E4%BE%9B/" "Mozilla/5.0 (Windows NT 10.0; Win64; x64) AppleWebKit/537.36 (KHTML, like Gecko) Chrome/151.0.0.0 Safari/537.36"
2001:288:5425:0:4f6f:b8c5:8479:ce8 - - [17/Aug/2026:10:32:25 +0800] "GET /24/wp-content/cache/2blog.ilc.edu.tw/wpfc-minified/joow4jue/5wouu.css HTTP/1.1" 200 20776 "https://2blog.ilc.edu.tw/24/2005/09/19/%E5%B8%B8%E7%94%A8%E4%BF%AE%E8%BE%AD%E8%88%89%E4%BE%8B-%E6%A5%8A%E8%A3%95%E8%B2%BF%E6%95%99%E6%8E%88%E6%8F%90%E4%BE%9B/" "Mozilla/5.0 (Windows NT 10.0; Win64; x64) AppleWebKit/537.36 (KHTML, like Gecko) Chrome/151.0.0.0 Safari/537.36"
2001:288:5425:0:4f6f:b8c5:8479:ce8 - - [17/Aug/2026:10:32:25 +0800] "GET /24/wp-content/cache/2blog.ilc.edu.tw/wpfc-minified/keicu4kx/5wouu.css HTTP/1.1" 200 45679 "https://2blog.ilc.edu.tw/24/2005/09/19/%E5%B8%B8%E7%94%A8%E4%BF%AE%E8%BE%AD%E8%88%89%E4%BE%8B-%E6%A5%8A%E8%A3%95%E8%B2%BF%E6%95%99%E6%8E%88%E6%8F%90%E4%BE%9B/" "Mozilla/5.0 (Windows NT 10.0; Win64; x64) AppleWebKit/537.36 (KHTML, like Gecko) Chrome/151.0.0.0 Safari/537.36"
2001:288:5425:0:4f6f:b8c5:8479:ce8 - - [17/Aug/2026:10:32:25 +0800] "GET /24/wp-content/cache/2blog.ilc.edu.tw/wpfc-minified/1ep0rvpd/5wouu.js HTTP/1.1" 200 40355 "https://2blog.ilc.edu.tw/24/2005/09/19/%E5%B8%B8%E7%94%A8%E4%BF%AE%E8%BE%AD%E8%88%89%E4%BE%8B-%E6%A5%8A%E8%A3%95%E8%B2%BF%E6%95%99%E6%8E%88%E6%8F%90%E4%BE%9B/" "Mozilla/5.0 (Windows NT 10.0; Win64; x64) AppleWebKit/537.36 (KHTML, like Gecko) Chrome/151.0.0.0 Safari/537.36"
120.101.209.107 - - [17/Aug/2026:10:32:26 +0800] "GET /wp-content/cache/www.gjes.ilc.edu.tw/wpfc-minified/lnsg96io/72cw.js HTTP/1.1" 200 2359 "https://www.gjes.ilc.edu.tw/" "Mozilla/5.0 (Windows NT 10.0; Win64; x64) AppleWebKit/537.36 (KHTML, like Gecko) Chrome/151.0.0.0 Safari/537.36 Edg/151.0.0.0"
120.101.209.107 - - [17/Aug/2026:10:32:25 +0800] "GET /wp-content/cache/www.gjes.ilc.edu.tw/wpfc-minified/jp72otdk/72cw.js HTTP/1.1" 200 35558 "https://www.gjes.ilc.edu.tw/" "Mozilla/5.0 (Windows NT 10.0; Win64; x64) AppleWebKit/537.36 (KHTML, like Gecko) Chrome/151.0.0.0 Safari/537.36 Edg/151.0.0.0"
120.101.209.107 - - [17/Aug/2026:10:32:26 +0800] "GET /wp-content/uploads/sites/1664/2021/09/%E6%88%AA%E5%9C%96-2021-09-12-%E4%B8%8A%E5%8D%8811.55.37-768x305.png HTTP/1.1" 200 100999 "https://www.gjes.ilc.edu.tw/" "Mozilla/5.0 (Windows NT 10.0; Win64; x64) AppleWebKit/537.36 (KHTML, like Gecko) Chrome/151.0.0.0 Safari/537.36 Edg/151.0.0.0"
120.101.209.107 - - [17/Aug/2026:10:32:26 +0800] "GET /wp-content/uploads/sites/1664/2021/08/%E6%88%AA%E5%9C%96-2021-08-14-%E4%B8%8A%E5%8D%889.22.52-300x65.png HTTP/1.1" 200 16920 "https://www.gjes.ilc.edu.tw/" "Mozilla/5.0 (Windows NT 10.0; Win64; x64) AppleWebKit/537.36 (KHTML, like Gecko) Chrome/151.0.0.0 Safari/537.36 Edg/151.0.0.0"
2001:288:5425:0:4f6f:b8c5:8479:ce8 - - [17/Aug/2026:10:32:26 +0800] "GET /24/wp-includes/js/hoverintent-js.min.js HTTP/1.1" 200 1597 "https://2blog.ilc.edu.tw/24/2005/09/19/%E5%B8%B8%E7%94%A8%E4%BF%AE%E8%BE%AD%E8%88%89%E4%BE%8B-%E6%A5%8A%E8%A3%95%E8%B2%BF%E6%95%99%E6%8E%88%E6%8F%90%E4%BE%9B/" "Mozilla/5.0 (Windows NT 10.0; Win64; x64) AppleWebKit/537.36 (KHTML, like Gecko) Chrome/151.0.0.0 Safari/537.36"
2001:288:5425:0:4f6f:b8c5:8479:ce8 - - [17/Aug/2026:10:32:26 +0800] "GET /24/wp-includes/js/admin-bar.min.js HTTP/1.1" 200 2237 "https://2blog.ilc.edu.tw/24/2005/09/19/%E5%B8%B8%E7%94%A8%E4%BF%AE%E8%BE%AD%E8%88%89%E4%BE%8B-%E6%A5%8A%E8%A3%95%E8%B2%BF%E6%95%99%E6%8E%88%E6%8F%90%E4%BE%9B/" "Mozilla/5.0 (Windows NT 10.0; Win64; x64) AppleWebKit/537.36 (KHTML, like Gecko) Chrome/151.0.0.0 Safari/537.36"
120.101.209.107 - - [17/Aug/2026:10:32:26 +0800] "GET /wp-content/uploads/sites/1664/2021/08/%E6%88%AA%E5%9C%96-2021-08-14-%E4%B8%8A%E5%8D%889.23.05-300x64.png HTTP/1.1" 200 12676 "https://www.gjes.ilc.edu.tw/" "Mozilla/5.0 (Windows NT 10.0; Win64; x64) AppleWebKit/537.36 (KHTML, like Gecko) Chrome/151.0.0.0 Safari/537.36 Edg/151.0.0.0"
2001:288:5425:0:4f6f:b8c5:8479:ce8 - - [17/Aug/2026:10:32:26 +0800] "GET /24/wp-content/themes/sela/js/navigation.js HTTP/1.1" 200 1630 "https://2blog.ilc.edu.tw/24/2005/09/19/%E5%B8%B8%E7%94%A8%E4%BF%AE%E8%BE%AD%E8%88%89%E4%BE%8B-%E6%A5%8A%E8%A3%95%E8%B2%BF%E6%95%99%E6%8E%88%E6%8F%90%E4%BE%9B/" "Mozilla/5.0 (Windows NT 10.0; Win64; x64) AppleWebKit/537.36 (KHTML, like Gecko) Chrome/151.0.0.0 Safari/537.36"
2001:288:5425:0:4f6f:b8c5:8479:ce8 - - [17/Aug/2026:10:32:26 +0800] "GET /24/wp-content/themes/sela/js/skip-link-focus-fix.js HTTP/1.1" 200 1263 "https://2blog.ilc.edu.tw/24/2005/09/19/%E5%B8%B8%E7%94%A8%E4%BF%AE%E8%BE%AD%E8%88%89%E4%BE%8B-%E6%A5%8A%E8%A3%95%E8%B2%BF%E6%95%99%E6%8E%88%E6%8F%90%E4%BE%9B/" "Mozilla/5.0 (Windows NT 10.0; Win64; x64) AppleWebKit/537.36 (KHTML, like Gecko) Chrome/151.0.0.0 Safari/537.36"
2001:288:5425:0:4f6f:b8c5:8479:ce8 - - [17/Aug/2026:10:32:26 +0800] "GET /24/wp-content/themes/sela/js/sela.js HTTP/1.1" 200 1150 "https://2blog.ilc.edu.tw/24/2005/09/19/%E5%B8%B8%E7%94%A8%E4%BF%AE%E8%BE%AD%E8%88%89%E4%BE%8B-%E6%A5%8A%E8%A3%95%E8%B2%BF%E6%95%99%E6%8E%88%E6%8F%90%E4%BE%9B/" "Mozilla/5.0 (Windows NT 10.0; Win64; x64) AppleWebKit/537.36 (KHTML, like Gecko) Chrome/151.0.0.0 Safari/537.36"
120.101.209.107 - - [17/Aug/2026:10:32:27 +0800] "GET /wp-includes/js/admin-bar.min.js HTTP/1.1" 200 2237 "https://www.gjes.ilc.edu.tw/" "Mozilla/5.0 (Windows NT 10.0; Win64; x64) AppleWebKit/537.36 (KHTML, like Gecko) Chrome/151.0.0.0 Safari/537.36 Edg/151.0.0.0"
120.101.209.107 - - [17/Aug/2026:10:32:27 +0800] "GET /wp-includes/js/hoverintent-js.min.js HTTP/1.1" 200 1936 "https://www.gjes.ilc.edu.tw/" "Mozilla/5.0 (Windows NT 10.0; Win64; x64) AppleWebKit/537.36 (KHTML, like Gecko) Chrome/151.0.0.0 Safari/537.36 Edg/151.0.0.0"
120.101.209.107 - - [17/Aug/2026:10:32:27 +0800] "GET /wp-content/plugins/wp-statistics/assets/js/tracker.js HTTP/1.1" 200 2247 "https://www.gjes.ilc.edu.tw/" "Mozilla/5.0 (Windows NT 10.0; Win64; x64) AppleWebKit/537.36 (KHTML, like Gecko) Chrome/151.0.0.0 Safari/537.36 Edg/151.0.0.0"
120.101.209.107 - - [17/Aug/2026:10:32:27 +0800] "GET /wp-content/cache/www.gjes.ilc.edu.tw/wpfc-minified/jomxhdgo/72cw.css HTTP/1.1" 200 7154 "https://www.gjes.ilc.edu.tw/" "Mozilla/5.0 (Windows NT 10.0; Win64; x64) AppleWebKit/537.36 (KHTML, like Gecko) Chrome/151.0.0.0 Safari/537.36 Edg/151.0.0.0"
120.101.209.107 - - [17/Aug/2026:10:32:27 +0800] "GET /wp-includes/js/imagesloaded.min.js HTTP/1.1" 200 2683 "https://www.gjes.ilc.edu.tw/" "Mozilla/5.0 (Windows NT 10.0; Win64; x64) AppleWebKit/537.36 (KHTML, like Gecko) Chrome/151.0.0.0 Safari/537.36 Edg/151.0.0.0"
120.101.209.107 - - [17/Aug/2026:10:32:27 +0800] "GET /wp-content/themes/oceanwp/assets/js/theme.min.js HTTP/1.1" 200 5130 "https://www.gjes.ilc.edu.tw/" "Mozilla/5.0 (Windows NT 10.0; Win64; x64) AppleWebKit/537.36 (KHTML, like Gecko) Chrome/151.0.0.0 Safari/537.36 Edg/151.0.0.0"
120.101.209.107 - - [17/Aug/2026:10:32:27 +0800] "GET /wp-content/themes/oceanwp/assets/js/drop-down-mobile-menu.min.js HTTP/1.1" 200 4663 "https://www.gjes.ilc.edu.tw/" "Mozilla/5.0 (Windows NT 10.0; Win64; x64) AppleWebKit/537.36 (KHTML, like Gecko) Chrome/151.0.0.0 Safari/537.36 Edg/151.0.0.0"
2001:288:5425:0:4f6f:b8c5:8479:ce8 - - [17/Aug/2026:10:32:26 +0800] "POST /24/wp-json/ilc-summary/v1/popular-posts HTTP/1.1" 201 1399 "https://2blog.ilc.edu.tw/24/2005/09/19/%E5%B8%B8%E7%94%A8%E4%BF%AE%E8%BE%AD%E8%88%89%E4%BE%8B-%E6%A5%8A%E8%A3%95%E8%B2%BF%E6%95%99%E6%8E%88%E6%8F%90%E4%BE%9B/" "Mozilla/5.0 (Windows NT 10.0; Win64; x64) AppleWebKit/537.36 (KHTML, like Gecko) Chrome/151.0.0.0 Safari/537.36"
120.101.209.107 - - [17/Aug/2026:10:32:27 +0800] "GET /wp-content/themes/oceanwp/assets/js/drop-down-search.min.js HTTP/1.1" 200 2968 "https://www.gjes.ilc.edu.tw/" "Mozilla/5.0 (Windows NT 10.0; Win64; x64) AppleWebKit/537.36 (KHTML, like Gecko) Chrome/151.0.0.0 Safari/537.36 Edg/151.0.0.0"
120.101.209.107 - - [17/Aug/2026:10:32:27 +0800] "GET /wp-content/themes/oceanwp/assets/js/vendors/magnific-popup.min.js HTTP/1.1" 200 8270 "https://www.gjes.ilc.edu.tw/" "Mozilla/5.0 (Windows NT 10.0; Win64; x64) AppleWebKit/537.36 (KHTML, like Gecko) Chrome/151.0.0.0 Safari/537.36 Edg/151.0.0.0"
120.101.209.107 - - [17/Aug/2026:10:32:27 +0800] "GET /wp-content/themes/oceanwp/assets/js/ow-lightbox.min.js HTTP/1.1" 200 2321 "https://www.gjes.ilc.edu.tw/" "Mozilla/5.0 (Windows NT 10.0; Win64; x64) AppleWebKit/537.36 (KHTML, like Gecko) Chrome/151.0.0.0 Safari/537.36 Edg/151.0.0.0"
120.101.209.107 - - [17/Aug/2026:10:32:27 +0800] "GET /wp-content/themes/oceanwp/assets/js/ow-slider.min.js HTTP/1.1" 200 1761 "https://www.gjes.ilc.edu.tw/" "Mozilla/5.0 (Windows NT 10.0; Win64; x64) AppleWebKit/537.36 (KHTML, like Gecko) Chrome/151.0.0.0 Safari/537.36 Edg/151.0.0.0"
120.101.209.107 - - [17/Aug/2026:10:32:27 +0800] "GET /wp-content/themes/oceanwp/assets/js/vendors/flickity.pkgd.min.js HTTP/1.1" 200 15048 "https://www.gjes.ilc.edu.tw/" "Mozilla/5.0 (Windows NT 10.0; Win64; x64) AppleWebKit/537.36 (KHTML, like Gecko) Chrome/151.0.0.0 Safari/537.36 Edg/151.0.0.0"
120.101.209.107 - - [17/Aug/2026:10:32:27 +0800] "GET /wp-content/themes/oceanwp/assets/js/scroll-effect.min.js HTTP/1.1" 200 4127 "https://www.gjes.ilc.edu.tw/" "Mozilla/5.0 (Windows NT 10.0; Win64; x64) AppleWebKit/537.36 (KHTML, like Gecko) Chrome/151.0.0.0 Safari/537.36 Edg/151.0.0.0"
120.101.209.107 - - [17/Aug/2026:10:32:27 +0800] "GET /wp-content/themes/oceanwp/assets/js/scroll-top.min.js HTTP/1.1" 200 3202 "https://www.gjes.ilc.edu.tw/" "Mozilla/5.0 (Windows NT 10.0; Win64; x64) AppleWebKit/537.36 (KHTML, like Gecko) Chrome/151.0.0.0 Safari/537.36 Edg/151.0.0.0"
2001:288:5425:0:4f6f:b8c5:8479:ce8 - - [17/Aug/2026:10:32:27 +0800] "GET /24/wp-content/plugins/wp-dtree-30/dtree-img/plus.gif HTTP/1.1" 200 904 "https://2blog.ilc.edu.tw/24/2005/09/19/%E5%B8%B8%E7%94%A8%E4%BF%AE%E8%BE%AD%E8%88%89%E4%BE%8B-%E6%A5%8A%E8%A3%95%E8%B2%BF%E6%95%99%E6%8E%88%E6%8F%90%E4%BE%9B/" "Mozilla/5.0 (Windows NT 10.0; Win64; x64) AppleWebKit/537.36 (KHTML, like Gecko) Chrome/151.0.0.0 Safari/537.36"
2001:288:5425:0:4f6f:b8c5:8479:ce8 - - [17/Aug/2026:10:32:27 +0800] "GET /24/wp-content/plugins/wp-dtree-30/dtree-img/line.gif HTTP/1.1" 200 891 "https://2blog.ilc.edu.tw/24/2005/09/19/%E5%B8%B8%E7%94%A8%E4%BF%AE%E8%BE%AD%E8%88%89%E4%BE%8B-%E6%A5%8A%E8%A3%95%E8%B2%BF%E6%95%99%E6%8E%88%E6%8F%90%E4%BE%9B/" "Mozilla/5.0 (Windows NT 10.0; Win64; x64) AppleWebKit/537.36 (KHTML, like Gecko) Chrome/151.0.0.0 Safari/537.36"
120.101.209.107 - - [17/Aug/2026:10:32:27 +0800] "GET /wp-content/themes/oceanwp/assets/js/select.min.js HTTP/1.1" 200 2408 "https://www.gjes.ilc.edu.tw/" "Mozilla/5.0 (Windows NT 10.0; Win64; x64) AppleWebKit/537.36 (KHTML, like Gecko) Chrome/151.0.0.0 Safari/537.36 Edg/151.0.0.0"
2001:288:5425:0:4f6f:b8c5:8479:ce8 - - [17/Aug/2026:10:32:27 +0800] "GET /24/wp-content/plugins/wp-dtree-30/dtree-img/joinbottom.gif HTTP/1.1" 200 891 "https://2blog.ilc.edu.tw/24/2005/09/19/%E5%B8%B8%E7%94%A8%E4%BF%AE%E8%BE%AD%E8%88%89%E4%BE%8B-%E6%A5%8A%E8%A3%95%E8%B2%BF%E6%95%99%E6%8E%88%E6%8F%90%E4%BE%9B/" "Mozilla/5.0 (Windows NT 10.0; Win64; x64) AppleWebKit/537.36 (KHTML, like Gecko) Chrome/151.0.0.0 Safari/537.36"
2001:288:5425:0:4f6f:b8c5:8479:ce8 - - [17/Aug/2026:10:32:27 +0800] "GET /24/wp-content/plugins/wp-dtree-30/dtree-img/join.gif HTTP/1.1" 200 894 "https://2blog.ilc.edu.tw/24/2005/09/19/%E5%B8%B8%E7%94%A8%E4%BF%AE%E8%BE%AD%E8%88%89%E4%BE%8B-%E6%A5%8A%E8%A3%95%E8%B2%BF%E6%95%99%E6%8E%88%E6%8F%90%E4%BE%9B/" "Mozilla/5.0 (Windows NT 10.0; Win64; x64) AppleWebKit/537.36 (KHTML, like Gecko) Chrome/151.0.0.0 Safari/537.36"
2001:288:5425:0:4f6f:b8c5:8479:ce8 - - [17/Aug/2026:10:32:27 +0800] "GET /24/wp-content/plugins/wp-dtree-30/dtree-img/plusbottom.gif HTTP/1.1" 200 903 "https://2blog.ilc.edu.tw/24/2005/09/19/%E5%B8%B8%E7%94%A8%E4%BF%AE%E8%BE%AD%E8%88%89%E4%BE%8B-%E6%A5%8A%E8%A3%95%E8%B2%BF%E6%95%99%E6%8E%88%E6%8F%90%E4%BE%9B/" "Mozilla/5.0 (Windows NT 10.0; Win64; x64) AppleWebKit/537.36 (KHTML, like Gecko) Chrome/151.0.0.0 Safari/537.36"
2001:288:5425:0:4f6f:b8c5:8479:ce8 - - [17/Aug/2026:10:32:27 +0800] "GET /24/wp-content/plugins/wp-dtree-30/dtree-img/empty.gif HTTP/1.1" 200 887 "https://2blog.ilc.edu.tw/24/2005/09/19/%E5%B8%B8%E7%94%A8%E4%BF%AE%E8%BE%AD%E8%88%89%E4%BE%8B-%E6%A5%8A%E8%A3%95%E8%B2%BF%E6%95%99%E6%8E%88%E6%8F%90%E4%BE%9B/" "Mozilla/5.0 (Windows NT 10.0; Win64; x64) AppleWebKit/537.36 (KHTML, like Gecko) Chrome/151.0.0.0 Safari/537.36"
120.101.209.107 - - [17/Aug/2026:10:32:27 +0800] "GET /wp-includes/js/mediaelement/mediaelement-and-player.min.js HTTP/1.1" 200 39802 "https://www.gjes.ilc.edu.tw/" "Mozilla/5.0 (Windows NT 10.0; Win64; x64) AppleWebKit/537.36 (KHTML, like Gecko) Chrome/151.0.0.0 Safari/537.36 Edg/151.0.0.0"
2001:288:a201::66:125 - - [17/Aug/2026:10:32:27 +0800] "GET /blog/active.php HTTP/1.1" 404 1084 "-" "-"
120.101.209.107 - - [17/Aug/2026:10:32:27 +0800] "GET /wp-includes/js/mediaelement/mediaelement-migrate.min.js HTTP/1.1" 200 6221 "https://www.gjes.ilc.edu.tw/" "Mozilla/5.0 (Windows NT 10.0; Win64; x64) AppleWebKit/537.36 (KHTML, like Gecko) Chrome/151.0.0.0 Safari/537.36 Edg/151.0.0.0"
120.101.209.107 - - [17/Aug/2026:10:32:27 +0800] "GET /wp-includes/js/mediaelement/wp-mediaelement.min.js HTTP/1.1" 200 1417 "https://www.gjes.ilc.edu.tw/" "Mozilla/5.0 (Windows NT 10.0; Win64; x64) AppleWebKit/537.36 (KHTML, like Gecko) Chrome/151.0.0.0 Safari/537.36 Edg/151.0.0.0"
120.101.209.107 - - [17/Aug/2026:10:32:27 +0800] "GET /wp-content/uploads/sites/1664/2022/08/cropped-2222-1-scaled-1.jpg HTTP/1.1" 200 82748 "https://www.gjes.ilc.edu.tw/" "Mozilla/5.0 (Windows NT 10.0; Win64; x64) AppleWebKit/537.36 (KHTML, like Gecko) Chrome/151.0.0.0 Safari/537.36 Edg/151.0.0.0"
120.101.209.107 - - [17/Aug/2026:10:32:27 +0800] "GET /wp-content/plugins/elementor-pro/assets/js/webpack-pro.runtime.min.js HTTP/1.1" 200 8364 "https://www.gjes.ilc.edu.tw/" "Mozilla/5.0 (Windows NT 10.0; Win64; x64) AppleWebKit/537.36 (KHTML, like Gecko) Chrome/151.0.0.0 Safari/537.36 Edg/151.0.0.0"
120.101.209.107 - - [17/Aug/2026:10:32:27 +0800] "GET /wp-content/plugins/elementor/assets/js/webpack.runtime.min.js HTTP/1.1" 200 3095 "https://www.gjes.ilc.edu.tw/" "Mozilla/5.0 (Windows NT 10.0; Win64; x64) AppleWebKit/537.36 (KHTML, like Gecko) Chrome/151.0.0.0 Safari/537.36 Edg/151.0.0.0"
120.101.209.107 - - [17/Aug/2026:10:32:27 +0800] "GET /wp-includes/js/dist/hooks.min.js HTTP/1.1" 200 2421 "https://www.gjes.ilc.edu.tw/" "Mozilla/5.0 (Windows NT 10.0; Win64; x64) AppleWebKit/537.36 (KHTML, like Gecko) Chrome/151.0.0.0 Safari/537.36 Edg/151.0.0.0"
120.101.209.107 - - [17/Aug/2026:10:32:27 +0800] "GET /wp-content/plugins/elementor/assets/js/frontend-modules.min.js HTTP/1.1" 200 19416 "https://www.gjes.ilc.edu.tw/" "Mozilla/5.0 (Windows NT 10.0; Win64; x64) AppleWebKit/537.36 (KHTML, like Gecko) Chrome/151.0.0.0 Safari/537.36 Edg/151.0.0.0"
2001:288:a26a:1:6923:8bf3:4374:c578 - - [17/Aug/2026:10:32:27 +0800] "POST /hsics/wp-admin/admin-ajax.php HTTP/1.1" 200 1459 "https://2blog.ilc.edu.tw/hsics/wp-admin/edit.php" "Mozilla/5.0 (Windows NT 10.0; Win64; x64) AppleWebKit/537.36 (KHTML, like Gecko) Chrome/151.0.0.0 Safari/537.36"
120.101.209.107 - - [17/Aug/2026:10:32:27 +0800] "GET /wp-includes/js/dist/i18n.min.js HTTP/1.1" 200 4547 "https://www.gjes.ilc.edu.tw/" "Mozilla/5.0 (Windows NT 10.0; Win64; x64) AppleWebKit/537.36 (KHTML, like Gecko) Chrome/151.0.0.0 Safari/537.36 Edg/151.0.0.0"
120.101.209.107 - - [17/Aug/2026:10:32:27 +0800] "GET /wp-content/plugins/elementor-pro/assets/js/frontend.min.js HTTP/1.1" 200 7574 "https://www.gjes.ilc.edu.tw/" "Mozilla/5.0 (Windows NT 10.0; Win64; x64) AppleWebKit/537.36 (KHTML, like Gecko) Chrome/151.0.0.0 Safari/537.36 Edg/151.0.0.0"
120.101.209.107 - - [17/Aug/2026:10:32:27 +0800] "GET /wp-content/themes/oceanwp/assets/fonts/fontawesome/webfonts/fa-solid-900.woff2 HTTP/1.1" 200 151246 "https://www.gjes.ilc.edu.tw/wp-content/cache/www.gjes.ilc.edu.tw/wpfc-minified/lw8arvsy/72cw.css" "Mozilla/5.0 (Windows NT 10.0; Win64; x64) AppleWebKit/537.36 (KHTML, like Gecko) Chrome/151.0.0.0 Safari/537.36 Edg/151.0.0.0"
140.111.141.41 - - [17/Aug/2026:10:32:27 +0800] "POST /wp-admin/admin-ajax.php HTTP/1.1" 200 1462 "https://www.gjes.ilc.edu.tw/wp-admin/edit.php?post_type=page" "Mozilla/5.0 (Windows NT 10.0; Win64; x64) AppleWebKit/537.36 (KHTML, like Gecko) Chrome/151.0.0.0 Safari/537.36"
120.101.209.107 - - [17/Aug/2026:10:32:27 +0800] "GET /wp-content/plugins/elementor/assets/lib/waypoints/waypoints.min.js HTTP/1.1" 200 3873 "https://www.gjes.ilc.edu.tw/" "Mozilla/5.0 (Windows NT 10.0; Win64; x64) AppleWebKit/537.36 (KHTML, like Gecko) Chrome/151.0.0.0 Safari/537.36 Edg/151.0.0.0"
120.101.209.107 - - [17/Aug/2026:10:32:27 +0800] "GET /wp-content/plugins/elementor/assets/lib/eicons/fonts/eicons.woff2?5.30.0 HTTP/1.1" 200 98225 "https://www.gjes.ilc.edu.tw/wp-content/cache/www.gjes.ilc.edu.tw/wpfc-minified/d3mrt8qj/72cw.css" "Mozilla/5.0 (Windows NT 10.0; Win64; x64) AppleWebKit/537.36 (KHTML, like Gecko) Chrome/151.0.0.0 Safari/537.36 Edg/151.0.0.0"
120.101.209.107 - - [17/Aug/2026:10:32:27 +0800] "GET /wp-content/uploads/sites/1664/elementor/thumbs/-53-pb8vmsdu3kivdgd9gi00j1y0324niemrmc4d6u7smo.png HTTP/1.1" 200 15029 "https://www.gjes.ilc.edu.tw/" "Mozilla/5.0 (Windows NT 10.0; Win64; x64) AppleWebKit/537.36 (KHTML, like Gecko) Chrome/151.0.0.0 Safari/537.36 Edg/151.0.0.0"
120.101.209.107 - - [17/Aug/2026:10:32:27 +0800] "GET /wp-content/uploads/sites/1664/2021/08/%E6%88%AA%E5%9C%96-2021-08-14-%E4%B8%8A%E5%8D%889.47.33-300x69.png HTTP/1.1" 200 15356 "https://www.gjes.ilc.edu.tw/" "Mozilla/5.0 (Windows NT 10.0; Win64; x64) AppleWebKit/537.36 (KHTML, like Gecko) Chrome/151.0.0.0 Safari/537.36 Edg/151.0.0.0"
120.101.209.107 - - [17/Aug/2026:10:32:27 +0800] "GET /wp-content/uploads/sites/1664/2021/08/%E6%88%AA%E5%9C%96-2021-08-14-%E4%B8%8A%E5%8D%889.37.50-300x66.png HTTP/1.1" 200 20182 "https://www.gjes.ilc.edu.tw/" "Mozilla/5.0 (Windows NT 10.0; Win64; x64) AppleWebKit/537.36 (KHTML, like Gecko) Chrome/151.0.0.0 Safari/537.36 Edg/151.0.0.0"
120.101.209.107 - - [17/Aug/2026:10:32:27 +0800] "GET /wp-content/uploads/sites/1664/2021/08/%E6%88%AA%E5%9C%96-2021-08-14-%E4%B8%8A%E5%8D%8810.14.52-300x69.png HTTP/1.1" 200 16366 "https://www.gjes.ilc.edu.tw/" "Mozilla/5.0 (Windows NT 10.0; Win64; x64) AppleWebKit/537.36 (KHTML, like Gecko) Chrome/151.0.0.0 Safari/537.36 Edg/151.0.0.0"
120.101.209.107 - - [17/Aug/2026:10:32:27 +0800] "GET /wp-content/uploads/sites/1664/2021/08/%E6%88%AA%E5%9C%96-2021-08-14-%E4%B8%8A%E5%8D%8810.15.02-300x65.png HTTP/1.1" 200 13268 "https://www.gjes.ilc.edu.tw/" "Mozilla/5.0 (Windows NT 10.0; Win64; x64) AppleWebKit/537.36 (KHTML, like Gecko) Chrome/151.0.0.0 Safari/537.36 Edg/151.0.0.0"
2001:b400:e177:20ee:ccdc:b6:9b56:992f - - [17/Aug/2026:10:32:26 +0800] "GET /wp-content/uploads/sites/1984/2023/09/IMG_8920-5-1-scaled.jpg HTTP/1.1" 200 639518 "https://www.dses.ilc.edu.tw/" "Mozilla/5.0 (iPhone; CPU iPhone OS 26_6_0 like Mac OS X) AppleWebKit/605.1.15 (KHTML, like Gecko) CriOS/151.0.7922.112 Mobile/15E148 Safari/604.1"
120.101.209.107 - - [17/Aug/2026:10:32:27 +0800] "GET /wp-content/uploads/sites/1664/elementor/thumbs/-65-pb8wsax7y5cs5g2d1g0tnkswlpi9h5fzbtee8snttc.png HTTP/1.1" 200 10448 "https://www.gjes.ilc.edu.tw/" "Mozilla/5.0 (Windows NT 10.0; Win64; x64) AppleWebKit/537.36 (KHTML, like Gecko) Chrome/151.0.0.0 Safari/537.36 Edg/151.0.0.0"
120.101.209.107 - - [17/Aug/2026:10:32:27 +0800] "GET /wp-content/uploads/sites/1664/elementor/thumbs/-55-pb8vsotd04lo9bsp01tp6kc6c51lu023rjk3ndgtkg.png HTTP/1.1" 200 12780 "https://www.gjes.ilc.edu.tw/" "Mozilla/5.0 (Windows NT 10.0; Win64; x64) AppleWebKit/537.36 (KHTML, like Gecko) Chrome/151.0.0.0 Safari/537.36 Edg/151.0.0.0"
120.101.209.107 - - [17/Aug/2026:10:32:27 +0800] "GET /wp-content/uploads/sites/1664/elementor/thumbs/-2-qud1byma7lyqjvx6kp3vc9jnq3vspu03h1hubp8ofk.png HTTP/1.1" 200 13269 "https://www.gjes.ilc.edu.tw/" "Mozilla/5.0 (Windows NT 10.0; Win64; x64) AppleWebKit/537.36 (KHTML, like Gecko) Chrome/151.0.0.0 Safari/537.36 Edg/151.0.0.0"
120.101.209.107 - - [17/Aug/2026:10:32:27 +0800] "GET /wp-content/uploads/sites/1664/elementor/thumbs/-56-pb8vvtlzs8w2yj8upekxhrvhmdlnhohw71ud8ktkts.png HTTP/1.1" 200 15384 "https://www.gjes.ilc.edu.tw/" "Mozilla/5.0 (Windows NT 10.0; Win64; x64) AppleWebKit/537.36 (KHTML, like Gecko) Chrome/151.0.0.0 Safari/537.36 Edg/151.0.0.0"
120.101.209.107 - - [17/Aug/2026:10:32:27 +0800] "GET /wp-content/uploads/sites/1664/elementor/thumbs/-47-pb8utc3vyg7flb5dfrouehi20fambtpjkk8nupvvlc.png HTTP/1.1" 200 17823 "https://www.gjes.ilc.edu.tw/" "Mozilla/5.0 (Windows NT 10.0; Win64; x64) AppleWebKit/537.36 (KHTML, like Gecko) Chrome/151.0.0.0 Safari/537.36 Edg/151.0.0.0"
120.101.209.107 - - [17/Aug/2026:10:32:27 +0800] "GET /wp-content/uploads/sites/1664/elementor/thumbs/-2-qud1fqwvql5bbcf7gu0rvt5huz80py16bs38wtmldc.png HTTP/1.1" 200 17702 "https://www.gjes.ilc.edu.tw/" "Mozilla/5.0 (Windows NT 10.0; Win64; x64) AppleWebKit/537.36 (KHTML, like Gecko) Chrome/151.0.0.0 Safari/537.36 Edg/151.0.0.0"
120.101.209.107 - - [17/Aug/2026:10:32:27 +0800] "GET /wp-content/uploads/sites/1664/elementor/thumbs/logo-qmj6qijzcuofcrsjb0f4q989lzx67uv05jkmsvr25s.png HTTP/1.1" 200 11041 "https://www.gjes.ilc.edu.tw/" "Mozilla/5.0 (Windows NT 10.0; Win64; x64) AppleWebKit/537.36 (KHTML, like Gecko) Chrome/151.0.0.0 Safari/537.36 Edg/151.0.0.0"
2001:b400:e177:20ee:ccdc:b6:9b56:992f - - [17/Aug/2026:10:32:28 +0800] "GET /wp-content/uploads/sites/1984/2023/09/IMG_8795-5-1-scaled.jpg HTTP/1.1" 200 608689 "https://www.dses.ilc.edu.tw/" "Mozilla/5.0 (iPhone; CPU iPhone OS 26_6_0 like Mac OS X) AppleWebKit/605.1.15 (KHTML, like Gecko) CriOS/151.0.7922.112 Mobile/15E148 Safari/604.1"
2401:e180:8d80:c479:407b:81c6:6c72:3f70 - - [17/Aug/2026:10:32:27 +0800] "GET /wp-content/uploads/sites/233/1003/1003-2049030.jpg HTTP/1.1" 200 115178 "-" "com.google.GoogleMobile/433.5 iPhone/26.6 hw/iPhone13_4"
2001:288:5425:0:4f6f:b8c5:8479:ce8 - - [17/Aug/2026:10:32:28 +0800] "GET /24/wp-content/plugins/wp-dtree-30/dtree-img/minus.gif HTTP/1.1" 200 903 "https://2blog.ilc.edu.tw/24/2005/09/19/%E5%B8%B8%E7%94%A8%E4%BF%AE%E8%BE%AD%E8%88%89%E4%BE%8B-%E6%A5%8A%E8%A3%95%E8%B2%BF%E6%95%99%E6%8E%88%E6%8F%90%E4%BE%9B/" "Mozilla/5.0 (Windows NT 10.0; Win64; x64) AppleWebKit/537.36 (KHTML, like Gecko) Chrome/151.0.0.0 Safari/537.36"
2407:4b00:4c0a:869d:907d:88a:6411:2d8a - - [17/Aug/2026:10:32:29 +0800] "-" 408 4803 "-" "-"
2407:4b00:4c0a:869d:907d:88a:6411:2d8a - - [17/Aug/2026:10:32:29 +0800] "-" 408 4803 "-" "-"
::1 - - [17/Aug/2026:10:32:29 +0800] "OPTIONS * HTTP/1.0" 200 110 "-" "Apache/2.4.68 (Ubuntu) OpenSSL/3.0.19 (internal dummy connection)"
140.111.67.10 - - [17/Aug/2026:10:32:30 +0800] "GET /" 301 273 "-" "-"
120.101.209.107 - - [17/Aug/2026:10:32:29 +0800] "GET /wp-content/uploads/sites/1664/elementor/thumbs/-72-pb8xszkgodkn9ks1tsvngtjj82oyvw2updzlik9oz4.png HTTP/1.1" 200 13474 "https://www.gjes.ilc.edu.tw/" "Mozilla/5.0 (Windows NT 10.0; Win64; x64) AppleWebKit/537.36 (KHTML, like Gecko) Chrome/151.0.0.0 Safari/537.36 Edg/151.0.0.0"
2001:b400:e177:20ee:ccdc:b6:9b56:992f - - [17/Aug/2026:10:32:29 +0800] "GET /wp-content/uploads/sites/1984/2023/09/IMG_8865-5-1-scaled.jpg HTTP/1.1" 200 294030 "https://www.dses.ilc.edu.tw/" "Mozilla/5.0 (iPhone; CPU iPhone OS 26_6_0 like Mac OS X) AppleWebKit/605.1.15 (KHTML, like Gecko) CriOS/151.0.7922.112 Mobile/15E148 Safari/604.1"
120.101.209.107 - - [17/Aug/2026:10:32:29 +0800] "GET /wp-content/uploads/sites/1664/elementor/thumbs/-1-qud1azu96qn4mbbp7s2oa0blqun7t16109cvkgo8ts.png HTTP/1.1" 200 9783 "https://www.gjes.ilc.edu.tw/" "Mozilla/5.0 (Windows NT 10.0; Win64; x64) AppleWebKit/537.36 (KHTML, like Gecko) Chrome/151.0.0.0 Safari/537.36 Edg/151.0.0.0"
120.101.209.107 - - [17/Aug/2026:10:32:29 +0800] "GET /wp-content/uploads/sites/1664/elementor/thumbs/-45-pb8umof1jp3bcqtjbe2z8nzij640t09znlvuh5r9o0.png HTTP/1.1" 200 15872 "https://www.gjes.ilc.edu.tw/" "Mozilla/5.0 (Windows NT 10.0; Win64; x64) AppleWebKit/537.36 (KHTML, like Gecko) Chrome/151.0.0.0 Safari/537.36 Edg/151.0.0.0"
120.101.209.107 - - [17/Aug/2026:10:32:29 +0800] "GET /wp-content/uploads/sites/1664/elementor/thumbs/-50-pb8v8dixb0slcpaxm9pyaovk6d61hhexn00ca3l41c.png HTTP/1.1" 200 14535 "https://www.gjes.ilc.edu.tw/" "Mozilla/5.0 (Windows NT 10.0; Win64; x64) AppleWebKit/537.36 (KHTML, like Gecko) Chrome/151.0.0.0 Safari/537.36 Edg/151.0.0.0"
120.101.209.107 - - [17/Aug/2026:10:32:29 +0800] "GET /wp-content/uploads/sites/1664/elementor/thumbs/-51-pb8vc6rd0u0gfrrlcx1heq8uwmdmpajqtv98chxmsw.png HTTP/1.1" 200 6606 "https://www.gjes.ilc.edu.tw/" "Mozilla/5.0 (Windows NT 10.0; Win64; x64) AppleWebKit/537.36 (KHTML, like Gecko) Chrome/151.0.0.0 Safari/537.36 Edg/151.0.0.0"
120.101.209.107 - - [17/Aug/2026:10:32:29 +0800] "GET /wp-content/uploads/sites/1664/elementor/thumbs/-64-1-pb8wpm3ue7o8xlyzqs690r8ff0rggbrmmi7dtandm8.png HTTP/1.1" 200 16905 "https://www.gjes.ilc.edu.tw/" "Mozilla/5.0 (Windows NT 10.0; Win64; x64) AppleWebKit/537.36 (KHTML, like Gecko) Chrome/151.0.0.0 Safari/537.36 Edg/151.0.0.0"
120.101.209.107 - - [17/Aug/2026:10:32:30 +0800] "GET /wp-content/uploads/sites/1664/elementor/thumbs/-64-pb8wlxklmkmtglbi8ovur6ofnowpb05h4a7x5a3vzk.png HTTP/1.1" 200 13773 "https://www.gjes.ilc.edu.tw/" "Mozilla/5.0 (Windows NT 10.0; Win64; x64) AppleWebKit/537.36 (KHTML, like Gecko) Chrome/151.0.0.0 Safari/537.36 Edg/151.0.0.0"
120.101.209.107 - - [17/Aug/2026:10:32:30 +0800] "GET /wp-content/uploads/sites/1664/elementor/thumbs/-66-pb8wvb0ns3gr8lpci8qx4biwx0ph2cd42of8fm7jxs.png HTTP/1.1" 200 13219 "https://www.gjes.ilc.edu.tw/" "Mozilla/5.0 (Windows NT 10.0; Win64; x64) AppleWebKit/537.36 (KHTML, like Gecko) Chrome/151.0.0.0 Safari/537.36 Edg/151.0.0.0"
120.101.209.107 - - [17/Aug/2026:10:32:30 +0800] "GET /wp-content/uploads/sites/1664/elementor/thumbs/-43-pb8ughnajymcx5t4g7sebq79qum14qplsz9rqkxkmo.png HTTP/1.1" 200 14402 "https://www.gjes.ilc.edu.tw/" "Mozilla/5.0 (Windows NT 10.0; Win64; x64) AppleWebKit/537.36 (KHTML, like Gecko) Chrome/151.0.0.0 Safari/537.36 Edg/151.0.0.0"
120.101.209.107 - - [17/Aug/2026:10:32:30 +0800] "GET /wp-content/uploads/sites/1664/2021/08/%E6%88%AA%E5%9C%96-2021-08-14-%E4%B8%8A%E5%8D%8810.04.26-300x66.png HTTP/1.1" 200 19147 "https://www.gjes.ilc.edu.tw/" "Mozilla/5.0 (Windows NT 10.0; Win64; x64) AppleWebKit/537.36 (KHTML, like Gecko) Chrome/151.0.0.0 Safari/537.36 Edg/151.0.0.0"
120.101.209.107 - - [17/Aug/2026:10:32:30 +0800] "GET /wp-content/uploads/sites/1664/elementor/thumbs/-68-pb8xexvajicdrd6luqad7d5jmrxhuqb9fv0dbp3hyo.png HTTP/1.1" 200 13778 "https://www.gjes.ilc.edu.tw/" "Mozilla/5.0 (Windows NT 10.0; Win64; x64) AppleWebKit/537.36 (KHTML, like Gecko) Chrome/151.0.0.0 Safari/537.36 Edg/151.0.0.0"
120.101.209.107 - - [17/Aug/2026:10:32:30 +0800] "GET /wp-content/uploads/sites/1664/elementor/thumbs/-54-pb8vpz259cvupvqouvkhz908k2fflha0q3plqlhrjk.png HTTP/1.1" 200 13902 "https://www.gjes.ilc.edu.tw/" "Mozilla/5.0 (Windows NT 10.0; Win64; x64) AppleWebKit/537.36 (KHTML, like Gecko) Chrome/151.0.0.0 Safari/537.36 Edg/151.0.0.0"
2001:b400:e177:20ee:ccdc:b6:9b56:992f - - [17/Aug/2026:10:32:28 +0800] "GET /wp-content/uploads/sites/1984/2023/09/IMG_8926-5-1-scaled.jpg HTTP/1.1" 200 483567 "https://www.dses.ilc.edu.tw/" "Mozilla/5.0 (iPhone; CPU iPhone OS 26_6_0 like Mac OS X) AppleWebKit/605.1.15 (KHTML, like Gecko) CriOS/151.0.7922.112 Mobile/15E148 Safari/604.1"
2001:288:a201::66:125 - - [17/Aug/2026:10:32:30 +0800] "GET /blog/active.php HTTP/1.1" 301 1026 "-" "-"
120.101.209.107 - - [17/Aug/2026:10:32:30 +0800] "GET /wp-content/uploads/sites/1664/elementor/thumbs/-67-pb8xbuyc524jpdnpuece1555jb46mg2xom12p1nycw.png HTTP/1.1" 200 16064 "https://www.gjes.ilc.edu.tw/" "Mozilla/5.0 (Windows NT 10.0; Win64; x64) AppleWebKit/537.36 (KHTML, like Gecko) Chrome/151.0.0.0 Safari/537.36 Edg/151.0.0.0"
120.101.209.107 - - [17/Aug/2026:10:32:30 +0800] "GET /wp-content/uploads/sites/1664/elementor/thumbs/-52-pb8vgjqeq5zcanfkwaw6h4mu3yvxequx3g7bhpgvxs.png HTTP/1.1" 200 12820 "https://www.gjes.ilc.edu.tw/" "Mozilla/5.0 (Windows NT 10.0; Win64; x64) AppleWebKit/537.36 (KHTML, like Gecko) Chrome/151.0.0.0 Safari/537.36 Edg/151.0.0.0"
120.101.209.107 - - [17/Aug/2026:10:32:30 +0800] "GET /wp-content/uploads/sites/1664/elementor/thumbs/-69-pb8xhv57sychvoxorzskyml65xilstx76c2r2orels.png HTTP/1.1" 200 13804 "https://www.gjes.ilc.edu.tw/" "Mozilla/5.0 (Windows NT 10.0; Win64; x64) AppleWebKit/537.36 (KHTML, like Gecko) Chrome/151.0.0.0 Safari/537.36 Edg/151.0.0.0"
120.101.209.107 - - [17/Aug/2026:10:32:30 +0800] "GET /wp-includes/js/jquery/ui/core.min.js HTTP/1.1" 200 7986 "https://www.gjes.ilc.edu.tw/" "Mozilla/5.0 (Windows NT 10.0; Win64; x64) AppleWebKit/537.36 (KHTML, like Gecko) Chrome/151.0.0.0 Safari/537.36 Edg/151.0.0.0"
2001:288:a201::66:125 - - [17/Aug/2026:10:32:30 +0800] "GET /blog/active.php HTTP/1.1" 404 1084 "-" "-"
